185.119.0.222 - - [11/Apr/2024:00:39:48 +0300] "GET /wa-data/public/shop/ewshopcimg/8/1/21.742x06577b48f9954e9.60356918_64x64.jpg HTTP/1.1" 200 3295 "https://xn--d1aifpbankex.xn--p1ai/zayavka-na-zapravku/" "Mozilla/5.0 (X11; Linux x86_64) AppleWebKit/537.36 (KHTML, like Gecko) Chrome/118.0.5993.714 YaBrowser/23.11.1.714 Yowser/2.5 Safari/537.36"
185.119.0.222 - - [11/Apr/2024:00:39:48 +0300] "GET /wa-data/public/shop/ewshopcimg/13/1/monokhromnyy_konica_minolta_bizhub_5000i_1313791_16577b6c924bca6.90312894_64x64.jpg HTTP/1.1" 200 3087 "https://xn--d1aifpbankex.xn--p1ai/zayavka-na-zapravku/" "Mozilla/5.0 (X11; Linux x86_64) AppleWebKit/537.36 (KHTML, like Gecko) Chrome/118.0.5993.714 YaBrowser/23.11.1.714 Yowser/2.5 Safari/537.36"
185.119.0.222 - - [11/Apr/2024:00:39:48 +0300] "GET /wa-data/public/shop/ewshopcimg/19/1/105.742x06577b86563c5a2.83217699_64x64.jpg HTTP/1.1" 200 3949 "https://xn--d1aifpbankex.xn--p1ai/zayavka-na-zapravku/" "Mozilla/5.0 (X11; Linux x86_64) AppleWebKit/537.36 (KHTML, like Gecko) Chrome/118.0.5993.714 YaBrowser/23.11.1.714 Yowser/2.5 Safari/537.36"
185.119.0.222 - - [11/Apr/2024:00:39:49 +0300] "GET /wa-data/public/shop/ewshopcimg/11/1/64.742x06577b53bf006e6.07506398_64x64.jpg HTTP/1.1" 200 4736 "https://xn--d1aifpbankex.xn--p1ai/zayavka-na-zapravku/" "Mozilla/5.0 (X11; Linux x86_64) AppleWebKit/537.36 (KHTML, like Gecko) Chrome/118.0.5993.714 YaBrowser/23.11.1.714 Yowser/2.5 Safari/537.36"
185.119.0.222 - - [11/Apr/2024:00:39:49 +0300] "GET /wa-data/public/shop/ewshopcimg/7/1/20.742x06577b44e607070.53072308_64x64.jpg HTTP/1.1" 200 3928 "https://xn--d1aifpbankex.xn--p1ai/zayavka-na-zapravku/" "Mozilla/5.0 (X11; Linux x86_64) AppleWebKit/537.36 (KHTML, like Gecko) Chrome/118.0.5993.714 YaBrowser/23.11.1.714 Yowser/2.5 Safari/537.36"
185.119.0.222 - - [11/Apr/2024:00:39:49 +0300] "GET /wa-data/public/shop/ewshopcimg/141/1/eda31-_prod_img_0-500x50065b6efcb618992.99909801_64x64.jpeg HTTP/1.1" 200 3726 "https://xn--d1aifpbankex.xn--p1ai/zayavka-na-zapravku/" "Mozilla/5.0 (X11; Linux x86_64) AppleWebKit/537.36 (KHTML, like Gecko) Chrome/118.0.5993.714 YaBrowser/23.11.1.714 Yowser/2.5 Safari/537.36"
185.119.0.222 - - [11/Apr/2024:00:39:49 +0300] "GET /wa-data/public/shop/ewshopcimg/5/1/14.742x06577b3d79b3538.19905290_64x64.jpg HTTP/1.1" 200 3743 "https://xn--d1aifpbankex.xn--p1ai/zayavka-na-zapravku/" "Mozilla/5.0 (X11; Linux x86_64) AppleWebKit/537.36 (KHTML, like Gecko) Chrome/118.0.5993.714 YaBrowser/23.11.1.714 Yowser/2.5 Safari/537.36"
5.255.231.120 - - [11/Apr/2024:00:39:53 +0300] "GET /robots.txt HTTP/1.0" 200 453 "-" "Mozilla/5.0 (compatible; YandexBot/3.0; +http://yandex.com/bots)"
95.108.213.99 - - [11/Apr/2024:00:39:53 +0300] "GET /kyocera/zip_1/cet501024-komplekt-vosstanovleniya-dram-yunita-dlya-kyocera-p2235dn-p2235dw-p2040dn-p2040dw-dk-1150/ HTTP/1.0" 404 186628 "-" "Mozilla/5.0 (compatible; YandexBot/3.0; +http://yandex.com/bots) AppleWebKit/537.36 (KHTML, like Gecko) Chrome/108.0.0.0"
87.250.224.213 - - [11/Apr/2024:00:43:11 +0300] "GET /kyocera/zip_1/cet501024-komplekt-vosstanovleniya-dram-yunita-dlya-kyocera-p2235dn-p2235dw-p2040dn-p2040dw-dk-1150/ HTTP/1.0" 404 186628 "-" "Mozilla/5.0 (compatible; YandexBot/3.0; +http://yandex.com/bots) AppleWebKit/537.36 (KHTML, like Gecko) Chrome/108.0.0.0"
54.36.149.59 - - [11/Apr/2024:00:43:45 +0300] "GET /robots.txt HTTP/1.0" 301 237 "-" "Mozilla/5.0 (compatible; AhrefsBot/7.0; +http://ahrefs.com/robot/)"
54.36.149.59 - - [11/Apr/2024:00:43:45 +0300] "GET /robots.txt HTTP/1.0" 200 293 "-" "Mozilla/5.0 (compatible; AhrefsBot/7.0; +http://ahrefs.com/robot/)"
54.36.149.56 - - [11/Apr/2024:00:43:46 +0300] "GET /prodazha/kyocera/kopiry-i-mfu-cherno-belye-a3/product/view/19/293 HTTP/1.0" 301 292 "-" "Mozilla/5.0 (compatible; AhrefsBot/7.0; +http://ahrefs.com/robot/)"
54.36.149.44 - - [11/Apr/2024:00:46:11 +0300] "GET /kip/printery/tsvetnoe-shirokoformatnoe-mfu-kip-890/ HTTP/1.0" 200 61901 "-" "Mozilla/5.0 (compatible; AhrefsBot/7.0; +http://ahrefs.com/robot/)"
64.124.8.53 - - [11/Apr/2024:00:50:28 +0300] "GET /robots.txt HTTP/1.0" 200 293 "-" "Mozilla/5.0 (compatible; ImagesiftBot; +imagesift.com)"
64.124.8.53 - - [11/Apr/2024:00:50:28 +0300] "GET /wa-data/public/shop/products/54/00/54/images/55/55.310.jpg HTTP/1.1" 200 13549 "-" "Mozilla/5.0 (compatible; ImagesiftBot; +imagesift.com)"
64.124.8.53 - - [11/Apr/2024:00:50:51 +0300] "GET /wa-data/public/shop/products/82/00/82/images/87/87.310.jpg HTTP/1.1" 200 12343 "-" "Mozilla/5.0 (compatible; ImagesiftBot; +imagesift.com)"
64.124.8.53 - - [11/Apr/2024:00:51:06 +0300] "GET /wa-data/public/shop/products/30/00/30/images/31/31.310.jpg HTTP/1.1" 200 13551 "-" "Mozilla/5.0 (compatible; ImagesiftBot; +imagesift.com)"
3.85.152.114 - - [11/Apr/2024:00:51:08 +0300] "GET /components/com_jshopping/files/img_products/thumb_192.jpg HTTP/1.0" 404 526 "-" "Mozilla/5.0 (X11; Ubuntu; Linux x86_64; rv:72.0) Gecko/20100101 Firefox/72.0"
64.124.8.53 - - [11/Apr/2024:00:52:27 +0300] "GET /wa-data/public/shop/products/17/01/117/images/123/123.310.jpeg HTTP/1.1" 200 12648 "-" "Mozilla/5.0 (compatible; ImagesiftBot; +imagesift.com)"
64.124.8.53 - - [11/Apr/2024:00:57:05 +0300] "GET /wa-data/public/shop/img/p1100150-1.jpg HTTP/1.1" 200 93850 "-" "Mozilla/5.0 (compatible; ImagesiftBot; +imagesift.com)"
64.124.8.53 - - [11/Apr/2024:00:59:36 +0300] "GET /wa-data/public/shop/products/71/00/71/images/74/74.310.jpg HTTP/1.1" 200 10132 "-" "Mozilla/5.0 (compatible; ImagesiftBot; +imagesift.com)"
54.36.148.146 - - [11/Apr/2024:01:03:07 +0300] "GET /magazin/kyocera/zip_1/cet7841-termoplenka-kyocera-fk-1150-polimernaya-2rv93050-so-smazkoy-100k/ HTTP/1.0" 200 53601 "-" "Mozilla/5.0 (compatible; AhrefsBot/7.0; +http://ahrefs.com/robot/)"
3.85.152.114 - - [11/Apr/2024:01:20:53 +0300] "GET /components/com_jshopping/files/img_products/thumb_1114.jpg HTTP/1.0" 404 527 "-" "Mozilla/5.0 (X11; Ubuntu; Linux x86_64; rv:72.0) Gecko/20100101 Firefox/72.0"
54.36.148.233 - - [11/Apr/2024:01:21:27 +0300] "GET /magazin/ HTTP/1.0" 200 58160 "-" "Mozilla/5.0 (compatible; AhrefsBot/7.0; +http://ahrefs.com/robot/)"
195.154.123.1 - - [11/Apr/2024:01:21:29 +0300] "GET /wa-data/public/site/themes/ahead/assets/css/vendors.bundle.min.css?v2023.1.4.61 HTTP/1.1" 200 120914 "https://xn--d1aifpbankex.xn--p1ai/magazin/" "Mozilla/5.0 (compatible; AhrefsBot/7.0; +http://ahrefs.com/robot/)"
195.154.123.1 - - [11/Apr/2024:01:21:29 +0300] "GET /wa-data/public/site/themes/ahead/assets/css/theme.min.css?v2023.1.4.61 HTTP/1.1" 200 490832 "https://xn--d1aifpbankex.xn--p1ai/magazin/" "Mozilla/5.0 (compatible; AhrefsBot/7.0; +http://ahrefs.com/robot/)"
195.154.123.1 - - [11/Apr/2024:01:21:29 +0300] "GET /wa-data/public/site/themes/ahead/assets/js/vendors.bundle.min.js?v2023.1.4.61 HTTP/1.1" 200 238640 "https://xn--d1aifpbankex.xn--p1ai/magazin/" "Mozilla/5.0 (compatible; AhrefsBot/7.0; +http://ahrefs.com/robot/)"
195.154.123.1 - - [11/Apr/2024:01:21:29 +0300] "GET /wa-data/public/site/themes/ahead/assets/js/plugins.theme.min.js?v2023.1.4.61 HTTP/1.1" 200 10321 "https://xn--d1aifpbankex.xn--p1ai/magazin/" "Mozilla/5.0 (compatible; AhrefsBot/7.0; +http://ahrefs.com/robot/)"
195.154.123.1 - - [11/Apr/2024:01:21:29 +0300] "GET /wa-data/public/site/themes/ahead/assets/js/site.theme.min.js?v2023.1.4.61 HTTP/1.1" 200 62409 "https://xn--d1aifpbankex.xn--p1ai/magazin/" "Mozilla/5.0 (compatible; AhrefsBot/7.0; +http://ahrefs.com/robot/)"
195.154.123.1 - - [11/Apr/2024:01:21:29 +0300] "GET /wa-data/public/shop/themes/ahead/assets/js/shop.theme.min.js?v2023.1.4.61 HTTP/1.1" 200 55963 "https://xn--d1aifpbankex.xn--p1ai/magazin/" "Mozilla/5.0 (compatible; AhrefsBot/7.0; +http://ahrefs.com/robot/)"
195.154.123.1 - - [11/Apr/2024:01:21:29 +0300] "GET /wa-data/public/site/themes/ahead/assets/js/fontawesome.min.js?v2023.1.4.61 HTTP/1.1" 200 1143668 "https://xn--d1aifpbankex.xn--p1ai/magazin/" "Mozilla/5.0 (compatible; AhrefsBot/7.0; +http://ahrefs.com/robot/)"
195.154.123.1 - - [11/Apr/2024:01:21:30 +0300] "GET /wa-data/public/site/themes/ahead/assets/fonts/Roboto/font.css?v2023.1.4.61 HTTP/1.1" 200 1016 "https://xn--d1aifpbankex.xn--p1ai/magazin/" "Mozilla/5.0 (compatible; AhrefsBot/7.0; +http://ahrefs.com/robot/)"
195.154.123.1 - - [11/Apr/2024:01:21:31 +0300] "GET /wa-data/public/site/themes/ahead/assets/fonts/Roboto/Roboto-400-6.ttf HTTP/1.0" 200 53743 "https://xn--d1aifpbankex.xn--p1ai/wa-data/public/site/themes/ahead/assets/fonts/Roboto/font.css?v2023.1.4.61" "Mozilla/5.0 (compatible; AhrefsBot/7.0; +http://ahrefs.com/robot/)"
195.154.123.1 - - [11/Apr/2024:01:21:31 +0300] "GET /wa-data/public/site/themes/ahead/assets/fonts/Roboto/Roboto-700-8.ttf HTTP/1.0" 200 53979 "https://xn--d1aifpbankex.xn--p1ai/wa-data/public/site/themes/ahead/assets/fonts/Roboto/font.css?v2023.1.4.61" "Mozilla/5.0 (compatible; AhrefsBot/7.0; +http://ahrefs.com/robot/)"
195.154.123.1 - - [11/Apr/2024:01:21:31 +0300] "GET /wa-data/public/site/themes/ahead/assets/fonts/Roboto/Roboto-400-2.ttf HTTP/1.0" 200 55223 "https://xn--d1aifpbankex.xn--p1ai/wa-data/public/site/themes/ahead/assets/fonts/Roboto/font.css?v2023.1.4.61" "Mozilla/5.0 (compatible; AhrefsBot/7.0; +http://ahrefs.com/robot/)"
66.249.79.234 - - [11/Apr/2024:01:26:21 +0300] "GET /ads.txt HTTP/1.0" 301 234 "-" "Mozilla/5.0 (compatible; Googlebot/2.1; +http://www.google.com/bot.html)"
64.124.8.53 - - [11/Apr/2024:01:33:01 +0300] "GET /wa-data/public/shop/products/60/00/60/images/61/61.310.jpg HTTP/1.1" 200 11623 "-" "Mozilla/5.0 (compatible; ImagesiftBot; +imagesift.com)"
54.36.149.86 - - [11/Apr/2024:01:39:25 +0300] "GET /magazin/kyocera/zip_1/cet7844-fotoval-kyocera-p2235vt-p2040dn-m2135dn-m2635dn-m2735dw-m2040dn-m2540dn-m2640dw-dk-1150/ HTTP/1.0" 200 53612 "-" "Mozilla/5.0 (compatible; AhrefsBot/7.0; +http://ahrefs.com/robot/)"
3.85.152.114 - - [11/Apr/2024:01:42:36 +0300] "GET /components/com_jshopping/files/img_products/thumb_1102.jpg HTTP/1.0" 404 531 "-" "Mozilla/5.0 (X11; Ubuntu; Linux x86_64; rv:72.0) Gecko/20100101 Firefox/72.0"
3.85.152.114 - - [11/Apr/2024:01:42:39 +0300] "GET /components/com_jshopping/files/img_products/160.jpg HTTP/1.0" 404 520 "-" "Mozilla/5.0 (X11; Ubuntu; Linux x86_64; rv:72.0) Gecko/20100101 Firefox/72.0"
66.249.79.228 - - [11/Apr/2024:01:46:41 +0300] "GET /kyocera/zip/cet3685n-rezinovyy-val-hp-p2035-p2055-m401-m425-canon-ir-1133-lbp251-lbp252-mf411dw-mf416dw-mf418/ HTTP/1.0" 404 155253 "-" "Mozilla/5.0 (Linux; Android 6.0.1; Nexus 5X Build/MMB29P) AppleWebKit/537.36 (KHTML, like Gecko) Chrome/122.0.6261.94 Mobile Safari/537.36 (compatible; Googlebot/2.1; +http://www.google.com/bot.html)"
64.124.8.53 - - [11/Apr/2024:01:56:57 +0300] "GET /wa-data/public/shop/products/93/00/93/images/99/99.310.jpg HTTP/1.1" 200 8709 "-" "Mozilla/5.0 (compatible; ImagesiftBot; +imagesift.com)"
54.36.148.161 - - [11/Apr/2024:01:57:50 +0300] "GET /magazin/kyocera/zip_1/cet8856-komplekt-rolikov-2ar07230-2ar07220-2bj06010-2ar07240-dlya-kyocera-cet8856/ HTTP/1.0" 200 53573 "-" "Mozilla/5.0 (compatible; AhrefsBot/7.0; +http://ahrefs.com/robot/)"
64.124.8.53 - - [11/Apr/2024:01:58:38 +0300] "GET /wa-data/public/shop/products/68/03/368/images/181/181.310.jpg HTTP/1.1" 200 13362 "-" "Mozilla/5.0 (compatible; ImagesiftBot; +imagesift.com)"
64.124.8.53 - - [11/Apr/2024:01:59:19 +0300] "GET /wa-data/public/shop/products/07/01/107/images/113/113.310.jpg HTTP/1.1" 200 5889 "-" "Mozilla/5.0 (compatible; ImagesiftBot; +imagesift.com)"
52.167.144.234 - - [11/Apr/2024:02:02:36 +0300] "GET /konica-minolta/kopiry-i-mfu-tsvetnye-a3/konica-minolta-bizhub-c227/?_escaped_fragment_= HTTP/1.0" 200 58807 "-" "Mozilla/5.0 AppleWebKit/537.36 (KHTML, like Gecko; compatible; bingbot/2.0; +http://www.bing.com/bingbot.htm) Chrome/116.0.1938.76 Safari/537.36"
5.255.231.25 - - [11/Apr/2024:02:02:46 +0300] "GET /robots.txt HTTP/1.0" 200 453 "-" "Mozilla/5.0 (compatible; YandexBot/3.0; +http://yandex.com/bots)"
213.180.203.228 - - [11/Apr/2024:02:02:46 +0300] "GET /pantum/ HTTP/1.0" 404 186495 "-" "Mozilla/5.0 (compatible; YandexBot/3.0; +http://yandex.com/bots)"
95.163.255.219 - - [11/Apr/2024:02:03:27 +0300] "GET /robots.txt HTTP/1.0" 301 237 "-" "Mozilla/5.0 (compatible; Linux x86_64; Mail.RU_Bot/2.0; +https://help.mail.ru/webmaster/indexing/robots)"
95.163.255.224 - - [11/Apr/2024:02:03:34 +0300] "GET /zayavka-na-remont HTTP/1.0" 301 244 "-" "Mozilla/5.0 (compatible; Linux x86_64; Mail.RU_Bot/2.0; +https://help.mail.ru/webmaster/indexing/robots)"
95.163.255.209 - - [11/Apr/2024:02:03:36 +0300] "GET /robots.txt HTTP/1.0" 200 453 "-" "Mozilla/5.0 (compatible; Linux x86_64; Mail.RU_Bot/2.0; +https://help.mail.ru/webmaster/indexing/robots)"
95.163.255.212 - - [11/Apr/2024:02:03:42 +0300] "GET /zayavka-na-remont HTTP/1.0" 301 295 "http://xn--d1aifpbankex.xn--p1ai/zayavka-na-remont" "Mozilla/5.0 (compatible; Linux x86_64; Mail.RU_Bot/2.0; +https://help.mail.ru/webmaster/indexing/robots)"
95.163.255.201 - - [11/Apr/2024:02:03:46 +0300] "GET /zayavka-na-remont/ HTTP/1.0" 200 54809 "https://xn--d1aifpbankex.xn--p1ai/zayavka-na-remont" "Mozilla/5.0 (compatible; Linux x86_64; Mail.RU_Bot/2.0; +https://help.mail.ru/webmaster/indexing/robots)"
123.186.72.179 - - [11/Apr/2024:02:07:46 +0300] "GET /wa-data/public/site/themes/ahead/assets/js/fontawesome.min.js?v2023.1.4.61 HTTP/1.1" 200 1143668 "-" "Go-http-client/1.1"
123.186.72.179 - - [11/Apr/2024:02:09:43 +0300] "GET /wa-data/public/site/themes/ahead/assets/js/fontawesome.min.js?v2023.1.4.61 HTTP/1.1" 200 1143668 "-" "Go-http-client/1.1"
123.186.72.179 - - [11/Apr/2024:02:10:45 +0300] "GET /wa-data/public/site/themes/ahead/assets/js/fontawesome.min.js?v2023.1.4.61 HTTP/1.1" 200 1143668 "-" "Go-http-client/1.1"
64.124.8.53 - - [11/Apr/2024:02:12:51 +0300] "GET /wa-data/public/shop/products/94/00/94/images/100/100.310.jpg HTTP/1.1" 200 7269 "-" "Mozilla/5.0 (compatible; ImagesiftBot; +imagesift.com)"
123.186.72.179 - - [11/Apr/2024:02:13:01 +0300] "GET /wa-data/public/site/themes/ahead/assets/js/fontawesome.min.js?v2023.1.4.61 HTTP/1.1" 200 1143668 "-" "Go-http-client/1.1"
114.119.151.0 - - [11/Apr/2024:02:13:12 +0300] "GET /images/2019/06/19/sert2-kon19.jpg HTTP/1.0" 404 506 "-" "Mozilla/5.0 (Linux; Android 7.0;) AppleWebKit/537.36 (KHTML, like Gecko) Mobile Safari/537.36 (compatible; PetalBot;+https://webmaster.petalsearch.com/site/petalbot)"
123.186.72.179 - - [11/Apr/2024:02:13:51 +0300] "GET /wa-data/public/site/themes/ahead/assets/js/fontawesome.min.js?v2023.1.4.61 HTTP/1.1" 200 1143668 "-" "Go-http-client/1.1"
123.186.72.179 - - [11/Apr/2024:02:14:50 +0300] "GET /wa-data/public/site/themes/ahead/assets/js/fontawesome.min.js?v2023.1.4.61 HTTP/1.1" 200 1143668 "-" "Go-http-client/1.1"
95.163.255.217 - - [11/Apr/2024:02:15:02 +0300] "GET /kontakts HTTP/1.0" 301 235 "-" "Mozilla/5.0 (compatible; Linux x86_64; Mail.RU_Bot/2.0; +https://help.mail.ru/webmaster/indexing/robots)"
54.36.148.82 - - [11/Apr/2024:02:15:08 +0300] "GET /magazin/hp-canon/zip/cet1121-rezinovyy-val-hp-1010-1012-1015-1020-m1005-lbp2900-rc1-2135-2136-rm1-0660-cet-cet1121/ HTTP/1.0" 200 53648 "-" "Mozilla/5.0 (compatible; AhrefsBot/7.0; +http://ahrefs.com/robot/)"
95.163.255.213 - - [11/Apr/2024:02:15:11 +0300] "GET /kontakts HTTP/1.0" 301 277 "http://xn--d1aifpbankex.xn--p1ai/kontakts" "Mozilla/5.0 (compatible; Linux x86_64; Mail.RU_Bot/2.0; +https://help.mail.ru/webmaster/indexing/robots)"
3.85.152.114 - - [11/Apr/2024:02:15:16 +0300] "GET /components/com_jshopping/files/img_products/thumb_1109.jpg HTTP/1.0" 404 527 "-" "Mozilla/5.0 (X11; Ubuntu; Linux x86_64; rv:72.0) Gecko/20100101 Firefox/72.0"
95.163.255.239 - - [11/Apr/2024:02:15:17 +0300] "GET /kontakts/ HTTP/1.0" 404 186497 "https://xn--d1aifpbankex.xn--p1ai/kontakts" "Mozilla/5.0 (compatible; Linux x86_64; Mail.RU_Bot/2.0; +https://help.mail.ru/webmaster/indexing/robots)"
64.124.8.53 - - [11/Apr/2024:02:16:45 +0300] "GET /wa-data/public/shop/products/88/00/88/images/93/93.310.jpg HTTP/1.1" 200 9156 "-" "Mozilla/5.0 (compatible; ImagesiftBot; +imagesift.com)"
123.186.72.179 - - [11/Apr/2024:02:16:49 +0300] "GET /wa-data/public/site/themes/ahead/assets/js/fontawesome.min.js?v2023.1.4.61 HTTP/1.1" 200 1143668 "-" "Go-http-client/1.1"
123.186.72.179 - - [11/Apr/2024:02:17:53 +0300] "GET /wa-data/public/site/themes/ahead/assets/js/fontawesome.min.js?v2023.1.4.61 HTTP/1.1" 200 1143668 "-" "Go-http-client/1.1"
123.186.72.179 - - [11/Apr/2024:02:18:46 +0300] "GET /wa-data/public/site/themes/ahead/assets/js/fontawesome.min.js?v2023.1.4.61 HTTP/1.1" 200 1143668 "-" "Go-http-client/1.1"
123.186.72.179 - - [11/Apr/2024:02:20:21 +0300] "GET /wa-data/public/site/themes/ahead/assets/js/fontawesome.min.js?v2023.1.4.61 HTTP/1.1" 200 1143668 "-" "Go-http-client/1.1"
123.186.72.179 - - [11/Apr/2024:02:21:21 +0300] "GET /wa-data/public/site/themes/ahead/assets/js/fontawesome.min.js?v2023.1.4.61 HTTP/1.1" 200 1143668 "-" "Go-http-client/1.1"
64.124.8.53 - - [11/Apr/2024:02:22:20 +0300] "GET /wa-data/public/shop/img/img_2803-2.jpg HTTP/1.1" 200 337156 "-" "Mozilla/5.0 (compatible; ImagesiftBot; +imagesift.com)"
123.186.72.179 - - [11/Apr/2024:02:22:49 +0300] "GET /wa-data/public/site/themes/ahead/assets/js/fontawesome.min.js?v2023.1.4.61 HTTP/1.1" 200 1143668 "-" "Go-http-client/1.1"
123.186.72.179 - - [11/Apr/2024:02:24:10 +0300] "GET /wa-data/public/site/themes/ahead/assets/js/fontawesome.min.js?v2023.1.4.61 HTTP/1.1" 200 1143668 "-" "Go-http-client/1.1"
123.186.72.179 - - [11/Apr/2024:02:25:21 +0300] "GET /wa-data/public/site/themes/ahead/assets/js/fontawesome.min.js?v2023.1.4.61 HTTP/1.1" 200 1143668 "-" "Go-http-client/1.1"
123.186.72.179 - - [11/Apr/2024:02:27:20 +0300] "GET /wa-data/public/site/themes/ahead/assets/js/fontawesome.min.js?v2023.1.4.61 HTTP/1.1" 200 1143668 "-" "Go-http-client/1.1"
123.186.72.179 - - [11/Apr/2024:02:28:56 +0300] "GET /wa-data/public/site/themes/ahead/assets/js/fontawesome.min.js?v2023.1.4.61 HTTP/1.1" 200 1143668 "-" "Go-http-client/1.1"
64.124.8.53 - - [11/Apr/2024:02:30:58 +0300] "GET /wa-data/public/shop/products/96/00/96/images/102/102.310.jpg HTTP/1.1" 200 5271 "-" "Mozilla/5.0 (compatible; ImagesiftBot; +imagesift.com)"
123.186.72.179 - - [11/Apr/2024:02:31:22 +0300] "GET /wa-data/public/site/themes/ahead/assets/js/fontawesome.min.js?v2023.1.4.61 HTTP/1.1" 200 1143668 "-" "Go-http-client/1.1"
64.124.8.53 - - [11/Apr/2024:02:32:05 +0300] "GET /wa-data/public/shop/products/13/01/113/images/119/119.310.jpg HTTP/1.1" 200 13510 "-" "Mozilla/5.0 (compatible; ImagesiftBot; +imagesift.com)"
64.124.8.53 - - [11/Apr/2024:02:32:15 +0300] "GET /wa-data/public/shop/img/img_2808.jpg HTTP/1.1" 200 224448 "-" "Mozilla/5.0 (compatible; ImagesiftBot; +imagesift.com)"
123.186.72.179 - - [11/Apr/2024:02:32:35 +0300] "GET /wa-data/public/site/themes/ahead/assets/js/fontawesome.min.js?v2023.1.4.61 HTTP/1.1" 200 1143668 "-" "Go-http-client/1.1"
54.36.148.24 - - [11/Apr/2024:02:32:38 +0300] "GET /magazin/hp-canon/zip/cet2740-rezinovyy-val-hp-p1505m1522-p1005-m1120-canon-mf4410-4450-4570-rc2-1183-cet2740/ HTTP/1.0" 200 53630 "-" "Mozilla/5.0 (compatible; AhrefsBot/7.0; +http://ahrefs.com/robot/)"
64.124.8.53 - - [11/Apr/2024:02:32:58 +0300] "GET /wa-data/public/shop/products/02/04/402/images/179/179.310.jpg HTTP/1.1" 200 10495 "-" "Mozilla/5.0 (compatible; ImagesiftBot; +imagesift.com)"
1.231.27.148 - - [11/Apr/2024:02:33:32 +0300] "GET /zayavka-na-remont/ HTTP/1.0" 301 245 "http://xn--d1aifpbankex.xn--p1ai/zayavka-na-remont/" "Mozilla/5.0 (Windows NT 6.1; Win64; x64) AppleWebKit/537.36 (KHTML, like Gecko) Chrome/103.0.5060.66 Safari/537.36"
1.231.27.148 - - [11/Apr/2024:02:33:35 +0300] "GET /zayavka-na-remont/ HTTP/1.0" 200 225225 "https://xn--d1aifpbankex.xn--p1ai/zayavka-na-remont/" "Mozilla/5.0 (Windows NT 6.1; Win64; x64) AppleWebKit/537.36 (KHTML, like Gecko) Chrome/103.0.5060.66 Safari/537.36"
1.231.27.148 - - [11/Apr/2024:02:33:39 +0300] "POST /zayavka-na-remont/about:blank HTTP/1.0" 301 224 "https://xn--d1aifpbankex.xn--p1ai/zayavka-na-remont/" "Mozilla/5.0 (Windows NT 6.1; Win64; x64) AppleWebKit/537.36 (KHTML, like Gecko) Chrome/103.0.5060.66 Safari/537.36"
1.231.27.148 - - [11/Apr/2024:02:33:40 +0300] "GET /zayavka-na-remont/about:blank/ HTTP/1.0" 404 186444 "https://xn--d1aifpbankex.xn--p1ai/zayavka-na-remont/about:blank/" "Mozilla/5.0 (Windows NT 6.1; Win64; x64) AppleWebKit/537.36 (KHTML, like Gecko) Chrome/103.0.5060.66 Safari/537.36"
1.231.27.148 - - [11/Apr/2024:02:33:45 +0300] "GET /about:blank/ HTTP/1.0" 404 186420 "https://xn--d1aifpbankex.xn--p1ai/about:blank/" "Mozilla/5.0 (Windows NT 6.1; Win64; x64) AppleWebKit/537.36 (KHTML, like Gecko) Chrome/103.0.5060.66 Safari/537.36"
3.85.152.114 - - [11/Apr/2024:02:34:18 +0300] "GET /components/com_jshopping/files/img_products/thumb_1112.jpg HTTP/1.0" 404 527 "-" "Mozilla/5.0 (X11; Ubuntu; Linux x86_64; rv:72.0) Gecko/20100101 Firefox/72.0"
123.186.72.179 - - [11/Apr/2024:02:34:32 +0300] "GET /wa-data/public/site/themes/ahead/assets/js/fontawesome.min.js?v2023.1.4.61 HTTP/1.1" 200 1143668 "-" "Go-http-client/1.1"
123.186.72.179 - - [11/Apr/2024:02:35:39 +0300] "GET /wa-data/public/site/themes/ahead/assets/js/fontawesome.min.js?v2023.1.4.61 HTTP/1.1" 200 1143668 "-" "Go-http-client/1.1"
64.124.8.53 - - [11/Apr/2024:02:36:16 +0300] "GET /wa-data/public/shop/products/16/01/116/images/122/122.310.jpg HTTP/1.1" 200 10756 "-" "Mozilla/5.0 (compatible; ImagesiftBot; +imagesift.com)"
64.124.8.53 - - [11/Apr/2024:02:37:25 +0300] "GET /wa-data/public/shop/img/sot8.jpg HTTP/1.1" 200 36861 "-" "Mozilla/5.0 (compatible; ImagesiftBot; +imagesift.com)"
123.186.72.179 - - [11/Apr/2024:02:37:48 +0300] "GET /wa-data/public/site/themes/ahead/assets/js/fontawesome.min.js?v2023.1.4.61 HTTP/1.1" 200 1143668 "-" "Go-http-client/1.1"
123.186.72.179 - - [11/Apr/2024:02:39:04 +0300] "GET /wa-data/public/site/themes/ahead/assets/js/fontawesome.min.js?v2023.1.4.61 HTTP/1.1" 200 1143668 "-" "Go-http-client/1.1"
64.124.8.53 - - [11/Apr/2024:02:39:34 +0300] "GET /wa-data/public/shop/products/77/00/77/images/80/80.310.jpg HTTP/1.1" 200 17961 "-" "Mozilla/5.0 (compatible; ImagesiftBot; +imagesift.com)"
64.124.8.53 - - [11/Apr/2024:02:39:43 +0300] "GET /wa-data/public/shop/products/97/00/97/images/103/103.310.jpg HTTP/1.1" 200 14793 "-" "Mozilla/5.0 (compatible; ImagesiftBot; +imagesift.com)"
123.186.72.179 - - [11/Apr/2024:02:40:52 +0300] "GET /wa-data/public/site/themes/ahead/assets/js/fontawesome.min.js?v2023.1.4.61 HTTP/1.1" 200 1143668 "-" "Go-http-client/1.1"
123.186.72.179 - - [11/Apr/2024:02:42:08 +0300] "GET /wa-data/public/site/themes/ahead/assets/js/fontawesome.min.js?v2023.1.4.61 HTTP/1.1" 200 1143668 "-" "Go-http-client/1.1"
123.186.72.179 - - [11/Apr/2024:02:43:03 +0300] "GET /wa-data/public/site/themes/ahead/assets/js/fontawesome.min.js?v2023.1.4.61 HTTP/1.1" 200 1143668 "-" "Go-http-client/1.1"
64.124.8.53 - - [11/Apr/2024:02:43:56 +0300] "GET /wa-data/public/shop/products/23/00/23/images/24/24.310.jpg HTTP/1.1" 200 5926 "-" "Mozilla/5.0 (compatible; ImagesiftBot; +imagesift.com)"
123.186.72.179 - - [11/Apr/2024:02:44:49 +0300] "GET /wa-data/public/site/themes/ahead/assets/js/fontawesome.min.js?v2023.1.4.61 HTTP/1.1" 200 540368 "-" "Go-http-client/1.1"
123.186.72.179 - - [11/Apr/2024:02:46:14 +0300] "GET /wa-data/public/site/themes/ahead/assets/js/fontawesome.min.js?v2023.1.4.61 HTTP/1.1" 200 1143668 "-" "Go-http-client/1.1"
123.186.72.179 - - [11/Apr/2024:02:48:16 +0300] "GET /wa-data/public/site/themes/ahead/assets/js/fontawesome.min.js?v2023.1.4.61 HTTP/1.1" 200 1143668 "-" "Go-http-client/1.1"
64.124.8.53 - - [11/Apr/2024:02:49:09 +0300] "GET /wa-data/public/shop/products/98/00/98/images/104/104.310.jpg HTTP/1.1" 200 10177 "-" "Mozilla/5.0 (compatible; ImagesiftBot; +imagesift.com)"
123.186.72.179 - - [11/Apr/2024:02:49:20 +0300] "GET /wa-data/public/site/themes/ahead/assets/js/fontawesome.min.js?v2023.1.4.61 HTTP/1.1" 200 1143668 "-" "Go-http-client/1.1"
54.36.149.106 - - [11/Apr/2024:02:49:28 +0300] "GET /robots.txt HTTP/1.0" 200 293 "-" "Mozilla/5.0 (compatible; AhrefsBot/7.0; +http://ahrefs.com/robot/)"
54.36.148.156 - - [11/Apr/2024:02:49:29 +0300] "GET /kip/printery/tsvetnoe-shirokoformatnoe-mfu-kip-980/ HTTP/1.0" 200 60967 "-" "Mozilla/5.0 (compatible; AhrefsBot/7.0; +http://ahrefs.com/robot/)"
5.255.231.5 - - [11/Apr/2024:02:50:10 +0300] "GET /robots.txt HTTP/1.0" 200 453 "-" "Mozilla/5.0 (compatible; YandexBot/3.0; +http://yandex.com/bots)"
87.250.224.221 - - [11/Apr/2024:02:50:10 +0300] "GET /prodazha/kip/dopolnitelnoe-oborudovanie/product/view/14/350 HTTP/1.0" 301 391 "-" "Mozilla/5.0 (compatible; YandexBot/3.0; +http://yandex.com/bots)"
213.180.203.95 - - [11/Apr/2024:02:50:11 +0300] "GET /prodazha/kip/dopolnitelnoe-oborudovanie/product/view/14/350/ HTTP/1.0" 404 186604 "-" "Mozilla/5.0 (compatible; YandexBot/3.0; +http://yandex.com/bots)"
123.186.72.179 - - [11/Apr/2024:02:51:26 +0300] "GET /wa-data/public/site/themes/ahead/assets/js/fontawesome.min.js?v2023.1.4.61 HTTP/1.1" 200 1143668 "-" "Go-http-client/1.1"
123.186.72.179 - - [11/Apr/2024:02:53:23 +0300] "GET /wa-data/public/site/themes/ahead/assets/js/fontawesome.min.js?v2023.1.4.61 HTTP/1.1" 200 1143668 "-" "Go-http-client/1.1"
123.186.72.179 - - [11/Apr/2024:02:55:13 +0300] "GET /wa-data/public/site/themes/ahead/assets/js/fontawesome.min.js?v2023.1.4.61 HTTP/1.1" 200 1143668 "-" "Go-http-client/1.1"
123.186.72.179 - - [11/Apr/2024:02:56:08 +0300] "GET /wa-data/public/site/themes/ahead/assets/js/fontawesome.min.js?v2023.1.4.61 HTTP/1.1" 200 1143668 "-" "Go-http-client/1.1"
40.77.167.25 - - [11/Apr/2024:02:57:00 +0300] "GET /zayavka-na-remont/ HTTP/1.0" 200 54810 "-" "Mozilla/5.0 AppleWebKit/537.36 (KHTML, like Gecko; compatible; bingbot/2.0; +http://www.bing.com/bingbot.htm) Chrome/116.0.1938.76 Safari/537.36"
123.186.72.179 - - [11/Apr/2024:02:57:19 +0300] "GET /wa-data/public/site/themes/ahead/assets/js/fontawesome.min.js?v2023.1.4.61 HTTP/1.1" 200 1143668 "-" "Go-http-client/1.1"
123.186.72.179 - - [11/Apr/2024:02:59:33 +0300] "GET /wa-data/public/site/themes/ahead/assets/js/fontawesome.min.js?v2023.1.4.61 HTTP/1.1" 200 1143668 "-" "Go-http-client/1.1"
156.240.116.227 - - [11/Apr/2024:03:00:22 +0300] "GET /components/com_jshopping/files/img_products/222.jpg HTTP/1.0" 404 520 "-" "Mozilla/5.0 (X11; Ubuntu; Linux x86_64; rv:72.0) Gecko/20100101 Firefox/72.0"
156.240.117.19 - - [11/Apr/2024:03:00:23 +0300] "GET /components/com_jshopping/files/img_products/222.jpg HTTP/1.0" 404 520 "-" "Mozilla/5.0 (X11; Ubuntu; Linux x86_64; rv:72.0) Gecko/20100101 Firefox/72.0"
156.240.113.171 - - [11/Apr/2024:03:00:24 +0300] "GET /components/com_jshopping/files/img_products/222.jpg HTTP/1.0" 404 520 "-" "Mozilla/5.0 (X11; Ubuntu; Linux x86_64; rv:72.0) Gecko/20100101 Firefox/72.0"
123.186.72.179 - - [11/Apr/2024:03:00:32 +0300] "GET /wa-data/public/site/themes/ahead/assets/js/fontawesome.min.js?v2023.1.4.61 HTTP/1.1" 200 1143668 "-" "Go-http-client/1.1"
123.186.72.179 - - [11/Apr/2024:03:02:13 +0300] "GET /wa-data/public/site/themes/ahead/assets/js/fontawesome.min.js?v2023.1.4.61 HTTP/1.1" 200 425680 "-" "Go-http-client/1.1"
18.237.192.161 - - [11/Apr/2024:03:02:45 +0300] "GET /components/com_jshopping/files/img_products/1101.jpg HTTP/1.0" 404 521 "-" "Mozilla/5.0 (X11; Ubuntu; Linux x86_64; rv:72.0) Gecko/20100101 Firefox/72.0"
18.237.192.161 - - [11/Apr/2024:03:02:45 +0300] "GET /components/com_jshopping/files/img_products/1101.jpg HTTP/1.0" 404 521 "-" "Mozilla/5.0 (X11; Ubuntu; Linux x86_64; rv:72.0) Gecko/20100101 Firefox/72.0"
123.186.72.179 - - [11/Apr/2024:03:03:40 +0300] "GET /wa-data/public/site/themes/ahead/assets/js/fontawesome.min.js?v2023.1.4.61 HTTP/1.1" 200 1143668 "-" "Go-http-client/1.1"
123.186.72.179 - - [11/Apr/2024:03:05:39 +0300] "GET /wa-data/public/site/themes/ahead/assets/js/fontawesome.min.js?v2023.1.4.61 HTTP/1.1" 200 1143668 "-" "Go-http-client/1.1"
54.36.148.228 - - [11/Apr/2024:03:06:07 +0300] "GET /magazin/hp-canon/zip/cet3685n-rezinovyy-val-hp-p2035-p2055-m401-m425-canon-ir-1133-lbp251-lbp252-mf411dw-mf416dw-mf418/ HTTP/1.0" 200 53674 "-" "Mozilla/5.0 (compatible; AhrefsBot/7.0; +http://ahrefs.com/robot/)"
123.186.72.179 - - [11/Apr/2024:03:06:45 +0300] "GET /wa-data/public/site/themes/ahead/assets/js/fontawesome.min.js?v2023.1.4.61 HTTP/1.1" 200 1143668 "-" "Go-http-client/1.1"
5.255.231.102 - - [11/Apr/2024:03:08:15 +0300] "GET /robots.txt HTTP/1.0" 301 237 "-" "Mozilla/5.0 (compatible; YandexBot/3.0; +http://yandex.com/bots)"
5.255.231.102 - - [11/Apr/2024:03:08:15 +0300] "GET /robots.txt HTTP/1.0" 200 453 "-" "Mozilla/5.0 (compatible; YandexBot/3.0; +http://yandex.com/bots)"
95.108.213.248 - - [11/Apr/2024:03:08:15 +0300] "GET /prodazha/kyocera/kopiry-i-mfu-cherno-belye-a4/product/view/18/276 HTTP/1.0" 301 292 "-" "Mozilla/5.0 (compatible; YandexBot/3.0; +http://yandex.com/bots)"
95.108.213.91 - - [11/Apr/2024:03:08:16 +0300] "GET /robots.txt HTTP/1.0" 200 453 "-" "Mozilla/5.0 (compatible; YandexBot/3.0; +http://yandex.com/bots)"
87.250.224.250 - - [11/Apr/2024:03:08:16 +0300] "GET /prodazha/kyocera/kopiry-i-mfu-cherno-belye-a4/product/view/18/276 HTTP/1.0" 301 403 "-" "Mozilla/5.0 (compatible; YandexBot/3.0; +http://yandex.com/bots)"
87.250.224.83 - - [11/Apr/2024:03:08:16 +0300] "GET /prodazha/kyocera/kopiry-i-mfu-cherno-belye-a4/product/view/18/276/ HTTP/1.0" 404 186610 "-" "Mozilla/5.0 (compatible; YandexBot/3.0; +http://yandex.com/bots)"
123.186.72.179 - - [11/Apr/2024:03:09:11 +0300] "GET /wa-data/public/site/themes/ahead/assets/js/fontawesome.min.js?v2023.1.4.61 HTTP/1.1" 200 1143668 "-" "Go-http-client/1.1"
123.186.72.179 - - [11/Apr/2024:03:10:14 +0300] "GET /wa-data/public/site/themes/ahead/assets/js/fontawesome.min.js?v2023.1.4.61 HTTP/1.1" 200 1143668 "-" "Go-http-client/1.1"
123.186.72.179 - - [11/Apr/2024:03:11:48 +0300] "GET /wa-data/public/site/themes/ahead/assets/js/fontawesome.min.js?v2023.1.4.61 HTTP/1.1" 200 1143668 "-" "Go-http-client/1.1"
123.186.72.179 - - [11/Apr/2024:03:13:32 +0300] "GET /wa-data/public/site/themes/ahead/assets/js/fontawesome.min.js?v2023.1.4.61 HTTP/1.1" 200 1143668 "-" "Go-http-client/1.1"
123.186.72.179 - - [11/Apr/2024:03:14:37 +0300] "GET /wa-data/public/site/themes/ahead/assets/js/fontawesome.min.js?v2023.1.4.61 HTTP/1.1" 200 1143668 "-" "Go-http-client/1.1"
123.186.72.179 - - [11/Apr/2024:03:16:56 +0300] "GET /wa-data/public/site/themes/ahead/assets/js/fontawesome.min.js?v2023.1.4.61 HTTP/1.1" 200 1143668 "-" "Go-http-client/1.1"
123.186.72.179 - - [11/Apr/2024:03:17:59 +0300] "GET /wa-data/public/site/themes/ahead/assets/js/fontawesome.min.js?v2023.1.4.61 HTTP/1.1" 200 1143668 "-" "Go-http-client/1.1"
123.186.72.179 - - [11/Apr/2024:03:19:59 +0300] "GET /wa-data/public/site/themes/ahead/assets/js/fontawesome.min.js?v2023.1.4.61 HTTP/1.1" 200 1143668 "-" "Go-http-client/1.1"
123.186.72.179 - - [11/Apr/2024:03:20:57 +0300] "GET /wa-data/public/site/themes/ahead/assets/js/fontawesome.min.js?v2023.1.4.61 HTTP/1.1" 200 1143668 "-" "Go-http-client/1.1"
3.87.186.182 - - [11/Apr/2024:03:22:01 +0300] "GET /components/com_jshopping/files/img_products/thumb_880_Front_Delivery.png HTTP/1.0" 404 541 "-" "Mozilla/5.0 (Windows NT 10.0; Win64; x64) AppleWebKit/537.36 (KHTML, like Gecko) Chrome/117.0.0.0 Safari/537.36"
123.186.72.179 - - [11/Apr/2024:03:22:13 +0300] "GET /wa-data/public/site/themes/ahead/assets/js/fontawesome.min.js?v2023.1.4.61 HTTP/1.1" 200 1143668 "-" "Go-http-client/1.1"
123.186.72.179 - - [11/Apr/2024:03:24:13 +0300] "GET /wa-data/public/site/themes/ahead/assets/js/fontawesome.min.js?v2023.1.4.61 HTTP/1.1" 200 1143668 "-" "Go-http-client/1.1"
123.186.72.179 - - [11/Apr/2024:03:25:23 +0300] "GET /wa-data/public/site/themes/ahead/assets/js/fontawesome.min.js?v2023.1.4.61 HTTP/1.1" 200 1143668 "-" "Go-http-client/1.1"
54.36.148.177 - - [11/Apr/2024:03:26:38 +0300] "GET /magazin/hp-canon/zip/cet3812-rezinovyy-val-hp-1022-3050-3052-3055-canon-mf4018-4150-rc1-3812-5582-5572-5573-cet3812/ HTTP/1.0" 200 53627 "-" "Mozilla/5.0 (compatible; AhrefsBot/7.0; +http://ahrefs.com/robot/)"
123.186.72.179 - - [11/Apr/2024:03:27:29 +0300] "GET /wa-data/public/site/themes/ahead/assets/js/fontawesome.min.js?v2023.1.4.61 HTTP/1.1" 200 1143668 "-" "Go-http-client/1.1"
123.186.72.179 - - [11/Apr/2024:03:28:47 +0300] "GET /wa-data/public/site/themes/ahead/assets/js/fontawesome.min.js?v2023.1.4.61 HTTP/1.1" 200 1143668 "-" "Go-http-client/1.1"
123.186.72.179 - - [11/Apr/2024:03:29:59 +0300] "GET /wa-data/public/site/themes/ahead/assets/js/fontawesome.min.js?v2023.1.4.61 HTTP/1.1" 200 212688 "-" "Go-http-client/1.1"
123.186.72.179 - - [11/Apr/2024:03:30:57 +0300] "GET /wa-data/public/site/themes/ahead/assets/js/fontawesome.min.js?v2023.1.4.61 HTTP/1.1" 200 1143668 "-" "Go-http-client/1.1"
123.186.72.179 - - [11/Apr/2024:03:32:35 +0300] "GET /wa-data/public/site/themes/ahead/assets/js/fontawesome.min.js?v2023.1.4.61 HTTP/1.1" 200 1143668 "-" "Go-http-client/1.1"
123.186.72.179 - - [11/Apr/2024:03:34:30 +0300] "GET /wa-data/public/site/themes/ahead/assets/js/fontawesome.min.js?v2023.1.4.61 HTTP/1.1" 200 1143668 "-" "Go-http-client/1.1"
123.186.72.179 - - [11/Apr/2024:03:35:50 +0300] "GET /wa-data/public/site/themes/ahead/assets/js/fontawesome.min.js?v2023.1.4.61 HTTP/1.1" 200 1143668 "-" "Go-http-client/1.1"
123.186.72.179 - - [11/Apr/2024:03:37:38 +0300] "GET /wa-data/public/site/themes/ahead/assets/js/fontawesome.min.js?v2023.1.4.61 HTTP/1.1" 200 1143668 "-" "Go-http-client/1.1"
123.186.72.179 - - [11/Apr/2024:03:38:49 +0300] "GET /wa-data/public/site/themes/ahead/assets/js/fontawesome.min.js?v2023.1.4.61 HTTP/1.1" 200 1143668 "-" "Go-http-client/1.1"
123.186.72.179 - - [11/Apr/2024:03:40:45 +0300] "GET /wa-data/public/site/themes/ahead/assets/js/fontawesome.min.js?v2023.1.4.61 HTTP/1.1" 200 1143668 "-" "Go-http-client/1.1"
123.186.72.179 - - [11/Apr/2024:03:41:44 +0300] "GET /wa-data/public/site/themes/ahead/assets/js/fontawesome.min.js?v2023.1.4.61 HTTP/1.1" 200 1143668 "-" "Go-http-client/1.1"
123.186.72.179 - - [11/Apr/2024:03:44:12 +0300] "GET /wa-data/public/site/themes/ahead/assets/js/fontawesome.min.js?v2023.1.4.61 HTTP/1.1" 200 1143668 "-" "Go-http-client/1.1"
123.186.72.179 - - [11/Apr/2024:03:45:11 +0300] "GET /wa-data/public/site/themes/ahead/assets/js/fontawesome.min.js?v2023.1.4.61 HTTP/1.1" 200 1143668 "-" "Go-http-client/1.1"
54.36.148.149 - - [11/Apr/2024:03:45:12 +0300] "GET /kyocera/kopiry-i-mfu-cherno-belye-a4/ HTTP/1.0" 200 53359 "-" "Mozilla/5.0 (compatible; AhrefsBot/7.0; +http://ahrefs.com/robot/)"
168.119.65.114 - - [11/Apr/2024:03:45:13 +0300] "GET /wa-data/public/site/themes/ahead/assets/css/vendors.bundle.min.css?v2023.1.4.61 HTTP/1.1" 200 120914 "https://xn--d1aifpbankex.xn--p1ai/kyocera/kopiry-i-mfu-cherno-belye-a4/" "Mozilla/5.0 (compatible; AhrefsBot/7.0; +http://ahrefs.com/robot/)"
168.119.65.114 - - [11/Apr/2024:03:45:13 +0300] "GET /wa-data/public/site/themes/ahead/assets/css/theme.min.css?v2023.1.4.61 HTTP/1.1" 200 490832 "https://xn--d1aifpbankex.xn--p1ai/kyocera/kopiry-i-mfu-cherno-belye-a4/" "Mozilla/5.0 (compatible; AhrefsBot/7.0; +http://ahrefs.com/robot/)"
168.119.65.114 - - [11/Apr/2024:03:45:13 +0300] "GET /wa-data/public/site/themes/ahead/assets/js/vendors.bundle.min.js?v2023.1.4.61 HTTP/1.1" 200 238640 "https://xn--d1aifpbankex.xn--p1ai/kyocera/kopiry-i-mfu-cherno-belye-a4/" "Mozilla/5.0 (compatible; AhrefsBot/7.0; +http://ahrefs.com/robot/)"
168.119.65.114 - - [11/Apr/2024:03:45:13 +0300] "GET /wa-data/public/site/themes/ahead/assets/js/plugins.theme.min.js?v2023.1.4.61 HTTP/1.1" 200 10321 "https://xn--d1aifpbankex.xn--p1ai/kyocera/kopiry-i-mfu-cherno-belye-a4/" "Mozilla/5.0 (compatible; AhrefsBot/7.0; +http://ahrefs.com/robot/)"
168.119.65.114 - - [11/Apr/2024:03:45:13 +0300] "GET /wa-data/public/site/themes/ahead/assets/js/site.theme.min.js?v2023.1.4.61 HTTP/1.1" 200 62409 "https://xn--d1aifpbankex.xn--p1ai/kyocera/kopiry-i-mfu-cherno-belye-a4/" "Mozilla/5.0 (compatible; AhrefsBot/7.0; +http://ahrefs.com/robot/)"
168.119.65.114 - - [11/Apr/2024:03:45:13 +0300] "GET /wa-data/public/shop/themes/ahead/assets/js/shop.theme.min.js?v2023.1.4.61 HTTP/1.1" 200 55963 "https://xn--d1aifpbankex.xn--p1ai/kyocera/kopiry-i-mfu-cherno-belye-a4/" "Mozilla/5.0 (compatible; AhrefsBot/7.0; +http://ahrefs.com/robot/)"
168.119.65.114 - - [11/Apr/2024:03:45:13 +0300] "GET /wa-data/public/site/themes/ahead/assets/fonts/Roboto/font.css?v2023.1.4.61 HTTP/1.1" 200 1016 "https://xn--d1aifpbankex.xn--p1ai/kyocera/kopiry-i-mfu-cherno-belye-a4/" "Mozilla/5.0 (compatible; AhrefsBot/7.0; +http://ahrefs.com/robot/)"
168.119.65.114 - - [11/Apr/2024:03:45:13 +0300] "GET /wa-data/public/site/themes/ahead/assets/js/fontawesome.min.js?v2023.1.4.61 HTTP/1.1" 200 1143668 "https://xn--d1aifpbankex.xn--p1ai/kyocera/kopiry-i-mfu-cherno-belye-a4/" "Mozilla/5.0 (compatible; AhrefsBot/7.0; +http://ahrefs.com/robot/)"
168.119.65.114 - - [11/Apr/2024:03:45:13 +0300] "GET /wa-data/public/site/themes/ahead/assets/fonts/Roboto/Roboto-400-2.ttf HTTP/1.0" 200 55223 "https://xn--d1aifpbankex.xn--p1ai/wa-data/public/site/themes/ahead/assets/fonts/Roboto/font.css?v2023.1.4.61" "Mozilla/5.0 (compatible; AhrefsBot/7.0; +http://ahrefs.com/robot/)"
168.119.65.114 - - [11/Apr/2024:03:45:13 +0300] "GET /wa-data/public/site/themes/ahead/assets/fonts/Roboto/Roboto-400-6.ttf HTTP/1.0" 200 53743 "https://xn--d1aifpbankex.xn--p1ai/wa-data/public/site/themes/ahead/assets/fonts/Roboto/font.css?v2023.1.4.61" "Mozilla/5.0 (compatible; AhrefsBot/7.0; +http://ahrefs.com/robot/)"
168.119.65.114 - - [11/Apr/2024:03:45:13 +0300] "GET /wa-data/public/site/themes/ahead/assets/fonts/Roboto/Roboto-700-8.ttf HTTP/1.0" 200 53979 "https://xn--d1aifpbankex.xn--p1ai/wa-data/public/site/themes/ahead/assets/fonts/Roboto/font.css?v2023.1.4.61" "Mozilla/5.0 (compatible; AhrefsBot/7.0; +http://ahrefs.com/robot/)"
95.163.255.221 - - [11/Apr/2024:03:45:49 +0300] "GET /robots.txt HTTP/1.0" 301 237 "-" "Mozilla/5.0 (compatible; Linux x86_64; Mail.RU_Bot/2.0; +https://help.mail.ru/webmaster/indexing/robots)"
95.163.255.225 - - [11/Apr/2024:03:45:53 +0300] "GET /o-kompanii HTTP/1.0" 301 237 "-" "Mozilla/5.0 (compatible; Linux x86_64; Mail.RU_Bot/2.0; +https://help.mail.ru/webmaster/indexing/robots)"
123.186.72.179 - - [11/Apr/2024:03:46:20 +0300] "GET /wa-data/public/site/themes/ahead/assets/js/fontawesome.min.js?v2023.1.4.61 HTTP/1.1" 200 1143668 "-" "Go-http-client/1.1"
95.163.255.235 - - [11/Apr/2024:03:46:27 +0300] "GET /robots.txt HTTP/1.0" 200 453 "-" "Mozilla/5.0 (compatible; Linux x86_64; Mail.RU_Bot/2.0; +https://help.mail.ru/webmaster/indexing/robots)"
95.163.255.225 - - [11/Apr/2024:03:46:36 +0300] "GET /o-kompanii HTTP/1.0" 301 281 "http://xn--d1aifpbankex.xn--p1ai/o-kompanii" "Mozilla/5.0 (compatible; Linux x86_64; Mail.RU_Bot/2.0; +https://help.mail.ru/webmaster/indexing/robots)"
95.163.255.215 - - [11/Apr/2024:03:46:45 +0300] "GET /o-kompanii/ HTTP/1.0" 200 53553 "https://xn--d1aifpbankex.xn--p1ai/o-kompanii" "Mozilla/5.0 (compatible; Linux x86_64; Mail.RU_Bot/2.0; +https://help.mail.ru/webmaster/indexing/robots)"
123.186.72.179 - - [11/Apr/2024:03:48:07 +0300] "GET /wa-data/public/site/themes/ahead/assets/js/fontawesome.min.js?v2023.1.4.61 HTTP/1.1" 200 1143668 "-" "Go-http-client/1.1"
123.186.72.179 - - [11/Apr/2024:03:49:29 +0300] "GET /wa-data/public/site/themes/ahead/assets/js/fontawesome.min.js?v2023.1.4.61 HTTP/1.1" 200 1143668 "-" "Go-http-client/1.1"
136.243.220.209 - - [11/Apr/2024:03:49:35 +0300] "GET /magazin/samsung-xerox/kartridzhi_4/ HTTP/1.0" 200 52082 "-" "Mozilla/5.0 (compatible; DataForSeoBot/1.0; +https://dataforseo.com/dataforseo-bot)"
136.243.220.209 - - [11/Apr/2024:03:49:53 +0300] "GET /magazin/samsung-xerox/kartridzhi_4/kartridzh-hi-black-hb-mlt-d104s-samsung-ml-1660-1665-1860-scx-3200-3205-3207-1-5k/ HTTP/1.0" 200 53522 "-" "Mozilla/5.0 (compatible; DataForSeoBot/1.0; +https://dataforseo.com/dataforseo-bot)"
136.243.220.209 - - [11/Apr/2024:03:50:10 +0300] "GET /magazin/pantum/kartridzhi_3/ HTTP/1.0" 200 52189 "-" "Mozilla/5.0 (compatible; DataForSeoBot/1.0; +https://dataforseo.com/dataforseo-bot)"
136.243.220.209 - - [11/Apr/2024:03:50:27 +0300] "GET /magazin/brother/kartridzhi/ HTTP/1.0" 200 51983 "-" "Mozilla/5.0 (compatible; DataForSeoBot/1.0; +https://dataforseo.com/dataforseo-bot)"
136.243.220.209 - - [11/Apr/2024:03:50:43 +0300] "GET /magazin/pantum/ HTTP/1.0" 200 52935 "-" "Mozilla/5.0 (compatible; DataForSeoBot/1.0; +https://dataforseo.com/dataforseo-bot)"
136.243.220.209 - - [11/Apr/2024:03:51:00 +0300] "GET /magazin/samsung-xerox/zip_3/ HTTP/1.0" 200 53230 "-" "Mozilla/5.0 (compatible; DataForSeoBot/1.0; +https://dataforseo.com/dataforseo-bot)"
136.243.220.209 - - [11/Apr/2024:03:51:16 +0300] "GET /magazin/kyocera/toner_1/ HTTP/1.0" 200 51920 "-" "Mozilla/5.0 (compatible; DataForSeoBot/1.0; +https://dataforseo.com/dataforseo-bot)"
123.186.72.179 - - [11/Apr/2024:03:51:20 +0300] "GET /wa-data/public/site/themes/ahead/assets/js/fontawesome.min.js?v2023.1.4.61 HTTP/1.1" 200 1143668 "-" "Go-http-client/1.1"
136.243.220.209 - - [11/Apr/2024:03:51:31 +0300] "GET /magazin/kyocera/ HTTP/1.0" 200 55328 "-" "Mozilla/5.0 (compatible; DataForSeoBot/1.0; +https://dataforseo.com/dataforseo-bot)"
136.243.220.209 - - [11/Apr/2024:03:51:45 +0300] "GET /magazin/kyocera/zip_1/ HTTP/1.0" 200 54110 "-" "Mozilla/5.0 (compatible; DataForSeoBot/1.0; +https://dataforseo.com/dataforseo-bot)"
136.243.220.209 - - [11/Apr/2024:03:51:58 +0300] "GET /magazin/chip/ HTTP/1.0" 200 52560 "-" "Mozilla/5.0 (compatible; DataForSeoBot/1.0; +https://dataforseo.com/dataforseo-bot)"
136.243.220.209 - - [11/Apr/2024:03:52:11 +0300] "GET /magazin/samsung-xerox/kartridzhi_4/toner-kartridzh-hi-black-hb-106r04348-dlya-xerox-b205-b210-b215-3k/ HTTP/1.0" 200 53418 "-" "Mozilla/5.0 (compatible; DataForSeoBot/1.0; +https://dataforseo.com/dataforseo-bot)"
123.186.72.179 - - [11/Apr/2024:03:52:17 +0300] "GET /wa-data/public/site/themes/ahead/assets/js/fontawesome.min.js?v2023.1.4.61 HTTP/1.1" 200 1143668 "-" "Go-http-client/1.1"
136.243.220.209 - - [11/Apr/2024:03:52:26 +0300] "GET /magazin/hp-canon/zip/ HTTP/1.0" 200 54595 "-" "Mozilla/5.0 (compatible; DataForSeoBot/1.0; +https://dataforseo.com/dataforseo-bot)"
103.188.244.182 - - [11/Apr/2024:03:53:05 +0300] "GET /zayavka-na-remont/ HTTP/1.0" 301 245 "http://xn--d1aifpbankex.xn--p1ai/zayavka-na-remont/" "Mozilla/5.0 (Windows NT 6.3; Win64; x64) AppleWebKit/537.36 (KHTML, like Gecko) Chrome/103.0.5060.53 Safari/537.36"
103.188.244.182 - - [11/Apr/2024:03:53:06 +0300] "GET /zayavka-na-remont/ HTTP/1.0" 200 225225 "https://xn--d1aifpbankex.xn--p1ai/zayavka-na-remont/" "Mozilla/5.0 (Windows NT 6.3; Win64; x64) AppleWebKit/537.36 (KHTML, like Gecko) Chrome/103.0.5060.53 Safari/537.36"
103.188.244.182 - - [11/Apr/2024:03:53:09 +0300] "POST /zayavka-na-remont/about:blank HTTP/1.0" 301 224 "https://xn--d1aifpbankex.xn--p1ai/zayavka-na-remont/" "Mozilla/5.0 (Windows NT 6.3; Win64; x64) AppleWebKit/537.36 (KHTML, like Gecko) Chrome/103.0.5060.53 Safari/537.36"
103.188.244.182 - - [11/Apr/2024:03:53:10 +0300] "GET /zayavka-na-remont/about:blank/ HTTP/1.0" 404 186444 "https://xn--d1aifpbankex.xn--p1ai/zayavka-na-remont/about:blank/" "Mozilla/5.0 (Windows NT 6.3; Win64; x64) AppleWebKit/537.36 (KHTML, like Gecko) Chrome/103.0.5060.53 Safari/537.36"
103.188.244.182 - - [11/Apr/2024:03:53:12 +0300] "GET /about:blank/ HTTP/1.0" 404 186420 "https://xn--d1aifpbankex.xn--p1ai/about:blank/" "Mozilla/5.0 (Windows NT 6.3; Win64; x64) AppleWebKit/537.36 (KHTML, like Gecko) Chrome/103.0.5060.53 Safari/537.36"
136.243.220.209 - - [11/Apr/2024:03:53:38 +0300] "GET /magazin/samsung-xerox/zip_3/jc73-00211a-nasadka-rezinka-na-rolik-zakhvata-hi-black-dlya-samsung-ml-1610-2010/ HTTP/1.0" 200 53586 "-" "Mozilla/5.0 (compatible; DataForSeoBot/1.0; +https://dataforseo.com/dataforseo-bot)"
136.243.220.209 - - [11/Apr/2024:03:53:49 +0300] "GET /magazin/brother/ HTTP/1.0" 200 52049 "-" "Mozilla/5.0 (compatible; DataForSeoBot/1.0; +https://dataforseo.com/dataforseo-bot)"
136.243.220.209 - - [11/Apr/2024:03:54:01 +0300] "GET /yurlitsam/ HTTP/1.0" 200 53449 "-" "Mozilla/5.0 (compatible; DataForSeoBot/1.0; +https://dataforseo.com/dataforseo-bot)"
136.243.220.209 - - [11/Apr/2024:03:54:14 +0300] "GET /magazin/hp-canon/toner/ HTTP/1.0" 200 52255 "-" "Mozilla/5.0 (compatible; DataForSeoBot/1.0; +https://dataforseo.com/dataforseo-bot)"
136.243.220.209 - - [11/Apr/2024:03:54:25 +0300] "GET /magazin/samsung-xerox/zip_3/rolik-zakhvata-v-sbore-bez-osi-samsung-ml-1910-jc93-00087a/ HTTP/1.0" 200 53500 "-" "Mozilla/5.0 (compatible; DataForSeoBot/1.0; +https://dataforseo.com/dataforseo-bot)"
136.243.220.209 - - [11/Apr/2024:03:54:36 +0300] "GET /magazin/ HTTP/1.0" 200 58160 "-" "Mozilla/5.0 (compatible; DataForSeoBot/1.0; +https://dataforseo.com/dataforseo-bot)"
136.243.220.209 - - [11/Apr/2024:03:54:49 +0300] "GET /magazin/pantum/zip_2/ HTTP/1.0" 200 51972 "-" "Mozilla/5.0 (compatible; DataForSeoBot/1.0; +https://dataforseo.com/dataforseo-bot)"
123.186.72.179 - - [11/Apr/2024:03:54:51 +0300] "GET /wa-data/public/site/themes/ahead/assets/js/fontawesome.min.js?v2023.1.4.61 HTTP/1.1" 200 1143668 "-" "Go-http-client/1.1"
136.243.220.209 - - [11/Apr/2024:03:55:01 +0300] "GET /shop/ HTTP/1.0" 200 52097 "-" "Mozilla/5.0 (compatible; DataForSeoBot/1.0; +https://dataforseo.com/dataforseo-bot)"
136.243.220.209 - - [11/Apr/2024:03:55:14 +0300] "GET /magazin/hp-canon/kartridzhi_1/ HTTP/1.0" 200 52552 "-" "Mozilla/5.0 (compatible; DataForSeoBot/1.0; +https://dataforseo.com/dataforseo-bot)"
136.243.220.209 - - [11/Apr/2024:03:55:27 +0300] "GET /magazin/sredstva-dlya-servisa/ HTTP/1.0" 200 52556 "-" "Mozilla/5.0 (compatible; DataForSeoBot/1.0; +https://dataforseo.com/dataforseo-bot)"
123.186.72.179 - - [11/Apr/2024:03:55:34 +0300] "GET /wa-data/public/site/themes/ahead/assets/js/fontawesome.min.js?v2023.1.4.61 HTTP/1.1" 200 1143668 "-" "Go-http-client/1.1"
136.243.220.209 - - [11/Apr/2024:03:55:38 +0300] "GET /magazin/hp-canon/apparaty/ HTTP/1.0" 200 51820 "-" "Mozilla/5.0 (compatible; DataForSeoBot/1.0; +https://dataforseo.com/dataforseo-bot)"
136.243.220.209 - - [11/Apr/2024:03:55:48 +0300] "GET /magazin/samsung-xerox/zip_3/shleyf-uzla-skanirovaniya-hi-black-dlya-samsung-scx-4100-4200-4220-4300-pe114e/ HTTP/1.0" 200 53564 "-" "Mozilla/5.0 (compatible; DataForSeoBot/1.0; +https://dataforseo.com/dataforseo-bot)"
136.243.220.209 - - [11/Apr/2024:03:56:01 +0300] "GET /magazin/samsung-xerox/zip_3/jc72-01231a-rolik-zakhvata-v-sbore-hi-black-dlya-samsung-ml-1510-1710-2250-scx-4016/ HTTP/1.0" 200 53615 "-" "Mozilla/5.0 (compatible; DataForSeoBot/1.0; +https://dataforseo.com/dataforseo-bot)"
136.243.220.209 - - [11/Apr/2024:03:56:10 +0300] "GET /magazin/pantum/apparaty_2/ HTTP/1.0" 200 51860 "-" "Mozilla/5.0 (compatible; DataForSeoBot/1.0; +https://dataforseo.com/dataforseo-bot)"
136.243.220.209 - - [11/Apr/2024:03:56:19 +0300] "GET /magazin/samsung-xerox/zip_3/shesternya-teflonovogo-vala-hi-black-samsung-ml-1630-1910-2570-4725-4828-4824/ HTTP/1.0" 200 53564 "-" "Mozilla/5.0 (compatible; DataForSeoBot/1.0; +https://dataforseo.com/dataforseo-bot)"
136.243.220.209 - - [11/Apr/2024:03:56:28 +0300] "GET /magazin/samsung-xerox/zip_3/jc73-00018a-nasadka-rezinka-rolika-zakhvata-hi-black-dlya-samsung-ml-1210-1250-ph3110-3210-sf531p/ HTTP/1.0" 200 53662 "-" "Mozilla/5.0 (compatible; DataForSeoBot/1.0; +https://dataforseo.com/dataforseo-bot)"
123.186.72.179 - - [11/Apr/2024:03:56:31 +0300] "GET /wa-data/public/site/themes/ahead/assets/js/fontawesome.min.js?v2023.1.4.61 HTTP/1.1" 200 1143668 "-" "Go-http-client/1.1"
136.243.220.209 - - [11/Apr/2024:03:56:36 +0300] "GET /magazin/samsung-xerox/toner_3/ HTTP/1.0" 200 50634 "-" "Mozilla/5.0 (compatible; DataForSeoBot/1.0; +https://dataforseo.com/dataforseo-bot)"
136.243.220.209 - - [11/Apr/2024:03:56:46 +0300] "GET /magazin/pantum/toner_2/ HTTP/1.0" 200 51911 "-" "Mozilla/5.0 (compatible; DataForSeoBot/1.0; +https://dataforseo.com/dataforseo-bot)"
136.243.220.209 - - [11/Apr/2024:03:56:56 +0300] "GET /magazin/kyocera/apparaty_1/ HTTP/1.0" 200 51918 "-" "Mozilla/5.0 (compatible; DataForSeoBot/1.0; +https://dataforseo.com/dataforseo-bot)"
136.243.220.209 - - [11/Apr/2024:03:57:06 +0300] "GET /magazin/hp-canon/ HTTP/1.0" 200 56061 "-" "Mozilla/5.0 (compatible; DataForSeoBot/1.0; +https://dataforseo.com/dataforseo-bot)"
136.243.220.209 - - [11/Apr/2024:03:57:16 +0300] "GET /magazin/kyocera/kartridzhi_2/ HTTP/1.0" 200 52475 "-" "Mozilla/5.0 (compatible; DataForSeoBot/1.0; +https://dataforseo.com/dataforseo-bot)"
123.186.72.179 - - [11/Apr/2024:03:58:14 +0300] "GET /wa-data/public/site/themes/ahead/assets/js/fontawesome.min.js?v2023.1.4.61 HTTP/1.1" 200 1143668 "-" "Go-http-client/1.1"
123.186.72.179 - - [11/Apr/2024:03:58:59 +0300] "GET /wa-data/public/site/themes/ahead/assets/js/fontawesome.min.js?v2023.1.4.61 HTTP/1.1" 200 1143668 "-" "Go-http-client/1.1"
123.186.72.179 - - [11/Apr/2024:03:59:51 +0300] "GET /wa-data/public/site/themes/ahead/assets/js/fontawesome.min.js?v2023.1.4.61 HTTP/1.1" 200 1143668 "-" "Go-http-client/1.1"
216.244.66.233 - - [11/Apr/2024:04:00:41 +0300] "GET /robots.txt HTTP/1.0" 301 236 "-" "Mozilla/5.0 (compatible; DotBot/1.2; +https://opensiteexplorer.org/dotbot; help@moz.com)"
216.244.66.233 - - [11/Apr/2024:04:00:42 +0300] "GET /robots.txt HTTP/1.0" 301 237 "-" "Mozilla/5.0 (compatible; DotBot/1.2; +https://opensiteexplorer.org/dotbot; help@moz.com)"
216.244.66.233 - - [11/Apr/2024:04:00:42 +0300] "GET /robots.txt HTTP/1.0" 200 453 "-" "Mozilla/5.0 (compatible; DotBot/1.2; +https://opensiteexplorer.org/dotbot; help@moz.com)"
123.186.72.179 - - [11/Apr/2024:04:01:54 +0300] "GET /wa-data/public/site/themes/ahead/assets/js/fontawesome.min.js?v2023.1.4.61 HTTP/1.1" 200 1143668 "-" "Go-http-client/1.1"
123.186.72.179 - - [11/Apr/2024:04:02:30 +0300] "GET /wa-data/public/site/themes/ahead/assets/js/fontawesome.min.js?v2023.1.4.61 HTTP/1.1" 200 1143668 "-" "Go-http-client/1.1"
