54.38.85.37 - - [10/Apr/2024:07:55:36 +0300] "GET /prodazha/%D0%BC%D1%84%D1%83-bizhub-554e-detail?tmpl=component&print=1 HTTP/1.0" 301 398 "-" "Mozilla/5.0 (compatible; MJ12bot/v1.4.8; http://mj12bot.com/)"
123.186.72.179 - - [10/Apr/2024:07:55:46 +0300] "GET /magazin/sredstva-dlya-servisa/ HTTP/1.0" 200 205293 "-" "Go-http-client/1.1"
46.228.109.213 - - [10/Apr/2024:07:55:53 +0300] "GET /zayavka-na-remont/about:blank/ HTTP/1.0" 404 186546 "-" "Mozilla/5.0 (Windows NT 6.3; Win64; x64) AppleWebKit/537.36 (KHTML, like Gecko) Chrome/75.0.3770.100 Safari/537.36"
54.38.85.37 - - [10/Apr/2024:07:55:54 +0300] "GET /prodazha/%D0%BC%D1%84%D1%83-bizhub-554e-detail/ HTTP/1.0" 404 186549 "-" "Mozilla/5.0 (compatible; MJ12bot/v1.4.8; http://mj12bot.com/)"
123.186.72.179 - - [10/Apr/2024:07:56:02 +0300] "GET /konica-minolta/kopiry-i-mfu-cherno-belye-a4/ HTTP/1.0" 200 202304 "-" "Go-http-client/1.1"
54.38.85.37 - - [10/Apr/2024:07:56:11 +0300] "GET /prodazha/%D0%BC%D1%84%D1%83-bizhub-654e-detail?tmpl=component&print=1 HTTP/1.0" 301 296 "-" "Mozilla/5.0 (compatible; MJ12bot/v1.4.8; http://mj12bot.com/)"
54.38.85.37 - - [10/Apr/2024:07:56:22 +0300] "GET /prodazha/%D0%BC%D1%84%D1%83-bizhub-654e-detail?tmpl=component&print=1 HTTP/1.0" 301 398 "-" "Mozilla/5.0 (compatible; MJ12bot/v1.4.8; http://mj12bot.com/)"
123.186.72.179 - - [10/Apr/2024:07:56:26 +0300] "GET /wa-data/public/site/themes/ahead/assets/js/vendors.bundle.min.js?v2023.1.4.61 HTTP/1.1" 200 238640 "-" "Go-http-client/1.1"
123.186.72.179 - - [10/Apr/2024:07:56:31 +0300] "GET /kyocera/ HTTP/1.0" 200 195800 "-" "Go-http-client/1.1"
123.186.72.179 - - [10/Apr/2024:07:56:43 +0300] "GET /wa-data/public/site/themes/ahead/assets/js/site.theme.min.js?v2023.1.4.61 HTTP/1.1" 200 62409 "-" "Go-http-client/1.1"
54.38.85.37 - - [10/Apr/2024:07:56:43 +0300] "GET /prodazha/%D0%BC%D1%84%D1%83-bizhub-654e-detail/ HTTP/1.0" 404 186549 "-" "Mozilla/5.0 (compatible; MJ12bot/v1.4.8; http://mj12bot.com/)"
123.186.72.179 - - [10/Apr/2024:07:56:50 +0300] "GET /kyocera/lazernye-printery-cherno-belye-a3/ HTTP/1.0" 200 197562 "-" "Go-http-client/1.1"
54.38.85.37 - - [10/Apr/2024:07:56:58 +0300] "GET /prodazha/%D0%BC%D1%84%D1%83-bizhub-754e-detail?tmpl=component&print=1 HTTP/1.0" 301 296 "-" "Mozilla/5.0 (compatible; MJ12bot/v1.4.8; http://mj12bot.com/)"
54.38.85.37 - - [10/Apr/2024:07:57:12 +0300] "GET /prodazha/%D0%BC%D1%84%D1%83-bizhub-754e-detail?tmpl=component&print=1 HTTP/1.0" 301 398 "-" "Mozilla/5.0 (compatible; MJ12bot/v1.4.8; http://mj12bot.com/)"
123.186.72.179 - - [10/Apr/2024:07:57:17 +0300] "GET /magazin/pantum/kartridzhi_3/ HTTP/1.0" 200 199405 "-" "Go-http-client/1.1"
54.38.85.37 - - [10/Apr/2024:07:57:32 +0300] "GET /prodazha/%D0%BC%D1%84%D1%83-bizhub-754e-detail/ HTTP/1.0" 404 186549 "-" "Mozilla/5.0 (compatible; MJ12bot/v1.4.8; http://mj12bot.com/)"
123.186.72.179 - - [10/Apr/2024:07:57:46 +0300] "GET /kyocera/kopiry-i-mfu-tsvetnye-a3/ HTTP/1.0" 200 209400 "-" "Go-http-client/1.1"
54.38.85.37 - - [10/Apr/2024:07:57:48 +0300] "GET /prodazha/%D0%BC%D1%84%D1%83-bizhub-c224e-detail?tmpl=component&print=1 HTTP/1.0" 301 297 "-" "Mozilla/5.0 (compatible; MJ12bot/v1.4.8; http://mj12bot.com/)"
54.38.85.37 - - [10/Apr/2024:07:58:01 +0300] "GET /prodazha/%D0%BC%D1%84%D1%83-bizhub-c224e-detail?tmpl=component&print=1 HTTP/1.0" 301 400 "-" "Mozilla/5.0 (compatible; MJ12bot/v1.4.8; http://mj12bot.com/)"
54.38.85.37 - - [10/Apr/2024:07:58:15 +0300] "GET /prodazha/%D0%BC%D1%84%D1%83-bizhub-c224e-detail/ HTTP/1.0" 404 186550 "-" "Mozilla/5.0 (compatible; MJ12bot/v1.4.8; http://mj12bot.com/)"
123.186.72.179 - - [10/Apr/2024:07:58:16 +0300] "GET /kip/dopolnitelnoe-oborudovanie/ HTTP/1.0" 200 209090 "-" "Go-http-client/1.1"
54.38.85.37 - - [10/Apr/2024:07:58:24 +0300] "GET /prodazha/%D0%BC%D1%84%D1%83-bizhub-c25-detail?tmpl=component&print=1 HTTP/1.0" 301 295 "-" "Mozilla/5.0 (compatible; MJ12bot/v1.4.8; http://mj12bot.com/)"
123.186.72.179 - - [10/Apr/2024:07:58:32 +0300] "GET /zayavka-na-zapravku/ HTTP/1.0" 200 224213 "-" "Go-http-client/1.1"
54.38.85.37 - - [10/Apr/2024:07:58:37 +0300] "GET /prodazha/%D0%BC%D1%84%D1%83-bizhub-c25-detail?tmpl=component&print=1 HTTP/1.0" 301 396 "-" "Mozilla/5.0 (compatible; MJ12bot/v1.4.8; http://mj12bot.com/)"
123.186.72.179 - - [10/Apr/2024:07:58:46 +0300] "GET /wa-data/public/shop/themes/ahead/assets/img/icons/preloaders/blank.png HTTP/1.1" 200 89 "-" "Go-http-client/1.1"
123.186.72.179 - - [10/Apr/2024:07:58:47 +0300] "GET /magazin/kyocera/kartridzhi_2/ HTTP/1.0" 200 205880 "-" "Go-http-client/1.1"
54.38.85.37 - - [10/Apr/2024:07:58:48 +0300] "GET /prodazha/%D0%BC%D1%84%D1%83-bizhub-c25-detail/ HTTP/1.0" 404 186548 "-" "Mozilla/5.0 (compatible; MJ12bot/v1.4.8; http://mj12bot.com/)"
54.38.85.37 - - [10/Apr/2024:07:58:59 +0300] "GET /prodazha/%D0%BC%D1%84%D1%83-bizhub-c284e-detail?tmpl=component&print=1 HTTP/1.0" 301 297 "-" "Mozilla/5.0 (compatible; MJ12bot/v1.4.8; http://mj12bot.com/)"
123.186.72.179 - - [10/Apr/2024:07:59:01 +0300] "GET /o-kompanii/kontakty/ HTTP/1.0" 200 216113 "-" "Go-http-client/1.1"
54.38.85.37 - - [10/Apr/2024:07:59:09 +0300] "GET /prodazha/%D0%BC%D1%84%D1%83-bizhub-c284e-detail?tmpl=component&print=1 HTTP/1.0" 301 400 "-" "Mozilla/5.0 (compatible; MJ12bot/v1.4.8; http://mj12bot.com/)"
123.186.72.179 - - [10/Apr/2024:07:59:20 +0300] "GET /wa-data/public/shop/themes/ahead/assets/img/icons/preloaders/oval.svg HTTP/1.1" 200 717 "-" "Go-http-client/1.1"
123.186.72.179 - - [10/Apr/2024:07:59:20 +0300] "GET /konica-minolta/lazernye-printery-cherno-belye-a4/ HTTP/1.0" 200 197539 "-" "Go-http-client/1.1"
54.38.85.37 - - [10/Apr/2024:07:59:24 +0300] "GET /prodazha/%D0%BC%D1%84%D1%83-bizhub-c284e-detail/ HTTP/1.0" 404 186550 "-" "Mozilla/5.0 (compatible; MJ12bot/v1.4.8; http://mj12bot.com/)"
123.186.72.179 - - [10/Apr/2024:07:59:35 +0300] "GET /magazin/hp-canon/kartridzhi_1/ HTTP/1.0" 200 206043 "-" "Go-http-client/1.1"
54.38.85.37 - - [10/Apr/2024:07:59:35 +0300] "GET /prodazha/%D0%BC%D1%84%D1%83-bizhub-c364e-detail?tmpl=component&print=1 HTTP/1.0" 301 297 "-" "Mozilla/5.0 (compatible; MJ12bot/v1.4.8; http://mj12bot.com/)"
54.38.85.37 - - [10/Apr/2024:07:59:48 +0300] "GET /prodazha/%D0%BC%D1%84%D1%83-bizhub-c364e-detail?tmpl=component&print=1 HTTP/1.0" 301 400 "-" "Mozilla/5.0 (compatible; MJ12bot/v1.4.8; http://mj12bot.com/)"
123.186.72.179 - - [10/Apr/2024:07:59:51 +0300] "GET /kyocera/lazernye-printery-tsvetnye-a3/ HTTP/1.0" 200 195194 "-" "Go-http-client/1.1"
54.38.85.37 - - [10/Apr/2024:08:00:02 +0300] "GET /prodazha/%D0%BC%D1%84%D1%83-bizhub-c364e-detail/ HTTP/1.0" 404 186550 "-" "Mozilla/5.0 (compatible; MJ12bot/v1.4.8; http://mj12bot.com/)"
123.186.72.179 - - [10/Apr/2024:08:00:09 +0300] "GET /konica-minolta/kopiry-i-mfu-cherno-belye-a3/ HTTP/1.0" 200 234196 "-" "Go-http-client/1.1"
54.38.85.37 - - [10/Apr/2024:08:00:19 +0300] "GET /prodazha/%D0%BC%D1%84%D1%83-bizhub-c454e-detail?tmpl=component&print=1 HTTP/1.0" 301 297 "-" "Mozilla/5.0 (compatible; MJ12bot/v1.4.8; http://mj12bot.com/)"
123.186.72.179 - - [10/Apr/2024:08:00:29 +0300] "GET /yurlitsam/ HTTP/1.0" 200 221811 "-" "Go-http-client/1.1"
54.38.85.37 - - [10/Apr/2024:08:00:32 +0300] "GET /prodazha/%D0%BC%D1%84%D1%83-bizhub-c454e-detail?tmpl=component&print=1 HTTP/1.0" 301 400 "-" "Mozilla/5.0 (compatible; MJ12bot/v1.4.8; http://mj12bot.com/)"
54.38.85.37 - - [10/Apr/2024:08:00:41 +0300] "GET /prodazha/%D0%BC%D1%84%D1%83-bizhub-c454e-detail/ HTTP/1.0" 404 186550 "-" "Mozilla/5.0 (compatible; MJ12bot/v1.4.8; http://mj12bot.com/)"
123.186.72.179 - - [10/Apr/2024:08:00:48 +0300] "GET /wa-data/public/site/themes/ahead/assets/img/icons/preloaders/oval.svg HTTP/1.1" 200 717 "-" "Go-http-client/1.1"
123.186.72.179 - - [10/Apr/2024:08:00:49 +0300] "GET /wa-data/public/shop/themes/ahead/assets/js/shop.theme.min.js?v2023.1.4.61 HTTP/1.1" 200 55963 "-" "Go-http-client/1.1"
54.38.85.37 - - [10/Apr/2024:08:00:54 +0300] "GET /prodazha/%D0%BC%D1%84%D1%83-bizhub-c554e-detail?tmpl=component&print=1 HTTP/1.0" 301 297 "-" "Mozilla/5.0 (compatible; MJ12bot/v1.4.8; http://mj12bot.com/)"
123.186.72.179 - - [10/Apr/2024:08:00:56 +0300] "GET / HTTP/1.0" 200 209781 "-" "Go-http-client/1.1"
54.38.85.37 - - [10/Apr/2024:08:01:06 +0300] "GET /prodazha/%D0%BC%D1%84%D1%83-bizhub-c554e-detail?tmpl=component&print=1 HTTP/1.0" 301 400 "-" "Mozilla/5.0 (compatible; MJ12bot/v1.4.8; http://mj12bot.com/)"
54.38.85.37 - - [10/Apr/2024:08:01:21 +0300] "GET /prodazha/%D0%BC%D1%84%D1%83-bizhub-c554e-detail/ HTTP/1.0" 404 186550 "-" "Mozilla/5.0 (compatible; MJ12bot/v1.4.8; http://mj12bot.com/)"
95.163.255.236 - - [10/Apr/2024:08:01:27 +0300] "GET /prodazha/product/view/4/161 HTTP/1.0" 301 254 "-" "Mozilla/5.0 (compatible; Linux x86_64; Mail.RU_Bot/2.0; +https://help.mail.ru/webmaster/indexing/robots)"
123.186.72.179 - - [10/Apr/2024:08:01:28 +0300] "GET /kip/skanery/ HTTP/1.0" 200 196394 "-" "Go-http-client/1.1"
95.163.255.17 - - [10/Apr/2024:08:01:32 +0300] "GET /prodazha/product/view/4/161 HTTP/1.0" 301 323 "http://xn--d1aifpbankex.xn--p1ai/prodazha/product/view/4/161" "Mozilla/5.0 (compatible; Linux x86_64; Mail.RU_Bot/2.0; +https://help.mail.ru/webmaster/indexing/robots)"
54.38.85.37 - - [10/Apr/2024:08:01:34 +0300] "GET /prodazha/%D0%BC%D1%84%D1%83-bizhub-c654e-detail?tmpl=component&print=1 HTTP/1.0" 301 297 "-" "Mozilla/5.0 (compatible; MJ12bot/v1.4.8; http://mj12bot.com/)"
95.163.255.221 - - [10/Apr/2024:08:01:41 +0300] "GET /prodazha/product/view/4/161/ HTTP/1.0" 404 186524 "https://xn--d1aifpbankex.xn--p1ai/prodazha/product/view/4/161" "Mozilla/5.0 (compatible; Linux x86_64; Mail.RU_Bot/2.0; +https://help.mail.ru/webmaster/indexing/robots)"
123.186.72.179 - - [10/Apr/2024:08:01:44 +0300] "GET /konica-minolta/kopiry-i-mfu-tsvetnye-a4/ HTTP/1.0" 200 199816 "-" "Go-http-client/1.1"
54.38.85.37 - - [10/Apr/2024:08:01:47 +0300] "GET /prodazha/%D0%BC%D1%84%D1%83-bizhub-c654e-detail?tmpl=component&print=1 HTTP/1.0" 301 400 "-" "Mozilla/5.0 (compatible; MJ12bot/v1.4.8; http://mj12bot.com/)"
123.186.72.179 - - [10/Apr/2024:08:01:57 +0300] "GET /wa-data/public/site/themes/ahead/assets/js/plugins.theme.min.js?v2023.1.4.61 HTTP/1.1" 200 10321 "-" "Go-http-client/1.1"
123.186.72.179 - - [10/Apr/2024:08:01:58 +0300] "GET /kyocera/lazernye-printery-cherno-belye-a4/ HTTP/1.0" 200 216759 "-" "Go-http-client/1.1"
54.38.85.37 - - [10/Apr/2024:08:01:59 +0300] "GET /prodazha/%D0%BC%D1%84%D1%83-bizhub-c654e-detail/ HTTP/1.0" 404 186550 "-" "Mozilla/5.0 (compatible; MJ12bot/v1.4.8; http://mj12bot.com/)"
54.38.85.37 - - [10/Apr/2024:08:02:14 +0300] "GET /prodazha/%D0%BC%D1%84%D1%83-bizhub-c754e-detail?tmpl=component&print=1 HTTP/1.0" 301 297 "-" "Mozilla/5.0 (compatible; MJ12bot/v1.4.8; http://mj12bot.com/)"
123.186.72.179 - - [10/Apr/2024:08:02:17 +0300] "GET /magazin/brother/kartridzhi/ HTTP/1.0" 200 197925 "-" "Go-http-client/1.1"
54.38.85.37 - - [10/Apr/2024:08:02:27 +0300] "GET /prodazha/%D0%BC%D1%84%D1%83-bizhub-c754e-detail?tmpl=component&print=1 HTTP/1.0" 301 400 "-" "Mozilla/5.0 (compatible; MJ12bot/v1.4.8; http://mj12bot.com/)"
123.186.72.179 - - [10/Apr/2024:08:02:35 +0300] "GET /magazin/chip/ HTTP/1.0" 200 209864 "-" "Go-http-client/1.1"
54.38.85.37 - - [10/Apr/2024:08:02:37 +0300] "GET /prodazha/%D0%BC%D1%84%D1%83-bizhub-c754e-detail/ HTTP/1.0" 404 186550 "-" "Mozilla/5.0 (compatible; MJ12bot/v1.4.8; http://mj12bot.com/)"
54.38.85.37 - - [10/Apr/2024:08:02:47 +0300] "GET /prodazha/%D0%BC%D1%84%D1%83-konica-minolta-c3350-detail?tmpl=component&print=1 HTTP/1.0" 301 305 "-" "Mozilla/5.0 (compatible; MJ12bot/v1.4.8; http://mj12bot.com/)"
54.38.85.37 - - [10/Apr/2024:08:03:00 +0300] "GET /prodazha/%D0%BC%D1%84%D1%83-konica-minolta-c3350-detail?tmpl=component&print=1 HTTP/1.0" 301 416 "-" "Mozilla/5.0 (compatible; MJ12bot/v1.4.8; http://mj12bot.com/)"
123.186.72.179 - - [10/Apr/2024:08:03:01 +0300] "GET /servis/ HTTP/1.0" 200 227816 "-" "Go-http-client/1.1"
54.38.85.37 - - [10/Apr/2024:08:03:12 +0300] "GET /prodazha/%D0%BC%D1%84%D1%83-konica-minolta-c3350-detail/ HTTP/1.0" 404 186558 "-" "Mozilla/5.0 (compatible; MJ12bot/v1.4.8; http://mj12bot.com/)"
54.38.85.37 - - [10/Apr/2024:08:03:24 +0300] "GET /prodazha/%D0%BC%D1%84%D1%83-konica-minolta-c3850-detail?tmpl=component&print=1 HTTP/1.0" 301 305 "-" "Mozilla/5.0 (compatible; MJ12bot/v1.4.8; http://mj12bot.com/)"
54.38.85.37 - - [10/Apr/2024:08:03:34 +0300] "GET /prodazha/%D0%BC%D1%84%D1%83-konica-minolta-c3850-detail?tmpl=component&print=1 HTTP/1.0" 301 416 "-" "Mozilla/5.0 (compatible; MJ12bot/v1.4.8; http://mj12bot.com/)"
123.186.72.179 - - [10/Apr/2024:08:03:34 +0300] "GET /magazin/brother/ HTTP/1.0" 200 198153 "-" "Go-http-client/1.1"
54.38.85.37 - - [10/Apr/2024:08:03:46 +0300] "GET /prodazha/%D0%BC%D1%84%D1%83-konica-minolta-c3850-detail/ HTTP/1.0" 404 186558 "-" "Mozilla/5.0 (compatible; MJ12bot/v1.4.8; http://mj12bot.com/)"
123.186.72.179 - - [10/Apr/2024:08:03:55 +0300] "GET /magazin/hp-canon/ HTTP/1.0" 200 267371 "-" "Go-http-client/1.1"
54.38.85.37 - - [10/Apr/2024:08:03:57 +0300] "GET /robots.txt HTTP/1.0" 301 236 "-" "Mozilla/5.0 (compatible; MJ12bot/v1.4.8; http://mj12bot.com/)"
54.38.85.37 - - [10/Apr/2024:08:03:59 +0300] "GET /robots.txt HTTP/1.0" 301 237 "-" "Mozilla/5.0 (compatible; MJ12bot/v1.4.8; http://mj12bot.com/)"
54.38.85.37 - - [10/Apr/2024:08:04:06 +0300] "GET /robots.txt HTTP/1.0" 200 453 "-" "Mozilla/5.0 (compatible; MJ12bot/v1.4.8; http://mj12bot.com/)"
123.186.72.179 - - [10/Apr/2024:08:04:12 +0300] "GET /magazin/kyocera/ HTTP/1.0" 200 252758 "-" "Go-http-client/1.1"
54.38.85.37 - - [10/Apr/2024:08:04:15 +0300] "GET /prodazha/kip/dirDesc?error=404 HTTP/1.0" 301 256 "-" "Mozilla/5.0 (compatible; MJ12bot/v1.4.8; http://mj12bot.com/)"
54.38.85.37 - - [10/Apr/2024:08:04:23 +0300] "GET /prodazha/kip/dirDesc?error=404 HTTP/1.0" 301 257 "-" "Mozilla/5.0 (compatible; MJ12bot/v1.4.8; http://mj12bot.com/)"
123.186.72.179 - - [10/Apr/2024:08:04:27 +0300] "GET /magazin/kyocera/toner_1/ HTTP/1.0" 200 195858 "-" "Go-http-client/1.1"
54.38.85.37 - - [10/Apr/2024:08:04:31 +0300] "GET /prodazha/kip/dirDesc?error=404 HTTP/1.0" 301 319 "-" "Mozilla/5.0 (compatible; MJ12bot/v1.4.8; http://mj12bot.com/)"
54.38.85.37 - - [10/Apr/2024:08:04:39 +0300] "GET /prodazha/kip/dirDesc/ HTTP/1.0" 404 186535 "-" "Mozilla/5.0 (compatible; MJ12bot/v1.4.8; http://mj12bot.com/)"
123.186.72.179 - - [10/Apr/2024:08:04:40 +0300] "GET /magazin/kyocera/apparaty_1/ HTTP/1.0" 200 197708 "-" "Go-http-client/1.1"
54.38.85.37 - - [10/Apr/2024:08:04:51 +0300] "GET /prodazha/kip/%D0%B4%D0%BE%D0%BF%D0%BE%D0%BB%D0%BD%D0%B8%D1%82%D0%B5%D0%BB%D1%8C%D0%BD%D0%BE%D0%B5-%D0%BE%D0%B1%D0%BE%D1%80%D1%83%D0%B4%D0%BE%D0%B2%D0%B0%D0%BD%D0%B8%D0%B5 HTTP/1.0" 301 396 "-" "Mozilla/5.0 (compatible; MJ12bot/v1.4.8; http://mj12bot.com/)"
54.38.85.37 - - [10/Apr/2024:08:05:04 +0300] "GET /prodazha/kip/%D0%B4%D0%BE%D0%BF%D0%BE%D0%BB%D0%BD%D0%B8%D1%82%D0%B5%D0%BB%D1%8C%D0%BD%D0%BE%D0%B5-%D0%BE%D0%B1%D0%BE%D1%80%D1%83%D0%B4%D0%BE%D0%B2%D0%B0%D0%BD%D0%B8%D0%B5 HTTP/1.0" 301 397 "-" "Mozilla/5.0 (compatible; MJ12bot/v1.4.8; http://mj12bot.com/)"
123.186.72.179 - - [10/Apr/2024:08:05:07 +0300] "GET /kyocera/kopiry-i-mfu-cherno-belye-a4/ HTTP/1.0" 200 235496 "-" "Go-http-client/1.1"
54.38.85.37 - - [10/Apr/2024:08:05:13 +0300] "GET /prodazha/kip/%D0%B4%D0%BE%D0%BF%D0%BE%D0%BB%D0%BD%D0%B8%D1%82%D0%B5%D0%BB%D1%8C%D0%BD%D0%BE%D0%B5-%D0%BE%D0%B1%D0%BE%D1%80%D1%83%D0%B4%D0%BE%D0%B2%D0%B0%D0%BD%D0%B8%D0%B5 HTTP/1.0" 301 709 "-" "Mozilla/5.0 (compatible; MJ12bot/v1.4.8; http://mj12bot.com/)"
54.38.85.37 - - [10/Apr/2024:08:05:23 +0300] "GET /prodazha/kip/%D0%B4%D0%BE%D0%BF%D0%BE%D0%BB%D0%BD%D0%B8%D1%82%D0%B5%D0%BB%D1%8C%D0%BD%D0%BE%D0%B5-%D0%BE%D0%B1%D0%BE%D1%80%D1%83%D0%B4%D0%BE%D0%B2%D0%B0%D0%BD%D0%B8%D0%B5/ HTTP/1.0" 404 186789 "-" "Mozilla/5.0 (compatible; MJ12bot/v1.4.8; http://mj12bot.com/)"
54.38.85.37 - - [10/Apr/2024:08:05:36 +0300] "GET /prodazha/kip/%D0%B4%D0%BE%D0%BF%D0%BE%D0%BB%D0%BD%D0%B8%D1%82%D0%B5%D0%BB%D1%8C%D0%BD%D0%BE%D0%B5-%D0%BE%D0%B1%D0%BE%D1%80%D1%83%D0%B4%D0%BE%D0%B2%D0%B0%D0%BD%D0%B8%D0%B5/dirDesc HTTP/1.0" 301 404 "-" "Mozilla/5.0 (compatible; MJ12bot/v1.4.8; http://mj12bot.com/)"
54.38.85.37 - - [10/Apr/2024:08:05:45 +0300] "GET /prodazha/kip/%D0%B4%D0%BE%D0%BF%D0%BE%D0%BB%D0%BD%D0%B8%D1%82%D0%B5%D0%BB%D1%8C%D0%BD%D0%BE%D0%B5-%D0%BE%D0%B1%D0%BE%D1%80%D1%83%D0%B4%D0%BE%D0%B2%D0%B0%D0%BD%D0%B8%D0%B5/dirDesc HTTP/1.0" 301 405 "-" "Mozilla/5.0 (compatible; MJ12bot/v1.4.8; http://mj12bot.com/)"
123.186.72.179 - - [10/Apr/2024:08:05:54 +0300] "GET /wa-data/public/site/themes/ahead/assets/css/theme.min.css?v2023.1.4.61 HTTP/1.1" 200 490832 "-" "Go-http-client/1.1"
54.38.85.37 - - [10/Apr/2024:08:05:56 +0300] "GET /prodazha/kip/%D0%B4%D0%BE%D0%BF%D0%BE%D0%BB%D0%BD%D0%B8%D1%82%D0%B5%D0%BB%D1%8C%D0%BD%D0%BE%D0%B5-%D0%BE%D0%B1%D0%BE%D1%80%D1%83%D0%B4%D0%BE%D0%B2%D0%B0%D0%BD%D0%B8%D0%B5/dirDesc HTTP/1.0" 301 727 "-" "Mozilla/5.0 (compatible; MJ12bot/v1.4.8; http://mj12bot.com/)"
123.186.72.179 - - [10/Apr/2024:08:05:58 +0300] "GET /kyocera/kopiry-i-mfu-tsvetnye-a4/ HTTP/1.0" 200 218743 "-" "Go-http-client/1.1"
54.38.85.37 - - [10/Apr/2024:08:06:06 +0300] "GET /prodazha/kip/%D0%B4%D0%BE%D0%BF%D0%BE%D0%BB%D0%BD%D0%B8%D1%82%D0%B5%D0%BB%D1%8C%D0%BD%D0%BE%D0%B5-%D0%BE%D0%B1%D0%BE%D1%80%D1%83%D0%B4%D0%BE%D0%B2%D0%B0%D0%BD%D0%B8%D0%B5/dirDesc/ HTTP/1.0" 404 186799 "-" "Mozilla/5.0 (compatible; MJ12bot/v1.4.8; http://mj12bot.com/)"
123.186.72.179 - - [10/Apr/2024:08:06:11 +0300] "GET /order/ HTTP/1.0" 302 356 "-" "Go-http-client/1.1"
123.186.72.179 - - [10/Apr/2024:08:06:12 +0300] "GET /cartlock HTTP/1.0" 301 277 "https://xn--d1aifpbankex.xn--p1ai/order/" "Go-http-client/1.1"
123.186.72.179 - - [10/Apr/2024:08:06:12 +0300] "GET /cartlock/ HTTP/1.0" 200 216228 "https://xn--d1aifpbankex.xn--p1ai/cartlock" "Go-http-client/1.1"
54.38.85.37 - - [10/Apr/2024:08:06:19 +0300] "GET /prodazha/kip/%D0%B4%D0%BE%D0%BF%D0%BE%D0%BB%D0%BD%D0%B8%D1%82%D0%B5%D0%BB%D1%8C%D0%BD%D0%BE%D0%B5-%D0%BE%D0%B1%D0%BE%D1%80%D1%83%D0%B4%D0%BE%D0%B2%D0%B0%D0%BD%D0%B8%D0%B5/es-te-2300-detail HTTP/1.0" 301 414 "-" "Mozilla/5.0 (compatible; MJ12bot/v1.4.8; http://mj12bot.com/)"
123.186.72.179 - - [10/Apr/2024:08:06:28 +0300] "GET /konica-minolta/ HTTP/1.0" 200 194054 "-" "Go-http-client/1.1"
54.38.85.37 - - [10/Apr/2024:08:06:29 +0300] "GET /prodazha/kip/%D0%B4%D0%BE%D0%BF%D0%BE%D0%BB%D0%BD%D0%B8%D1%82%D0%B5%D0%BB%D1%8C%D0%BD%D0%BE%D0%B5-%D0%BE%D0%B1%D0%BE%D1%80%D1%83%D0%B4%D0%BE%D0%B2%D0%B0%D0%BD%D0%B8%D0%B5/es-te-2300-detail HTTP/1.0" 301 415 "-" "Mozilla/5.0 (compatible; MJ12bot/v1.4.8; http://mj12bot.com/)"
123.186.72.179 - - [10/Apr/2024:08:06:40 +0300] "GET /magazin/hp-canon/toner/ HTTP/1.0" 200 205391 "-" "Go-http-client/1.1"
54.38.85.37 - - [10/Apr/2024:08:06:41 +0300] "GET /prodazha/kip/%D0%B4%D0%BE%D0%BF%D0%BE%D0%BB%D0%BD%D0%B8%D1%82%D0%B5%D0%BB%D1%8C%D0%BD%D0%BE%D0%B5-%D0%BE%D0%B1%D0%BE%D1%80%D1%83%D0%B4%D0%BE%D0%B2%D0%B0%D0%BD%D0%B8%D0%B5/es-te-2300-detail HTTP/1.0" 301 747 "-" "Mozilla/5.0 (compatible; MJ12bot/v1.4.8; http://mj12bot.com/)"
54.38.85.37 - - [10/Apr/2024:08:06:51 +0300] "GET /prodazha/kip/%D0%B4%D0%BE%D0%BF%D0%BE%D0%BB%D0%BD%D0%B8%D1%82%D0%B5%D0%BB%D1%8C%D0%BD%D0%BE%D0%B5-%D0%BE%D0%B1%D0%BE%D1%80%D1%83%D0%B4%D0%BE%D0%B2%D0%B0%D0%BD%D0%B8%D0%B5/es-te-2300-detail/ HTTP/1.0" 404 186809 "-" "Mozilla/5.0 (compatible; MJ12bot/v1.4.8; http://mj12bot.com/)"
123.186.72.179 - - [10/Apr/2024:08:06:54 +0300] "GET /magazin/hp-canon/apparaty/ HTTP/1.0" 200 195410 "-" "Go-http-client/1.1"
54.38.85.37 - - [10/Apr/2024:08:07:05 +0300] "GET /prodazha/kip/%D0%B4%D0%BE%D0%BF%D0%BE%D0%BB%D0%BD%D0%B8%D1%82%D0%B5%D0%BB%D1%8C%D0%BD%D0%BE%D0%B5-%D0%BE%D0%B1%D0%BE%D1%80%D1%83%D0%B4%D0%BE%D0%B2%D0%B0%D0%BD%D0%B8%D0%B5/es-te-2300-detail/askquestion?tmpl=component HTTP/1.0" 301 441 "-" "Mozilla/5.0 (compatible; MJ12bot/v1.4.8; http://mj12bot.com/)"
123.186.72.179 - - [10/Apr/2024:08:07:10 +0300] "GET /magazin/pantum/ HTTP/1.0" 200 212132 "-" "Go-http-client/1.1"
54.38.85.37 - - [10/Apr/2024:08:07:13 +0300] "GET /prodazha/kip/%D0%B4%D0%BE%D0%BF%D0%BE%D0%BB%D0%BD%D0%B8%D1%82%D0%B5%D0%BB%D1%8C%D0%BD%D0%BE%D0%B5-%D0%BE%D0%B1%D0%BE%D1%80%D1%83%D0%B4%D0%BE%D0%B2%D0%B0%D0%BD%D0%B8%D0%B5/es-te-2300-detail/askquestion?tmpl=component HTTP/1.0" 301 442 "-" "Mozilla/5.0 (compatible; MJ12bot/v1.4.8; http://mj12bot.com/)"
123.186.72.179 - - [10/Apr/2024:08:07:20 +0300] "GET /magazin/pantum/zip_2/ HTTP/1.0" 200 195861 "-" "Go-http-client/1.1"
54.38.85.37 - - [10/Apr/2024:08:07:24 +0300] "GET /prodazha/kip/%D0%B4%D0%BE%D0%BF%D0%BE%D0%BB%D0%BD%D0%B8%D1%82%D0%B5%D0%BB%D1%8C%D0%BD%D0%BE%D0%B5-%D0%BE%D0%B1%D0%BE%D1%80%D1%83%D0%B4%D0%BE%D0%B2%D0%B0%D0%BD%D0%B8%D0%B5/es-te-2300-detail/askquestion?tmpl=component HTTP/1.0" 301 792 "-" "Mozilla/5.0 (compatible; MJ12bot/v1.4.8; http://mj12bot.com/)"
123.186.72.179 - - [10/Apr/2024:08:07:33 +0300] "GET /kyocera/kopiry-i-mfu-cherno-belye-a3/ HTTP/1.0" 200 214841 "-" "Go-http-client/1.1"
54.38.85.37 - - [10/Apr/2024:08:07:35 +0300] "GET /prodazha/kip/%D0%B4%D0%BE%D0%BF%D0%BE%D0%BB%D0%BD%D0%B8%D1%82%D0%B5%D0%BB%D1%8C%D0%BD%D0%BE%D0%B5-%D0%BE%D0%B1%D0%BE%D1%80%D1%83%D0%B4%D0%BE%D0%B2%D0%B0%D0%BD%D0%B8%D0%B5/es-te-2300-detail/askquestion/ HTTP/1.0" 404 186823 "-" "Mozilla/5.0 (compatible; MJ12bot/v1.4.8; http://mj12bot.com/)"
123.186.72.179 - - [10/Apr/2024:08:07:42 +0300] "GET /shop/ HTTP/1.0" 200 216751 "-" "Go-http-client/1.1"
54.38.85.37 - - [10/Apr/2024:08:07:46 +0300] "GET /prodazha/kip/%D0%B4%D0%BE%D0%BF%D0%BE%D0%BB%D0%BD%D0%B8%D1%82%D0%B5%D0%BB%D1%8C%D0%BD%D0%BE%D0%B5-%D0%BE%D0%B1%D0%BE%D1%80%D1%83%D0%B4%D0%BE%D0%B2%D0%B0%D0%BD%D0%B8%D0%B5/es-te-2400-detail HTTP/1.0" 301 414 "-" "Mozilla/5.0 (compatible; MJ12bot/v1.4.8; http://mj12bot.com/)"
123.186.72.179 - - [10/Apr/2024:08:07:56 +0300] "GET /magazin/ HTTP/1.0" 200 302731 "-" "Go-http-client/1.1"
54.38.85.37 - - [10/Apr/2024:08:07:58 +0300] "GET /prodazha/kip/%D0%B4%D0%BE%D0%BF%D0%BE%D0%BB%D0%BD%D0%B8%D1%82%D0%B5%D0%BB%D1%8C%D0%BD%D0%BE%D0%B5-%D0%BE%D0%B1%D0%BE%D1%80%D1%83%D0%B4%D0%BE%D0%B2%D0%B0%D0%BD%D0%B8%D0%B5/es-te-2400-detail HTTP/1.0" 301 415 "-" "Mozilla/5.0 (compatible; MJ12bot/v1.4.8; http://mj12bot.com/)"
54.38.85.37 - - [10/Apr/2024:08:08:09 +0300] "GET /prodazha/kip/%D0%B4%D0%BE%D0%BF%D0%BE%D0%BB%D0%BD%D0%B8%D1%82%D0%B5%D0%BB%D1%8C%D0%BD%D0%BE%D0%B5-%D0%BE%D0%B1%D0%BE%D1%80%D1%83%D0%B4%D0%BE%D0%B2%D0%B0%D0%BD%D0%B8%D0%B5/es-te-2400-detail HTTP/1.0" 301 747 "-" "Mozilla/5.0 (compatible; MJ12bot/v1.4.8; http://mj12bot.com/)"
123.186.72.179 - - [10/Apr/2024:08:08:17 +0300] "GET /kyocera/lazernye-printery-tsvetnye-a4/ HTTP/1.0" 200 209481 "-" "Go-http-client/1.1"
54.38.85.37 - - [10/Apr/2024:08:08:21 +0300] "GET /prodazha/kip/%D0%B4%D0%BE%D0%BF%D0%BE%D0%BB%D0%BD%D0%B8%D1%82%D0%B5%D0%BB%D1%8C%D0%BD%D0%BE%D0%B5-%D0%BE%D0%B1%D0%BE%D1%80%D1%83%D0%B4%D0%BE%D0%B2%D0%B0%D0%BD%D0%B8%D0%B5/es-te-2400-detail/ HTTP/1.0" 404 186809 "-" "Mozilla/5.0 (compatible; MJ12bot/v1.4.8; http://mj12bot.com/)"
54.38.85.37 - - [10/Apr/2024:08:08:32 +0300] "GET /prodazha/kip/%D0%B4%D0%BE%D0%BF%D0%BE%D0%BB%D0%BD%D0%B8%D1%82%D0%B5%D0%BB%D1%8C%D0%BD%D0%BE%D0%B5-%D0%BE%D0%B1%D0%BE%D1%80%D1%83%D0%B4%D0%BE%D0%B2%D0%B0%D0%BD%D0%B8%D0%B5/es-te-2400-detail/askquestion?tmpl=component HTTP/1.0" 301 441 "-" "Mozilla/5.0 (compatible; MJ12bot/v1.4.8; http://mj12bot.com/)"
123.186.72.179 - - [10/Apr/2024:08:08:33 +0300] "GET /konica-minolta/lazernye-printery-tsvetnye-a4/ HTTP/1.0" 200 197481 "-" "Go-http-client/1.1"
54.38.85.37 - - [10/Apr/2024:08:08:43 +0300] "GET /prodazha/kip/%D0%B4%D0%BE%D0%BF%D0%BE%D0%BB%D0%BD%D0%B8%D1%82%D0%B5%D0%BB%D1%8C%D0%BD%D0%BE%D0%B5-%D0%BE%D0%B1%D0%BE%D1%80%D1%83%D0%B4%D0%BE%D0%B2%D0%B0%D0%BD%D0%B8%D0%B5/es-te-2400-detail/askquestion?tmpl=component HTTP/1.0" 301 442 "-" "Mozilla/5.0 (compatible; MJ12bot/v1.4.8; http://mj12bot.com/)"
123.186.72.179 - - [10/Apr/2024:08:08:45 +0300] "GET /o-kompanii/ HTTP/1.0" 200 220602 "-" "Go-http-client/1.1"
54.38.85.37 - - [10/Apr/2024:08:08:52 +0300] "GET /prodazha/kip/%D0%B4%D0%BE%D0%BF%D0%BE%D0%BB%D0%BD%D0%B8%D1%82%D0%B5%D0%BB%D1%8C%D0%BD%D0%BE%D0%B5-%D0%BE%D0%B1%D0%BE%D1%80%D1%83%D0%B4%D0%BE%D0%B2%D0%B0%D0%BD%D0%B8%D0%B5/es-te-2400-detail/askquestion?tmpl=component HTTP/1.0" 301 792 "-" "Mozilla/5.0 (compatible; MJ12bot/v1.4.8; http://mj12bot.com/)"
54.38.85.37 - - [10/Apr/2024:08:09:00 +0300] "GET /prodazha/kip/%D0%B4%D0%BE%D0%BF%D0%BE%D0%BB%D0%BD%D0%B8%D1%82%D0%B5%D0%BB%D1%8C%D0%BD%D0%BE%D0%B5-%D0%BE%D0%B1%D0%BE%D1%80%D1%83%D0%B4%D0%BE%D0%B2%D0%B0%D0%BD%D0%B8%D0%B5/es-te-2400-detail/askquestion/ HTTP/1.0" 404 186823 "-" "Mozilla/5.0 (compatible; MJ12bot/v1.4.8; http://mj12bot.com/)"
123.186.72.179 - - [10/Apr/2024:08:09:02 +0300] "GET /o-kompanii/nasha-komanda/ HTTP/1.0" 200 217853 "-" "Go-http-client/1.1"
54.38.85.37 - - [10/Apr/2024:08:09:12 +0300] "GET /prodazha/kip/%D0%B4%D0%BE%D0%BF%D0%BE%D0%BB%D0%BD%D0%B8%D1%82%D0%B5%D0%BB%D1%8C%D0%BD%D0%BE%D0%B5-%D0%BE%D0%B1%D0%BE%D1%80%D1%83%D0%B4%D0%BE%D0%B2%D0%B0%D0%BD%D0%B8%D0%B5/es-te-4210-detail HTTP/1.0" 301 414 "-" "Mozilla/5.0 (compatible; MJ12bot/v1.4.8; http://mj12bot.com/)"
123.186.72.179 - - [10/Apr/2024:08:09:14 +0300] "GET /magazin/pantum/apparaty_2/ HTTP/1.0" 200 197706 "-" "Go-http-client/1.1"
54.38.85.37 - - [10/Apr/2024:08:09:20 +0300] "GET /prodazha/kip/%D0%B4%D0%BE%D0%BF%D0%BE%D0%BB%D0%BD%D0%B8%D1%82%D0%B5%D0%BB%D1%8C%D0%BD%D0%BE%D0%B5-%D0%BE%D0%B1%D0%BE%D1%80%D1%83%D0%B4%D0%BE%D0%B2%D0%B0%D0%BD%D0%B8%D0%B5/es-te-4210-detail HTTP/1.0" 301 415 "-" "Mozilla/5.0 (compatible; MJ12bot/v1.4.8; http://mj12bot.com/)"
123.186.72.179 - - [10/Apr/2024:08:09:28 +0300] "GET /magazin/samsung-xerox/kartridzhi_4/ HTTP/1.0" 200 198583 "-" "Go-http-client/1.1"
54.38.85.37 - - [10/Apr/2024:08:09:33 +0300] "GET /prodazha/kip/%D0%B4%D0%BE%D0%BF%D0%BE%D0%BB%D0%BD%D0%B8%D1%82%D0%B5%D0%BB%D1%8C%D0%BD%D0%BE%D0%B5-%D0%BE%D0%B1%D0%BE%D1%80%D1%83%D0%B4%D0%BE%D0%B2%D0%B0%D0%BD%D0%B8%D0%B5/es-te-4210-detail HTTP/1.0" 301 747 "-" "Mozilla/5.0 (compatible; MJ12bot/v1.4.8; http://mj12bot.com/)"
54.38.85.37 - - [10/Apr/2024:08:09:42 +0300] "GET /prodazha/kip/%D0%B4%D0%BE%D0%BF%D0%BE%D0%BB%D0%BD%D0%B8%D1%82%D0%B5%D0%BB%D1%8C%D0%BD%D0%BE%D0%B5-%D0%BE%D0%B1%D0%BE%D1%80%D1%83%D0%B4%D0%BE%D0%B2%D0%B0%D0%BD%D0%B8%D0%B5/es-te-4210-detail/ HTTP/1.0" 404 186809 "-" "Mozilla/5.0 (compatible; MJ12bot/v1.4.8; http://mj12bot.com/)"
54.38.85.37 - - [10/Apr/2024:08:09:54 +0300] "GET /prodazha/kip/%D0%B4%D0%BE%D0%BF%D0%BE%D0%BB%D0%BD%D0%B8%D1%82%D0%B5%D0%BB%D1%8C%D0%BD%D0%BE%D0%B5-%D0%BE%D0%B1%D0%BE%D1%80%D1%83%D0%B4%D0%BE%D0%B2%D0%B0%D0%BD%D0%B8%D0%B5/es-te-4210-detail/askquestion?tmpl=component HTTP/1.0" 301 441 "-" "Mozilla/5.0 (compatible; MJ12bot/v1.4.8; http://mj12bot.com/)"
54.38.85.37 - - [10/Apr/2024:08:10:04 +0300] "GET /prodazha/kip/%D0%B4%D0%BE%D0%BF%D0%BE%D0%BB%D0%BD%D0%B8%D1%82%D0%B5%D0%BB%D1%8C%D0%BD%D0%BE%D0%B5-%D0%BE%D0%B1%D0%BE%D1%80%D1%83%D0%B4%D0%BE%D0%B2%D0%B0%D0%BD%D0%B8%D0%B5/es-te-4210-detail/askquestion?tmpl=component HTTP/1.0" 301 442 "-" "Mozilla/5.0 (compatible; MJ12bot/v1.4.8; http://mj12bot.com/)"
123.186.72.179 - - [10/Apr/2024:08:10:06 +0300] "GET /wa-data/public/site/themes/ahead/assets/css/vendors.bundle.min.css?v2023.1.4.61 HTTP/1.1" 200 120914 "-" "Go-http-client/1.1"
54.38.85.37 - - [10/Apr/2024:08:10:14 +0300] "GET /prodazha/kip/%D0%B4%D0%BE%D0%BF%D0%BE%D0%BB%D0%BD%D0%B8%D1%82%D0%B5%D0%BB%D1%8C%D0%BD%D0%BE%D0%B5-%D0%BE%D0%B1%D0%BE%D1%80%D1%83%D0%B4%D0%BE%D0%B2%D0%B0%D0%BD%D0%B8%D0%B5/es-te-4210-detail/askquestion?tmpl=component HTTP/1.0" 301 792 "-" "Mozilla/5.0 (compatible; MJ12bot/v1.4.8; http://mj12bot.com/)"
54.38.85.37 - - [10/Apr/2024:08:10:24 +0300] "GET /prodazha/kip/%D0%B4%D0%BE%D0%BF%D0%BE%D0%BB%D0%BD%D0%B8%D1%82%D0%B5%D0%BB%D1%8C%D0%BD%D0%BE%D0%B5-%D0%BE%D0%B1%D0%BE%D1%80%D1%83%D0%B4%D0%BE%D0%B2%D0%B0%D0%BD%D0%B8%D0%B5/es-te-4210-detail/askquestion/ HTTP/1.0" 404 186823 "-" "Mozilla/5.0 (compatible; MJ12bot/v1.4.8; http://mj12bot.com/)"
123.186.72.179 - - [10/Apr/2024:08:10:27 +0300] "GET /magazin/samsung-xerox/ HTTP/1.0" 200 223624 "-" "Go-http-client/1.1"
54.38.85.37 - - [10/Apr/2024:08:10:36 +0300] "GET /prodazha/kip/%D0%B4%D0%BE%D0%BF%D0%BE%D0%BB%D0%BD%D0%B8%D1%82%D0%B5%D0%BB%D1%8C%D0%BD%D0%BE%D0%B5-%D0%BE%D0%B1%D0%BE%D1%80%D1%83%D0%B4%D0%BE%D0%B2%D0%B0%D0%BD%D0%B8%D0%B5/es-te-4211-4,-4211-8,-4211-15-detail HTTP/1.0" 301 433 "-" "Mozilla/5.0 (compatible; MJ12bot/v1.4.8; http://mj12bot.com/)"
123.186.72.179 - - [10/Apr/2024:08:10:41 +0300] "GET /kip/printery-cherno-belye/ HTTP/1.0" 200 211180 "-" "Go-http-client/1.1"
54.38.85.37 - - [10/Apr/2024:08:10:47 +0300] "GET /prodazha/kip/%D0%B4%D0%BE%D0%BF%D0%BE%D0%BB%D0%BD%D0%B8%D1%82%D0%B5%D0%BB%D1%8C%D0%BD%D0%BE%D0%B5-%D0%BE%D0%B1%D0%BE%D1%80%D1%83%D0%B4%D0%BE%D0%B2%D0%B0%D0%BD%D0%B8%D0%B5/es-te-4211-4,-4211-8,-4211-15-detail HTTP/1.0" 301 434 "-" "Mozilla/5.0 (compatible; MJ12bot/v1.4.8; http://mj12bot.com/)"
123.186.72.179 - - [10/Apr/2024:08:10:58 +0300] "GET /konica-minolta/kopiry-i-mfu-tsvetnye-a3/ HTTP/1.0" 200 234573 "-" "Go-http-client/1.1"
54.38.85.37 - - [10/Apr/2024:08:10:59 +0300] "GET /prodazha/kip/%D0%B4%D0%BE%D0%BF%D0%BE%D0%BB%D0%BD%D0%B8%D1%82%D0%B5%D0%BB%D1%8C%D0%BD%D0%BE%D0%B5-%D0%BE%D0%B1%D0%BE%D1%80%D1%83%D0%B4%D0%BE%D0%B2%D0%B0%D0%BD%D0%B8%D0%B5/es-te-4211-4,-4211-8,-4211-15-detail HTTP/1.0" 301 789 "-" "Mozilla/5.0 (compatible; MJ12bot/v1.4.8; http://mj12bot.com/)"
54.38.85.37 - - [10/Apr/2024:08:11:08 +0300] "GET /prodazha/kip/%D0%B4%D0%BE%D0%BF%D0%BE%D0%BB%D0%BD%D0%B8%D1%82%D0%B5%D0%BB%D1%8C%D0%BD%D0%BE%D0%B5-%D0%BE%D0%B1%D0%BE%D1%80%D1%83%D0%B4%D0%BE%D0%B2%D0%B0%D0%BD%D0%B8%D0%B5/es-te-4211-4,-4211-8,-4211-15-detail/ HTTP/1.0" 404 186832 "-" "Mozilla/5.0 (compatible; MJ12bot/v1.4.8; http://mj12bot.com/)"
54.38.85.37 - - [10/Apr/2024:08:11:15 +0300] "GET /prodazha/kip/%D0%B4%D0%BE%D0%BF%D0%BE%D0%BB%D0%BD%D0%B8%D1%82%D0%B5%D0%BB%D1%8C%D0%BD%D0%BE%D0%B5-%D0%BE%D0%B1%D0%BE%D1%80%D1%83%D0%B4%D0%BE%D0%B2%D0%B0%D0%BD%D0%B8%D0%B5/es-te-4211-4,-4211-8,-4211-15-detail/askquestion?tmpl=component HTTP/1.0" 301 460 "-" "Mozilla/5.0 (compatible; MJ12bot/v1.4.8; http://mj12bot.com/)"
54.38.85.37 - - [10/Apr/2024:08:11:25 +0300] "GET /prodazha/kip/%D0%B4%D0%BE%D0%BF%D0%BE%D0%BB%D0%BD%D0%B8%D1%82%D0%B5%D0%BB%D1%8C%D0%BD%D0%BE%D0%B5-%D0%BE%D0%B1%D0%BE%D1%80%D1%83%D0%B4%D0%BE%D0%B2%D0%B0%D0%BD%D0%B8%D0%B5/es-te-4211-4,-4211-8,-4211-15-detail/askquestion?tmpl=component HTTP/1.0" 301 461 "-" "Mozilla/5.0 (compatible; MJ12bot/v1.4.8; http://mj12bot.com/)"
123.186.72.179 - - [10/Apr/2024:08:11:33 +0300] "GET /magazin/pantum/toner_2/ HTTP/1.0" 200 195823 "-" "Go-http-client/1.1"
54.38.85.37 - - [10/Apr/2024:08:11:35 +0300] "GET /prodazha/kip/%D0%B4%D0%BE%D0%BF%D0%BE%D0%BB%D0%BD%D0%B8%D1%82%D0%B5%D0%BB%D1%8C%D0%BD%D0%BE%D0%B5-%D0%BE%D0%B1%D0%BE%D1%80%D1%83%D0%B4%D0%BE%D0%B2%D0%B0%D0%BD%D0%B8%D0%B5/es-te-4211-4,-4211-8,-4211-15-detail/askquestion?tmpl=component HTTP/1.0" 301 834 "-" "Mozilla/5.0 (compatible; MJ12bot/v1.4.8; http://mj12bot.com/)"
54.38.85.37 - - [10/Apr/2024:08:11:46 +0300] "GET /prodazha/kip/%D0%B4%D0%BE%D0%BF%D0%BE%D0%BB%D0%BD%D0%B8%D1%82%D0%B5%D0%BB%D1%8C%D0%BD%D0%BE%D0%B5-%D0%BE%D0%B1%D0%BE%D1%80%D1%83%D0%B4%D0%BE%D0%B2%D0%B0%D0%BD%D0%B8%D0%B5/es-te-4211-4,-4211-8,-4211-15-detail/askquestion/ HTTP/1.0" 404 186846 "-" "Mozilla/5.0 (compatible; MJ12bot/v1.4.8; http://mj12bot.com/)"
54.38.85.37 - - [10/Apr/2024:08:11:56 +0300] "GET /prodazha/kip/%D0%B4%D0%BE%D0%BF%D0%BE%D0%BB%D0%BD%D0%B8%D1%82%D0%B5%D0%BB%D1%8C%D0%BD%D0%BE%D0%B5-%D0%BE%D0%B1%D0%BE%D1%80%D1%83%D0%B4%D0%BE%D0%B2%D0%B0%D0%BD%D0%B8%D0%B5/kip-1200-detail HTTP/1.0" 301 412 "-" "Mozilla/5.0 (compatible; MJ12bot/v1.4.8; http://mj12bot.com/)"
54.38.85.37 - - [10/Apr/2024:08:12:08 +0300] "GET /prodazha/kip/%D0%B4%D0%BE%D0%BF%D0%BE%D0%BB%D0%BD%D0%B8%D1%82%D0%B5%D0%BB%D1%8C%D0%BD%D0%BE%D0%B5-%D0%BE%D0%B1%D0%BE%D1%80%D1%83%D0%B4%D0%BE%D0%B2%D0%B0%D0%BD%D0%B8%D0%B5/kip-1200-detail HTTP/1.0" 301 413 "-" "Mozilla/5.0 (compatible; MJ12bot/v1.4.8; http://mj12bot.com/)"
54.38.85.37 - - [10/Apr/2024:08:12:17 +0300] "GET /prodazha/kip/%D0%B4%D0%BE%D0%BF%D0%BE%D0%BB%D0%BD%D0%B8%D1%82%D0%B5%D0%BB%D1%8C%D0%BD%D0%BE%D0%B5-%D0%BE%D0%B1%D0%BE%D1%80%D1%83%D0%B4%D0%BE%D0%B2%D0%B0%D0%BD%D0%B8%D0%B5/kip-1200-detail HTTP/1.0" 301 743 "-" "Mozilla/5.0 (compatible; MJ12bot/v1.4.8; http://mj12bot.com/)"
54.38.85.37 - - [10/Apr/2024:08:12:26 +0300] "GET /prodazha/kip/%D0%B4%D0%BE%D0%BF%D0%BE%D0%BB%D0%BD%D0%B8%D1%82%D0%B5%D0%BB%D1%8C%D0%BD%D0%BE%D0%B5-%D0%BE%D0%B1%D0%BE%D1%80%D1%83%D0%B4%D0%BE%D0%B2%D0%B0%D0%BD%D0%B8%D0%B5/kip-1200-detail/ HTTP/1.0" 404 186807 "-" "Mozilla/5.0 (compatible; MJ12bot/v1.4.8; http://mj12bot.com/)"
54.38.85.37 - - [10/Apr/2024:08:12:37 +0300] "GET /prodazha/kip/%D0%B4%D0%BE%D0%BF%D0%BE%D0%BB%D0%BD%D0%B8%D1%82%D0%B5%D0%BB%D1%8C%D0%BD%D0%BE%D0%B5-%D0%BE%D0%B1%D0%BE%D1%80%D1%83%D0%B4%D0%BE%D0%B2%D0%B0%D0%BD%D0%B8%D0%B5/kip-1200-detail/askquestion?tmpl=component HTTP/1.0" 301 439 "-" "Mozilla/5.0 (compatible; MJ12bot/v1.4.8; http://mj12bot.com/)"
54.38.85.37 - - [10/Apr/2024:08:12:48 +0300] "GET /prodazha/kip/%D0%B4%D0%BE%D0%BF%D0%BE%D0%BB%D0%BD%D0%B8%D1%82%D0%B5%D0%BB%D1%8C%D0%BD%D0%BE%D0%B5-%D0%BE%D0%B1%D0%BE%D1%80%D1%83%D0%B4%D0%BE%D0%B2%D0%B0%D0%BD%D0%B8%D0%B5/kip-1200-detail/askquestion?tmpl=component HTTP/1.0" 301 440 "-" "Mozilla/5.0 (compatible; MJ12bot/v1.4.8; http://mj12bot.com/)"
54.38.85.37 - - [10/Apr/2024:08:13:00 +0300] "GET /prodazha/kip/%D0%B4%D0%BE%D0%BF%D0%BE%D0%BB%D0%BD%D0%B8%D1%82%D0%B5%D0%BB%D1%8C%D0%BD%D0%BE%D0%B5-%D0%BE%D0%B1%D0%BE%D1%80%D1%83%D0%B4%D0%BE%D0%B2%D0%B0%D0%BD%D0%B8%D0%B5/kip-1200-detail/askquestion?tmpl=component HTTP/1.0" 301 788 "-" "Mozilla/5.0 (compatible; MJ12bot/v1.4.8; http://mj12bot.com/)"
123.186.72.179 - - [10/Apr/2024:08:13:12 +0300] "GET /wa-data/public/site/themes/ahead/assets/js/fontawesome.min.js?v2023.1.4.61 HTTP/1.1" 200 1143668 "-" "Go-http-client/1.1"
54.38.85.37 - - [10/Apr/2024:08:13:12 +0300] "GET /prodazha/kip/%D0%B4%D0%BE%D0%BF%D0%BE%D0%BB%D0%BD%D0%B8%D1%82%D0%B5%D0%BB%D1%8C%D0%BD%D0%BE%D0%B5-%D0%BE%D0%B1%D0%BE%D1%80%D1%83%D0%B4%D0%BE%D0%B2%D0%B0%D0%BD%D0%B8%D0%B5/kip-1200-detail/askquestion/ HTTP/1.0" 404 186821 "-" "Mozilla/5.0 (compatible; MJ12bot/v1.4.8; http://mj12bot.com/)"
54.38.85.37 - - [10/Apr/2024:08:13:21 +0300] "GET /prodazha/kip/%D0%B4%D0%BE%D0%BF%D0%BE%D0%BB%D0%BD%D0%B8%D1%82%D0%B5%D0%BB%D1%8C%D0%BD%D0%BE%D0%B5-%D0%BE%D0%B1%D0%BE%D1%80%D1%83%D0%B4%D0%BE%D0%B2%D0%B0%D0%BD%D0%B8%D0%B5/kipfold-1000-detail HTTP/1.0" 301 416 "-" "Mozilla/5.0 (compatible; MJ12bot/v1.4.8; http://mj12bot.com/)"
54.38.85.37 - - [10/Apr/2024:08:13:29 +0300] "GET /prodazha/kip/%D0%B4%D0%BE%D0%BF%D0%BE%D0%BB%D0%BD%D0%B8%D1%82%D0%B5%D0%BB%D1%8C%D0%BD%D0%BE%D0%B5-%D0%BE%D0%B1%D0%BE%D1%80%D1%83%D0%B4%D0%BE%D0%B2%D0%B0%D0%BD%D0%B8%D0%B5/kipfold-1000-detail HTTP/1.0" 301 417 "-" "Mozilla/5.0 (compatible; MJ12bot/v1.4.8; http://mj12bot.com/)"
54.38.85.37 - - [10/Apr/2024:08:13:38 +0300] "GET /prodazha/kip/%D0%B4%D0%BE%D0%BF%D0%BE%D0%BB%D0%BD%D0%B8%D1%82%D0%B5%D0%BB%D1%8C%D0%BD%D0%BE%D0%B5-%D0%BE%D0%B1%D0%BE%D1%80%D1%83%D0%B4%D0%BE%D0%B2%D0%B0%D0%BD%D0%B8%D0%B5/kipfold-1000-detail HTTP/1.0" 301 751 "-" "Mozilla/5.0 (compatible; MJ12bot/v1.4.8; http://mj12bot.com/)"
54.38.85.37 - - [10/Apr/2024:08:13:49 +0300] "GET /prodazha/kip/%D0%B4%D0%BE%D0%BF%D0%BE%D0%BB%D0%BD%D0%B8%D1%82%D0%B5%D0%BB%D1%8C%D0%BD%D0%BE%D0%B5-%D0%BE%D0%B1%D0%BE%D1%80%D1%83%D0%B4%D0%BE%D0%B2%D0%B0%D0%BD%D0%B8%D0%B5/kipfold-1000-detail/ HTTP/1.0" 404 186811 "-" "Mozilla/5.0 (compatible; MJ12bot/v1.4.8; http://mj12bot.com/)"
54.38.85.37 - - [10/Apr/2024:08:14:00 +0300] "GET /prodazha/kip/%D0%B4%D0%BE%D0%BF%D0%BE%D0%BB%D0%BD%D0%B8%D1%82%D0%B5%D0%BB%D1%8C%D0%BD%D0%BE%D0%B5-%D0%BE%D0%B1%D0%BE%D1%80%D1%83%D0%B4%D0%BE%D0%B2%D0%B0%D0%BD%D0%B8%D0%B5/kipfold-1000-detail/askquestion?tmpl=component HTTP/1.0" 301 443 "-" "Mozilla/5.0 (compatible; MJ12bot/v1.4.8; http://mj12bot.com/)"
54.38.85.37 - - [10/Apr/2024:08:14:07 +0300] "GET /prodazha/kip/%D0%B4%D0%BE%D0%BF%D0%BE%D0%BB%D0%BD%D0%B8%D1%82%D0%B5%D0%BB%D1%8C%D0%BD%D0%BE%D0%B5-%D0%BE%D0%B1%D0%BE%D1%80%D1%83%D0%B4%D0%BE%D0%B2%D0%B0%D0%BD%D0%B8%D0%B5/kipfold-1000-detail/askquestion?tmpl=component HTTP/1.0" 301 444 "-" "Mozilla/5.0 (compatible; MJ12bot/v1.4.8; http://mj12bot.com/)"
54.38.85.37 - - [10/Apr/2024:08:14:17 +0300] "GET /prodazha/kip/%D0%B4%D0%BE%D0%BF%D0%BE%D0%BB%D0%BD%D0%B8%D1%82%D0%B5%D0%BB%D1%8C%D0%BD%D0%BE%D0%B5-%D0%BE%D0%B1%D0%BE%D1%80%D1%83%D0%B4%D0%BE%D0%B2%D0%B0%D0%BD%D0%B8%D0%B5/kipfold-1000-detail/askquestion?tmpl=component HTTP/1.0" 301 796 "-" "Mozilla/5.0 (compatible; MJ12bot/v1.4.8; http://mj12bot.com/)"
54.38.85.37 - - [10/Apr/2024:08:14:27 +0300] "GET /prodazha/kip/%D0%B4%D0%BE%D0%BF%D0%BE%D0%BB%D0%BD%D0%B8%D1%82%D0%B5%D0%BB%D1%8C%D0%BD%D0%BE%D0%B5-%D0%BE%D0%B1%D0%BE%D1%80%D1%83%D0%B4%D0%BE%D0%B2%D0%B0%D0%BD%D0%B8%D0%B5/kipfold-1000-detail/askquestion/ HTTP/1.0" 404 186825 "-" "Mozilla/5.0 (compatible; MJ12bot/v1.4.8; http://mj12bot.com/)"
123.186.72.179 - - [10/Apr/2024:08:14:36 +0300] "GET /wa-data/public/site/themes/ahead/assets/js/fontawesome.min.js?v2023.1.4.61 HTTP/1.1" 200 1143668 "-" "Go-http-client/1.1"
54.38.85.37 - - [10/Apr/2024:08:14:38 +0300] "GET /prodazha/kip/%D0%B4%D0%BE%D0%BF%D0%BE%D0%BB%D0%BD%D0%B8%D1%82%D0%B5%D0%BB%D1%8C%D0%BD%D0%BE%D0%B5-%D0%BE%D0%B1%D0%BE%D1%80%D1%83%D0%B4%D0%BE%D0%B2%D0%B0%D0%BD%D0%B8%D0%B5/kipfold-2000-detail HTTP/1.0" 301 416 "-" "Mozilla/5.0 (compatible; MJ12bot/v1.4.8; http://mj12bot.com/)"
54.38.85.37 - - [10/Apr/2024:08:14:47 +0300] "GET /prodazha/kip/%D0%B4%D0%BE%D0%BF%D0%BE%D0%BB%D0%BD%D0%B8%D1%82%D0%B5%D0%BB%D1%8C%D0%BD%D0%BE%D0%B5-%D0%BE%D0%B1%D0%BE%D1%80%D1%83%D0%B4%D0%BE%D0%B2%D0%B0%D0%BD%D0%B8%D0%B5/kipfold-2000-detail HTTP/1.0" 301 417 "-" "Mozilla/5.0 (compatible; MJ12bot/v1.4.8; http://mj12bot.com/)"
54.38.85.37 - - [10/Apr/2024:08:14:56 +0300] "GET /prodazha/kip/%D0%B4%D0%BE%D0%BF%D0%BE%D0%BB%D0%BD%D0%B8%D1%82%D0%B5%D0%BB%D1%8C%D0%BD%D0%BE%D0%B5-%D0%BE%D0%B1%D0%BE%D1%80%D1%83%D0%B4%D0%BE%D0%B2%D0%B0%D0%BD%D0%B8%D0%B5/kipfold-2000-detail HTTP/1.0" 301 751 "-" "Mozilla/5.0 (compatible; MJ12bot/v1.4.8; http://mj12bot.com/)"
54.38.85.37 - - [10/Apr/2024:08:15:08 +0300] "GET /prodazha/kip/%D0%B4%D0%BE%D0%BF%D0%BE%D0%BB%D0%BD%D0%B8%D1%82%D0%B5%D0%BB%D1%8C%D0%BD%D0%BE%D0%B5-%D0%BE%D0%B1%D0%BE%D1%80%D1%83%D0%B4%D0%BE%D0%B2%D0%B0%D0%BD%D0%B8%D0%B5/kipfold-2000-detail/ HTTP/1.0" 404 186811 "-" "Mozilla/5.0 (compatible; MJ12bot/v1.4.8; http://mj12bot.com/)"
54.38.85.37 - - [10/Apr/2024:08:15:18 +0300] "GET /prodazha/kip/%D0%B4%D0%BE%D0%BF%D0%BE%D0%BB%D0%BD%D0%B8%D1%82%D0%B5%D0%BB%D1%8C%D0%BD%D0%BE%D0%B5-%D0%BE%D0%B1%D0%BE%D1%80%D1%83%D0%B4%D0%BE%D0%B2%D0%B0%D0%BD%D0%B8%D0%B5/kipfold-2000-detail/askquestion?tmpl=component HTTP/1.0" 301 443 "-" "Mozilla/5.0 (compatible; MJ12bot/v1.4.8; http://mj12bot.com/)"
54.38.85.37 - - [10/Apr/2024:08:15:28 +0300] "GET /prodazha/kip/%D0%B4%D0%BE%D0%BF%D0%BE%D0%BB%D0%BD%D0%B8%D1%82%D0%B5%D0%BB%D1%8C%D0%BD%D0%BE%D0%B5-%D0%BE%D0%B1%D0%BE%D1%80%D1%83%D0%B4%D0%BE%D0%B2%D0%B0%D0%BD%D0%B8%D0%B5/kipfold-2000-detail/askquestion?tmpl=component HTTP/1.0" 301 444 "-" "Mozilla/5.0 (compatible; MJ12bot/v1.4.8; http://mj12bot.com/)"
54.38.85.37 - - [10/Apr/2024:08:15:37 +0300] "GET /prodazha/kip/%D0%B4%D0%BE%D0%BF%D0%BE%D0%BB%D0%BD%D0%B8%D1%82%D0%B5%D0%BB%D1%8C%D0%BD%D0%BE%D0%B5-%D0%BE%D0%B1%D0%BE%D1%80%D1%83%D0%B4%D0%BE%D0%B2%D0%B0%D0%BD%D0%B8%D0%B5/kipfold-2000-detail/askquestion?tmpl=component HTTP/1.0" 301 796 "-" "Mozilla/5.0 (compatible; MJ12bot/v1.4.8; http://mj12bot.com/)"
54.38.85.37 - - [10/Apr/2024:08:15:49 +0300] "GET /prodazha/kip/%D0%B4%D0%BE%D0%BF%D0%BE%D0%BB%D0%BD%D0%B8%D1%82%D0%B5%D0%BB%D1%8C%D0%BD%D0%BE%D0%B5-%D0%BE%D0%B1%D0%BE%D1%80%D1%83%D0%B4%D0%BE%D0%B2%D0%B0%D0%BD%D0%B8%D0%B5/kipfold-2000-detail/askquestion/ HTTP/1.0" 404 186825 "-" "Mozilla/5.0 (compatible; MJ12bot/v1.4.8; http://mj12bot.com/)"
54.38.85.37 - - [10/Apr/2024:08:16:02 +0300] "GET /prodazha/kip/%D0%B4%D0%BE%D0%BF%D0%BE%D0%BB%D0%BD%D0%B8%D1%82%D0%B5%D0%BB%D1%8C%D0%BD%D0%BE%D0%B5-%D0%BE%D0%B1%D0%BE%D1%80%D1%83%D0%B4%D0%BE%D0%B2%D0%B0%D0%BD%D0%B8%D0%B5/rigoli-750-detail HTTP/1.0" 301 414 "-" "Mozilla/5.0 (compatible; MJ12bot/v1.4.8; http://mj12bot.com/)"
54.38.85.37 - - [10/Apr/2024:08:16:12 +0300] "GET /prodazha/kip/%D0%B4%D0%BE%D0%BF%D0%BE%D0%BB%D0%BD%D0%B8%D1%82%D0%B5%D0%BB%D1%8C%D0%BD%D0%BE%D0%B5-%D0%BE%D0%B1%D0%BE%D1%80%D1%83%D0%B4%D0%BE%D0%B2%D0%B0%D0%BD%D0%B8%D0%B5/rigoli-750-detail HTTP/1.0" 301 415 "-" "Mozilla/5.0 (compatible; MJ12bot/v1.4.8; http://mj12bot.com/)"
123.186.72.179 - - [10/Apr/2024:08:16:18 +0300] "GET /wa-data/public/site/themes/ahead/assets/js/fontawesome.min.js?v2023.1.4.61 HTTP/1.1" 200 1143668 "-" "Go-http-client/1.1"
54.38.85.37 - - [10/Apr/2024:08:16:22 +0300] "GET /prodazha/kip/%D0%B4%D0%BE%D0%BF%D0%BE%D0%BB%D0%BD%D0%B8%D1%82%D0%B5%D0%BB%D1%8C%D0%BD%D0%BE%D0%B5-%D0%BE%D0%B1%D0%BE%D1%80%D1%83%D0%B4%D0%BE%D0%B2%D0%B0%D0%BD%D0%B8%D0%B5/rigoli-750-detail HTTP/1.0" 301 747 "-" "Mozilla/5.0 (compatible; MJ12bot/v1.4.8; http://mj12bot.com/)"
54.38.85.37 - - [10/Apr/2024:08:16:30 +0300] "GET /prodazha/kip/%D0%B4%D0%BE%D0%BF%D0%BE%D0%BB%D0%BD%D0%B8%D1%82%D0%B5%D0%BB%D1%8C%D0%BD%D0%BE%D0%B5-%D0%BE%D0%B1%D0%BE%D1%80%D1%83%D0%B4%D0%BE%D0%B2%D0%B0%D0%BD%D0%B8%D0%B5/rigoli-750-detail/ HTTP/1.0" 404 186809 "-" "Mozilla/5.0 (compatible; MJ12bot/v1.4.8; http://mj12bot.com/)"
54.38.85.37 - - [10/Apr/2024:08:16:42 +0300] "GET /prodazha/kip/%D0%B4%D0%BE%D0%BF%D0%BE%D0%BB%D0%BD%D0%B8%D1%82%D0%B5%D0%BB%D1%8C%D0%BD%D0%BE%D0%B5-%D0%BE%D0%B1%D0%BE%D1%80%D1%83%D0%B4%D0%BE%D0%B2%D0%B0%D0%BD%D0%B8%D0%B5/rigoli-750-detail/askquestion?tmpl=component HTTP/1.0" 301 441 "-" "Mozilla/5.0 (compatible; MJ12bot/v1.4.8; http://mj12bot.com/)"
54.38.85.37 - - [10/Apr/2024:08:16:50 +0300] "GET /prodazha/kip/%D0%B4%D0%BE%D0%BF%D0%BE%D0%BB%D0%BD%D0%B8%D1%82%D0%B5%D0%BB%D1%8C%D0%BD%D0%BE%D0%B5-%D0%BE%D0%B1%D0%BE%D1%80%D1%83%D0%B4%D0%BE%D0%B2%D0%B0%D0%BD%D0%B8%D0%B5/rigoli-750-detail/askquestion?tmpl=component HTTP/1.0" 301 442 "-" "Mozilla/5.0 (compatible; MJ12bot/v1.4.8; http://mj12bot.com/)"
54.38.85.37 - - [10/Apr/2024:08:16:58 +0300] "GET /prodazha/kip/%D0%B4%D0%BE%D0%BF%D0%BE%D0%BB%D0%BD%D0%B8%D1%82%D0%B5%D0%BB%D1%8C%D0%BD%D0%BE%D0%B5-%D0%BE%D0%B1%D0%BE%D1%80%D1%83%D0%B4%D0%BE%D0%B2%D0%B0%D0%BD%D0%B8%D0%B5/rigoli-750-detail/askquestion?tmpl=component HTTP/1.0" 301 792 "-" "Mozilla/5.0 (compatible; MJ12bot/v1.4.8; http://mj12bot.com/)"
54.38.85.37 - - [10/Apr/2024:08:17:05 +0300] "GET /prodazha/kip/%D0%B4%D0%BE%D0%BF%D0%BE%D0%BB%D0%BD%D0%B8%D1%82%D0%B5%D0%BB%D1%8C%D0%BD%D0%BE%D0%B5-%D0%BE%D0%B1%D0%BE%D1%80%D1%83%D0%B4%D0%BE%D0%B2%D0%B0%D0%BD%D0%B8%D0%B5/rigoli-750-detail/askquestion/ HTTP/1.0" 404 186823 "-" "Mozilla/5.0 (compatible; MJ12bot/v1.4.8; http://mj12bot.com/)"
54.38.85.37 - - [10/Apr/2024:08:17:16 +0300] "GET /prodazha/kip/%D0%B4%D0%BE%D0%BF%D0%BE%D0%BB%D0%BD%D0%B8%D1%82%D0%B5%D0%BB%D1%8C%D0%BD%D0%BE%D0%B5-%D0%BE%D0%B1%D0%BE%D1%80%D1%83%D0%B4%D0%BE%D0%B2%D0%B0%D0%BD%D0%B8%D0%B5/rigoli-751-detail HTTP/1.0" 301 414 "-" "Mozilla/5.0 (compatible; MJ12bot/v1.4.8; http://mj12bot.com/)"
54.38.85.37 - - [10/Apr/2024:08:17:25 +0300] "GET /prodazha/kip/%D0%B4%D0%BE%D0%BF%D0%BE%D0%BB%D0%BD%D0%B8%D1%82%D0%B5%D0%BB%D1%8C%D0%BD%D0%BE%D0%B5-%D0%BE%D0%B1%D0%BE%D1%80%D1%83%D0%B4%D0%BE%D0%B2%D0%B0%D0%BD%D0%B8%D0%B5/rigoli-751-detail HTTP/1.0" 301 415 "-" "Mozilla/5.0 (compatible; MJ12bot/v1.4.8; http://mj12bot.com/)"
54.38.85.37 - - [10/Apr/2024:08:17:36 +0300] "GET /prodazha/kip/%D0%B4%D0%BE%D0%BF%D0%BE%D0%BB%D0%BD%D0%B8%D1%82%D0%B5%D0%BB%D1%8C%D0%BD%D0%BE%D0%B5-%D0%BE%D0%B1%D0%BE%D1%80%D1%83%D0%B4%D0%BE%D0%B2%D0%B0%D0%BD%D0%B8%D0%B5/rigoli-751-detail HTTP/1.0" 301 747 "-" "Mozilla/5.0 (compatible; MJ12bot/v1.4.8; http://mj12bot.com/)"
54.38.85.37 - - [10/Apr/2024:08:17:46 +0300] "GET /prodazha/kip/%D0%B4%D0%BE%D0%BF%D0%BE%D0%BB%D0%BD%D0%B8%D1%82%D0%B5%D0%BB%D1%8C%D0%BD%D0%BE%D0%B5-%D0%BE%D0%B1%D0%BE%D1%80%D1%83%D0%B4%D0%BE%D0%B2%D0%B0%D0%BD%D0%B8%D0%B5/rigoli-751-detail/ HTTP/1.0" 404 186809 "-" "Mozilla/5.0 (compatible; MJ12bot/v1.4.8; http://mj12bot.com/)"
123.186.72.179 - - [10/Apr/2024:08:17:53 +0300] "GET /wa-data/public/site/themes/ahead/assets/js/fontawesome.min.js?v2023.1.4.61 HTTP/1.1" 200 1143668 "-" "Go-http-client/1.1"
54.38.85.37 - - [10/Apr/2024:08:17:56 +0300] "GET /prodazha/kip/%D0%B4%D0%BE%D0%BF%D0%BE%D0%BB%D0%BD%D0%B8%D1%82%D0%B5%D0%BB%D1%8C%D0%BD%D0%BE%D0%B5-%D0%BE%D0%B1%D0%BE%D1%80%D1%83%D0%B4%D0%BE%D0%B2%D0%B0%D0%BD%D0%B8%D0%B5/rigoli-751-detail/askquestion?tmpl=component HTTP/1.0" 301 441 "-" "Mozilla/5.0 (compatible; MJ12bot/v1.4.8; http://mj12bot.com/)"
54.38.85.37 - - [10/Apr/2024:08:18:07 +0300] "GET /prodazha/kip/%D0%B4%D0%BE%D0%BF%D0%BE%D0%BB%D0%BD%D0%B8%D1%82%D0%B5%D0%BB%D1%8C%D0%BD%D0%BE%D0%B5-%D0%BE%D0%B1%D0%BE%D1%80%D1%83%D0%B4%D0%BE%D0%B2%D0%B0%D0%BD%D0%B8%D0%B5/rigoli-751-detail/askquestion?tmpl=component HTTP/1.0" 301 442 "-" "Mozilla/5.0 (compatible; MJ12bot/v1.4.8; http://mj12bot.com/)"
54.38.85.37 - - [10/Apr/2024:08:18:17 +0300] "GET /prodazha/kip/%D0%B4%D0%BE%D0%BF%D0%BE%D0%BB%D0%BD%D0%B8%D1%82%D0%B5%D0%BB%D1%8C%D0%BD%D0%BE%D0%B5-%D0%BE%D0%B1%D0%BE%D1%80%D1%83%D0%B4%D0%BE%D0%B2%D0%B0%D0%BD%D0%B8%D0%B5/rigoli-751-detail/askquestion?tmpl=component HTTP/1.0" 301 792 "-" "Mozilla/5.0 (compatible; MJ12bot/v1.4.8; http://mj12bot.com/)"
54.38.85.37 - - [10/Apr/2024:08:18:30 +0300] "GET /prodazha/kip/%D0%B4%D0%BE%D0%BF%D0%BE%D0%BB%D0%BD%D0%B8%D1%82%D0%B5%D0%BB%D1%8C%D0%BD%D0%BE%D0%B5-%D0%BE%D0%B1%D0%BE%D1%80%D1%83%D0%B4%D0%BE%D0%B2%D0%B0%D0%BD%D0%B8%D0%B5/rigoli-751-detail/askquestion/ HTTP/1.0" 404 186823 "-" "Mozilla/5.0 (compatible; MJ12bot/v1.4.8; http://mj12bot.com/)"
54.38.85.37 - - [10/Apr/2024:08:18:39 +0300] "GET /prodazha/kip/%D0%B4%D0%BE%D0%BF%D0%BE%D0%BB%D0%BD%D0%B8%D1%82%D0%B5%D0%BB%D1%8C%D0%BD%D0%BE%D0%B5-%D0%BE%D0%B1%D0%BE%D1%80%D1%83%D0%B4%D0%BE%D0%B2%D0%B0%D0%BD%D0%B8%D0%B5/rigoli-800-detail HTTP/1.0" 301 414 "-" "Mozilla/5.0 (compatible; MJ12bot/v1.4.8; http://mj12bot.com/)"
54.38.85.37 - - [10/Apr/2024:08:18:52 +0300] "GET /prodazha/kip/%D0%B4%D0%BE%D0%BF%D0%BE%D0%BB%D0%BD%D0%B8%D1%82%D0%B5%D0%BB%D1%8C%D0%BD%D0%BE%D0%B5-%D0%BE%D0%B1%D0%BE%D1%80%D1%83%D0%B4%D0%BE%D0%B2%D0%B0%D0%BD%D0%B8%D0%B5/rigoli-800-detail HTTP/1.0" 301 415 "-" "Mozilla/5.0 (compatible; MJ12bot/v1.4.8; http://mj12bot.com/)"
54.38.85.37 - - [10/Apr/2024:08:19:01 +0300] "GET /prodazha/kip/%D0%B4%D0%BE%D0%BF%D0%BE%D0%BB%D0%BD%D0%B8%D1%82%D0%B5%D0%BB%D1%8C%D0%BD%D0%BE%D0%B5-%D0%BE%D0%B1%D0%BE%D1%80%D1%83%D0%B4%D0%BE%D0%B2%D0%B0%D0%BD%D0%B8%D0%B5/rigoli-800-detail HTTP/1.0" 301 747 "-" "Mozilla/5.0 (compatible; MJ12bot/v1.4.8; http://mj12bot.com/)"
123.186.72.179 - - [10/Apr/2024:08:19:10 +0300] "GET /wa-data/public/site/themes/ahead/assets/js/fontawesome.min.js?v2023.1.4.61 HTTP/1.1" 200 1143668 "-" "Go-http-client/1.1"
54.38.85.37 - - [10/Apr/2024:08:19:14 +0300] "GET /prodazha/kip/%D0%B4%D0%BE%D0%BF%D0%BE%D0%BB%D0%BD%D0%B8%D1%82%D0%B5%D0%BB%D1%8C%D0%BD%D0%BE%D0%B5-%D0%BE%D0%B1%D0%BE%D1%80%D1%83%D0%B4%D0%BE%D0%B2%D0%B0%D0%BD%D0%B8%D0%B5/rigoli-800-detail/ HTTP/1.0" 404 186809 "-" "Mozilla/5.0 (compatible; MJ12bot/v1.4.8; http://mj12bot.com/)"
54.38.85.37 - - [10/Apr/2024:08:19:22 +0300] "GET /prodazha/kip/%D0%B4%D0%BE%D0%BF%D0%BE%D0%BB%D0%BD%D0%B8%D1%82%D0%B5%D0%BB%D1%8C%D0%BD%D0%BE%D0%B5-%D0%BE%D0%B1%D0%BE%D1%80%D1%83%D0%B4%D0%BE%D0%B2%D0%B0%D0%BD%D0%B8%D0%B5/rigoli-800-detail/askquestion?tmpl=component HTTP/1.0" 301 441 "-" "Mozilla/5.0 (compatible; MJ12bot/v1.4.8; http://mj12bot.com/)"
54.38.85.37 - - [10/Apr/2024:08:19:31 +0300] "GET /prodazha/kip/%D0%B4%D0%BE%D0%BF%D0%BE%D0%BB%D0%BD%D0%B8%D1%82%D0%B5%D0%BB%D1%8C%D0%BD%D0%BE%D0%B5-%D0%BE%D0%B1%D0%BE%D1%80%D1%83%D0%B4%D0%BE%D0%B2%D0%B0%D0%BD%D0%B8%D0%B5/rigoli-800-detail/askquestion?tmpl=component HTTP/1.0" 301 442 "-" "Mozilla/5.0 (compatible; MJ12bot/v1.4.8; http://mj12bot.com/)"
3.85.152.114 - - [10/Apr/2024:08:19:37 +0300] "GET /components/com_jshopping/files/img_products/thumb_182.jpg HTTP/1.0" 404 530 "-" "Mozilla/5.0 (X11; Ubuntu; Linux x86_64; rv:72.0) Gecko/20100101 Firefox/72.0"
54.38.85.37 - - [10/Apr/2024:08:19:39 +0300] "GET /prodazha/kip/%D0%B4%D0%BE%D0%BF%D0%BE%D0%BB%D0%BD%D0%B8%D1%82%D0%B5%D0%BB%D1%8C%D0%BD%D0%BE%D0%B5-%D0%BE%D0%B1%D0%BE%D1%80%D1%83%D0%B4%D0%BE%D0%B2%D0%B0%D0%BD%D0%B8%D0%B5/rigoli-800-detail/askquestion?tmpl=component HTTP/1.0" 301 792 "-" "Mozilla/5.0 (compatible; MJ12bot/v1.4.8; http://mj12bot.com/)"
54.38.85.37 - - [10/Apr/2024:08:19:49 +0300] "GET /prodazha/kip/%D0%B4%D0%BE%D0%BF%D0%BE%D0%BB%D0%BD%D0%B8%D1%82%D0%B5%D0%BB%D1%8C%D0%BD%D0%BE%D0%B5-%D0%BE%D0%B1%D0%BE%D1%80%D1%83%D0%B4%D0%BE%D0%B2%D0%B0%D0%BD%D0%B8%D0%B5/rigoli-800-detail/askquestion/ HTTP/1.0" 404 186823 "-" "Mozilla/5.0 (compatible; MJ12bot/v1.4.8; http://mj12bot.com/)"
54.38.85.37 - - [10/Apr/2024:08:19:59 +0300] "GET /prodazha/kip/%D0%B4%D0%BE%D0%BF%D0%BE%D0%BB%D0%BD%D0%B8%D1%82%D0%B5%D0%BB%D1%8C%D0%BD%D0%BE%D0%B5-%D0%BE%D0%B1%D0%BE%D1%80%D1%83%D0%B4%D0%BE%D0%B2%D0%B0%D0%BD%D0%B8%D0%B5/rigoli-801-detail HTTP/1.0" 301 414 "-" "Mozilla/5.0 (compatible; MJ12bot/v1.4.8; http://mj12bot.com/)"
87.249.135.104 - - [10/Apr/2024:08:20:07 +0300] "GET /zayavka-na-remont/ HTTP/1.0" 301 245 "http://xn--d1aifpbankex.xn--p1ai/zayavka-na-remont/" "Mozilla/5.0 (Windows NT 10.0; Win64; x64) AppleWebKit/537.36 (KHTML, like Gecko) Chrome/114.0.5735.289 Safari/537.36"
87.249.135.104 - - [10/Apr/2024:08:20:07 +0300] "GET /zayavka-na-remont/ HTTP/1.0" 200 225225 "https://xn--d1aifpbankex.xn--p1ai/zayavka-na-remont/" "Mozilla/5.0 (Windows NT 10.0; Win64; x64) AppleWebKit/537.36 (KHTML, like Gecko) Chrome/114.0.5735.289 Safari/537.36"
54.38.85.37 - - [10/Apr/2024:08:20:08 +0300] "GET /prodazha/kip/%D0%B4%D0%BE%D0%BF%D0%BE%D0%BB%D0%BD%D0%B8%D1%82%D0%B5%D0%BB%D1%8C%D0%BD%D0%BE%D0%B5-%D0%BE%D0%B1%D0%BE%D1%80%D1%83%D0%B4%D0%BE%D0%B2%D0%B0%D0%BD%D0%B8%D0%B5/rigoli-801-detail HTTP/1.0" 301 415 "-" "Mozilla/5.0 (compatible; MJ12bot/v1.4.8; http://mj12bot.com/)"
