83.99.151.71 - - [11/Apr/2024:12:32:59 +0300] "GET /magazin/samsung-xerox/zip_3/jc72-01231a-nasadka-rezinka-rolika-zakhvata-hi-black-dlya-samsung-ml-1510-1710-2250-scx-4016/ HTTP/1.0" 200 53642 "-" "Mozilla/5.0 AppleWebKit/537.36 (KHTML, like Gecko; compatible; GeedoProductSearch; +http://www.geedo.com/product-search.html) Chrome/79.0.3945.88 Safari/537.36"
83.99.151.71 - - [11/Apr/2024:12:33:22 +0300] "GET /konica-minolta/kopiry-i-mfu-tsvetnye-a3/konica-minolta-accuriopress-c6100/ HTTP/1.0" 200 58463 "-" "Mozilla/5.0 AppleWebKit/537.36 (KHTML, like Gecko; compatible; GeedoProductSearch; +http://www.geedo.com/product-search.html) Chrome/79.0.3945.88 Safari/537.36"
83.99.151.64 - - [11/Apr/2024:12:34:54 +0300] "GET /magazin/kyocera/kartridzhi_2/ HTTP/1.0" 200 52475 "-" "Mozilla/5.0 AppleWebKit/537.36 (KHTML, like Gecko; compatible; GeedoProductSearch; +http://www.geedo.com/product-search.html) Chrome/79.0.3945.88 Safari/537.36"
83.99.151.64 - - [11/Apr/2024:12:35:19 +0300] "GET /foto/photo/65b19c9a553c2_kuznetcovru128/ HTTP/1.0" 200 17115 "-" "Mozilla/5.0 AppleWebKit/537.36 (KHTML, like Gecko; compatible; GeedoProductSearch; +http://www.geedo.com/product-search.html) Chrome/79.0.3945.88 Safari/537.36"
83.99.151.64 - - [11/Apr/2024:12:35:44 +0300] "GET /kyocera/lazernye-printery-cherno-belye-a4/kyocera-ecosys-p2335dw/ HTTP/1.0" 200 56066 "-" "Mozilla/5.0 AppleWebKit/537.36 (KHTML, like Gecko; compatible; GeedoProductSearch; +http://www.geedo.com/product-search.html) Chrome/79.0.3945.88 Safari/537.36"
83.99.151.64 - - [11/Apr/2024:12:36:09 +0300] "GET /konica-minolta/kopiry-i-mfu-cherno-belye-a3/konica-minolta-bizhub-227/tekhnicheskie-kharakteristiki/ HTTP/1.0" 200 54028 "-" "Mozilla/5.0 AppleWebKit/537.36 (KHTML, like Gecko; compatible; GeedoProductSearch; +http://www.geedo.com/product-search.html) Chrome/79.0.3945.88 Safari/537.36"
83.99.151.64 - - [11/Apr/2024:12:36:35 +0300] "GET /konica-minolta/kopiry-i-mfu-cherno-belye-a3/konica-minolta-bizhub-558e/tekhnicheskie-kharakteristiki/ HTTP/1.0" 200 54235 "-" "Mozilla/5.0 AppleWebKit/537.36 (KHTML, like Gecko; compatible; GeedoProductSearch; +http://www.geedo.com/product-search.html) Chrome/79.0.3945.88 Safari/537.36"
216.244.66.233 - - [11/Apr/2024:12:36:36 +0300] "GET /prodazha/konica-minolta/kopiry-i-mfu-cherno-belye-a3/product/view/23/304?tmpl=component&print=1 HTTP/1.0" 301 322 "-" "Mozilla/5.0 (compatible; DotBot/1.2; +https://opensiteexplorer.org/dotbot; help@moz.com)"
54.36.149.19 - - [11/Apr/2024:12:36:44 +0300] "GET /magazin/kyocera/kartridzhi_2/toner-kartridzh-hi-black-hb-tk-1110-dlya-kyocera-fs-1040-1020mfp-1120mfp-2-5k/ HTTP/1.0" 200 53519 "-" "Mozilla/5.0 (compatible; AhrefsBot/7.0; +http://ahrefs.com/robot/)"
83.99.151.68 - - [11/Apr/2024:12:36:59 +0300] "GET /kip/skanery/kip-2300/tekhnicheskie-kharakteristiki/ HTTP/1.0" 200 51657 "-" "Mozilla/5.0 AppleWebKit/537.36 (KHTML, like Gecko; compatible; GeedoProductSearch; +http://www.geedo.com/product-search.html) Chrome/79.0.3945.88 Safari/537.36"
40.77.167.52 - - [11/Apr/2024:12:37:18 +0300] "GET /sitemaps.xml HTTP/1.0" 301 239 "-" "Mozilla/5.0 AppleWebKit/537.36 (KHTML, like Gecko; compatible; bingbot/2.0; +http://www.bing.com/bingbot.htm) Chrome/116.0.1938.76 Safari/537.36"
52.167.144.145 - - [11/Apr/2024:12:37:30 +0300] "GET /sitemaps.xml HTTP/1.0" 404 1731 "-" "Mozilla/5.0 AppleWebKit/537.36 (KHTML, like Gecko; compatible; bingbot/2.0; +http://www.bing.com/bingbot.htm) Chrome/116.0.1938.76 Safari/537.36"
83.99.151.71 - - [11/Apr/2024:12:38:32 +0300] "GET /konica-minolta/kopiry-i-mfu-tsvetnye-a4/konica-minolta-bizhub-c4050i/ HTTP/1.0" 200 57323 "-" "Mozilla/5.0 AppleWebKit/537.36 (KHTML, like Gecko; compatible; GeedoProductSearch; +http://www.geedo.com/product-search.html) Chrome/79.0.3945.88 Safari/537.36"
83.99.151.66 - - [11/Apr/2024:12:38:56 +0300] "GET /kyocera/kopiry-i-mfu-tsvetnye-a3/kyocera-taskalfa-5053ci/ HTTP/1.0" 200 59869 "-" "Mozilla/5.0 AppleWebKit/537.36 (KHTML, like Gecko; compatible; GeedoProductSearch; +http://www.geedo.com/product-search.html) Chrome/79.0.3945.88 Safari/537.36"
83.99.151.66 - - [11/Apr/2024:12:39:21 +0300] "GET /kyocera/lazernye-printery-tsvetnye-a4/kyocera-ecosys-p5021cdn/ HTTP/1.0" 200 56730 "-" "Mozilla/5.0 AppleWebKit/537.36 (KHTML, like Gecko; compatible; GeedoProductSearch; +http://www.geedo.com/product-search.html) Chrome/79.0.3945.88 Safari/537.36"
83.99.151.64 - - [11/Apr/2024:12:39:46 +0300] "GET /kyocera/lazernye-printery-tsvetnye-a4/kyocera-ecosys-p5021cdn/tekhnicheskie-kharakteristiki/ HTTP/1.0" 200 53497 "-" "Mozilla/5.0 AppleWebKit/537.36 (KHTML, like Gecko; compatible; GeedoProductSearch; +http://www.geedo.com/product-search.html) Chrome/79.0.3945.88 Safari/537.36"
83.99.151.66 - - [11/Apr/2024:12:40:11 +0300] "GET /konica-minolta/kopiry-i-mfu-cherno-belye-a3/konica-minolta-bizhub-308e/reviews/ HTTP/1.0" 200 51961 "-" "Mozilla/5.0 AppleWebKit/537.36 (KHTML, like Gecko; compatible; GeedoProductSearch; +http://www.geedo.com/product-search.html) Chrome/79.0.3945.88 Safari/537.36"
83.99.151.66 - - [11/Apr/2024:12:40:36 +0300] "GET /shop/ HTTP/1.0" 200 52097 "-" "Mozilla/5.0 AppleWebKit/537.36 (KHTML, like Gecko; compatible; GeedoProductSearch; +http://www.geedo.com/product-search.html) Chrome/79.0.3945.88 Safari/537.36"
83.99.151.64 - - [11/Apr/2024:12:42:11 +0300] "GET /kyocera/kopiry-i-mfu-cherno-belye-a4/kyocera-ecosys-m2640idw/tekhnicheskie-kharakteristiki/ HTTP/1.0" 200 54561 "-" "Mozilla/5.0 AppleWebKit/537.36 (KHTML, like Gecko; compatible; GeedoProductSearch; +http://www.geedo.com/product-search.html) Chrome/79.0.3945.88 Safari/537.36"
83.99.151.64 - - [11/Apr/2024:12:42:36 +0300] "GET /kyocera/kopiry-i-mfu-tsvetnye-a4/kyocera-ecosys-m6630cidn/ HTTP/1.0" 200 59272 "-" "Mozilla/5.0 AppleWebKit/537.36 (KHTML, like Gecko; compatible; GeedoProductSearch; +http://www.geedo.com/product-search.html) Chrome/79.0.3945.88 Safari/537.36"
83.99.151.67 - - [11/Apr/2024:12:43:01 +0300] "GET /kip/printery/tsvetnoe-shirokoformatnoe-mfu-kip-990/tekhnicheskie-kharakteristiki/ HTTP/1.0" 200 53325 "-" "Mozilla/5.0 AppleWebKit/537.36 (KHTML, like Gecko; compatible; GeedoProductSearch; +http://www.geedo.com/product-search.html) Chrome/79.0.3945.88 Safari/537.36"
83.99.151.69 - - [11/Apr/2024:12:43:26 +0300] "GET /konica-minolta/kopiry-i-mfu-tsvetnye-a3/konica-minolta-bizhub-c458/ HTTP/1.0" 200 58909 "-" "Mozilla/5.0 AppleWebKit/537.36 (KHTML, like Gecko; compatible; GeedoProductSearch; +http://www.geedo.com/product-search.html) Chrome/79.0.3945.88 Safari/537.36"
83.99.151.64 - - [11/Apr/2024:12:43:51 +0300] "GET /foto/photo/konika-saharovgnimr/ HTTP/1.0" 200 18412 "-" "Mozilla/5.0 AppleWebKit/537.36 (KHTML, like Gecko; compatible; GeedoProductSearch; +http://www.geedo.com/product-search.html) Chrome/79.0.3945.88 Safari/537.36"
83.99.151.64 - - [11/Apr/2024:12:44:17 +0300] "GET /kyocera/kopiry-i-mfu-cherno-belye-a4/kyocera-fs-1125mfp/ HTTP/1.0" 200 56450 "-" "Mozilla/5.0 AppleWebKit/537.36 (KHTML, like Gecko; compatible; GeedoProductSearch; +http://www.geedo.com/product-search.html) Chrome/79.0.3945.88 Safari/537.36"
83.99.151.69 - - [11/Apr/2024:12:45:10 +0300] "GET /foto/photo/-konica-minolta/ HTTP/1.0" 200 17720 "-" "Mozilla/5.0 AppleWebKit/537.36 (KHTML, like Gecko; compatible; GeedoProductSearch; +http://www.geedo.com/product-search.html) Chrome/79.0.3945.88 Safari/537.36"
78.138.188.240 - - [11/Apr/2024:12:45:33 +0300] "POST /%20target=_blank%20rel=%20noopener%20noreferrer%20%3Ewww.%D0%B4%D0%BE%D0%BA%D1%82%D0%BE%D1%80%D0%BE%D1%84%D0%B8%D1%81.%D1%80%D1%84%C2%A0%EF%BF%BC HTTP/1.0" 301 372 "-" "okhttp/4.11.0"
78.138.188.240 - - [11/Apr/2024:12:45:34 +0300] "POST /%20target=_blank%20rel=%20noopener%20noreferrer%20%3Ewww.%D0%B4%D0%BE%D0%BA%D1%82%D0%BE%D1%80%D0%BE%D1%84%D0%B8%D1%81.%D1%80%D1%84%C2%A0%EF%BF%BC HTTP/1.0" 301 625 "-" "okhttp/4.11.0"
83.99.151.69 - - [11/Apr/2024:12:45:35 +0300] "GET /konica-minolta/kopiry-i-mfu-tsvetnye-a4/konica-minolta-bizhub-c3320i/reviews/ HTTP/1.0" 200 51951 "-" "Mozilla/5.0 AppleWebKit/537.36 (KHTML, like Gecko; compatible; GeedoProductSearch; +http://www.geedo.com/product-search.html) Chrome/79.0.3945.88 Safari/537.36"
83.99.151.69 - - [11/Apr/2024:12:46:01 +0300] "GET /kyocera/lazernye-printery-tsvetnye-a4/kyocera-ecosys-p6235cdn/tekhnicheskie-kharakteristiki/ HTTP/1.0" 200 54154 "-" "Mozilla/5.0 AppleWebKit/537.36 (KHTML, like Gecko; compatible; GeedoProductSearch; +http://www.geedo.com/product-search.html) Chrome/79.0.3945.88 Safari/537.36"
83.99.151.69 - - [11/Apr/2024:12:46:25 +0300] "GET /kyocera/kopiry-i-mfu-cherno-belye-a4/kyocera-m3860idn/tekhnicheskie-kharakteristiki/ HTTP/1.0" 200 53212 "-" "Mozilla/5.0 AppleWebKit/537.36 (KHTML, like Gecko; compatible; GeedoProductSearch; +http://www.geedo.com/product-search.html) Chrome/79.0.3945.88 Safari/537.36"
83.99.151.69 - - [11/Apr/2024:12:46:50 +0300] "GET /magazin/hp-canon/zip/rc1-0939-rl1-1524-tormoznaya-ploshchadka-iz-ruchnoy-podachi-hp-lj-p3015-m2727-p2015-p3005-o/ HTTP/1.0" 200 53705 "-" "Mozilla/5.0 AppleWebKit/537.36 (KHTML, like Gecko; compatible; GeedoProductSearch; +http://www.geedo.com/product-search.html) Chrome/79.0.3945.88 Safari/537.36"
123.186.76.75 - - [11/Apr/2024:12:47:08 +0300] "GET / HTTP/1.0" 200 52651 "-" "Mozilla/5.0 (Macintosh; Intel Mac OS X 10_10) AppleWebKit/537.36 (KHTML, like Gecko) Chrome/41.0.2228.0 Safari/537.36"
123.186.76.75 - - [11/Apr/2024:12:47:09 +0300] "GET /magazin/kyocera/zip_1/ HTTP/1.0" 200 230053 "-" "Go-http-client/1.1"
83.99.151.71 - - [11/Apr/2024:12:47:44 +0300] "GET /konica-minolta/kopiry-i-mfu-tsvetnye-a3/konica-minolta-accuriopress-c3080/reviews/ HTTP/1.0" 200 51969 "-" "Mozilla/5.0 AppleWebKit/537.36 (KHTML, like Gecko; compatible; GeedoProductSearch; +http://www.geedo.com/product-search.html) Chrome/79.0.3945.88 Safari/537.36"
123.186.76.75 - - [11/Apr/2024:12:47:49 +0300] "GET /servis/ HTTP/1.0" 200 227816 "-" "Go-http-client/1.1"
83.99.151.71 - - [11/Apr/2024:12:48:06 +0300] "GET /konica-minolta/kopiry-i-mfu-cherno-belye-a3/konica-minolta-bizhub-226/ HTTP/1.0" 200 56737 "-" "Mozilla/5.0 AppleWebKit/537.36 (KHTML, like Gecko; compatible; GeedoProductSearch; +http://www.geedo.com/product-search.html) Chrome/79.0.3945.88 Safari/537.36"
83.99.151.71 - - [11/Apr/2024:12:48:30 +0300] "GET /kip/dopolnitelnoe-oborudovanie/faltsovshchik-kipfold-1600/ HTTP/1.0" 200 56909 "-" "Mozilla/5.0 AppleWebKit/537.36 (KHTML, like Gecko; compatible; GeedoProductSearch; +http://www.geedo.com/product-search.html) Chrome/79.0.3945.88 Safari/537.36"
83.99.151.71 - - [11/Apr/2024:12:48:55 +0300] "GET /kyocera/kopiry-i-mfu-cherno-belye-a4/kyocera-ecosys-m3645idn/tekhnicheskie-kharakteristiki/ HTTP/1.0" 200 55573 "-" "Mozilla/5.0 AppleWebKit/537.36 (KHTML, like Gecko; compatible; GeedoProductSearch; +http://www.geedo.com/product-search.html) Chrome/79.0.3945.88 Safari/537.36"
83.99.151.70 - - [11/Apr/2024:12:49:23 +0300] "GET /konica-minolta/kopiry-i-mfu-cherno-belye-a3/konica-minolta-bizhub-227/ HTTP/1.0" 200 58676 "-" "Mozilla/5.0 AppleWebKit/537.36 (KHTML, like Gecko; compatible; GeedoProductSearch; +http://www.geedo.com/product-search.html) Chrome/79.0.3945.88 Safari/537.36"
83.99.151.71 - - [11/Apr/2024:12:49:45 +0300] "GET /foto/photo/kyocera5/ HTTP/1.0" 200 17380 "-" "Mozilla/5.0 AppleWebKit/537.36 (KHTML, like Gecko; compatible; GeedoProductSearch; +http://www.geedo.com/product-search.html) Chrome/79.0.3945.88 Safari/537.36"
83.99.151.67 - - [11/Apr/2024:12:50:49 +0300] "GET /foto/photo/sert2-kon19/ HTTP/1.0" 200 18813 "-" "Mozilla/5.0 AppleWebKit/537.36 (KHTML, like Gecko; compatible; GeedoProductSearch; +http://www.geedo.com/product-search.html) Chrome/79.0.3945.88 Safari/537.36"
83.99.151.67 - - [11/Apr/2024:12:51:11 +0300] "GET /kyocera/lazernye-printery-tsvetnye-a4/kyocera-ecosys-p5026cdw/ HTTP/1.0" 200 56230 "-" "Mozilla/5.0 AppleWebKit/537.36 (KHTML, like Gecko; compatible; GeedoProductSearch; +http://www.geedo.com/product-search.html) Chrome/79.0.3945.88 Safari/537.36"
83.99.151.65 - - [11/Apr/2024:12:51:36 +0300] "GET /kip/dopolnitelnoe-oborudovanie/faltsovshchik-kipfold-1700/tekhnicheskie-kharakteristiki/ HTTP/1.0" 200 51130 "-" "Mozilla/5.0 AppleWebKit/537.36 (KHTML, like Gecko; compatible; GeedoProductSearch; +http://www.geedo.com/product-search.html) Chrome/79.0.3945.88 Safari/537.36"
83.99.151.67 - - [11/Apr/2024:12:52:01 +0300] "GET /foto/photo/doc00056820240216052808_page-0001-222/ HTTP/1.0" 200 16778 "-" "Mozilla/5.0 AppleWebKit/537.36 (KHTML, like Gecko; compatible; GeedoProductSearch; +http://www.geedo.com/product-search.html) Chrome/79.0.3945.88 Safari/537.36"
83.99.151.67 - - [11/Apr/2024:12:52:26 +0300] "GET /magazin/kyocera/zip_1/cet7806bpt-302hn06080-rezinka-rolika-zakhvata-bumagi-kyocera/ HTTP/1.0" 200 53520 "-" "Mozilla/5.0 AppleWebKit/537.36 (KHTML, like Gecko; compatible; GeedoProductSearch; +http://www.geedo.com/product-search.html) Chrome/79.0.3945.88 Safari/537.36"
83.99.151.67 - - [11/Apr/2024:12:52:51 +0300] "GET /kyocera/lazernye-printery-cherno-belye-a3/kyocera-p4060dn/ HTTP/1.0" 200 55513 "-" "Mozilla/5.0 AppleWebKit/537.36 (KHTML, like Gecko; compatible; GeedoProductSearch; +http://www.geedo.com/product-search.html) Chrome/79.0.3945.88 Safari/537.36"
83.99.151.66 - - [11/Apr/2024:12:53:49 +0300] "GET /konica-minolta/kopiry-i-mfu-cherno-belye-a3/konica-minolta-bizhub-658e/ HTTP/1.0" 200 59232 "-" "Mozilla/5.0 AppleWebKit/537.36 (KHTML, like Gecko; compatible; GeedoProductSearch; +http://www.geedo.com/product-search.html) Chrome/79.0.3945.88 Safari/537.36"
83.99.151.66 - - [11/Apr/2024:12:54:13 +0300] "GET /konica-minolta/kopiry-i-mfu-tsvetnye-a3/konica-minolta-bizhub-c300i/tekhnicheskie-kharakteristiki/ HTTP/1.0" 200 53721 "-" "Mozilla/5.0 AppleWebKit/537.36 (KHTML, like Gecko; compatible; GeedoProductSearch; +http://www.geedo.com/product-search.html) Chrome/79.0.3945.88 Safari/537.36"
83.99.151.66 - - [11/Apr/2024:12:54:38 +0300] "GET /kyocera/kopiry-i-mfu-tsvetnye-a3/kyocera-ecosys-m8124cidn/tekhnicheskie-kharakteristiki/ HTTP/1.0" 200 55494 "-" "Mozilla/5.0 AppleWebKit/537.36 (KHTML, like Gecko; compatible; GeedoProductSearch; +http://www.geedo.com/product-search.html) Chrome/79.0.3945.88 Safari/537.36"
83.99.151.66 - - [11/Apr/2024:12:55:03 +0300] "GET /magazin/samsung-xerox/zip_3/rolik-zakhvata-v-sbore-bez-osi-samsung-ml-1910-jc93-00087a/ HTTP/1.0" 200 53500 "-" "Mozilla/5.0 AppleWebKit/537.36 (KHTML, like Gecko; compatible; GeedoProductSearch; +http://www.geedo.com/product-search.html) Chrome/79.0.3945.88 Safari/537.36"
83.99.151.66 - - [11/Apr/2024:12:55:28 +0300] "GET /konica-minolta/kopiry-i-mfu-tsvetnye-a4/konica-minolta-bizhub-c3320i/ HTTP/1.0" 200 57104 "-" "Mozilla/5.0 AppleWebKit/537.36 (KHTML, like Gecko; compatible; GeedoProductSearch; +http://www.geedo.com/product-search.html) Chrome/79.0.3945.88 Safari/537.36"
83.99.151.66 - - [11/Apr/2024:12:55:53 +0300] "GET /konica-minolta/kopiry-i-mfu-cherno-belye-a4/konica-minolta-bizhub-4752/ HTTP/1.0" 200 57915 "-" "Mozilla/5.0 AppleWebKit/537.36 (KHTML, like Gecko; compatible; GeedoProductSearch; +http://www.geedo.com/product-search.html) Chrome/79.0.3945.88 Safari/537.36"
66.249.66.81 - - [11/Apr/2024:12:56:34 +0300] "GET / HTTP/1.0" 200 52651 "-" "Mozilla/5.0 (compatible; Googlebot/2.1; +http://www.google.com/bot.html)"
66.249.66.77 - - [11/Apr/2024:12:56:42 +0300] "GET /robots.txt HTTP/1.0" 301 237 "-" "Mozilla/5.0 (compatible; Googlebot/2.1; +http://www.google.com/bot.html)"
66.249.78.37 - - [11/Apr/2024:12:56:42 +0300] "GET /images/logo-m-do.png HTTP/1.0" 404 493 "-" "Googlebot-Image/1.0"
66.249.66.82 - - [11/Apr/2024:12:56:43 +0300] "GET /robots.txt HTTP/1.0" 200 293 "-" "Mozilla/5.0 (compatible; Googlebot/2.1; +http://www.google.com/bot.html)"
66.249.66.76 - - [11/Apr/2024:12:56:44 +0300] "GET /images/logo-m-do.png HTTP/1.0" 404 489 "-" "Googlebot-Image/1.0"
83.99.151.71 - - [11/Apr/2024:12:56:44 +0300] "GET /kyocera/lazernye-printery-cherno-belye-a4/kyocera-ecosys-p3260dn/tekhnicheskie-kharakteristiki/ HTTP/1.0" 200 51671 "-" "Mozilla/5.0 AppleWebKit/537.36 (KHTML, like Gecko; compatible; GeedoProductSearch; +http://www.geedo.com/product-search.html) Chrome/79.0.3945.88 Safari/537.36"
83.99.151.71 - - [11/Apr/2024:12:57:08 +0300] "GET /magazin/chip/chip-k-zha-tk-5240-y-kyocera-p5026-m5526-3k-yellow-unitech/ HTTP/1.0" 200 53398 "-" "Mozilla/5.0 AppleWebKit/537.36 (KHTML, like Gecko; compatible; GeedoProductSearch; +http://www.geedo.com/product-search.html) Chrome/79.0.3945.88 Safari/537.36"
83.99.151.71 - - [11/Apr/2024:12:57:33 +0300] "GET /magazin/brother/kartridzhi/toner-kartridzh-tn-2375-tn-2335-dlya-brother-hl-l2300-2305-2320-2340-2360-2-6k-neorig/ HTTP/1.0" 200 53485 "-" "Mozilla/5.0 AppleWebKit/537.36 (KHTML, like Gecko; compatible; GeedoProductSearch; +http://www.geedo.com/product-search.html) Chrome/79.0.3945.88 Safari/537.36"
83.99.151.71 - - [11/Apr/2024:12:57:58 +0300] "GET /kyocera/lazernye-printery-cherno-belye-a4/ HTTP/1.0" 200 52626 "-" "Mozilla/5.0 AppleWebKit/537.36 (KHTML, like Gecko; compatible; GeedoProductSearch; +http://www.geedo.com/product-search.html) Chrome/79.0.3945.88 Safari/537.36"
27.44.203.5 - - [11/Apr/2024:12:58:16 +0300] "GET /components/com_jshopping/files/img_products/thumb_18.jpg HTTP/1.0" 404 525 "-" "Mozilla/5.0 (X11; Ubuntu; Linux x86_64; rv:72.0) Gecko/20100101 Firefox/72.0"
27.44.203.5 - - [11/Apr/2024:12:58:17 +0300] "GET /components/com_jshopping/files/img_products/thumb_18.jpg HTTP/1.0" 404 525 "-" "Mozilla/5.0 (X11; Ubuntu; Linux x86_64; rv:72.0) Gecko/20100101 Firefox/72.0"
27.44.203.5 - - [11/Apr/2024:12:58:17 +0300] "GET /components/com_jshopping/files/img_products/thumb_18.jpg HTTP/1.0" 404 525 "-" "Mozilla/5.0 (X11; Ubuntu; Linux x86_64; rv:72.0) Gecko/20100101 Firefox/72.0"
83.99.151.71 - - [11/Apr/2024:12:58:23 +0300] "GET /kyocera/kopiry-i-mfu-tsvetnye-a3/kyocera-taskalfa-3253ci/tekhnicheskie-kharakteristiki/ HTTP/1.0" 200 56435 "-" "Mozilla/5.0 AppleWebKit/537.36 (KHTML, like Gecko; compatible; GeedoProductSearch; +http://www.geedo.com/product-search.html) Chrome/79.0.3945.88 Safari/537.36"
83.99.151.71 - - [11/Apr/2024:12:58:49 +0300] "GET /magazin/kyocera/zip_1/cet8856-komplekt-rolikov-2ar07230-2ar07220-2bj06010-2ar07240-dlya-kyocera-cet8856/ HTTP/1.0" 200 53573 "-" "Mozilla/5.0 AppleWebKit/537.36 (KHTML, like Gecko; compatible; GeedoProductSearch; +http://www.geedo.com/product-search.html) Chrome/79.0.3945.88 Safari/537.36"
54.36.148.5 - - [11/Apr/2024:12:58:52 +0300] "GET /magazin/brother/ HTTP/1.0" 200 52049 "-" "Mozilla/5.0 (compatible; AhrefsBot/7.0; +http://ahrefs.com/robot/)"
83.99.151.66 - - [11/Apr/2024:12:59:36 +0300] "GET /kyocera/lazernye-printery-tsvetnye-a4/kyocera-ecosys-p6230cdn/ HTTP/1.0" 200 57301 "-" "Mozilla/5.0 AppleWebKit/537.36 (KHTML, like Gecko; compatible; GeedoProductSearch; +http://www.geedo.com/product-search.html) Chrome/79.0.3945.88 Safari/537.36"
83.99.151.66 - - [11/Apr/2024:13:00:02 +0300] "GET /kyocera/lazernye-printery-cherno-belye-a4/kyocera-ecosys-p2040dn/ HTTP/1.0" 200 56674 "-" "Mozilla/5.0 AppleWebKit/537.36 (KHTML, like Gecko; compatible; GeedoProductSearch; +http://www.geedo.com/product-search.html) Chrome/79.0.3945.88 Safari/537.36"
83.99.151.69 - - [11/Apr/2024:13:00:26 +0300] "GET /foto/photo/doc02794820230524043522/ HTTP/1.0" 200 17901 "-" "Mozilla/5.0 AppleWebKit/537.36 (KHTML, like Gecko; compatible; GeedoProductSearch; +http://www.geedo.com/product-search.html) Chrome/79.0.3945.88 Safari/537.36"
83.99.151.66 - - [11/Apr/2024:13:00:51 +0300] "GET /424/ HTTP/1.0" 200 52797 "-" "Mozilla/5.0 AppleWebKit/537.36 (KHTML, like Gecko; compatible; GeedoProductSearch; +http://www.geedo.com/product-search.html) Chrome/79.0.3945.88 Safari/537.36"
3.85.152.114 - - [11/Apr/2024:13:01:01 +0300] "GET /components/com_jshopping/files/img_products/thumb_192.jpg HTTP/1.0" 404 530 "-" "Mozilla/5.0 (X11; Ubuntu; Linux x86_64; rv:72.0) Gecko/20100101 Firefox/72.0"
83.99.151.66 - - [11/Apr/2024:13:01:16 +0300] "GET /foto/photo/doc02795020230524043601/ HTTP/1.0" 200 17703 "-" "Mozilla/5.0 AppleWebKit/537.36 (KHTML, like Gecko; compatible; GeedoProductSearch; +http://www.geedo.com/product-search.html) Chrome/79.0.3945.88 Safari/537.36"
83.99.151.66 - - [11/Apr/2024:13:01:42 +0300] "GET /konica-minolta/kopiry-i-mfu-tsvetnye-a3/konica-minolta-bizhub-c300i/ HTTP/1.0" 200 57934 "-" "Mozilla/5.0 AppleWebKit/537.36 (KHTML, like Gecko; compatible; GeedoProductSearch; +http://www.geedo.com/product-search.html) Chrome/79.0.3945.88 Safari/537.36"
83.99.151.64 - - [11/Apr/2024:13:02:35 +0300] "GET /magazin/hp-canon/toner/toner-dlya-hp-color-lj-cp-2025-cm-2320-cp-1215-cp-1025-fl-80-sin-chemical-atm/ HTTP/1.0" 200 53544 "-" "Mozilla/5.0 AppleWebKit/537.36 (KHTML, like Gecko; compatible; GeedoProductSearch; +http://www.geedo.com/product-search.html) Chrome/79.0.3945.88 Safari/537.36"
3.85.152.114 - - [11/Apr/2024:13:02:56 +0300] "GET /components/com_jshopping/files/img_products/thumb_41.jpg HTTP/1.0" 404 525 "-" "Mozilla/5.0 (X11; Ubuntu; Linux x86_64; rv:72.0) Gecko/20100101 Firefox/72.0"
83.99.151.64 - - [11/Apr/2024:13:03:00 +0300] "GET /kyocera/kopiry-i-mfu-cherno-belye-a4/kyocera-ecosys-m2040dn/tekhnicheskie-kharakteristiki/ HTTP/1.0" 200 54358 "-" "Mozilla/5.0 AppleWebKit/537.36 (KHTML, like Gecko; compatible; GeedoProductSearch; +http://www.geedo.com/product-search.html) Chrome/79.0.3945.88 Safari/537.36"
83.99.151.64 - - [11/Apr/2024:13:03:25 +0300] "GET /kip/ HTTP/1.0" 200 50758 "-" "Mozilla/5.0 AppleWebKit/537.36 (KHTML, like Gecko; compatible; GeedoProductSearch; +http://www.geedo.com/product-search.html) Chrome/79.0.3945.88 Safari/537.36"
83.99.151.64 - - [11/Apr/2024:13:03:50 +0300] "GET /kyocera/lazernye-printery-cherno-belye-a4/kyocera-ecosys-p2335dn/ HTTP/1.0" 200 56094 "-" "Mozilla/5.0 AppleWebKit/537.36 (KHTML, like Gecko; compatible; GeedoProductSearch; +http://www.geedo.com/product-search.html) Chrome/79.0.3945.88 Safari/537.36"
66.249.66.81 - - [11/Apr/2024:13:04:03 +0300] "GET / HTTP/1.0" 200 48477 "-" "Mozilla/5.0 (Linux; Android 6.0.1; Nexus 5X Build/MMB29P) AppleWebKit/537.36 (KHTML, like Gecko) Chrome/122.0.6261.94 Mobile Safari/537.36 (compatible; Googlebot/2.1; +http://www.google.com/bot.html)"
83.99.151.64 - - [11/Apr/2024:13:04:15 +0300] "GET /kyocera/kopiry-i-mfu-tsvetnye-a4/kyocera-m6235cidn/ HTTP/1.0" 200 57409 "-" "Mozilla/5.0 AppleWebKit/537.36 (KHTML, like Gecko; compatible; GeedoProductSearch; +http://www.geedo.com/product-search.html) Chrome/79.0.3945.88 Safari/537.36"
83.99.151.69 - - [11/Apr/2024:13:04:40 +0300] "GET /site/ HTTP/1.0" 404 184726 "-" "Mozilla/5.0 AppleWebKit/537.36 (KHTML, like Gecko; compatible; GeedoProductSearch; +http://www.geedo.com/product-search.html) Chrome/79.0.3945.88 Safari/537.36"
83.99.151.64 - - [11/Apr/2024:13:05:28 +0300] "GET /kyocera/kopiry-i-mfu-cherno-belye-a4/kyocera-ecosys-m2040dn/reviews/ HTTP/1.0" 200 51987 "-" "Mozilla/5.0 AppleWebKit/537.36 (KHTML, like Gecko; compatible; GeedoProductSearch; +http://www.geedo.com/product-search.html) Chrome/79.0.3945.88 Safari/537.36"
3.85.152.114 - - [11/Apr/2024:13:05:33 +0300] "GET /components/com_jshopping/files/img_products/thumb_1.jpeg HTTP/1.0" 404 525 "-" "Mozilla/5.0 (X11; Ubuntu; Linux x86_64; rv:72.0) Gecko/20100101 Firefox/72.0"
83.99.151.64 - - [11/Apr/2024:13:05:53 +0300] "GET /magazin/pantum/zip_2/ HTTP/1.0" 200 51972 "-" "Mozilla/5.0 AppleWebKit/537.36 (KHTML, like Gecko; compatible; GeedoProductSearch; +http://www.geedo.com/product-search.html) Chrome/79.0.3945.88 Safari/537.36"
83.99.151.64 - - [11/Apr/2024:13:06:18 +0300] "GET /kip/printery-cherno-belye/mnogofunktsionalnaya-monokhromnaya-sistema-kip-7990/tekhnicheskie-kharakteristiki/ HTTP/1.0" 200 53120 "-" "Mozilla/5.0 AppleWebKit/537.36 (KHTML, like Gecko; compatible; GeedoProductSearch; +http://www.geedo.com/product-search.html) Chrome/79.0.3945.88 Safari/537.36"
92.255.255.201 - - [11/Apr/2024:13:06:35 +0300] "POST /%20target=_blank%20rel=%20noopener%20noreferrer%20%3Ewww.%D0%B4%D0%BE%D0%BA%D1%82%D0%BE%D1%80%D0%BE%D1%84%D0%B8%D1%81.%D1%80%D1%84%C2%A0%EF%BF%BC HTTP/1.0" 301 372 "-" "okhttp/4.11.0"
92.255.255.201 - - [11/Apr/2024:13:06:36 +0300] "POST /%20target=_blank%20rel=%20noopener%20noreferrer%20%3Ewww.%D0%B4%D0%BE%D0%BA%D1%82%D0%BE%D1%80%D0%BE%D1%84%D0%B8%D1%81.%D1%80%D1%84%C2%A0%EF%BF%BC HTTP/1.0" 301 625 "-" "okhttp/4.11.0"
83.99.151.64 - - [11/Apr/2024:13:06:43 +0300] "GET /magazin/kyocera/kartridzhi_2/toner-kartridzh-hi-black-hb-tk-1120-dlya-kyocera-fs-1610dn-1025mfp-1125mfp-3k/ HTTP/1.0" 200 53559 "-" "Mozilla/5.0 AppleWebKit/537.36 (KHTML, like Gecko; compatible; GeedoProductSearch; +http://www.geedo.com/product-search.html) Chrome/79.0.3945.88 Safari/537.36"
83.99.151.64 - - [11/Apr/2024:13:07:08 +0300] "GET /kip/printery-cherno-belye/mnogofunktsionalnaya-monokhromnaya-sistema-kip-7170/ HTTP/1.0" 200 60082 "-" "Mozilla/5.0 AppleWebKit/537.36 (KHTML, like Gecko; compatible; GeedoProductSearch; +http://www.geedo.com/product-search.html) Chrome/79.0.3945.88 Safari/537.36"
83.99.151.64 - - [11/Apr/2024:13:07:33 +0300] "GET /kyocera/kopiry-i-mfu-tsvetnye-a4/kyocera-m5526cdn/tekhnicheskie-kharakteristiki/ HTTP/1.0" 200 50495 "-" "Mozilla/5.0 AppleWebKit/537.36 (KHTML, like Gecko; compatible; GeedoProductSearch; +http://www.geedo.com/product-search.html) Chrome/79.0.3945.88 Safari/537.36"
83.99.151.65 - - [11/Apr/2024:13:08:23 +0300] "GET /443/ HTTP/1.0" 200 52760 "-" "Mozilla/5.0 AppleWebKit/537.36 (KHTML, like Gecko; compatible; GeedoProductSearch; +http://www.geedo.com/product-search.html) Chrome/79.0.3945.88 Safari/537.36"
5.255.231.13 - - [11/Apr/2024:13:08:27 +0300] "GET /robots.txt HTTP/1.0" 200 453 "-" "Mozilla/5.0 (compatible; YandexBot/3.0; +http://yandex.com/bots)"
5.255.231.115 - - [11/Apr/2024:13:08:28 +0300] "GET /prodazha/konica-minolta/kopiry-i-mfu-cherno-belye-a3/product/view/23/221 HTTP/1.0" 301 417 "-" "Mozilla/5.0 (compatible; YandexBot/3.0; +http://yandex.com/bots)"
5.255.231.120 - - [11/Apr/2024:13:08:28 +0300] "GET /prodazha/konica-minolta/kopiry-i-mfu-cherno-belye-a3/product/view/23/221/ HTTP/1.0" 404 186617 "-" "Mozilla/5.0 (compatible; YandexBot/3.0; +http://yandex.com/bots)"
83.99.151.65 - - [11/Apr/2024:13:08:48 +0300] "GET /foto/photo/kuznetsov_oleg_taskalfa_2553ci3253ci4053ci5053ci6053ci5003i6003i_20200427/ HTTP/1.0" 200 19266 "-" "Mozilla/5.0 AppleWebKit/537.36 (KHTML, like Gecko; compatible; GeedoProductSearch; +http://www.geedo.com/product-search.html) Chrome/79.0.3945.88 Safari/537.36"
3.85.152.114 - - [11/Apr/2024:13:09:12 +0300] "GET /components/com_jshopping/files/img_products/thumb_1112.jpg HTTP/1.0" 404 531 "-" "Mozilla/5.0 (X11; Ubuntu; Linux x86_64; rv:72.0) Gecko/20100101 Firefox/72.0"
83.99.151.66 - - [11/Apr/2024:13:09:13 +0300] "GET /kyocera/lazernye-printery-cherno-belye-a3/kyocera-p4040dn/ HTTP/1.0" 200 55773 "-" "Mozilla/5.0 AppleWebKit/537.36 (KHTML, like Gecko; compatible; GeedoProductSearch; +http://www.geedo.com/product-search.html) Chrome/79.0.3945.88 Safari/537.36"
83.99.151.70 - - [11/Apr/2024:13:09:39 +0300] "GET /konica-minolta/kopiry-i-mfu-tsvetnye-a3/konica-minolta-bizhub-c227/ HTTP/1.0" 200 58627 "-" "Mozilla/5.0 AppleWebKit/537.36 (KHTML, like Gecko; compatible; GeedoProductSearch; +http://www.geedo.com/product-search.html) Chrome/79.0.3945.88 Safari/537.36"
83.99.151.65 - - [11/Apr/2024:13:10:03 +0300] "GET /konica-minolta/kopiry-i-mfu-tsvetnye-a3/konica-minolta-bizhub-c658/ HTTP/1.0" 200 59004 "-" "Mozilla/5.0 AppleWebKit/537.36 (KHTML, like Gecko; compatible; GeedoProductSearch; +http://www.geedo.com/product-search.html) Chrome/79.0.3945.88 Safari/537.36"
83.99.151.70 - - [11/Apr/2024:13:10:28 +0300] "GET /kyocera/kopiry-i-mfu-cherno-belye-a4/kyocera-ecosys-m3645idn/ HTTP/1.0" 200 59140 "-" "Mozilla/5.0 AppleWebKit/537.36 (KHTML, like Gecko; compatible; GeedoProductSearch; +http://www.geedo.com/product-search.html) Chrome/79.0.3945.88 Safari/537.36"
83.99.151.69 - - [11/Apr/2024:13:11:17 +0300] "GET /zayavka-na-zapravku/ HTTP/1.0" 200 54449 "-" "Mozilla/5.0 AppleWebKit/537.36 (KHTML, like Gecko; compatible; GeedoProductSearch; +http://www.geedo.com/product-search.html) Chrome/79.0.3945.88 Safari/537.36"
83.99.151.68 - - [11/Apr/2024:13:11:43 +0300] "GET /foto/photo/bigaschew_rustem_fs-10401060dn__fs-1020102511201125mfp_ecosys_p314550553260dn__m314536455560idn__ecosys_m41254132idn__taskalfa-1800180122002201_ecosys_p22352040dnw__213526352735204025402640dn_20200430/ HTTP/1.0" 200 19528 "-" "Mozilla/5.0 AppleWebKit/537.36 (KHTML, like Gecko; compatible; GeedoProductSearch; +http://www.geedo.com/product-search.html) Chrome/79.0.3945.88 Safari/537.36"
83.99.151.67 - - [11/Apr/2024:13:12:07 +0300] "GET /kyocera/kopiry-i-mfu-cherno-belye-a3/kyocera-taskalfa-2200/tekhnicheskie-kharakteristiki/ HTTP/1.0" 200 53262 "-" "Mozilla/5.0 AppleWebKit/537.36 (KHTML, like Gecko; compatible; GeedoProductSearch; +http://www.geedo.com/product-search.html) Chrome/79.0.3945.88 Safari/537.36"
83.99.151.69 - - [11/Apr/2024:13:12:32 +0300] "GET /kyocera/kopiry-i-mfu-tsvetnye-a4/kyocera-ecosys-m5521cdn/tekhnicheskie-kharakteristiki/ HTTP/1.0" 200 54894 "-" "Mozilla/5.0 AppleWebKit/537.36 (KHTML, like Gecko; compatible; GeedoProductSearch; +http://www.geedo.com/product-search.html) Chrome/79.0.3945.88 Safari/537.36"
83.99.151.69 - - [11/Apr/2024:13:12:57 +0300] "GET /kyocera/lazernye-printery-cherno-belye-a4/kyocera-ecosys-p2040dw/tekhnicheskie-kharakteristiki/ HTTP/1.0" 200 53439 "-" "Mozilla/5.0 AppleWebKit/537.36 (KHTML, like Gecko; compatible; GeedoProductSearch; +http://www.geedo.com/product-search.html) Chrome/79.0.3945.88 Safari/537.36"
83.99.151.69 - - [11/Apr/2024:13:13:23 +0300] "GET /kip/printery-cherno-belye/mnogofunktsionalnaya-monokhromnaya-sistema-kip-7980/ HTTP/1.0" 200 59674 "-" "Mozilla/5.0 AppleWebKit/537.36 (KHTML, like Gecko; compatible; GeedoProductSearch; +http://www.geedo.com/product-search.html) Chrome/79.0.3945.88 Safari/537.36"
83.99.151.69 - - [11/Apr/2024:13:14:04 +0300] "GET /kip/dopolnitelnoe-oborudovanie/avtoukladchik-kip-900/ HTTP/1.0" 200 54524 "-" "Mozilla/5.0 AppleWebKit/537.36 (KHTML, like Gecko; compatible; GeedoProductSearch; +http://www.geedo.com/product-search.html) Chrome/79.0.3945.88 Safari/537.36"
83.99.151.69 - - [11/Apr/2024:13:14:29 +0300] "GET /konica-minolta/kopiry-i-mfu-cherno-belye-a3/konica-minolta-bizhub-185/ HTTP/1.0" 200 55510 "-" "Mozilla/5.0 AppleWebKit/537.36 (KHTML, like Gecko; compatible; GeedoProductSearch; +http://www.geedo.com/product-search.html) Chrome/79.0.3945.88 Safari/537.36"
83.99.151.67 - - [11/Apr/2024:13:14:54 +0300] "GET /kip/printery/tsvetnoy-shirokoformatnyy-printer-kip-850/20231128/ HTTP/1.0" 200 52303 "-" "Mozilla/5.0 AppleWebKit/537.36 (KHTML, like Gecko; compatible; GeedoProductSearch; +http://www.geedo.com/product-search.html) Chrome/79.0.3945.88 Safari/537.36"
83.99.151.69 - - [11/Apr/2024:13:15:19 +0300] "GET /magazin/pantum/zip_2/baraban-kitay-dlya-pantum-p2200-p2500w-s-shesterenkami/ HTTP/1.0" 200 53483 "-" "Mozilla/5.0 AppleWebKit/537.36 (KHTML, like Gecko; compatible; GeedoProductSearch; +http://www.geedo.com/product-search.html) Chrome/79.0.3945.88 Safari/537.36"
83.99.151.69 - - [11/Apr/2024:13:15:45 +0300] "GET /magazin/hp-canon/toner/toner-dlya-hp-color-lj-cp-2025-cm-2320-cp-1215-cp-1025-fl-80-kr-chemical-atm/ HTTP/1.0" 200 53542 "-" "Mozilla/5.0 AppleWebKit/537.36 (KHTML, like Gecko; compatible; GeedoProductSearch; +http://www.geedo.com/product-search.html) Chrome/79.0.3945.88 Safari/537.36"
83.99.151.69 - - [11/Apr/2024:13:16:09 +0300] "GET /kyocera/kopiry-i-mfu-tsvetnye-a3/kyocera-ecosys-m8124cidn/reviews/ HTTP/1.0" 200 51982 "-" "Mozilla/5.0 AppleWebKit/537.36 (KHTML, like Gecko; compatible; GeedoProductSearch; +http://www.geedo.com/product-search.html) Chrome/79.0.3945.88 Safari/537.36"
83.99.151.64 - - [11/Apr/2024:13:17:35 +0300] "GET /foto/photo/sert-002b/ HTTP/1.0" 200 18710 "-" "Mozilla/5.0 AppleWebKit/537.36 (KHTML, like Gecko; compatible; GeedoProductSearch; +http://www.geedo.com/product-search.html) Chrome/79.0.3945.88 Safari/537.36"
83.99.151.64 - - [11/Apr/2024:13:18:00 +0300] "GET /konica-minolta/kopiry-i-mfu-tsvetnye-a3/konica-minolta-bizhub-c360i/reviews/ HTTP/1.0" 200 51948 "-" "Mozilla/5.0 AppleWebKit/537.36 (KHTML, like Gecko; compatible; GeedoProductSearch; +http://www.geedo.com/product-search.html) Chrome/79.0.3945.88 Safari/537.36"
83.99.151.64 - - [11/Apr/2024:13:18:27 +0300] "GET /kip/printery/tsvetnoe-shirokoformatnoe-mfu-kip-860/ HTTP/1.0" 200 61369 "-" "Mozilla/5.0 AppleWebKit/537.36 (KHTML, like Gecko; compatible; GeedoProductSearch; +http://www.geedo.com/product-search.html) Chrome/79.0.3945.88 Safari/537.36"
83.99.151.64 - - [11/Apr/2024:13:18:50 +0300] "GET /kyocera/kopiry-i-mfu-cherno-belye-a4/kyocera-ecosys-m2640idw/reviews/ HTTP/1.0" 200 51991 "-" "Mozilla/5.0 AppleWebKit/537.36 (KHTML, like Gecko; compatible; GeedoProductSearch; +http://www.geedo.com/product-search.html) Chrome/79.0.3945.88 Safari/537.36"
83.99.151.64 - - [11/Apr/2024:13:19:15 +0300] "GET /kyocera/kopiry-i-mfu-tsvetnye-a3/kyocera-taskalfa-2553ci/tekhnicheskie-kharakteristiki/ HTTP/1.0" 200 56434 "-" "Mozilla/5.0 AppleWebKit/537.36 (KHTML, like Gecko; compatible; GeedoProductSearch; +http://www.geedo.com/product-search.html) Chrome/79.0.3945.88 Safari/537.36"
83.99.151.65 - - [11/Apr/2024:13:19:40 +0300] "GET /konica-minolta/kopiry-i-mfu-cherno-belye-a3/konica-minoltabizhub-pro-958/tekhnicheskie-kharakteristiki/ HTTP/1.0" 200 51588 "-" "Mozilla/5.0 AppleWebKit/537.36 (KHTML, like Gecko; compatible; GeedoProductSearch; +http://www.geedo.com/product-search.html) Chrome/79.0.3945.88 Safari/537.36"
83.99.151.66 - - [11/Apr/2024:13:21:07 +0300] "GET /konica-minolta/kopiry-i-mfu-cherno-belye-a3/konica-minolta-bizhub-287/ HTTP/1.0" 200 58396 "-" "Mozilla/5.0 AppleWebKit/537.36 (KHTML, like Gecko; compatible; GeedoProductSearch; +http://www.geedo.com/product-search.html) Chrome/79.0.3945.88 Safari/537.36"
83.99.151.66 - - [11/Apr/2024:13:21:32 +0300] "GET /magazin/kyocera/zip_1/cet7806-servisnyy-nabor-rolikov-dlya-kyocera/ HTTP/1.0" 200 53403 "-" "Mozilla/5.0 AppleWebKit/537.36 (KHTML, like Gecko; compatible; GeedoProductSearch; +http://www.geedo.com/product-search.html) Chrome/79.0.3945.88 Safari/537.36"
83.99.151.70 - - [11/Apr/2024:13:23:39 +0300] "GET /kip/printery/tsvetnoy-printer-dlya-sublimatsionnoy-transfertnoy-pechati-na-tekstile-kip-est-480/tekhnicheskie-kharakteristiki/ HTTP/1.0" 200 52061 "-" "Mozilla/5.0 AppleWebKit/537.36 (KHTML, like Gecko; compatible; GeedoProductSearch; +http://www.geedo.com/product-search.html) Chrome/79.0.3945.88 Safari/537.36"
83.99.151.66 - - [11/Apr/2024:13:24:03 +0300] "GET /kip/printery/tsvetnoe-shirokoformatnoe-mfu-kip-860/tekhnicheskie-kharakteristiki/ HTTP/1.0" 200 52968 "-" "Mozilla/5.0 AppleWebKit/537.36 (KHTML, like Gecko; compatible; GeedoProductSearch; +http://www.geedo.com/product-search.html) Chrome/79.0.3945.88 Safari/537.36"
83.99.151.70 - - [11/Apr/2024:13:24:27 +0300] "GET /kyocera/lazernye-printery-tsvetnye-a4/kyocera-ecosys-p5021cdw/reviews/ HTTP/1.0" 200 51976 "-" "Mozilla/5.0 AppleWebKit/537.36 (KHTML, like Gecko; compatible; GeedoProductSearch; +http://www.geedo.com/product-search.html) Chrome/79.0.3945.88 Safari/537.36"
216.244.66.233 - - [11/Apr/2024:13:24:45 +0300] "GET /robots.txt HTTP/1.0" 301 236 "-" "Mozilla/5.0 (compatible; DotBot/1.2; +https://opensiteexplorer.org/dotbot; help@moz.com)"
216.244.66.233 - - [11/Apr/2024:13:24:45 +0300] "GET /robots.txt HTTP/1.0" 301 237 "-" "Mozilla/5.0 (compatible; DotBot/1.2; +https://opensiteexplorer.org/dotbot; help@moz.com)"
216.244.66.233 - - [11/Apr/2024:13:24:46 +0300] "GET /robots.txt HTTP/1.0" 200 453 "-" "Mozilla/5.0 (compatible; DotBot/1.2; +https://opensiteexplorer.org/dotbot; help@moz.com)"
83.99.151.64 - - [11/Apr/2024:13:24:52 +0300] "GET /kyocera/lazernye-printery-tsvetnye-a4/kyocera-ecosys-p6235cdn/reviews/ HTTP/1.0" 200 51977 "-" "Mozilla/5.0 AppleWebKit/537.36 (KHTML, like Gecko; compatible; GeedoProductSearch; +http://www.geedo.com/product-search.html) Chrome/79.0.3945.88 Safari/537.36"
83.99.151.67 - - [11/Apr/2024:13:25:18 +0300] "GET /magazin/hp-canon/zip/cet3812-rezinovyy-val-hp-1022-3050-3052-3055-canon-mf4018-4150-rc1-3812-5582-5572-5573-cet3812/ HTTP/1.0" 200 53627 "-" "Mozilla/5.0 AppleWebKit/537.36 (KHTML, like Gecko; compatible; GeedoProductSearch; +http://www.geedo.com/product-search.html) Chrome/79.0.3945.88 Safari/537.36"
54.36.148.207 - - [11/Apr/2024:13:25:27 +0300] "GET /kyocera/kopiry-i-mfu-cherno-belye-a4/kyocera-m2835dw/ HTTP/1.0" 200 57427 "-" "Mozilla/5.0 (compatible; AhrefsBot/7.0; +http://ahrefs.com/robot/)"
83.99.151.66 - - [11/Apr/2024:13:25:42 +0300] "GET /magazin/samsung-xerox/zip_3/shesternya-teflonovogo-vala-hi-black-samsung-ml-1630-1910-2570-4725-4828-4824/ HTTP/1.0" 200 53564 "-" "Mozilla/5.0 AppleWebKit/537.36 (KHTML, like Gecko; compatible; GeedoProductSearch; +http://www.geedo.com/product-search.html) Chrome/79.0.3945.88 Safari/537.36"
34.222.198.77 - - [11/Apr/2024:13:26:44 +0300] "GET /components/com_jshopping/files/img_products/1114.jpg HTTP/1.0" 404 521 "-" "Mozilla/5.0 (X11; Ubuntu; Linux x86_64; rv:72.0) Gecko/20100101 Firefox/72.0"
34.222.198.77 - - [11/Apr/2024:13:26:44 +0300] "GET /components/com_jshopping/files/img_products/1114.jpg HTTP/1.0" 404 521 "-" "Mozilla/5.0 (X11; Ubuntu; Linux x86_64; rv:72.0) Gecko/20100101 Firefox/72.0"
83.99.151.64 - - [11/Apr/2024:13:27:09 +0300] "GET /kyocera/lazernye-printery-cherno-belye-a4/kyocera-ecosys-p3155dn/tekhnicheskie-kharakteristiki/ HTTP/1.0" 200 54161 "-" "Mozilla/5.0 AppleWebKit/537.36 (KHTML, like Gecko; compatible; GeedoProductSearch; +http://www.geedo.com/product-search.html) Chrome/79.0.3945.88 Safari/537.36"
83.99.151.64 - - [11/Apr/2024:13:27:29 +0300] "GET /kyocera/kopiry-i-mfu-tsvetnye-a4/ HTTP/1.0" 200 52751 "-" "Mozilla/5.0 AppleWebKit/537.36 (KHTML, like Gecko; compatible; GeedoProductSearch; +http://www.geedo.com/product-search.html) Chrome/79.0.3945.88 Safari/537.36"
83.99.151.64 - - [11/Apr/2024:13:27:57 +0300] "GET /konica-minolta/kopiry-i-mfu-tsvetnye-a3/konica-minolta-bizhub-c558/tekhnicheskie-kharakteristiki/ HTTP/1.0" 200 54393 "-" "Mozilla/5.0 AppleWebKit/537.36 (KHTML, like Gecko; compatible; GeedoProductSearch; +http://www.geedo.com/product-search.html) Chrome/79.0.3945.88 Safari/537.36"
83.99.151.64 - - [11/Apr/2024:13:28:20 +0300] "GET /kyocera/kopiry-i-mfu-tsvetnye-a4/kyocera-m5526cdw/reviews/ HTTP/1.0" 200 51941 "-" "Mozilla/5.0 AppleWebKit/537.36 (KHTML, like Gecko; compatible; GeedoProductSearch; +http://www.geedo.com/product-search.html) Chrome/79.0.3945.88 Safari/537.36"
83.99.151.64 - - [11/Apr/2024:13:28:48 +0300] "GET /kip/skanery/kip-2300/reviews/ HTTP/1.0" 200 51809 "-" "Mozilla/5.0 AppleWebKit/537.36 (KHTML, like Gecko; compatible; GeedoProductSearch; +http://www.geedo.com/product-search.html) Chrome/79.0.3945.88 Safari/537.36"
83.99.151.64 - - [11/Apr/2024:13:29:11 +0300] "GET /foto/photo/kyocera/ HTTP/1.0" 200 16515 "-" "Mozilla/5.0 AppleWebKit/537.36 (KHTML, like Gecko; compatible; GeedoProductSearch; +http://www.geedo.com/product-search.html) Chrome/79.0.3945.88 Safari/537.36"
83.99.151.71 - - [11/Apr/2024:13:30:27 +0300] "GET /konica-minolta/kopiry-i-mfu-cherno-belye-a3/konica-minolta-bizhub-758/tekhnicheskie-kharakteristiki/ HTTP/1.0" 200 54061 "-" "Mozilla/5.0 AppleWebKit/537.36 (KHTML, like Gecko; compatible; GeedoProductSearch; +http://www.geedo.com/product-search.html) Chrome/79.0.3945.88 Safari/537.36"
83.99.151.71 - - [11/Apr/2024:13:30:51 +0300] "GET /foto/photo/kyocera6/ HTTP/1.0" 200 17476 "-" "Mozilla/5.0 AppleWebKit/537.36 (KHTML, like Gecko; compatible; GeedoProductSearch; +http://www.geedo.com/product-search.html) Chrome/79.0.3945.88 Safari/537.36"
83.99.151.64 - - [11/Apr/2024:13:31:17 +0300] "GET /magazin/hp-canon/zip/rm2-5452-rolik-zakhvata-lotok-2-hi-black-dlya-hp-lj-pro-m402-m403-m426-m427/ HTTP/1.0" 200 53582 "-" "Mozilla/5.0 AppleWebKit/537.36 (KHTML, like Gecko; compatible; GeedoProductSearch; +http://www.geedo.com/product-search.html) Chrome/79.0.3945.88 Safari/537.36"
83.99.151.70 - - [11/Apr/2024:13:31:41 +0300] "GET /foto/photo/65b19c9a4c8f3_drofisru077/ HTTP/1.0" 200 17202 "-" "Mozilla/5.0 AppleWebKit/537.36 (KHTML, like Gecko; compatible; GeedoProductSearch; +http://www.geedo.com/product-search.html) Chrome/79.0.3945.88 Safari/537.36"
216.244.66.233 - - [11/Apr/2024:13:31:44 +0300] "GET /prodazha/kyocera/kopiry-i-mfu-cherno-belye-a4/product/view/18/281?tmpl=component&print=1 HTTP/1.0" 301 315 "-" "Mozilla/5.0 (compatible; DotBot/1.2; +https://opensiteexplorer.org/dotbot; help@moz.com)"
83.99.151.71 - - [11/Apr/2024:13:32:06 +0300] "GET /kip/printery-cherno-belye/mnogofunktsionalnaya-monokhromnaya-sistema-kip-7580/tekhnicheskie-kharakteristiki/ HTTP/1.0" 200 52823 "-" "Mozilla/5.0 AppleWebKit/537.36 (KHTML, like Gecko; compatible; GeedoProductSearch; +http://www.geedo.com/product-search.html) Chrome/79.0.3945.88 Safari/537.36"
83.99.151.71 - - [11/Apr/2024:13:32:31 +0300] "GET /kyocera/kopiry-i-mfu-cherno-belye-a4/kyocera-m2835dw/ HTTP/1.0" 200 57427 "-" "Mozilla/5.0 AppleWebKit/537.36 (KHTML, like Gecko; compatible; GeedoProductSearch; +http://www.geedo.com/product-search.html) Chrome/79.0.3945.88 Safari/537.36"
138.246.253.24 - - [11/Apr/2024:13:32:50 +0300] "GET /robots.txt HTTP/1.0" 200 453 "-" "Mozilla/5.0 (Windows NT 10.0; Win64; x64) AppleWebKit/537.36 (KHTML, like Gecko) Chrome/103.0.5060.134 Safari/537.36"
83.99.151.69 - - [11/Apr/2024:13:33:44 +0300] "GET /kip/printery/tsvetnoe-shirokoformatnoe-mfu-kip-660/ HTTP/1.0" 200 61624 "-" "Mozilla/5.0 AppleWebKit/537.36 (KHTML, like Gecko; compatible; GeedoProductSearch; +http://www.geedo.com/product-search.html) Chrome/79.0.3945.88 Safari/537.36"
83.99.151.71 - - [11/Apr/2024:13:34:08 +0300] "GET /foto/photo/doc02794920230524043542/ HTTP/1.0" 200 17793 "-" "Mozilla/5.0 AppleWebKit/537.36 (KHTML, like Gecko; compatible; GeedoProductSearch; +http://www.geedo.com/product-search.html) Chrome/79.0.3945.88 Safari/537.36"
83.99.151.71 - - [11/Apr/2024:13:34:33 +0300] "GET /magazin/chip/chip-k-zha-tk-1170-jumbo-kyocera-m2040-m2540-m2640-14-4k-unitech/ HTTP/1.0" 200 53442 "-" "Mozilla/5.0 AppleWebKit/537.36 (KHTML, like Gecko; compatible; GeedoProductSearch; +http://www.geedo.com/product-search.html) Chrome/79.0.3945.88 Safari/537.36"
83.99.151.71 - - [11/Apr/2024:13:34:58 +0300] "GET /kyocera/kopiry-i-mfu-cherno-belye-a4/kyocera-ecosys-m2235dn/reviews/ HTTP/1.0" 200 51988 "-" "Mozilla/5.0 AppleWebKit/537.36 (KHTML, like Gecko; compatible; GeedoProductSearch; +http://www.geedo.com/product-search.html) Chrome/79.0.3945.88 Safari/537.36"
83.99.151.71 - - [11/Apr/2024:13:35:23 +0300] "GET /magazin/hp-canon/kartridzhi_1/kartridzh-nr-sye505a-neorig/ HTTP/1.0" 200 53359 "-" "Mozilla/5.0 AppleWebKit/537.36 (KHTML, like Gecko; compatible; GeedoProductSearch; +http://www.geedo.com/product-search.html) Chrome/79.0.3945.88 Safari/537.36"
83.99.151.71 - - [11/Apr/2024:13:35:48 +0300] "GET /kyocera/kopiry-i-mfu-cherno-belye-a3/kyocera-taskalfa-4012i/tekhnicheskie-kharakteristiki/ HTTP/1.0" 200 56067 "-" "Mozilla/5.0 AppleWebKit/537.36 (KHTML, like Gecko; compatible; GeedoProductSearch; +http://www.geedo.com/product-search.html) Chrome/79.0.3945.88 Safari/537.36"
95.163.255.118 - - [11/Apr/2024:13:36:18 +0300] "GET /robots.txt HTTP/1.0" 301 237 "-" "Mozilla/5.0 (compatible; Linux x86_64; Mail.RU_Bot/Robots/2.0; +https://help.mail.ru/webmaster/indexing/robots)"
95.163.36.18 - - [11/Apr/2024:13:36:27 +0300] "GET /robots.txt HTTP/1.0" 200 293 "-" "Mozilla/5.0 (compatible; Linux x86_64; Mail.RU_Bot/Robots/2.0; +https://help.mail.ru/webmaster/indexing/robots)"
92.242.36.2 - - [11/Apr/2024:13:36:30 +0300] "GET /kontakty HTTP/1.0" 301 277 "-" "Mozilla/5.0 (X11; Ubuntu; Linux x86_64; rv:82.0) Gecko/20100101 Firefox/82.0"
83.99.151.69 - - [11/Apr/2024:13:36:58 +0300] "GET /kip/dopolnitelnoe-oborudovanie/avtoukladchik-kip-800/reviews/ HTTP/1.0" 200 51925 "-" "Mozilla/5.0 AppleWebKit/537.36 (KHTML, like Gecko; compatible; GeedoProductSearch; +http://www.geedo.com/product-search.html) Chrome/79.0.3945.88 Safari/537.36"
3.83.204.196 - - [11/Apr/2024:13:37:16 +0300] "GET /components/com_jshopping/files/img_products/thumb_1108.jpg HTTP/1.0" 404 531 "-" "Mozilla/5.0 (Windows NT 10.0; Win64; x64) AppleWebKit/537.36 (KHTML, like Gecko) Chrome/117.0.0.0 Safari/537.36"
83.99.151.69 - - [11/Apr/2024:13:37:20 +0300] "GET /magazin/kyocera/zip_1/cet7841-termoplenka-kyocera-fk-1150-polimernaya-2rv93050-so-smazkoy-100k/ HTTP/1.0" 200 53601 "-" "Mozilla/5.0 AppleWebKit/537.36 (KHTML, like Gecko; compatible; GeedoProductSearch; +http://www.geedo.com/product-search.html) Chrome/79.0.3945.88 Safari/537.36"
95.163.255.214 - - [11/Apr/2024:13:37:33 +0300] "GET /robots.txt HTTP/1.0" 301 237 "-" "Mozilla/5.0 (compatible; Linux x86_64; Mail.RU_Bot/2.0; +https://help.mail.ru/webmaster/indexing/robots)"
95.163.255.227 - - [11/Apr/2024:13:37:37 +0300] "GET /zayavka HTTP/1.0" 301 234 "-" "Mozilla/5.0 (compatible; Linux x86_64; Mail.RU_Bot/2.0; +https://help.mail.ru/webmaster/indexing/robots)"
95.163.255.205 - - [11/Apr/2024:13:37:40 +0300] "GET /robots.txt HTTP/1.0" 200 453 "-" "Mozilla/5.0 (compatible; Linux x86_64; Mail.RU_Bot/2.0; +https://help.mail.ru/webmaster/indexing/robots)"
95.163.255.0 - - [11/Apr/2024:13:37:45 +0300] "GET /zayavka HTTP/1.0" 301 275 "http://xn--d1aifpbankex.xn--p1ai/zayavka" "Mozilla/5.0 (compatible; Linux x86_64; Mail.RU_Bot/2.0; +https://help.mail.ru/webmaster/indexing/robots)"
95.163.255.235 - - [11/Apr/2024:13:37:46 +0300] "GET /zayavka/ HTTP/1.0" 404 186496 "https://xn--d1aifpbankex.xn--p1ai/zayavka" "Mozilla/5.0 (compatible; Linux x86_64; Mail.RU_Bot/2.0; +https://help.mail.ru/webmaster/indexing/robots)"
83.99.151.67 - - [11/Apr/2024:13:37:47 +0300] "GET /kyocera/kopiry-i-mfu-tsvetnye-a4/kyocera-taskalfa-358ci/ HTTP/1.0" 200 56567 "-" "Mozilla/5.0 AppleWebKit/537.36 (KHTML, like Gecko; compatible; GeedoProductSearch; +http://www.geedo.com/product-search.html) Chrome/79.0.3945.88 Safari/537.36"
3.85.152.114 - - [11/Apr/2024:13:37:54 +0300] "GET /components/com_jshopping/files/img_products/2221.jpg HTTP/1.0" 404 521 "-" "Mozilla/5.0 (X11; Ubuntu; Linux x86_64; rv:72.0) Gecko/20100101 Firefox/72.0"
83.99.151.68 - - [11/Apr/2024:13:38:10 +0300] "GET /kyocera/kopiry-i-mfu-cherno-belye-a3/kyocera-taskalfa-6003i/ HTTP/1.0" 200 59883 "-" "Mozilla/5.0 AppleWebKit/537.36 (KHTML, like Gecko; compatible; GeedoProductSearch; +http://www.geedo.com/product-search.html) Chrome/79.0.3945.88 Safari/537.36"
3.85.152.114 - - [11/Apr/2024:13:38:13 +0300] "GET /components/com_jshopping/files/img_products/thumb_1109.jpg HTTP/1.0" 404 531 "-" "Mozilla/5.0 (X11; Ubuntu; Linux x86_64; rv:72.0) Gecko/20100101 Firefox/72.0"
83.99.151.64 - - [11/Apr/2024:13:38:36 +0300] "GET /kip/printery/tsvetnoy-printer-dlya-sublimatsionnoy-transfertnoy-pechati-na-tekstile-kip-est-480/reviews/ HTTP/1.0" 200 52084 "-" "Mozilla/5.0 AppleWebKit/537.36 (KHTML, like Gecko; compatible; GeedoProductSearch; +http://www.geedo.com/product-search.html) Chrome/79.0.3945.88 Safari/537.36"
83.99.151.69 - - [11/Apr/2024:13:39:00 +0300] "GET /magazin/pantum/apparaty_2/ HTTP/1.0" 200 51860 "-" "Mozilla/5.0 AppleWebKit/537.36 (KHTML, like Gecko; compatible; GeedoProductSearch; +http://www.geedo.com/product-search.html) Chrome/79.0.3945.88 Safari/537.36"
83.99.151.69 - - [11/Apr/2024:13:40:08 +0300] "GET /magazin/chip/chip-k-zha-tk-5240-m-kyocera-p5026-m5526-3k-magenta-unitech/ HTTP/1.0" 200 53399 "-" "Mozilla/5.0 AppleWebKit/537.36 (KHTML, like Gecko; compatible; GeedoProductSearch; +http://www.geedo.com/product-search.html) Chrome/79.0.3945.88 Safari/537.36"
83.99.151.69 - - [11/Apr/2024:13:40:24 +0300] "GET /magazin/sredstva-dlya-servisa/smazka-silikonovaya-fyuzernoe-dlya-termoplenok-kyocera-ricoh-cet-shprits-1ml-cls0410/ HTTP/1.0" 200 53622 "-" "Mozilla/5.0 AppleWebKit/537.36 (KHTML, like Gecko; compatible; GeedoProductSearch; +http://www.geedo.com/product-search.html) Chrome/79.0.3945.88 Safari/537.36"
83.99.151.69 - - [11/Apr/2024:13:40:49 +0300] "GET /magazin/hp-canon/kartridzhi_1/ HTTP/1.0" 200 52552 "-" "Mozilla/5.0 AppleWebKit/537.36 (KHTML, like Gecko; compatible; GeedoProductSearch; +http://www.geedo.com/product-search.html) Chrome/79.0.3945.88 Safari/537.36"
83.99.151.69 - - [11/Apr/2024:13:41:14 +0300] "GET /magazin/pantum/kartridzhi_3/kartridzh-hi-black-hb-pc-211ev-dlya-pantum-p2200-p2207-p2507-p2500w-m6500-6607-1-6k/ HTTP/1.0" 200 53578 "-" "Mozilla/5.0 AppleWebKit/537.36 (KHTML, like Gecko; compatible; GeedoProductSearch; +http://www.geedo.com/product-search.html) Chrome/79.0.3945.88 Safari/537.36"
83.99.151.69 - - [11/Apr/2024:13:41:39 +0300] "GET /kyocera/kopiry-i-mfu-tsvetnye-a3/kyocera-taskalfa-4053ci/tekhnicheskie-kharakteristiki/ HTTP/1.0" 200 56416 "-" "Mozilla/5.0 AppleWebKit/537.36 (KHTML, like Gecko; compatible; GeedoProductSearch; +http://www.geedo.com/product-search.html) Chrome/79.0.3945.88 Safari/537.36"
83.99.151.65 - - [11/Apr/2024:13:42:04 +0300] "GET /kyocera/lazernye-printery-tsvetnye-a4/kyocera-ecosys-p5026cdw/tekhnicheskie-kharakteristiki/ HTTP/1.0" 200 52881 "-" "Mozilla/5.0 AppleWebKit/537.36 (KHTML, like Gecko; compatible; GeedoProductSearch; +http://www.geedo.com/product-search.html) Chrome/79.0.3945.88 Safari/537.36"
83.99.151.69 - - [11/Apr/2024:13:42:29 +0300] "GET /kip/skanery/kip-720/tekhnicheskie-kharakteristiki/ HTTP/1.0" 200 51399 "-" "Mozilla/5.0 AppleWebKit/537.36 (KHTML, like Gecko; compatible; GeedoProductSearch; +http://www.geedo.com/product-search.html) Chrome/79.0.3945.88 Safari/537.36"
3.85.152.114 - - [11/Apr/2024:13:42:51 +0300] "GET /components/com_jshopping/files/img_products/222.jpg HTTP/1.0" 404 524 "-" "Mozilla/5.0 (X11; Ubuntu; Linux x86_64; rv:72.0) Gecko/20100101 Firefox/72.0"
