66.102.9.102 - - [16/Nov/2019:00:16:10 +0300] "GET /modules/mod_gruemenu/js/script.js HTTP/1.1" 200 752 "http://www.silverz.ru/" "Mozilla/5.0 (Linux; Android 9; ANE-LX1) AppleWebKit/537.36 (KHTML, like Gecko) Chrome/78.0.3904.96 Mobile Safari/537.36"
66.102.9.104 - - [16/Nov/2019:00:16:10 +0300] "GET /templates/shaper_helix3/fonts/fontawesome-webfont.woff2?v=4.7.0 HTTP/1.0" 200 77387 "http://www.silverz.ru/templates/shaper_helix3/css/font-awesome.min.css" "Mozilla/5.0 (Linux; Android 9; ANE-LX1) AppleWebKit/537.36 (KHTML, like Gecko) Chrome/78.0.3904.96 Mobile Safari/537.36"
66.102.9.104 - - [16/Nov/2019:00:16:11 +0300] "GET /images/logo-new2m.jpg HTTP/1.1" 200 10505 "http://www.silverz.ru/" "Mozilla/5.0 (Linux; Android 9; ANE-LX1) AppleWebKit/537.36 (KHTML, like Gecko) Chrome/78.0.3904.96 Mobile Safari/537.36"
66.102.9.102 - - [16/Nov/2019:00:16:11 +0300] "GET /images/2019/09/19/fon2.jpg HTTP/1.1" 200 440395 "http://www.silverz.ru/" "Mozilla/5.0 (Linux; Android 9; ANE-LX1) AppleWebKit/537.36 (KHTML, like Gecko) Chrome/78.0.3904.96 Mobile Safari/537.36"
66.102.9.106 - - [16/Nov/2019:00:16:13 +0300] "GET /images/fav2.jpg HTTP/1.1" 200 3954 "http://www.silverz.ru/" "Mozilla/5.0 (Linux; Android 9; ANE-LX1) AppleWebKit/537.36 (KHTML, like Gecko) Chrome/78.0.3904.96 Mobile Safari/537.36"
66.102.9.104 - - [16/Nov/2019:00:16:39 +0300] "GET /galereya HTTP/1.0" 200 4818 "http://www.silverz.ru/" "Mozilla/5.0 (Linux; Android 9; ANE-LX1) AppleWebKit/537.36 (KHTML, like Gecko) Chrome/78.0.3904.96 Mobile Safari/537.36"
66.102.9.102 - - [16/Nov/2019:00:16:40 +0300] "GET /components/com_speasyimagegallery/assets/css/style-min.css HTTP/1.1" 200 19916 "http://www.silverz.ru/galereya" "Mozilla/5.0 (Linux; Android 9; ANE-LX1) AppleWebKit/537.36 (KHTML, like Gecko) Chrome/78.0.3904.96 Mobile Safari/537.36"
66.102.9.102 - - [16/Nov/2019:00:16:41 +0300] "GET /images/speasyimagegallery/albums/1/thumb.jpg HTTP/1.1" 200 42947 "http://www.silverz.ru/galereya" "Mozilla/5.0 (Linux; Android 9; ANE-LX1) AppleWebKit/537.36 (KHTML, like Gecko) Chrome/78.0.3904.96 Mobile Safari/537.36"
66.102.9.104 - - [16/Nov/2019:00:16:41 +0300] "GET /images/speasyimagegallery/albums/4/thumb.jpg HTTP/1.1" 200 19634 "http://www.silverz.ru/galereya" "Mozilla/5.0 (Linux; Android 9; ANE-LX1) AppleWebKit/537.36 (KHTML, like Gecko) Chrome/78.0.3904.96 Mobile Safari/537.36"
66.102.9.102 - - [16/Nov/2019:00:16:41 +0300] "GET /images/speasyimagegallery/albums/5/thumb.jpg HTTP/1.1" 200 20143 "http://www.silverz.ru/galereya" "Mozilla/5.0 (Linux; Android 9; ANE-LX1) AppleWebKit/537.36 (KHTML, like Gecko) Chrome/78.0.3904.96 Mobile Safari/537.36"
66.102.9.102 - - [16/Nov/2019:00:16:41 +0300] "GET /images/speasyimagegallery/albums/2/thumb.jpg HTTP/1.1" 200 18289 "http://www.silverz.ru/galereya" "Mozilla/5.0 (Linux; Android 9; ANE-LX1) AppleWebKit/537.36 (KHTML, like Gecko) Chrome/78.0.3904.96 Mobile Safari/537.36"
66.102.9.106 - - [16/Nov/2019:00:16:41 +0300] "GET /images/speasyimagegallery/albums/3/thumb.jpg HTTP/1.1" 200 25950 "http://www.silverz.ru/galereya" "Mozilla/5.0 (Linux; Android 9; ANE-LX1) AppleWebKit/537.36 (KHTML, like Gecko) Chrome/78.0.3904.96 Mobile Safari/537.36"
66.102.9.104 - - [16/Nov/2019:00:16:41 +0300] "GET /images/speasyimagegallery/albums/6/thumb.jpg HTTP/1.1" 200 15649 "http://www.silverz.ru/galereya" "Mozilla/5.0 (Linux; Android 9; ANE-LX1) AppleWebKit/537.36 (KHTML, like Gecko) Chrome/78.0.3904.96 Mobile Safari/537.36"
66.102.9.102 - - [16/Nov/2019:00:17:43 +0300] "GET /katalog HTTP/1.0" 200 6342 "http://www.silverz.ru/galereya" "Mozilla/5.0 (Linux; Android 9; ANE-LX1) AppleWebKit/537.36 (KHTML, like Gecko) Chrome/78.0.3904.96 Mobile Safari/537.36"
66.102.9.104 - - [16/Nov/2019:00:17:43 +0300] "GET /components/com_speasyimagegallery/assets/js/script-min.js HTTP/1.1" 200 4090 "http://www.silverz.ru/katalog" "Mozilla/5.0 (Linux; Android 9; ANE-LX1) AppleWebKit/537.36 (KHTML, like Gecko) Chrome/78.0.3904.96 Mobile Safari/537.36"
66.102.9.102 - - [16/Nov/2019:00:17:44 +0300] "GET /images/speasyimagegallery/albums/7/images/travertin-klassik_thumb.jpg HTTP/1.1" 200 20351 "http://www.silverz.ru/katalog" "Mozilla/5.0 (Linux; Android 9; ANE-LX1) AppleWebKit/537.36 (KHTML, like Gecko) Chrome/78.0.3904.96 Mobile Safari/537.36"
66.102.9.106 - - [16/Nov/2019:00:17:44 +0300] "GET /images/speasyimagegallery/albums/7/images/mramor-rosso-levanto_thumb.jpg HTTP/1.1" 200 37991 "http://www.silverz.ru/katalog" "Mozilla/5.0 (Linux; Android 9; ANE-LX1) AppleWebKit/537.36 (KHTML, like Gecko) Chrome/78.0.3904.96 Mobile Safari/537.36"
66.102.9.102 - - [16/Nov/2019:00:17:44 +0300] "GET /images/speasyimagegallery/albums/7/images/mramor-polockij_thumb.jpg HTTP/1.1" 200 3873 "http://www.silverz.ru/katalog" "Mozilla/5.0 (Linux; Android 9; ANE-LX1) AppleWebKit/537.36 (KHTML, like Gecko) Chrome/78.0.3904.96 Mobile Safari/537.36"
66.102.9.102 - - [16/Nov/2019:00:17:44 +0300] "GET /images/speasyimagegallery/albums/7/images/mramor-pirgon-ekstra_thumb.jpg HTTP/1.1" 200 11044 "http://www.silverz.ru/katalog" "Mozilla/5.0 (Linux; Android 9; ANE-LX1) AppleWebKit/537.36 (KHTML, like Gecko) Chrome/78.0.3904.96 Mobile Safari/537.36"
66.102.9.102 - - [16/Nov/2019:00:17:44 +0300] "GET /images/speasyimagegallery/albums/7/images/mramor-krema-marfil-alba_thumb.jpg HTTP/1.1" 200 5297 "http://www.silverz.ru/katalog" "Mozilla/5.0 (Linux; Android 9; ANE-LX1) AppleWebKit/537.36 (KHTML, like Gecko) Chrome/78.0.3904.96 Mobile Safari/537.36"
66.102.9.102 - - [16/Nov/2019:00:17:44 +0300] "GET /images/speasyimagegallery/albums/7/images/mramor-petra-grej_thumb.jpg HTTP/1.1" 200 14020 "http://www.silverz.ru/katalog" "Mozilla/5.0 (Linux; Android 9; ANE-LX1) AppleWebKit/537.36 (KHTML, like Gecko) Chrome/78.0.3904.96 Mobile Safari/537.36"
66.102.9.104 - - [16/Nov/2019:00:17:44 +0300] "GET /images/speasyimagegallery/albums/7/images/mramor-imperador-lajt_thumb.jpg HTTP/1.1" 200 22957 "http://www.silverz.ru/katalog" "Mozilla/5.0 (Linux; Android 9; ANE-LX1) AppleWebKit/537.36 (KHTML, like Gecko) Chrome/78.0.3904.96 Mobile Safari/537.36"
66.102.9.104 - - [16/Nov/2019:00:17:44 +0300] "GET /images/speasyimagegallery/albums/7/images/mramor-imperador-dark-gold_thumb.jpg HTTP/1.1" 200 36391 "http://www.silverz.ru/katalog" "Mozilla/5.0 (Linux; Android 9; ANE-LX1) AppleWebKit/537.36 (KHTML, like Gecko) Chrome/78.0.3904.96 Mobile Safari/537.36"
66.102.9.104 - - [16/Nov/2019:00:17:44 +0300] "GET /images/speasyimagegallery/albums/7/images/mramor-imperador-dark_thumb.jpg HTTP/1.1" 200 28531 "http://www.silverz.ru/katalog" "Mozilla/5.0 (Linux; Android 9; ANE-LX1) AppleWebKit/537.36 (KHTML, like Gecko) Chrome/78.0.3904.96 Mobile Safari/537.36"
66.102.9.104 - - [16/Nov/2019:00:17:44 +0300] "GET /images/speasyimagegallery/albums/7/images/mramor-dajno-reale_thumb.jpg HTTP/1.1" 200 21848 "http://www.silverz.ru/katalog" "Mozilla/5.0 (Linux; Android 9; ANE-LX1) AppleWebKit/537.36 (KHTML, like Gecko) Chrome/78.0.3904.96 Mobile Safari/537.36"
66.102.9.104 - - [16/Nov/2019:00:17:44 +0300] "GET /images/speasyimagegallery/albums/7/images/mramor-bottichino-fiorito_thumb.jpg HTTP/1.1" 200 9834 "http://www.silverz.ru/katalog" "Mozilla/5.0 (Linux; Android 9; ANE-LX1) AppleWebKit/537.36 (KHTML, like Gecko) Chrome/78.0.3904.96 Mobile Safari/537.36"
66.102.9.106 - - [16/Nov/2019:00:17:44 +0300] "GET /images/speasyimagegallery/albums/7/images/mramor-bjanko-karrara_thumb.jpg HTTP/1.1" 200 8567 "http://www.silverz.ru/katalog" "Mozilla/5.0 (Linux; Android 9; ANE-LX1) AppleWebKit/537.36 (KHTML, like Gecko) Chrome/78.0.3904.96 Mobile Safari/537.36"
66.102.9.104 - - [16/Nov/2019:00:17:44 +0300] "GET /images/speasyimagegallery/albums/7/images/mramor-bidasar-grin_thumb.jpg HTTP/1.1" 200 37169 "http://www.silverz.ru/katalog" "Mozilla/5.0 (Linux; Android 9; ANE-LX1) AppleWebKit/537.36 (KHTML, like Gecko) Chrome/78.0.3904.96 Mobile Safari/537.36"
66.102.9.104 - - [16/Nov/2019:00:17:44 +0300] "GET /images/speasyimagegallery/albums/7/images/mramor-bidasar-braun_thumb.jpg HTTP/1.1" 200 44786 "http://www.silverz.ru/katalog" "Mozilla/5.0 (Linux; Android 9; ANE-LX1) AppleWebKit/537.36 (KHTML, like Gecko) Chrome/78.0.3904.96 Mobile Safari/537.36"
66.102.9.104 - - [16/Nov/2019:00:17:44 +0300] "GET /images/speasyimagegallery/albums/7/images/labradorit-blju-perl_thumb.jpg HTTP/1.1" 200 38825 "http://www.silverz.ru/katalog" "Mozilla/5.0 (Linux; Android 9; ANE-LX1) AppleWebKit/537.36 (KHTML, like Gecko) Chrome/78.0.3904.96 Mobile Safari/537.36"
66.102.9.106 - - [16/Nov/2019:00:17:44 +0300] "GET /images/speasyimagegallery/albums/7/images/granit-venecija-delikato_thumb.jpg HTTP/1.1" 200 15932 "http://www.silverz.ru/katalog" "Mozilla/5.0 (Linux; Android 9; ANE-LX1) AppleWebKit/537.36 (KHTML, like Gecko) Chrome/78.0.3904.96 Mobile Safari/537.36"
66.102.9.104 - - [16/Nov/2019:00:17:44 +0300] "GET /images/speasyimagegallery/albums/7/images/granit-st-secilija_thumb.jpg HTTP/1.1" 200 33685 "http://www.silverz.ru/katalog" "Mozilla/5.0 (Linux; Android 9; ANE-LX1) AppleWebKit/537.36 (KHTML, like Gecko) Chrome/78.0.3904.96 Mobile Safari/537.36"
66.102.9.102 - - [16/Nov/2019:00:17:44 +0300] "GET /images/speasyimagegallery/albums/7/images/granit-tan-braun_thumb.jpg HTTP/1.1" 200 21416 "http://www.silverz.ru/katalog" "Mozilla/5.0 (Linux; Android 9; ANE-LX1) AppleWebKit/537.36 (KHTML, like Gecko) Chrome/78.0.3904.96 Mobile Safari/537.36"
66.102.9.106 - - [16/Nov/2019:00:17:44 +0300] "GET /images/speasyimagegallery/albums/7/images/granit-sezam-blek-nju_thumb.jpg HTTP/1.1" 200 38980 "http://www.silverz.ru/katalog" "Mozilla/5.0 (Linux; Android 9; ANE-LX1) AppleWebKit/537.36 (KHTML, like Gecko) Chrome/78.0.3904.96 Mobile Safari/537.36"
66.102.9.106 - - [16/Nov/2019:00:17:45 +0300] "GET /images/speasyimagegallery/albums/7/images/granit-sezam-blek_thumb.jpg HTTP/1.1" 200 30795 "http://www.silverz.ru/katalog" "Mozilla/5.0 (Linux; Android 9; ANE-LX1) AppleWebKit/537.36 (KHTML, like Gecko) Chrome/78.0.3904.96 Mobile Safari/537.36"
66.102.9.102 - - [16/Nov/2019:00:17:45 +0300] "GET /images/speasyimagegallery/albums/7/images/granit-sanset-gold_thumb.jpg HTTP/1.1" 200 31716 "http://www.silverz.ru/katalog" "Mozilla/5.0 (Linux; Android 9; ANE-LX1) AppleWebKit/537.36 (KHTML, like Gecko) Chrome/78.0.3904.96 Mobile Safari/537.36"
66.102.9.104 - - [16/Nov/2019:00:17:45 +0300] "GET /images/speasyimagegallery/albums/7/images/granit-nju-venecija-gold_thumb.jpg HTTP/1.1" 200 35462 "http://www.silverz.ru/katalog" "Mozilla/5.0 (Linux; Android 9; ANE-LX1) AppleWebKit/537.36 (KHTML, like Gecko) Chrome/78.0.3904.96 Mobile Safari/537.36"
66.102.9.102 - - [16/Nov/2019:00:17:45 +0300] "GET /images/speasyimagegallery/albums/7/images/granit-multikolor-red_thumb.jpg HTTP/1.1" 200 33527 "http://www.silverz.ru/katalog" "Mozilla/5.0 (Linux; Android 9; ANE-LX1) AppleWebKit/537.36 (KHTML, like Gecko) Chrome/78.0.3904.96 Mobile Safari/537.36"
66.102.9.106 - - [16/Nov/2019:00:17:45 +0300] "GET /images/speasyimagegallery/albums/7/images/granit-mejpl-red_thumb.jpg HTTP/1.1" 200 29096 "http://www.silverz.ru/katalog" "Mozilla/5.0 (Linux; Android 9; ANE-LX1) AppleWebKit/537.36 (KHTML, like Gecko) Chrome/78.0.3904.96 Mobile Safari/537.36"
66.102.9.102 - - [16/Nov/2019:00:17:45 +0300] "GET /images/speasyimagegallery/albums/7/images/granit-dzhallo-ornamental_thumb.jpg HTTP/1.1" 200 31567 "http://www.silverz.ru/katalog" "Mozilla/5.0 (Linux; Android 9; ANE-LX1) AppleWebKit/537.36 (KHTML, like Gecko) Chrome/78.0.3904.96 Mobile Safari/537.36"
66.102.9.102 - - [16/Nov/2019:00:17:45 +0300] "GET /images/speasyimagegallery/albums/7/images/granit-imperial-red_thumb.jpg HTTP/1.1" 200 22971 "http://www.silverz.ru/katalog" "Mozilla/5.0 (Linux; Android 9; ANE-LX1) AppleWebKit/537.36 (KHTML, like Gecko) Chrome/78.0.3904.96 Mobile Safari/537.36"
66.102.9.102 - - [16/Nov/2019:00:17:45 +0300] "GET /images/speasyimagegallery/albums/7/images/granit-dzhallo-fiorito_thumb.jpg HTTP/1.1" 200 35375 "http://www.silverz.ru/katalog" "Mozilla/5.0 (Linux; Android 9; ANE-LX1) AppleWebKit/537.36 (KHTML, like Gecko) Chrome/78.0.3904.96 Mobile Safari/537.36"
66.102.9.106 - - [16/Nov/2019:00:17:45 +0300] "GET /images/speasyimagegallery/albums/7/images/granit-desert-braun_thumb.jpg HTTP/1.1" 200 35352 "http://www.silverz.ru/katalog" "Mozilla/5.0 (Linux; Android 9; ANE-LX1) AppleWebKit/537.36 (KHTML, like Gecko) Chrome/78.0.3904.96 Mobile Safari/537.36"
66.102.9.104 - - [16/Nov/2019:00:17:45 +0300] "GET /images/speasyimagegallery/albums/7/images/granit-blek-gelaksi_thumb.jpg HTTP/1.1" 200 23338 "http://www.silverz.ru/katalog" "Mozilla/5.0 (Linux; Android 9; ANE-LX1) AppleWebKit/537.36 (KHTML, like Gecko) Chrome/78.0.3904.96 Mobile Safari/537.36"
66.102.9.106 - - [16/Nov/2019:00:17:45 +0300] "GET /images/speasyimagegallery/albums/7/images/granit-dymovskij_thumb.jpg HTTP/1.1" 200 34383 "http://www.silverz.ru/katalog" "Mozilla/5.0 (Linux; Android 9; ANE-LX1) AppleWebKit/537.36 (KHTML, like Gecko) Chrome/78.0.3904.96 Mobile Safari/537.36"
66.102.9.102 - - [16/Nov/2019:00:17:45 +0300] "GET /images/speasyimagegallery/albums/7/images/granit-bejn-bruk-braun-nju1_thumb.jpg HTTP/1.1" 200 50064 "http://www.silverz.ru/katalog" "Mozilla/5.0 (Linux; Android 9; ANE-LX1) AppleWebKit/537.36 (KHTML, like Gecko) Chrome/78.0.3904.96 Mobile Safari/537.36"
66.102.9.102 - - [16/Nov/2019:00:17:45 +0300] "GET /images/speasyimagegallery/albums/7/images/granit-bella-vajt-nju_thumb.jpg HTTP/1.1" 200 45021 "http://www.silverz.ru/katalog" "Mozilla/5.0 (Linux; Android 9; ANE-LX1) AppleWebKit/537.36 (KHTML, like Gecko) Chrome/78.0.3904.96 Mobile Safari/537.36"
66.102.9.102 - - [16/Nov/2019:00:17:45 +0300] "GET /images/speasyimagegallery/albums/7/images/granit-bella-vajt_thumb.jpg HTTP/1.1" 200 36303 "http://www.silverz.ru/katalog" "Mozilla/5.0 (Linux; Android 9; ANE-LX1) AppleWebKit/537.36 (KHTML, like Gecko) Chrome/78.0.3904.96 Mobile Safari/537.36"
66.102.9.102 - - [16/Nov/2019:00:17:45 +0300] "GET /images/speasyimagegallery/albums/7/images/granit-bejn-bruk-braun_thumb.jpg HTTP/1.1" 200 35865 "http://www.silverz.ru/katalog" "Mozilla/5.0 (Linux; Android 9; ANE-LX1) AppleWebKit/537.36 (KHTML, like Gecko) Chrome/78.0.3904.96 Mobile Safari/537.36"
66.102.9.102 - - [16/Nov/2019:00:17:45 +0300] "GET /images/speasyimagegallery/albums/7/images/granit-azul-bahija_thumb.jpg HTTP/1.1" 200 38249 "http://www.silverz.ru/katalog" "Mozilla/5.0 (Linux; Android 9; ANE-LX1) AppleWebKit/537.36 (KHTML, like Gecko) Chrome/78.0.3904.96 Mobile Safari/537.36"
66.102.9.102 - - [16/Nov/2019:00:17:45 +0300] "GET /images/speasyimagegallery/albums/7/images/granit-absoljut-blek_thumb.jpg HTTP/1.1" 200 14289 "http://www.silverz.ru/katalog" "Mozilla/5.0 (Linux; Android 9; ANE-LX1) AppleWebKit/537.36 (KHTML, like Gecko) Chrome/78.0.3904.96 Mobile Safari/537.36"
89.108.104.252 - - [16/Nov/2019:01:58:17 +0300] "GET / HTTP/1.0" 200 6706 "-" "Mozilla/5.0 (Windows NT 10.0; Win64; x64) AppleWebKit/537.36 (KHTML, like Gecko) Chrome/79.0.3945 Safari/537.36"
89.108.104.252 - - [16/Nov/2019:01:58:18 +0300] "GET /o-kompanii HTTP/1.0" 200 7508 "-" "Mozilla/5.0 (Windows NT 10.0; Win64; x64) AppleWebKit/537.36 (KHTML, like Gecko) Chrome/79.0.3945 Safari/537.36"
89.108.104.252 - - [16/Nov/2019:01:58:18 +0300] "GET /kontakty HTTP/1.0" 200 8029 "-" "Mozilla/5.0 (Windows NT 10.0; Win64; x64) AppleWebKit/537.36 (KHTML, like Gecko) Chrome/79.0.3945 Safari/537.36"
89.108.104.252 - - [16/Nov/2019:01:58:19 +0300] "GET / HTTP/1.0" 200 6705 "-" "Mozilla/5.0 (Windows NT 10.0; Win64; x64) AppleWebKit/537.36 (KHTML, like Gecko) Chrome/79.0.3945 Safari/537.36"
89.108.104.252 - - [16/Nov/2019:01:58:19 +0300] "GET / HTTP/1.0" 200 6706 "-" "Mozilla/5.0 (Windows NT 10.0; Win64; x64) AppleWebKit/537.36 (KHTML, like Gecko) Chrome/79.0.3945 Safari/537.36"
217.69.143.217 - - [16/Nov/2019:02:03:15 +0300] "GET / HTTP/1.0" 200 6704 "-" "Mozilla/5.0 (X11; Linux x86_64; rv:67.0) Gecko/20100101 Firefox/67.0"
217.69.143.217 - - [16/Nov/2019:02:03:16 +0300] "GET /images/fav2.jpg HTTP/1.1" 200 3954 "-" "Mozilla/5.0 (X11; Linux x86_64; rv:67.0) Gecko/20100101 Firefox/67.0"
95.163.255.166 - - [16/Nov/2019:02:57:02 +0300] "GET /robots.txt HTTP/1.0" 404 1759 "-" "Mozilla/5.0 (compatible; Linux x86_64; Mail.RU_Bot/2.0; +http://go.mail.ru/help/robots)"
95.163.255.194 - - [16/Nov/2019:02:57:03 +0300] "GET / HTTP/1.0" 200 6698 "-" "Mozilla/5.0 (compatible; Linux x86_64; Mail.RU_Bot/2.0; +http://go.mail.ru/help/robots)"
41.73.9.101 - - [16/Nov/2019:03:25:56 +0300] "GET /kontakty/ HTTP/1.0" 200 36469 "http://silverz.ru/kontakty/" "Mozilla/5.0 (Windows NT 6.1; Win64; x64) AppleWebKit/537.36 (KHTML, like Gecko) Chrome/67.0.3396.87 Safari/537.36 OPR/54.0.2952.64"
41.73.9.101 - - [16/Nov/2019:03:26:50 +0300] "POST /kontakty/ HTTP/1.0" 303 673 "http://silverz.ru/kontakty/" "Mozilla/5.0 (Windows NT 6.1; Win64; x64) AppleWebKit/537.36 (KHTML, like Gecko) Chrome/67.0.3396.87 Safari/537.36 OPR/54.0.2952.64"
41.73.9.101 - - [16/Nov/2019:03:26:51 +0300] "GET /kontakty/ HTTP/1.0" 200 36372 "http://silverz.ru/kontakty/" "Mozilla/5.0 (Windows NT 6.1; Win64; x64) AppleWebKit/537.36 (KHTML, like Gecko) Chrome/67.0.3396.87 Safari/537.36 OPR/54.0.2952.64"
41.73.9.101 - - [16/Nov/2019:03:26:53 +0300] "GET /kontakty/ HTTP/1.0" 200 36372 "http://silverz.ru/kontakty/" "Mozilla/5.0 (Windows NT 6.1; Win64; x64) AppleWebKit/537.36 (KHTML, like Gecko) Chrome/67.0.3396.87 Safari/537.36 OPR/54.0.2952.64"
37.146.251.151 - - [16/Nov/2019:03:55:34 +0300] "GET /kontakty/ HTTP/1.0" 200 36472 "http://silverz.ru/kontakty/" "Mozilla/5.0 (Windows NT 10.0; Win64; x64) AppleWebKit/537.36 (KHTML, like Gecko) Chrome/68.0.3440.106 Safari/537.36"
37.146.251.151 - - [16/Nov/2019:03:55:35 +0300] "POST /kontakty/ HTTP/1.0" 303 673 "http://silverz.ru/kontakty/" "Mozilla/5.0 (Windows NT 10.0; Win64; x64) AppleWebKit/537.36 (KHTML, like Gecko) Chrome/68.0.3440.106 Safari/537.36"
37.146.251.151 - - [16/Nov/2019:03:55:35 +0300] "GET /kontakty/ HTTP/1.0" 200 36375 "http://silverz.ru/kontakty/" "Mozilla/5.0 (Windows NT 10.0; Win64; x64) AppleWebKit/537.36 (KHTML, like Gecko) Chrome/68.0.3440.106 Safari/537.36"
37.146.251.151 - - [16/Nov/2019:03:55:36 +0300] "GET /kontakty/ HTTP/1.0" 200 36375 "http://silverz.ru/kontakty/" "Mozilla/5.0 (Windows NT 10.0; Win64; x64) AppleWebKit/537.36 (KHTML, like Gecko) Chrome/68.0.3440.106 Safari/537.36"
141.8.142.99 - - [16/Nov/2019:05:47:27 +0300] "GET /robots.txt HTTP/1.0" 404 1756 "-" "Mozilla/5.0 (compatible; YandexBot/3.0; +http://yandex.com/bots)"
141.8.142.99 - - [16/Nov/2019:05:47:30 +0300] "GET / HTTP/1.0" 200 6713 "-" "Mozilla/5.0 (compatible; YandexBot/3.0; +http://yandex.com/bots)"
103.76.172.90 - - [16/Nov/2019:07:18:09 +0300] "GET /kontakty/ HTTP/1.0" 200 36471 "http://silverz.ru/kontakty/" "Mozilla/5.0 (Windows NT 10.0; Win64; x64) AppleWebKit/537.36 (KHTML, like Gecko) Chrome/67.0.3396.87 Safari/537.36 OPR/54.0.2952.64"
87.236.191.28 - - [16/Nov/2019:07:46:43 +0300] "GET / HTTP/1.0" 200 6706 "http://silverz.ru/" "Mozilla/4.0 (compatible; MSIE 6.0; Windows NT 5.1; SV1)"
5.143.15.227 - - [16/Nov/2019:08:25:34 +0300] "GET /kontakty/ HTTP/1.0" 200 36470 "http://silverz.ru/kontakty/" "Mozilla/5.0 (Windows NT 10.0; Win64; x64) AppleWebKit/537.36 (KHTML, like Gecko) Chrome/64.0.3282.140 Safari/537.36 Edge/17.17134"
5.143.15.227 - - [16/Nov/2019:08:25:36 +0300] "POST /kontakty/ HTTP/1.0" 303 673 "http://silverz.ru/kontakty/" "Mozilla/5.0 (Windows NT 10.0; Win64; x64) AppleWebKit/537.36 (KHTML, like Gecko) Chrome/64.0.3282.140 Safari/537.36 Edge/17.17134"
5.143.15.227 - - [16/Nov/2019:08:25:37 +0300] "GET /kontakty/ HTTP/1.0" 200 36373 "http://silverz.ru/kontakty/" "Mozilla/5.0 (Windows NT 10.0; Win64; x64) AppleWebKit/537.36 (KHTML, like Gecko) Chrome/64.0.3282.140 Safari/537.36 Edge/17.17134"
146.247.25.42 - - [16/Nov/2019:08:27:13 +0300] "GET / HTTP/1.0" 200 27292 "http://silverz.ru/" "Mozilla/5.0 (Windows NT 10.0; Win64; x64) AppleWebKit/537.36 (KHTML, like Gecko) Chrome/64.0.3282.140 Safari/537.36 Edge/17.17134"
146.247.25.42 - - [16/Nov/2019:08:27:14 +0300] "GET /kontakty HTTP/1.0" 200 36370 "http://silverz.ru/kontakty" "Mozilla/5.0 (Windows NT 10.0; Win64; x64) AppleWebKit/537.36 (KHTML, like Gecko) Chrome/64.0.3282.140 Safari/537.36 Edge/17.17134"
146.247.25.42 - - [16/Nov/2019:08:27:15 +0300] "POST /kontakty HTTP/1.0" 303 672 "http://silverz.ru/kontakty" "Mozilla/5.0 (Windows NT 10.0; Win64; x64) AppleWebKit/537.36 (KHTML, like Gecko) Chrome/64.0.3282.140 Safari/537.36 Edge/17.17134"
146.247.25.42 - - [16/Nov/2019:08:27:16 +0300] "GET /kontakty HTTP/1.0" 200 36370 "http://silverz.ru/kontakty" "Mozilla/5.0 (Windows NT 10.0; Win64; x64) AppleWebKit/537.36 (KHTML, like Gecko) Chrome/64.0.3282.140 Safari/537.36 Edge/17.17134"
201.182.88.2 - - [16/Nov/2019:08:53:29 +0300] "GET /kontakty/ HTTP/1.0" 200 36470 "http://silverz.ru/kontakty/" "Mozilla/5.0 (Windows NT 6.3; Win64; x64) AppleWebKit/537.36 (KHTML, like Gecko) Chrome/67.0.3396.79 Safari/537.36"
201.182.88.2 - - [16/Nov/2019:08:53:31 +0300] "POST /kontakty/ HTTP/1.0" 303 673 "http://silverz.ru/kontakty/" "Mozilla/5.0 (Windows NT 6.3; Win64; x64) AppleWebKit/537.36 (KHTML, like Gecko) Chrome/67.0.3396.79 Safari/537.36"
201.182.88.2 - - [16/Nov/2019:08:53:38 +0300] "GET /kontakty/ HTTP/1.0" 200 36373 "http://silverz.ru/kontakty/" "Mozilla/5.0 (Windows NT 6.3; Win64; x64) AppleWebKit/537.36 (KHTML, like Gecko) Chrome/67.0.3396.79 Safari/537.36"
198.27.70.61 - - [16/Nov/2019:09:16:32 +0300] "GET /admin/images/cal_date_over.gif HTTP/1.0" 404 1753 "-" "Mozilla/5.0 (Windows NT 10.0; Win64; x64; rv:64.0) Gecko/20100101 Firefox/64.0"
198.27.70.61 - - [16/Nov/2019:09:16:41 +0300] "GET /admin/login.php HTTP/1.0" 404 1760 "-" "Mozilla/5.0 (Windows NT 10.0; Win64; x64; rv:64.0) Gecko/20100101 Firefox/64.0"
198.27.70.61 - - [16/Nov/2019:09:16:45 +0300] "GET /templates/system/css/system.css HTTP/1.1" 200 894 "-" "Mozilla/5.0 (Windows NT 10.0; Win64; x64; rv:64.0) Gecko/20100101 Firefox/64.0"
198.27.70.61 - - [16/Nov/2019:09:16:48 +0300] "GET / HTTP/1.0" 200 6704 "-" "Mozilla/5.0 (Windows NT 10.0; Win64; x64; rv:64.0) Gecko/20100101 Firefox/64.0"
198.27.70.61 - - [16/Nov/2019:09:16:52 +0300] "GET /language/en-GB/en-GB.xml HTTP/1.0" 200 837 "-" "Mozilla/5.0 (Windows NT 10.0; Win64; x64; rv:64.0) Gecko/20100101 Firefox/64.0"
198.27.70.61 - - [16/Nov/2019:09:16:53 +0300] "GET /index.php/component/users/?view=login HTTP/1.0" 200 5047 "-" "python-requests/2.22.0"
198.27.70.61 - - [16/Nov/2019:09:16:54 +0300] "POST /index.php/component/users/?task=user.register HTTP/1.0" 200 4951 "-" "python-requests/2.22.0"
198.27.70.61 - - [16/Nov/2019:09:16:54 +0300] "GET /administrator/index.php HTTP/1.0" 200 2970 "-" "python-requests/2.22.0"
198.27.70.61 - - [16/Nov/2019:09:16:55 +0300] "POST /administrator/index.php HTTP/1.0" 200 3041 "-" "python-requests/2.22.0"
198.27.70.61 - - [16/Nov/2019:09:16:55 +0300] "GET /administrator/index.php HTTP/1.0" 200 2873 "-" "python-requests/2.22.0"
198.27.70.61 - - [16/Nov/2019:09:16:56 +0300] "POST /administrator/index.php HTTP/1.0" 200 3041 "-" "python-requests/2.22.0"
198.27.70.61 - - [16/Nov/2019:09:17:03 +0300] "POST /index.php?option=com_adsmanager&task=upload&tmpl=component HTTP/1.0" 404 1754 "-" "Mozilla/5.0 (Windows NT 10.0; Win64; x64; rv:64.0) Gecko/20100101 Firefox/64.0"
198.27.70.61 - - [16/Nov/2019:09:17:06 +0300] "GET /administrator/components/com_alberghi/upload.alberghi.php HTTP/1.0" 404 1780 "-" "Mozilla/5.0 (Windows NT 10.0; Win64; x64; rv:64.0) Gecko/20100101 Firefox/64.0"
198.27.70.61 - - [16/Nov/2019:09:17:11 +0300] "GET /index.php?option=com_cckjseblod&task=download&file=configuration.php HTTP/1.0" 404 1754 "-" "Mozilla/5.0 (Windows NT 10.0; Win64; x64; rv:64.0) Gecko/20100101 Firefox/64.0"
198.27.70.61 - - [16/Nov/2019:09:17:17 +0300] "POST /index.php?option=com_fabrik&c=import&view=import&filetype=csv&table= HTTP/1.0" 404 1754 "-" "Mozilla/5.0 (Windows NT 10.0; Win64; x64; rv:64.0) Gecko/20100101 Firefox/64.0"
198.27.70.61 - - [16/Nov/2019:09:17:19 +0300] "GET /media/vuln.txt HTTP/1.0" 404 1759 "-" "Mozilla/5.0 (Windows NT 10.0; Win64; x64; rv:64.0) Gecko/20100101 Firefox/64.0"
198.27.70.61 - - [16/Nov/2019:09:17:22 +0300] "GET /components/com_hdflvplayer/hdflvplayer/download.php?f=../../../configuration.php HTTP/1.0" 404 1774 "-" "Mozilla/5.0 (Windows NT 10.0; Win64; x64; rv:64.0) Gecko/20100101 Firefox/64.0"
198.27.70.61 - - [16/Nov/2019:09:17:28 +0300] "POST /index.php?option=com_jdownloads&Itemid=0&view=upload HTTP/1.0" 404 1754 "-" "Mozilla/5.0 (Windows NT 10.0; Win64; x64; rv:64.0) Gecko/20100101 Firefox/64.0"
198.27.70.61 - - [16/Nov/2019:09:17:57 +0300] "POST /index.php?option=com_jdownloads&Itemid=0&view=upload HTTP/1.0" 404 1754 "-" "Mozilla/5.0 (Windows NT 10.0; Win64; x64; rv:64.0) Gecko/20100101 Firefox/64.0"
198.27.70.61 - - [16/Nov/2019:09:18:39 +0300] "GET /index.php?option=com_joomanager&controller=details&task=download&path=configuration.php HTTP/1.0" 404 1754 "-" "Mozilla/5.0 (Windows NT 10.0; Win64; x64; rv:64.0) Gecko/20100101 Firefox/64.0"
198.27.70.61 - - [16/Nov/2019:09:18:49 +0300] "POST /index.php?option=com_myblog&task=ajaxupload HTTP/1.0" 404 1754 "-" "Mozilla/5.0 (Windows NT 10.0; Win64; x64; rv:64.0) Gecko/20100101 Firefox/64.0"
198.27.70.61 - - [16/Nov/2019:09:18:55 +0300] "GET /images/pwn.gif HTTP/1.0" 404 1759 "-" "Mozilla/5.0 (Windows NT 10.0; Win64; x64; rv:64.0) Gecko/20100101 Firefox/64.0"
198.27.70.61 - - [16/Nov/2019:09:19:02 +0300] "GET /index.php?option=com_macgallery&view=download&albumid=../../configuration.php HTTP/1.0" 404 1754 "-" "Mozilla/5.0 (Windows NT 10.0; Win64; x64; rv:64.0) Gecko/20100101 Firefox/64.0"
198.27.70.61 - - [16/Nov/2019:09:19:08 +0300] "POST /index.php?option=com_jce&task=plugin&plugin=imgmanager&file=imgmanager&method=form HTTP/1.0" 404 1754 "-" "Mozilla/5.0 (Windows NT 10.0; Win64; x64; rv:64.0) Gecko/20100101 Firefox/64.0"
198.27.70.61 - - [16/Nov/2019:09:19:13 +0300] "POST /index.php?option=com_jce&task=plugin&plugin=imgmanager&file=imgmanager&method=form HTTP/1.0" 404 1754 "-" "Mozilla/5.0 (Windows NT 10.0; Win64; x64; rv:64.0) Gecko/20100101 Firefox/64.0"
198.27.70.61 - - [16/Nov/2019:09:19:17 +0300] "POST /index.php?option=com_jce&task=plugin&plugin=imgmanager&file=imgmanager&method=form HTTP/1.0" 404 1754 "-" "Mozilla/5.0 (Windows NT 10.0; Win64; x64; rv:64.0) Gecko/20100101 Firefox/64.0"
198.27.70.61 - - [16/Nov/2019:09:19:21 +0300] "GET /plugins/content/s5_media_player/helper.php?fileurl=Li4vLi4vLi4vY29uZmlndXJhdGlvbi5waHA= HTTP/1.0" 404 1765 "-" "Mozilla/5.0 (Windows NT 10.0; Win64; x64; rv:64.0) Gecko/20100101 Firefox/64.0"
198.27.70.61 - - [16/Nov/2019:09:19:25 +0300] "GET /components/com_jbcatalog/libraries/jsupload/server/php HTTP/1.0" 404 1777 "-" "Mozilla/5.0 (Windows NT 10.0; Win64; x64; rv:64.0) Gecko/20100101 Firefox/64.0"
198.27.70.61 - - [16/Nov/2019:09:19:28 +0300] "GET /components/com_sexycontactform/fileupload/ HTTP/1.0" 404 1765 "-" "Mozilla/5.0 (Windows NT 10.0; Win64; x64; rv:64.0) Gecko/20100101 Firefox/64.0"
198.27.70.61 - - [16/Nov/2019:09:19:32 +0300] "GET /administrator/components/com_rokdownloads/assets/uploadhandler.php HTTP/1.0" 404 1789 "-" "Mozilla/5.0 (Windows NT 10.0; Win64; x64; rv:64.0) Gecko/20100101 Firefox/64.0"
198.27.70.61 - - [16/Nov/2019:09:19:37 +0300] "GET /administrator/components/com_extplorer/uploadhandler.php HTTP/1.0" 404 1779 "-" "Mozilla/5.0 (Windows NT 10.0; Win64; x64; rv:64.0) Gecko/20100101 Firefox/64.0"
198.27.70.61 - - [16/Nov/2019:09:19:42 +0300] "POST /index.php?option=com_adsmanager&task=upload&tmpl=component HTTP/1.0" 404 1754 "-" "Mozilla/5.0 (Windows NT 10.0; Win64; x64; rv:64.0) Gecko/20100101 Firefox/64.0"
198.27.70.61 - - [16/Nov/2019:09:19:46 +0300] "GET /components/com_facileforms/libraries/jquery/uploadify.php HTTP/1.0" 404 1780 "-" "Mozilla/5.0 (Windows NT 10.0; Win64; x64; rv:64.0) Gecko/20100101 Firefox/64.0"
109.234.156.66 - - [16/Nov/2019:10:45:56 +0300] "GET / HTTP/1.0" 200 6705 "-" "Mozilla/5.0 (X11; Linux x86_64) AppleWebKit/537.36 (KHTML, like Gecko) Ubuntu Chromium/43.0.2357.81 Chrome/43.0.2357.81 Safari/537.36"
91.76.174.179 - - [16/Nov/2019:11:43:06 +0300] "GET / HTTP/1.0" 200 27292 "http://trezvyvoditel.flyland.ru/" "Mozilla/5.0 (Windows NT 6.1) AppleWebKit/537.36 (KHTML, like Gecko) Chrome/66.0.3359.181 Safari/537.36 Kinza/4.7.2"
167.86.73.176 - - [16/Nov/2019:11:43:29 +0300] "GET /kontakty/ HTTP/1.0" 200 36471 "http://silverz.ru/kontakty/" "Mozilla/5.0 (Windows NT 10.0; Win64; x64) AppleWebKit/537.36 (KHTML, like Gecko) Chrome/67.0.3396.62 Safari/537.36"
167.86.73.176 - - [16/Nov/2019:11:43:30 +0300] "POST /kontakty/ HTTP/1.0" 303 673 "http://silverz.ru/kontakty/" "Mozilla/5.0 (Windows NT 10.0; Win64; x64) AppleWebKit/537.36 (KHTML, like Gecko) Chrome/67.0.3396.62 Safari/537.36"
167.86.73.176 - - [16/Nov/2019:11:43:31 +0300] "GET /kontakty/ HTTP/1.0" 200 36374 "http://silverz.ru/kontakty/" "Mozilla/5.0 (Windows NT 10.0; Win64; x64) AppleWebKit/537.36 (KHTML, like Gecko) Chrome/67.0.3396.62 Safari/537.36"
51.255.65.46 - - [16/Nov/2019:12:33:01 +0300] "GET /robots.txt HTTP/1.0" 404 1755 "-" "Mozilla/5.0 (compatible; AhrefsBot/6.1; +http://ahrefs.com/robot/)"
54.36.150.5 - - [16/Nov/2019:12:33:02 +0300] "GET /images/speasyimagegallery/albums/7/images/granit-mejpl-red.jpg HTTP/1.1" 200 82746 "-" "Mozilla/5.0 (compatible; AhrefsBot/6.1; +http://ahrefs.com/robot/)"
5.165.251.65 - - [16/Nov/2019:12:39:09 +0300] "GET /katalog HTTP/1.0" 200 6436 "https://yandex.ru/clck/jsredir?from=yandex.ru%3Bsearch%3Bweb%3B%3B&text=&etext=8347.r3QBHR0tAXvFV6hp0-174JtOnl-qF2aY_44kyRTGeRc.801d256f28c23000433c2168e851f30495511dc7&uuid=&state=_BLhILn4SxNIvvL0W45KSic66uCIg23qh8iRG98qeIXmeppkgUc0YG-XUIUpxKrkaoPisARVvB8&data=UlNrNmk5WktYejR0eWJFYk1LdmtxdVNZVl9LaktZbW1Ea1FkVF9seUpTQUZZNC1JMU53elNYbm5TUk4waDA5SmdycWtTTFZRVlFDNzFvS1JQRDF2X0VZVUJaYXppcUF6R1ZZZDRVOUIzOFU&b64e=2&sign=ca3ef5821c56a6f1b3b72e74c07c2ee4&keyno=0&cst=AiuY0DBWFJ7IXge4WdYJQULnoVAFacUfqwjQbRh1PsLcH5wyl8dRKwidzY0aq2Cx68CIvAF1-ttZuYAvri8TmIXDKniPY71CJHsbogLXXZdhe4kaZ5JixFoXYZEjfX1S7KxFkNq7_x0UojM_x84qC3X2U8XumGz9&ref=orjY4mGPRjk5boDnW0uvlrrd71vZw9kp5uQozpMtKCW8s5kfnNkNj1w6OUuYmHkN6phMf6NyWJ-NalHOMOjYRRscN346i8PJzLrj315VgmXo2Ie1AFlgjQ&l10n=ru&cts=1573897148776&mc=5.81195863501" "Mozilla/5.0 (Windows NT 6.1; WOW64) AppleWebKit/537.36 (KHTML, like Gecko) Chrome/73.0.3683.103 Safari/537.36 OPR/60.0.3255.84 (Edition Yx)"
5.165.251.65 - - [16/Nov/2019:12:39:11 +0300] "GET /components/com_speasyimagegallery/assets/css/style-min.css HTTP/1.1" 200 19916 "http://silverz.ru/katalog" "Mozilla/5.0 (Windows NT 6.1; WOW64) AppleWebKit/537.36 (KHTML, like Gecko) Chrome/73.0.3683.103 Safari/537.36 OPR/60.0.3255.84 (Edition Yx)"
5.165.251.65 - - [16/Nov/2019:12:39:12 +0300] "GET /templates/shaper_helix3/css/bootstrap.min.css HTTP/1.1" 200 121155 "http://silverz.ru/katalog" "Mozilla/5.0 (Windows NT 6.1; WOW64) AppleWebKit/537.36 (KHTML, like Gecko) Chrome/73.0.3683.103 Safari/537.36 OPR/60.0.3255.84 (Edition Yx)"
5.165.251.65 - - [16/Nov/2019:12:39:12 +0300] "GET /templates/shaper_helix3/css/font-awesome.min.css HTTP/1.1" 200 31000 "http://silverz.ru/katalog" "Mozilla/5.0 (Windows NT 6.1; WOW64) AppleWebKit/537.36 (KHTML, like Gecko) Chrome/73.0.3683.103 Safari/537.36 OPR/60.0.3255.84 (Edition Yx)"
5.165.251.65 - - [16/Nov/2019:12:39:12 +0300] "GET /templates/shaper_helix3/css/legacy.css HTTP/1.1" 200 27359 "http://silverz.ru/katalog" "Mozilla/5.0 (Windows NT 6.1; WOW64) AppleWebKit/537.36 (KHTML, like Gecko) Chrome/73.0.3683.103 Safari/537.36 OPR/60.0.3255.84 (Edition Yx)"
5.165.251.65 - - [16/Nov/2019:12:39:12 +0300] "GET /templates/shaper_helix3/css/template.css HTTP/1.1" 200 75362 "http://silverz.ru/katalog" "Mozilla/5.0 (Windows NT 6.1; WOW64) AppleWebKit/537.36 (KHTML, like Gecko) Chrome/73.0.3683.103 Safari/537.36 OPR/60.0.3255.84 (Edition Yx)"
5.165.251.65 - - [16/Nov/2019:12:39:13 +0300] "GET /templates/shaper_helix3/css/presets/preset1.css HTTP/1.1" 200 2159 "http://silverz.ru/katalog" "Mozilla/5.0 (Windows NT 6.1; WOW64) AppleWebKit/537.36 (KHTML, like Gecko) Chrome/73.0.3683.103 Safari/537.36 OPR/60.0.3255.84 (Edition Yx)"
5.165.251.65 - - [16/Nov/2019:12:39:13 +0300] "GET /templates/shaper_helix3/css/frontend-edit.css HTTP/1.1" 200 2912 "http://silverz.ru/katalog" "Mozilla/5.0 (Windows NT 6.1; WOW64) AppleWebKit/537.36 (KHTML, like Gecko) Chrome/73.0.3683.103 Safari/537.36 OPR/60.0.3255.84 (Edition Yx)"
5.165.251.65 - - [16/Nov/2019:12:39:13 +0300] "GET /modules/mod_gruemenu/css/styles.css HTTP/1.1" 200 4445 "http://silverz.ru/katalog" "Mozilla/5.0 (Windows NT 6.1; WOW64) AppleWebKit/537.36 (KHTML, like Gecko) Chrome/73.0.3683.103 Safari/537.36 OPR/60.0.3255.84 (Edition Yx)"
5.165.251.65 - - [16/Nov/2019:12:39:14 +0300] "GET /media/jui/js/jquery.min.js?c760f9d71c1c0d2b4061b5dacc146007 HTTP/1.1" 200 96606 "http://silverz.ru/katalog" "Mozilla/5.0 (Windows NT 6.1; WOW64) AppleWebKit/537.36 (KHTML, like Gecko) Chrome/73.0.3683.103 Safari/537.36 OPR/60.0.3255.84 (Edition Yx)"
5.165.251.65 - - [16/Nov/2019:12:39:14 +0300] "GET /media/jui/js/jquery-noconflict.js?c760f9d71c1c0d2b4061b5dacc146007 HTTP/1.1" 200 21 "http://silverz.ru/katalog" "Mozilla/5.0 (Windows NT 6.1; WOW64) AppleWebKit/537.36 (KHTML, like Gecko) Chrome/73.0.3683.103 Safari/537.36 OPR/60.0.3255.84 (Edition Yx)"
5.165.251.65 - - [16/Nov/2019:12:39:14 +0300] "GET /components/com_sppagebuilder/assets/css/sppagebuilder.css HTTP/1.1" 200 99520 "http://silverz.ru/katalog" "Mozilla/5.0 (Windows NT 6.1; WOW64) AppleWebKit/537.36 (KHTML, like Gecko) Chrome/73.0.3683.103 Safari/537.36 OPR/60.0.3255.84 (Edition Yx)"
5.165.251.65 - - [16/Nov/2019:12:39:14 +0300] "GET /media/jui/js/jquery-migrate.min.js?c760f9d71c1c0d2b4061b5dacc146007 HTTP/1.1" 200 10056 "http://silverz.ru/katalog" "Mozilla/5.0 (Windows NT 6.1; WOW64) AppleWebKit/537.36 (KHTML, like Gecko) Chrome/73.0.3683.103 Safari/537.36 OPR/60.0.3255.84 (Edition Yx)"
5.165.251.65 - - [16/Nov/2019:12:39:15 +0300] "GET /components/com_speasyimagegallery/assets/js/script-min.js HTTP/1.1" 200 4090 "http://silverz.ru/katalog" "Mozilla/5.0 (Windows NT 6.1; WOW64) AppleWebKit/537.36 (KHTML, like Gecko) Chrome/73.0.3683.103 Safari/537.36 OPR/60.0.3255.84 (Edition Yx)"
5.165.251.65 - - [16/Nov/2019:12:39:15 +0300] "GET /templates/shaper_helix3/js/bootstrap.min.js HTTP/1.1" 200 37045 "http://silverz.ru/katalog" "Mozilla/5.0 (Windows NT 6.1; WOW64) AppleWebKit/537.36 (KHTML, like Gecko) Chrome/73.0.3683.103 Safari/537.36 OPR/60.0.3255.84 (Edition Yx)"
5.165.251.65 - - [16/Nov/2019:12:39:15 +0300] "GET /templates/shaper_helix3/js/jquery.sticky.js HTTP/1.1" 200 5739 "http://silverz.ru/katalog" "Mozilla/5.0 (Windows NT 6.1; WOW64) AppleWebKit/537.36 (KHTML, like Gecko) Chrome/73.0.3683.103 Safari/537.36 OPR/60.0.3255.84 (Edition Yx)"
5.165.251.65 - - [16/Nov/2019:12:39:15 +0300] "GET /templates/shaper_helix3/js/main.js HTTP/1.1" 200 8773 "http://silverz.ru/katalog" "Mozilla/5.0 (Windows NT 6.1; WOW64) AppleWebKit/537.36 (KHTML, like Gecko) Chrome/73.0.3683.103 Safari/537.36 OPR/60.0.3255.84 (Edition Yx)"
5.165.251.65 - - [16/Nov/2019:12:39:15 +0300] "GET /templates/shaper_helix3/js/frontend-edit.js HTTP/1.1" 200 1948 "http://silverz.ru/katalog" "Mozilla/5.0 (Windows NT 6.1; WOW64) AppleWebKit/537.36 (KHTML, like Gecko) Chrome/73.0.3683.103 Safari/537.36 OPR/60.0.3255.84 (Edition Yx)"
5.165.251.65 - - [16/Nov/2019:12:39:16 +0300] "GET /modules/mod_gruemenu/js/touchwipe.min.js HTTP/1.1" 200 2254 "http://silverz.ru/katalog" "Mozilla/5.0 (Windows NT 6.1; WOW64) AppleWebKit/537.36 (KHTML, like Gecko) Chrome/73.0.3683.103 Safari/537.36 OPR/60.0.3255.84 (Edition Yx)"
5.165.251.65 - - [16/Nov/2019:12:39:16 +0300] "GET /modules/mod_gruemenu/js/sidr.js HTTP/1.1" 200 9880 "http://silverz.ru/katalog" "Mozilla/5.0 (Windows NT 6.1; WOW64) AppleWebKit/537.36 (KHTML, like Gecko) Chrome/73.0.3683.103 Safari/537.36 OPR/60.0.3255.84 (Edition Yx)"
5.165.251.65 - - [16/Nov/2019:12:39:16 +0300] "GET /modules/mod_gruemenu/js/script.js HTTP/1.1" 200 752 "http://silverz.ru/katalog" "Mozilla/5.0 (Windows NT 6.1; WOW64) AppleWebKit/537.36 (KHTML, like Gecko) Chrome/73.0.3683.103 Safari/537.36 OPR/60.0.3255.84 (Edition Yx)"
5.165.251.65 - - [16/Nov/2019:12:39:17 +0300] "GET /components/com_sppagebuilder/assets/js/jquery.parallax-1.1.3.js HTTP/1.1" 200 892 "http://silverz.ru/katalog" "Mozilla/5.0 (Windows NT 6.1; WOW64) AppleWebKit/537.36 (KHTML, like Gecko) Chrome/73.0.3683.103 Safari/537.36 OPR/60.0.3255.84 (Edition Yx)"
95.84.223.67 - - [16/Nov/2019:12:39:17 +0300] "GET /o-kompanii HTTP/1.0" 200 7509 "https://yandex.ru/clck/jsredir?from=yandex.ru%3Bsearch%3Bweb%3B%3B&text=&etext=8347.oJDOc-oEGw4JnYXLRS9oZtDUYVtCVeURzF5R9JYoWqk.4b2e114c914d5ffd218f120c9ff27231039b9aca&uuid=&state=_BLhILn4SxNIvvL0W45KSic66uCIg23qh8iRG98qeIXmeppkgUc0YOm24rr5dkiDnIjpu2TfUVc&data=UlNrNmk5WktYejR0eWJFYk1LdmtxdVNZVl9LaktZbW0zNVV6YS1veTZjQ3hnc0JSTG1sUEZmQko3bFZEWWVxdXVzb3lrR09Jbm5zZzh5cWNNUnR4cl9WOWxqVHV0SE5Sa1c1UGhzX2VHckk&b64e=2&sign=8d22c9183c835ee93e57537b25ce9400&keyno=0&cst=AiuY0DBWFJ7IXge4WdYJQXbYQp9t5VF6RIPWiFtQi2-mN4UuucDQIf2f-MsJXOvQ7GwwCDuLckLDR23gy-NdPykGMwlrd9gtft4oXH3r_HSHV9zV1zYPlPWOUO6BuSKZ6sx0gQyVIx713CrcSIqxjg&ref=orjY4mGPRjk5boDnW0uvlrrd71vZw9kp5uQozpMtKCXN8sJ9bCiuTpeJEjVaXnWsf0Y4vdt4RsxIuVDErdREyH9qSkMvXzZAewOqSISjbkMKLNVzWxNXag&l10n=ru&cts=1573897156618&mc=2.06345558289" "Mozilla/5.0 (Windows NT 10.0; Win64; x64) AppleWebKit/537.36 (KHTML, like Gecko) Chrome/74.0.3729.131 Safari/537.36"
5.165.251.65 - - [16/Nov/2019:12:39:17 +0300] "GET /components/com_sppagebuilder/assets/js/sppagebuilder.js HTTP/1.1" 200 35661 "http://silverz.ru/katalog" "Mozilla/5.0 (Windows NT 6.1; WOW64) AppleWebKit/537.36 (KHTML, like Gecko) Chrome/73.0.3683.103 Safari/537.36 OPR/60.0.3255.84 (Edition Yx)"
5.165.251.65 - - [16/Nov/2019:12:39:18 +0300] "GET /images/logo-new2m.jpg HTTP/1.1" 200 10505 "http://silverz.ru/katalog" "Mozilla/5.0 (Windows NT 6.1; WOW64) AppleWebKit/537.36 (KHTML, like Gecko) Chrome/73.0.3683.103 Safari/537.36 OPR/60.0.3255.84 (Edition Yx)"
5.165.251.65 - - [16/Nov/2019:12:39:18 +0300] "GET /images/speasyimagegallery/albums/7/images/travertin-klassik_thumb.jpg HTTP/1.1" 200 20351 "http://silverz.ru/katalog" "Mozilla/5.0 (Windows NT 6.1; WOW64) AppleWebKit/537.36 (KHTML, like Gecko) Chrome/73.0.3683.103 Safari/537.36 OPR/60.0.3255.84 (Edition Yx)"
95.84.223.67 - - [16/Nov/2019:12:39:18 +0300] "GET /components/com_sppagebuilder/assets/css/font-awesome.min.css HTTP/1.1" 200 30961 "http://silverz.ru/o-kompanii" "Mozilla/5.0 (Windows NT 10.0; Win64; x64) AppleWebKit/537.36 (KHTML, like Gecko) Chrome/74.0.3729.131 Safari/537.36"
5.165.251.65 - - [16/Nov/2019:12:39:18 +0300] "GET /images/speasyimagegallery/albums/7/images/mramor-rosso-levanto_thumb.jpg HTTP/1.1" 200 37991 "http://silverz.ru/katalog" "Mozilla/5.0 (Windows NT 6.1; WOW64) AppleWebKit/537.36 (KHTML, like Gecko) Chrome/73.0.3683.103 Safari/537.36 OPR/60.0.3255.84 (Edition Yx)"
95.84.223.67 - - [16/Nov/2019:12:39:19 +0300] "GET /components/com_sppagebuilder/assets/css/sppagebuilder.css HTTP/1.1" 200 99520 "http://silverz.ru/o-kompanii" "Mozilla/5.0 (Windows NT 10.0; Win64; x64) AppleWebKit/537.36 (KHTML, like Gecko) Chrome/74.0.3729.131 Safari/537.36"
95.84.223.67 - - [16/Nov/2019:12:39:19 +0300] "GET /components/com_sppagebuilder/assets/css/animate.min.css HTTP/1.1" 200 53431 "http://silverz.ru/o-kompanii" "Mozilla/5.0 (Windows NT 10.0; Win64; x64) AppleWebKit/537.36 (KHTML, like Gecko) Chrome/74.0.3729.131 Safari/537.36"
5.165.251.65 - - [16/Nov/2019:12:39:19 +0300] "GET /images/speasyimagegallery/albums/7/images/mramor-polockij_thumb.jpg HTTP/1.1" 200 3873 "http://silverz.ru/katalog" "Mozilla/5.0 (Windows NT 6.1; WOW64) AppleWebKit/537.36 (KHTML, like Gecko) Chrome/73.0.3683.103 Safari/537.36 OPR/60.0.3255.84 (Edition Yx)"
95.84.223.67 - - [16/Nov/2019:12:39:19 +0300] "GET /components/com_sppagebuilder/assets/css/sppagecontainer.css HTTP/1.1" 200 268 "http://silverz.ru/o-kompanii" "Mozilla/5.0 (Windows NT 10.0; Win64; x64) AppleWebKit/537.36 (KHTML, like Gecko) Chrome/74.0.3729.131 Safari/537.36"
95.84.223.67 - - [16/Nov/2019:12:39:19 +0300] "GET /components/com_sppagebuilder/assets/css/magnific-popup.css HTTP/1.1" 200 5920 "http://silverz.ru/o-kompanii" "Mozilla/5.0 (Windows NT 10.0; Win64; x64) AppleWebKit/537.36 (KHTML, like Gecko) Chrome/74.0.3729.131 Safari/537.36"
5.165.251.65 - - [16/Nov/2019:12:39:19 +0300] "GET /images/speasyimagegallery/albums/7/images/mramor-pirgon-ekstra_thumb.jpg HTTP/1.1" 200 11044 "http://silverz.ru/katalog" "Mozilla/5.0 (Windows NT 6.1; WOW64) AppleWebKit/537.36 (KHTML, like Gecko) Chrome/73.0.3683.103 Safari/537.36 OPR/60.0.3255.84 (Edition Yx)"
5.165.251.65 - - [16/Nov/2019:12:39:20 +0300] "GET /images/speasyimagegallery/albums/7/images/mramor-petra-grej_thumb.jpg HTTP/1.1" 200 14020 "http://silverz.ru/katalog" "Mozilla/5.0 (Windows NT 6.1; WOW64) AppleWebKit/537.36 (KHTML, like Gecko) Chrome/73.0.3683.103 Safari/537.36 OPR/60.0.3255.84 (Edition Yx)"
95.84.223.67 - - [16/Nov/2019:12:39:20 +0300] "GET /templates/shaper_helix3/css/bootstrap.min.css HTTP/1.1" 200 121155 "http://silverz.ru/o-kompanii" "Mozilla/5.0 (Windows NT 10.0; Win64; x64) AppleWebKit/537.36 (KHTML, like Gecko) Chrome/74.0.3729.131 Safari/537.36"
95.84.223.67 - - [16/Nov/2019:12:39:20 +0300] "GET /templates/shaper_helix3/css/font-awesome.min.css HTTP/1.1" 200 31000 "http://silverz.ru/o-kompanii" "Mozilla/5.0 (Windows NT 10.0; Win64; x64) AppleWebKit/537.36 (KHTML, like Gecko) Chrome/74.0.3729.131 Safari/537.36"
5.165.251.65 - - [16/Nov/2019:12:39:20 +0300] "GET /images/speasyimagegallery/albums/7/images/mramor-krema-marfil-alba_thumb.jpg HTTP/1.1" 200 5297 "http://silverz.ru/katalog" "Mozilla/5.0 (Windows NT 6.1; WOW64) AppleWebKit/537.36 (KHTML, like Gecko) Chrome/73.0.3683.103 Safari/537.36 OPR/60.0.3255.84 (Edition Yx)"
5.165.251.65 - - [16/Nov/2019:12:39:20 +0300] "GET /images/speasyimagegallery/albums/7/images/mramor-imperador-lajt_thumb.jpg HTTP/1.1" 200 22957 "http://silverz.ru/katalog" "Mozilla/5.0 (Windows NT 6.1; WOW64) AppleWebKit/537.36 (KHTML, like Gecko) Chrome/73.0.3683.103 Safari/537.36 OPR/60.0.3255.84 (Edition Yx)"
95.84.223.67 - - [16/Nov/2019:12:39:20 +0300] "GET /templates/shaper_helix3/css/legacy.css HTTP/1.1" 200 27359 "http://silverz.ru/o-kompanii" "Mozilla/5.0 (Windows NT 10.0; Win64; x64) AppleWebKit/537.36 (KHTML, like Gecko) Chrome/74.0.3729.131 Safari/537.36"
95.84.223.67 - - [16/Nov/2019:12:39:21 +0300] "GET /templates/shaper_helix3/css/template.css HTTP/1.1" 200 75362 "http://silverz.ru/o-kompanii" "Mozilla/5.0 (Windows NT 10.0; Win64; x64) AppleWebKit/537.36 (KHTML, like Gecko) Chrome/74.0.3729.131 Safari/537.36"
5.165.251.65 - - [16/Nov/2019:12:39:21 +0300] "GET /images/speasyimagegallery/albums/7/images/mramor-imperador-dark-gold_thumb.jpg HTTP/1.1" 200 36391 "http://silverz.ru/katalog" "Mozilla/5.0 (Windows NT 6.1; WOW64) AppleWebKit/537.36 (KHTML, like Gecko) Chrome/73.0.3683.103 Safari/537.36 OPR/60.0.3255.84 (Edition Yx)"
95.84.223.67 - - [16/Nov/2019:12:39:21 +0300] "GET /templates/shaper_helix3/css/presets/preset1.css HTTP/1.1" 200 2159 "http://silverz.ru/o-kompanii" "Mozilla/5.0 (Windows NT 10.0; Win64; x64) AppleWebKit/537.36 (KHTML, like Gecko) Chrome/74.0.3729.131 Safari/537.36"
95.84.223.67 - - [16/Nov/2019:12:39:21 +0300] "GET /plugins/system/helix3/assets/css/pagebuilder.css HTTP/1.1" 200 546 "http://silverz.ru/o-kompanii" "Mozilla/5.0 (Windows NT 10.0; Win64; x64) AppleWebKit/537.36 (KHTML, like Gecko) Chrome/74.0.3729.131 Safari/537.36"
5.165.251.65 - - [16/Nov/2019:12:39:21 +0300] "GET /images/speasyimagegallery/albums/7/images/mramor-imperador-dark_thumb.jpg HTTP/1.1" 200 28531 "http://silverz.ru/katalog" "Mozilla/5.0 (Windows NT 6.1; WOW64) AppleWebKit/537.36 (KHTML, like Gecko) Chrome/73.0.3683.103 Safari/537.36 OPR/60.0.3255.84 (Edition Yx)"
95.84.223.67 - - [16/Nov/2019:12:39:21 +0300] "GET /templates/shaper_helix3/css/frontend-edit.css HTTP/1.1" 200 2912 "http://silverz.ru/o-kompanii" "Mozilla/5.0 (Windows NT 10.0; Win64; x64) AppleWebKit/537.36 (KHTML, like Gecko) Chrome/74.0.3729.131 Safari/537.36"
5.165.251.65 - - [16/Nov/2019:12:39:21 +0300] "GET /images/speasyimagegallery/albums/7/images/mramor-dajno-reale_thumb.jpg HTTP/1.1" 200 21848 "http://silverz.ru/katalog" "Mozilla/5.0 (Windows NT 6.1; WOW64) AppleWebKit/537.36 (KHTML, like Gecko) Chrome/73.0.3683.103 Safari/537.36 OPR/60.0.3255.84 (Edition Yx)"
5.165.251.65 - - [16/Nov/2019:12:39:22 +0300] "GET /images/speasyimagegallery/albums/7/images/mramor-bottichino-fiorito_thumb.jpg HTTP/1.1" 200 9834 "http://silverz.ru/katalog" "Mozilla/5.0 (Windows NT 6.1; WOW64) AppleWebKit/537.36 (KHTML, like Gecko) Chrome/73.0.3683.103 Safari/537.36 OPR/60.0.3255.84 (Edition Yx)"
95.84.223.67 - - [16/Nov/2019:12:39:22 +0300] "GET /modules/mod_gruemenu/css/styles.css HTTP/1.1" 200 4445 "http://silverz.ru/o-kompanii" "Mozilla/5.0 (Windows NT 10.0; Win64; x64) AppleWebKit/537.36 (KHTML, like Gecko) Chrome/74.0.3729.131 Safari/537.36"
95.84.223.67 - - [16/Nov/2019:12:39:22 +0300] "GET /media/system/js/core.js?c760f9d71c1c0d2b4061b5dacc146007 HTTP/1.1" 200 8808 "http://silverz.ru/o-kompanii" "Mozilla/5.0 (Windows NT 10.0; Win64; x64) AppleWebKit/537.36 (KHTML, like Gecko) Chrome/74.0.3729.131 Safari/537.36"
5.165.251.65 - - [16/Nov/2019:12:39:22 +0300] "GET /images/speasyimagegallery/albums/7/images/mramor-bidasar-grin_thumb.jpg HTTP/1.1" 200 37169 "http://silverz.ru/katalog" "Mozilla/5.0 (Windows NT 6.1; WOW64) AppleWebKit/537.36 (KHTML, like Gecko) Chrome/73.0.3683.103 Safari/537.36 OPR/60.0.3255.84 (Edition Yx)"
5.165.251.65 - - [16/Nov/2019:12:39:23 +0300] "GET /images/speasyimagegallery/albums/7/images/mramor-bjanko-karrara_thumb.jpg HTTP/1.1" 200 8567 "http://silverz.ru/katalog" "Mozilla/5.0 (Windows NT 6.1; WOW64) AppleWebKit/537.36 (KHTML, like Gecko) Chrome/73.0.3683.103 Safari/537.36 OPR/60.0.3255.84 (Edition Yx)"
95.84.223.67 - - [16/Nov/2019:12:39:23 +0300] "GET /media/jui/js/jquery.min.js?c760f9d71c1c0d2b4061b5dacc146007 HTTP/1.1" 200 96606 "http://silverz.ru/o-kompanii" "Mozilla/5.0 (Windows NT 10.0; Win64; x64) AppleWebKit/537.36 (KHTML, like Gecko) Chrome/74.0.3729.131 Safari/537.36"
95.84.223.67 - - [16/Nov/2019:12:39:23 +0300] "GET /media/jui/js/jquery-noconflict.js?c760f9d71c1c0d2b4061b5dacc146007 HTTP/1.1" 200 21 "http://silverz.ru/o-kompanii" "Mozilla/5.0 (Windows NT 10.0; Win64; x64) AppleWebKit/537.36 (KHTML, like Gecko) Chrome/74.0.3729.131 Safari/537.36"
5.165.251.65 - - [16/Nov/2019:12:39:23 +0300] "GET /images/speasyimagegallery/albums/7/images/mramor-bidasar-braun_thumb.jpg HTTP/1.1" 200 44786 "http://silverz.ru/katalog" "Mozilla/5.0 (Windows NT 6.1; WOW64) AppleWebKit/537.36 (KHTML, like Gecko) Chrome/73.0.3683.103 Safari/537.36 OPR/60.0.3255.84 (Edition Yx)"
5.165.251.65 - - [16/Nov/2019:12:39:23 +0300] "GET /images/speasyimagegallery/albums/7/images/labradorit-blju-perl_thumb.jpg HTTP/1.1" 200 38825 "http://silverz.ru/katalog" "Mozilla/5.0 (Windows NT 6.1; WOW64) AppleWebKit/537.36 (KHTML, like Gecko) Chrome/73.0.3683.103 Safari/537.36 OPR/60.0.3255.84 (Edition Yx)"
95.84.223.67 - - [16/Nov/2019:12:39:24 +0300] "GET /components/com_sppagebuilder/assets/js/jquery.parallax-1.1.3.js HTTP/1.1" 200 892 "http://silverz.ru/o-kompanii" "Mozilla/5.0 (Windows NT 10.0; Win64; x64) AppleWebKit/537.36 (KHTML, like Gecko) Chrome/74.0.3729.131 Safari/537.36"
5.165.251.65 - - [16/Nov/2019:12:39:24 +0300] "GET /images/speasyimagegallery/albums/7/images/granit-venecija-delikato_thumb.jpg HTTP/1.1" 200 15932 "http://silverz.ru/katalog" "Mozilla/5.0 (Windows NT 6.1; WOW64) AppleWebKit/537.36 (KHTML, like Gecko) Chrome/73.0.3683.103 Safari/537.36 OPR/60.0.3255.84 (Edition Yx)"
95.84.223.67 - - [16/Nov/2019:12:39:24 +0300] "GET /media/jui/js/jquery-migrate.min.js?c760f9d71c1c0d2b4061b5dacc146007 HTTP/1.1" 200 10056 "http://silverz.ru/o-kompanii" "Mozilla/5.0 (Windows NT 10.0; Win64; x64) AppleWebKit/537.36 (KHTML, like Gecko) Chrome/74.0.3729.131 Safari/537.36"
95.84.223.67 - - [16/Nov/2019:12:39:24 +0300] "GET /components/com_sppagebuilder/assets/js/sppagebuilder.js HTTP/1.1" 200 35661 "http://silverz.ru/o-kompanii" "Mozilla/5.0 (Windows NT 10.0; Win64; x64) AppleWebKit/537.36 (KHTML, like Gecko) Chrome/74.0.3729.131 Safari/537.36"
5.165.251.65 - - [16/Nov/2019:12:39:24 +0300] "GET /images/speasyimagegallery/albums/7/images/granit-st-secilija_thumb.jpg HTTP/1.1" 200 33685 "http://silverz.ru/katalog" "Mozilla/5.0 (Windows NT 6.1; WOW64) AppleWebKit/537.36 (KHTML, like Gecko) Chrome/73.0.3683.103 Safari/537.36 OPR/60.0.3255.84 (Edition Yx)"
5.165.251.65 - - [16/Nov/2019:12:39:24 +0300] "GET /images/speasyimagegallery/albums/7/images/granit-tan-braun_thumb.jpg HTTP/1.1" 200 21416 "http://silverz.ru/katalog" "Mozilla/5.0 (Windows NT 6.1; WOW64) AppleWebKit/537.36 (KHTML, like Gecko) Chrome/73.0.3683.103 Safari/537.36 OPR/60.0.3255.84 (Edition Yx)"
95.84.223.67 - - [16/Nov/2019:12:39:24 +0300] "GET /components/com_sppagebuilder/assets/js/jquery.magnific-popup.min.js HTTP/1.1" 200 20033 "http://silverz.ru/o-kompanii" "Mozilla/5.0 (Windows NT 10.0; Win64; x64) AppleWebKit/537.36 (KHTML, like Gecko) Chrome/74.0.3729.131 Safari/537.36"
95.84.223.67 - - [16/Nov/2019:12:39:25 +0300] "GET /templates/shaper_helix3/js/bootstrap.min.js HTTP/1.1" 200 37045 "http://silverz.ru/o-kompanii" "Mozilla/5.0 (Windows NT 10.0; Win64; x64) AppleWebKit/537.36 (KHTML, like Gecko) Chrome/74.0.3729.131 Safari/537.36"
5.165.251.65 - - [16/Nov/2019:12:39:25 +0300] "GET /images/speasyimagegallery/albums/7/images/granit-sezam-blek-nju_thumb.jpg HTTP/1.1" 200 38980 "http://silverz.ru/katalog" "Mozilla/5.0 (Windows NT 6.1; WOW64) AppleWebKit/537.36 (KHTML, like Gecko) Chrome/73.0.3683.103 Safari/537.36 OPR/60.0.3255.84 (Edition Yx)"
95.84.223.67 - - [16/Nov/2019:12:39:25 +0300] "GET /templates/shaper_helix3/js/jquery.sticky.js HTTP/1.1" 200 5739 "http://silverz.ru/o-kompanii" "Mozilla/5.0 (Windows NT 10.0; Win64; x64) AppleWebKit/537.36 (KHTML, like Gecko) Chrome/74.0.3729.131 Safari/537.36"
