141.8.142.99 - - [10/Nov/2019:14:10:35 +0300] "GET /components/com_speasyimagegallery/assets/css/style-min.css HTTP/1.0" 200 3173 "https://silverz.ru/bruschatka-i-bordyury" "Mozilla/5.0 (compatible; YandexBot/3.0; +http://yandex.com/bots)"
213.180.203.56 - - [10/Nov/2019:14:10:37 +0300] "GET /components/com_speasyimagegallery/assets/js/script-min.js HTTP/1.0" 200 1587 "https://silverz.ru/bruschatka-i-bordyury" "Mozilla/5.0 (compatible; YandexBot/3.0; +http://yandex.com/bots)"
141.8.142.99 - - [10/Nov/2019:14:11:05 +0300] "GET /templates/shaper_helix3/fonts/fontawesome-webfont.woff2?v=4.7.0 HTTP/1.0" 200 77387 "https://silverz.ru/templates/shaper_helix3/css/font-awesome.min.css" "Mozilla/5.0 (compatible; YandexBot/3.0; +http://yandex.com/bots)"
141.8.142.99 - - [10/Nov/2019:14:30:44 +0300] "GET /o-kompanii HTTP/1.0" 200 8042 "-" "Mozilla/5.0 (compatible; YandexBot/3.0; +http://yandex.com/bots)"
37.146.251.151 - - [10/Nov/2019:14:54:47 +0300] "GET /kontakty/ HTTP/1.0" 200 41896 "-" "Mozilla/5.0 (Windows NT 6.1; Win64; x64) AppleWebKit/537.36 (KHTML, like Gecko) Chrome/67.0.3396.87 Safari/537.36"
141.8.142.99 - - [10/Nov/2019:15:12:00 +0300] "GET /images/speasyimagegallery/albums/6/images/img-7721.jpg HTTP/1.1" 200 66615 "-" "Mozilla/5.0 (compatible; YandexImages/3.0; +http://yandex.com/bots)"
141.8.142.99 - - [10/Nov/2019:15:12:02 +0300] "GET /images/speasyimagegallery/albums/6/images/img-7720.jpg HTTP/1.1" 200 65170 "-" "Mozilla/5.0 (compatible; YandexImages/3.0; +http://yandex.com/bots)"
83.149.37.25 - - [10/Nov/2019:16:12:42 +0300] "GET / HTTP/1.0" 200 32825 "http://whatsappbot.flyland.ru/" "Mozilla/5.0 (Windows NT 6.3; Win64; x64) AppleWebKit/537.36 (KHTML, like Gecko) Chrome/67.0.3396.79 Safari/537.36"
66.249.66.74 - - [10/Nov/2019:16:17:15 +0300] "GET /robots.txt HTTP/1.0" 404 1759 "-" "Mozilla/5.0 (compatible; Googlebot/2.1; +http://www.google.com/bot.html)"
66.249.66.75 - - [10/Nov/2019:16:17:16 +0300] "GET /images/speasyimagegallery/albums/1/images/6ba191edf14207be282a7994b90fca3f.jpg HTTP/1.1" 200 67104 "-" "Googlebot-Image/1.0"
82.202.167.203 - - [10/Nov/2019:16:48:50 +0300] "GET /kontakty/ HTTP/1.0" 200 41896 "http://silverz.ru/kontakty/" "Mozilla/5.0 (Windows NT 6.1; Win64; x64) AppleWebKit/537.36 (KHTML, like Gecko) Chrome/67.0.3396.79 Safari/537.36"
82.202.167.203 - - [10/Nov/2019:16:48:51 +0300] "POST /kontakty/ HTTP/1.0" 303 673 "http://silverz.ru/kontakty/" "Mozilla/5.0 (Windows NT 6.1; Win64; x64) AppleWebKit/537.36 (KHTML, like Gecko) Chrome/67.0.3396.79 Safari/537.36"
82.202.167.203 - - [10/Nov/2019:16:48:52 +0300] "GET /kontakty/ HTTP/1.0" 200 41799 "http://silverz.ru/kontakty/" "Mozilla/5.0 (Windows NT 6.1; Win64; x64) AppleWebKit/537.36 (KHTML, like Gecko) Chrome/67.0.3396.79 Safari/537.36"
93.158.166.20 - - [10/Nov/2019:17:39:38 +0300] "GET /robots.txt HTTP/1.0" 404 1755 "-" "Mozilla/5.0 (compatible; YandexBot/3.0; +http://yandex.com/bots)"
141.8.142.99 - - [10/Nov/2019:17:39:42 +0300] "GET /images/speasyimagegallery/albums/5/images/0ba9b3a592c75da955462b8aeeaeef21.jpg HTTP/1.1" 200 35265 "-" "Mozilla/5.0 (compatible; YandexImages/3.0; +http://yandex.com/bots)"
37.120.217.59 - - [10/Nov/2019:18:51:29 +0300] "GET / HTTP/1.0" 200 32823 "-" "Mozilla/5.0 (Windows NT 6.2; Win64; x64) AppleWebKit/537.36 (KHTML, like Gecko) Chrome/68.0.3440.106 Safari/537.36"
66.249.66.76 - - [10/Nov/2019:19:04:50 +0300] "GET /images/speasyimagegallery/albums/5/images/marble-steps-price-6_thumb.jpg HTTP/1.1" 200 15854 "-" "Googlebot-Image/1.0"
87.250.224.66 - - [10/Nov/2019:19:35:13 +0300] "GET /images/speasyimagegallery/albums/3/images/wood-and-marble-steps-10_thumb.jpg HTTP/1.1" 200 19499 "-" "Mozilla/5.0 (compatible; YandexImages/3.0; +http://yandex.com/bots)"
37.146.251.151 - - [10/Nov/2019:19:35:57 +0300] "GET /kontakty/ HTTP/1.0" 200 41896 "http://silverz.ru/kontakty/" "Mozilla/5.0 (Windows NT 10.0; Win64; x64) AppleWebKit/537.36 (KHTML, like Gecko) Chrome/64.0.3282.140 Safari/537.36 Edge/17.17134"
37.146.251.151 - - [10/Nov/2019:19:35:58 +0300] "POST /kontakty/ HTTP/1.0" 303 673 "http://silverz.ru/kontakty/" "Mozilla/5.0 (Windows NT 10.0; Win64; x64) AppleWebKit/537.36 (KHTML, like Gecko) Chrome/64.0.3282.140 Safari/537.36 Edge/17.17134"
37.146.251.151 - - [10/Nov/2019:19:35:58 +0300] "GET /kontakty/ HTTP/1.0" 200 41799 "http://silverz.ru/kontakty/" "Mozilla/5.0 (Windows NT 10.0; Win64; x64) AppleWebKit/537.36 (KHTML, like Gecko) Chrome/64.0.3282.140 Safari/537.36 Edge/17.17134"
37.146.251.151 - - [10/Nov/2019:19:36:00 +0300] "GET /kontakty/ HTTP/1.0" 200 41799 "http://silverz.ru/kontakty/" "Mozilla/5.0 (Windows NT 10.0; Win64; x64) AppleWebKit/537.36 (KHTML, like Gecko) Chrome/64.0.3282.140 Safari/537.36 Edge/17.17134"
66.249.66.74 - - [10/Nov/2019:19:45:43 +0300] "GET /images/speasyimagegallery/albums/5/images/img-7686_thumb.jpg HTTP/1.1" 200 16974 "-" "Googlebot-Image/1.0"
94.233.229.99 - - [10/Nov/2019:20:07:19 +0300] "GET /kontakty/ HTTP/1.0" 200 41895 "http://silverz.ru/kontakty/" "Mozilla/5.0 (Macintosh; Intel Mac OS X 10_13_5) AppleWebKit/537.36 (KHTML, like Gecko) Chrome/67.0.3396.99 Safari/537.36"
94.233.229.99 - - [10/Nov/2019:20:07:19 +0300] "POST /kontakty/ HTTP/1.0" 303 673 "http://silverz.ru/kontakty/" "Mozilla/5.0 (Macintosh; Intel Mac OS X 10_13_5) AppleWebKit/537.36 (KHTML, like Gecko) Chrome/67.0.3396.99 Safari/537.36"
66.249.66.74 - - [10/Nov/2019:20:21:01 +0300] "GET /images/speasyimagegallery/albums/5/images/78bd59eb765819021f7eb8b003c2a9c6_thumb.jpg HTTP/1.1" 200 25910 "-" "Googlebot-Image/1.0"
188.163.109.153 - - [10/Nov/2019:21:07:43 +0300] "GET /kontakty/ HTTP/1.0" 200 41897 "http://silverz.ru/kontakty/" "Mozilla/5.0 (Windows NT 6.1) AppleWebKit/537.36 (KHTML, like Gecko) Chrome/67.0.3396.99 Safari/537.36"
188.163.109.153 - - [10/Nov/2019:21:07:43 +0300] "POST /kontakty/ HTTP/1.0" 303 673 "http://silverz.ru/kontakty/" "Mozilla/5.0 (Windows NT 6.1) AppleWebKit/537.36 (KHTML, like Gecko) Chrome/67.0.3396.99 Safari/537.36"
188.163.109.153 - - [10/Nov/2019:21:07:44 +0300] "GET /kontakty/ HTTP/1.0" 200 41800 "http://silverz.ru/kontakty/" "Mozilla/5.0 (Windows NT 6.1) AppleWebKit/537.36 (KHTML, like Gecko) Chrome/67.0.3396.99 Safari/537.36"
141.8.142.99 - - [10/Nov/2019:21:35:05 +0300] "GET /robots.txt HTTP/1.0" 404 1756 "-" "Mozilla/5.0 (compatible; YandexBot/3.0; +http://yandex.com/bots)"
141.8.142.99 - - [10/Nov/2019:21:35:09 +0300] "GET /podokonniki HTTP/1.0" 200 5782 "-" "Mozilla/5.0 (compatible; YandexBot/3.0; +http://yandex.com/bots)"
141.8.142.99 - - [10/Nov/2019:22:35:29 +0300] "GET /robots.txt HTTP/1.0" 404 1755 "-" "Mozilla/5.0 (compatible; YandexBot/3.0; +http://yandex.com/bots)"
141.8.142.99 - - [10/Nov/2019:22:35:33 +0300] "GET /images/speasyimagegallery/albums/2/images/839d62e70f3999fa83258d9cc9f8755a.jpg HTTP/1.1" 200 25075 "-" "Mozilla/5.0 (compatible; YandexImages/3.0; +http://yandex.com/bots)"
213.180.203.56 - - [10/Nov/2019:22:55:01 +0300] "GET /images/speasyimagegallery/albums/6/images/img-7723_thumb.jpg HTTP/1.1" 200 14455 "-" "Mozilla/5.0 (compatible; YandexImages/3.0; +http://yandex.com/bots)"
185.220.101.26 - - [10/Nov/2019:23:04:29 +0300] "GET /kontakty/ HTTP/1.0" 200 41896 "http://silverz.ru/kontakty/" "Mozilla/5.0 (Windows NT 10.0; Win64; x64) AppleWebKit/537.36 (KHTML, like Gecko) Chrome/65.0.3325.181 Safari/537.36"
89.31.57.5 - - [10/Nov/2019:23:04:41 +0300] "POST /kontakty/ HTTP/1.0" 303 673 "http://silverz.ru/kontakty/" "Mozilla/5.0 (Windows NT 10.0; Win64; x64) AppleWebKit/537.36 (KHTML, like Gecko) Chrome/65.0.3325.181 Safari/537.36"
89.31.57.5 - - [10/Nov/2019:23:04:42 +0300] "GET /kontakty/ HTTP/1.0" 200 41795 "http://silverz.ru/kontakty/" "Mozilla/5.0 (Windows NT 10.0; Win64; x64) AppleWebKit/537.36 (KHTML, like Gecko) Chrome/65.0.3325.181 Safari/537.36"
54.36.150.47 - - [10/Nov/2019:23:28:08 +0300] "GET /images/speasyimagegallery/albums/7/images/granit-blek-gelaksi.jpg HTTP/1.1" 200 177271 "-" "Mozilla/5.0 (compatible; AhrefsBot/6.1; +http://ahrefs.com/robot/)"
188.163.109.153 - - [11/Nov/2019:00:04:59 +0300] "GET /kontakty/ HTTP/1.0" 200 41897 "http://silverz.ru/kontakty/" "Mozilla/5.0 (Windows NT 10.0; Win64; x64) AppleWebKit/537.36 (KHTML, like Gecko) Chrome/68.0.3440.106 Safari/537.36 OPR/55.0.2994.44"
188.163.109.153 - - [11/Nov/2019:00:05:00 +0300] "POST /kontakty/ HTTP/1.0" 303 673 "http://silverz.ru/kontakty/" "Mozilla/5.0 (Windows NT 10.0; Win64; x64) AppleWebKit/537.36 (KHTML, like Gecko) Chrome/68.0.3440.106 Safari/537.36 OPR/55.0.2994.44"
188.163.109.153 - - [11/Nov/2019:00:05:01 +0300] "GET /kontakty/ HTTP/1.0" 200 41800 "http://silverz.ru/kontakty/" "Mozilla/5.0 (Windows NT 10.0; Win64; x64) AppleWebKit/537.36 (KHTML, like Gecko) Chrome/68.0.3440.106 Safari/537.36 OPR/55.0.2994.44"
176.96.225.189 - - [11/Nov/2019:00:20:35 +0300] "GET /kontakty/ HTTP/1.0" 200 41896 "http://silverz.ru/kontakty/" "Mozilla/5.0 (Windows NT 6.1) AppleWebKit/537.36 (KHTML, like Gecko) Chrome/67.0.3396.99 Safari/537.36"
176.96.225.189 - - [11/Nov/2019:00:20:36 +0300] "POST /kontakty/ HTTP/1.0" 303 673 "http://silverz.ru/kontakty/" "Mozilla/5.0 (Windows NT 6.1) AppleWebKit/537.36 (KHTML, like Gecko) Chrome/67.0.3396.99 Safari/537.36"
176.96.225.189 - - [11/Nov/2019:00:20:37 +0300] "GET /kontakty/ HTTP/1.0" 200 41799 "http://silverz.ru/kontakty/" "Mozilla/5.0 (Windows NT 6.1) AppleWebKit/537.36 (KHTML, like Gecko) Chrome/67.0.3396.99 Safari/537.36"
62.210.89.11 - - [11/Nov/2019:01:25:42 +0300] "GET / HTTP/1.0" 200 7286 "-" "Mozilla/5.0 (Windows NT 10.0; Win64; x64; rv:67.0) Gecko/20100101 Firefox/67.0"
45.131.208.20 - - [11/Nov/2019:01:28:54 +0300] "GET / HTTP/1.0" 200 32823 "-" "Mozilla/5.0 (Windows NT 5.1) AppleWebKit/537.36 (KHTML, like Gecko) Chrome/49.0.2623.112 Safari/537.36"
93.158.156.97 - - [11/Nov/2019:01:47:00 +0300] "GET /Dyn8akvZJ7Pa HTTP/1.0" 404 1757 "-" "Mozilla/5.0 (compatible; YandexBot/3.0; +http://yandex.com/bots)"
158.69.121.179 - - [11/Nov/2019:02:09:19 +0300] "GET /kontakty/ HTTP/1.0" 200 41896 "http://silverz.ru/kontakty/" "Mozilla/5.0 (Windows NT 10.0; Win64; x64) AppleWebKit/537.36 (KHTML, like Gecko) Chrome/65.0.3325.181 Safari/537.36"
158.69.121.179 - - [11/Nov/2019:02:09:20 +0300] "POST /kontakty/ HTTP/1.0" 303 673 "http://silverz.ru/kontakty/" "Mozilla/5.0 (Windows NT 10.0; Win64; x64) AppleWebKit/537.36 (KHTML, like Gecko) Chrome/65.0.3325.181 Safari/537.36"
158.69.121.179 - - [11/Nov/2019:02:09:21 +0300] "GET /kontakty/ HTTP/1.0" 200 41799 "http://silverz.ru/kontakty/" "Mozilla/5.0 (Windows NT 10.0; Win64; x64) AppleWebKit/537.36 (KHTML, like Gecko) Chrome/65.0.3325.181 Safari/537.36"
158.69.121.179 - - [11/Nov/2019:02:09:22 +0300] "GET /kontakty/ HTTP/1.0" 200 41799 "http://silverz.ru/kontakty/" "Mozilla/5.0 (Windows NT 10.0; Win64; x64) AppleWebKit/537.36 (KHTML, like Gecko) Chrome/65.0.3325.181 Safari/537.36"
78.85.153.236 - - [11/Nov/2019:02:26:22 +0300] "GET / HTTP/1.0" 200 7286 "-" "Mozilla/5.0 (Windows; U; Windows NT 5.1; en-US; rv:1.9.1.6) Gecko/20091201 Firefox/3.5.6 (.NET CLR 2.0.50727; .NET CLR 3.0.4506.2152; .NET CLR 3.5.30729)"
78.85.153.236 - - [11/Nov/2019:02:26:24 +0300] "GET / HTTP/1.0" 200 7285 "-" "Mozilla/5.0 (Windows; U; Windows NT 5.1; en-US; rv:1.9.1.6) Gecko/20091201 Firefox/3.5.6 (.NET CLR 2.0.50727; .NET CLR 3.0.4506.2152; .NET CLR 3.5.30729)"
78.85.153.236 - - [11/Nov/2019:02:26:27 +0300] "GET /wp/ HTTP/1.0" 404 1748 "-" "Mozilla/5.0 (Windows; U; Windows NT 5.1; en-US; rv:1.9.1.6) Gecko/20091201 Firefox/3.5.6 (.NET CLR 2.0.50727; .NET CLR 3.0.4506.2152; .NET CLR 3.5.30729)"
78.85.153.236 - - [11/Nov/2019:02:26:27 +0300] "GET /blog/ HTTP/1.0" 404 1750 "-" "Mozilla/5.0 (Windows; U; Windows NT 5.1; en-US; rv:1.9.1.6) Gecko/20091201 Firefox/3.5.6 (.NET CLR 2.0.50727; .NET CLR 3.0.4506.2152; .NET CLR 3.5.30729)"
78.85.153.236 - - [11/Nov/2019:02:26:28 +0300] "GET /wordpress/ HTTP/1.0" 404 1755 "-" "Mozilla/5.0 (Windows; U; Windows NT 5.1; en-US; rv:1.9.1.6) Gecko/20091201 Firefox/3.5.6 (.NET CLR 2.0.50727; .NET CLR 3.0.4506.2152; .NET CLR 3.5.30729)"
78.85.153.236 - - [11/Nov/2019:02:26:29 +0300] "GET /site/ HTTP/1.0" 404 1750 "-" "Mozilla/5.0 (Windows; U; Windows NT 5.1; en-US; rv:1.9.1.6) Gecko/20091201 Firefox/3.5.6 (.NET CLR 2.0.50727; .NET CLR 3.0.4506.2152; .NET CLR 3.5.30729)"
78.85.153.236 - - [11/Nov/2019:02:26:29 +0300] "GET /cms/ HTTP/1.0" 404 1749 "-" "Mozilla/5.0 (Windows; U; Windows NT 5.1; en-US; rv:1.9.1.6) Gecko/20091201 Firefox/3.5.6 (.NET CLR 2.0.50727; .NET CLR 3.0.4506.2152; .NET CLR 3.5.30729)"
78.85.153.236 - - [11/Nov/2019:02:26:30 +0300] "GET /web/ HTTP/1.0" 404 1749 "-" "Mozilla/5.0 (Windows; U; Windows NT 5.1; en-US; rv:1.9.1.6) Gecko/20091201 Firefox/3.5.6 (.NET CLR 2.0.50727; .NET CLR 3.0.4506.2152; .NET CLR 3.5.30729)"
78.85.153.236 - - [11/Nov/2019:02:27:10 +0300] "GET /new/ HTTP/1.0" 404 1749 "-" "Mozilla/5.0 (Windows; U; Windows NT 5.1; en-US; rv:1.9.1.6) Gecko/20091201 Firefox/3.5.6 (.NET CLR 2.0.50727; .NET CLR 3.0.4506.2152; .NET CLR 3.5.30729)"
54.36.150.95 - - [11/Nov/2019:03:16:12 +0300] "GET /images/speasyimagegallery/albums/4/images/img-7672.jpg HTTP/1.1" 200 85432 "-" "Mozilla/5.0 (compatible; AhrefsBot/6.1; +http://ahrefs.com/robot/)"
5.62.18.32 - - [11/Nov/2019:04:56:39 +0300] "GET /kontakty/ HTTP/1.0" 200 41892 "http://silverz.ru/kontakty/" "Mozilla/5.0 (Windows NT 6.1; Win64; x64) AppleWebKit/537.36 (KHTML, like Gecko) Chrome/66.0.3359.170 Safari/537.36 OPR/53.0.2907.68"
5.62.18.32 - - [11/Nov/2019:04:56:40 +0300] "POST /kontakty/ HTTP/1.0" 303 673 "http://silverz.ru/kontakty/" "Mozilla/5.0 (Windows NT 6.1; Win64; x64) AppleWebKit/537.36 (KHTML, like Gecko) Chrome/66.0.3359.170 Safari/537.36 OPR/53.0.2907.68"
5.62.18.32 - - [11/Nov/2019:04:56:40 +0300] "GET /kontakty/ HTTP/1.0" 200 41795 "http://silverz.ru/kontakty/" "Mozilla/5.0 (Windows NT 6.1; Win64; x64) AppleWebKit/537.36 (KHTML, like Gecko) Chrome/66.0.3359.170 Safari/537.36 OPR/53.0.2907.68"
5.188.210.51 - - [11/Nov/2019:06:19:52 +0300] "GET / HTTP/1.0" 200 32821 "http://silverz.ru/" "Mozilla/5.0 (Windows NT 6.1; Win64; x64) AppleWebKit/537.36 (KHTML, like Gecko) Chrome/68.0.3440.84 Safari/537.36"
82.208.101.15 - - [11/Nov/2019:06:21:36 +0300] "GET /kontakty/ HTTP/1.0" 200 41895 "http://silverz.ru/kontakty/" "Mozilla/5.0 (Windows NT 6.1; Win64; x64) AppleWebKit/537.36 (KHTML, like Gecko) Chrome/67.0.3396.87 Safari/537.36 OPR/54.0.2952.64"
82.208.101.15 - - [11/Nov/2019:06:21:42 +0300] "GET /kontakty/ HTTP/1.0" 200 41798 "http://silverz.ru/kontakty/" "Mozilla/5.0 (Windows NT 6.1; Win64; x64) AppleWebKit/537.36 (KHTML, like Gecko) Chrome/67.0.3396.87 Safari/537.36 OPR/54.0.2952.64"
141.8.142.99 - - [11/Nov/2019:06:51:23 +0300] "GET /robots.txt HTTP/1.0" 404 1755 "-" "Mozilla/5.0 (compatible; YandexBot/3.0; +http://yandex.com/bots)"
141.8.142.99 - - [11/Nov/2019:06:51:27 +0300] "GET /vannye-komnaty HTTP/1.0" 200 5526 "-" "Mozilla/5.0 (compatible; YandexBot/3.0; +http://yandex.com/bots)"
199.19.224.107 - - [11/Nov/2019:07:03:32 +0300] "GET /kontakty/ HTTP/1.0" 200 41896 "http://silverz.ru/kontakty/" "Mozilla/5.0 (Windows NT 10.0; Win64; x64) AppleWebKit/537.36 (KHTML, like Gecko) Chrome/66.0.3359.170 Safari/537.36 OPR/53.0.2907.68"
179.43.134.155 - - [11/Nov/2019:07:03:34 +0300] "POST /kontakty/ HTTP/1.0" 303 673 "http://silverz.ru/kontakty/" "Mozilla/5.0 (Windows NT 10.0; Win64; x64) AppleWebKit/537.36 (KHTML, like Gecko) Chrome/66.0.3359.170 Safari/537.36 OPR/53.0.2907.68"
179.43.134.155 - - [11/Nov/2019:07:03:36 +0300] "GET /kontakty/ HTTP/1.0" 200 41799 "http://silverz.ru/kontakty/" "Mozilla/5.0 (Windows NT 10.0; Win64; x64) AppleWebKit/537.36 (KHTML, like Gecko) Chrome/66.0.3359.170 Safari/537.36 OPR/53.0.2907.68"
66.249.66.76 - - [11/Nov/2019:07:06:23 +0300] "GET /robots.txt HTTP/1.0" 404 1759 "-" "Mozilla/5.0 (compatible; Googlebot/2.1; +http://www.google.com/bot.html)"
66.249.66.74 - - [11/Nov/2019:07:06:23 +0300] "GET /images/speasyimagegallery/albums/5/images/img-7687_thumb.jpg HTTP/1.1" 200 19595 "-" "Googlebot-Image/1.0"
87.250.224.212 - - [11/Nov/2019:08:10:22 +0300] "GET /robots.txt HTTP/1.0" 404 1756 "-" "Mozilla/5.0 (compatible; YandexBot/3.0; +http://yandex.com/bots)"
188.40.80.134 - - [11/Nov/2019:08:51:08 +0300] "GET / HTTP/1.0" 200 7284 "-" "Mozilla/5.0 (compatible; YandexBot/3.0; +http://yandex.com/bots)"
213.180.203.56 - - [11/Nov/2019:09:30:01 +0300] "GET /bruschatka-i-bordyury HTTP/1.0" 200 5541 "-" "Mozilla/5.0 (compatible; YandexBot/3.0; +http://yandex.com/bots)"
175.139.166.200 - - [11/Nov/2019:09:30:51 +0300] "GET /kontakty/ HTTP/1.0" 200 41897 "http://silverz.ru/kontakty/" "Mozilla/5.0 (Windows NT 6.1; Win64; x64) AppleWebKit/537.36 (KHTML, like Gecko) Chrome/67.0.3396.87 Safari/537.36 OPR/54.0.2952.54"
175.139.166.200 - - [11/Nov/2019:09:32:55 +0300] "POST /kontakty/ HTTP/1.0" 303 673 "http://silverz.ru/kontakty/" "Mozilla/5.0 (Windows NT 6.1; Win64; x64) AppleWebKit/537.36 (KHTML, like Gecko) Chrome/67.0.3396.87 Safari/537.36 OPR/54.0.2952.54"
175.139.166.200 - - [11/Nov/2019:09:32:59 +0300] "GET /kontakty/ HTTP/1.0" 200 41800 "http://silverz.ru/kontakty/" "Mozilla/5.0 (Windows NT 6.1; Win64; x64) AppleWebKit/537.36 (KHTML, like Gecko) Chrome/67.0.3396.87 Safari/537.36 OPR/54.0.2952.54"
95.163.255.245 - - [11/Nov/2019:09:52:28 +0300] "GET /robots.txt HTTP/1.0" 404 1759 "-" "Mozilla/5.0 (compatible; Linux x86_64; Mail.RU_Bot/2.0; +http://go.mail.ru/help/robots)"
95.163.255.211 - - [11/Nov/2019:09:52:30 +0300] "GET / HTTP/1.0" 200 7275 "-" "Mozilla/5.0 (compatible; Linux x86_64; Mail.RU_Bot/2.0; +http://go.mail.ru/help/robots)"
37.9.113.23 - - [11/Nov/2019:10:03:38 +0300] "GET /images/speasyimagegallery/albums/1/images/fca7f786c5467035883f95efe08582fd_thumb.jpg HTTP/1.1" 200 42947 "-" "Mozilla/5.0 (compatible; YandexImages/3.0; +http://yandex.com/bots)"
54.36.149.54 - - [11/Nov/2019:10:08:03 +0300] "GET /robots.txt HTTP/1.0" 404 1755 "-" "Mozilla/5.0 (compatible; AhrefsBot/6.1; +http://ahrefs.com/robot/)"
54.36.148.55 - - [11/Nov/2019:10:08:04 +0300] "GET /kukhni HTTP/1.0" 200 5610 "-" "Mozilla/5.0 (compatible; AhrefsBot/6.1; +http://ahrefs.com/robot/)"
199.249.230.67 - - [11/Nov/2019:11:00:53 +0300] "GET /kontakty/ HTTP/1.0" 200 41896 "http://silverz.ru/kontakty/" "Mozilla/5.0 (Windows NT 6.1) AppleWebKit/537.36 (KHTML, like Gecko) Chrome/66.0.3359.181 Safari/537.36 Kinza/4.7.2"
199.249.230.67 - - [11/Nov/2019:11:00:55 +0300] "POST /kontakty/ HTTP/1.0" 303 673 "http://silverz.ru/kontakty/" "Mozilla/5.0 (Windows NT 6.1) AppleWebKit/537.36 (KHTML, like Gecko) Chrome/66.0.3359.181 Safari/537.36 Kinza/4.7.2"
199.249.230.67 - - [11/Nov/2019:11:00:58 +0300] "GET /kontakty/ HTTP/1.0" 200 41799 "http://silverz.ru/kontakty/" "Mozilla/5.0 (Windows NT 6.1) AppleWebKit/537.36 (KHTML, like Gecko) Chrome/66.0.3359.181 Safari/537.36 Kinza/4.7.2"
66.249.66.75 - - [11/Nov/2019:11:36:35 +0300] "GET /images/speasyimagegallery/albums/3/images/img-7676.jpg HTTP/1.1" 200 37814 "-" "Googlebot-Image/1.0"
93.92.201.186 - - [11/Nov/2019:11:48:56 +0300] "GET /kontakty/ HTTP/1.0" 200 41895 "-" "Mozilla/5.0 (Windows NT 10.0; Win64; x64) AppleWebKit/537.36 (KHTML, like Gecko) Chrome/71.0.3578.98 Safari/537.36"
54.36.150.167 - - [11/Nov/2019:12:46:08 +0300] "GET / HTTP/1.0" 200 7286 "-" "Mozilla/5.0 (compatible; AhrefsBot/6.1; +http://ahrefs.com/robot/)"
46.185.69.208 - - [11/Nov/2019:13:04:24 +0300] "GET /kontakty/ HTTP/1.0" 200 41895 "http://silverz.ru/kontakty/" "Mozilla/5.0 (Windows NT 10.0; Win64; x64) AppleWebKit/537.36 (KHTML, like Gecko) Chrome/66.0.3359.170 Safari/537.36 OPR/53.0.2907.68"
46.185.69.208 - - [11/Nov/2019:13:04:26 +0300] "POST /kontakty/ HTTP/1.0" 303 673 "http://silverz.ru/kontakty/" "Mozilla/5.0 (Windows NT 10.0; Win64; x64) AppleWebKit/537.36 (KHTML, like Gecko) Chrome/66.0.3359.170 Safari/537.36 OPR/53.0.2907.68"
46.185.69.208 - - [11/Nov/2019:13:04:29 +0300] "GET /kontakty/ HTTP/1.0" 200 41798 "http://silverz.ru/kontakty/" "Mozilla/5.0 (Windows NT 10.0; Win64; x64) AppleWebKit/537.36 (KHTML, like Gecko) Chrome/66.0.3359.170 Safari/537.36 OPR/53.0.2907.68"
46.185.69.208 - - [11/Nov/2019:13:04:30 +0300] "GET /kontakty/ HTTP/1.0" 200 41798 "http://silverz.ru/kontakty/" "Mozilla/5.0 (Windows NT 10.0; Win64; x64) AppleWebKit/537.36 (KHTML, like Gecko) Chrome/66.0.3359.170 Safari/537.36 OPR/53.0.2907.68"
158.69.121.179 - - [11/Nov/2019:13:09:38 +0300] "GET /kontakty/ HTTP/1.0" 200 41896 "http://silverz.ru/kontakty/" "Mozilla/5.0 (Windows NT 10.0; Win64; x64) AppleWebKit/537.36 (KHTML, like Gecko) Chrome/65.0.3325.181 Safari/537.36"
158.69.121.179 - - [11/Nov/2019:13:09:40 +0300] "POST /kontakty/ HTTP/1.0" 303 673 "http://silverz.ru/kontakty/" "Mozilla/5.0 (Windows NT 10.0; Win64; x64) AppleWebKit/537.36 (KHTML, like Gecko) Chrome/65.0.3325.181 Safari/537.36"
158.69.121.179 - - [11/Nov/2019:13:09:42 +0300] "GET /kontakty/ HTTP/1.0" 200 41799 "http://silverz.ru/kontakty/" "Mozilla/5.0 (Windows NT 10.0; Win64; x64) AppleWebKit/537.36 (KHTML, like Gecko) Chrome/65.0.3325.181 Safari/537.36"
158.69.121.179 - - [11/Nov/2019:13:09:43 +0300] "GET /kontakty/ HTTP/1.0" 200 41799 "http://silverz.ru/kontakty/" "Mozilla/5.0 (Windows NT 10.0; Win64; x64) AppleWebKit/537.36 (KHTML, like Gecko) Chrome/65.0.3325.181 Safari/537.36"
66.249.66.76 - - [11/Nov/2019:13:25:03 +0300] "GET /images/speasyimagegallery/albums/3/images/img-7694_thumb.jpg HTTP/1.1" 200 20031 "-" "Googlebot-Image/1.0"
178.206.178.20 - - [11/Nov/2019:13:36:34 +0300] "GET / HTTP/1.0" 200 7285 "-" "Mozilla/5.0 (Windows NT 6.1) AppleWebKit/537.36 (KHTML, like Gecko) Chrome/77.0.3865.120 YaBrowser/19.10.2.195 Yowser/2.5 Safari/537.36"
178.206.178.20 - - [11/Nov/2019:13:36:34 +0300] "GET /components/com_sppagebuilder/assets/css/font-awesome.min.css HTTP/1.1" 200 30961 "http://silverz.ru/" "Mozilla/5.0 (Windows NT 6.1) AppleWebKit/537.36 (KHTML, like Gecko) Chrome/77.0.3865.120 YaBrowser/19.10.2.195 Yowser/2.5 Safari/537.36"
178.206.178.20 - - [11/Nov/2019:13:36:34 +0300] "GET /components/com_sppagebuilder/assets/css/animate.min.css HTTP/1.1" 200 53431 "http://silverz.ru/" "Mozilla/5.0 (Windows NT 6.1) AppleWebKit/537.36 (KHTML, like Gecko) Chrome/77.0.3865.120 YaBrowser/19.10.2.195 Yowser/2.5 Safari/537.36"
178.206.178.20 - - [11/Nov/2019:13:36:34 +0300] "GET /components/com_sppagebuilder/assets/css/sppagecontainer.css HTTP/1.1" 200 268 "http://silverz.ru/" "Mozilla/5.0 (Windows NT 6.1) AppleWebKit/537.36 (KHTML, like Gecko) Chrome/77.0.3865.120 YaBrowser/19.10.2.195 Yowser/2.5 Safari/537.36"
178.206.178.20 - - [11/Nov/2019:13:36:34 +0300] "GET /templates/shaper_helix3/css/font-awesome.min.css HTTP/1.1" 200 31000 "http://silverz.ru/" "Mozilla/5.0 (Windows NT 6.1) AppleWebKit/537.36 (KHTML, like Gecko) Chrome/77.0.3865.120 YaBrowser/19.10.2.195 Yowser/2.5 Safari/537.36"
178.206.178.20 - - [11/Nov/2019:13:36:34 +0300] "GET /templates/shaper_helix3/css/legacy.css HTTP/1.1" 200 27359 "http://silverz.ru/" "Mozilla/5.0 (Windows NT 6.1) AppleWebKit/537.36 (KHTML, like Gecko) Chrome/77.0.3865.120 YaBrowser/19.10.2.195 Yowser/2.5 Safari/537.36"
178.206.178.20 - - [11/Nov/2019:13:36:34 +0300] "GET /components/com_sppagebuilder/assets/css/sppagebuilder.css HTTP/1.1" 200 99520 "http://silverz.ru/" "Mozilla/5.0 (Windows NT 6.1) AppleWebKit/537.36 (KHTML, like Gecko) Chrome/77.0.3865.120 YaBrowser/19.10.2.195 Yowser/2.5 Safari/537.36"
178.206.178.20 - - [11/Nov/2019:13:36:34 +0300] "GET /templates/shaper_helix3/css/bootstrap.min.css HTTP/1.1" 200 121155 "http://silverz.ru/" "Mozilla/5.0 (Windows NT 6.1) AppleWebKit/537.36 (KHTML, like Gecko) Chrome/77.0.3865.120 YaBrowser/19.10.2.195 Yowser/2.5 Safari/537.36"
178.206.178.20 - - [11/Nov/2019:13:36:34 +0300] "GET /templates/shaper_helix3/css/template.css HTTP/1.1" 200 75362 "http://silverz.ru/" "Mozilla/5.0 (Windows NT 6.1) AppleWebKit/537.36 (KHTML, like Gecko) Chrome/77.0.3865.120 YaBrowser/19.10.2.195 Yowser/2.5 Safari/537.36"
178.206.178.20 - - [11/Nov/2019:13:36:35 +0300] "GET /templates/shaper_helix3/css/presets/preset1.css HTTP/1.1" 200 2159 "http://silverz.ru/" "Mozilla/5.0 (Windows NT 6.1) AppleWebKit/537.36 (KHTML, like Gecko) Chrome/77.0.3865.120 YaBrowser/19.10.2.195 Yowser/2.5 Safari/537.36"
178.206.178.20 - - [11/Nov/2019:13:36:35 +0300] "GET /plugins/system/helix3/assets/css/pagebuilder.css HTTP/1.1" 200 546 "http://silverz.ru/" "Mozilla/5.0 (Windows NT 6.1) AppleWebKit/537.36 (KHTML, like Gecko) Chrome/77.0.3865.120 YaBrowser/19.10.2.195 Yowser/2.5 Safari/537.36"
178.206.178.20 - - [11/Nov/2019:13:36:35 +0300] "GET /templates/shaper_helix3/css/frontend-edit.css HTTP/1.1" 200 2912 "http://silverz.ru/" "Mozilla/5.0 (Windows NT 6.1) AppleWebKit/537.36 (KHTML, like Gecko) Chrome/77.0.3865.120 YaBrowser/19.10.2.195 Yowser/2.5 Safari/537.36"
178.206.178.20 - - [11/Nov/2019:13:36:35 +0300] "GET /media/system/js/core.js?c760f9d71c1c0d2b4061b5dacc146007 HTTP/1.1" 200 8808 "http://silverz.ru/" "Mozilla/5.0 (Windows NT 6.1) AppleWebKit/537.36 (KHTML, like Gecko) Chrome/77.0.3865.120 YaBrowser/19.10.2.195 Yowser/2.5 Safari/537.36"
178.206.178.20 - - [11/Nov/2019:13:36:35 +0300] "GET /modules/mod_gruemenu/css/styles.css HTTP/1.1" 200 4445 "http://silverz.ru/" "Mozilla/5.0 (Windows NT 6.1) AppleWebKit/537.36 (KHTML, like Gecko) Chrome/77.0.3865.120 YaBrowser/19.10.2.195 Yowser/2.5 Safari/537.36"
178.206.178.20 - - [11/Nov/2019:13:36:35 +0300] "GET /media/jui/js/jquery.min.js?c760f9d71c1c0d2b4061b5dacc146007 HTTP/1.1" 200 96606 "http://silverz.ru/" "Mozilla/5.0 (Windows NT 6.1) AppleWebKit/537.36 (KHTML, like Gecko) Chrome/77.0.3865.120 YaBrowser/19.10.2.195 Yowser/2.5 Safari/537.36"
178.206.178.20 - - [11/Nov/2019:13:36:35 +0300] "GET /media/jui/js/jquery-noconflict.js?c760f9d71c1c0d2b4061b5dacc146007 HTTP/1.1" 200 21 "http://silverz.ru/" "Mozilla/5.0 (Windows NT 6.1) AppleWebKit/537.36 (KHTML, like Gecko) Chrome/77.0.3865.120 YaBrowser/19.10.2.195 Yowser/2.5 Safari/537.36"
178.206.178.20 - - [11/Nov/2019:13:36:35 +0300] "GET /media/jui/js/jquery-migrate.min.js?c760f9d71c1c0d2b4061b5dacc146007 HTTP/1.1" 200 10056 "http://silverz.ru/" "Mozilla/5.0 (Windows NT 6.1) AppleWebKit/537.36 (KHTML, like Gecko) Chrome/77.0.3865.120 YaBrowser/19.10.2.195 Yowser/2.5 Safari/537.36"
178.206.178.20 - - [11/Nov/2019:13:36:35 +0300] "GET /components/com_sppagebuilder/assets/js/jquery.parallax-1.1.3.js HTTP/1.1" 200 892 "http://silverz.ru/" "Mozilla/5.0 (Windows NT 6.1) AppleWebKit/537.36 (KHTML, like Gecko) Chrome/77.0.3865.120 YaBrowser/19.10.2.195 Yowser/2.5 Safari/537.36"
178.206.178.20 - - [11/Nov/2019:13:36:35 +0300] "GET /components/com_sppagebuilder/assets/js/sppagebuilder.js HTTP/1.1" 200 35661 "http://silverz.ru/" "Mozilla/5.0 (Windows NT 6.1) AppleWebKit/537.36 (KHTML, like Gecko) Chrome/77.0.3865.120 YaBrowser/19.10.2.195 Yowser/2.5 Safari/537.36"
178.206.178.20 - - [11/Nov/2019:13:36:35 +0300] "GET /templates/shaper_helix3/js/bootstrap.min.js HTTP/1.1" 200 37045 "http://silverz.ru/" "Mozilla/5.0 (Windows NT 6.1) AppleWebKit/537.36 (KHTML, like Gecko) Chrome/77.0.3865.120 YaBrowser/19.10.2.195 Yowser/2.5 Safari/537.36"
178.206.178.20 - - [11/Nov/2019:13:36:35 +0300] "GET /templates/shaper_helix3/js/jquery.sticky.js HTTP/1.1" 200 5739 "http://silverz.ru/" "Mozilla/5.0 (Windows NT 6.1) AppleWebKit/537.36 (KHTML, like Gecko) Chrome/77.0.3865.120 YaBrowser/19.10.2.195 Yowser/2.5 Safari/537.36"
178.206.178.20 - - [11/Nov/2019:13:36:35 +0300] "GET /templates/shaper_helix3/js/main.js HTTP/1.1" 200 8773 "http://silverz.ru/" "Mozilla/5.0 (Windows NT 6.1) AppleWebKit/537.36 (KHTML, like Gecko) Chrome/77.0.3865.120 YaBrowser/19.10.2.195 Yowser/2.5 Safari/537.36"
178.206.178.20 - - [11/Nov/2019:13:36:35 +0300] "GET /templates/shaper_helix3/js/frontend-edit.js HTTP/1.1" 200 1948 "http://silverz.ru/" "Mozilla/5.0 (Windows NT 6.1) AppleWebKit/537.36 (KHTML, like Gecko) Chrome/77.0.3865.120 YaBrowser/19.10.2.195 Yowser/2.5 Safari/537.36"
178.206.178.20 - - [11/Nov/2019:13:36:35 +0300] "GET /modules/mod_gruemenu/js/touchwipe.min.js HTTP/1.1" 200 2254 "http://silverz.ru/" "Mozilla/5.0 (Windows NT 6.1) AppleWebKit/537.36 (KHTML, like Gecko) Chrome/77.0.3865.120 YaBrowser/19.10.2.195 Yowser/2.5 Safari/537.36"
178.206.178.20 - - [11/Nov/2019:13:36:36 +0300] "GET /modules/mod_gruemenu/js/sidr.js HTTP/1.1" 200 9880 "http://silverz.ru/" "Mozilla/5.0 (Windows NT 6.1) AppleWebKit/537.36 (KHTML, like Gecko) Chrome/77.0.3865.120 YaBrowser/19.10.2.195 Yowser/2.5 Safari/537.36"
178.206.178.20 - - [11/Nov/2019:13:36:36 +0300] "GET /modules/mod_gruemenu/js/script.js HTTP/1.1" 200 752 "http://silverz.ru/" "Mozilla/5.0 (Windows NT 6.1) AppleWebKit/537.36 (KHTML, like Gecko) Chrome/77.0.3865.120 YaBrowser/19.10.2.195 Yowser/2.5 Safari/537.36"
178.206.178.20 - - [11/Nov/2019:13:36:36 +0300] "GET /images/logo-new2m.jpg HTTP/1.1" 200 10505 "http://silverz.ru/" "Mozilla/5.0 (Windows NT 6.1) AppleWebKit/537.36 (KHTML, like Gecko) Chrome/77.0.3865.120 YaBrowser/19.10.2.195 Yowser/2.5 Safari/537.36"
178.206.178.20 - - [11/Nov/2019:13:36:36 +0300] "GET /images/2019/09/19/fon2.jpg HTTP/1.1" 200 440395 "http://silverz.ru/" "Mozilla/5.0 (Windows NT 6.1) AppleWebKit/537.36 (KHTML, like Gecko) Chrome/77.0.3865.120 YaBrowser/19.10.2.195 Yowser/2.5 Safari/537.36"
178.206.178.20 - - [11/Nov/2019:13:36:37 +0300] "GET /templates/shaper_helix3/fonts/fontawesome-webfont.woff2?v=4.7.0 HTTP/1.0" 200 77387 "http://silverz.ru/templates/shaper_helix3/css/font-awesome.min.css" "Mozilla/5.0 (Windows NT 6.1) AppleWebKit/537.36 (KHTML, like Gecko) Chrome/77.0.3865.120 YaBrowser/19.10.2.195 Yowser/2.5 Safari/537.36"
178.206.178.20 - - [11/Nov/2019:13:36:38 +0300] "GET /images/fav2.jpg HTTP/1.1" 200 3954 "http://silverz.ru/" "Mozilla/5.0 (Windows NT 6.1) AppleWebKit/537.36 (KHTML, like Gecko) Chrome/77.0.3865.120 YaBrowser/19.10.2.195 Yowser/2.5 Safari/537.36"
141.8.142.99 - - [11/Nov/2019:13:36:56 +0300] "GET /robots.txt HTTP/1.0" 404 1755 "-" "Mozilla/5.0 (compatible; YandexBot/3.0; +http://yandex.com/bots)"
109.102.111.19 - - [11/Nov/2019:13:36:58 +0300] "GET / HTTP/1.0" 200 7286 "-" "Mozilla/5.0 (Windows NT 10.0) AppleWebKit/537.36 (KHTML, like Gecko) Chrome/64.0.3282.167 Safari/537.36"
109.102.111.19 - - [11/Nov/2019:13:36:58 +0300] "GET /modules/mod_gruemenu/js/touchwipe.min.js HTTP/1.1" 200 2254 "http://silverz.ru" "Mozilla/5.0 (Windows NT 10.0) AppleWebKit/537.36 (KHTML, like Gecko) Chrome/64.0.3282.167 Safari/537.36"
109.102.111.19 - - [11/Nov/2019:13:36:58 +0300] "GET /modules/mod_gruemenu/js/sidr.js HTTP/1.1" 200 9880 "http://silverz.ru" "Mozilla/5.0 (Windows NT 10.0) AppleWebKit/537.36 (KHTML, like Gecko) Chrome/64.0.3282.167 Safari/537.36"
109.102.111.19 - - [11/Nov/2019:13:36:59 +0300] "GET /modules/mod_gruemenu/js/script.js HTTP/1.1" 200 752 "http://silverz.ru" "Mozilla/5.0 (Windows NT 10.0) AppleWebKit/537.36 (KHTML, like Gecko) Chrome/64.0.3282.167 Safari/537.36"
109.102.111.19 - - [11/Nov/2019:13:36:59 +0300] "GET /modules/mod_gruemenu/css/styles.css HTTP/1.1" 200 4445 "http://silverz.ru" "Mozilla/5.0 (Windows NT 10.0) AppleWebKit/537.36 (KHTML, like Gecko) Chrome/64.0.3282.167 Safari/537.36"
109.102.111.19 - - [11/Nov/2019:13:36:59 +0300] "GET / HTTP/1.0" 200 7189 "http://silverz.ru" "Mozilla/5.0 (Windows NT 10.0) AppleWebKit/537.36 (KHTML, like Gecko) Chrome/64.0.3282.167 Safari/537.36"
37.9.113.23 - - [11/Nov/2019:13:37:00 +0300] "GET / HTTP/1.0" 200 7283 "-" "Mozilla/5.0 (compatible; YandexBot/3.0; +http://yandex.com/bots) AppleWebKit/537.36 (KHTML, like Gecko) Chrome/51.0.2704.106"
109.102.111.19 - - [11/Nov/2019:13:37:00 +0300] "GET /podokonniki HTTP/1.0" 200 5677 "http://silverz.ru" "Mozilla/5.0 (Windows NT 10.0) AppleWebKit/537.36 (KHTML, like Gecko) Chrome/64.0.3282.167 Safari/537.36"
141.8.142.184 - - [11/Nov/2019:13:37:01 +0300] "GET /templates/shaper_helix3/css/template.css HTTP/1.1" 200 75362 "http://silverz.ru/" "Mozilla/5.0 (compatible; YandexBot/3.0; +http://yandex.com/bots)"
109.102.111.19 - - [11/Nov/2019:13:37:01 +0300] "GET /lestnitsy HTTP/1.0" 200 5526 "http://silverz.ru" "Mozilla/5.0 (Windows NT 10.0) AppleWebKit/537.36 (KHTML, like Gecko) Chrome/64.0.3282.167 Safari/537.36"
95.108.181.122 - - [11/Nov/2019:13:37:02 +0300] "GET /plugins/system/helix3/assets/css/pagebuilder.css HTTP/1.1" 200 546 "http://silverz.ru/" "Mozilla/5.0 (compatible; YandexBot/3.0; +http://yandex.com/bots)"
109.102.111.19 - - [11/Nov/2019:13:37:01 +0300] "GET /kukhni HTTP/1.0" 200 5513 "http://silverz.ru" "Mozilla/5.0 (Windows NT 10.0) AppleWebKit/537.36 (KHTML, like Gecko) Chrome/64.0.3282.167 Safari/537.36"
37.9.113.193 - - [11/Nov/2019:13:37:02 +0300] "GET /templates/shaper_helix3/js/bootstrap.min.js HTTP/1.1" 200 37045 "http://silverz.ru/" "Mozilla/5.0 (compatible; YandexBot/3.0; +http://yandex.com/bots)"
109.102.111.19 - - [11/Nov/2019:13:37:02 +0300] "GET /vkhodnye-gruppy HTTP/1.0" 200 5519 "http://silverz.ru" "Mozilla/5.0 (Windows NT 10.0) AppleWebKit/537.36 (KHTML, like Gecko) Chrome/64.0.3282.167 Safari/537.36"
213.180.203.56 - - [11/Nov/2019:13:37:03 +0300] "GET /templates/shaper_helix3/css/bootstrap.min.css HTTP/1.1" 200 121155 "http://silverz.ru/" "Mozilla/5.0 (compatible; YandexBot/3.0; +http://yandex.com/bots)"
109.102.111.19 - - [11/Nov/2019:13:37:03 +0300] "GET /vannye-komnaty HTTP/1.0" 200 5429 "http://silverz.ru" "Mozilla/5.0 (Windows NT 10.0) AppleWebKit/537.36 (KHTML, like Gecko) Chrome/64.0.3282.167 Safari/537.36"
141.8.142.192 - - [11/Nov/2019:13:37:04 +0300] "GET /templates/shaper_helix3/css/font-awesome.min.css HTTP/1.1" 200 31000 "http://silverz.ru/" "Mozilla/5.0 (compatible; YandexBot/3.0; +http://yandex.com/bots)"
178.154.200.4 - - [11/Nov/2019:13:37:04 +0300] "GET /components/com_sppagebuilder/assets/css/font-awesome.min.css HTTP/1.1" 200 30961 "http://silverz.ru/" "Mozilla/5.0 (compatible; YandexBot/3.0; +http://yandex.com/bots)"
109.102.111.19 - - [11/Nov/2019:13:37:04 +0300] "GET /bruschatka-i-bordyury HTTP/1.0" 200 5444 "http://silverz.ru" "Mozilla/5.0 (Windows NT 10.0) AppleWebKit/537.36 (KHTML, like Gecko) Chrome/64.0.3282.167 Safari/537.36"
95.108.181.122 - - [11/Nov/2019:13:37:05 +0300] "GET /media/jui/js/jquery-migrate.min.js?c760f9d71c1c0d2b4061b5dacc146007 HTTP/1.1" 200 10056 "http://silverz.ru/" "Mozilla/5.0 (compatible; YandexBot/3.0; +http://yandex.com/bots)"
109.102.111.19 - - [11/Nov/2019:13:37:05 +0300] "GET /kontakty HTTP/1.0" 200 8493 "http://silverz.ru" "Mozilla/5.0 (Windows NT 10.0) AppleWebKit/537.36 (KHTML, like Gecko) Chrome/64.0.3282.167 Safari/537.36"
141.8.142.184 - - [11/Nov/2019:13:37:06 +0300] "GET /media/jui/js/jquery.min.js?c760f9d71c1c0d2b4061b5dacc146007 HTTP/1.1" 200 96606 "http://silverz.ru/" "Mozilla/5.0 (compatible; YandexBot/3.0; +http://yandex.com/bots)"
109.102.111.19 - - [11/Nov/2019:13:37:05 +0300] "GET /galereya HTTP/1.0" 200 5271 "http://silverz.ru" "Mozilla/5.0 (Windows NT 10.0) AppleWebKit/537.36 (KHTML, like Gecko) Chrome/64.0.3282.167 Safari/537.36"
141.8.142.99 - - [11/Nov/2019:13:37:06 +0300] "GET /templates/shaper_helix3/js/main.js HTTP/1.1" 200 8773 "http://silverz.ru/" "Mozilla/5.0 (compatible; YandexBot/3.0; +http://yandex.com/bots)"
109.102.111.19 - - [11/Nov/2019:13:37:06 +0300] "GET /katalog HTTP/1.0" 200 6918 "http://silverz.ru" "Mozilla/5.0 (Windows NT 10.0) AppleWebKit/537.36 (KHTML, like Gecko) Chrome/64.0.3282.167 Safari/537.36"
213.180.203.56 - - [11/Nov/2019:13:37:07 +0300] "GET /components/com_sppagebuilder/assets/css/sppagebuilder.css HTTP/1.1" 200 99520 "http://silverz.ru/" "Mozilla/5.0 (compatible; YandexBot/3.0; +http://yandex.com/bots)"
109.102.111.19 - - [11/Nov/2019:13:37:07 +0300] "GET /o-kompanii HTTP/1.0" 200 7941 "http://silverz.ru" "Mozilla/5.0 (Windows NT 10.0) AppleWebKit/537.36 (KHTML, like Gecko) Chrome/64.0.3282.167 Safari/537.36"
141.8.142.99 - - [11/Nov/2019:13:37:08 +0300] "GET /modules/mod_gruemenu/js/touchwipe.min.js HTTP/1.1" 200 2254 "http://silverz.ru/" "Mozilla/5.0 (compatible; YandexBot/3.0; +http://yandex.com/bots)"
213.180.203.56 - - [11/Nov/2019:13:37:08 +0300] "GET /templates/shaper_helix3/css/presets/preset1.css HTTP/1.1" 200 2159 "http://silverz.ru/" "Mozilla/5.0 (compatible; YandexBot/3.0; +http://yandex.com/bots)"
213.180.203.56 - - [11/Nov/2019:13:37:09 +0300] "GET /components/com_sppagebuilder/assets/js/jquery.parallax-1.1.3.js HTTP/1.1" 200 892 "http://silverz.ru/" "Mozilla/5.0 (compatible; YandexBot/3.0; +http://yandex.com/bots)"
37.9.113.23 - - [11/Nov/2019:13:37:10 +0300] "GET /modules/mod_gruemenu/js/script.js HTTP/1.1" 200 752 "http://silverz.ru/" "Mozilla/5.0 (compatible; YandexBot/3.0; +http://yandex.com/bots)"
141.8.142.99 - - [11/Nov/2019:13:37:10 +0300] "GET /modules/mod_gruemenu/js/sidr.js HTTP/1.1" 200 9880 "http://silverz.ru/" "Mozilla/5.0 (compatible; YandexBot/3.0; +http://yandex.com/bots)"
213.180.203.56 - - [11/Nov/2019:13:37:11 +0300] "GET /components/com_sppagebuilder/assets/css/sppagecontainer.css HTTP/1.1" 200 268 "http://silverz.ru/" "Mozilla/5.0 (compatible; YandexBot/3.0; +http://yandex.com/bots)"
141.8.142.99 - - [11/Nov/2019:13:37:11 +0300] "GET /modules/mod_gruemenu/css/styles.css HTTP/1.1" 200 4445 "http://silverz.ru/" "Mozilla/5.0 (compatible; YandexBot/3.0; +http://yandex.com/bots)"
213.180.203.56 - - [11/Nov/2019:13:37:12 +0300] "GET /components/com_sppagebuilder/assets/js/sppagebuilder.js HTTP/1.1" 200 35661 "http://silverz.ru/" "Mozilla/5.0 (compatible; YandexBot/3.0; +http://yandex.com/bots)"
213.180.203.56 - - [11/Nov/2019:13:37:13 +0300] "GET /templates/shaper_helix3/css/legacy.css HTTP/1.1" 200 27359 "http://silverz.ru/" "Mozilla/5.0 (compatible; YandexBot/3.0; +http://yandex.com/bots)"
37.9.113.23 - - [11/Nov/2019:13:37:13 +0300] "GET /components/com_sppagebuilder/assets/css/animate.min.css HTTP/1.1" 200 53431 "http://silverz.ru/" "Mozilla/5.0 (compatible; YandexBot/3.0; +http://yandex.com/bots)"
141.8.142.99 - - [11/Nov/2019:13:37:14 +0300] "GET /media/jui/js/jquery-noconflict.js?c760f9d71c1c0d2b4061b5dacc146007 HTTP/1.1" 200 21 "http://silverz.ru/" "Mozilla/5.0 (compatible; YandexBot/3.0; +http://yandex.com/bots)"
213.180.203.56 - - [11/Nov/2019:13:37:14 +0300] "GET /templates/shaper_helix3/js/frontend-edit.js HTTP/1.1" 200 1948 "http://silverz.ru/" "Mozilla/5.0 (compatible; YandexBot/3.0; +http://yandex.com/bots)"
37.9.113.23 - - [11/Nov/2019:13:37:15 +0300] "GET /media/system/js/core.js?c760f9d71c1c0d2b4061b5dacc146007 HTTP/1.1" 200 8808 "http://silverz.ru/" "Mozilla/5.0 (compatible; YandexBot/3.0; +http://yandex.com/bots)"
141.8.142.99 - - [11/Nov/2019:13:37:16 +0300] "GET /templates/shaper_helix3/css/frontend-edit.css HTTP/1.1" 200 2912 "http://silverz.ru/" "Mozilla/5.0 (compatible; YandexBot/3.0; +http://yandex.com/bots)"
213.180.203.56 - - [11/Nov/2019:13:37:16 +0300] "GET /templates/shaper_helix3/js/jquery.sticky.js HTTP/1.1" 200 5739 "http://silverz.ru/" "Mozilla/5.0 (compatible; YandexBot/3.0; +http://yandex.com/bots)"
141.8.142.99 - - [11/Nov/2019:13:37:18 +0300] "GET /templates/shaper_helix3/fonts/fontawesome-webfont.woff2?v=4.7.0 HTTP/1.0" 200 77387 "http://silverz.ru/templates/shaper_helix3/css/font-awesome.min.css" "Mozilla/5.0 (compatible; YandexBot/3.0; +http://yandex.com/bots)"
178.206.178.20 - - [11/Nov/2019:13:38:13 +0300] "GET / HTTP/1.0" 200 7188 "-" "Mozilla/5.0 (Windows NT 6.1) AppleWebKit/537.36 (KHTML, like Gecko) Chrome/77.0.3865.120 YaBrowser/19.10.2.195 Yowser/2.5 Safari/537.36"
178.206.178.20 - - [11/Nov/2019:13:38:14 +0300] "GET /favicon.ico HTTP/1.0" 404 1659 "http://silverz.ru/" "Mozilla/5.0 (Windows NT 6.1) AppleWebKit/537.36 (KHTML, like Gecko) Chrome/77.0.3865.120 YaBrowser/19.10.2.195 Yowser/2.5 Safari/537.36"
66.249.66.74 - - [11/Nov/2019:13:59:19 +0300] "GET /images/speasyimagegallery/albums/3/images/stupeni-dlja-lestnic-iz-granita-768x576.jpg HTTP/1.1" 200 44796 "-" "Googlebot-Image/1.0"
52.34.250.66 - - [11/Nov/2019:14:59:48 +0300] "GET / HTTP/1.0" 200 7286 "-" "Mozilla/5.0 (Windows NT 10.0; Win64; x64)AppleWebKit/537.36 (KHTML, like Gecko) Chrome/66.0.3359.181 Safari/537.36"
52.34.24.33 - - [11/Nov/2019:14:59:53 +0300] "HEAD / HTTP/1.0" 200 427 "-" "Go-http-client/1.1"
91.79.30.163 - - [11/Nov/2019:15:21:03 +0300] "GET /kontakty HTTP/1.0" 200 41890 "http://silverz.ru/kontakty" "Mozilla/5.0 (Windows NT 6.1; Win64; x64) AppleWebKit/537.36 (KHTML, like Gecko) Chrome/66.0.3359.170 Safari/537.36 OPR/53.0.2907.106"
91.79.30.163 - - [11/Nov/2019:15:21:04 +0300] "POST /kontakty HTTP/1.0" 303 672 "http://silverz.ru/kontakty" "Mozilla/5.0 (Windows NT 6.1; Win64; x64) AppleWebKit/537.36 (KHTML, like Gecko) Chrome/66.0.3359.170 Safari/537.36 OPR/53.0.2907.106"
91.79.30.163 - - [11/Nov/2019:15:21:07 +0300] "GET /kontakty HTTP/1.0" 200 41793 "http://silverz.ru/kontakty" "Mozilla/5.0 (Windows NT 6.1; Win64; x64) AppleWebKit/537.36 (KHTML, like Gecko) Chrome/66.0.3359.170 Safari/537.36 OPR/53.0.2907.106"
185.250.45.108 - - [11/Nov/2019:15:26:49 +0300] "POST /kontakty/ HTTP/1.0" 303 770 "http://silverz.ru/kontakty/" "Mozilla/4.0 (compatible; MSIE 6.0; Windows NT 5.1; SV1)"
93.179.90.72 - - [11/Nov/2019:15:26:52 +0300] "POST /kontakty/ HTTP/1.0" 303 673 "http://silverz.ru/kontakty/" "Mozilla/4.0 (compatible; MSIE 6.0; Windows NT 5.1; SV1)"
45.148.232.188 - - [11/Nov/2019:15:26:55 +0300] "POST /kontakty/ HTTP/1.0" 303 673 "http://silverz.ru/kontakty/" "Mozilla/4.0 (compatible; MSIE 6.0; Windows NT 5.1; SV1)"
109.184.163.132 - - [11/Nov/2019:15:55:35 +0300] "HEAD / HTTP/1.0" 200 427 "http://silverz.ru/" "Mozilla/5.0 (Windows NT 6.3; WOW64; rv:47.0) Gecko/20100101 Firefox/47.0"
66.249.66.75 - - [11/Nov/2019:16:02:24 +0300] "GET /images/speasyimagegallery/albums/3/images/wood-and-marble-steps-10.jpg HTTP/1.1" 200 43730 "-" "Googlebot-Image/1.0"
79.105.21.240 - - [11/Nov/2019:16:12:45 +0300] "GET /kontakty/ HTTP/1.0" 200 41895 "http://silverz.ru/kontakty/" "Mozilla/5.0 (Windows NT 10.0; Win64; x64) AppleWebKit/537.36 (KHTML, like Gecko) Chrome/64.0.3282.140 Safari/537.36 Edge/17.17134"
79.105.21.240 - - [11/Nov/2019:16:12:46 +0300] "POST /kontakty/ HTTP/1.0" 303 673 "http://silverz.ru/kontakty/" "Mozilla/5.0 (Windows NT 10.0; Win64; x64) AppleWebKit/537.36 (KHTML, like Gecko) Chrome/64.0.3282.140 Safari/537.36 Edge/17.17134"
79.105.21.240 - - [11/Nov/2019:16:12:47 +0300] "GET /kontakty/ HTTP/1.0" 200 41798 "http://silverz.ru/kontakty/" "Mozilla/5.0 (Windows NT 10.0; Win64; x64) AppleWebKit/537.36 (KHTML, like Gecko) Chrome/64.0.3282.140 Safari/537.36 Edge/17.17134"
54.36.149.7 - - [11/Nov/2019:16:12:54 +0300] "GET /vkhodnye-gruppy HTTP/1.0" 200 5616 "-" "Mozilla/5.0 (compatible; AhrefsBot/6.1; +http://ahrefs.com/robot/)"
66.249.66.74 - - [11/Nov/2019:16:22:10 +0300] "GET /images/speasyimagegallery/albums/3/images/img-7698.jpg HTTP/1.1" 200 63705 "-" "Googlebot-Image/1.0"
193.203.8.232 - - [11/Nov/2019:17:21:40 +0300] "POST /kontakty/ HTTP/1.0" 303 770 "http://silverz.ru/kontakty/" "Mozilla/4.0 (compatible; MSIE 6.0; Windows NT 5.1; SV1)"
176.119.141.112 - - [11/Nov/2019:17:21:44 +0300] "POST /kontakty/ HTTP/1.0" 303 673 "http://silverz.ru/kontakty/" "Mozilla/4.0 (compatible; MSIE 6.0; Windows NT 5.1; SV1)"
45.148.124.201 - - [11/Nov/2019:17:21:47 +0300] "POST /kontakty/ HTTP/1.0" 303 673 "http://silverz.ru/kontakty/" "Mozilla/4.0 (compatible; MSIE 6.0; Windows NT 5.1; SV1)"
46.119.161.43 - - [11/Nov/2019:17:40:22 +0300] "GET /kontakty/ HTTP/1.0" 200 41895 "-" "Mozilla/5.0 (Windows NT 10.0; Win64; x64) AppleWebKit/537.36 (KHTML, like Gecko) Chrome/67.0.3396.87 Safari/537.36 OPR/54.0.2952.64"
66.249.66.74 - - [11/Nov/2019:18:01:44 +0300] "GET /images/speasyimagegallery/albums/3/images/noble-hardness-majestic-stone-balusters_thumb.jpg HTTP/1.1" 200 25799 "-" "Googlebot-Image/1.0"
5.188.210.51 - - [11/Nov/2019:18:03:43 +0300] "GET / HTTP/1.0" 200 32821 "http://silverz.ru./" "Mozilla/5.0 (Windows NT 10.0; Win64; x64) AppleWebKit/537.36 (KHTML, like Gecko) Chrome/66.0.3359.170 Safari/537.36 OPR/53.0.2907.68"
185.12.124.78 - - [11/Nov/2019:19:20:47 +0300] "GET / HTTP/1.0" 200 7284 "-" "Mozilla/5.0 (compatible; BackupLand/1.0; https://go.backupland.com/; Domain check for viruses;)"
37.44.253.85 - - [11/Nov/2019:19:26:10 +0300] "POST /kontakty/ HTTP/1.0" 303 770 "http://silverz.ru/kontakty/" "Mozilla/4.0 (compatible; MSIE 6.0; Windows NT 5.1; SV1)"
185.88.100.125 - - [11/Nov/2019:19:26:13 +0300] "POST /kontakty/ HTTP/1.0" 303 673 "http://silverz.ru/kontakty/" "Mozilla/4.0 (compatible; MSIE 6.0; Windows NT 5.1; SV1)"
95.85.69.27 - - [11/Nov/2019:19:26:16 +0300] "POST /kontakty/ HTTP/1.0" 303 673 "http://silverz.ru/kontakty/" "Mozilla/4.0 (compatible; MSIE 6.0; Windows NT 5.1; SV1)"
46.229.168.147 - - [11/Nov/2019:19:27:56 +0300] "GET /robots.txt HTTP/1.0" 404 1755 "-" "Mozilla/5.0 (compatible; SemrushBot/6~bl; +http://www.semrush.com/bot.html)"
46.229.168.148 - - [11/Nov/2019:19:27:56 +0300] "GET /kontakty HTTP/1.0" 200 8590 "-" "Mozilla/5.0 (compatible; SemrushBot/6~bl; +http://www.semrush.com/bot.html)"
141.8.142.99 - - [11/Nov/2019:19:27:57 +0300] "GET /robots.txt HTTP/1.0" 404 1755 "-" "Mozilla/5.0 (compatible; YandexBot/3.0; +http://yandex.com/bots)"
46.229.168.145 - - [11/Nov/2019:19:27:57 +0300] "GET /sitemap.xml HTTP/1.0" 404 1756 "-" "Mozilla/5.0 (compatible; SemrushBot/6~bl; +http://www.semrush.com/bot.html)"
141.8.142.99 - - [11/Nov/2019:19:28:01 +0300] "GET /podokonniki HTTP/1.0" 200 5774 "-" "Mozilla/5.0 (compatible; YandexBot/3.0; +http://yandex.com/bots)"
66.249.66.76 - - [11/Nov/2019:19:49:07 +0300] "GET /robots.txt HTTP/1.0" 404 1759 "-" "Mozilla/5.0 (compatible; Googlebot/2.1; +http://www.google.com/bot.html)"
66.249.66.76 - - [11/Nov/2019:19:49:07 +0300] "GET /images/speasyimagegallery/albums/3/images/img-7694.jpg HTTP/1.1" 200 82945 "-" "Googlebot-Image/1.0"
178.206.178.20 - - [11/Nov/2019:19:58:21 +0300] "GET / HTTP/1.0" 200 7504 "-" "Mozilla/5.0 (Windows NT 6.1) AppleWebKit/537.36 (KHTML, like Gecko) Chrome/77.0.3865.120 YaBrowser/19.10.2.195 Yowser/2.5 Safari/537.36"
178.206.178.20 - - [11/Nov/2019:19:58:23 +0300] "GET /components/com_sppagebuilder/assets/css/font-awesome.min.css HTTP/1.1" 200 30961 "http://silverz.ru/" "Mozilla/5.0 (Windows NT 6.1) AppleWebKit/537.36 (KHTML, like Gecko) Chrome/77.0.3865.120 YaBrowser/19.10.2.195 Yowser/2.5 Safari/537.36"
178.206.178.20 - - [11/Nov/2019:19:58:23 +0300] "GET /components/com_sppagebuilder/assets/css/animate.min.css HTTP/1.1" 200 53431 "http://silverz.ru/" "Mozilla/5.0 (Windows NT 6.1) AppleWebKit/537.36 (KHTML, like Gecko) Chrome/77.0.3865.120 YaBrowser/19.10.2.195 Yowser/2.5 Safari/537.36"
178.206.178.20 - - [11/Nov/2019:19:58:23 +0300] "GET /components/com_sppagebuilder/assets/css/sppagecontainer.css HTTP/1.1" 200 268 "http://silverz.ru/" "Mozilla/5.0 (Windows NT 6.1) AppleWebKit/537.36 (KHTML, like Gecko) Chrome/77.0.3865.120 YaBrowser/19.10.2.195 Yowser/2.5 Safari/537.36"
178.206.178.20 - - [11/Nov/2019:19:58:23 +0300] "GET /templates/shaper_helix3/css/legacy.css HTTP/1.1" 200 27359 "http://silverz.ru/" "Mozilla/5.0 (Windows NT 6.1) AppleWebKit/537.36 (KHTML, like Gecko) Chrome/77.0.3865.120 YaBrowser/19.10.2.195 Yowser/2.5 Safari/537.36"
178.206.178.20 - - [11/Nov/2019:19:58:23 +0300] "GET /templates/shaper_helix3/css/font-awesome.min.css HTTP/1.1" 200 31000 "http://silverz.ru/" "Mozilla/5.0 (Windows NT 6.1) AppleWebKit/537.36 (KHTML, like Gecko) Chrome/77.0.3865.120 YaBrowser/19.10.2.195 Yowser/2.5 Safari/537.36"
178.206.178.20 - - [11/Nov/2019:19:58:23 +0300] "GET /components/com_sppagebuilder/assets/css/sppagebuilder.css HTTP/1.1" 200 99520 "http://silverz.ru/" "Mozilla/5.0 (Windows NT 6.1) AppleWebKit/537.36 (KHTML, like Gecko) Chrome/77.0.3865.120 YaBrowser/19.10.2.195 Yowser/2.5 Safari/537.36"
178.206.178.20 - - [11/Nov/2019:19:58:23 +0300] "GET /templates/shaper_helix3/css/bootstrap.min.css HTTP/1.1" 200 121155 "http://silverz.ru/" "Mozilla/5.0 (Windows NT 6.1) AppleWebKit/537.36 (KHTML, like Gecko) Chrome/77.0.3865.120 YaBrowser/19.10.2.195 Yowser/2.5 Safari/537.36"
178.206.178.20 - - [11/Nov/2019:19:58:24 +0300] "GET /templates/shaper_helix3/css/template.css HTTP/1.1" 200 75362 "http://silverz.ru/" "Mozilla/5.0 (Windows NT 6.1) AppleWebKit/537.36 (KHTML, like Gecko) Chrome/77.0.3865.120 YaBrowser/19.10.2.195 Yowser/2.5 Safari/537.36"
178.206.178.20 - - [11/Nov/2019:19:58:24 +0300] "GET /templates/shaper_helix3/css/presets/preset1.css HTTP/1.1" 200 2159 "http://silverz.ru/" "Mozilla/5.0 (Windows NT 6.1) AppleWebKit/537.36 (KHTML, like Gecko) Chrome/77.0.3865.120 YaBrowser/19.10.2.195 Yowser/2.5 Safari/537.36"
178.206.178.20 - - [11/Nov/2019:19:58:24 +0300] "GET /plugins/system/helix3/assets/css/pagebuilder.css HTTP/1.1" 200 546 "http://silverz.ru/" "Mozilla/5.0 (Windows NT 6.1) AppleWebKit/537.36 (KHTML, like Gecko) Chrome/77.0.3865.120 YaBrowser/19.10.2.195 Yowser/2.5 Safari/537.36"
178.206.178.20 - - [11/Nov/2019:19:58:24 +0300] "GET /templates/shaper_helix3/css/frontend-edit.css HTTP/1.1" 200 2912 "http://silverz.ru/" "Mozilla/5.0 (Windows NT 6.1) AppleWebKit/537.36 (KHTML, like Gecko) Chrome/77.0.3865.120 YaBrowser/19.10.2.195 Yowser/2.5 Safari/537.36"
178.206.178.20 - - [11/Nov/2019:19:58:24 +0300] "GET /modules/mod_gruemenu/css/styles.css HTTP/1.1" 200 4445 "http://silverz.ru/" "Mozilla/5.0 (Windows NT 6.1) AppleWebKit/537.36 (KHTML, like Gecko) Chrome/77.0.3865.120 YaBrowser/19.10.2.195 Yowser/2.5 Safari/537.36"
178.206.178.20 - - [11/Nov/2019:19:58:24 +0300] "GET /media/system/js/core.js?c760f9d71c1c0d2b4061b5dacc146007 HTTP/1.1" 200 8808 "http://silverz.ru/" "Mozilla/5.0 (Windows NT 6.1) AppleWebKit/537.36 (KHTML, like Gecko) Chrome/77.0.3865.120 YaBrowser/19.10.2.195 Yowser/2.5 Safari/537.36"
178.206.178.20 - - [11/Nov/2019:19:58:24 +0300] "GET /media/jui/js/jquery.min.js?c760f9d71c1c0d2b4061b5dacc146007 HTTP/1.1" 200 96606 "http://silverz.ru/" "Mozilla/5.0 (Windows NT 6.1) AppleWebKit/537.36 (KHTML, like Gecko) Chrome/77.0.3865.120 YaBrowser/19.10.2.195 Yowser/2.5 Safari/537.36"
178.206.178.20 - - [11/Nov/2019:19:58:24 +0300] "GET /media/jui/js/jquery-noconflict.js?c760f9d71c1c0d2b4061b5dacc146007 HTTP/1.1" 200 21 "http://silverz.ru/" "Mozilla/5.0 (Windows NT 6.1) AppleWebKit/537.36 (KHTML, like Gecko) Chrome/77.0.3865.120 YaBrowser/19.10.2.195 Yowser/2.5 Safari/537.36"
