95.161.221.54 - - [11/Jun/2022:16:52:01 +0300] "GET /components/com_jshopping/js/functions.js HTTP/1.1" 200 44385 "http://robukazan.ru/katalog/apparaty-dlya-stykovoj-svarki" "Mozilla/5.0 (Windows NT 10.0; Win64; x64) AppleWebKit/537.36 (KHTML, like Gecko) Chrome/102.0.5005.63 Safari/537.36 Edg/102.0.1245.30"
95.161.221.54 - - [11/Jun/2022:16:52:02 +0300] "GET /plugins/system/jqueryeasy/jquerynoconflict.js HTTP/1.1" 200 20 "http://robukazan.ru/katalog/apparaty-dlya-stykovoj-svarki" "Mozilla/5.0 (Windows NT 10.0; Win64; x64) AppleWebKit/537.36 (KHTML, like Gecko) Chrome/102.0.5005.63 Safari/537.36 Edg/102.0.1245.30"
95.161.221.54 - - [11/Jun/2022:16:52:02 +0300] "GET /components/com_jshopping/js/validateForm.js HTTP/1.1" 200 8494 "http://robukazan.ru/katalog/apparaty-dlya-stykovoj-svarki" "Mozilla/5.0 (Windows NT 10.0; Win64; x64) AppleWebKit/537.36 (KHTML, like Gecko) Chrome/102.0.5005.63 Safari/537.36 Edg/102.0.1245.30"
95.161.221.54 - - [11/Jun/2022:16:52:02 +0300] "GET /media/system/js/core.js?db402a5e3649fff12ad007864e10350a HTTP/1.1" 200 10637 "http://robukazan.ru/katalog/apparaty-dlya-stykovoj-svarki" "Mozilla/5.0 (Windows NT 10.0; Win64; x64) AppleWebKit/537.36 (KHTML, like Gecko) Chrome/102.0.5005.63 Safari/537.36 Edg/102.0.1245.30"
95.161.221.54 - - [11/Jun/2022:16:52:02 +0300] "GET /templates/shaper_helix3/js/bootstrap.min.js HTTP/1.1" 200 37045 "http://robukazan.ru/katalog/apparaty-dlya-stykovoj-svarki" "Mozilla/5.0 (Windows NT 10.0; Win64; x64) AppleWebKit/537.36 (KHTML, like Gecko) Chrome/102.0.5005.63 Safari/537.36 Edg/102.0.1245.30"
95.161.221.54 - - [11/Jun/2022:16:52:03 +0300] "GET /templates/shaper_helix3/js/jquery.sticky.js HTTP/1.1" 200 5739 "http://robukazan.ru/katalog/apparaty-dlya-stykovoj-svarki" "Mozilla/5.0 (Windows NT 10.0; Win64; x64) AppleWebKit/537.36 (KHTML, like Gecko) Chrome/102.0.5005.63 Safari/537.36 Edg/102.0.1245.30"
95.161.221.54 - - [11/Jun/2022:16:52:03 +0300] "GET /templates/shaper_helix3/js/main.js HTTP/1.1" 200 8742 "http://robukazan.ru/katalog/apparaty-dlya-stykovoj-svarki" "Mozilla/5.0 (Windows NT 10.0; Win64; x64) AppleWebKit/537.36 (KHTML, like Gecko) Chrome/102.0.5005.63 Safari/537.36 Edg/102.0.1245.30"
95.161.221.54 - - [11/Jun/2022:16:52:03 +0300] "GET /templates/shaper_helix3/js/frontend-edit.js HTTP/1.1" 200 1948 "http://robukazan.ru/katalog/apparaty-dlya-stykovoj-svarki" "Mozilla/5.0 (Windows NT 10.0; Win64; x64) AppleWebKit/537.36 (KHTML, like Gecko) Chrome/102.0.5005.63 Safari/537.36 Edg/102.0.1245.30"
95.161.221.54 - - [11/Jun/2022:16:52:03 +0300] "GET /modules/mod_contactus/js/contactus_common.js HTTP/1.1" 200 5018 "http://robukazan.ru/katalog/apparaty-dlya-stykovoj-svarki" "Mozilla/5.0 (Windows NT 10.0; Win64; x64) AppleWebKit/537.36 (KHTML, like Gecko) Chrome/102.0.5005.63 Safari/537.36 Edg/102.0.1245.30"
95.161.221.54 - - [11/Jun/2022:16:52:03 +0300] "GET /modules/mod_contactus/js/contactus_lightbox.js HTTP/1.1" 200 4279 "http://robukazan.ru/katalog/apparaty-dlya-stykovoj-svarki" "Mozilla/5.0 (Windows NT 10.0; Win64; x64) AppleWebKit/537.36 (KHTML, like Gecko) Chrome/102.0.5005.63 Safari/537.36 Edg/102.0.1245.30"
95.161.221.54 - - [11/Jun/2022:16:52:03 +0300] "GET /templates/shaper_helix3/css/bootstrap.min.css HTTP/1.1" 200 121200 "http://robukazan.ru/katalog/apparaty-dlya-stykovoj-svarki" "Mozilla/5.0 (Windows NT 10.0; Win64; x64) AppleWebKit/537.36 (KHTML, like Gecko) Chrome/102.0.5005.63 Safari/537.36 Edg/102.0.1245.30"
95.161.221.54 - - [11/Jun/2022:16:52:05 +0300] "GET /images/design3_03.jpg HTTP/1.1" 200 4781 "http://robukazan.ru/katalog/apparaty-dlya-stykovoj-svarki" "Mozilla/5.0 (Windows NT 10.0; Win64; x64) AppleWebKit/537.36 (KHTML, like Gecko) Chrome/102.0.5005.63 Safari/537.36 Edg/102.0.1245.30"
95.161.221.54 - - [11/Jun/2022:16:52:08 +0300] "GET /images/shipped.png HTTP/1.1" 200 1332 "http://robukazan.ru/katalog/apparaty-dlya-stykovoj-svarki" "Mozilla/5.0 (Windows NT 10.0; Win64; x64) AppleWebKit/537.36 (KHTML, like Gecko) Chrome/102.0.5005.63 Safari/537.36 Edg/102.0.1245.30"
95.161.221.54 - - [11/Jun/2022:16:52:08 +0300] "GET /components/com_jshopping/files/img_categories/rubin.jpg HTTP/1.1" 200 23539 "http://robukazan.ru/katalog/apparaty-dlya-stykovoj-svarki" "Mozilla/5.0 (Windows NT 10.0; Win64; x64) AppleWebKit/537.36 (KHTML, like Gecko) Chrome/102.0.5005.63 Safari/537.36 Edg/102.0.1245.30"
95.161.221.54 - - [11/Jun/2022:16:52:08 +0300] "GET /components/com_jshopping/files/img_products/thumb_11.jpg HTTP/1.1" 200 7607 "http://robukazan.ru/katalog/apparaty-dlya-stykovoj-svarki" "Mozilla/5.0 (Windows NT 10.0; Win64; x64) AppleWebKit/537.36 (KHTML, like Gecko) Chrome/102.0.5005.63 Safari/537.36 Edg/102.0.1245.30"
95.161.221.54 - - [11/Jun/2022:16:52:08 +0300] "GET /components/com_jshopping/files/img_products/thumb_5.jpg HTTP/1.1" 200 7804 "http://robukazan.ru/katalog/apparaty-dlya-stykovoj-svarki" "Mozilla/5.0 (Windows NT 10.0; Win64; x64) AppleWebKit/537.36 (KHTML, like Gecko) Chrome/102.0.5005.63 Safari/537.36 Edg/102.0.1245.30"
95.161.221.54 - - [11/Jun/2022:16:52:08 +0300] "GET /components/com_jshopping/files/img_products/thumb_13.jpg HTTP/1.1" 200 8549 "http://robukazan.ru/katalog/apparaty-dlya-stykovoj-svarki" "Mozilla/5.0 (Windows NT 10.0; Win64; x64) AppleWebKit/537.36 (KHTML, like Gecko) Chrome/102.0.5005.63 Safari/537.36 Edg/102.0.1245.30"
95.161.221.54 - - [11/Jun/2022:16:52:08 +0300] "GET /images/certificate.png HTTP/1.1" 200 1677 "http://robukazan.ru/katalog/apparaty-dlya-stykovoj-svarki" "Mozilla/5.0 (Windows NT 10.0; Win64; x64) AppleWebKit/537.36 (KHTML, like Gecko) Chrome/102.0.5005.63 Safari/537.36 Edg/102.0.1245.30"
95.161.221.54 - - [11/Jun/2022:16:52:08 +0300] "GET /components/com_jshopping/files/img_products/thumb_1.jpg HTTP/1.1" 200 7190 "http://robukazan.ru/katalog/apparaty-dlya-stykovoj-svarki" "Mozilla/5.0 (Windows NT 10.0; Win64; x64) AppleWebKit/537.36 (KHTML, like Gecko) Chrome/102.0.5005.63 Safari/537.36 Edg/102.0.1245.30"
95.161.221.54 - - [11/Jun/2022:16:52:08 +0300] "GET /images/menu-fon.jpg HTTP/1.1" 200 1189 "http://robukazan.ru/katalog/apparaty-dlya-stykovoj-svarki" "Mozilla/5.0 (Windows NT 10.0; Win64; x64) AppleWebKit/537.36 (KHTML, like Gecko) Chrome/102.0.5005.63 Safari/537.36 Edg/102.0.1245.30"
188.255.50.161 - - [11/Jun/2022:16:52:08 +0300] "GET /katalog/category/view/5 HTTP/1.0" 200 6135 "-" "Mozilla/5.0 (Windows NT 6.1; WOW64) AppleWebKit/537.36 (KHTML, like Gecko) Chrome/100.0.4896.160 YaBrowser/22.5.1.987 Yowser/2.5 Safari/537.36"
95.161.221.54 - - [11/Jun/2022:16:52:08 +0300] "GET /components/com_jshopping/files/img_products/thumb_52.jpg HTTP/1.1" 200 7415 "http://robukazan.ru/katalog/apparaty-dlya-stykovoj-svarki" "Mozilla/5.0 (Windows NT 10.0; Win64; x64) AppleWebKit/537.36 (KHTML, like Gecko) Chrome/102.0.5005.63 Safari/537.36 Edg/102.0.1245.30"
188.255.50.161 - - [11/Jun/2022:16:52:08 +0300] "GET /components/com_jshopping/css/default.css HTTP/1.1" 200 25223 "http://robukazan.ru/katalog/category/view/5" "Mozilla/5.0 (Windows NT 6.1; WOW64) AppleWebKit/537.36 (KHTML, like Gecko) Chrome/100.0.4896.160 YaBrowser/22.5.1.987 Yowser/2.5 Safari/537.36"
95.161.221.54 - - [11/Jun/2022:16:52:08 +0300] "GET /components/com_jshopping/files/img_products/thumb_15.jpg HTTP/1.1" 200 8827 "http://robukazan.ru/katalog/apparaty-dlya-stykovoj-svarki" "Mozilla/5.0 (Windows NT 10.0; Win64; x64) AppleWebKit/537.36 (KHTML, like Gecko) Chrome/102.0.5005.63 Safari/537.36 Edg/102.0.1245.30"
188.255.50.161 - - [11/Jun/2022:16:52:08 +0300] "GET /templates/shaper_helix3/css/font-awesome.min.css HTTP/1.1" 200 31000 "http://robukazan.ru/katalog/category/view/5" "Mozilla/5.0 (Windows NT 6.1; WOW64) AppleWebKit/537.36 (KHTML, like Gecko) Chrome/100.0.4896.160 YaBrowser/22.5.1.987 Yowser/2.5 Safari/537.36"
188.255.50.161 - - [11/Jun/2022:16:52:08 +0300] "GET /templates/shaper_helix3/css/legacy.css HTTP/1.1" 200 27359 "http://robukazan.ru/katalog/category/view/5" "Mozilla/5.0 (Windows NT 6.1; WOW64) AppleWebKit/537.36 (KHTML, like Gecko) Chrome/100.0.4896.160 YaBrowser/22.5.1.987 Yowser/2.5 Safari/537.36"
188.255.50.161 - - [11/Jun/2022:16:52:08 +0300] "GET /templates/shaper_helix3/css/bootstrap.min.css HTTP/1.1" 200 121200 "http://robukazan.ru/katalog/category/view/5" "Mozilla/5.0 (Windows NT 6.1; WOW64) AppleWebKit/537.36 (KHTML, like Gecko) Chrome/100.0.4896.160 YaBrowser/22.5.1.987 Yowser/2.5 Safari/537.36"
188.255.50.161 - - [11/Jun/2022:16:52:08 +0300] "GET /templates/shaper_helix3/css/presets/preset4.css HTTP/1.1" 200 2138 "http://robukazan.ru/katalog/category/view/5" "Mozilla/5.0 (Windows NT 6.1; WOW64) AppleWebKit/537.36 (KHTML, like Gecko) Chrome/100.0.4896.160 YaBrowser/22.5.1.987 Yowser/2.5 Safari/537.36"
95.161.221.54 - - [11/Jun/2022:16:52:08 +0300] "GET /components/com_jshopping/files/img_products/thumb_17.jpg HTTP/1.1" 200 7977 "http://robukazan.ru/katalog/apparaty-dlya-stykovoj-svarki" "Mozilla/5.0 (Windows NT 10.0; Win64; x64) AppleWebKit/537.36 (KHTML, like Gecko) Chrome/102.0.5005.63 Safari/537.36 Edg/102.0.1245.30"
188.255.50.161 - - [11/Jun/2022:16:52:08 +0300] "GET /templates/shaper_helix3/css/frontend-edit.css HTTP/1.1" 200 2748 "http://robukazan.ru/katalog/category/view/5" "Mozilla/5.0 (Windows NT 6.1; WOW64) AppleWebKit/537.36 (KHTML, like Gecko) Chrome/100.0.4896.160 YaBrowser/22.5.1.987 Yowser/2.5 Safari/537.36"
188.255.50.161 - - [11/Jun/2022:16:52:08 +0300] "GET /modules/mod_contactus/css/contactus_lightbox.css HTTP/1.1" 200 8937 "http://robukazan.ru/katalog/category/view/5" "Mozilla/5.0 (Windows NT 6.1; WOW64) AppleWebKit/537.36 (KHTML, like Gecko) Chrome/100.0.4896.160 YaBrowser/22.5.1.987 Yowser/2.5 Safari/537.36"
188.255.50.161 - - [11/Jun/2022:16:52:08 +0300] "GET /plugins/system/jqueryeasy/jquerynoconflict.js HTTP/1.1" 200 20 "http://robukazan.ru/katalog/category/view/5" "Mozilla/5.0 (Windows NT 6.1; WOW64) AppleWebKit/537.36 (KHTML, like Gecko) Chrome/100.0.4896.160 YaBrowser/22.5.1.987 Yowser/2.5 Safari/537.36"
188.255.50.161 - - [11/Jun/2022:16:52:08 +0300] "GET /media/system/js/mootools-core.js?db402a5e3649fff12ad007864e10350a HTTP/1.1" 200 83893 "http://robukazan.ru/katalog/category/view/5" "Mozilla/5.0 (Windows NT 6.1; WOW64) AppleWebKit/537.36 (KHTML, like Gecko) Chrome/100.0.4896.160 YaBrowser/22.5.1.987 Yowser/2.5 Safari/537.36"
188.255.50.161 - - [11/Jun/2022:16:52:08 +0300] "GET /media/system/js/core.js?db402a5e3649fff12ad007864e10350a HTTP/1.1" 200 10637 "http://robukazan.ru/katalog/category/view/5" "Mozilla/5.0 (Windows NT 6.1; WOW64) AppleWebKit/537.36 (KHTML, like Gecko) Chrome/100.0.4896.160 YaBrowser/22.5.1.987 Yowser/2.5 Safari/537.36"
188.255.50.161 - - [11/Jun/2022:16:52:09 +0300] "GET /components/com_jshopping/js/functions.js HTTP/1.1" 200 44385 "http://robukazan.ru/katalog/category/view/5" "Mozilla/5.0 (Windows NT 6.1; WOW64) AppleWebKit/537.36 (KHTML, like Gecko) Chrome/100.0.4896.160 YaBrowser/22.5.1.987 Yowser/2.5 Safari/537.36"
188.255.50.161 - - [11/Jun/2022:16:52:09 +0300] "GET /components/com_jshopping/js/validateForm.js HTTP/1.1" 200 8494 "http://robukazan.ru/katalog/category/view/5" "Mozilla/5.0 (Windows NT 6.1; WOW64) AppleWebKit/537.36 (KHTML, like Gecko) Chrome/100.0.4896.160 YaBrowser/22.5.1.987 Yowser/2.5 Safari/537.36"
188.255.50.161 - - [11/Jun/2022:16:52:09 +0300] "GET /templates/shaper_helix3/css/template.css HTTP/1.1" 200 75285 "http://robukazan.ru/katalog/category/view/5" "Mozilla/5.0 (Windows NT 6.1; WOW64) AppleWebKit/537.36 (KHTML, like Gecko) Chrome/100.0.4896.160 YaBrowser/22.5.1.987 Yowser/2.5 Safari/537.36"
188.255.50.161 - - [11/Jun/2022:16:52:09 +0300] "GET /templates/shaper_helix3/js/bootstrap.min.js HTTP/1.1" 200 37045 "http://robukazan.ru/katalog/category/view/5" "Mozilla/5.0 (Windows NT 6.1; WOW64) AppleWebKit/537.36 (KHTML, like Gecko) Chrome/100.0.4896.160 YaBrowser/22.5.1.987 Yowser/2.5 Safari/537.36"
188.255.50.161 - - [11/Jun/2022:16:52:09 +0300] "GET /templates/shaper_helix3/js/jquery.sticky.js HTTP/1.1" 200 5739 "http://robukazan.ru/katalog/category/view/5" "Mozilla/5.0 (Windows NT 6.1; WOW64) AppleWebKit/537.36 (KHTML, like Gecko) Chrome/100.0.4896.160 YaBrowser/22.5.1.987 Yowser/2.5 Safari/537.36"
188.255.50.161 - - [11/Jun/2022:16:52:09 +0300] "GET /templates/shaper_helix3/js/main.js HTTP/1.1" 200 8742 "http://robukazan.ru/katalog/category/view/5" "Mozilla/5.0 (Windows NT 6.1; WOW64) AppleWebKit/537.36 (KHTML, like Gecko) Chrome/100.0.4896.160 YaBrowser/22.5.1.987 Yowser/2.5 Safari/537.36"
188.255.50.161 - - [11/Jun/2022:16:52:09 +0300] "GET /templates/shaper_helix3/js/frontend-edit.js HTTP/1.1" 200 1948 "http://robukazan.ru/katalog/category/view/5" "Mozilla/5.0 (Windows NT 6.1; WOW64) AppleWebKit/537.36 (KHTML, like Gecko) Chrome/100.0.4896.160 YaBrowser/22.5.1.987 Yowser/2.5 Safari/537.36"
188.255.50.161 - - [11/Jun/2022:16:52:09 +0300] "GET /modules/mod_contactus/js/contactus_common.js HTTP/1.1" 200 5018 "http://robukazan.ru/katalog/category/view/5" "Mozilla/5.0 (Windows NT 6.1; WOW64) AppleWebKit/537.36 (KHTML, like Gecko) Chrome/100.0.4896.160 YaBrowser/22.5.1.987 Yowser/2.5 Safari/537.36"
188.255.50.161 - - [11/Jun/2022:16:52:09 +0300] "GET /modules/mod_contactus/js/contactus_lightbox.js HTTP/1.1" 200 4279 "http://robukazan.ru/katalog/category/view/5" "Mozilla/5.0 (Windows NT 6.1; WOW64) AppleWebKit/537.36 (KHTML, like Gecko) Chrome/100.0.4896.160 YaBrowser/22.5.1.987 Yowser/2.5 Safari/537.36"
188.255.50.161 - - [11/Jun/2022:16:52:09 +0300] "GET /components/com_jshopping/js/jquery/jquery.media.js HTTP/1.1" 200 18047 "http://robukazan.ru/katalog/category/view/5" "Mozilla/5.0 (Windows NT 6.1; WOW64) AppleWebKit/537.36 (KHTML, like Gecko) Chrome/100.0.4896.160 YaBrowser/22.5.1.987 Yowser/2.5 Safari/537.36"
188.255.50.161 - - [11/Jun/2022:16:52:09 +0300] "GET /images/design3_03.jpg HTTP/1.1" 200 4781 "http://robukazan.ru/katalog/category/view/5" "Mozilla/5.0 (Windows NT 6.1; WOW64) AppleWebKit/537.36 (KHTML, like Gecko) Chrome/100.0.4896.160 YaBrowser/22.5.1.987 Yowser/2.5 Safari/537.36"
95.161.221.54 - - [11/Jun/2022:16:52:09 +0300] "GET /components/com_jshopping/files/img_products/thumb_18.jpg HTTP/1.1" 200 8285 "http://robukazan.ru/katalog/apparaty-dlya-stykovoj-svarki" "Mozilla/5.0 (Windows NT 10.0; Win64; x64) AppleWebKit/537.36 (KHTML, like Gecko) Chrome/102.0.5005.63 Safari/537.36 Edg/102.0.1245.30"
188.255.50.161 - - [11/Jun/2022:16:52:09 +0300] "GET /images/shipped.png HTTP/1.1" 200 1332 "http://robukazan.ru/katalog/category/view/5" "Mozilla/5.0 (Windows NT 6.1; WOW64) AppleWebKit/537.36 (KHTML, like Gecko) Chrome/100.0.4896.160 YaBrowser/22.5.1.987 Yowser/2.5 Safari/537.36"
188.255.50.161 - - [11/Jun/2022:16:52:09 +0300] "GET /images/certificate.png HTTP/1.1" 200 1677 "http://robukazan.ru/katalog/category/view/5" "Mozilla/5.0 (Windows NT 6.1; WOW64) AppleWebKit/537.36 (KHTML, like Gecko) Chrome/100.0.4896.160 YaBrowser/22.5.1.987 Yowser/2.5 Safari/537.36"
188.255.50.161 - - [11/Jun/2022:16:52:09 +0300] "GET /images/design3_34.png HTTP/1.1" 200 4379 "http://robukazan.ru/katalog/category/view/5" "Mozilla/5.0 (Windows NT 6.1; WOW64) AppleWebKit/537.36 (KHTML, like Gecko) Chrome/100.0.4896.160 YaBrowser/22.5.1.987 Yowser/2.5 Safari/537.36"
95.161.221.54 - - [11/Jun/2022:16:52:09 +0300] "GET /components/com_jshopping/files/img_products/thumb_19.jpg HTTP/1.1" 200 7977 "http://robukazan.ru/katalog/apparaty-dlya-stykovoj-svarki" "Mozilla/5.0 (Windows NT 10.0; Win64; x64) AppleWebKit/537.36 (KHTML, like Gecko) Chrome/102.0.5005.63 Safari/537.36 Edg/102.0.1245.30"
95.161.221.54 - - [11/Jun/2022:16:52:09 +0300] "GET /components/com_jshopping/files/img_products/thumb_16.jpg HTTP/1.1" 200 8285 "http://robukazan.ru/katalog/apparaty-dlya-stykovoj-svarki" "Mozilla/5.0 (Windows NT 10.0; Win64; x64) AppleWebKit/537.36 (KHTML, like Gecko) Chrome/102.0.5005.63 Safari/537.36 Edg/102.0.1245.30"
95.161.221.54 - - [11/Jun/2022:16:52:10 +0300] "GET /components/com_jshopping/files/img_products/thumb_110.jpg HTTP/1.1" 200 8285 "http://robukazan.ru/katalog/apparaty-dlya-stykovoj-svarki" "Mozilla/5.0 (Windows NT 10.0; Win64; x64) AppleWebKit/537.36 (KHTML, like Gecko) Chrome/102.0.5005.63 Safari/537.36 Edg/102.0.1245.30"
95.161.221.54 - - [11/Jun/2022:16:52:10 +0300] "GET /components/com_jshopping/files/img_products/thumb_116.jpg HTTP/1.1" 200 7977 "http://robukazan.ru/katalog/apparaty-dlya-stykovoj-svarki" "Mozilla/5.0 (Windows NT 10.0; Win64; x64) AppleWebKit/537.36 (KHTML, like Gecko) Chrome/102.0.5005.63 Safari/537.36 Edg/102.0.1245.30"
95.161.221.54 - - [11/Jun/2022:16:52:10 +0300] "GET /images/design3_34.png HTTP/1.1" 200 4379 "http://robukazan.ru/katalog/apparaty-dlya-stykovoj-svarki" "Mozilla/5.0 (Windows NT 10.0; Win64; x64) AppleWebKit/537.36 (KHTML, like Gecko) Chrome/102.0.5005.63 Safari/537.36 Edg/102.0.1245.30"
77.37.225.217 - - [11/Jun/2022:16:52:14 +0300] "GET /katalog/apparaty-dlya-stykovoj-svarki/robu-w-315 HTTP/1.0" 200 9823 "-" "Mozilla/5.0 (Windows NT 10.0; Win64; x64) AppleWebKit/537.36 (KHTML, like Gecko) Chrome/100.0.4896.127 Safari/537.36 OPR/86.0.4363.70"
77.37.225.217 - - [11/Jun/2022:16:52:14 +0300] "GET /components/com_jshopping/css/default.css HTTP/1.1" 200 25223 "http://robukazan.ru/katalog/apparaty-dlya-stykovoj-svarki/robu-w-315" "Mozilla/5.0 (Windows NT 10.0; Win64; x64) AppleWebKit/537.36 (KHTML, like Gecko) Chrome/100.0.4896.127 Safari/537.36 OPR/86.0.4363.70"
77.37.225.217 - - [11/Jun/2022:16:52:14 +0300] "GET /components/com_jshopping/css/jquery.lightbox.css HTTP/1.1" 200 2421 "http://robukazan.ru/katalog/apparaty-dlya-stykovoj-svarki/robu-w-315" "Mozilla/5.0 (Windows NT 10.0; Win64; x64) AppleWebKit/537.36 (KHTML, like Gecko) Chrome/100.0.4896.127 Safari/537.36 OPR/86.0.4363.70"
77.37.225.217 - - [11/Jun/2022:16:52:14 +0300] "GET /templates/shaper_helix3/css/font-awesome.min.css HTTP/1.1" 200 31000 "http://robukazan.ru/katalog/apparaty-dlya-stykovoj-svarki/robu-w-315" "Mozilla/5.0 (Windows NT 10.0; Win64; x64) AppleWebKit/537.36 (KHTML, like Gecko) Chrome/100.0.4896.127 Safari/537.36 OPR/86.0.4363.70"
77.37.225.217 - - [11/Jun/2022:16:52:14 +0300] "GET /templates/shaper_helix3/css/legacy.css HTTP/1.1" 200 27359 "http://robukazan.ru/katalog/apparaty-dlya-stykovoj-svarki/robu-w-315" "Mozilla/5.0 (Windows NT 10.0; Win64; x64) AppleWebKit/537.36 (KHTML, like Gecko) Chrome/100.0.4896.127 Safari/537.36 OPR/86.0.4363.70"
77.37.225.217 - - [11/Jun/2022:16:52:14 +0300] "GET /templates/shaper_helix3/css/presets/preset4.css HTTP/1.1" 200 2138 "http://robukazan.ru/katalog/apparaty-dlya-stykovoj-svarki/robu-w-315" "Mozilla/5.0 (Windows NT 10.0; Win64; x64) AppleWebKit/537.36 (KHTML, like Gecko) Chrome/100.0.4896.127 Safari/537.36 OPR/86.0.4363.70"
77.37.225.217 - - [11/Jun/2022:16:52:14 +0300] "GET /templates/shaper_helix3/css/frontend-edit.css HTTP/1.1" 200 2748 "http://robukazan.ru/katalog/apparaty-dlya-stykovoj-svarki/robu-w-315" "Mozilla/5.0 (Windows NT 10.0; Win64; x64) AppleWebKit/537.36 (KHTML, like Gecko) Chrome/100.0.4896.127 Safari/537.36 OPR/86.0.4363.70"
77.37.225.217 - - [11/Jun/2022:16:52:14 +0300] "GET /modules/mod_contactus/css/contactus_lightbox.css HTTP/1.1" 200 8937 "http://robukazan.ru/katalog/apparaty-dlya-stykovoj-svarki/robu-w-315" "Mozilla/5.0 (Windows NT 10.0; Win64; x64) AppleWebKit/537.36 (KHTML, like Gecko) Chrome/100.0.4896.127 Safari/537.36 OPR/86.0.4363.70"
77.37.225.217 - - [11/Jun/2022:16:52:14 +0300] "GET /plugins/system/jqueryeasy/jquerynoconflict.js HTTP/1.1" 200 20 "http://robukazan.ru/katalog/apparaty-dlya-stykovoj-svarki/robu-w-315" "Mozilla/5.0 (Windows NT 10.0; Win64; x64) AppleWebKit/537.36 (KHTML, like Gecko) Chrome/100.0.4896.127 Safari/537.36 OPR/86.0.4363.70"
77.37.225.217 - - [11/Jun/2022:16:52:14 +0300] "GET /templates/shaper_helix3/css/bootstrap.min.css HTTP/1.1" 200 121200 "http://robukazan.ru/katalog/apparaty-dlya-stykovoj-svarki/robu-w-315" "Mozilla/5.0 (Windows NT 10.0; Win64; x64) AppleWebKit/537.36 (KHTML, like Gecko) Chrome/100.0.4896.127 Safari/537.36 OPR/86.0.4363.70"
77.37.225.217 - - [11/Jun/2022:16:52:14 +0300] "GET /media/system/js/core.js?db402a5e3649fff12ad007864e10350a HTTP/1.1" 200 10637 "http://robukazan.ru/katalog/apparaty-dlya-stykovoj-svarki/robu-w-315" "Mozilla/5.0 (Windows NT 10.0; Win64; x64) AppleWebKit/537.36 (KHTML, like Gecko) Chrome/100.0.4896.127 Safari/537.36 OPR/86.0.4363.70"
77.37.225.217 - - [11/Jun/2022:16:52:14 +0300] "GET /templates/shaper_helix3/css/template.css HTTP/1.1" 200 75285 "http://robukazan.ru/katalog/apparaty-dlya-stykovoj-svarki/robu-w-315" "Mozilla/5.0 (Windows NT 10.0; Win64; x64) AppleWebKit/537.36 (KHTML, like Gecko) Chrome/100.0.4896.127 Safari/537.36 OPR/86.0.4363.70"
77.37.225.217 - - [11/Jun/2022:16:52:14 +0300] "GET /components/com_jshopping/js/jquery/jquery.media.js HTTP/1.1" 200 18047 "http://robukazan.ru/katalog/apparaty-dlya-stykovoj-svarki/robu-w-315" "Mozilla/5.0 (Windows NT 10.0; Win64; x64) AppleWebKit/537.36 (KHTML, like Gecko) Chrome/100.0.4896.127 Safari/537.36 OPR/86.0.4363.70"
77.37.225.217 - - [11/Jun/2022:16:52:14 +0300] "GET /media/system/js/mootools-core.js?db402a5e3649fff12ad007864e10350a HTTP/1.1" 200 83893 "http://robukazan.ru/katalog/apparaty-dlya-stykovoj-svarki/robu-w-315" "Mozilla/5.0 (Windows NT 10.0; Win64; x64) AppleWebKit/537.36 (KHTML, like Gecko) Chrome/100.0.4896.127 Safari/537.36 OPR/86.0.4363.70"
77.37.225.217 - - [11/Jun/2022:16:52:14 +0300] "GET /components/com_jshopping/js/jquery/jquery.lightbox.js HTTP/1.1" 200 23418 "http://robukazan.ru/katalog/apparaty-dlya-stykovoj-svarki/robu-w-315" "Mozilla/5.0 (Windows NT 10.0; Win64; x64) AppleWebKit/537.36 (KHTML, like Gecko) Chrome/100.0.4896.127 Safari/537.36 OPR/86.0.4363.70"
77.37.225.217 - - [11/Jun/2022:16:52:14 +0300] "GET /components/com_jshopping/js/validateForm.js HTTP/1.1" 200 8494 "http://robukazan.ru/katalog/apparaty-dlya-stykovoj-svarki/robu-w-315" "Mozilla/5.0 (Windows NT 10.0; Win64; x64) AppleWebKit/537.36 (KHTML, like Gecko) Chrome/100.0.4896.127 Safari/537.36 OPR/86.0.4363.70"
77.37.225.217 - - [11/Jun/2022:16:52:14 +0300] "GET /templates/shaper_helix3/js/bootstrap.min.js HTTP/1.1" 200 37045 "http://robukazan.ru/katalog/apparaty-dlya-stykovoj-svarki/robu-w-315" "Mozilla/5.0 (Windows NT 10.0; Win64; x64) AppleWebKit/537.36 (KHTML, like Gecko) Chrome/100.0.4896.127 Safari/537.36 OPR/86.0.4363.70"
77.37.225.217 - - [11/Jun/2022:16:52:14 +0300] "GET /templates/shaper_helix3/js/jquery.sticky.js HTTP/1.1" 200 5739 "http://robukazan.ru/katalog/apparaty-dlya-stykovoj-svarki/robu-w-315" "Mozilla/5.0 (Windows NT 10.0; Win64; x64) AppleWebKit/537.36 (KHTML, like Gecko) Chrome/100.0.4896.127 Safari/537.36 OPR/86.0.4363.70"
77.37.225.217 - - [11/Jun/2022:16:52:14 +0300] "GET /templates/shaper_helix3/js/main.js HTTP/1.1" 200 8742 "http://robukazan.ru/katalog/apparaty-dlya-stykovoj-svarki/robu-w-315" "Mozilla/5.0 (Windows NT 10.0; Win64; x64) AppleWebKit/537.36 (KHTML, like Gecko) Chrome/100.0.4896.127 Safari/537.36 OPR/86.0.4363.70"
77.37.225.217 - - [11/Jun/2022:16:52:14 +0300] "GET /modules/mod_contactus/js/contactus_common.js HTTP/1.1" 200 5018 "http://robukazan.ru/katalog/apparaty-dlya-stykovoj-svarki/robu-w-315" "Mozilla/5.0 (Windows NT 10.0; Win64; x64) AppleWebKit/537.36 (KHTML, like Gecko) Chrome/100.0.4896.127 Safari/537.36 OPR/86.0.4363.70"
77.37.225.217 - - [11/Jun/2022:16:52:14 +0300] "GET /templates/shaper_helix3/js/frontend-edit.js HTTP/1.1" 200 1948 "http://robukazan.ru/katalog/apparaty-dlya-stykovoj-svarki/robu-w-315" "Mozilla/5.0 (Windows NT 10.0; Win64; x64) AppleWebKit/537.36 (KHTML, like Gecko) Chrome/100.0.4896.127 Safari/537.36 OPR/86.0.4363.70"
77.37.225.217 - - [11/Jun/2022:16:52:14 +0300] "GET /modules/mod_contactus/js/contactus_lightbox.js HTTP/1.1" 200 4279 "http://robukazan.ru/katalog/apparaty-dlya-stykovoj-svarki/robu-w-315" "Mozilla/5.0 (Windows NT 10.0; Win64; x64) AppleWebKit/537.36 (KHTML, like Gecko) Chrome/100.0.4896.127 Safari/537.36 OPR/86.0.4363.70"
77.37.225.217 - - [11/Jun/2022:16:52:14 +0300] "GET /components/com_jshopping/js/functions.js HTTP/1.1" 200 44385 "http://robukazan.ru/katalog/apparaty-dlya-stykovoj-svarki/robu-w-315" "Mozilla/5.0 (Windows NT 10.0; Win64; x64) AppleWebKit/537.36 (KHTML, like Gecko) Chrome/100.0.4896.127 Safari/537.36 OPR/86.0.4363.70"
95.161.221.54 - - [11/Jun/2022:16:52:19 +0300] "GET /images/wallperz.com-20170320230023.jpg HTTP/1.1" 200 106920 "http://robukazan.ru/katalog/apparaty-dlya-stykovoj-svarki" "Mozilla/5.0 (Windows NT 10.0; Win64; x64) AppleWebKit/537.36 (KHTML, like Gecko) Chrome/102.0.5005.63 Safari/537.36 Edg/102.0.1245.30"
188.255.50.161 - - [11/Jun/2022:16:52:39 +0300] "GET /images/menu-fon.jpg HTTP/1.1" 200 1189 "http://robukazan.ru/katalog/category/view/5" "Mozilla/5.0 (Windows NT 6.1; WOW64) AppleWebKit/537.36 (KHTML, like Gecko) Chrome/100.0.4896.160 YaBrowser/22.5.1.987 Yowser/2.5 Safari/537.36"
188.255.50.161 - - [11/Jun/2022:16:52:39 +0300] "GET /images/wallperz.com-20170320230023.jpg HTTP/1.1" 200 164669 "http://robukazan.ru/katalog/category/view/5" "Mozilla/5.0 (Windows NT 6.1; WOW64) AppleWebKit/537.36 (KHTML, like Gecko) Chrome/100.0.4896.160 YaBrowser/22.5.1.987 Yowser/2.5 Safari/537.36"
188.255.50.161 - - [11/Jun/2022:16:52:39 +0300] "GET /templates/shaper_helix3/fonts/fontawesome-webfont.woff2?v=4.7.0 HTTP/1.0" 200 77387 "http://robukazan.ru/templates/shaper_helix3/css/font-awesome.min.css" "Mozilla/5.0 (Windows NT 6.1; WOW64) AppleWebKit/537.36 (KHTML, like Gecko) Chrome/100.0.4896.160 YaBrowser/22.5.1.987 Yowser/2.5 Safari/537.36"
77.37.225.217 - - [11/Jun/2022:16:52:44 +0300] "GET /images/design3_03.jpg HTTP/1.1" 200 4781 "http://robukazan.ru/katalog/apparaty-dlya-stykovoj-svarki/robu-w-315" "Mozilla/5.0 (Windows NT 10.0; Win64; x64) AppleWebKit/537.36 (KHTML, like Gecko) Chrome/100.0.4896.127 Safari/537.36 OPR/86.0.4363.70"
77.37.225.217 - - [11/Jun/2022:16:52:44 +0300] "GET /images/certificate.png HTTP/1.1" 200 1677 "http://robukazan.ru/katalog/apparaty-dlya-stykovoj-svarki/robu-w-315" "Mozilla/5.0 (Windows NT 10.0; Win64; x64) AppleWebKit/537.36 (KHTML, like Gecko) Chrome/100.0.4896.127 Safari/537.36 OPR/86.0.4363.70"
77.37.225.217 - - [11/Jun/2022:16:52:44 +0300] "GET /images/shipped.png HTTP/1.1" 200 1332 "http://robukazan.ru/katalog/apparaty-dlya-stykovoj-svarki/robu-w-315" "Mozilla/5.0 (Windows NT 10.0; Win64; x64) AppleWebKit/537.36 (KHTML, like Gecko) Chrome/100.0.4896.127 Safari/537.36 OPR/86.0.4363.70"
77.37.225.217 - - [11/Jun/2022:16:52:44 +0300] "GET /components/com_jshopping/files/img_products/15.jpg HTTP/1.1" 200 15323 "http://robukazan.ru/katalog/apparaty-dlya-stykovoj-svarki/robu-w-315" "Mozilla/5.0 (Windows NT 10.0; Win64; x64) AppleWebKit/537.36 (KHTML, like Gecko) Chrome/100.0.4896.127 Safari/537.36 OPR/86.0.4363.70"
77.37.225.217 - - [11/Jun/2022:16:52:44 +0300] "GET /components/com_jshopping/images/search.png HTTP/1.1" 200 491 "http://robukazan.ru/katalog/apparaty-dlya-stykovoj-svarki/robu-w-315" "Mozilla/5.0 (Windows NT 10.0; Win64; x64) AppleWebKit/537.36 (KHTML, like Gecko) Chrome/100.0.4896.127 Safari/537.36 OPR/86.0.4363.70"
77.37.225.217 - - [11/Jun/2022:16:52:44 +0300] "GET /components/com_jshopping/files/img_products/25.jpg HTTP/1.1" 200 14813 "http://robukazan.ru/katalog/apparaty-dlya-stykovoj-svarki/robu-w-315" "Mozilla/5.0 (Windows NT 10.0; Win64; x64) AppleWebKit/537.36 (KHTML, like Gecko) Chrome/100.0.4896.127 Safari/537.36 OPR/86.0.4363.70"
77.37.225.217 - - [11/Jun/2022:16:52:44 +0300] "GET /components/com_jshopping/files/img_products/35.jpg HTTP/1.1" 200 10745 "http://robukazan.ru/katalog/apparaty-dlya-stykovoj-svarki/robu-w-315" "Mozilla/5.0 (Windows NT 10.0; Win64; x64) AppleWebKit/537.36 (KHTML, like Gecko) Chrome/100.0.4896.127 Safari/537.36 OPR/86.0.4363.70"
77.37.225.217 - - [11/Jun/2022:16:52:44 +0300] "GET /components/com_jshopping/files/img_products/53.jpg HTTP/1.1" 200 15243 "http://robukazan.ru/katalog/apparaty-dlya-stykovoj-svarki/robu-w-315" "Mozilla/5.0 (Windows NT 10.0; Win64; x64) AppleWebKit/537.36 (KHTML, like Gecko) Chrome/100.0.4896.127 Safari/537.36 OPR/86.0.4363.70"
77.37.225.217 - - [11/Jun/2022:16:52:44 +0300] "GET /components/com_jshopping/files/img_products/62.jpg HTTP/1.1" 200 12078 "http://robukazan.ru/katalog/apparaty-dlya-stykovoj-svarki/robu-w-315" "Mozilla/5.0 (Windows NT 10.0; Win64; x64) AppleWebKit/537.36 (KHTML, like Gecko) Chrome/100.0.4896.127 Safari/537.36 OPR/86.0.4363.70"
77.37.225.217 - - [11/Jun/2022:16:52:44 +0300] "GET /components/com_jshopping/files/img_products/72.jpg HTTP/1.1" 200 10318 "http://robukazan.ru/katalog/apparaty-dlya-stykovoj-svarki/robu-w-315" "Mozilla/5.0 (Windows NT 10.0; Win64; x64) AppleWebKit/537.36 (KHTML, like Gecko) Chrome/100.0.4896.127 Safari/537.36 OPR/86.0.4363.70"
77.37.225.217 - - [11/Jun/2022:16:52:44 +0300] "GET /components/com_jshopping/files/img_products/87.jpg HTTP/1.1" 200 17552 "http://robukazan.ru/katalog/apparaty-dlya-stykovoj-svarki/robu-w-315" "Mozilla/5.0 (Windows NT 10.0; Win64; x64) AppleWebKit/537.36 (KHTML, like Gecko) Chrome/100.0.4896.127 Safari/537.36 OPR/86.0.4363.70"
77.37.225.217 - - [11/Jun/2022:16:52:44 +0300] "GET /components/com_jshopping/files/img_products/10.jpg HTTP/1.1" 200 10205 "http://robukazan.ru/katalog/apparaty-dlya-stykovoj-svarki/robu-w-315" "Mozilla/5.0 (Windows NT 10.0; Win64; x64) AppleWebKit/537.36 (KHTML, like Gecko) Chrome/100.0.4896.127 Safari/537.36 OPR/86.0.4363.70"
77.37.225.217 - - [11/Jun/2022:16:52:44 +0300] "GET /components/com_jshopping/files/img_products/92.jpg HTTP/1.1" 200 8532 "http://robukazan.ru/katalog/apparaty-dlya-stykovoj-svarki/robu-w-315" "Mozilla/5.0 (Windows NT 10.0; Win64; x64) AppleWebKit/537.36 (KHTML, like Gecko) Chrome/100.0.4896.127 Safari/537.36 OPR/86.0.4363.70"
77.37.225.217 - - [11/Jun/2022:16:52:45 +0300] "GET /images/menu-fon.jpg HTTP/1.1" 200 1189 "http://robukazan.ru/katalog/apparaty-dlya-stykovoj-svarki/robu-w-315" "Mozilla/5.0 (Windows NT 10.0; Win64; x64) AppleWebKit/537.36 (KHTML, like Gecko) Chrome/100.0.4896.127 Safari/537.36 OPR/86.0.4363.70"
77.37.225.217 - - [11/Jun/2022:16:52:45 +0300] "GET /components/com_jshopping/files/img_products/111.jpg HTTP/1.1" 200 10260 "http://robukazan.ru/katalog/apparaty-dlya-stykovoj-svarki/robu-w-315" "Mozilla/5.0 (Windows NT 10.0; Win64; x64) AppleWebKit/537.36 (KHTML, like Gecko) Chrome/100.0.4896.127 Safari/537.36 OPR/86.0.4363.70"
77.37.225.217 - - [11/Jun/2022:16:52:45 +0300] "GET /components/com_jshopping/files/img_products/thumb_25.jpg HTTP/1.1" 200 8597 "http://robukazan.ru/katalog/apparaty-dlya-stykovoj-svarki/robu-w-315" "Mozilla/5.0 (Windows NT 10.0; Win64; x64) AppleWebKit/537.36 (KHTML, like Gecko) Chrome/100.0.4896.127 Safari/537.36 OPR/86.0.4363.70"
77.37.225.217 - - [11/Jun/2022:16:52:45 +0300] "GET /images/wallperz.com-20170320230023.jpg HTTP/1.1" 200 164669 "http://robukazan.ru/katalog/apparaty-dlya-stykovoj-svarki/robu-w-315" "Mozilla/5.0 (Windows NT 10.0; Win64; x64) AppleWebKit/537.36 (KHTML, like Gecko) Chrome/100.0.4896.127 Safari/537.36 OPR/86.0.4363.70"
77.37.225.217 - - [11/Jun/2022:16:52:45 +0300] "GET /components/com_jshopping/files/img_products/thumb_72.jpg HTTP/1.1" 200 6604 "http://robukazan.ru/katalog/apparaty-dlya-stykovoj-svarki/robu-w-315" "Mozilla/5.0 (Windows NT 10.0; Win64; x64) AppleWebKit/537.36 (KHTML, like Gecko) Chrome/100.0.4896.127 Safari/537.36 OPR/86.0.4363.70"
77.37.225.217 - - [11/Jun/2022:16:52:45 +0300] "GET /components/com_jshopping/files/img_products/thumb_62.jpg HTTP/1.1" 200 7195 "http://robukazan.ru/katalog/apparaty-dlya-stykovoj-svarki/robu-w-315" "Mozilla/5.0 (Windows NT 10.0; Win64; x64) AppleWebKit/537.36 (KHTML, like Gecko) Chrome/100.0.4896.127 Safari/537.36 OPR/86.0.4363.70"
77.37.225.217 - - [11/Jun/2022:16:52:45 +0300] "GET /components/com_jshopping/files/img_products/thumb_10.jpg HTTP/1.1" 200 6695 "http://robukazan.ru/katalog/apparaty-dlya-stykovoj-svarki/robu-w-315" "Mozilla/5.0 (Windows NT 10.0; Win64; x64) AppleWebKit/537.36 (KHTML, like Gecko) Chrome/100.0.4896.127 Safari/537.36 OPR/86.0.4363.70"
77.37.225.217 - - [11/Jun/2022:16:52:45 +0300] "GET /components/com_jshopping/files/img_products/thumb_92.jpg HTTP/1.1" 200 5797 "http://robukazan.ru/katalog/apparaty-dlya-stykovoj-svarki/robu-w-315" "Mozilla/5.0 (Windows NT 10.0; Win64; x64) AppleWebKit/537.36 (KHTML, like Gecko) Chrome/100.0.4896.127 Safari/537.36 OPR/86.0.4363.70"
77.37.225.217 - - [11/Jun/2022:16:52:45 +0300] "GET /components/com_jshopping/files/img_products/thumb_15.jpg HTTP/1.1" 200 8827 "http://robukazan.ru/katalog/apparaty-dlya-stykovoj-svarki/robu-w-315" "Mozilla/5.0 (Windows NT 10.0; Win64; x64) AppleWebKit/537.36 (KHTML, like Gecko) Chrome/100.0.4896.127 Safari/537.36 OPR/86.0.4363.70"
77.37.225.217 - - [11/Jun/2022:16:52:45 +0300] "GET /components/com_jshopping/files/img_products/thumb_111.jpg HTTP/1.1" 200 6618 "http://robukazan.ru/katalog/apparaty-dlya-stykovoj-svarki/robu-w-315" "Mozilla/5.0 (Windows NT 10.0; Win64; x64) AppleWebKit/537.36 (KHTML, like Gecko) Chrome/100.0.4896.127 Safari/537.36 OPR/86.0.4363.70"
77.37.225.217 - - [11/Jun/2022:16:52:45 +0300] "GET /components/com_jshopping/files/img_products/thumb_35.jpg HTTP/1.1" 200 6763 "http://robukazan.ru/katalog/apparaty-dlya-stykovoj-svarki/robu-w-315" "Mozilla/5.0 (Windows NT 10.0; Win64; x64) AppleWebKit/537.36 (KHTML, like Gecko) Chrome/100.0.4896.127 Safari/537.36 OPR/86.0.4363.70"
77.37.225.217 - - [11/Jun/2022:16:52:45 +0300] "GET /components/com_jshopping/files/img_products/thumb_87.jpg HTTP/1.1" 200 10168 "http://robukazan.ru/katalog/apparaty-dlya-stykovoj-svarki/robu-w-315" "Mozilla/5.0 (Windows NT 10.0; Win64; x64) AppleWebKit/537.36 (KHTML, like Gecko) Chrome/100.0.4896.127 Safari/537.36 OPR/86.0.4363.70"
77.37.225.217 - - [11/Jun/2022:16:52:45 +0300] "GET /components/com_jshopping/files/img_products/thumb_53.jpg HTTP/1.1" 200 8624 "http://robukazan.ru/katalog/apparaty-dlya-stykovoj-svarki/robu-w-315" "Mozilla/5.0 (Windows NT 10.0; Win64; x64) AppleWebKit/537.36 (KHTML, like Gecko) Chrome/100.0.4896.127 Safari/537.36 OPR/86.0.4363.70"
77.37.225.217 - - [11/Jun/2022:16:52:45 +0300] "GET /images/design3_34.png HTTP/1.1" 200 4379 "http://robukazan.ru/katalog/apparaty-dlya-stykovoj-svarki/robu-w-315" "Mozilla/5.0 (Windows NT 10.0; Win64; x64) AppleWebKit/537.36 (KHTML, like Gecko) Chrome/100.0.4896.127 Safari/537.36 OPR/86.0.4363.70"
77.37.225.217 - - [11/Jun/2022:16:52:45 +0300] "GET /templates/shaper_helix3/fonts/fontawesome-webfont.woff2?v=4.7.0 HTTP/1.0" 200 77387 "http://robukazan.ru/templates/shaper_helix3/css/font-awesome.min.css" "Mozilla/5.0 (Windows NT 10.0; Win64; x64) AppleWebKit/537.36 (KHTML, like Gecko) Chrome/100.0.4896.127 Safari/537.36 OPR/86.0.4363.70"
84.17.42.8 - - [11/Jun/2022:16:54:55 +0300] "GET /administrator/index.php HTTP/1.0" 200 7144 "http://robukazan.ru/administrator/index.php" "Mozilla/5.0 (Windows NT 10.0; WOW64) AppleWebKit/537.36 (KHTML, like Gecko) Chrome/62.0.3198.0 Safari/537.36 OPR/49.0.2711.0"
84.17.42.8 - - [11/Jun/2022:16:54:55 +0300] "POST /administrator/index.php HTTP/1.0" 200 7438 "http://robukazan.ru/administrator/index.php" "Mozilla/5.0 (Windows NT 10.0; WOW64) AppleWebKit/537.36 (KHTML, like Gecko) Chrome/62.0.3198.0 Safari/537.36 OPR/49.0.2711.0"
95.163.255.229 - - [11/Jun/2022:16:58:04 +0300] "GET /robots.txt HTTP/1.0" 200 1108 "-" "Mozilla/5.0 (compatible; Linux x86_64; Mail.RU_Bot/2.0; +https://help.mail.ru/webmaster/indexing/robots)"
95.163.255.60 - - [11/Jun/2022:16:58:05 +0300] "GET / HTTP/1.0" 200 9141 "-" "Mozilla/5.0 (compatible; Linux x86_64; Mail.RU_Bot/2.0; +https://help.mail.ru/webmaster/indexing/robots)"
84.17.42.8 - - [11/Jun/2022:17:03:41 +0300] "GET /administrator/index.php HTTP/1.0" 200 7144 "http://robukazan.ru/administrator/index.php" "Mozilla/5.0 (Windows NT 10.0; WOW64) AppleWebKit/537.36 (KHTML, like Gecko) Chrome/62.0.3198.0 Safari/537.36 OPR/49.0.2711.0"
84.17.42.8 - - [11/Jun/2022:17:03:41 +0300] "POST /administrator/index.php HTTP/1.0" 200 7438 "http://robukazan.ru/administrator/index.php" "Mozilla/5.0 (Windows NT 10.0; WOW64) AppleWebKit/537.36 (KHTML, like Gecko) Chrome/62.0.3198.0 Safari/537.36 OPR/49.0.2711.0"
188.214.122.86 - - [11/Jun/2022:17:08:15 +0300] "GET /administrator/index.php HTTP/1.0" 200 2928 "-" "Mozilla/5.0 (Windows NT 10.0; WOW64) AppleWebKit/537.36 (KHTML, like Gecko) Chrome/75.0.3770.100 Safari/537.36"
188.214.122.86 - - [11/Jun/2022:17:08:18 +0300] "POST /administrator/index.php HTTP/1.0" 200 3001 "-" "Mozilla/5.0 (Windows NT 10.0; WOW64) AppleWebKit/537.36 (KHTML, like Gecko) Chrome/75.0.3770.100 Safari/537.36"
188.214.122.86 - - [11/Jun/2022:17:08:21 +0300] "GET /administrator/index.php HTTP/1.0" 200 2831 "-" "Mozilla/5.0 (Windows NT 10.0; WOW64) AppleWebKit/537.36 (KHTML, like Gecko) Chrome/75.0.3770.100 Safari/537.36"
84.17.42.8 - - [11/Jun/2022:17:18:10 +0300] "GET /administrator/index.php HTTP/1.0" 200 7144 "http://robukazan.ru/administrator/index.php" "Mozilla/5.0 (Windows NT 10.0; WOW64) AppleWebKit/537.36 (KHTML, like Gecko) Chrome/62.0.3198.0 Safari/537.36 OPR/49.0.2711.0"
84.17.42.8 - - [11/Jun/2022:17:18:10 +0300] "POST /administrator/index.php HTTP/1.0" 200 7438 "http://robukazan.ru/administrator/index.php" "Mozilla/5.0 (Windows NT 10.0; WOW64) AppleWebKit/537.36 (KHTML, like Gecko) Chrome/62.0.3198.0 Safari/537.36 OPR/49.0.2711.0"
207.46.13.109 - - [11/Jun/2022:17:23:24 +0300] "GET /images/2017/09/11/currency.png HTTP/1.0" 200 3249 "-" "Mozilla/5.0 (compatible; bingbot/2.0; +http://www.bing.com/bingbot.htm)"
84.17.42.8 - - [11/Jun/2022:17:27:00 +0300] "GET /administrator/index.php HTTP/1.0" 200 7144 "http://robukazan.ru/administrator/index.php" "Mozilla/5.0 (Windows NT 10.0; WOW64) AppleWebKit/537.36 (KHTML, like Gecko) Chrome/62.0.3198.0 Safari/537.36 OPR/49.0.2711.0"
84.17.42.8 - - [11/Jun/2022:17:27:00 +0300] "POST /administrator/index.php HTTP/1.0" 200 7438 "http://robukazan.ru/administrator/index.php" "Mozilla/5.0 (Windows NT 10.0; WOW64) AppleWebKit/537.36 (KHTML, like Gecko) Chrome/62.0.3198.0 Safari/537.36 OPR/49.0.2711.0"
84.17.42.8 - - [11/Jun/2022:17:35:42 +0300] "GET /administrator/index.php HTTP/1.0" 200 7144 "http://robukazan.ru/administrator/index.php" "Mozilla/5.0 (Windows NT 10.0; WOW64) AppleWebKit/537.36 (KHTML, like Gecko) Chrome/62.0.3198.0 Safari/537.36 OPR/49.0.2711.0"
84.17.42.8 - - [11/Jun/2022:17:35:42 +0300] "POST /administrator/index.php HTTP/1.0" 200 7438 "http://robukazan.ru/administrator/index.php" "Mozilla/5.0 (Windows NT 10.0; WOW64) AppleWebKit/537.36 (KHTML, like Gecko) Chrome/62.0.3198.0 Safari/537.36 OPR/49.0.2711.0"
84.17.42.8 - - [11/Jun/2022:17:49:41 +0300] "GET /administrator/index.php HTTP/1.0" 200 7144 "http://robukazan.ru/administrator/index.php" "Mozilla/5.0 (Windows NT 10.0; WOW64) AppleWebKit/537.36 (KHTML, like Gecko) Chrome/62.0.3198.0 Safari/537.36 OPR/49.0.2711.0"
84.17.42.8 - - [11/Jun/2022:17:49:41 +0300] "POST /administrator/index.php HTTP/1.0" 200 7438 "http://robukazan.ru/administrator/index.php" "Mozilla/5.0 (Windows NT 10.0; WOW64) AppleWebKit/537.36 (KHTML, like Gecko) Chrome/62.0.3198.0 Safari/537.36 OPR/49.0.2711.0"
84.17.42.8 - - [11/Jun/2022:18:00:06 +0300] "GET /administrator/index.php HTTP/1.0" 200 7144 "http://robukazan.ru/administrator/index.php" "Mozilla/5.0 (Windows NT 10.0; WOW64) AppleWebKit/537.36 (KHTML, like Gecko) Chrome/62.0.3198.0 Safari/537.36 OPR/49.0.2711.0"
84.17.42.8 - - [11/Jun/2022:18:00:07 +0300] "POST /administrator/index.php HTTP/1.0" 200 7438 "http://robukazan.ru/administrator/index.php" "Mozilla/5.0 (Windows NT 10.0; WOW64) AppleWebKit/537.36 (KHTML, like Gecko) Chrome/62.0.3198.0 Safari/537.36 OPR/49.0.2711.0"
84.17.42.8 - - [11/Jun/2022:18:10:35 +0300] "GET /administrator/index.php HTTP/1.0" 200 7144 "http://robukazan.ru/administrator/index.php" "Mozilla/5.0 (Windows NT 10.0; WOW64) AppleWebKit/537.36 (KHTML, like Gecko) Chrome/62.0.3198.0 Safari/537.36 OPR/49.0.2711.0"
84.17.42.8 - - [11/Jun/2022:18:10:35 +0300] "POST /administrator/index.php HTTP/1.0" 200 7438 "http://robukazan.ru/administrator/index.php" "Mozilla/5.0 (Windows NT 10.0; WOW64) AppleWebKit/537.36 (KHTML, like Gecko) Chrome/62.0.3198.0 Safari/537.36 OPR/49.0.2711.0"
84.17.42.8 - - [11/Jun/2022:18:24:57 +0300] "GET /administrator/index.php HTTP/1.0" 200 7144 "http://robukazan.ru/administrator/index.php" "Mozilla/5.0 (Windows NT 10.0; WOW64) AppleWebKit/537.36 (KHTML, like Gecko) Chrome/62.0.3198.0 Safari/537.36 OPR/49.0.2711.0"
84.17.42.8 - - [11/Jun/2022:18:24:58 +0300] "POST /administrator/index.php HTTP/1.0" 200 7438 "http://robukazan.ru/administrator/index.php" "Mozilla/5.0 (Windows NT 10.0; WOW64) AppleWebKit/537.36 (KHTML, like Gecko) Chrome/62.0.3198.0 Safari/537.36 OPR/49.0.2711.0"
84.17.42.8 - - [11/Jun/2022:18:33:45 +0300] "GET /administrator/index.php HTTP/1.0" 200 7144 "http://robukazan.ru/administrator/index.php" "Mozilla/5.0 (Windows NT 10.0; WOW64) AppleWebKit/537.36 (KHTML, like Gecko) Chrome/62.0.3198.0 Safari/537.36 OPR/49.0.2711.0"
84.17.42.8 - - [11/Jun/2022:18:33:45 +0300] "POST /administrator/index.php HTTP/1.0" 200 7438 "http://robukazan.ru/administrator/index.php" "Mozilla/5.0 (Windows NT 10.0; WOW64) AppleWebKit/537.36 (KHTML, like Gecko) Chrome/62.0.3198.0 Safari/537.36 OPR/49.0.2711.0"
84.17.42.8 - - [11/Jun/2022:18:43:17 +0300] "GET /administrator/index.php HTTP/1.0" 200 7144 "http://robukazan.ru/administrator/index.php" "Mozilla/5.0 (Windows NT 10.0; WOW64) AppleWebKit/537.36 (KHTML, like Gecko) Chrome/62.0.3198.0 Safari/537.36 OPR/49.0.2711.0"
84.17.42.8 - - [11/Jun/2022:18:43:17 +0300] "POST /administrator/index.php HTTP/1.0" 200 7438 "http://robukazan.ru/administrator/index.php" "Mozilla/5.0 (Windows NT 10.0; WOW64) AppleWebKit/537.36 (KHTML, like Gecko) Chrome/62.0.3198.0 Safari/537.36 OPR/49.0.2711.0"
84.17.42.8 - - [11/Jun/2022:18:59:20 +0300] "GET /administrator/index.php HTTP/1.0" 200 7144 "http://robukazan.ru/administrator/index.php" "Mozilla/5.0 (Windows NT 10.0; WOW64) AppleWebKit/537.36 (KHTML, like Gecko) Chrome/62.0.3198.0 Safari/537.36 OPR/49.0.2711.0"
84.17.42.8 - - [11/Jun/2022:18:59:21 +0300] "POST /administrator/index.php HTTP/1.0" 200 7438 "http://robukazan.ru/administrator/index.php" "Mozilla/5.0 (Windows NT 10.0; WOW64) AppleWebKit/537.36 (KHTML, like Gecko) Chrome/62.0.3198.0 Safari/537.36 OPR/49.0.2711.0"
84.17.42.8 - - [11/Jun/2022:19:08:08 +0300] "GET /administrator/index.php HTTP/1.0" 200 7144 "http://robukazan.ru/administrator/index.php" "Mozilla/5.0 (Windows NT 10.0; WOW64) AppleWebKit/537.36 (KHTML, like Gecko) Chrome/62.0.3198.0 Safari/537.36 OPR/49.0.2711.0"
84.17.42.8 - - [11/Jun/2022:19:08:08 +0300] "POST /administrator/index.php HTTP/1.0" 200 7438 "http://robukazan.ru/administrator/index.php" "Mozilla/5.0 (Windows NT 10.0; WOW64) AppleWebKit/537.36 (KHTML, like Gecko) Chrome/62.0.3198.0 Safari/537.36 OPR/49.0.2711.0"
37.120.217.166 - - [11/Jun/2022:19:13:51 +0300] "GET /administrator/index.php HTTP/1.0" 200 2928 "-" "Mozilla/5.0 (Windows NT 10.0; WOW64) AppleWebKit/537.36 (KHTML, like Gecko) Chrome/75.0.3770.100 Safari/537.36"
37.120.217.166 - - [11/Jun/2022:19:13:54 +0300] "POST /administrator/index.php HTTP/1.0" 200 3001 "-" "Mozilla/5.0 (Windows NT 10.0; WOW64) AppleWebKit/537.36 (KHTML, like Gecko) Chrome/75.0.3770.100 Safari/537.36"
37.120.217.166 - - [11/Jun/2022:19:13:57 +0300] "GET /administrator/index.php HTTP/1.0" 200 2831 "-" "Mozilla/5.0 (Windows NT 10.0; WOW64) AppleWebKit/537.36 (KHTML, like Gecko) Chrome/75.0.3770.100 Safari/537.36"
84.17.42.8 - - [11/Jun/2022:19:16:54 +0300] "GET /administrator/index.php HTTP/1.0" 200 7144 "http://robukazan.ru/administrator/index.php" "Mozilla/5.0 (Windows NT 10.0; WOW64) AppleWebKit/537.36 (KHTML, like Gecko) Chrome/62.0.3198.0 Safari/537.36 OPR/49.0.2711.0"
84.17.42.8 - - [11/Jun/2022:19:16:54 +0300] "POST /administrator/index.php HTTP/1.0" 200 7438 "http://robukazan.ru/administrator/index.php" "Mozilla/5.0 (Windows NT 10.0; WOW64) AppleWebKit/537.36 (KHTML, like Gecko) Chrome/62.0.3198.0 Safari/537.36 OPR/49.0.2711.0"
51.222.253.10 - - [11/Jun/2022:19:18:53 +0300] "GET /robots.txt HTTP/1.0" 200 696 "-" "Mozilla/5.0 (compatible; AhrefsBot/7.0; +http://ahrefs.com/robot/)"
54.36.148.190 - - [11/Jun/2022:19:18:54 +0300] "GET /dostavka HTTP/1.0" 200 7049 "-" "Mozilla/5.0 (compatible; AhrefsBot/7.0; +http://ahrefs.com/robot/)"
84.17.42.8 - - [11/Jun/2022:19:31:08 +0300] "GET /administrator/index.php HTTP/1.0" 200 7144 "http://robukazan.ru/administrator/index.php" "Mozilla/5.0 (Windows NT 10.0; WOW64) AppleWebKit/537.36 (KHTML, like Gecko) Chrome/62.0.3198.0 Safari/537.36 OPR/49.0.2711.0"
84.17.42.8 - - [11/Jun/2022:19:31:08 +0300] "POST /administrator/index.php HTTP/1.0" 200 7438 "http://robukazan.ru/administrator/index.php" "Mozilla/5.0 (Windows NT 10.0; WOW64) AppleWebKit/537.36 (KHTML, like Gecko) Chrome/62.0.3198.0 Safari/537.36 OPR/49.0.2711.0"
84.17.42.8 - - [11/Jun/2022:19:40:01 +0300] "GET /administrator/index.php HTTP/1.0" 200 7144 "http://robukazan.ru/administrator/index.php" "Mozilla/5.0 (Windows NT 10.0; WOW64) AppleWebKit/537.36 (KHTML, like Gecko) Chrome/62.0.3198.0 Safari/537.36 OPR/49.0.2711.0"
84.17.42.8 - - [11/Jun/2022:19:40:03 +0300] "POST /administrator/index.php HTTP/1.0" 200 7438 "http://robukazan.ru/administrator/index.php" "Mozilla/5.0 (Windows NT 10.0; WOW64) AppleWebKit/537.36 (KHTML, like Gecko) Chrome/62.0.3198.0 Safari/537.36 OPR/49.0.2711.0"
114.119.138.210 - - [11/Jun/2022:19:47:01 +0300] "GET /kontakty HTTP/1.0" 200 6959 "http://www.robukazan.ru/" "Mozilla/5.0 (Linux; Android 7.0;) AppleWebKit/537.36 (KHTML, like Gecko) Mobile Safari/537.36 (compatible; PetalBot;+https://webmaster.petalsearch.com/site/petalbot)"
84.17.42.8 - - [11/Jun/2022:19:50:23 +0300] "GET /administrator/index.php HTTP/1.0" 200 7144 "http://robukazan.ru/administrator/index.php" "Mozilla/5.0 (Windows NT 10.0; WOW64) AppleWebKit/537.36 (KHTML, like Gecko) Chrome/62.0.3198.0 Safari/537.36 OPR/49.0.2711.0"
84.17.42.8 - - [11/Jun/2022:19:50:24 +0300] "POST /administrator/index.php HTTP/1.0" 200 7438 "http://robukazan.ru/administrator/index.php" "Mozilla/5.0 (Windows NT 10.0; WOW64) AppleWebKit/537.36 (KHTML, like Gecko) Chrome/62.0.3198.0 Safari/537.36 OPR/49.0.2711.0"
51.222.253.6 - - [11/Jun/2022:19:56:11 +0300] "GET /robots.txt HTTP/1.0" 200 696 "-" "Mozilla/5.0 (compatible; AhrefsBot/7.0; +http://ahrefs.com/robot/)"
54.36.148.190 - - [11/Jun/2022:19:56:12 +0300] "GET /katalog/apparaty-dlya-stykovoj-svarki/robu-w-1000 HTTP/1.0" 200 8226 "-" "Mozilla/5.0 (compatible; AhrefsBot/7.0; +http://ahrefs.com/robot/)"
84.17.42.8 - - [11/Jun/2022:20:06:16 +0300] "GET /administrator/index.php HTTP/1.0" 200 7144 "http://robukazan.ru/administrator/index.php" "Mozilla/5.0 (Windows NT 10.0; WOW64) AppleWebKit/537.36 (KHTML, like Gecko) Chrome/62.0.3198.0 Safari/537.36 OPR/49.0.2711.0"
84.17.42.8 - - [11/Jun/2022:20:06:16 +0300] "POST /administrator/index.php HTTP/1.0" 200 7438 "http://robukazan.ru/administrator/index.php" "Mozilla/5.0 (Windows NT 10.0; WOW64) AppleWebKit/537.36 (KHTML, like Gecko) Chrome/62.0.3198.0 Safari/537.36 OPR/49.0.2711.0"
84.17.42.8 - - [11/Jun/2022:20:14:57 +0300] "GET /administrator/index.php HTTP/1.0" 200 7144 "http://robukazan.ru/administrator/index.php" "Mozilla/5.0 (Windows NT 10.0; WOW64) AppleWebKit/537.36 (KHTML, like Gecko) Chrome/62.0.3198.0 Safari/537.36 OPR/49.0.2711.0"
84.17.42.8 - - [11/Jun/2022:20:14:58 +0300] "POST /administrator/index.php HTTP/1.0" 200 7438 "http://robukazan.ru/administrator/index.php" "Mozilla/5.0 (Windows NT 10.0; WOW64) AppleWebKit/537.36 (KHTML, like Gecko) Chrome/62.0.3198.0 Safari/537.36 OPR/49.0.2711.0"
51.254.199.11 - - [11/Jun/2022:20:17:38 +0300] "GET / HTTP/1.0" 200 9142 "-" "Mozilla/5.0 (Windows NT 10.0; Win64; x64) AppleWebKit/537.36 (KHTML, like Gecko) Chrome/74.0.3729.157 Safari/537.36"
84.17.42.8 - - [11/Jun/2022:20:23:40 +0300] "GET /administrator/index.php HTTP/1.0" 200 7144 "http://robukazan.ru/administrator/index.php" "Mozilla/5.0 (Windows NT 10.0; WOW64) AppleWebKit/537.36 (KHTML, like Gecko) Chrome/62.0.3198.0 Safari/537.36 OPR/49.0.2711.0"
84.17.42.8 - - [11/Jun/2022:20:23:41 +0300] "POST /administrator/index.php HTTP/1.0" 200 7438 "http://robukazan.ru/administrator/index.php" "Mozilla/5.0 (Windows NT 10.0; WOW64) AppleWebKit/537.36 (KHTML, like Gecko) Chrome/62.0.3198.0 Safari/537.36 OPR/49.0.2711.0"
54.36.148.190 - - [11/Jun/2022:20:32:32 +0300] "GET /katalog/apparaty-dlya-stykovoj-svarki/robu-w-1200 HTTP/1.0" 200 7653 "-" "Mozilla/5.0 (compatible; AhrefsBot/7.0; +http://ahrefs.com/robot/)"
114.119.138.205 - - [11/Jun/2022:20:34:07 +0300] "GET /katalog HTTP/1.0" 200 6155 "http://robukazan.ru/katalog/apparaty-dlya-ehlektromuftovoj-svarki-pnd/nowatech-zeen-4000" "Mozilla/5.0 (Linux; Android 7.0;) AppleWebKit/537.36 (KHTML, like Gecko) Mobile Safari/537.36 (compatible; PetalBot;+https://webmaster.petalsearch.com/site/petalbot)"
84.17.42.8 - - [11/Jun/2022:20:37:45 +0300] "GET /administrator/index.php HTTP/1.0" 200 7144 "http://robukazan.ru/administrator/index.php" "Mozilla/5.0 (Windows NT 10.0; WOW64) AppleWebKit/537.36 (KHTML, like Gecko) Chrome/62.0.3198.0 Safari/537.36 OPR/49.0.2711.0"
84.17.42.8 - - [11/Jun/2022:20:37:46 +0300] "POST /administrator/index.php HTTP/1.0" 200 7438 "http://robukazan.ru/administrator/index.php" "Mozilla/5.0 (Windows NT 10.0; WOW64) AppleWebKit/537.36 (KHTML, like Gecko) Chrome/62.0.3198.0 Safari/537.36 OPR/49.0.2711.0"
84.17.42.8 - - [11/Jun/2022:20:46:29 +0300] "GET /administrator/index.php HTTP/1.0" 200 7144 "http://robukazan.ru/administrator/index.php" "Mozilla/5.0 (Windows NT 10.0; WOW64) AppleWebKit/537.36 (KHTML, like Gecko) Chrome/62.0.3198.0 Safari/537.36 OPR/49.0.2711.0"
84.17.42.8 - - [11/Jun/2022:20:46:30 +0300] "POST /administrator/index.php HTTP/1.0" 200 7438 "http://robukazan.ru/administrator/index.php" "Mozilla/5.0 (Windows NT 10.0; WOW64) AppleWebKit/537.36 (KHTML, like Gecko) Chrome/62.0.3198.0 Safari/537.36 OPR/49.0.2711.0"
