114.119.133.82 - - [09/Jun/2022:16:03:28 +0300] "GET /modules/mod_contactus/js/contactus_common.js HTTP/1.1" 200 5018 "http://www.robukazan.ru/index.php/katalog" "Mozilla/5.0 (Linux; Android 7.0;) AppleWebKit/537.36 (KHTML, like Gecko) Mobile Safari/537.36 (compatible; PetalBot;+https://webmaster.petalsearch.com/site/petalbot)"
114.119.133.82 - - [09/Jun/2022:16:03:28 +0300] "GET /components/com_jshopping/js/validateForm.js HTTP/1.1" 200 8494 "http://www.robukazan.ru/index.php/katalog" "Mozilla/5.0 (Linux; Android 7.0;) AppleWebKit/537.36 (KHTML, like Gecko) Mobile Safari/537.36 (compatible; PetalBot;+https://webmaster.petalsearch.com/site/petalbot)"
114.119.133.82 - - [09/Jun/2022:16:03:28 +0300] "GET /templates/shaper_helix3/js/bootstrap.min.js HTTP/1.1" 200 37045 "http://www.robukazan.ru/index.php/katalog" "Mozilla/5.0 (Linux; Android 7.0;) AppleWebKit/537.36 (KHTML, like Gecko) Mobile Safari/537.36 (compatible; PetalBot;+https://webmaster.petalsearch.com/site/petalbot)"
114.119.133.82 - - [09/Jun/2022:16:03:28 +0300] "GET /media/system/js/mootools-core.js?db402a5e3649fff12ad007864e10350a HTTP/1.1" 200 83893 "http://www.robukazan.ru/index.php/katalog" "Mozilla/5.0 (Linux; Android 7.0;) AppleWebKit/537.36 (KHTML, like Gecko) Mobile Safari/537.36 (compatible; PetalBot;+https://webmaster.petalsearch.com/site/petalbot)"
114.119.133.82 - - [09/Jun/2022:16:03:28 +0300] "GET /modules/mod_contactus/js/contactus_lightbox.js HTTP/1.1" 200 4279 "http://www.robukazan.ru/index.php/katalog" "Mozilla/5.0 (Linux; Android 7.0;) AppleWebKit/537.36 (KHTML, like Gecko) Mobile Safari/537.36 (compatible; PetalBot;+https://webmaster.petalsearch.com/site/petalbot)"
114.119.133.82 - - [09/Jun/2022:16:03:28 +0300] "GET /components/com_jshopping/js/functions.js HTTP/1.1" 200 44385 "http://www.robukazan.ru/index.php/katalog" "Mozilla/5.0 (Linux; Android 7.0;) AppleWebKit/537.36 (KHTML, like Gecko) Mobile Safari/537.36 (compatible; PetalBot;+https://webmaster.petalsearch.com/site/petalbot)"
84.17.42.8 - - [09/Jun/2022:16:05:38 +0300] "GET /administrator/index.php HTTP/1.0" 200 7144 "http://robukazan.ru/administrator/index.php" "Mozilla/5.0 (Windows NT 10.0; WOW64) AppleWebKit/537.36 (KHTML, like Gecko) Chrome/62.0.3198.0 Safari/537.36 OPR/49.0.2711.0"
84.17.42.8 - - [09/Jun/2022:16:05:39 +0300] "POST /administrator/index.php HTTP/1.0" 200 7438 "http://robukazan.ru/administrator/index.php" "Mozilla/5.0 (Windows NT 10.0; WOW64) AppleWebKit/537.36 (KHTML, like Gecko) Chrome/62.0.3198.0 Safari/537.36 OPR/49.0.2711.0"
84.17.42.8 - - [09/Jun/2022:16:19:13 +0300] "GET /administrator/index.php HTTP/1.0" 200 7144 "http://robukazan.ru/administrator/index.php" "Mozilla/5.0 (Windows NT 10.0; WOW64) AppleWebKit/537.36 (KHTML, like Gecko) Chrome/62.0.3198.0 Safari/537.36 OPR/49.0.2711.0"
84.17.42.8 - - [09/Jun/2022:16:19:13 +0300] "POST /administrator/index.php HTTP/1.0" 200 7438 "http://robukazan.ru/administrator/index.php" "Mozilla/5.0 (Windows NT 10.0; WOW64) AppleWebKit/537.36 (KHTML, like Gecko) Chrome/62.0.3198.0 Safari/537.36 OPR/49.0.2711.0"
84.17.42.8 - - [09/Jun/2022:16:27:28 +0300] "GET /administrator/index.php HTTP/1.0" 200 7144 "http://robukazan.ru/administrator/index.php" "Mozilla/5.0 (Windows NT 10.0; WOW64) AppleWebKit/537.36 (KHTML, like Gecko) Chrome/62.0.3198.0 Safari/537.36 OPR/49.0.2711.0"
84.17.42.8 - - [09/Jun/2022:16:27:28 +0300] "POST /administrator/index.php HTTP/1.0" 200 7438 "http://robukazan.ru/administrator/index.php" "Mozilla/5.0 (Windows NT 10.0; WOW64) AppleWebKit/537.36 (KHTML, like Gecko) Chrome/62.0.3198.0 Safari/537.36 OPR/49.0.2711.0"
185.191.171.36 - - [09/Jun/2022:16:27:37 +0300] "GET /robots.txt HTTP/1.0" 200 696 "-" "Mozilla/5.0 (compatible; SemrushBot/7~bl; +http://www.semrush.com/bot.html)"
185.191.171.16 - - [09/Jun/2022:16:27:37 +0300] "GET /katalog/apparaty-dlya-stykovoj-svarki/robu-w-250 HTTP/1.0" 200 9808 "-" "Mozilla/5.0 (compatible; SemrushBot/7~bl; +http://www.semrush.com/bot.html)"
114.119.138.199 - - [09/Jun/2022:16:29:40 +0300] "GET /katalog/apparaty-dlya-stykovoj-svarki/robu-w-1000 HTTP/1.0" 200 8228 "http://www.robukazan.ru/" "Mozilla/5.0 (Linux; Android 7.0;) AppleWebKit/537.36 (KHTML, like Gecko) Mobile Safari/537.36 (compatible; PetalBot;+https://webmaster.petalsearch.com/site/petalbot)"
185.191.171.18 - - [09/Jun/2022:16:35:30 +0300] "GET /katalog/apparaty-dlya-stykovoj-svarki/robu-w-1600 HTTP/1.0" 200 7636 "-" "Mozilla/5.0 (compatible; SemrushBot/7~bl; +http://www.semrush.com/bot.html)"
84.17.42.8 - - [09/Jun/2022:16:35:40 +0300] "GET /administrator/index.php HTTP/1.0" 200 7144 "http://robukazan.ru/administrator/index.php" "Mozilla/5.0 (Windows NT 10.0; WOW64) AppleWebKit/537.36 (KHTML, like Gecko) Chrome/62.0.3198.0 Safari/537.36 OPR/49.0.2711.0"
84.17.42.8 - - [09/Jun/2022:16:35:40 +0300] "POST /administrator/index.php HTTP/1.0" 200 7438 "http://robukazan.ru/administrator/index.php" "Mozilla/5.0 (Windows NT 10.0; WOW64) AppleWebKit/537.36 (KHTML, like Gecko) Chrome/62.0.3198.0 Safari/537.36 OPR/49.0.2711.0"
91.214.243.25 - - [09/Jun/2022:16:47:42 +0300] "GET / HTTP/1.0" 200 9139 "-" "Mozilla/5.0 (Windows NT 10.0; Win64; x64) AppleWebKit/537.36 (KHTML, like Gecko) Chrome/102.0.0.0 Safari/537.36"
91.214.243.25 - - [09/Jun/2022:16:47:43 +0300] "GET /components/com_sppagebuilder/assets/css/font-awesome.min.css HTTP/1.1" 200 31000 "http://robukazan.ru/" "Mozilla/5.0 (Windows NT 10.0; Win64; x64) AppleWebKit/537.36 (KHTML, like Gecko) Chrome/102.0.0.0 Safari/537.36"
91.214.243.25 - - [09/Jun/2022:16:47:43 +0300] "GET /components/com_sppagebuilder/assets/css/animate.min.css HTTP/1.1" 200 72974 "http://robukazan.ru/" "Mozilla/5.0 (Windows NT 10.0; Win64; x64) AppleWebKit/537.36 (KHTML, like Gecko) Chrome/102.0.0.0 Safari/537.36"
91.214.243.25 - - [09/Jun/2022:16:47:43 +0300] "GET /components/com_sppagebuilder/assets/css/sppagebuilder.css HTTP/1.1" 200 103834 "http://robukazan.ru/" "Mozilla/5.0 (Windows NT 10.0; Win64; x64) AppleWebKit/537.36 (KHTML, like Gecko) Chrome/102.0.0.0 Safari/537.36"
91.214.243.25 - - [09/Jun/2022:16:47:43 +0300] "GET /components/com_sppagebuilder/assets/css/sppagecontainer.css HTTP/1.1" 200 549 "http://robukazan.ru/" "Mozilla/5.0 (Windows NT 10.0; Win64; x64) AppleWebKit/537.36 (KHTML, like Gecko) Chrome/102.0.0.0 Safari/537.36"
91.214.243.25 - - [09/Jun/2022:16:47:43 +0300] "GET /modules/mod_jshopping_tophits_products/css/default.css HTTP/1.1" 200 194 "http://robukazan.ru/" "Mozilla/5.0 (Windows NT 10.0; Win64; x64) AppleWebKit/537.36 (KHTML, like Gecko) Chrome/102.0.0.0 Safari/537.36"
91.214.243.25 - - [09/Jun/2022:16:47:43 +0300] "GET /components/com_sppagebuilder/assets/css/magnific-popup.css HTTP/1.1" 200 7797 "http://robukazan.ru/" "Mozilla/5.0 (Windows NT 10.0; Win64; x64) AppleWebKit/537.36 (KHTML, like Gecko) Chrome/102.0.0.0 Safari/537.36"
91.214.243.25 - - [09/Jun/2022:16:47:43 +0300] "GET /components/com_jshopping/css/default.css HTTP/1.1" 200 25223 "http://robukazan.ru/" "Mozilla/5.0 (Windows NT 10.0; Win64; x64) AppleWebKit/537.36 (KHTML, like Gecko) Chrome/102.0.0.0 Safari/537.36"
91.214.243.25 - - [09/Jun/2022:16:47:43 +0300] "GET /modules/mod_contactus/css/contactus_lightbox.css HTTP/1.1" 200 8937 "http://robukazan.ru/" "Mozilla/5.0 (Windows NT 10.0; Win64; x64) AppleWebKit/537.36 (KHTML, like Gecko) Chrome/102.0.0.0 Safari/537.36"
91.214.243.25 - - [09/Jun/2022:16:47:43 +0300] "GET /templates/shaper_helix3/css/bootstrap.min.css HTTP/1.1" 200 121200 "http://robukazan.ru/" "Mozilla/5.0 (Windows NT 10.0; Win64; x64) AppleWebKit/537.36 (KHTML, like Gecko) Chrome/102.0.0.0 Safari/537.36"
91.214.243.25 - - [09/Jun/2022:16:47:43 +0300] "GET /templates/shaper_helix3/css/font-awesome.min.css HTTP/1.1" 200 31000 "http://robukazan.ru/" "Mozilla/5.0 (Windows NT 10.0; Win64; x64) AppleWebKit/537.36 (KHTML, like Gecko) Chrome/102.0.0.0 Safari/537.36"
91.214.243.25 - - [09/Jun/2022:16:47:43 +0300] "GET /templates/shaper_helix3/css/legacy.css HTTP/1.1" 200 27359 "http://robukazan.ru/" "Mozilla/5.0 (Windows NT 10.0; Win64; x64) AppleWebKit/537.36 (KHTML, like Gecko) Chrome/102.0.0.0 Safari/537.36"
91.214.243.25 - - [09/Jun/2022:16:47:43 +0300] "GET /templates/shaper_helix3/css/presets/preset4.css HTTP/1.1" 200 2138 "http://robukazan.ru/" "Mozilla/5.0 (Windows NT 10.0; Win64; x64) AppleWebKit/537.36 (KHTML, like Gecko) Chrome/102.0.0.0 Safari/537.36"
91.214.243.25 - - [09/Jun/2022:16:47:43 +0300] "GET /templates/shaper_helix3/css/template.css HTTP/1.1" 200 75285 "http://robukazan.ru/" "Mozilla/5.0 (Windows NT 10.0; Win64; x64) AppleWebKit/537.36 (KHTML, like Gecko) Chrome/102.0.0.0 Safari/537.36"
91.214.243.25 - - [09/Jun/2022:16:47:43 +0300] "GET /plugins/system/helix3/assets/css/pagebuilder.css HTTP/1.1" 200 546 "http://robukazan.ru/" "Mozilla/5.0 (Windows NT 10.0; Win64; x64) AppleWebKit/537.36 (KHTML, like Gecko) Chrome/102.0.0.0 Safari/537.36"
91.214.243.25 - - [09/Jun/2022:16:47:43 +0300] "GET /templates/shaper_helix3/css/frontend-edit.css HTTP/1.1" 200 2748 "http://robukazan.ru/" "Mozilla/5.0 (Windows NT 10.0; Win64; x64) AppleWebKit/537.36 (KHTML, like Gecko) Chrome/102.0.0.0 Safari/537.36"
91.214.243.25 - - [09/Jun/2022:16:47:43 +0300] "GET /plugins/system/jqueryeasy/jquerynoconflict.js HTTP/1.1" 200 20 "http://robukazan.ru/" "Mozilla/5.0 (Windows NT 10.0; Win64; x64) AppleWebKit/537.36 (KHTML, like Gecko) Chrome/102.0.0.0 Safari/537.36"
91.214.243.25 - - [09/Jun/2022:16:47:43 +0300] "GET /media/system/js/core.js?db402a5e3649fff12ad007864e10350a HTTP/1.1" 200 10637 "http://robukazan.ru/" "Mozilla/5.0 (Windows NT 10.0; Win64; x64) AppleWebKit/537.36 (KHTML, like Gecko) Chrome/102.0.0.0 Safari/537.36"
91.214.243.25 - - [09/Jun/2022:16:47:43 +0300] "GET /components/com_sppagebuilder/assets/js/parallax.min.js HTTP/1.1" 200 6661 "http://robukazan.ru/" "Mozilla/5.0 (Windows NT 10.0; Win64; x64) AppleWebKit/537.36 (KHTML, like Gecko) Chrome/102.0.0.0 Safari/537.36"
91.214.243.25 - - [09/Jun/2022:16:47:43 +0300] "GET /components/com_sppagebuilder/assets/js/sppagebuilder.js HTTP/1.1" 200 64734 "http://robukazan.ru/" "Mozilla/5.0 (Windows NT 10.0; Win64; x64) AppleWebKit/537.36 (KHTML, like Gecko) Chrome/102.0.0.0 Safari/537.36"
91.214.243.25 - - [09/Jun/2022:16:47:43 +0300] "GET /components/com_sppagebuilder/assets/js/jquery.magnific-popup.min.js HTTP/1.1" 200 20216 "http://robukazan.ru/" "Mozilla/5.0 (Windows NT 10.0; Win64; x64) AppleWebKit/537.36 (KHTML, like Gecko) Chrome/102.0.0.0 Safari/537.36"
91.214.243.25 - - [09/Jun/2022:16:47:43 +0300] "GET /modules/mod_contactus/js/contactus_common.js HTTP/1.1" 200 5018 "http://robukazan.ru/" "Mozilla/5.0 (Windows NT 10.0; Win64; x64) AppleWebKit/537.36 (KHTML, like Gecko) Chrome/102.0.0.0 Safari/537.36"
91.214.243.25 - - [09/Jun/2022:16:47:43 +0300] "GET /modules/mod_contactus/js/contactus_lightbox.js HTTP/1.1" 200 4279 "http://robukazan.ru/" "Mozilla/5.0 (Windows NT 10.0; Win64; x64) AppleWebKit/537.36 (KHTML, like Gecko) Chrome/102.0.0.0 Safari/537.36"
91.214.243.25 - - [09/Jun/2022:16:47:43 +0300] "GET /templates/shaper_helix3/js/bootstrap.min.js HTTP/1.1" 200 37045 "http://robukazan.ru/" "Mozilla/5.0 (Windows NT 10.0; Win64; x64) AppleWebKit/537.36 (KHTML, like Gecko) Chrome/102.0.0.0 Safari/537.36"
91.214.243.25 - - [09/Jun/2022:16:47:43 +0300] "GET /templates/shaper_helix3/js/jquery.sticky.js HTTP/1.1" 200 5739 "http://robukazan.ru/" "Mozilla/5.0 (Windows NT 10.0; Win64; x64) AppleWebKit/537.36 (KHTML, like Gecko) Chrome/102.0.0.0 Safari/537.36"
91.214.243.25 - - [09/Jun/2022:16:47:43 +0300] "GET /templates/shaper_helix3/js/main.js HTTP/1.1" 200 8742 "http://robukazan.ru/" "Mozilla/5.0 (Windows NT 10.0; Win64; x64) AppleWebKit/537.36 (KHTML, like Gecko) Chrome/102.0.0.0 Safari/537.36"
91.214.243.25 - - [09/Jun/2022:16:47:43 +0300] "GET /templates/shaper_helix3/js/frontend-edit.js HTTP/1.1" 200 1948 "http://robukazan.ru/" "Mozilla/5.0 (Windows NT 10.0; Win64; x64) AppleWebKit/537.36 (KHTML, like Gecko) Chrome/102.0.0.0 Safari/537.36"
91.214.243.25 - - [09/Jun/2022:16:47:43 +0300] "GET /images/design3_03.jpg HTTP/1.1" 200 4781 "http://robukazan.ru/" "Mozilla/5.0 (Windows NT 10.0; Win64; x64) AppleWebKit/537.36 (KHTML, like Gecko) Chrome/102.0.0.0 Safari/537.36"
91.214.243.25 - - [09/Jun/2022:16:47:43 +0300] "GET /images/2017/11/02/design3_07222.jpg HTTP/1.1" 200 46454 "http://robukazan.ru/" "Mozilla/5.0 (Windows NT 10.0; Win64; x64) AppleWebKit/537.36 (KHTML, like Gecko) Chrome/102.0.0.0 Safari/537.36"
91.214.243.25 - - [09/Jun/2022:16:47:43 +0300] "GET /images/2017/09/11/design3_09.jpg HTTP/1.1" 200 34254 "http://robukazan.ru/" "Mozilla/5.0 (Windows NT 10.0; Win64; x64) AppleWebKit/537.36 (KHTML, like Gecko) Chrome/102.0.0.0 Safari/537.36"
91.214.243.25 - - [09/Jun/2022:16:47:43 +0300] "GET /images/2017/11/02/gen2m.jpg HTTP/1.1" 200 36128 "http://robukazan.ru/" "Mozilla/5.0 (Windows NT 10.0; Win64; x64) AppleWebKit/537.36 (KHTML, like Gecko) Chrome/102.0.0.0 Safari/537.36"
91.214.243.25 - - [09/Jun/2022:16:47:43 +0300] "GET /images/2017/09/11/design3_11.jpg HTTP/1.1" 200 63558 "http://robukazan.ru/" "Mozilla/5.0 (Windows NT 10.0; Win64; x64) AppleWebKit/537.36 (KHTML, like Gecko) Chrome/102.0.0.0 Safari/537.36"
91.214.243.25 - - [09/Jun/2022:16:47:43 +0300] "GET /images/2017/09/11/design3_17.png HTTP/1.1" 200 5986 "http://robukazan.ru/" "Mozilla/5.0 (Windows NT 10.0; Win64; x64) AppleWebKit/537.36 (KHTML, like Gecko) Chrome/102.0.0.0 Safari/537.36"
91.214.243.25 - - [09/Jun/2022:16:47:43 +0300] "GET /images/2017/09/11/design3_19.png HTTP/1.1" 200 9196 "http://robukazan.ru/" "Mozilla/5.0 (Windows NT 10.0; Win64; x64) AppleWebKit/537.36 (KHTML, like Gecko) Chrome/102.0.0.0 Safari/537.36"
91.214.243.25 - - [09/Jun/2022:16:47:43 +0300] "GET /images/2017/09/11/design3_21.png HTTP/1.1" 200 8041 "http://robukazan.ru/" "Mozilla/5.0 (Windows NT 10.0; Win64; x64) AppleWebKit/537.36 (KHTML, like Gecko) Chrome/102.0.0.0 Safari/537.36"
91.214.243.25 - - [09/Jun/2022:16:47:43 +0300] "GET /images/2017/09/11/design3_23.png HTTP/1.1" 200 9131 "http://robukazan.ru/" "Mozilla/5.0 (Windows NT 10.0; Win64; x64) AppleWebKit/537.36 (KHTML, like Gecko) Chrome/102.0.0.0 Safari/537.36"
91.214.243.25 - - [09/Jun/2022:16:47:43 +0300] "GET /components/com_jshopping/files/img_products/thumb_1.jpg HTTP/1.1" 200 7190 "http://robukazan.ru/" "Mozilla/5.0 (Windows NT 10.0; Win64; x64) AppleWebKit/537.36 (KHTML, like Gecko) Chrome/102.0.0.0 Safari/537.36"
91.214.243.25 - - [09/Jun/2022:16:47:43 +0300] "GET /components/com_jshopping/files/img_products/thumb_5.jpg HTTP/1.1" 200 7804 "http://robukazan.ru/" "Mozilla/5.0 (Windows NT 10.0; Win64; x64) AppleWebKit/537.36 (KHTML, like Gecko) Chrome/102.0.0.0 Safari/537.36"
91.214.243.25 - - [09/Jun/2022:16:47:43 +0300] "GET /components/com_jshopping/files/img_products/thumb_15.jpg HTTP/1.1" 200 8827 "http://robukazan.ru/" "Mozilla/5.0 (Windows NT 10.0; Win64; x64) AppleWebKit/537.36 (KHTML, like Gecko) Chrome/102.0.0.0 Safari/537.36"
91.214.243.25 - - [09/Jun/2022:16:47:43 +0300] "GET /components/com_jshopping/files/img_products/thumb_11.jpg HTTP/1.1" 200 7607 "http://robukazan.ru/" "Mozilla/5.0 (Windows NT 10.0; Win64; x64) AppleWebKit/537.36 (KHTML, like Gecko) Chrome/102.0.0.0 Safari/537.36"
91.214.243.25 - - [09/Jun/2022:16:47:43 +0300] "GET /images/2017/09/11/wrench.png HTTP/1.1" 200 2678 "http://robukazan.ru/" "Mozilla/5.0 (Windows NT 10.0; Win64; x64) AppleWebKit/537.36 (KHTML, like Gecko) Chrome/102.0.0.0 Safari/537.36"
91.214.243.25 - - [09/Jun/2022:16:47:43 +0300] "GET /images/2017/09/11/shipped.png HTTP/1.1" 200 2232 "http://robukazan.ru/" "Mozilla/5.0 (Windows NT 10.0; Win64; x64) AppleWebKit/537.36 (KHTML, like Gecko) Chrome/102.0.0.0 Safari/537.36"
91.214.243.25 - - [09/Jun/2022:16:47:43 +0300] "GET /images/2017/09/11/currency.png HTTP/1.1" 200 3000 "http://robukazan.ru/" "Mozilla/5.0 (Windows NT 10.0; Win64; x64) AppleWebKit/537.36 (KHTML, like Gecko) Chrome/102.0.0.0 Safari/537.36"
91.214.243.25 - - [09/Jun/2022:16:47:43 +0300] "GET /images/2017/09/11/certificate.png HTTP/1.1" 200 2561 "http://robukazan.ru/" "Mozilla/5.0 (Windows NT 10.0; Win64; x64) AppleWebKit/537.36 (KHTML, like Gecko) Chrome/102.0.0.0 Safari/537.36"
91.214.243.25 - - [09/Jun/2022:16:47:43 +0300] "GET /images/design3_34.png HTTP/1.1" 200 4379 "http://robukazan.ru/" "Mozilla/5.0 (Windows NT 10.0; Win64; x64) AppleWebKit/537.36 (KHTML, like Gecko) Chrome/102.0.0.0 Safari/537.36"
91.214.243.25 - - [09/Jun/2022:16:47:43 +0300] "GET /images/menu-fon.jpg HTTP/1.1" 200 1189 "http://robukazan.ru/" "Mozilla/5.0 (Windows NT 10.0; Win64; x64) AppleWebKit/537.36 (KHTML, like Gecko) Chrome/102.0.0.0 Safari/537.36"
91.214.243.25 - - [09/Jun/2022:16:47:43 +0300] "GET /images/wallperz.com-20170320230023.jpg HTTP/1.1" 200 164669 "http://robukazan.ru/" "Mozilla/5.0 (Windows NT 10.0; Win64; x64) AppleWebKit/537.36 (KHTML, like Gecko) Chrome/102.0.0.0 Safari/537.36"
91.214.243.25 - - [09/Jun/2022:16:47:43 +0300] "GET /images/2017/09/11/dark-fon.jpg HTTP/1.1" 200 1370 "http://robukazan.ru/" "Mozilla/5.0 (Windows NT 10.0; Win64; x64) AppleWebKit/537.36 (KHTML, like Gecko) Chrome/102.0.0.0 Safari/537.36"
91.214.243.25 - - [09/Jun/2022:16:47:43 +0300] "GET /templates/shaper_helix3/fonts/fontawesome-webfont.woff2?v=4.7.0 HTTP/1.0" 200 77387 "http://robukazan.ru/templates/shaper_helix3/css/font-awesome.min.css" "Mozilla/5.0 (Windows NT 10.0; Win64; x64) AppleWebKit/537.36 (KHTML, like Gecko) Chrome/102.0.0.0 Safari/537.36"
84.17.42.8 - - [09/Jun/2022:16:48:53 +0300] "GET /administrator/index.php HTTP/1.0" 200 7144 "http://robukazan.ru/administrator/index.php" "Mozilla/5.0 (Windows NT 10.0; WOW64) AppleWebKit/537.36 (KHTML, like Gecko) Chrome/62.0.3198.0 Safari/537.36 OPR/49.0.2711.0"
84.17.42.8 - - [09/Jun/2022:16:48:53 +0300] "POST /administrator/index.php HTTP/1.0" 200 7438 "http://robukazan.ru/administrator/index.php" "Mozilla/5.0 (Windows NT 10.0; WOW64) AppleWebKit/537.36 (KHTML, like Gecko) Chrome/62.0.3198.0 Safari/537.36 OPR/49.0.2711.0"
188.214.122.86 - - [09/Jun/2022:16:51:37 +0300] "GET /administrator/index.php HTTP/1.0" 200 2928 "-" "Mozilla/5.0 (Windows NT 10.0; WOW64) AppleWebKit/537.36 (KHTML, like Gecko) Chrome/75.0.3770.100 Safari/537.36"
188.214.122.86 - - [09/Jun/2022:16:51:40 +0300] "POST /administrator/index.php HTTP/1.0" 200 3000 "-" "Mozilla/5.0 (Windows NT 10.0; WOW64) AppleWebKit/537.36 (KHTML, like Gecko) Chrome/75.0.3770.100 Safari/537.36"
188.214.122.86 - - [09/Jun/2022:16:51:43 +0300] "GET /administrator/index.php HTTP/1.0" 200 2831 "-" "Mozilla/5.0 (Windows NT 10.0; WOW64) AppleWebKit/537.36 (KHTML, like Gecko) Chrome/75.0.3770.100 Safari/537.36"
84.17.42.8 - - [09/Jun/2022:16:57:07 +0300] "GET /administrator/index.php HTTP/1.0" 200 7144 "http://robukazan.ru/administrator/index.php" "Mozilla/5.0 (Windows NT 10.0; WOW64) AppleWebKit/537.36 (KHTML, like Gecko) Chrome/62.0.3198.0 Safari/537.36 OPR/49.0.2711.0"
84.17.42.8 - - [09/Jun/2022:16:57:08 +0300] "POST /administrator/index.php HTTP/1.0" 200 7438 "http://robukazan.ru/administrator/index.php" "Mozilla/5.0 (Windows NT 10.0; WOW64) AppleWebKit/537.36 (KHTML, like Gecko) Chrome/62.0.3198.0 Safari/537.36 OPR/49.0.2711.0"
84.17.42.8 - - [09/Jun/2022:17:05:13 +0300] "GET /administrator/index.php HTTP/1.0" 200 7144 "http://robukazan.ru/administrator/index.php" "Mozilla/5.0 (Windows NT 10.0; WOW64) AppleWebKit/537.36 (KHTML, like Gecko) Chrome/62.0.3198.0 Safari/537.36 OPR/49.0.2711.0"
84.17.42.8 - - [09/Jun/2022:17:05:13 +0300] "POST /administrator/index.php HTTP/1.0" 200 7438 "http://robukazan.ru/administrator/index.php" "Mozilla/5.0 (Windows NT 10.0; WOW64) AppleWebKit/537.36 (KHTML, like Gecko) Chrome/62.0.3198.0 Safari/537.36 OPR/49.0.2711.0"
84.17.42.8 - - [09/Jun/2022:17:18:21 +0300] "GET /administrator/index.php HTTP/1.0" 200 7144 "http://robukazan.ru/administrator/index.php" "Mozilla/5.0 (Windows NT 10.0; WOW64) AppleWebKit/537.36 (KHTML, like Gecko) Chrome/62.0.3198.0 Safari/537.36 OPR/49.0.2711.0"
84.17.42.8 - - [09/Jun/2022:17:18:21 +0300] "POST /administrator/index.php HTTP/1.0" 200 7438 "http://robukazan.ru/administrator/index.php" "Mozilla/5.0 (Windows NT 10.0; WOW64) AppleWebKit/537.36 (KHTML, like Gecko) Chrome/62.0.3198.0 Safari/537.36 OPR/49.0.2711.0"
84.17.42.8 - - [09/Jun/2022:17:26:17 +0300] "GET /administrator/index.php HTTP/1.0" 200 7144 "http://robukazan.ru/administrator/index.php" "Mozilla/5.0 (Windows NT 10.0; WOW64) AppleWebKit/537.36 (KHTML, like Gecko) Chrome/62.0.3198.0 Safari/537.36 OPR/49.0.2711.0"
84.17.42.8 - - [09/Jun/2022:17:26:18 +0300] "POST /administrator/index.php HTTP/1.0" 200 7438 "http://robukazan.ru/administrator/index.php" "Mozilla/5.0 (Windows NT 10.0; WOW64) AppleWebKit/537.36 (KHTML, like Gecko) Chrome/62.0.3198.0 Safari/537.36 OPR/49.0.2711.0"
84.17.42.8 - - [09/Jun/2022:17:34:18 +0300] "GET /administrator/index.php HTTP/1.0" 200 7144 "http://robukazan.ru/administrator/index.php" "Mozilla/5.0 (Windows NT 10.0; WOW64) AppleWebKit/537.36 (KHTML, like Gecko) Chrome/62.0.3198.0 Safari/537.36 OPR/49.0.2711.0"
84.17.42.8 - - [09/Jun/2022:17:34:18 +0300] "POST /administrator/index.php HTTP/1.0" 200 7438 "http://robukazan.ru/administrator/index.php" "Mozilla/5.0 (Windows NT 10.0; WOW64) AppleWebKit/537.36 (KHTML, like Gecko) Chrome/62.0.3198.0 Safari/537.36 OPR/49.0.2711.0"
84.17.42.8 - - [09/Jun/2022:17:46:42 +0300] "GET /administrator/index.php HTTP/1.0" 200 7144 "http://robukazan.ru/administrator/index.php" "Mozilla/5.0 (Windows NT 10.0; WOW64) AppleWebKit/537.36 (KHTML, like Gecko) Chrome/62.0.3198.0 Safari/537.36 OPR/49.0.2711.0"
84.17.42.8 - - [09/Jun/2022:17:46:42 +0300] "POST /administrator/index.php HTTP/1.0" 200 7438 "http://robukazan.ru/administrator/index.php" "Mozilla/5.0 (Windows NT 10.0; WOW64) AppleWebKit/537.36 (KHTML, like Gecko) Chrome/62.0.3198.0 Safari/537.36 OPR/49.0.2711.0"
84.17.42.8 - - [09/Jun/2022:17:55:25 +0300] "GET /administrator/index.php HTTP/1.0" 200 7144 "http://robukazan.ru/administrator/index.php" "Mozilla/5.0 (Windows NT 10.0; WOW64) AppleWebKit/537.36 (KHTML, like Gecko) Chrome/62.0.3198.0 Safari/537.36 OPR/49.0.2711.0"
84.17.42.8 - - [09/Jun/2022:17:55:25 +0300] "POST /administrator/index.php HTTP/1.0" 200 7438 "http://robukazan.ru/administrator/index.php" "Mozilla/5.0 (Windows NT 10.0; WOW64) AppleWebKit/537.36 (KHTML, like Gecko) Chrome/62.0.3198.0 Safari/537.36 OPR/49.0.2711.0"
54.36.148.190 - - [09/Jun/2022:18:01:46 +0300] "GET /kontakty HTTP/1.0" 200 6955 "-" "Mozilla/5.0 (compatible; AhrefsBot/7.0; +http://ahrefs.com/robot/)"
84.17.42.8 - - [09/Jun/2022:18:03:13 +0300] "GET /administrator/index.php HTTP/1.0" 200 7144 "http://robukazan.ru/administrator/index.php" "Mozilla/5.0 (Windows NT 10.0; WOW64) AppleWebKit/537.36 (KHTML, like Gecko) Chrome/62.0.3198.0 Safari/537.36 OPR/49.0.2711.0"
84.17.42.8 - - [09/Jun/2022:18:03:13 +0300] "POST /administrator/index.php HTTP/1.0" 200 7438 "http://robukazan.ru/administrator/index.php" "Mozilla/5.0 (Windows NT 10.0; WOW64) AppleWebKit/537.36 (KHTML, like Gecko) Chrome/62.0.3198.0 Safari/537.36 OPR/49.0.2711.0"
84.17.42.8 - - [09/Jun/2022:18:16:07 +0300] "GET /administrator/index.php HTTP/1.0" 200 7144 "http://robukazan.ru/administrator/index.php" "Mozilla/5.0 (Windows NT 10.0; WOW64) AppleWebKit/537.36 (KHTML, like Gecko) Chrome/62.0.3198.0 Safari/537.36 OPR/49.0.2711.0"
84.17.42.8 - - [09/Jun/2022:18:16:07 +0300] "POST /administrator/index.php HTTP/1.0" 200 7438 "http://robukazan.ru/administrator/index.php" "Mozilla/5.0 (Windows NT 10.0; WOW64) AppleWebKit/537.36 (KHTML, like Gecko) Chrome/62.0.3198.0 Safari/537.36 OPR/49.0.2711.0"
114.119.138.205 - - [09/Jun/2022:18:23:42 +0300] "GET /katalog/apparaty-dlya-ehlektromuftovoj-svarki-pnd/nowatech-zern-800plus HTTP/1.0" 200 7508 "http://robukazan.ru/katalog/apparaty-dlya-ehlektromuftovoj-svarki-pnd" "Mozilla/5.0 (Linux; Android 7.0;) AppleWebKit/537.36 (KHTML, like Gecko) Mobile Safari/537.36 (compatible; PetalBot;+https://webmaster.petalsearch.com/site/petalbot)"
84.17.42.8 - - [09/Jun/2022:18:24:09 +0300] "GET /administrator/index.php HTTP/1.0" 200 7144 "http://robukazan.ru/administrator/index.php" "Mozilla/5.0 (Windows NT 10.0; WOW64) AppleWebKit/537.36 (KHTML, like Gecko) Chrome/62.0.3198.0 Safari/537.36 OPR/49.0.2711.0"
84.17.42.8 - - [09/Jun/2022:18:24:09 +0300] "POST /administrator/index.php HTTP/1.0" 200 7438 "http://robukazan.ru/administrator/index.php" "Mozilla/5.0 (Windows NT 10.0; WOW64) AppleWebKit/537.36 (KHTML, like Gecko) Chrome/62.0.3198.0 Safari/537.36 OPR/49.0.2711.0"
84.17.42.8 - - [09/Jun/2022:18:31:50 +0300] "GET /administrator/index.php HTTP/1.0" 200 7144 "http://robukazan.ru/administrator/index.php" "Mozilla/5.0 (Windows NT 10.0; WOW64) AppleWebKit/537.36 (KHTML, like Gecko) Chrome/62.0.3198.0 Safari/537.36 OPR/49.0.2711.0"
84.17.42.8 - - [09/Jun/2022:18:31:50 +0300] "POST /administrator/index.php HTTP/1.0" 200 7438 "http://robukazan.ru/administrator/index.php" "Mozilla/5.0 (Windows NT 10.0; WOW64) AppleWebKit/537.36 (KHTML, like Gecko) Chrome/62.0.3198.0 Safari/537.36 OPR/49.0.2711.0"
114.119.131.235 - - [09/Jun/2022:18:36:54 +0300] "GET /katalog/apparaty-dlya-stykovoj-svarki/robu-w-1600 HTTP/1.0" 200 7638 "http://robukazan.ru/" "Mozilla/5.0 (Linux; Android 7.0;) AppleWebKit/537.36 (KHTML, like Gecko) Mobile Safari/537.36 (compatible; PetalBot;+https://webmaster.petalsearch.com/site/petalbot)"
84.17.42.8 - - [09/Jun/2022:18:44:34 +0300] "GET /administrator/index.php HTTP/1.0" 200 7144 "http://robukazan.ru/administrator/index.php" "Mozilla/5.0 (Windows NT 10.0; WOW64) AppleWebKit/537.36 (KHTML, like Gecko) Chrome/62.0.3198.0 Safari/537.36 OPR/49.0.2711.0"
84.17.42.8 - - [09/Jun/2022:18:44:35 +0300] "POST /administrator/index.php HTTP/1.0" 200 7438 "http://robukazan.ru/administrator/index.php" "Mozilla/5.0 (Windows NT 10.0; WOW64) AppleWebKit/537.36 (KHTML, like Gecko) Chrome/62.0.3198.0 Safari/537.36 OPR/49.0.2711.0"
84.17.42.8 - - [09/Jun/2022:18:52:34 +0300] "GET /administrator/index.php HTTP/1.0" 200 7144 "http://robukazan.ru/administrator/index.php" "Mozilla/5.0 (Windows NT 10.0; WOW64) AppleWebKit/537.36 (KHTML, like Gecko) Chrome/62.0.3198.0 Safari/537.36 OPR/49.0.2711.0"
84.17.42.8 - - [09/Jun/2022:18:52:34 +0300] "POST /administrator/index.php HTTP/1.0" 200 7438 "http://robukazan.ru/administrator/index.php" "Mozilla/5.0 (Windows NT 10.0; WOW64) AppleWebKit/537.36 (KHTML, like Gecko) Chrome/62.0.3198.0 Safari/537.36 OPR/49.0.2711.0"
188.241.177.230 - - [09/Jun/2022:18:55:01 +0300] "GET /administrator/index.php HTTP/1.0" 200 2926 "-" "Mozilla/5.0 (Windows NT 10.0; WOW64) AppleWebKit/537.36 (KHTML, like Gecko) Chrome/75.0.3770.100 Safari/537.36"
188.241.177.230 - - [09/Jun/2022:18:55:04 +0300] "POST /administrator/index.php HTTP/1.0" 200 2999 "-" "Mozilla/5.0 (Windows NT 10.0; WOW64) AppleWebKit/537.36 (KHTML, like Gecko) Chrome/75.0.3770.100 Safari/537.36"
188.241.177.230 - - [09/Jun/2022:18:55:07 +0300] "GET /administrator/index.php HTTP/1.0" 200 2829 "-" "Mozilla/5.0 (Windows NT 10.0; WOW64) AppleWebKit/537.36 (KHTML, like Gecko) Chrome/75.0.3770.100 Safari/537.36"
114.119.138.210 - - [09/Jun/2022:18:59:04 +0300] "GET /katalog/apparaty-dlya-stykovoj-svarki/robu-w-250 HTTP/1.0" 200 9814 "http://www.robukazan.ru/" "Mozilla/5.0 (Linux; Android 7.0;) AppleWebKit/537.36 (KHTML, like Gecko) Mobile Safari/537.36 (compatible; PetalBot;+https://webmaster.petalsearch.com/site/petalbot)"
84.17.42.8 - - [09/Jun/2022:19:00:26 +0300] "GET /administrator/index.php HTTP/1.0" 200 7144 "http://robukazan.ru/administrator/index.php" "Mozilla/5.0 (Windows NT 10.0; WOW64) AppleWebKit/537.36 (KHTML, like Gecko) Chrome/62.0.3198.0 Safari/537.36 OPR/49.0.2711.0"
84.17.42.8 - - [09/Jun/2022:19:00:26 +0300] "POST /administrator/index.php HTTP/1.0" 200 7438 "http://robukazan.ru/administrator/index.php" "Mozilla/5.0 (Windows NT 10.0; WOW64) AppleWebKit/537.36 (KHTML, like Gecko) Chrome/62.0.3198.0 Safari/537.36 OPR/49.0.2711.0"
84.17.42.8 - - [09/Jun/2022:19:13:19 +0300] "GET /administrator/index.php HTTP/1.0" 200 7144 "http://robukazan.ru/administrator/index.php" "Mozilla/5.0 (Windows NT 10.0; WOW64) AppleWebKit/537.36 (KHTML, like Gecko) Chrome/62.0.3198.0 Safari/537.36 OPR/49.0.2711.0"
84.17.42.8 - - [09/Jun/2022:19:13:20 +0300] "POST /administrator/index.php HTTP/1.0" 200 7438 "http://robukazan.ru/administrator/index.php" "Mozilla/5.0 (Windows NT 10.0; WOW64) AppleWebKit/537.36 (KHTML, like Gecko) Chrome/62.0.3198.0 Safari/537.36 OPR/49.0.2711.0"
13.40.142.28 - - [09/Jun/2022:19:19:36 +0300] "HEAD / HTTP/1.0" 200 427 "-" "Mozilla/5.0 (Windows NT 10.0; Win64; x64) AppleWebKit/537.36 (KHTML, like Gecko) Chrome/91.0.4472.164 Safari/537.36"
84.17.42.8 - - [09/Jun/2022:19:21:08 +0300] "GET /administrator/index.php HTTP/1.0" 200 7144 "http://robukazan.ru/administrator/index.php" "Mozilla/5.0 (Windows NT 10.0; WOW64) AppleWebKit/537.36 (KHTML, like Gecko) Chrome/62.0.3198.0 Safari/537.36 OPR/49.0.2711.0"
84.17.42.8 - - [09/Jun/2022:19:21:08 +0300] "POST /administrator/index.php HTTP/1.0" 200 7438 "http://robukazan.ru/administrator/index.php" "Mozilla/5.0 (Windows NT 10.0; WOW64) AppleWebKit/537.36 (KHTML, like Gecko) Chrome/62.0.3198.0 Safari/537.36 OPR/49.0.2711.0"
54.36.148.190 - - [09/Jun/2022:19:23:38 +0300] "GET /index.php/kontakty HTTP/1.0" 200 6958 "-" "Mozilla/5.0 (compatible; AhrefsBot/7.0; +http://ahrefs.com/robot/)"
84.17.42.8 - - [09/Jun/2022:19:29:07 +0300] "GET /administrator/index.php HTTP/1.0" 200 7144 "http://robukazan.ru/administrator/index.php" "Mozilla/5.0 (Windows NT 10.0; WOW64) AppleWebKit/537.36 (KHTML, like Gecko) Chrome/62.0.3198.0 Safari/537.36 OPR/49.0.2711.0"
84.17.42.8 - - [09/Jun/2022:19:29:07 +0300] "POST /administrator/index.php HTTP/1.0" 200 7438 "http://robukazan.ru/administrator/index.php" "Mozilla/5.0 (Windows NT 10.0; WOW64) AppleWebKit/537.36 (KHTML, like Gecko) Chrome/62.0.3198.0 Safari/537.36 OPR/49.0.2711.0"
84.17.42.8 - - [09/Jun/2022:19:41:46 +0300] "GET /administrator/index.php HTTP/1.0" 200 7144 "http://robukazan.ru/administrator/index.php" "Mozilla/5.0 (Windows NT 10.0; WOW64) AppleWebKit/537.36 (KHTML, like Gecko) Chrome/62.0.3198.0 Safari/537.36 OPR/49.0.2711.0"
84.17.42.8 - - [09/Jun/2022:19:41:46 +0300] "POST /administrator/index.php HTTP/1.0" 200 7438 "http://robukazan.ru/administrator/index.php" "Mozilla/5.0 (Windows NT 10.0; WOW64) AppleWebKit/537.36 (KHTML, like Gecko) Chrome/62.0.3198.0 Safari/537.36 OPR/49.0.2711.0"
84.17.42.8 - - [09/Jun/2022:19:49:18 +0300] "GET /administrator/index.php HTTP/1.0" 200 7144 "http://robukazan.ru/administrator/index.php" "Mozilla/5.0 (Windows NT 10.0; WOW64) AppleWebKit/537.36 (KHTML, like Gecko) Chrome/62.0.3198.0 Safari/537.36 OPR/49.0.2711.0"
84.17.42.8 - - [09/Jun/2022:19:49:18 +0300] "POST /administrator/index.php HTTP/1.0" 200 7438 "http://robukazan.ru/administrator/index.php" "Mozilla/5.0 (Windows NT 10.0; WOW64) AppleWebKit/537.36 (KHTML, like Gecko) Chrome/62.0.3198.0 Safari/537.36 OPR/49.0.2711.0"
84.17.42.8 - - [09/Jun/2022:19:57:14 +0300] "GET /administrator/index.php HTTP/1.0" 200 7144 "http://robukazan.ru/administrator/index.php" "Mozilla/5.0 (Windows NT 10.0; WOW64) AppleWebKit/537.36 (KHTML, like Gecko) Chrome/62.0.3198.0 Safari/537.36 OPR/49.0.2711.0"
84.17.42.8 - - [09/Jun/2022:19:57:14 +0300] "POST /administrator/index.php HTTP/1.0" 200 7438 "http://robukazan.ru/administrator/index.php" "Mozilla/5.0 (Windows NT 10.0; WOW64) AppleWebKit/537.36 (KHTML, like Gecko) Chrome/62.0.3198.0 Safari/537.36 OPR/49.0.2711.0"
84.17.42.8 - - [09/Jun/2022:20:09:59 +0300] "GET /administrator/index.php HTTP/1.0" 200 7144 "http://robukazan.ru/administrator/index.php" "Mozilla/5.0 (Windows NT 10.0; WOW64) AppleWebKit/537.36 (KHTML, like Gecko) Chrome/62.0.3198.0 Safari/537.36 OPR/49.0.2711.0"
84.17.42.8 - - [09/Jun/2022:20:09:59 +0300] "POST /administrator/index.php HTTP/1.0" 200 7438 "http://robukazan.ru/administrator/index.php" "Mozilla/5.0 (Windows NT 10.0; WOW64) AppleWebKit/537.36 (KHTML, like Gecko) Chrome/62.0.3198.0 Safari/537.36 OPR/49.0.2711.0"
185.191.171.22 - - [09/Jun/2022:20:16:46 +0300] "GET /robots.txt HTTP/1.0" 200 696 "-" "Mozilla/5.0 (compatible; SemrushBot/7~bl; +http://www.semrush.com/bot.html)"
185.191.171.20 - - [09/Jun/2022:20:16:46 +0300] "GET /katalog/apparaty-dlya-stykovoj-svarki/robu-w-160 HTTP/1.0" 200 8881 "-" "Mozilla/5.0 (compatible; SemrushBot/7~bl; +http://www.semrush.com/bot.html)"
84.17.42.8 - - [09/Jun/2022:20:17:49 +0300] "GET /administrator/index.php HTTP/1.0" 200 7144 "http://robukazan.ru/administrator/index.php" "Mozilla/5.0 (Windows NT 10.0; WOW64) AppleWebKit/537.36 (KHTML, like Gecko) Chrome/62.0.3198.0 Safari/537.36 OPR/49.0.2711.0"
84.17.42.8 - - [09/Jun/2022:20:17:49 +0300] "POST /administrator/index.php HTTP/1.0" 200 7438 "http://robukazan.ru/administrator/index.php" "Mozilla/5.0 (Windows NT 10.0; WOW64) AppleWebKit/537.36 (KHTML, like Gecko) Chrome/62.0.3198.0 Safari/537.36 OPR/49.0.2711.0"
84.17.42.8 - - [09/Jun/2022:20:25:28 +0300] "GET /administrator/index.php HTTP/1.0" 200 7144 "http://robukazan.ru/administrator/index.php" "Mozilla/5.0 (Windows NT 10.0; WOW64) AppleWebKit/537.36 (KHTML, like Gecko) Chrome/62.0.3198.0 Safari/537.36 OPR/49.0.2711.0"
84.17.42.8 - - [09/Jun/2022:20:25:29 +0300] "POST /administrator/index.php HTTP/1.0" 200 7438 "http://robukazan.ru/administrator/index.php" "Mozilla/5.0 (Windows NT 10.0; WOW64) AppleWebKit/537.36 (KHTML, like Gecko) Chrome/62.0.3198.0 Safari/537.36 OPR/49.0.2711.0"
185.191.171.24 - - [09/Jun/2022:20:28:37 +0300] "GET /katalog/zapchasti-i-dopolnitel-noe-oborudovanie HTTP/1.0" 200 7111 "-" "Mozilla/5.0 (compatible; SemrushBot/7~bl; +http://www.semrush.com/bot.html)"
20.213.135.202 - - [09/Jun/2022:20:31:41 +0300] "GET / HTTP/1.0" 200 47304 "-" "Mozilla/5.0 (Windows NT 10.0; Win64; x64) AppleWebKit/537.36 (KHTML, like Gecko) Chrome/88.0.4240.193 Safari/537.36"
20.213.135.202 - - [09/Jun/2022:20:31:42 +0300] "GET / HTTP/1.0" 200 47207 "-" "Mozilla/5.0 (Windows NT 10.0; Win64; x64) AppleWebKit/537.36 (KHTML, like Gecko) Chrome/88.0.4240.193 Safari/537.36"
20.213.135.202 - - [09/Jun/2022:20:31:43 +0300] "GET /wp-includes/wlwmanifest.xml HTTP/1.0" 404 1790 "-" "Mozilla/5.0 (Windows NT 10.0; Win64; x64) AppleWebKit/537.36 (KHTML, like Gecko) Chrome/88.0.4240.193 Safari/537.36"
20.213.135.202 - - [09/Jun/2022:20:31:44 +0300] "GET /xmlrpc.php?rsd HTTP/1.0" 404 1773 "-" "Mozilla/5.0 (Windows NT 10.0; Win64; x64) AppleWebKit/537.36 (KHTML, like Gecko) Chrome/88.0.4240.193 Safari/537.36"
20.213.135.202 - - [09/Jun/2022:20:31:45 +0300] "GET / HTTP/1.0" 200 47207 "-" "Mozilla/5.0 (Windows NT 10.0; Win64; x64) AppleWebKit/537.36 (KHTML, like Gecko) Chrome/88.0.4240.193 Safari/537.36"
20.213.135.202 - - [09/Jun/2022:20:31:46 +0300] "GET /blog/wp-includes/wlwmanifest.xml HTTP/1.0" 404 1795 "-" "Mozilla/5.0 (Windows NT 10.0; Win64; x64) AppleWebKit/537.36 (KHTML, like Gecko) Chrome/88.0.4240.193 Safari/537.36"
20.213.135.202 - - [09/Jun/2022:20:31:46 +0300] "GET /web/wp-includes/wlwmanifest.xml HTTP/1.0" 404 1794 "-" "Mozilla/5.0 (Windows NT 10.0; Win64; x64) AppleWebKit/537.36 (KHTML, like Gecko) Chrome/88.0.4240.193 Safari/537.36"
20.213.135.202 - - [09/Jun/2022:20:31:47 +0300] "GET /wordpress/wp-includes/wlwmanifest.xml HTTP/1.0" 404 1800 "-" "Mozilla/5.0 (Windows NT 10.0; Win64; x64) AppleWebKit/537.36 (KHTML, like Gecko) Chrome/88.0.4240.193 Safari/537.36"
20.213.135.202 - - [09/Jun/2022:20:31:48 +0300] "GET /website/wp-includes/wlwmanifest.xml HTTP/1.0" 404 1798 "-" "Mozilla/5.0 (Windows NT 10.0; Win64; x64) AppleWebKit/537.36 (KHTML, like Gecko) Chrome/88.0.4240.193 Safari/537.36"
20.213.135.202 - - [09/Jun/2022:20:31:48 +0300] "GET /wp/wp-includes/wlwmanifest.xml HTTP/1.0" 404 1793 "-" "Mozilla/5.0 (Windows NT 10.0; Win64; x64) AppleWebKit/537.36 (KHTML, like Gecko) Chrome/88.0.4240.193 Safari/537.36"
20.213.135.202 - - [09/Jun/2022:20:31:49 +0300] "GET /news/wp-includes/wlwmanifest.xml HTTP/1.0" 404 1795 "-" "Mozilla/5.0 (Windows NT 10.0; Win64; x64) AppleWebKit/537.36 (KHTML, like Gecko) Chrome/88.0.4240.193 Safari/537.36"
20.213.135.202 - - [09/Jun/2022:20:31:50 +0300] "GET /2020/wp-includes/wlwmanifest.xml HTTP/1.0" 404 1795 "-" "Mozilla/5.0 (Windows NT 10.0; Win64; x64) AppleWebKit/537.36 (KHTML, like Gecko) Chrome/88.0.4240.193 Safari/537.36"
20.213.135.202 - - [09/Jun/2022:20:31:51 +0300] "GET /2019/wp-includes/wlwmanifest.xml HTTP/1.0" 404 1795 "-" "Mozilla/5.0 (Windows NT 10.0; Win64; x64) AppleWebKit/537.36 (KHTML, like Gecko) Chrome/88.0.4240.193 Safari/537.36"
20.213.135.202 - - [09/Jun/2022:20:31:51 +0300] "GET /shop/wp-includes/wlwmanifest.xml HTTP/1.0" 404 1795 "-" "Mozilla/5.0 (Windows NT 10.0; Win64; x64) AppleWebKit/537.36 (KHTML, like Gecko) Chrome/88.0.4240.193 Safari/537.36"
20.213.135.202 - - [09/Jun/2022:20:31:52 +0300] "GET /wp1/wp-includes/wlwmanifest.xml HTTP/1.0" 404 1794 "-" "Mozilla/5.0 (Windows NT 10.0; Win64; x64) AppleWebKit/537.36 (KHTML, like Gecko) Chrome/88.0.4240.193 Safari/537.36"
20.213.135.202 - - [09/Jun/2022:20:31:53 +0300] "GET /test/wp-includes/wlwmanifest.xml HTTP/1.0" 404 1795 "-" "Mozilla/5.0 (Windows NT 10.0; Win64; x64) AppleWebKit/537.36 (KHTML, like Gecko) Chrome/88.0.4240.193 Safari/537.36"
20.213.135.202 - - [09/Jun/2022:20:31:53 +0300] "GET /wp2/wp-includes/wlwmanifest.xml HTTP/1.0" 404 1794 "-" "Mozilla/5.0 (Windows NT 10.0; Win64; x64) AppleWebKit/537.36 (KHTML, like Gecko) Chrome/88.0.4240.193 Safari/537.36"
20.213.135.202 - - [09/Jun/2022:20:31:54 +0300] "GET /site/wp-includes/wlwmanifest.xml HTTP/1.0" 404 1795 "-" "Mozilla/5.0 (Windows NT 10.0; Win64; x64) AppleWebKit/537.36 (KHTML, like Gecko) Chrome/88.0.4240.193 Safari/537.36"
20.213.135.202 - - [09/Jun/2022:20:31:55 +0300] "GET /cms/wp-includes/wlwmanifest.xml HTTP/1.0" 404 1794 "-" "Mozilla/5.0 (Windows NT 10.0; Win64; x64) AppleWebKit/537.36 (KHTML, like Gecko) Chrome/88.0.4240.193 Safari/537.36"
20.213.135.202 - - [09/Jun/2022:20:31:55 +0300] "GET /sito/wp-includes/wlwmanifest.xml HTTP/1.0" 404 1795 "-" "Mozilla/5.0 (Windows NT 10.0; Win64; x64) AppleWebKit/537.36 (KHTML, like Gecko) Chrome/88.0.4240.193 Safari/537.36"
84.17.42.8 - - [09/Jun/2022:20:38:15 +0300] "GET /administrator/index.php HTTP/1.0" 200 7144 "http://robukazan.ru/administrator/index.php" "Mozilla/5.0 (Windows NT 10.0; WOW64) AppleWebKit/537.36 (KHTML, like Gecko) Chrome/62.0.3198.0 Safari/537.36 OPR/49.0.2711.0"
84.17.42.8 - - [09/Jun/2022:20:38:16 +0300] "POST /administrator/index.php HTTP/1.0" 200 7438 "http://robukazan.ru/administrator/index.php" "Mozilla/5.0 (Windows NT 10.0; WOW64) AppleWebKit/537.36 (KHTML, like Gecko) Chrome/62.0.3198.0 Safari/537.36 OPR/49.0.2711.0"
84.17.42.8 - - [09/Jun/2022:20:46:49 +0300] "GET /administrator/index.php HTTP/1.0" 200 7144 "http://robukazan.ru/administrator/index.php" "Mozilla/5.0 (Windows NT 10.0; WOW64) AppleWebKit/537.36 (KHTML, like Gecko) Chrome/62.0.3198.0 Safari/537.36 OPR/49.0.2711.0"
84.17.42.8 - - [09/Jun/2022:20:46:49 +0300] "POST /administrator/index.php HTTP/1.0" 200 7438 "http://robukazan.ru/administrator/index.php" "Mozilla/5.0 (Windows NT 10.0; WOW64) AppleWebKit/537.36 (KHTML, like Gecko) Chrome/62.0.3198.0 Safari/537.36 OPR/49.0.2711.0"
52.226.227.211 - - [09/Jun/2022:20:47:37 +0300] "GET /components/com_sppagebuilder/assets/css/sppagecontainer.css HTTP/1.1" 200 549 "-" "Mozilla/5.0 (Windows NT 10.0; Win64; x64) AppleWebKit/537.36 (KHTML, like Gecko) Chrome/76.0.3809.100 Safari/537.36"
84.17.42.8 - - [09/Jun/2022:20:54:31 +0300] "GET /administrator/index.php HTTP/1.0" 200 7144 "http://robukazan.ru/administrator/index.php" "Mozilla/5.0 (Windows NT 10.0; WOW64) AppleWebKit/537.36 (KHTML, like Gecko) Chrome/62.0.3198.0 Safari/537.36 OPR/49.0.2711.0"
84.17.42.8 - - [09/Jun/2022:20:54:32 +0300] "POST /administrator/index.php HTTP/1.0" 200 7438 "http://robukazan.ru/administrator/index.php" "Mozilla/5.0 (Windows NT 10.0; WOW64) AppleWebKit/537.36 (KHTML, like Gecko) Chrome/62.0.3198.0 Safari/537.36 OPR/49.0.2711.0"
52.226.227.211 - - [09/Jun/2022:20:57:29 +0300] "GET /images/2017/09/11/design3_21.png HTTP/1.1" 200 8041 "-" "Mozilla/5.0 (Windows NT 10.0; Win64; x64) AppleWebKit/537.36 (KHTML, like Gecko) Chrome/76.0.3809.100 Safari/537.36"
84.17.42.8 - - [09/Jun/2022:21:07:22 +0300] "GET /administrator/index.php HTTP/1.0" 200 7144 "http://robukazan.ru/administrator/index.php" "Mozilla/5.0 (Windows NT 10.0; WOW64) AppleWebKit/537.36 (KHTML, like Gecko) Chrome/62.0.3198.0 Safari/537.36 OPR/49.0.2711.0"
84.17.42.8 - - [09/Jun/2022:21:07:23 +0300] "POST /administrator/index.php HTTP/1.0" 200 7438 "http://robukazan.ru/administrator/index.php" "Mozilla/5.0 (Windows NT 10.0; WOW64) AppleWebKit/537.36 (KHTML, like Gecko) Chrome/62.0.3198.0 Safari/537.36 OPR/49.0.2711.0"
84.17.42.8 - - [09/Jun/2022:21:15:11 +0300] "GET /administrator/index.php HTTP/1.0" 200 7144 "http://robukazan.ru/administrator/index.php" "Mozilla/5.0 (Windows NT 10.0; WOW64) AppleWebKit/537.36 (KHTML, like Gecko) Chrome/62.0.3198.0 Safari/537.36 OPR/49.0.2711.0"
84.17.42.8 - - [09/Jun/2022:21:15:11 +0300] "POST /administrator/index.php HTTP/1.0" 200 7438 "http://robukazan.ru/administrator/index.php" "Mozilla/5.0 (Windows NT 10.0; WOW64) AppleWebKit/537.36 (KHTML, like Gecko) Chrome/62.0.3198.0 Safari/537.36 OPR/49.0.2711.0"
84.17.42.8 - - [09/Jun/2022:21:23:04 +0300] "GET /administrator/index.php HTTP/1.0" 200 7144 "http://robukazan.ru/administrator/index.php" "Mozilla/5.0 (Windows NT 10.0; WOW64) AppleWebKit/537.36 (KHTML, like Gecko) Chrome/62.0.3198.0 Safari/537.36 OPR/49.0.2711.0"
84.17.42.8 - - [09/Jun/2022:21:23:05 +0300] "POST /administrator/index.php HTTP/1.0" 200 7438 "http://robukazan.ru/administrator/index.php" "Mozilla/5.0 (Windows NT 10.0; WOW64) AppleWebKit/537.36 (KHTML, like Gecko) Chrome/62.0.3198.0 Safari/537.36 OPR/49.0.2711.0"
54.36.148.190 - - [09/Jun/2022:21:34:08 +0300] "GET /dostavka HTTP/1.0" 200 7046 "-" "Mozilla/5.0 (compatible; AhrefsBot/7.0; +http://ahrefs.com/robot/)"
84.17.42.8 - - [09/Jun/2022:21:35:39 +0300] "GET /administrator/index.php HTTP/1.0" 200 7144 "http://robukazan.ru/administrator/index.php" "Mozilla/5.0 (Windows NT 10.0; WOW64) AppleWebKit/537.36 (KHTML, like Gecko) Chrome/62.0.3198.0 Safari/537.36 OPR/49.0.2711.0"
84.17.42.8 - - [09/Jun/2022:21:35:39 +0300] "POST /administrator/index.php HTTP/1.0" 200 7438 "http://robukazan.ru/administrator/index.php" "Mozilla/5.0 (Windows NT 10.0; WOW64) AppleWebKit/537.36 (KHTML, like Gecko) Chrome/62.0.3198.0 Safari/537.36 OPR/49.0.2711.0"
95.108.213.15 - - [09/Jun/2022:21:42:04 +0300] "GET /robots.txt HTTP/1.0" 200 1108 "-" "Mozilla/5.0 (compatible; YandexBot/3.0; +http://yandex.com/bots)"
95.108.213.15 - - [09/Jun/2022:21:42:08 +0300] "GET /images/1505115940.ico HTTP/1.0" 200 867 "-" "Mozilla/5.0 (compatible; YandexFavicons/1.0; +http://yandex.com/bots)"
157.90.177.232 - - [09/Jun/2022:21:42:13 +0300] "GET /robots.txt HTTP/1.0" 200 696 "-" "Mozilla/5.0 (compatible; BLEXBot/1.0; +http://webmeup-crawler.com/)"
157.90.177.232 - - [09/Jun/2022:21:42:17 +0300] "GET /sitemap HTTP/1.0" 404 1867 "-" "Mozilla/5.0 (compatible; BLEXBot/1.0; +http://webmeup-crawler.com/)"
157.90.177.232 - - [09/Jun/2022:21:42:26 +0300] "GET /sitemap.txt HTTP/1.0" 404 1871 "-" "Mozilla/5.0 (compatible; BLEXBot/1.0; +http://webmeup-crawler.com/)"
84.17.42.8 - - [09/Jun/2022:21:43:29 +0300] "GET /administrator/index.php HTTP/1.0" 200 7144 "http://robukazan.ru/administrator/index.php" "Mozilla/5.0 (Windows NT 10.0; WOW64) AppleWebKit/537.36 (KHTML, like Gecko) Chrome/62.0.3198.0 Safari/537.36 OPR/49.0.2711.0"
84.17.42.8 - - [09/Jun/2022:21:43:30 +0300] "POST /administrator/index.php HTTP/1.0" 200 7438 "http://robukazan.ru/administrator/index.php" "Mozilla/5.0 (Windows NT 10.0; WOW64) AppleWebKit/537.36 (KHTML, like Gecko) Chrome/62.0.3198.0 Safari/537.36 OPR/49.0.2711.0"
93.158.91.233 - - [09/Jun/2022:21:50:56 +0300] "GET /robots.txt HTTP/1.0" 200 696 "-" "Mozilla/5.0 (Macintosh; Intel Mac OS X 10_13_6) AppleWebKit/537.36 (KHTML, like Gecko) Chrome/91.0.4472.114 Safari/537.36"
93.158.91.209 - - [09/Jun/2022:21:50:57 +0300] "GET /humans.txt HTTP/1.0" 404 1870 "-" "Mozilla/5.0 (Macintosh; Intel Mac OS X 10_13_6) AppleWebKit/537.36 (KHTML, like Gecko) Chrome/91.0.4472.114 Safari/537.36"
93.158.91.207 - - [09/Jun/2022:21:50:57 +0300] "GET /ads.txt HTTP/1.0" 404 1867 "-" "Mozilla/5.0 (Macintosh; Intel Mac OS X 10_13_6) AppleWebKit/537.36 (KHTML, like Gecko) Chrome/91.0.4472.114 Safari/537.36"
93.158.91.201 - - [09/Jun/2022:21:50:57 +0300] "GET / HTTP/1.0" 200 9142 "-" "Mozilla/5.0 (Macintosh; Intel Mac OS X 10_13_6) AppleWebKit/537.36 (KHTML, like Gecko) Chrome/91.0.4472.114 Safari/537.36"
84.17.42.8 - - [09/Jun/2022:21:51:10 +0300] "GET /administrator/index.php HTTP/1.0" 200 7144 "http://robukazan.ru/administrator/index.php" "Mozilla/5.0 (Windows NT 10.0; WOW64) AppleWebKit/537.36 (KHTML, like Gecko) Chrome/62.0.3198.0 Safari/537.36 OPR/49.0.2711.0"
84.17.42.8 - - [09/Jun/2022:21:51:11 +0300] "POST /administrator/index.php HTTP/1.0" 200 7438 "http://robukazan.ru/administrator/index.php" "Mozilla/5.0 (Windows NT 10.0; WOW64) AppleWebKit/537.36 (KHTML, like Gecko) Chrome/62.0.3198.0 Safari/537.36 OPR/49.0.2711.0"
84.17.42.8 - - [09/Jun/2022:22:03:45 +0300] "GET /administrator/index.php HTTP/1.0" 200 7144 "http://robukazan.ru/administrator/index.php" "Mozilla/5.0 (Windows NT 10.0; WOW64) AppleWebKit/537.36 (KHTML, like Gecko) Chrome/62.0.3198.0 Safari/537.36 OPR/49.0.2711.0"
84.17.42.8 - - [09/Jun/2022:22:03:45 +0300] "POST /administrator/index.php HTTP/1.0" 200 7438 "http://robukazan.ru/administrator/index.php" "Mozilla/5.0 (Windows NT 10.0; WOW64) AppleWebKit/537.36 (KHTML, like Gecko) Chrome/62.0.3198.0 Safari/537.36 OPR/49.0.2711.0"
52.226.227.211 - - [09/Jun/2022:22:08:02 +0300] "GET /templates/shaper_helix3/css/presets/preset4.css HTTP/1.1" 200 2138 "-" "Mozilla/5.0 (Windows NT 10.0; Win64; x64) AppleWebKit/537.36 (KHTML, like Gecko) Chrome/76.0.3809.100 Safari/537.36"
84.17.42.8 - - [09/Jun/2022:22:11:34 +0300] "GET /administrator/index.php HTTP/1.0" 200 7144 "http://robukazan.ru/administrator/index.php" "Mozilla/5.0 (Windows NT 10.0; WOW64) AppleWebKit/537.36 (KHTML, like Gecko) Chrome/62.0.3198.0 Safari/537.36 OPR/49.0.2711.0"
84.17.42.8 - - [09/Jun/2022:22:11:35 +0300] "POST /administrator/index.php HTTP/1.0" 200 7438 "http://robukazan.ru/administrator/index.php" "Mozilla/5.0 (Windows NT 10.0; WOW64) AppleWebKit/537.36 (KHTML, like Gecko) Chrome/62.0.3198.0 Safari/537.36 OPR/49.0.2711.0"
84.17.42.8 - - [09/Jun/2022:22:19:25 +0300] "GET /administrator/index.php HTTP/1.0" 200 7144 "http://robukazan.ru/administrator/index.php" "Mozilla/5.0 (Windows NT 10.0; WOW64) AppleWebKit/537.36 (KHTML, like Gecko) Chrome/62.0.3198.0 Safari/537.36 OPR/49.0.2711.0"
84.17.42.8 - - [09/Jun/2022:22:19:25 +0300] "POST /administrator/index.php HTTP/1.0" 200 7438 "http://robukazan.ru/administrator/index.php" "Mozilla/5.0 (Windows NT 10.0; WOW64) AppleWebKit/537.36 (KHTML, like Gecko) Chrome/62.0.3198.0 Safari/537.36 OPR/49.0.2711.0"
84.17.42.8 - - [09/Jun/2022:22:32:15 +0300] "GET /administrator/index.php HTTP/1.0" 200 7144 "http://robukazan.ru/administrator/index.php" "Mozilla/5.0 (Windows NT 10.0; WOW64) AppleWebKit/537.36 (KHTML, like Gecko) Chrome/62.0.3198.0 Safari/537.36 OPR/49.0.2711.0"
84.17.42.8 - - [09/Jun/2022:22:32:16 +0300] "POST /administrator/index.php HTTP/1.0" 200 7438 "http://robukazan.ru/administrator/index.php" "Mozilla/5.0 (Windows NT 10.0; WOW64) AppleWebKit/537.36 (KHTML, like Gecko) Chrome/62.0.3198.0 Safari/537.36 OPR/49.0.2711.0"
40.77.167.98 - - [09/Jun/2022:22:32:47 +0300] "GET /robots.txt HTTP/1.0" 200 696 "-" "Mozilla/5.0 (compatible; bingbot/2.0; +http://www.bing.com/bingbot.htm)"
40.77.167.98 - - [09/Jun/2022:22:32:47 +0300] "GET /robots.txt HTTP/1.0" 200 696 "-" "Mozilla/5.0 (compatible; bingbot/2.0; +http://www.bing.com/bingbot.htm)"
84.17.42.8 - - [09/Jun/2022:22:40:10 +0300] "GET /administrator/index.php HTTP/1.0" 200 7144 "http://robukazan.ru/administrator/index.php" "Mozilla/5.0 (Windows NT 10.0; WOW64) AppleWebKit/537.36 (KHTML, like Gecko) Chrome/62.0.3198.0 Safari/537.36 OPR/49.0.2711.0"
84.17.42.8 - - [09/Jun/2022:22:40:10 +0300] "POST /administrator/index.php HTTP/1.0" 200 7438 "http://robukazan.ru/administrator/index.php" "Mozilla/5.0 (Windows NT 10.0; WOW64) AppleWebKit/537.36 (KHTML, like Gecko) Chrome/62.0.3198.0 Safari/537.36 OPR/49.0.2711.0"
84.17.42.8 - - [09/Jun/2022:22:48:02 +0300] "GET /administrator/index.php HTTP/1.0" 200 7144 "http://robukazan.ru/administrator/index.php" "Mozilla/5.0 (Windows NT 10.0; WOW64) AppleWebKit/537.36 (KHTML, like Gecko) Chrome/62.0.3198.0 Safari/537.36 OPR/49.0.2711.0"
84.17.42.8 - - [09/Jun/2022:22:48:03 +0300] "POST /administrator/index.php HTTP/1.0" 200 7438 "http://robukazan.ru/administrator/index.php" "Mozilla/5.0 (Windows NT 10.0; WOW64) AppleWebKit/537.36 (KHTML, like Gecko) Chrome/62.0.3198.0 Safari/537.36 OPR/49.0.2711.0"
77.37.243.56 - - [09/Jun/2022:23:00:13 +0300] "GET / HTTP/1.0" 200 9140 "-" "Mozilla/5.0 (Windows NT 10.0; Win64; x64) AppleWebKit/537.36 (KHTML, like Gecko) Chrome/101.0.4951.67 Safari/537.36"
77.37.243.56 - - [09/Jun/2022:23:00:14 +0300] "GET /components/com_sppagebuilder/assets/css/font-awesome.min.css HTTP/1.1" 200 31000 "http://robukazan.ru/" "Mozilla/5.0 (Windows NT 10.0; Win64; x64) AppleWebKit/537.36 (KHTML, like Gecko) Chrome/101.0.4951.67 Safari/537.36"
77.37.243.56 - - [09/Jun/2022:23:00:14 +0300] "GET /components/com_sppagebuilder/assets/css/sppagecontainer.css HTTP/1.1" 200 549 "http://robukazan.ru/" "Mozilla/5.0 (Windows NT 10.0; Win64; x64) AppleWebKit/537.36 (KHTML, like Gecko) Chrome/101.0.4951.67 Safari/537.36"
77.37.243.56 - - [09/Jun/2022:23:00:14 +0300] "GET /components/com_sppagebuilder/assets/css/magnific-popup.css HTTP/1.1" 200 7797 "http://robukazan.ru/" "Mozilla/5.0 (Windows NT 10.0; Win64; x64) AppleWebKit/537.36 (KHTML, like Gecko) Chrome/101.0.4951.67 Safari/537.36"
