84.17.42.8 - - [12/Jun/2022:22:24:39 +0300] "POST /administrator/index.php HTTP/1.0" 200 7438 "http://robukazan.ru/administrator/index.php" "Mozilla/5.0 (Windows NT 10.0; WOW64) AppleWebKit/537.36 (KHTML, like Gecko) Chrome/62.0.3198.0 Safari/537.36 OPR/49.0.2711.0"
114.119.153.7 - - [12/Jun/2022:22:32:26 +0300] "GET /robots.txt HTTP/1.0" 200 696 "-" "Mozilla/5.0 (compatible;PetalBot;+https://webmaster.petalsearch.com/site/petalbot)"
84.17.42.8 - - [12/Jun/2022:22:32:58 +0300] "GET /administrator/index.php HTTP/1.0" 200 7144 "http://robukazan.ru/administrator/index.php" "Mozilla/5.0 (Windows NT 10.0; WOW64) AppleWebKit/537.36 (KHTML, like Gecko) Chrome/62.0.3198.0 Safari/537.36 OPR/49.0.2711.0"
84.17.42.8 - - [12/Jun/2022:22:32:59 +0300] "POST /administrator/index.php HTTP/1.0" 200 7438 "http://robukazan.ru/administrator/index.php" "Mozilla/5.0 (Windows NT 10.0; WOW64) AppleWebKit/537.36 (KHTML, like Gecko) Chrome/62.0.3198.0 Safari/537.36 OPR/49.0.2711.0"
84.17.42.8 - - [12/Jun/2022:22:42:09 +0300] "GET /administrator/index.php HTTP/1.0" 200 7144 "http://robukazan.ru/administrator/index.php" "Mozilla/5.0 (Windows NT 10.0; WOW64) AppleWebKit/537.36 (KHTML, like Gecko) Chrome/62.0.3198.0 Safari/537.36 OPR/49.0.2711.0"
84.17.42.8 - - [12/Jun/2022:22:42:09 +0300] "POST /administrator/index.php HTTP/1.0" 200 7438 "http://robukazan.ru/administrator/index.php" "Mozilla/5.0 (Windows NT 10.0; WOW64) AppleWebKit/537.36 (KHTML, like Gecko) Chrome/62.0.3198.0 Safari/537.36 OPR/49.0.2711.0"
95.31.172.49 - - [12/Jun/2022:22:46:32 +0300] "GET / HTTP/1.0" 200 9140 "http://robukazan.ru/" "Mozilla/4.0 (compatible; MSIE 6.0; Windows NT 5.1; SV1)"
84.17.42.8 - - [12/Jun/2022:22:56:02 +0300] "GET /administrator/index.php HTTP/1.0" 200 7144 "http://robukazan.ru/administrator/index.php" "Mozilla/5.0 (Windows NT 10.0; WOW64) AppleWebKit/537.36 (KHTML, like Gecko) Chrome/62.0.3198.0 Safari/537.36 OPR/49.0.2711.0"
84.17.42.8 - - [12/Jun/2022:22:56:02 +0300] "POST /administrator/index.php HTTP/1.0" 200 7438 "http://robukazan.ru/administrator/index.php" "Mozilla/5.0 (Windows NT 10.0; WOW64) AppleWebKit/537.36 (KHTML, like Gecko) Chrome/62.0.3198.0 Safari/537.36 OPR/49.0.2711.0"
114.119.146.251 - - [12/Jun/2022:22:57:17 +0300] "GET /robots.txt HTTP/1.0" 200 696 "-" "Mozilla/5.0 (compatible;PetalBot;+https://webmaster.petalsearch.com/site/petalbot)"
84.17.42.8 - - [12/Jun/2022:23:03:19 +0300] "GET /administrator/index.php HTTP/1.0" 200 7144 "http://robukazan.ru/administrator/index.php" "Mozilla/5.0 (Windows NT 10.0; WOW64) AppleWebKit/537.36 (KHTML, like Gecko) Chrome/62.0.3198.0 Safari/537.36 OPR/49.0.2711.0"
84.17.42.8 - - [12/Jun/2022:23:03:19 +0300] "POST /administrator/index.php HTTP/1.0" 200 7438 "http://robukazan.ru/administrator/index.php" "Mozilla/5.0 (Windows NT 10.0; WOW64) AppleWebKit/537.36 (KHTML, like Gecko) Chrome/62.0.3198.0 Safari/537.36 OPR/49.0.2711.0"
84.17.42.8 - - [12/Jun/2022:23:10:52 +0300] "GET /administrator/index.php HTTP/1.0" 200 7144 "http://robukazan.ru/administrator/index.php" "Mozilla/5.0 (Windows NT 10.0; WOW64) AppleWebKit/537.36 (KHTML, like Gecko) Chrome/62.0.3198.0 Safari/537.36 OPR/49.0.2711.0"
84.17.42.8 - - [12/Jun/2022:23:10:53 +0300] "POST /administrator/index.php HTTP/1.0" 200 7438 "http://robukazan.ru/administrator/index.php" "Mozilla/5.0 (Windows NT 10.0; WOW64) AppleWebKit/537.36 (KHTML, like Gecko) Chrome/62.0.3198.0 Safari/537.36 OPR/49.0.2711.0"
84.17.42.8 - - [12/Jun/2022:23:22:43 +0300] "GET /administrator/index.php HTTP/1.0" 200 7144 "http://robukazan.ru/administrator/index.php" "Mozilla/5.0 (Windows NT 10.0; WOW64) AppleWebKit/537.36 (KHTML, like Gecko) Chrome/62.0.3198.0 Safari/537.36 OPR/49.0.2711.0"
84.17.42.8 - - [12/Jun/2022:23:22:43 +0300] "POST /administrator/index.php HTTP/1.0" 200 7438 "http://robukazan.ru/administrator/index.php" "Mozilla/5.0 (Windows NT 10.0; WOW64) AppleWebKit/537.36 (KHTML, like Gecko) Chrome/62.0.3198.0 Safari/537.36 OPR/49.0.2711.0"
84.17.42.8 - - [12/Jun/2022:23:30:13 +0300] "GET /administrator/index.php HTTP/1.0" 200 7144 "http://robukazan.ru/administrator/index.php" "Mozilla/5.0 (Windows NT 10.0; WOW64) AppleWebKit/537.36 (KHTML, like Gecko) Chrome/62.0.3198.0 Safari/537.36 OPR/49.0.2711.0"
84.17.42.8 - - [12/Jun/2022:23:30:13 +0300] "POST /administrator/index.php HTTP/1.0" 200 7438 "http://robukazan.ru/administrator/index.php" "Mozilla/5.0 (Windows NT 10.0; WOW64) AppleWebKit/537.36 (KHTML, like Gecko) Chrome/62.0.3198.0 Safari/537.36 OPR/49.0.2711.0"
84.17.42.8 - - [12/Jun/2022:23:39:51 +0300] "GET /administrator/index.php HTTP/1.0" 200 7144 "http://robukazan.ru/administrator/index.php" "Mozilla/5.0 (Windows NT 10.0; WOW64) AppleWebKit/537.36 (KHTML, like Gecko) Chrome/62.0.3198.0 Safari/537.36 OPR/49.0.2711.0"
84.17.42.8 - - [12/Jun/2022:23:39:51 +0300] "POST /administrator/index.php HTTP/1.0" 200 7438 "http://robukazan.ru/administrator/index.php" "Mozilla/5.0 (Windows NT 10.0; WOW64) AppleWebKit/537.36 (KHTML, like Gecko) Chrome/62.0.3198.0 Safari/537.36 OPR/49.0.2711.0"
84.17.42.8 - - [12/Jun/2022:23:53:55 +0300] "GET /administrator/index.php HTTP/1.0" 200 7144 "http://robukazan.ru/administrator/index.php" "Mozilla/5.0 (Windows NT 10.0; WOW64) AppleWebKit/537.36 (KHTML, like Gecko) Chrome/62.0.3198.0 Safari/537.36 OPR/49.0.2711.0"
84.17.42.8 - - [12/Jun/2022:23:53:55 +0300] "POST /administrator/index.php HTTP/1.0" 200 7438 "http://robukazan.ru/administrator/index.php" "Mozilla/5.0 (Windows NT 10.0; WOW64) AppleWebKit/537.36 (KHTML, like Gecko) Chrome/62.0.3198.0 Safari/537.36 OPR/49.0.2711.0"
84.17.42.8 - - [13/Jun/2022:00:01:26 +0300] "GET /administrator/index.php HTTP/1.0" 200 7144 "http://robukazan.ru/administrator/index.php" "Mozilla/5.0 (Windows NT 10.0; WOW64) AppleWebKit/537.36 (KHTML, like Gecko) Chrome/62.0.3198.0 Safari/537.36 OPR/49.0.2711.0"
84.17.42.8 - - [13/Jun/2022:00:01:26 +0300] "POST /administrator/index.php HTTP/1.0" 200 7438 "http://robukazan.ru/administrator/index.php" "Mozilla/5.0 (Windows NT 10.0; WOW64) AppleWebKit/537.36 (KHTML, like Gecko) Chrome/62.0.3198.0 Safari/537.36 OPR/49.0.2711.0"
84.17.42.8 - - [13/Jun/2022:00:08:49 +0300] "GET /administrator/index.php HTTP/1.0" 200 7144 "http://robukazan.ru/administrator/index.php" "Mozilla/5.0 (Windows NT 10.0; WOW64) AppleWebKit/537.36 (KHTML, like Gecko) Chrome/62.0.3198.0 Safari/537.36 OPR/49.0.2711.0"
84.17.42.8 - - [13/Jun/2022:00:08:49 +0300] "POST /administrator/index.php HTTP/1.0" 200 7438 "http://robukazan.ru/administrator/index.php" "Mozilla/5.0 (Windows NT 10.0; WOW64) AppleWebKit/537.36 (KHTML, like Gecko) Chrome/62.0.3198.0 Safari/537.36 OPR/49.0.2711.0"
54.36.148.190 - - [13/Jun/2022:00:10:53 +0300] "GET /katalog/apparaty-dlya-ehlektromuftovoj-svarki-pnd/nowatech-zeen-4000 HTTP/1.0" 200 7288 "-" "Mozilla/5.0 (compatible; AhrefsBot/7.0; +http://ahrefs.com/robot/)"
95.161.221.240 - - [13/Jun/2022:00:16:03 +0300] "GET /katalog/category/view/2 HTTP/1.0" 200 7113 "-" "Mozilla/5.0 (Windows NT 10.0; Win64; x64) AppleWebKit/537.36 (KHTML, like Gecko) Chrome/102.0.0.0 Safari/537.36"
95.161.221.240 - - [13/Jun/2022:00:16:04 +0300] "GET /components/com_jshopping/css/default.css HTTP/1.1" 200 25223 "http://robukazan.ru/katalog/category/view/2" "Mozilla/5.0 (Windows NT 10.0; Win64; x64) AppleWebKit/537.36 (KHTML, like Gecko) Chrome/102.0.0.0 Safari/537.36"
95.161.221.240 - - [13/Jun/2022:00:16:04 +0300] "GET /templates/shaper_helix3/css/font-awesome.min.css HTTP/1.1" 200 31000 "http://robukazan.ru/katalog/category/view/2" "Mozilla/5.0 (Windows NT 10.0; Win64; x64) AppleWebKit/537.36 (KHTML, like Gecko) Chrome/102.0.0.0 Safari/537.36"
95.161.221.240 - - [13/Jun/2022:00:16:04 +0300] "GET /templates/shaper_helix3/css/legacy.css HTTP/1.1" 200 27359 "http://robukazan.ru/katalog/category/view/2" "Mozilla/5.0 (Windows NT 10.0; Win64; x64) AppleWebKit/537.36 (KHTML, like Gecko) Chrome/102.0.0.0 Safari/537.36"
95.161.221.240 - - [13/Jun/2022:00:16:05 +0300] "GET /templates/shaper_helix3/css/presets/preset4.css HTTP/1.1" 200 2138 "http://robukazan.ru/katalog/category/view/2" "Mozilla/5.0 (Windows NT 10.0; Win64; x64) AppleWebKit/537.36 (KHTML, like Gecko) Chrome/102.0.0.0 Safari/537.36"
95.161.221.240 - - [13/Jun/2022:00:16:05 +0300] "GET /templates/shaper_helix3/css/template.css HTTP/1.1" 200 75285 "http://robukazan.ru/katalog/category/view/2" "Mozilla/5.0 (Windows NT 10.0; Win64; x64) AppleWebKit/537.36 (KHTML, like Gecko) Chrome/102.0.0.0 Safari/537.36"
95.161.221.240 - - [13/Jun/2022:00:16:06 +0300] "GET /templates/shaper_helix3/css/frontend-edit.css HTTP/1.1" 200 2748 "http://robukazan.ru/katalog/category/view/2" "Mozilla/5.0 (Windows NT 10.0; Win64; x64) AppleWebKit/537.36 (KHTML, like Gecko) Chrome/102.0.0.0 Safari/537.36"
95.161.221.240 - - [13/Jun/2022:00:16:06 +0300] "GET /modules/mod_contactus/css/contactus_lightbox.css HTTP/1.1" 200 8937 "http://robukazan.ru/katalog/category/view/2" "Mozilla/5.0 (Windows NT 10.0; Win64; x64) AppleWebKit/537.36 (KHTML, like Gecko) Chrome/102.0.0.0 Safari/537.36"
95.161.221.240 - - [13/Jun/2022:00:16:06 +0300] "GET /plugins/system/jqueryeasy/jquerynoconflict.js HTTP/1.1" 200 20 "http://robukazan.ru/katalog/category/view/2" "Mozilla/5.0 (Windows NT 10.0; Win64; x64) AppleWebKit/537.36 (KHTML, like Gecko) Chrome/102.0.0.0 Safari/537.36"
95.161.221.240 - - [13/Jun/2022:00:16:06 +0300] "GET /media/system/js/core.js?db402a5e3649fff12ad007864e10350a HTTP/1.1" 200 10637 "http://robukazan.ru/katalog/category/view/2" "Mozilla/5.0 (Windows NT 10.0; Win64; x64) AppleWebKit/537.36 (KHTML, like Gecko) Chrome/102.0.0.0 Safari/537.36"
95.161.221.240 - - [13/Jun/2022:00:16:06 +0300] "GET /components/com_jshopping/js/jquery/jquery.media.js HTTP/1.1" 200 18047 "http://robukazan.ru/katalog/category/view/2" "Mozilla/5.0 (Windows NT 10.0; Win64; x64) AppleWebKit/537.36 (KHTML, like Gecko) Chrome/102.0.0.0 Safari/537.36"
95.161.221.240 - - [13/Jun/2022:00:16:07 +0300] "GET /templates/shaper_helix3/css/bootstrap.min.css HTTP/1.1" 200 121200 "http://robukazan.ru/katalog/category/view/2" "Mozilla/5.0 (Windows NT 10.0; Win64; x64) AppleWebKit/537.36 (KHTML, like Gecko) Chrome/102.0.0.0 Safari/537.36"
95.161.221.240 - - [13/Jun/2022:00:16:07 +0300] "GET /components/com_jshopping/js/functions.js HTTP/1.1" 200 44385 "http://robukazan.ru/katalog/category/view/2" "Mozilla/5.0 (Windows NT 10.0; Win64; x64) AppleWebKit/537.36 (KHTML, like Gecko) Chrome/102.0.0.0 Safari/537.36"
95.161.221.240 - - [13/Jun/2022:00:16:07 +0300] "GET /components/com_jshopping/js/validateForm.js HTTP/1.1" 200 8494 "http://robukazan.ru/katalog/category/view/2" "Mozilla/5.0 (Windows NT 10.0; Win64; x64) AppleWebKit/537.36 (KHTML, like Gecko) Chrome/102.0.0.0 Safari/537.36"
95.161.221.240 - - [13/Jun/2022:00:16:07 +0300] "GET /templates/shaper_helix3/js/bootstrap.min.js HTTP/1.1" 200 37045 "http://robukazan.ru/katalog/category/view/2" "Mozilla/5.0 (Windows NT 10.0; Win64; x64) AppleWebKit/537.36 (KHTML, like Gecko) Chrome/102.0.0.0 Safari/537.36"
95.161.221.240 - - [13/Jun/2022:00:16:08 +0300] "GET /templates/shaper_helix3/js/jquery.sticky.js HTTP/1.1" 200 5739 "http://robukazan.ru/katalog/category/view/2" "Mozilla/5.0 (Windows NT 10.0; Win64; x64) AppleWebKit/537.36 (KHTML, like Gecko) Chrome/102.0.0.0 Safari/537.36"
95.161.221.240 - - [13/Jun/2022:00:16:08 +0300] "GET /templates/shaper_helix3/js/main.js HTTP/1.1" 200 8742 "http://robukazan.ru/katalog/category/view/2" "Mozilla/5.0 (Windows NT 10.0; Win64; x64) AppleWebKit/537.36 (KHTML, like Gecko) Chrome/102.0.0.0 Safari/537.36"
95.161.221.240 - - [13/Jun/2022:00:16:08 +0300] "GET /templates/shaper_helix3/js/frontend-edit.js HTTP/1.1" 200 1948 "http://robukazan.ru/katalog/category/view/2" "Mozilla/5.0 (Windows NT 10.0; Win64; x64) AppleWebKit/537.36 (KHTML, like Gecko) Chrome/102.0.0.0 Safari/537.36"
95.161.221.240 - - [13/Jun/2022:00:16:08 +0300] "GET /media/system/js/mootools-core.js?db402a5e3649fff12ad007864e10350a HTTP/1.1" 200 83893 "http://robukazan.ru/katalog/category/view/2" "Mozilla/5.0 (Windows NT 10.0; Win64; x64) AppleWebKit/537.36 (KHTML, like Gecko) Chrome/102.0.0.0 Safari/537.36"
95.161.221.240 - - [13/Jun/2022:00:16:08 +0300] "GET /modules/mod_contactus/js/contactus_common.js HTTP/1.1" 200 5018 "http://robukazan.ru/katalog/category/view/2" "Mozilla/5.0 (Windows NT 10.0; Win64; x64) AppleWebKit/537.36 (KHTML, like Gecko) Chrome/102.0.0.0 Safari/537.36"
95.161.221.240 - - [13/Jun/2022:00:16:09 +0300] "GET /modules/mod_contactus/js/contactus_lightbox.js HTTP/1.1" 200 4279 "http://robukazan.ru/katalog/category/view/2" "Mozilla/5.0 (Windows NT 10.0; Win64; x64) AppleWebKit/537.36 (KHTML, like Gecko) Chrome/102.0.0.0 Safari/537.36"
95.161.221.240 - - [13/Jun/2022:00:16:11 +0300] "GET /images/design3_03.jpg HTTP/1.1" 200 4781 "http://robukazan.ru/katalog/category/view/2" "Mozilla/5.0 (Windows NT 10.0; Win64; x64) AppleWebKit/537.36 (KHTML, like Gecko) Chrome/102.0.0.0 Safari/537.36"
95.161.221.240 - - [13/Jun/2022:00:16:11 +0300] "GET /images/shipped.png HTTP/1.1" 200 1332 "http://robukazan.ru/katalog/category/view/2" "Mozilla/5.0 (Windows NT 10.0; Win64; x64) AppleWebKit/537.36 (KHTML, like Gecko) Chrome/102.0.0.0 Safari/537.36"
95.161.221.240 - - [13/Jun/2022:00:16:11 +0300] "GET /images/certificate.png HTTP/1.1" 200 1677 "http://robukazan.ru/katalog/category/view/2" "Mozilla/5.0 (Windows NT 10.0; Win64; x64) AppleWebKit/537.36 (KHTML, like Gecko) Chrome/102.0.0.0 Safari/537.36"
95.161.221.240 - - [13/Jun/2022:00:16:11 +0300] "GET /images/design3_34.png HTTP/1.1" 200 4379 "http://robukazan.ru/katalog/category/view/2" "Mozilla/5.0 (Windows NT 10.0; Win64; x64) AppleWebKit/537.36 (KHTML, like Gecko) Chrome/102.0.0.0 Safari/537.36"
84.17.42.8 - - [13/Jun/2022:00:20:58 +0300] "GET /administrator/index.php HTTP/1.0" 200 7144 "http://robukazan.ru/administrator/index.php" "Mozilla/5.0 (Windows NT 10.0; WOW64) AppleWebKit/537.36 (KHTML, like Gecko) Chrome/62.0.3198.0 Safari/537.36 OPR/49.0.2711.0"
84.17.42.8 - - [13/Jun/2022:00:20:58 +0300] "POST /administrator/index.php HTTP/1.0" 200 7438 "http://robukazan.ru/administrator/index.php" "Mozilla/5.0 (Windows NT 10.0; WOW64) AppleWebKit/537.36 (KHTML, like Gecko) Chrome/62.0.3198.0 Safari/537.36 OPR/49.0.2711.0"
84.17.42.8 - - [13/Jun/2022:00:28:31 +0300] "GET /administrator/index.php HTTP/1.0" 200 7144 "http://robukazan.ru/administrator/index.php" "Mozilla/5.0 (Windows NT 10.0; WOW64) AppleWebKit/537.36 (KHTML, like Gecko) Chrome/62.0.3198.0 Safari/537.36 OPR/49.0.2711.0"
84.17.42.8 - - [13/Jun/2022:00:28:32 +0300] "POST /administrator/index.php HTTP/1.0" 200 7438 "http://robukazan.ru/administrator/index.php" "Mozilla/5.0 (Windows NT 10.0; WOW64) AppleWebKit/537.36 (KHTML, like Gecko) Chrome/62.0.3198.0 Safari/537.36 OPR/49.0.2711.0"
84.17.42.8 - - [13/Jun/2022:00:37:25 +0300] "GET /administrator/index.php HTTP/1.0" 200 7144 "http://robukazan.ru/administrator/index.php" "Mozilla/5.0 (Windows NT 10.0; WOW64) AppleWebKit/537.36 (KHTML, like Gecko) Chrome/62.0.3198.0 Safari/537.36 OPR/49.0.2711.0"
84.17.42.8 - - [13/Jun/2022:00:37:26 +0300] "POST /administrator/index.php HTTP/1.0" 200 7438 "http://robukazan.ru/administrator/index.php" "Mozilla/5.0 (Windows NT 10.0; WOW64) AppleWebKit/537.36 (KHTML, like Gecko) Chrome/62.0.3198.0 Safari/537.36 OPR/49.0.2711.0"
54.36.148.190 - - [13/Jun/2022:00:45:31 +0300] "GET /katalog/apparaty-dlya-ehlektromuftovoj-svarki-pnd/nowatech-zeen-2000plus HTTP/1.0" 200 7344 "-" "Mozilla/5.0 (compatible; AhrefsBot/7.0; +http://ahrefs.com/robot/)"
84.17.42.8 - - [13/Jun/2022:00:50:27 +0300] "GET /administrator/index.php HTTP/1.0" 200 7144 "http://robukazan.ru/administrator/index.php" "Mozilla/5.0 (Windows NT 10.0; WOW64) AppleWebKit/537.36 (KHTML, like Gecko) Chrome/62.0.3198.0 Safari/537.36 OPR/49.0.2711.0"
84.17.42.8 - - [13/Jun/2022:00:50:28 +0300] "POST /administrator/index.php HTTP/1.0" 200 7438 "http://robukazan.ru/administrator/index.php" "Mozilla/5.0 (Windows NT 10.0; WOW64) AppleWebKit/537.36 (KHTML, like Gecko) Chrome/62.0.3198.0 Safari/537.36 OPR/49.0.2711.0"
84.17.42.8 - - [13/Jun/2022:00:58:04 +0300] "GET /administrator/index.php HTTP/1.0" 200 7144 "http://robukazan.ru/administrator/index.php" "Mozilla/5.0 (Windows NT 10.0; WOW64) AppleWebKit/537.36 (KHTML, like Gecko) Chrome/62.0.3198.0 Safari/537.36 OPR/49.0.2711.0"
84.17.42.8 - - [13/Jun/2022:00:58:05 +0300] "POST /administrator/index.php HTTP/1.0" 200 7438 "http://robukazan.ru/administrator/index.php" "Mozilla/5.0 (Windows NT 10.0; WOW64) AppleWebKit/537.36 (KHTML, like Gecko) Chrome/62.0.3198.0 Safari/537.36 OPR/49.0.2711.0"
54.36.148.190 - - [13/Jun/2022:01:04:21 +0300] "GET /katalog/apparaty-dlya-stykovoj-svarki/robu-w-315 HTTP/1.0" 200 9820 "-" "Mozilla/5.0 (compatible; AhrefsBot/7.0; +http://ahrefs.com/robot/)"
84.17.42.8 - - [13/Jun/2022:01:05:41 +0300] "GET /administrator/index.php HTTP/1.0" 200 7144 "http://robukazan.ru/administrator/index.php" "Mozilla/5.0 (Windows NT 10.0; WOW64) AppleWebKit/537.36 (KHTML, like Gecko) Chrome/62.0.3198.0 Safari/537.36 OPR/49.0.2711.0"
84.17.42.8 - - [13/Jun/2022:01:05:42 +0300] "POST /administrator/index.php HTTP/1.0" 200 7438 "http://robukazan.ru/administrator/index.php" "Mozilla/5.0 (Windows NT 10.0; WOW64) AppleWebKit/537.36 (KHTML, like Gecko) Chrome/62.0.3198.0 Safari/537.36 OPR/49.0.2711.0"
37.120.217.166 - - [13/Jun/2022:01:06:39 +0300] "GET /administrator/index.php HTTP/1.0" 200 2927 "-" "Mozilla/5.0 (Windows NT 10.0; WOW64) AppleWebKit/537.36 (KHTML, like Gecko) Chrome/75.0.3770.100 Safari/537.36"
37.120.217.166 - - [13/Jun/2022:01:06:43 +0300] "POST /administrator/index.php HTTP/1.0" 200 3000 "-" "Mozilla/5.0 (Windows NT 10.0; WOW64) AppleWebKit/537.36 (KHTML, like Gecko) Chrome/75.0.3770.100 Safari/537.36"
37.120.217.166 - - [13/Jun/2022:01:06:45 +0300] "GET /administrator/index.php HTTP/1.0" 200 2830 "-" "Mozilla/5.0 (Windows NT 10.0; WOW64) AppleWebKit/537.36 (KHTML, like Gecko) Chrome/75.0.3770.100 Safari/537.36"
84.17.42.8 - - [13/Jun/2022:01:18:00 +0300] "GET /administrator/index.php HTTP/1.0" 200 7144 "http://robukazan.ru/administrator/index.php" "Mozilla/5.0 (Windows NT 10.0; WOW64) AppleWebKit/537.36 (KHTML, like Gecko) Chrome/62.0.3198.0 Safari/537.36 OPR/49.0.2711.0"
84.17.42.8 - - [13/Jun/2022:01:18:00 +0300] "POST /administrator/index.php HTTP/1.0" 200 7438 "http://robukazan.ru/administrator/index.php" "Mozilla/5.0 (Windows NT 10.0; WOW64) AppleWebKit/537.36 (KHTML, like Gecko) Chrome/62.0.3198.0 Safari/537.36 OPR/49.0.2711.0"
84.17.42.8 - - [13/Jun/2022:01:25:39 +0300] "GET /administrator/index.php HTTP/1.0" 200 7144 "http://robukazan.ru/administrator/index.php" "Mozilla/5.0 (Windows NT 10.0; WOW64) AppleWebKit/537.36 (KHTML, like Gecko) Chrome/62.0.3198.0 Safari/537.36 OPR/49.0.2711.0"
84.17.42.8 - - [13/Jun/2022:01:25:40 +0300] "POST /administrator/index.php HTTP/1.0" 200 7438 "http://robukazan.ru/administrator/index.php" "Mozilla/5.0 (Windows NT 10.0; WOW64) AppleWebKit/537.36 (KHTML, like Gecko) Chrome/62.0.3198.0 Safari/537.36 OPR/49.0.2711.0"
54.36.148.190 - - [13/Jun/2022:01:27:56 +0300] "GET /katalog/apparaty-dlya-ehlektromuftovoj-svarki-pnd/nowatech-zern-4000 HTTP/1.0" 200 7275 "-" "Mozilla/5.0 (compatible; AhrefsBot/7.0; +http://ahrefs.com/robot/)"
84.17.42.8 - - [13/Jun/2022:01:33:05 +0300] "GET /administrator/index.php HTTP/1.0" 200 7144 "http://robukazan.ru/administrator/index.php" "Mozilla/5.0 (Windows NT 10.0; WOW64) AppleWebKit/537.36 (KHTML, like Gecko) Chrome/62.0.3198.0 Safari/537.36 OPR/49.0.2711.0"
84.17.42.8 - - [13/Jun/2022:01:33:06 +0300] "POST /administrator/index.php HTTP/1.0" 200 7438 "http://robukazan.ru/administrator/index.php" "Mozilla/5.0 (Windows NT 10.0; WOW64) AppleWebKit/537.36 (KHTML, like Gecko) Chrome/62.0.3198.0 Safari/537.36 OPR/49.0.2711.0"
114.119.131.235 - - [13/Jun/2022:01:39:49 +0300] "GET / HTTP/1.0" 200 9144 "http://robukazan.ru/katalog/apparaty-dlya-ehlektromuftovoj-svarki-pnd/nowatech-zern-4000" "Mozilla/5.0 (Linux; Android 7.0;) AppleWebKit/537.36 (KHTML, like Gecko) Mobile Safari/537.36 (compatible; PetalBot;+https://webmaster.petalsearch.com/site/petalbot)"
84.17.42.8 - - [13/Jun/2022:01:45:10 +0300] "GET /administrator/index.php HTTP/1.0" 200 7144 "http://robukazan.ru/administrator/index.php" "Mozilla/5.0 (Windows NT 10.0; WOW64) AppleWebKit/537.36 (KHTML, like Gecko) Chrome/62.0.3198.0 Safari/537.36 OPR/49.0.2711.0"
84.17.42.8 - - [13/Jun/2022:01:45:10 +0300] "POST /administrator/index.php HTTP/1.0" 200 7438 "http://robukazan.ru/administrator/index.php" "Mozilla/5.0 (Windows NT 10.0; WOW64) AppleWebKit/537.36 (KHTML, like Gecko) Chrome/62.0.3198.0 Safari/537.36 OPR/49.0.2711.0"
84.17.42.8 - - [13/Jun/2022:01:52:49 +0300] "GET /administrator/index.php HTTP/1.0" 200 7144 "http://robukazan.ru/administrator/index.php" "Mozilla/5.0 (Windows NT 10.0; WOW64) AppleWebKit/537.36 (KHTML, like Gecko) Chrome/62.0.3198.0 Safari/537.36 OPR/49.0.2711.0"
84.17.42.8 - - [13/Jun/2022:01:52:50 +0300] "POST /administrator/index.php HTTP/1.0" 200 7438 "http://robukazan.ru/administrator/index.php" "Mozilla/5.0 (Windows NT 10.0; WOW64) AppleWebKit/537.36 (KHTML, like Gecko) Chrome/62.0.3198.0 Safari/537.36 OPR/49.0.2711.0"
54.36.148.190 - - [13/Jun/2022:01:53:52 +0300] "GET /katalog/apparaty-dlya-ehlektromuftovoj-svarki-pnd/nowatech-zeen-4000 HTTP/1.0" 200 7286 "-" "Mozilla/5.0 (compatible; AhrefsBot/7.0; +http://ahrefs.com/robot/)"
198.235.24.32 - - [13/Jun/2022:01:57:33 +0300] "GET / HTTP/1.0" 200 47312 "-" "Expanse, a Palo Alto Networks company, searches across the global IPv4 space multiple times per day to identify customers' presences on the Internet. If you would like to be excluded from our scans, please send IP addresses/domains to: scaninfo@paloaltonetworks.com"
84.17.42.8 - - [13/Jun/2022:02:00:09 +0300] "GET /administrator/index.php HTTP/1.0" 200 7144 "http://robukazan.ru/administrator/index.php" "Mozilla/5.0 (Windows NT 10.0; WOW64) AppleWebKit/537.36 (KHTML, like Gecko) Chrome/62.0.3198.0 Safari/537.36 OPR/49.0.2711.0"
84.17.42.8 - - [13/Jun/2022:02:00:09 +0300] "POST /administrator/index.php HTTP/1.0" 200 7438 "http://robukazan.ru/administrator/index.php" "Mozilla/5.0 (Windows NT 10.0; WOW64) AppleWebKit/537.36 (KHTML, like Gecko) Chrome/62.0.3198.0 Safari/537.36 OPR/49.0.2711.0"
194.38.20.161 - - [13/Jun/2022:02:10:58 +0300] "GET /wp-admin/admin-ajax.php?action=revslider_ajax_action&client_action=update_plugin HTTP/1.0" 404 1883 "-" "ALittle Client"
84.17.42.8 - - [13/Jun/2022:02:12:22 +0300] "GET /administrator/index.php HTTP/1.0" 200 7144 "http://robukazan.ru/administrator/index.php" "Mozilla/5.0 (Windows NT 10.0; WOW64) AppleWebKit/537.36 (KHTML, like Gecko) Chrome/62.0.3198.0 Safari/537.36 OPR/49.0.2711.0"
84.17.42.8 - - [13/Jun/2022:02:12:23 +0300] "POST /administrator/index.php HTTP/1.0" 200 7438 "http://robukazan.ru/administrator/index.php" "Mozilla/5.0 (Windows NT 10.0; WOW64) AppleWebKit/537.36 (KHTML, like Gecko) Chrome/62.0.3198.0 Safari/537.36 OPR/49.0.2711.0"
54.36.148.190 - - [13/Jun/2022:02:18:45 +0300] "GET /katalog/apparaty-dlya-ehlektromuftovoj-svarki-pnd/pegasus HTTP/1.0" 200 7432 "-" "Mozilla/5.0 (compatible; AhrefsBot/7.0; +http://ahrefs.com/robot/)"
54.36.148.39 - - [13/Jun/2022:02:18:47 +0300] "GET /templates/shaper_helix3/css/font-awesome.min.css HTTP/1.1" 200 31000 "-" "Mozilla/5.0 (compatible; AhrefsBot/7.0; +http://ahrefs.com/robot/)"
54.36.148.85 - - [13/Jun/2022:02:18:47 +0300] "GET /templates/shaper_helix3/css/bootstrap.min.css HTTP/1.1" 200 121200 "-" "Mozilla/5.0 (compatible; AhrefsBot/7.0; +http://ahrefs.com/robot/)"
54.36.149.80 - - [13/Jun/2022:02:18:48 +0300] "GET /templates/shaper_helix3/css/legacy.css HTTP/1.1" 200 27359 "-" "Mozilla/5.0 (compatible; AhrefsBot/7.0; +http://ahrefs.com/robot/)"
54.36.148.84 - - [13/Jun/2022:02:18:48 +0300] "GET /templates/shaper_helix3/js/bootstrap.min.js HTTP/1.1" 200 37045 "-" "Mozilla/5.0 (compatible; AhrefsBot/7.0; +http://ahrefs.com/robot/)"
54.36.148.44 - - [13/Jun/2022:02:18:48 +0300] "GET /templates/shaper_helix3/js/main.js HTTP/1.1" 200 8742 "-" "Mozilla/5.0 (compatible; AhrefsBot/7.0; +http://ahrefs.com/robot/)"
54.36.148.209 - - [13/Jun/2022:02:18:48 +0300] "GET /templates/shaper_helix3/js/frontend-edit.js HTTP/1.1" 200 1948 "-" "Mozilla/5.0 (compatible; AhrefsBot/7.0; +http://ahrefs.com/robot/)"
54.36.148.78 - - [13/Jun/2022:02:18:48 +0300] "GET /images/design3_03.jpg HTTP/1.1" 200 4781 "-" "Mozilla/5.0 (compatible; AhrefsBot/7.0; +http://ahrefs.com/robot/)"
54.36.149.60 - - [13/Jun/2022:02:18:48 +0300] "GET /media/system/js/core.js?db402a5e3649fff12ad007864e10350a HTTP/1.1" 200 10637 "-" "Mozilla/5.0 (compatible; AhrefsBot/7.0; +http://ahrefs.com/robot/)"
54.36.149.0 - - [13/Jun/2022:02:18:48 +0300] "GET /images/design3_34.png HTTP/1.1" 200 4379 "-" "Mozilla/5.0 (compatible; AhrefsBot/7.0; +http://ahrefs.com/robot/)"
54.36.148.153 - - [13/Jun/2022:02:18:48 +0300] "GET /templates/shaper_helix3/css/template.css HTTP/1.1" 200 75285 "-" "Mozilla/5.0 (compatible; AhrefsBot/7.0; +http://ahrefs.com/robot/)"
54.36.148.182 - - [13/Jun/2022:02:18:49 +0300] "GET /images/certificate.png HTTP/1.1" 200 1677 "-" "Mozilla/5.0 (compatible; AhrefsBot/7.0; +http://ahrefs.com/robot/)"
54.36.148.35 - - [13/Jun/2022:02:18:49 +0300] "GET /templates/shaper_helix3/css/frontend-edit.css HTTP/1.1" 200 2748 "-" "Mozilla/5.0 (compatible; AhrefsBot/7.0; +http://ahrefs.com/robot/)"
54.36.148.72 - - [13/Jun/2022:02:18:49 +0300] "GET /templates/shaper_helix3/css/presets/preset4.css HTTP/1.1" 200 2138 "-" "Mozilla/5.0 (compatible; AhrefsBot/7.0; +http://ahrefs.com/robot/)"
54.36.148.25 - - [13/Jun/2022:02:18:49 +0300] "GET /images/shipped.png HTTP/1.1" 200 1332 "-" "Mozilla/5.0 (compatible; AhrefsBot/7.0; +http://ahrefs.com/robot/)"
54.36.149.31 - - [13/Jun/2022:02:18:49 +0300] "GET /templates/shaper_helix3/js/jquery.sticky.js HTTP/1.1" 200 5739 "-" "Mozilla/5.0 (compatible; AhrefsBot/7.0; +http://ahrefs.com/robot/)"
54.36.148.85 - - [13/Jun/2022:02:18:49 +0300] "GET /media/system/js/mootools-core.js?db402a5e3649fff12ad007864e10350a HTTP/1.1" 200 83893 "-" "Mozilla/5.0 (compatible; AhrefsBot/7.0; +http://ahrefs.com/robot/)"
84.17.42.8 - - [13/Jun/2022:02:20:54 +0300] "GET /administrator/index.php HTTP/1.0" 200 7144 "http://robukazan.ru/administrator/index.php" "Mozilla/5.0 (Windows NT 10.0; WOW64) AppleWebKit/537.36 (KHTML, like Gecko) Chrome/62.0.3198.0 Safari/537.36 OPR/49.0.2711.0"
84.17.42.8 - - [13/Jun/2022:02:20:54 +0300] "POST /administrator/index.php HTTP/1.0" 200 7438 "http://robukazan.ru/administrator/index.php" "Mozilla/5.0 (Windows NT 10.0; WOW64) AppleWebKit/537.36 (KHTML, like Gecko) Chrome/62.0.3198.0 Safari/537.36 OPR/49.0.2711.0"
188.214.122.86 - - [13/Jun/2022:02:25:02 +0300] "GET /administrator/index.php HTTP/1.0" 200 2929 "-" "Mozilla/5.0 (Windows NT 10.0; WOW64) AppleWebKit/537.36 (KHTML, like Gecko) Chrome/75.0.3770.100 Safari/537.36"
188.214.122.86 - - [13/Jun/2022:02:25:06 +0300] "POST /administrator/index.php HTTP/1.0" 200 3002 "-" "Mozilla/5.0 (Windows NT 10.0; WOW64) AppleWebKit/537.36 (KHTML, like Gecko) Chrome/75.0.3770.100 Safari/537.36"
188.214.122.86 - - [13/Jun/2022:02:25:08 +0300] "GET /administrator/index.php HTTP/1.0" 200 2832 "-" "Mozilla/5.0 (Windows NT 10.0; WOW64) AppleWebKit/537.36 (KHTML, like Gecko) Chrome/75.0.3770.100 Safari/537.36"
84.17.42.8 - - [13/Jun/2022:02:29:40 +0300] "GET /administrator/index.php HTTP/1.0" 200 7144 "http://robukazan.ru/administrator/index.php" "Mozilla/5.0 (Windows NT 10.0; WOW64) AppleWebKit/537.36 (KHTML, like Gecko) Chrome/62.0.3198.0 Safari/537.36 OPR/49.0.2711.0"
84.17.42.8 - - [13/Jun/2022:02:29:40 +0300] "POST /administrator/index.php HTTP/1.0" 200 7438 "http://robukazan.ru/administrator/index.php" "Mozilla/5.0 (Windows NT 10.0; WOW64) AppleWebKit/537.36 (KHTML, like Gecko) Chrome/62.0.3198.0 Safari/537.36 OPR/49.0.2711.0"
54.36.148.190 - - [13/Jun/2022:02:42:40 +0300] "GET /katalog/apparaty-dlya-ehlektromuftovoj-svarki-pnd/nowatech-zeen-2000plus HTTP/1.0" 200 7350 "-" "Mozilla/5.0 (compatible; AhrefsBot/7.0; +http://ahrefs.com/robot/)"
84.17.42.8 - - [13/Jun/2022:02:45:40 +0300] "GET /administrator/index.php HTTP/1.0" 200 7144 "http://robukazan.ru/administrator/index.php" "Mozilla/5.0 (Windows NT 10.0; WOW64) AppleWebKit/537.36 (KHTML, like Gecko) Chrome/62.0.3198.0 Safari/537.36 OPR/49.0.2711.0"
84.17.42.8 - - [13/Jun/2022:02:45:41 +0300] "POST /administrator/index.php HTTP/1.0" 200 7438 "http://robukazan.ru/administrator/index.php" "Mozilla/5.0 (Windows NT 10.0; WOW64) AppleWebKit/537.36 (KHTML, like Gecko) Chrome/62.0.3198.0 Safari/537.36 OPR/49.0.2711.0"
195.62.62.245 - - [13/Jun/2022:02:53:37 +0300] "GET / HTTP/1.0" 200 47302 "http://robukazan.ru/" "Mozilla/5.0 (Windows NT 10.0; Win64; x64) AppleWebKit/537.36 (KHTML, like Gecko) Chrome/67.0.3396.79 Safari/537.36"
195.62.62.245 - - [13/Jun/2022:02:53:37 +0300] "GET /modules/mod_contactus/css/contactus_lightbox.css HTTP/1.0" 200 8937 "http://robukazan.ru/modules/mod_contactus/css/contactus_lightbox.css" "Mozilla/5.0 (Windows NT 10.0; Win64; x64) AppleWebKit/537.36 (KHTML, like Gecko) Chrome/67.0.3396.79 Safari/537.36"
195.62.62.245 - - [13/Jun/2022:02:53:37 +0300] "GET /dostavka HTTP/1.0" 200 25611 "http://robukazan.ru/dostavka" "Mozilla/5.0 (Windows NT 10.0; Win64; x64) AppleWebKit/537.36 (KHTML, like Gecko) Chrome/67.0.3396.79 Safari/537.36"
195.62.62.245 - - [13/Jun/2022:02:53:38 +0300] "GET /kontakty HTTP/1.0" 200 25327 "http://robukazan.ru/kontakty" "Mozilla/5.0 (Windows NT 10.0; Win64; x64) AppleWebKit/537.36 (KHTML, like Gecko) Chrome/67.0.3396.79 Safari/537.36"
195.62.62.245 - - [13/Jun/2022:02:53:38 +0300] "GET /dostavka HTTP/1.0" 200 25611 "http://robukazan.ru/dostavka" "Mozilla/5.0 (Windows NT 10.0; Win64; x64) AppleWebKit/537.36 (KHTML, like Gecko) Chrome/67.0.3396.79 Safari/537.36"
195.62.62.245 - - [13/Jun/2022:02:53:38 +0300] "GET /kontakty HTTP/1.0" 200 25327 "http://robukazan.ru/kontakty" "Mozilla/5.0 (Windows NT 10.0; Win64; x64) AppleWebKit/537.36 (KHTML, like Gecko) Chrome/67.0.3396.79 Safari/537.36"
195.62.62.245 - - [13/Jun/2022:02:53:39 +0300] "GET /dostavka HTTP/1.0" 200 25611 "http://robukazan.ru/dostavka" "Mozilla/5.0 (Windows NT 10.0; Win64; x64) AppleWebKit/537.36 (KHTML, like Gecko) Chrome/67.0.3396.79 Safari/537.36"
195.62.62.245 - - [13/Jun/2022:02:53:39 +0300] "GET /kontakty HTTP/1.0" 200 25327 "http://robukazan.ru/kontakty" "Mozilla/5.0 (Windows NT 10.0; Win64; x64) AppleWebKit/537.36 (KHTML, like Gecko) Chrome/67.0.3396.79 Safari/537.36"
84.17.42.8 - - [13/Jun/2022:02:55:30 +0300] "GET /administrator/index.php HTTP/1.0" 200 7144 "http://robukazan.ru/administrator/index.php" "Mozilla/5.0 (Windows NT 10.0; WOW64) AppleWebKit/537.36 (KHTML, like Gecko) Chrome/62.0.3198.0 Safari/537.36 OPR/49.0.2711.0"
84.17.42.8 - - [13/Jun/2022:02:55:31 +0300] "POST /administrator/index.php HTTP/1.0" 200 7438 "http://robukazan.ru/administrator/index.php" "Mozilla/5.0 (Windows NT 10.0; WOW64) AppleWebKit/537.36 (KHTML, like Gecko) Chrome/62.0.3198.0 Safari/537.36 OPR/49.0.2711.0"
84.17.42.8 - - [13/Jun/2022:03:04:13 +0300] "GET /administrator/index.php HTTP/1.0" 200 7144 "http://robukazan.ru/administrator/index.php" "Mozilla/5.0 (Windows NT 10.0; WOW64) AppleWebKit/537.36 (KHTML, like Gecko) Chrome/62.0.3198.0 Safari/537.36 OPR/49.0.2711.0"
84.17.42.8 - - [13/Jun/2022:03:04:13 +0300] "POST /administrator/index.php HTTP/1.0" 200 7438 "http://robukazan.ru/administrator/index.php" "Mozilla/5.0 (Windows NT 10.0; WOW64) AppleWebKit/537.36 (KHTML, like Gecko) Chrome/62.0.3198.0 Safari/537.36 OPR/49.0.2711.0"
54.36.148.190 - - [13/Jun/2022:03:07:01 +0300] "GET /katalog/apparaty-dlya-ehlektromuftovoj-svarki-pnd/pegasus HTTP/1.0" 200 7428 "-" "Mozilla/5.0 (compatible; AhrefsBot/7.0; +http://ahrefs.com/robot/)"
54.36.148.93 - - [13/Jun/2022:03:07:03 +0300] "GET /images/design3_03.jpg HTTP/1.0" 200 5032 "-" "Mozilla/5.0 (compatible; AhrefsBot/7.0; +http://ahrefs.com/robot/)"
54.36.149.54 - - [13/Jun/2022:03:07:04 +0300] "GET /images/certificate.png HTTP/1.0" 200 1926 "-" "Mozilla/5.0 (compatible; AhrefsBot/7.0; +http://ahrefs.com/robot/)"
54.36.148.14 - - [13/Jun/2022:03:07:05 +0300] "GET /images/shipped.png HTTP/1.0" 200 1581 "-" "Mozilla/5.0 (compatible; AhrefsBot/7.0; +http://ahrefs.com/robot/)"
54.36.148.164 - - [13/Jun/2022:03:07:06 +0300] "GET /images/design3_34.png HTTP/1.0" 200 4629 "-" "Mozilla/5.0 (compatible; AhrefsBot/7.0; +http://ahrefs.com/robot/)"
95.108.213.15 - - [13/Jun/2022:03:16:00 +0300] "GET /robots.txt HTTP/1.0" 200 1108 "-" "Mozilla/5.0 (compatible; YandexBot/3.0; +http://yandex.com/bots)"
95.108.213.15 - - [13/Jun/2022:03:16:04 +0300] "GET / HTTP/1.0" 200 9140 "-" "Mozilla/5.0 (compatible; YandexBot/3.0; +http://yandex.com/bots)"
95.108.213.15 - - [13/Jun/2022:03:16:07 +0300] "GET /katalog HTTP/1.0" 200 6153 "-" "Mozilla/5.0 (compatible; YandexBot/3.0; +http://yandex.com/bots)"
95.108.213.15 - - [13/Jun/2022:03:16:09 +0300] "GET /media/system/js/core.js?db402a5e3649fff12ad007864e10350a HTTP/1.1" 200 10637 "http://robukazan.ru/" "Mozilla/5.0 (compatible; YandexBot/3.0; +http://yandex.com/bots) AppleWebKit/537.36 (KHTML, like Gecko) Chrome/81.0.4044.268"
95.108.213.15 - - [13/Jun/2022:03:16:11 +0300] "GET /templates/shaper_helix3/js/main.js HTTP/1.1" 200 8742 "http://robukazan.ru/" "Mozilla/5.0 (compatible; YandexBot/3.0; +http://yandex.com/bots) AppleWebKit/537.36 (KHTML, like Gecko) Chrome/81.0.4044.268"
95.108.213.15 - - [13/Jun/2022:03:16:14 +0300] "GET /templates/shaper_helix3/js/jquery.sticky.js HTTP/1.1" 200 5739 "http://robukazan.ru/" "Mozilla/5.0 (compatible; YandexBot/3.0; +http://yandex.com/bots) AppleWebKit/537.36 (KHTML, like Gecko) Chrome/81.0.4044.268"
95.108.213.15 - - [13/Jun/2022:03:16:16 +0300] "GET /templates/shaper_helix3/js/bootstrap.min.js HTTP/1.1" 200 37045 "http://robukazan.ru/" "Mozilla/5.0 (compatible; YandexBot/3.0; +http://yandex.com/bots) AppleWebKit/537.36 (KHTML, like Gecko) Chrome/81.0.4044.268"
95.108.213.15 - - [13/Jun/2022:03:16:18 +0300] "GET /templates/shaper_helix3/js/frontend-edit.js HTTP/1.1" 200 1948 "http://robukazan.ru/" "Mozilla/5.0 (compatible; YandexBot/3.0; +http://yandex.com/bots) AppleWebKit/537.36 (KHTML, like Gecko) Chrome/81.0.4044.268"
95.108.213.15 - - [13/Jun/2022:03:16:20 +0300] "GET /media/system/js/core.js?db402a5e3649fff12ad007864e10350a HTTP/1.1" 200 10637 "http://robukazan.ru/katalog" "Mozilla/5.0 (compatible; YandexBot/3.0; +http://yandex.com/bots) AppleWebKit/537.36 (KHTML, like Gecko) Chrome/81.0.4044.268"
95.108.213.15 - - [13/Jun/2022:03:16:22 +0300] "GET /media/system/js/mootools-core.js?db402a5e3649fff12ad007864e10350a HTTP/1.1" 200 83893 "http://robukazan.ru/katalog" "Mozilla/5.0 (compatible; YandexBot/3.0; +http://yandex.com/bots) AppleWebKit/537.36 (KHTML, like Gecko) Chrome/81.0.4044.268"
95.108.213.15 - - [13/Jun/2022:03:16:24 +0300] "GET /templates/shaper_helix3/js/bootstrap.min.js HTTP/1.1" 200 37045 "http://robukazan.ru/katalog" "Mozilla/5.0 (compatible; YandexBot/3.0; +http://yandex.com/bots) AppleWebKit/537.36 (KHTML, like Gecko) Chrome/81.0.4044.268"
95.108.213.15 - - [13/Jun/2022:03:16:26 +0300] "GET /templates/shaper_helix3/js/main.js HTTP/1.1" 200 8742 "http://robukazan.ru/katalog" "Mozilla/5.0 (compatible; YandexBot/3.0; +http://yandex.com/bots) AppleWebKit/537.36 (KHTML, like Gecko) Chrome/81.0.4044.268"
95.108.213.15 - - [13/Jun/2022:03:16:28 +0300] "GET /templates/shaper_helix3/js/frontend-edit.js HTTP/1.1" 200 1948 "http://robukazan.ru/katalog" "Mozilla/5.0 (compatible; YandexBot/3.0; +http://yandex.com/bots) AppleWebKit/537.36 (KHTML, like Gecko) Chrome/81.0.4044.268"
95.108.213.15 - - [13/Jun/2022:03:16:30 +0300] "GET /templates/shaper_helix3/js/jquery.sticky.js HTTP/1.1" 200 5739 "http://robukazan.ru/katalog" "Mozilla/5.0 (compatible; YandexBot/3.0; +http://yandex.com/bots) AppleWebKit/537.36 (KHTML, like Gecko) Chrome/81.0.4044.268"
95.108.213.15 - - [13/Jun/2022:03:16:32 +0300] "GET /katalog/generatory HTTP/1.0" 200 6537 "-" "Mozilla/5.0 (compatible; YandexBot/3.0; +http://yandex.com/bots)"
95.108.213.15 - - [13/Jun/2022:03:16:34 +0300] "GET /katalog/apparaty-dlya-ehlektromuftovoj-svarki-pnd/nowatech-zern-2000plus HTTP/1.0" 200 7323 "-" "Mozilla/5.0 (compatible; YandexBot/3.0; +http://yandex.com/bots)"
95.108.213.15 - - [13/Jun/2022:03:16:36 +0300] "GET /katalog/category/view/2 HTTP/1.0" 200 7111 "-" "Mozilla/5.0 (compatible; YandexBot/3.0; +http://yandex.com/bots)"
95.108.213.15 - - [13/Jun/2022:03:16:38 +0300] "GET /katalog/apparaty-dlya-ehlektromuftovoj-svarki-pnd HTTP/1.0" 200 7275 "-" "Mozilla/5.0 (compatible; YandexBot/3.0; +http://yandex.com/bots) AppleWebKit/537.36 (KHTML, like Gecko) Chrome/81.0.4044.268"
95.108.213.15 - - [13/Jun/2022:03:16:40 +0300] "GET /katalog/product/view/1/71 HTTP/1.0" 200 9842 "-" "Mozilla/5.0 (compatible; YandexBot/3.0; +http://yandex.com/bots) AppleWebKit/537.36 (KHTML, like Gecko) Chrome/81.0.4044.268"
95.108.213.15 - - [13/Jun/2022:03:16:42 +0300] "GET /index.php/katalog/product/view/1/71 HTTP/1.0" 200 9848 "-" "Mozilla/5.0 (compatible; YandexBot/3.0; +http://yandex.com/bots) AppleWebKit/537.36 (KHTML, like Gecko) Chrome/81.0.4044.268"
5.255.231.207 - - [13/Jun/2022:03:16:44 +0300] "GET /katalog/product/view/1/80 HTTP/1.0" 200 7634 "-" "Mozilla/5.0 (compatible; YandexBot/3.0; +http://yandex.com/bots) AppleWebKit/537.36 (KHTML, like Gecko) Chrome/81.0.4044.268"
95.108.213.15 - - [13/Jun/2022:03:16:45 +0300] "GET /media/system/js/core.js?db402a5e3649fff12ad007864e10350a HTTP/1.1" 200 10637 "http://robukazan.ru/katalog/apparaty-dlya-ehlektromuftovoj-svarki-pnd" "Mozilla/5.0 (compatible; YandexBot/3.0; +http://yandex.com/bots) AppleWebKit/537.36 (KHTML, like Gecko) Chrome/81.0.4044.268"
5.255.231.207 - - [13/Jun/2022:03:16:47 +0300] "GET /templates/shaper_helix3/js/jquery.sticky.js HTTP/1.1" 200 5739 "http://robukazan.ru/katalog/apparaty-dlya-ehlektromuftovoj-svarki-pnd" "Mozilla/5.0 (compatible; YandexBot/3.0; +http://yandex.com/bots) AppleWebKit/537.36 (KHTML, like Gecko) Chrome/81.0.4044.268"
95.108.213.15 - - [13/Jun/2022:03:16:48 +0300] "GET /templates/shaper_helix3/js/frontend-edit.js HTTP/1.1" 200 1948 "http://robukazan.ru/katalog/apparaty-dlya-ehlektromuftovoj-svarki-pnd" "Mozilla/5.0 (compatible; YandexBot/3.0; +http://yandex.com/bots) AppleWebKit/537.36 (KHTML, like Gecko) Chrome/81.0.4044.268"
5.255.231.207 - - [13/Jun/2022:03:16:49 +0300] "GET /templates/shaper_helix3/js/bootstrap.min.js HTTP/1.1" 200 37045 "http://robukazan.ru/katalog/apparaty-dlya-ehlektromuftovoj-svarki-pnd" "Mozilla/5.0 (compatible; YandexBot/3.0; +http://yandex.com/bots) AppleWebKit/537.36 (KHTML, like Gecko) Chrome/81.0.4044.268"
95.108.213.15 - - [13/Jun/2022:03:16:51 +0300] "GET /templates/shaper_helix3/js/main.js HTTP/1.1" 200 8742 "http://robukazan.ru/katalog/apparaty-dlya-ehlektromuftovoj-svarki-pnd" "Mozilla/5.0 (compatible; YandexBot/3.0; +http://yandex.com/bots) AppleWebKit/537.36 (KHTML, like Gecko) Chrome/81.0.4044.268"
5.255.231.207 - - [13/Jun/2022:03:16:52 +0300] "GET /media/system/js/mootools-core.js?db402a5e3649fff12ad007864e10350a HTTP/1.1" 200 83893 "http://robukazan.ru/katalog/apparaty-dlya-ehlektromuftovoj-svarki-pnd" "Mozilla/5.0 (compatible; YandexBot/3.0; +http://yandex.com/bots) AppleWebKit/537.36 (KHTML, like Gecko) Chrome/81.0.4044.268"
95.108.213.15 - - [13/Jun/2022:03:16:53 +0300] "GET /templates/shaper_helix3/js/jquery.sticky.js HTTP/1.1" 200 5739 "http://robukazan.ru/katalog/product/view/1/71" "Mozilla/5.0 (compatible; YandexBot/3.0; +http://yandex.com/bots) AppleWebKit/537.36 (KHTML, like Gecko) Chrome/81.0.4044.268"
5.255.231.207 - - [13/Jun/2022:03:16:55 +0300] "GET /templates/shaper_helix3/js/main.js HTTP/1.1" 200 8742 "http://robukazan.ru/katalog/product/view/1/71" "Mozilla/5.0 (compatible; YandexBot/3.0; +http://yandex.com/bots) AppleWebKit/537.36 (KHTML, like Gecko) Chrome/81.0.4044.268"
95.108.213.15 - - [13/Jun/2022:03:16:56 +0300] "GET /templates/shaper_helix3/js/frontend-edit.js HTTP/1.1" 200 1948 "http://robukazan.ru/katalog/product/view/1/71" "Mozilla/5.0 (compatible; YandexBot/3.0; +http://yandex.com/bots) AppleWebKit/537.36 (KHTML, like Gecko) Chrome/81.0.4044.268"
5.255.231.207 - - [13/Jun/2022:03:16:57 +0300] "GET /media/system/js/core.js?db402a5e3649fff12ad007864e10350a HTTP/1.1" 200 10637 "http://robukazan.ru/katalog/product/view/1/71" "Mozilla/5.0 (compatible; YandexBot/3.0; +http://yandex.com/bots) AppleWebKit/537.36 (KHTML, like Gecko) Chrome/81.0.4044.268"
95.108.213.15 - - [13/Jun/2022:03:16:59 +0300] "GET /templates/shaper_helix3/js/bootstrap.min.js HTTP/1.1" 200 37045 "http://robukazan.ru/katalog/product/view/1/71" "Mozilla/5.0 (compatible; YandexBot/3.0; +http://yandex.com/bots) AppleWebKit/537.36 (KHTML, like Gecko) Chrome/81.0.4044.268"
5.255.231.207 - - [13/Jun/2022:03:17:00 +0300] "GET /media/system/js/mootools-core.js?db402a5e3649fff12ad007864e10350a HTTP/1.1" 200 83893 "http://robukazan.ru/katalog/product/view/1/71" "Mozilla/5.0 (compatible; YandexBot/3.0; +http://yandex.com/bots) AppleWebKit/537.36 (KHTML, like Gecko) Chrome/81.0.4044.268"
95.108.213.15 - - [13/Jun/2022:03:17:01 +0300] "GET /media/system/js/mootools-core.js?db402a5e3649fff12ad007864e10350a HTTP/1.1" 200 83893 "http://robukazan.ru/index.php/katalog/product/view/1/71" "Mozilla/5.0 (compatible; YandexBot/3.0; +http://yandex.com/bots) AppleWebKit/537.36 (KHTML, like Gecko) Chrome/81.0.4044.268"
5.255.231.207 - - [13/Jun/2022:03:17:03 +0300] "GET /templates/shaper_helix3/js/bootstrap.min.js HTTP/1.1" 200 37045 "http://robukazan.ru/index.php/katalog/product/view/1/71" "Mozilla/5.0 (compatible; YandexBot/3.0; +http://yandex.com/bots) AppleWebKit/537.36 (KHTML, like Gecko) Chrome/81.0.4044.268"
95.108.213.15 - - [13/Jun/2022:03:17:04 +0300] "GET /templates/shaper_helix3/js/frontend-edit.js HTTP/1.1" 200 1948 "http://robukazan.ru/index.php/katalog/product/view/1/71" "Mozilla/5.0 (compatible; YandexBot/3.0; +http://yandex.com/bots) AppleWebKit/537.36 (KHTML, like Gecko) Chrome/81.0.4044.268"
5.255.231.207 - - [13/Jun/2022:03:17:05 +0300] "GET /media/system/js/core.js?db402a5e3649fff12ad007864e10350a HTTP/1.1" 200 10637 "http://robukazan.ru/index.php/katalog/product/view/1/71" "Mozilla/5.0 (compatible; YandexBot/3.0; +http://yandex.com/bots) AppleWebKit/537.36 (KHTML, like Gecko) Chrome/81.0.4044.268"
95.108.213.15 - - [13/Jun/2022:03:17:06 +0300] "GET /templates/shaper_helix3/js/main.js HTTP/1.1" 200 8742 "http://robukazan.ru/index.php/katalog/product/view/1/71" "Mozilla/5.0 (compatible; YandexBot/3.0; +http://yandex.com/bots) AppleWebKit/537.36 (KHTML, like Gecko) Chrome/81.0.4044.268"
5.255.231.207 - - [13/Jun/2022:03:17:08 +0300] "GET /templates/shaper_helix3/js/jquery.sticky.js HTTP/1.1" 200 5739 "http://robukazan.ru/index.php/katalog/product/view/1/71" "Mozilla/5.0 (compatible; YandexBot/3.0; +http://yandex.com/bots) AppleWebKit/537.36 (KHTML, like Gecko) Chrome/81.0.4044.268"
95.108.213.15 - - [13/Jun/2022:03:17:09 +0300] "GET /katalog/product/view/1/73 HTTP/1.0" 200 9814 "-" "Mozilla/5.0 (compatible; YandexBot/3.0; +http://yandex.com/bots)"
5.255.231.207 - - [13/Jun/2022:03:17:10 +0300] "GET /katalog/category/view/3 HTTP/1.0" 200 7276 "-" "Mozilla/5.0 (compatible; YandexBot/3.0; +http://yandex.com/bots)"
95.108.213.15 - - [13/Jun/2022:03:17:30 +0300] "GET /media/system/js/mootools-core.js?db402a5e3649fff12ad007864e10350a HTTP/1.1" 200 83893 "http://robukazan.ru/katalog/product/view/1/80" "Mozilla/5.0 (compatible; YandexBot/3.0; +http://yandex.com/bots) AppleWebKit/537.36 (KHTML, like Gecko) Chrome/81.0.4044.268"
5.255.231.207 - - [13/Jun/2022:03:17:31 +0300] "GET /templates/shaper_helix3/js/main.js HTTP/1.1" 200 8742 "http://robukazan.ru/katalog/product/view/1/80" "Mozilla/5.0 (compatible; YandexBot/3.0; +http://yandex.com/bots) AppleWebKit/537.36 (KHTML, like Gecko) Chrome/81.0.4044.268"
95.108.213.15 - - [13/Jun/2022:03:17:32 +0300] "GET /templates/shaper_helix3/js/jquery.sticky.js HTTP/1.1" 200 5739 "http://robukazan.ru/katalog/product/view/1/80" "Mozilla/5.0 (compatible; YandexBot/3.0; +http://yandex.com/bots) AppleWebKit/537.36 (KHTML, like Gecko) Chrome/81.0.4044.268"
5.255.231.207 - - [13/Jun/2022:03:17:33 +0300] "GET /templates/shaper_helix3/js/frontend-edit.js HTTP/1.1" 200 1948 "http://robukazan.ru/katalog/product/view/1/80" "Mozilla/5.0 (compatible; YandexBot/3.0; +http://yandex.com/bots) AppleWebKit/537.36 (KHTML, like Gecko) Chrome/81.0.4044.268"
95.108.213.15 - - [13/Jun/2022:03:17:34 +0300] "GET /media/system/js/core.js?db402a5e3649fff12ad007864e10350a HTTP/1.1" 200 10637 "http://robukazan.ru/katalog/product/view/1/80" "Mozilla/5.0 (compatible; YandexBot/3.0; +http://yandex.com/bots) AppleWebKit/537.36 (KHTML, like Gecko) Chrome/81.0.4044.268"
84.17.42.8 - - [13/Jun/2022:03:18:19 +0300] "GET /administrator/index.php HTTP/1.0" 200 7144 "http://robukazan.ru/administrator/index.php" "Mozilla/5.0 (Windows NT 10.0; WOW64) AppleWebKit/537.36 (KHTML, like Gecko) Chrome/62.0.3198.0 Safari/537.36 OPR/49.0.2711.0"
84.17.42.8 - - [13/Jun/2022:03:18:20 +0300] "POST /administrator/index.php HTTP/1.0" 200 7438 "http://robukazan.ru/administrator/index.php" "Mozilla/5.0 (Windows NT 10.0; WOW64) AppleWebKit/537.36 (KHTML, like Gecko) Chrome/62.0.3198.0 Safari/537.36 OPR/49.0.2711.0"
84.17.42.8 - - [13/Jun/2022:03:27:04 +0300] "GET /administrator/index.php HTTP/1.0" 200 7144 "http://robukazan.ru/administrator/index.php" "Mozilla/5.0 (Windows NT 10.0; WOW64) AppleWebKit/537.36 (KHTML, like Gecko) Chrome/62.0.3198.0 Safari/537.36 OPR/49.0.2711.0"
84.17.42.8 - - [13/Jun/2022:03:27:04 +0300] "POST /administrator/index.php HTTP/1.0" 200 7438 "http://robukazan.ru/administrator/index.php" "Mozilla/5.0 (Windows NT 10.0; WOW64) AppleWebKit/537.36 (KHTML, like Gecko) Chrome/62.0.3198.0 Safari/537.36 OPR/49.0.2711.0"
52.226.227.211 - - [13/Jun/2022:03:30:24 +0300] "GET /templates/shaper_helix3/css/font-awesome.min.css HTTP/1.1" 200 31000 "-" "Mozilla/5.0 (Windows NT 10.0; Win64; x64) AppleWebKit/537.36 (KHTML, like Gecko) Chrome/76.0.3809.100 Safari/537.36"
54.36.148.190 - - [13/Jun/2022:03:31:25 +0300] "GET /katalog/apparaty-dlya-ehlektromuftovoj-svarki-pnd/centaur HTTP/1.0" 200 7454 "-" "Mozilla/5.0 (compatible; AhrefsBot/7.0; +http://ahrefs.com/robot/)"
18.237.135.51 - - [13/Jun/2022:03:31:31 +0300] "GET / HTTP/1.0" 200 9141 "-" "Mozilla/5.0 (X11; Linux x86_64) AppleWebKit/537.36 (KHTML, like Gecko) Chrome/83.0.4103.97 Safari/537.36"
34.219.219.45 - - [13/Jun/2022:03:31:35 +0300] "GET / HTTP/1.0" 200 9142 "-" "Mozilla/5.0 (X11; Linux x86_64) AppleWebKit/537.36 (KHTML, like Gecko) Chrome/83.0.4103.97 Safari/537.36"
52.42.18.56 - - [13/Jun/2022:03:31:58 +0300] "GET /favicon.ico HTTP/1.0" 404 1871 "-" "Mozilla/5.0 (X11; Linux x86_64) AppleWebKit/537.36 (KHTML, like Gecko) Chrome/83.0.4103.97 Safari/537.36"
52.42.18.56 - - [13/Jun/2022:03:32:00 +0300] "GET / HTTP/1.0" 200 9137 "-" "Mozilla/5.0 (X11; Linux x86_64) AppleWebKit/537.36 (KHTML, like Gecko) Chrome/83.0.4103.97 Safari/537.36"
84.17.42.8 - - [13/Jun/2022:03:35:45 +0300] "GET /administrator/index.php HTTP/1.0" 200 7144 "http://robukazan.ru/administrator/index.php" "Mozilla/5.0 (Windows NT 10.0; WOW64) AppleWebKit/537.36 (KHTML, like Gecko) Chrome/62.0.3198.0 Safari/537.36 OPR/49.0.2711.0"
84.17.42.8 - - [13/Jun/2022:03:35:45 +0300] "POST /administrator/index.php HTTP/1.0" 200 7438 "http://robukazan.ru/administrator/index.php" "Mozilla/5.0 (Windows NT 10.0; WOW64) AppleWebKit/537.36 (KHTML, like Gecko) Chrome/62.0.3198.0 Safari/537.36 OPR/49.0.2711.0"
84.17.42.8 - - [13/Jun/2022:03:52:06 +0300] "GET /administrator/index.php HTTP/1.0" 200 7144 "http://robukazan.ru/administrator/index.php" "Mozilla/5.0 (Windows NT 10.0; WOW64) AppleWebKit/537.36 (KHTML, like Gecko) Chrome/62.0.3198.0 Safari/537.36 OPR/49.0.2711.0"
84.17.42.8 - - [13/Jun/2022:03:52:06 +0300] "POST /administrator/index.php HTTP/1.0" 200 7438 "http://robukazan.ru/administrator/index.php" "Mozilla/5.0 (Windows NT 10.0; WOW64) AppleWebKit/537.36 (KHTML, like Gecko) Chrome/62.0.3198.0 Safari/537.36 OPR/49.0.2711.0"
54.36.148.190 - - [13/Jun/2022:03:54:24 +0300] "GET /katalog/apparaty-dlya-ehlektromuftovoj-svarki-pnd/nowatech-zern-4000 HTTP/1.0" 200 7276 "-" "Mozilla/5.0 (compatible; AhrefsBot/7.0; +http://ahrefs.com/robot/)"
114.119.138.205 - - [13/Jun/2022:03:57:19 +0300] "GET /katalog/apparaty-dlya-stykovoj-svarki/robu-w160-s HTTP/1.0" 200 8875 "http://robukazan.ru/index.php" "Mozilla/5.0 (compatible;PetalBot;+https://webmaster.petalsearch.com/site/petalbot)"
84.17.42.8 - - [13/Jun/2022:04:01:17 +0300] "GET /administrator/index.php HTTP/1.0" 200 7144 "http://robukazan.ru/administrator/index.php" "Mozilla/5.0 (Windows NT 10.0; WOW64) AppleWebKit/537.36 (KHTML, like Gecko) Chrome/62.0.3198.0 Safari/537.36 OPR/49.0.2711.0"
84.17.42.8 - - [13/Jun/2022:04:01:17 +0300] "POST /administrator/index.php HTTP/1.0" 200 7438 "http://robukazan.ru/administrator/index.php" "Mozilla/5.0 (Windows NT 10.0; WOW64) AppleWebKit/537.36 (KHTML, like Gecko) Chrome/62.0.3198.0 Safari/537.36 OPR/49.0.2711.0"
114.119.138.202 - - [13/Jun/2022:04:09:01 +0300] "GET /katalog/apparaty-dlya-stykovoj-svarki/robu-w-1600 HTTP/1.0" 200 7646 "http://www.robukazan.ru/katalog/apparaty-dlya-stykovoj-svarki" "Mozilla/5.0 (Linux; Android 7.0;) AppleWebKit/537.36 (KHTML, like Gecko) Mobile Safari/537.36 (compatible; PetalBot;+https://webmaster.petalsearch.com/site/petalbot)"
84.17.42.8 - - [13/Jun/2022:04:10:06 +0300] "GET /administrator/index.php HTTP/1.0" 200 7144 "http://robukazan.ru/administrator/index.php" "Mozilla/5.0 (Windows NT 10.0; WOW64) AppleWebKit/537.36 (KHTML, like Gecko) Chrome/62.0.3198.0 Safari/537.36 OPR/49.0.2711.0"
84.17.42.8 - - [13/Jun/2022:04:10:07 +0300] "POST /administrator/index.php HTTP/1.0" 200 7438 "http://robukazan.ru/administrator/index.php" "Mozilla/5.0 (Windows NT 10.0; WOW64) AppleWebKit/537.36 (KHTML, like Gecko) Chrome/62.0.3198.0 Safari/537.36 OPR/49.0.2711.0"
