84.17.42.8 - - [12/Jun/2022:09:29:04 +0300] "POST /administrator/index.php HTTP/1.0" 200 7438 "http://robukazan.ru/administrator/index.php" "Mozilla/5.0 (Windows NT 10.0; WOW64) AppleWebKit/537.36 (KHTML, like Gecko) Chrome/62.0.3198.0 Safari/537.36 OPR/49.0.2711.0"
54.36.148.190 - - [12/Jun/2022:09:32:52 +0300] "GET /katalog/apparaty-dlya-stykovoj-svarki/robu-w-315 HTTP/1.0" 200 9826 "-" "Mozilla/5.0 (compatible; AhrefsBot/7.0; +http://ahrefs.com/robot/)"
84.17.42.8 - - [12/Jun/2022:09:37:43 +0300] "GET /administrator/index.php HTTP/1.0" 200 7144 "http://robukazan.ru/administrator/index.php" "Mozilla/5.0 (Windows NT 10.0; WOW64) AppleWebKit/537.36 (KHTML, like Gecko) Chrome/62.0.3198.0 Safari/537.36 OPR/49.0.2711.0"
84.17.42.8 - - [12/Jun/2022:09:37:44 +0300] "POST /administrator/index.php HTTP/1.0" 200 7438 "http://robukazan.ru/administrator/index.php" "Mozilla/5.0 (Windows NT 10.0; WOW64) AppleWebKit/537.36 (KHTML, like Gecko) Chrome/62.0.3198.0 Safari/537.36 OPR/49.0.2711.0"
84.17.42.8 - - [12/Jun/2022:09:46:23 +0300] "GET /administrator/index.php HTTP/1.0" 200 7144 "http://robukazan.ru/administrator/index.php" "Mozilla/5.0 (Windows NT 10.0; WOW64) AppleWebKit/537.36 (KHTML, like Gecko) Chrome/62.0.3198.0 Safari/537.36 OPR/49.0.2711.0"
84.17.42.8 - - [12/Jun/2022:09:46:24 +0300] "POST /administrator/index.php HTTP/1.0" 200 7438 "http://robukazan.ru/administrator/index.php" "Mozilla/5.0 (Windows NT 10.0; WOW64) AppleWebKit/537.36 (KHTML, like Gecko) Chrome/62.0.3198.0 Safari/537.36 OPR/49.0.2711.0"
84.17.42.8 - - [12/Jun/2022:10:02:35 +0300] "GET /administrator/index.php HTTP/1.0" 200 7144 "http://robukazan.ru/administrator/index.php" "Mozilla/5.0 (Windows NT 10.0; WOW64) AppleWebKit/537.36 (KHTML, like Gecko) Chrome/62.0.3198.0 Safari/537.36 OPR/49.0.2711.0"
84.17.42.8 - - [12/Jun/2022:10:02:35 +0300] "POST /administrator/index.php HTTP/1.0" 200 7438 "http://robukazan.ru/administrator/index.php" "Mozilla/5.0 (Windows NT 10.0; WOW64) AppleWebKit/537.36 (KHTML, like Gecko) Chrome/62.0.3198.0 Safari/537.36 OPR/49.0.2711.0"
114.119.131.235 - - [12/Jun/2022:10:03:23 +0300] "GET /index.php/dostavka HTTP/1.0" 200 7055 "http://www.robukazan.ru/katalog/apparaty-dlya-ehlektromuftovoj-svarki-pnd/centaur" "Mozilla/5.0 (Linux; Android 7.0;) AppleWebKit/537.36 (KHTML, like Gecko) Mobile Safari/537.36 (compatible; PetalBot;+https://webmaster.petalsearch.com/site/petalbot)"
84.17.42.8 - - [12/Jun/2022:10:11:33 +0300] "GET /administrator/index.php HTTP/1.0" 200 7144 "http://robukazan.ru/administrator/index.php" "Mozilla/5.0 (Windows NT 10.0; WOW64) AppleWebKit/537.36 (KHTML, like Gecko) Chrome/62.0.3198.0 Safari/537.36 OPR/49.0.2711.0"
84.17.42.8 - - [12/Jun/2022:10:11:34 +0300] "POST /administrator/index.php HTTP/1.0" 200 7438 "http://robukazan.ru/administrator/index.php" "Mozilla/5.0 (Windows NT 10.0; WOW64) AppleWebKit/537.36 (KHTML, like Gecko) Chrome/62.0.3198.0 Safari/537.36 OPR/49.0.2711.0"
114.119.138.205 - - [12/Jun/2022:10:13:54 +0300] "GET /katalog/apparaty-dlya-stykovoj-svarki/robu-w-500 HTTP/1.0" 200 9851 "http://www.robukazan.ru/" "Mozilla/5.0 (Linux; Android 7.0;) AppleWebKit/537.36 (KHTML, like Gecko) Mobile Safari/537.36 (compatible; PetalBot;+https://webmaster.petalsearch.com/site/petalbot)"
84.17.42.8 - - [12/Jun/2022:10:19:31 +0300] "GET /administrator/index.php HTTP/1.0" 200 7144 "http://robukazan.ru/administrator/index.php" "Mozilla/5.0 (Windows NT 10.0; WOW64) AppleWebKit/537.36 (KHTML, like Gecko) Chrome/62.0.3198.0 Safari/537.36 OPR/49.0.2711.0"
84.17.42.8 - - [12/Jun/2022:10:19:31 +0300] "POST /administrator/index.php HTTP/1.0" 200 7438 "http://robukazan.ru/administrator/index.php" "Mozilla/5.0 (Windows NT 10.0; WOW64) AppleWebKit/537.36 (KHTML, like Gecko) Chrome/62.0.3198.0 Safari/537.36 OPR/49.0.2711.0"
54.36.148.190 - - [12/Jun/2022:10:22:13 +0300] "GET /katalog/apparaty-dlya-stykovoj-svarki/robu-w-630 HTTP/1.0" 200 9826 "-" "Mozilla/5.0 (compatible; AhrefsBot/7.0; +http://ahrefs.com/robot/)"
114.119.143.130 - - [12/Jun/2022:10:24:35 +0300] "GET /katalog/apparaty-dlya-ehlektromuftovoj-svarki-pnd/nowatech-zeen-800plus HTTP/1.0" 200 7493 "http://robukazan.ru/katalog/apparaty-dlya-ehlektromuftovoj-svarki-pnd" "Mozilla/5.0 (Linux; Android 7.0;) AppleWebKit/537.36 (KHTML, like Gecko) Mobile Safari/537.36 (compatible; PetalBot;+https://webmaster.petalsearch.com/site/petalbot)"
84.17.42.8 - - [12/Jun/2022:10:34:01 +0300] "GET /administrator/index.php HTTP/1.0" 200 7144 "http://robukazan.ru/administrator/index.php" "Mozilla/5.0 (Windows NT 10.0; WOW64) AppleWebKit/537.36 (KHTML, like Gecko) Chrome/62.0.3198.0 Safari/537.36 OPR/49.0.2711.0"
84.17.42.8 - - [12/Jun/2022:10:34:01 +0300] "POST /administrator/index.php HTTP/1.0" 200 7438 "http://robukazan.ru/administrator/index.php" "Mozilla/5.0 (Windows NT 10.0; WOW64) AppleWebKit/537.36 (KHTML, like Gecko) Chrome/62.0.3198.0 Safari/537.36 OPR/49.0.2711.0"
114.119.138.205 - - [12/Jun/2022:10:43:16 +0300] "GET /katalog/apparaty-dlya-stykovoj-svarki/robu-w-800 HTTP/1.0" 200 9814 "http://robukazan.ru/katalog/apparaty-dlya-stykovoj-svarki" "Mozilla/5.0 (Linux; Android 7.0;) AppleWebKit/537.36 (KHTML, like Gecko) Mobile Safari/537.36 (compatible; PetalBot;+https://webmaster.petalsearch.com/site/petalbot)"
84.17.42.8 - - [12/Jun/2022:10:45:58 +0300] "GET /administrator/index.php HTTP/1.0" 200 7144 "http://robukazan.ru/administrator/index.php" "Mozilla/5.0 (Windows NT 10.0; WOW64) AppleWebKit/537.36 (KHTML, like Gecko) Chrome/62.0.3198.0 Safari/537.36 OPR/49.0.2711.0"
84.17.42.8 - - [12/Jun/2022:10:45:58 +0300] "POST /administrator/index.php HTTP/1.0" 200 7438 "http://robukazan.ru/administrator/index.php" "Mozilla/5.0 (Windows NT 10.0; WOW64) AppleWebKit/537.36 (KHTML, like Gecko) Chrome/62.0.3198.0 Safari/537.36 OPR/49.0.2711.0"
84.17.42.8 - - [12/Jun/2022:10:54:43 +0300] "GET /administrator/index.php HTTP/1.0" 200 7144 "http://robukazan.ru/administrator/index.php" "Mozilla/5.0 (Windows NT 10.0; WOW64) AppleWebKit/537.36 (KHTML, like Gecko) Chrome/62.0.3198.0 Safari/537.36 OPR/49.0.2711.0"
84.17.42.8 - - [12/Jun/2022:10:54:43 +0300] "POST /administrator/index.php HTTP/1.0" 200 7438 "http://robukazan.ru/administrator/index.php" "Mozilla/5.0 (Windows NT 10.0; WOW64) AppleWebKit/537.36 (KHTML, like Gecko) Chrome/62.0.3198.0 Safari/537.36 OPR/49.0.2711.0"
84.17.42.8 - - [12/Jun/2022:11:08:49 +0300] "GET /administrator/index.php HTTP/1.0" 200 7144 "http://robukazan.ru/administrator/index.php" "Mozilla/5.0 (Windows NT 10.0; WOW64) AppleWebKit/537.36 (KHTML, like Gecko) Chrome/62.0.3198.0 Safari/537.36 OPR/49.0.2711.0"
84.17.42.8 - - [12/Jun/2022:11:08:49 +0300] "POST /administrator/index.php HTTP/1.0" 200 7438 "http://robukazan.ru/administrator/index.php" "Mozilla/5.0 (Windows NT 10.0; WOW64) AppleWebKit/537.36 (KHTML, like Gecko) Chrome/62.0.3198.0 Safari/537.36 OPR/49.0.2711.0"
54.36.148.190 - - [12/Jun/2022:11:15:03 +0300] "GET /katalog/apparaty-dlya-stykovoj-svarki/robu-w-250 HTTP/1.0" 200 9817 "-" "Mozilla/5.0 (compatible; AhrefsBot/7.0; +http://ahrefs.com/robot/)"
84.17.42.8 - - [12/Jun/2022:11:17:27 +0300] "GET /administrator/index.php HTTP/1.0" 200 7144 "http://robukazan.ru/administrator/index.php" "Mozilla/5.0 (Windows NT 10.0; WOW64) AppleWebKit/537.36 (KHTML, like Gecko) Chrome/62.0.3198.0 Safari/537.36 OPR/49.0.2711.0"
84.17.42.8 - - [12/Jun/2022:11:17:28 +0300] "POST /administrator/index.php HTTP/1.0" 200 7438 "http://robukazan.ru/administrator/index.php" "Mozilla/5.0 (Windows NT 10.0; WOW64) AppleWebKit/537.36 (KHTML, like Gecko) Chrome/62.0.3198.0 Safari/537.36 OPR/49.0.2711.0"
188.241.177.230 - - [12/Jun/2022:11:20:32 +0300] "GET /administrator/index.php HTTP/1.0" 200 2927 "-" "Mozilla/5.0 (Windows NT 10.0; WOW64) AppleWebKit/537.36 (KHTML, like Gecko) Chrome/75.0.3770.100 Safari/537.36"
188.241.177.230 - - [12/Jun/2022:11:20:36 +0300] "POST /administrator/index.php HTTP/1.0" 200 3000 "-" "Mozilla/5.0 (Windows NT 10.0; WOW64) AppleWebKit/537.36 (KHTML, like Gecko) Chrome/75.0.3770.100 Safari/537.36"
188.241.177.230 - - [12/Jun/2022:11:20:38 +0300] "GET /administrator/index.php HTTP/1.0" 200 2830 "-" "Mozilla/5.0 (Windows NT 10.0; WOW64) AppleWebKit/537.36 (KHTML, like Gecko) Chrome/75.0.3770.100 Safari/537.36"
84.17.42.8 - - [12/Jun/2022:11:26:16 +0300] "GET /administrator/index.php HTTP/1.0" 200 7144 "http://robukazan.ru/administrator/index.php" "Mozilla/5.0 (Windows NT 10.0; WOW64) AppleWebKit/537.36 (KHTML, like Gecko) Chrome/62.0.3198.0 Safari/537.36 OPR/49.0.2711.0"
84.17.42.8 - - [12/Jun/2022:11:26:17 +0300] "POST /administrator/index.php HTTP/1.0" 200 7438 "http://robukazan.ru/administrator/index.php" "Mozilla/5.0 (Windows NT 10.0; WOW64) AppleWebKit/537.36 (KHTML, like Gecko) Chrome/62.0.3198.0 Safari/537.36 OPR/49.0.2711.0"
84.17.42.8 - - [12/Jun/2022:11:44:28 +0300] "GET /administrator/index.php HTTP/1.0" 200 7144 "http://robukazan.ru/administrator/index.php" "Mozilla/5.0 (Windows NT 10.0; WOW64) AppleWebKit/537.36 (KHTML, like Gecko) Chrome/62.0.3198.0 Safari/537.36 OPR/49.0.2711.0"
84.17.42.8 - - [12/Jun/2022:11:44:28 +0300] "POST /administrator/index.php HTTP/1.0" 200 7438 "http://robukazan.ru/administrator/index.php" "Mozilla/5.0 (Windows NT 10.0; WOW64) AppleWebKit/537.36 (KHTML, like Gecko) Chrome/62.0.3198.0 Safari/537.36 OPR/49.0.2711.0"
84.17.42.8 - - [12/Jun/2022:11:54:22 +0300] "GET /administrator/index.php HTTP/1.0" 200 7144 "http://robukazan.ru/administrator/index.php" "Mozilla/5.0 (Windows NT 10.0; WOW64) AppleWebKit/537.36 (KHTML, like Gecko) Chrome/62.0.3198.0 Safari/537.36 OPR/49.0.2711.0"
84.17.42.8 - - [12/Jun/2022:11:54:22 +0300] "POST /administrator/index.php HTTP/1.0" 200 7438 "http://robukazan.ru/administrator/index.php" "Mozilla/5.0 (Windows NT 10.0; WOW64) AppleWebKit/537.36 (KHTML, like Gecko) Chrome/62.0.3198.0 Safari/537.36 OPR/49.0.2711.0"
84.17.42.8 - - [12/Jun/2022:12:02:59 +0300] "GET /administrator/index.php HTTP/1.0" 200 7144 "http://robukazan.ru/administrator/index.php" "Mozilla/5.0 (Windows NT 10.0; WOW64) AppleWebKit/537.36 (KHTML, like Gecko) Chrome/62.0.3198.0 Safari/537.36 OPR/49.0.2711.0"
84.17.42.8 - - [12/Jun/2022:12:03:00 +0300] "POST /administrator/index.php HTTP/1.0" 200 7438 "http://robukazan.ru/administrator/index.php" "Mozilla/5.0 (Windows NT 10.0; WOW64) AppleWebKit/537.36 (KHTML, like Gecko) Chrome/62.0.3198.0 Safari/537.36 OPR/49.0.2711.0"
84.17.42.8 - - [12/Jun/2022:12:17:54 +0300] "GET /administrator/index.php HTTP/1.0" 200 7144 "http://robukazan.ru/administrator/index.php" "Mozilla/5.0 (Windows NT 10.0; WOW64) AppleWebKit/537.36 (KHTML, like Gecko) Chrome/62.0.3198.0 Safari/537.36 OPR/49.0.2711.0"
84.17.42.8 - - [12/Jun/2022:12:17:54 +0300] "POST /administrator/index.php HTTP/1.0" 200 7438 "http://robukazan.ru/administrator/index.php" "Mozilla/5.0 (Windows NT 10.0; WOW64) AppleWebKit/537.36 (KHTML, like Gecko) Chrome/62.0.3198.0 Safari/537.36 OPR/49.0.2711.0"
84.17.42.8 - - [12/Jun/2022:12:29:52 +0300] "GET /administrator/index.php HTTP/1.0" 200 7144 "http://robukazan.ru/administrator/index.php" "Mozilla/5.0 (Windows NT 10.0; WOW64) AppleWebKit/537.36 (KHTML, like Gecko) Chrome/62.0.3198.0 Safari/537.36 OPR/49.0.2711.0"
84.17.42.8 - - [12/Jun/2022:12:29:53 +0300] "POST /administrator/index.php HTTP/1.0" 200 7438 "http://robukazan.ru/administrator/index.php" "Mozilla/5.0 (Windows NT 10.0; WOW64) AppleWebKit/537.36 (KHTML, like Gecko) Chrome/62.0.3198.0 Safari/537.36 OPR/49.0.2711.0"
84.17.42.8 - - [12/Jun/2022:12:39:55 +0300] "GET /administrator/index.php HTTP/1.0" 200 7144 "http://robukazan.ru/administrator/index.php" "Mozilla/5.0 (Windows NT 10.0; WOW64) AppleWebKit/537.36 (KHTML, like Gecko) Chrome/62.0.3198.0 Safari/537.36 OPR/49.0.2711.0"
84.17.42.8 - - [12/Jun/2022:12:39:56 +0300] "POST /administrator/index.php HTTP/1.0" 200 7438 "http://robukazan.ru/administrator/index.php" "Mozilla/5.0 (Windows NT 10.0; WOW64) AppleWebKit/537.36 (KHTML, like Gecko) Chrome/62.0.3198.0 Safari/537.36 OPR/49.0.2711.0"
156.67.222.207 - - [12/Jun/2022:12:46:22 +0300] "GET /wikindex.php?f=/bmLUxZLeaiRIek7s/umvUsXN4HVg3BzRf.txt HTTP/1.0" 404 1872 "-" "Mozilla/5.0 (Windows NT 6.1; Win64; x64; rv:47.0) Gecko/20100101 Firefox/62.0"
156.67.222.207 - - [12/Jun/2022:12:46:22 +0300] "GET /wp-content/mu-plugins-old/index.php?f=/bmLUxZLeaiRIek7s/umvUsXN4HVg3BzRf.txt HTTP/1.0" 404 1895 "-" "Mozilla/5.0 (Windows NT 10.0; Win64; x64; rv:88.0) Gecko/20100101 Firefox/88.0"
156.67.222.207 - - [12/Jun/2022:12:46:22 +0300] "GET /3index.php?f=/bmLUxZLeaiRIek7s/umvUsXN4HVg3BzRf.txt HTTP/1.0" 404 1870 "-" "Mozilla/5.0 (Linux; Android 9; Redmi Note 7) AppleWebKit/537.36 (KHTML, like Gecko) Chrome/83.0.4103.106 Mobile Safari/537.36"
156.67.222.207 - - [12/Jun/2022:12:46:22 +0300] "GET /class-wp-widget-archives.php HTTP/1.0" 404 1888 "-" "Mozilla/5.0 (Linux; Android 10; SM-A125F) AppleWebKit/537.36 (KHTML, like Gecko) Chrome/89.0.4389.105 Mobile Safari/537.36 OPR/63.3.3216.58675"
156.67.222.207 - - [12/Jun/2022:12:46:22 +0300] "GET /admin.php?f=/bmLUxZLeaiRIek7s/umvUsXN4HVg3BzRf.txt HTTP/1.0" 404 1869 "-" "Mozilla/5.0 (Linux; Android 7.1.2; Redmi 4X) AppleWebKit/537.36 (KHTML, like Gecko) Chrome/83.0.4103.106 Mobile Safari/537.36"
84.17.42.8 - - [12/Jun/2022:12:54:25 +0300] "GET /administrator/index.php HTTP/1.0" 200 7144 "http://robukazan.ru/administrator/index.php" "Mozilla/5.0 (Windows NT 10.0; WOW64) AppleWebKit/537.36 (KHTML, like Gecko) Chrome/62.0.3198.0 Safari/537.36 OPR/49.0.2711.0"
84.17.42.8 - - [12/Jun/2022:12:54:26 +0300] "POST /administrator/index.php HTTP/1.0" 200 7438 "http://robukazan.ru/administrator/index.php" "Mozilla/5.0 (Windows NT 10.0; WOW64) AppleWebKit/537.36 (KHTML, like Gecko) Chrome/62.0.3198.0 Safari/537.36 OPR/49.0.2711.0"
84.17.42.8 - - [12/Jun/2022:13:03:08 +0300] "GET /administrator/index.php HTTP/1.0" 200 7144 "http://robukazan.ru/administrator/index.php" "Mozilla/5.0 (Windows NT 10.0; WOW64) AppleWebKit/537.36 (KHTML, like Gecko) Chrome/62.0.3198.0 Safari/537.36 OPR/49.0.2711.0"
84.17.42.8 - - [12/Jun/2022:13:03:08 +0300] "POST /administrator/index.php HTTP/1.0" 200 7438 "http://robukazan.ru/administrator/index.php" "Mozilla/5.0 (Windows NT 10.0; WOW64) AppleWebKit/537.36 (KHTML, like Gecko) Chrome/62.0.3198.0 Safari/537.36 OPR/49.0.2711.0"
84.17.42.8 - - [12/Jun/2022:13:12:45 +0300] "GET /administrator/index.php HTTP/1.0" 200 7144 "http://robukazan.ru/administrator/index.php" "Mozilla/5.0 (Windows NT 10.0; WOW64) AppleWebKit/537.36 (KHTML, like Gecko) Chrome/62.0.3198.0 Safari/537.36 OPR/49.0.2711.0"
84.17.42.8 - - [12/Jun/2022:13:12:45 +0300] "POST /administrator/index.php HTTP/1.0" 200 7438 "http://robukazan.ru/administrator/index.php" "Mozilla/5.0 (Windows NT 10.0; WOW64) AppleWebKit/537.36 (KHTML, like Gecko) Chrome/62.0.3198.0 Safari/537.36 OPR/49.0.2711.0"
84.17.42.8 - - [12/Jun/2022:13:28:25 +0300] "GET /administrator/index.php HTTP/1.0" 200 7144 "http://robukazan.ru/administrator/index.php" "Mozilla/5.0 (Windows NT 10.0; WOW64) AppleWebKit/537.36 (KHTML, like Gecko) Chrome/62.0.3198.0 Safari/537.36 OPR/49.0.2711.0"
84.17.42.8 - - [12/Jun/2022:13:28:25 +0300] "POST /administrator/index.php HTTP/1.0" 200 7438 "http://robukazan.ru/administrator/index.php" "Mozilla/5.0 (Windows NT 10.0; WOW64) AppleWebKit/537.36 (KHTML, like Gecko) Chrome/62.0.3198.0 Safari/537.36 OPR/49.0.2711.0"
52.226.210.206 - - [12/Jun/2022:13:31:01 +0300] "GET /components/com_sppagebuilder/assets/css/magnific-popup.css HTTP/1.1" 200 7797 "-" "Mozilla/5.0 (Windows NT 10.0; Win64; x64) AppleWebKit/537.36 (KHTML, like Gecko) Chrome/76.0.3809.100 Safari/537.36"
84.17.42.8 - - [12/Jun/2022:13:37:04 +0300] "GET /administrator/index.php HTTP/1.0" 200 7144 "http://robukazan.ru/administrator/index.php" "Mozilla/5.0 (Windows NT 10.0; WOW64) AppleWebKit/537.36 (KHTML, like Gecko) Chrome/62.0.3198.0 Safari/537.36 OPR/49.0.2711.0"
84.17.42.8 - - [12/Jun/2022:13:37:04 +0300] "POST /administrator/index.php HTTP/1.0" 200 7438 "http://robukazan.ru/administrator/index.php" "Mozilla/5.0 (Windows NT 10.0; WOW64) AppleWebKit/537.36 (KHTML, like Gecko) Chrome/62.0.3198.0 Safari/537.36 OPR/49.0.2711.0"
84.17.42.8 - - [12/Jun/2022:13:45:50 +0300] "GET /administrator/index.php HTTP/1.0" 200 7144 "http://robukazan.ru/administrator/index.php" "Mozilla/5.0 (Windows NT 10.0; WOW64) AppleWebKit/537.36 (KHTML, like Gecko) Chrome/62.0.3198.0 Safari/537.36 OPR/49.0.2711.0"
84.17.42.8 - - [12/Jun/2022:13:45:50 +0300] "POST /administrator/index.php HTTP/1.0" 200 7438 "http://robukazan.ru/administrator/index.php" "Mozilla/5.0 (Windows NT 10.0; WOW64) AppleWebKit/537.36 (KHTML, like Gecko) Chrome/62.0.3198.0 Safari/537.36 OPR/49.0.2711.0"
84.17.42.8 - - [12/Jun/2022:14:01:45 +0300] "GET /administrator/index.php HTTP/1.0" 200 7144 "http://robukazan.ru/administrator/index.php" "Mozilla/5.0 (Windows NT 10.0; WOW64) AppleWebKit/537.36 (KHTML, like Gecko) Chrome/62.0.3198.0 Safari/537.36 OPR/49.0.2711.0"
84.17.42.8 - - [12/Jun/2022:14:01:46 +0300] "POST /administrator/index.php HTTP/1.0" 200 7438 "http://robukazan.ru/administrator/index.php" "Mozilla/5.0 (Windows NT 10.0; WOW64) AppleWebKit/537.36 (KHTML, like Gecko) Chrome/62.0.3198.0 Safari/537.36 OPR/49.0.2711.0"
84.17.42.8 - - [12/Jun/2022:14:10:52 +0300] "GET /administrator/index.php HTTP/1.0" 200 7144 "http://robukazan.ru/administrator/index.php" "Mozilla/5.0 (Windows NT 10.0; WOW64) AppleWebKit/537.36 (KHTML, like Gecko) Chrome/62.0.3198.0 Safari/537.36 OPR/49.0.2711.0"
84.17.42.8 - - [12/Jun/2022:14:10:52 +0300] "POST /administrator/index.php HTTP/1.0" 200 7438 "http://robukazan.ru/administrator/index.php" "Mozilla/5.0 (Windows NT 10.0; WOW64) AppleWebKit/537.36 (KHTML, like Gecko) Chrome/62.0.3198.0 Safari/537.36 OPR/49.0.2711.0"
84.17.42.8 - - [12/Jun/2022:14:19:29 +0300] "GET /administrator/index.php HTTP/1.0" 200 7144 "http://robukazan.ru/administrator/index.php" "Mozilla/5.0 (Windows NT 10.0; WOW64) AppleWebKit/537.36 (KHTML, like Gecko) Chrome/62.0.3198.0 Safari/537.36 OPR/49.0.2711.0"
84.17.42.8 - - [12/Jun/2022:14:19:29 +0300] "POST /administrator/index.php HTTP/1.0" 200 7438 "http://robukazan.ru/administrator/index.php" "Mozilla/5.0 (Windows NT 10.0; WOW64) AppleWebKit/537.36 (KHTML, like Gecko) Chrome/62.0.3198.0 Safari/537.36 OPR/49.0.2711.0"
84.17.42.8 - - [12/Jun/2022:14:34:18 +0300] "GET /administrator/index.php HTTP/1.0" 200 7144 "http://robukazan.ru/administrator/index.php" "Mozilla/5.0 (Windows NT 10.0; WOW64) AppleWebKit/537.36 (KHTML, like Gecko) Chrome/62.0.3198.0 Safari/537.36 OPR/49.0.2711.0"
84.17.42.8 - - [12/Jun/2022:14:34:18 +0300] "POST /administrator/index.php HTTP/1.0" 200 7438 "http://robukazan.ru/administrator/index.php" "Mozilla/5.0 (Windows NT 10.0; WOW64) AppleWebKit/537.36 (KHTML, like Gecko) Chrome/62.0.3198.0 Safari/537.36 OPR/49.0.2711.0"
37.120.217.166 - - [12/Jun/2022:14:41:11 +0300] "GET /administrator/index.php HTTP/1.0" 200 2928 "-" "Mozilla/5.0 (Windows NT 10.0; WOW64) AppleWebKit/537.36 (KHTML, like Gecko) Chrome/75.0.3770.100 Safari/537.36"
37.120.217.166 - - [12/Jun/2022:14:41:15 +0300] "POST /administrator/index.php HTTP/1.0" 200 3001 "-" "Mozilla/5.0 (Windows NT 10.0; WOW64) AppleWebKit/537.36 (KHTML, like Gecko) Chrome/75.0.3770.100 Safari/537.36"
37.120.217.166 - - [12/Jun/2022:14:41:17 +0300] "GET /administrator/index.php HTTP/1.0" 200 2831 "-" "Mozilla/5.0 (Windows NT 10.0; WOW64) AppleWebKit/537.36 (KHTML, like Gecko) Chrome/75.0.3770.100 Safari/537.36"
84.17.42.8 - - [12/Jun/2022:14:44:25 +0300] "GET /administrator/index.php HTTP/1.0" 200 7144 "http://robukazan.ru/administrator/index.php" "Mozilla/5.0 (Windows NT 10.0; WOW64) AppleWebKit/537.36 (KHTML, like Gecko) Chrome/62.0.3198.0 Safari/537.36 OPR/49.0.2711.0"
84.17.42.8 - - [12/Jun/2022:14:44:26 +0300] "POST /administrator/index.php HTTP/1.0" 200 7438 "http://robukazan.ru/administrator/index.php" "Mozilla/5.0 (Windows NT 10.0; WOW64) AppleWebKit/537.36 (KHTML, like Gecko) Chrome/62.0.3198.0 Safari/537.36 OPR/49.0.2711.0"
84.17.42.8 - - [12/Jun/2022:14:53:06 +0300] "GET /administrator/index.php HTTP/1.0" 200 7144 "http://robukazan.ru/administrator/index.php" "Mozilla/5.0 (Windows NT 10.0; WOW64) AppleWebKit/537.36 (KHTML, like Gecko) Chrome/62.0.3198.0 Safari/537.36 OPR/49.0.2711.0"
84.17.42.8 - - [12/Jun/2022:14:53:07 +0300] "POST /administrator/index.php HTTP/1.0" 200 7438 "http://robukazan.ru/administrator/index.php" "Mozilla/5.0 (Windows NT 10.0; WOW64) AppleWebKit/537.36 (KHTML, like Gecko) Chrome/62.0.3198.0 Safari/537.36 OPR/49.0.2711.0"
84.17.42.8 - - [12/Jun/2022:15:08:19 +0300] "GET /administrator/index.php HTTP/1.0" 200 7144 "http://robukazan.ru/administrator/index.php" "Mozilla/5.0 (Windows NT 10.0; WOW64) AppleWebKit/537.36 (KHTML, like Gecko) Chrome/62.0.3198.0 Safari/537.36 OPR/49.0.2711.0"
84.17.42.8 - - [12/Jun/2022:15:08:20 +0300] "POST /administrator/index.php HTTP/1.0" 200 7438 "http://robukazan.ru/administrator/index.php" "Mozilla/5.0 (Windows NT 10.0; WOW64) AppleWebKit/537.36 (KHTML, like Gecko) Chrome/62.0.3198.0 Safari/537.36 OPR/49.0.2711.0"
84.17.42.8 - - [12/Jun/2022:15:16:57 +0300] "GET /administrator/index.php HTTP/1.0" 200 7144 "http://robukazan.ru/administrator/index.php" "Mozilla/5.0 (Windows NT 10.0; WOW64) AppleWebKit/537.36 (KHTML, like Gecko) Chrome/62.0.3198.0 Safari/537.36 OPR/49.0.2711.0"
84.17.42.8 - - [12/Jun/2022:15:16:57 +0300] "POST /administrator/index.php HTTP/1.0" 200 7438 "http://robukazan.ru/administrator/index.php" "Mozilla/5.0 (Windows NT 10.0; WOW64) AppleWebKit/537.36 (KHTML, like Gecko) Chrome/62.0.3198.0 Safari/537.36 OPR/49.0.2711.0"
84.17.42.8 - - [12/Jun/2022:15:25:32 +0300] "GET /administrator/index.php HTTP/1.0" 200 7144 "http://robukazan.ru/administrator/index.php" "Mozilla/5.0 (Windows NT 10.0; WOW64) AppleWebKit/537.36 (KHTML, like Gecko) Chrome/62.0.3198.0 Safari/537.36 OPR/49.0.2711.0"
84.17.42.8 - - [12/Jun/2022:15:25:32 +0300] "POST /administrator/index.php HTTP/1.0" 200 7438 "http://robukazan.ru/administrator/index.php" "Mozilla/5.0 (Windows NT 10.0; WOW64) AppleWebKit/537.36 (KHTML, like Gecko) Chrome/62.0.3198.0 Safari/537.36 OPR/49.0.2711.0"
84.17.42.8 - - [12/Jun/2022:15:41:12 +0300] "GET /administrator/index.php HTTP/1.0" 200 7144 "http://robukazan.ru/administrator/index.php" "Mozilla/5.0 (Windows NT 10.0; WOW64) AppleWebKit/537.36 (KHTML, like Gecko) Chrome/62.0.3198.0 Safari/537.36 OPR/49.0.2711.0"
84.17.42.8 - - [12/Jun/2022:15:41:12 +0300] "POST /administrator/index.php HTTP/1.0" 200 7438 "http://robukazan.ru/administrator/index.php" "Mozilla/5.0 (Windows NT 10.0; WOW64) AppleWebKit/537.36 (KHTML, like Gecko) Chrome/62.0.3198.0 Safari/537.36 OPR/49.0.2711.0"
84.17.42.8 - - [12/Jun/2022:15:51:25 +0300] "GET /administrator/index.php HTTP/1.0" 200 7144 "http://robukazan.ru/administrator/index.php" "Mozilla/5.0 (Windows NT 10.0; WOW64) AppleWebKit/537.36 (KHTML, like Gecko) Chrome/62.0.3198.0 Safari/537.36 OPR/49.0.2711.0"
84.17.42.8 - - [12/Jun/2022:15:51:25 +0300] "POST /administrator/index.php HTTP/1.0" 200 7438 "http://robukazan.ru/administrator/index.php" "Mozilla/5.0 (Windows NT 10.0; WOW64) AppleWebKit/537.36 (KHTML, like Gecko) Chrome/62.0.3198.0 Safari/537.36 OPR/49.0.2711.0"
84.17.42.8 - - [12/Jun/2022:16:00:39 +0300] "GET /administrator/index.php HTTP/1.0" 200 7144 "http://robukazan.ru/administrator/index.php" "Mozilla/5.0 (Windows NT 10.0; WOW64) AppleWebKit/537.36 (KHTML, like Gecko) Chrome/62.0.3198.0 Safari/537.36 OPR/49.0.2711.0"
84.17.42.8 - - [12/Jun/2022:16:00:40 +0300] "POST /administrator/index.php HTTP/1.0" 200 7438 "http://robukazan.ru/administrator/index.php" "Mozilla/5.0 (Windows NT 10.0; WOW64) AppleWebKit/537.36 (KHTML, like Gecko) Chrome/62.0.3198.0 Safari/537.36 OPR/49.0.2711.0"
84.17.42.8 - - [12/Jun/2022:16:14:36 +0300] "GET /administrator/index.php HTTP/1.0" 200 7144 "http://robukazan.ru/administrator/index.php" "Mozilla/5.0 (Windows NT 10.0; WOW64) AppleWebKit/537.36 (KHTML, like Gecko) Chrome/62.0.3198.0 Safari/537.36 OPR/49.0.2711.0"
84.17.42.8 - - [12/Jun/2022:16:14:36 +0300] "POST /administrator/index.php HTTP/1.0" 200 7438 "http://robukazan.ru/administrator/index.php" "Mozilla/5.0 (Windows NT 10.0; WOW64) AppleWebKit/537.36 (KHTML, like Gecko) Chrome/62.0.3198.0 Safari/537.36 OPR/49.0.2711.0"
52.226.227.211 - - [12/Jun/2022:16:19:37 +0300] "GET /modules/mod_contactus/css/contactus_lightbox.css HTTP/1.1" 200 8937 "-" "Mozilla/5.0 (Windows NT 10.0; Win64; x64) AppleWebKit/537.36 (KHTML, like Gecko) Chrome/76.0.3809.100 Safari/537.36"
84.17.42.8 - - [12/Jun/2022:16:23:11 +0300] "GET /administrator/index.php HTTP/1.0" 200 7144 "http://robukazan.ru/administrator/index.php" "Mozilla/5.0 (Windows NT 10.0; WOW64) AppleWebKit/537.36 (KHTML, like Gecko) Chrome/62.0.3198.0 Safari/537.36 OPR/49.0.2711.0"
84.17.42.8 - - [12/Jun/2022:16:23:11 +0300] "POST /administrator/index.php HTTP/1.0" 200 7438 "http://robukazan.ru/administrator/index.php" "Mozilla/5.0 (Windows NT 10.0; WOW64) AppleWebKit/537.36 (KHTML, like Gecko) Chrome/62.0.3198.0 Safari/537.36 OPR/49.0.2711.0"
84.17.42.8 - - [12/Jun/2022:16:31:35 +0300] "GET /administrator/index.php HTTP/1.0" 200 7144 "http://robukazan.ru/administrator/index.php" "Mozilla/5.0 (Windows NT 10.0; WOW64) AppleWebKit/537.36 (KHTML, like Gecko) Chrome/62.0.3198.0 Safari/537.36 OPR/49.0.2711.0"
84.17.42.8 - - [12/Jun/2022:16:31:35 +0300] "POST /administrator/index.php HTTP/1.0" 200 7438 "http://robukazan.ru/administrator/index.php" "Mozilla/5.0 (Windows NT 10.0; WOW64) AppleWebKit/537.36 (KHTML, like Gecko) Chrome/62.0.3198.0 Safari/537.36 OPR/49.0.2711.0"
84.17.42.8 - - [12/Jun/2022:16:45:11 +0300] "GET /administrator/index.php HTTP/1.0" 200 7144 "http://robukazan.ru/administrator/index.php" "Mozilla/5.0 (Windows NT 10.0; WOW64) AppleWebKit/537.36 (KHTML, like Gecko) Chrome/62.0.3198.0 Safari/537.36 OPR/49.0.2711.0"
84.17.42.8 - - [12/Jun/2022:16:45:12 +0300] "POST /administrator/index.php HTTP/1.0" 200 7438 "http://robukazan.ru/administrator/index.php" "Mozilla/5.0 (Windows NT 10.0; WOW64) AppleWebKit/537.36 (KHTML, like Gecko) Chrome/62.0.3198.0 Safari/537.36 OPR/49.0.2711.0"
188.214.122.86 - - [12/Jun/2022:16:46:54 +0300] "GET /administrator/index.php HTTP/1.0" 200 2927 "-" "Mozilla/5.0 (Windows NT 10.0; WOW64) AppleWebKit/537.36 (KHTML, like Gecko) Chrome/75.0.3770.100 Safari/537.36"
188.214.122.86 - - [12/Jun/2022:16:46:58 +0300] "POST /administrator/index.php HTTP/1.0" 200 3000 "-" "Mozilla/5.0 (Windows NT 10.0; WOW64) AppleWebKit/537.36 (KHTML, like Gecko) Chrome/75.0.3770.100 Safari/537.36"
188.214.122.86 - - [12/Jun/2022:16:47:00 +0300] "GET /administrator/index.php HTTP/1.0" 200 2830 "-" "Mozilla/5.0 (Windows NT 10.0; WOW64) AppleWebKit/537.36 (KHTML, like Gecko) Chrome/75.0.3770.100 Safari/537.36"
84.17.42.8 - - [12/Jun/2022:16:53:44 +0300] "GET /administrator/index.php HTTP/1.0" 200 7144 "http://robukazan.ru/administrator/index.php" "Mozilla/5.0 (Windows NT 10.0; WOW64) AppleWebKit/537.36 (KHTML, like Gecko) Chrome/62.0.3198.0 Safari/537.36 OPR/49.0.2711.0"
84.17.42.8 - - [12/Jun/2022:16:53:44 +0300] "POST /administrator/index.php HTTP/1.0" 200 7438 "http://robukazan.ru/administrator/index.php" "Mozilla/5.0 (Windows NT 10.0; WOW64) AppleWebKit/537.36 (KHTML, like Gecko) Chrome/62.0.3198.0 Safari/537.36 OPR/49.0.2711.0"
84.17.42.8 - - [12/Jun/2022:17:03:11 +0300] "GET /administrator/index.php HTTP/1.0" 200 7144 "http://robukazan.ru/administrator/index.php" "Mozilla/5.0 (Windows NT 10.0; WOW64) AppleWebKit/537.36 (KHTML, like Gecko) Chrome/62.0.3198.0 Safari/537.36 OPR/49.0.2711.0"
84.17.42.8 - - [12/Jun/2022:17:03:11 +0300] "POST /administrator/index.php HTTP/1.0" 200 7438 "http://robukazan.ru/administrator/index.php" "Mozilla/5.0 (Windows NT 10.0; WOW64) AppleWebKit/537.36 (KHTML, like Gecko) Chrome/62.0.3198.0 Safari/537.36 OPR/49.0.2711.0"
84.17.42.8 - - [12/Jun/2022:17:18:14 +0300] "GET /administrator/index.php HTTP/1.0" 200 7144 "http://robukazan.ru/administrator/index.php" "Mozilla/5.0 (Windows NT 10.0; WOW64) AppleWebKit/537.36 (KHTML, like Gecko) Chrome/62.0.3198.0 Safari/537.36 OPR/49.0.2711.0"
84.17.42.8 - - [12/Jun/2022:17:18:15 +0300] "POST /administrator/index.php HTTP/1.0" 200 7438 "http://robukazan.ru/administrator/index.php" "Mozilla/5.0 (Windows NT 10.0; WOW64) AppleWebKit/537.36 (KHTML, like Gecko) Chrome/62.0.3198.0 Safari/537.36 OPR/49.0.2711.0"
114.119.131.235 - - [12/Jun/2022:17:23:04 +0300] "GET /katalog/apparaty-dlya-ehlektromuftovoj-svarki-pnd/pegasus HTTP/1.0" 200 7429 "http://robukazan.ru/katalog/apparaty-dlya-ehlektromuftovoj-svarki-pnd" "Mozilla/5.0 (Linux; Android 7.0;) AppleWebKit/537.36 (KHTML, like Gecko) Mobile Safari/537.36 (compatible; PetalBot;+https://webmaster.petalsearch.com/site/petalbot)"
185.12.124.78 - - [12/Jun/2022:17:25:51 +0300] "GET / HTTP/1.0" 200 9140 "ROBUKAZAN.RU" "Mozilla/5.0 (compatible; BackupLand/1.0; https://go.backupland.com/; Domain check for viruses;)"
84.17.42.8 - - [12/Jun/2022:17:26:38 +0300] "GET /administrator/index.php HTTP/1.0" 200 7144 "http://robukazan.ru/administrator/index.php" "Mozilla/5.0 (Windows NT 10.0; WOW64) AppleWebKit/537.36 (KHTML, like Gecko) Chrome/62.0.3198.0 Safari/537.36 OPR/49.0.2711.0"
84.17.42.8 - - [12/Jun/2022:17:26:38 +0300] "POST /administrator/index.php HTTP/1.0" 200 7438 "http://robukazan.ru/administrator/index.php" "Mozilla/5.0 (Windows NT 10.0; WOW64) AppleWebKit/537.36 (KHTML, like Gecko) Chrome/62.0.3198.0 Safari/537.36 OPR/49.0.2711.0"
84.17.42.8 - - [12/Jun/2022:17:35:15 +0300] "GET /administrator/index.php HTTP/1.0" 200 7144 "http://robukazan.ru/administrator/index.php" "Mozilla/5.0 (Windows NT 10.0; WOW64) AppleWebKit/537.36 (KHTML, like Gecko) Chrome/62.0.3198.0 Safari/537.36 OPR/49.0.2711.0"
84.17.42.8 - - [12/Jun/2022:17:35:15 +0300] "POST /administrator/index.php HTTP/1.0" 200 7438 "http://robukazan.ru/administrator/index.php" "Mozilla/5.0 (Windows NT 10.0; WOW64) AppleWebKit/537.36 (KHTML, like Gecko) Chrome/62.0.3198.0 Safari/537.36 OPR/49.0.2711.0"
84.17.42.8 - - [12/Jun/2022:17:48:55 +0300] "GET /administrator/index.php HTTP/1.0" 200 7144 "http://robukazan.ru/administrator/index.php" "Mozilla/5.0 (Windows NT 10.0; WOW64) AppleWebKit/537.36 (KHTML, like Gecko) Chrome/62.0.3198.0 Safari/537.36 OPR/49.0.2711.0"
84.17.42.8 - - [12/Jun/2022:17:48:55 +0300] "POST /administrator/index.php HTTP/1.0" 200 7438 "http://robukazan.ru/administrator/index.php" "Mozilla/5.0 (Windows NT 10.0; WOW64) AppleWebKit/537.36 (KHTML, like Gecko) Chrome/62.0.3198.0 Safari/537.36 OPR/49.0.2711.0"
84.17.42.8 - - [12/Jun/2022:17:59:18 +0300] "GET /administrator/index.php HTTP/1.0" 200 7144 "http://robukazan.ru/administrator/index.php" "Mozilla/5.0 (Windows NT 10.0; WOW64) AppleWebKit/537.36 (KHTML, like Gecko) Chrome/62.0.3198.0 Safari/537.36 OPR/49.0.2711.0"
84.17.42.8 - - [12/Jun/2022:17:59:19 +0300] "POST /administrator/index.php HTTP/1.0" 200 7438 "http://robukazan.ru/administrator/index.php" "Mozilla/5.0 (Windows NT 10.0; WOW64) AppleWebKit/537.36 (KHTML, like Gecko) Chrome/62.0.3198.0 Safari/537.36 OPR/49.0.2711.0"
84.17.42.8 - - [12/Jun/2022:18:09:20 +0300] "GET /administrator/index.php HTTP/1.0" 200 7144 "http://robukazan.ru/administrator/index.php" "Mozilla/5.0 (Windows NT 10.0; WOW64) AppleWebKit/537.36 (KHTML, like Gecko) Chrome/62.0.3198.0 Safari/537.36 OPR/49.0.2711.0"
84.17.42.8 - - [12/Jun/2022:18:09:20 +0300] "POST /administrator/index.php HTTP/1.0" 200 7438 "http://robukazan.ru/administrator/index.php" "Mozilla/5.0 (Windows NT 10.0; WOW64) AppleWebKit/537.36 (KHTML, like Gecko) Chrome/62.0.3198.0 Safari/537.36 OPR/49.0.2711.0"
84.17.42.8 - - [12/Jun/2022:18:23:43 +0300] "GET /administrator/index.php HTTP/1.0" 200 7144 "http://robukazan.ru/administrator/index.php" "Mozilla/5.0 (Windows NT 10.0; WOW64) AppleWebKit/537.36 (KHTML, like Gecko) Chrome/62.0.3198.0 Safari/537.36 OPR/49.0.2711.0"
84.17.42.8 - - [12/Jun/2022:18:23:43 +0300] "POST /administrator/index.php HTTP/1.0" 200 7438 "http://robukazan.ru/administrator/index.php" "Mozilla/5.0 (Windows NT 10.0; WOW64) AppleWebKit/537.36 (KHTML, like Gecko) Chrome/62.0.3198.0 Safari/537.36 OPR/49.0.2711.0"
84.17.42.8 - - [12/Jun/2022:18:31:11 +0300] "GET /administrator/index.php HTTP/1.0" 200 7144 "http://robukazan.ru/administrator/index.php" "Mozilla/5.0 (Windows NT 10.0; WOW64) AppleWebKit/537.36 (KHTML, like Gecko) Chrome/62.0.3198.0 Safari/537.36 OPR/49.0.2711.0"
84.17.42.8 - - [12/Jun/2022:18:31:11 +0300] "POST /administrator/index.php HTTP/1.0" 200 7438 "http://robukazan.ru/administrator/index.php" "Mozilla/5.0 (Windows NT 10.0; WOW64) AppleWebKit/537.36 (KHTML, like Gecko) Chrome/62.0.3198.0 Safari/537.36 OPR/49.0.2711.0"
84.17.42.8 - - [12/Jun/2022:18:38:55 +0300] "GET /administrator/index.php HTTP/1.0" 200 7144 "http://robukazan.ru/administrator/index.php" "Mozilla/5.0 (Windows NT 10.0; WOW64) AppleWebKit/537.36 (KHTML, like Gecko) Chrome/62.0.3198.0 Safari/537.36 OPR/49.0.2711.0"
84.17.42.8 - - [12/Jun/2022:18:38:55 +0300] "POST /administrator/index.php HTTP/1.0" 200 7438 "http://robukazan.ru/administrator/index.php" "Mozilla/5.0 (Windows NT 10.0; WOW64) AppleWebKit/537.36 (KHTML, like Gecko) Chrome/62.0.3198.0 Safari/537.36 OPR/49.0.2711.0"
84.17.42.8 - - [12/Jun/2022:18:51:09 +0300] "GET /administrator/index.php HTTP/1.0" 200 7144 "http://robukazan.ru/administrator/index.php" "Mozilla/5.0 (Windows NT 10.0; WOW64) AppleWebKit/537.36 (KHTML, like Gecko) Chrome/62.0.3198.0 Safari/537.36 OPR/49.0.2711.0"
84.17.42.8 - - [12/Jun/2022:18:51:09 +0300] "POST /administrator/index.php HTTP/1.0" 200 7438 "http://robukazan.ru/administrator/index.php" "Mozilla/5.0 (Windows NT 10.0; WOW64) AppleWebKit/537.36 (KHTML, like Gecko) Chrome/62.0.3198.0 Safari/537.36 OPR/49.0.2711.0"
114.119.138.202 - - [12/Jun/2022:18:56:04 +0300] "GET /katalog/apparaty-dlya-stykovoj-svarki HTTP/1.0" 200 8664 "http://www.robukazan.ru/katalog/apparaty-dlya-ehlektromuftovoj-svarki-pnd/centaur" "Mozilla/5.0 (Linux; Android 7.0;) AppleWebKit/537.36 (KHTML, like Gecko) Mobile Safari/537.36 (compatible; PetalBot;+https://webmaster.petalsearch.com/site/petalbot)"
84.17.42.8 - - [12/Jun/2022:18:58:55 +0300] "GET /administrator/index.php HTTP/1.0" 200 7144 "http://robukazan.ru/administrator/index.php" "Mozilla/5.0 (Windows NT 10.0; WOW64) AppleWebKit/537.36 (KHTML, like Gecko) Chrome/62.0.3198.0 Safari/537.36 OPR/49.0.2711.0"
84.17.42.8 - - [12/Jun/2022:18:58:56 +0300] "POST /administrator/index.php HTTP/1.0" 200 7438 "http://robukazan.ru/administrator/index.php" "Mozilla/5.0 (Windows NT 10.0; WOW64) AppleWebKit/537.36 (KHTML, like Gecko) Chrome/62.0.3198.0 Safari/537.36 OPR/49.0.2711.0"
84.17.42.8 - - [12/Jun/2022:19:08:26 +0300] "GET /administrator/index.php HTTP/1.0" 200 7144 "http://robukazan.ru/administrator/index.php" "Mozilla/5.0 (Windows NT 10.0; WOW64) AppleWebKit/537.36 (KHTML, like Gecko) Chrome/62.0.3198.0 Safari/537.36 OPR/49.0.2711.0"
84.17.42.8 - - [12/Jun/2022:19:08:26 +0300] "POST /administrator/index.php HTTP/1.0" 200 7438 "http://robukazan.ru/administrator/index.php" "Mozilla/5.0 (Windows NT 10.0; WOW64) AppleWebKit/537.36 (KHTML, like Gecko) Chrome/62.0.3198.0 Safari/537.36 OPR/49.0.2711.0"
51.222.253.5 - - [12/Jun/2022:19:16:57 +0300] "GET /robots.txt HTTP/1.0" 200 696 "-" "Mozilla/5.0 (compatible; AhrefsBot/7.0; +http://ahrefs.com/robot/)"
54.36.148.190 - - [12/Jun/2022:19:16:58 +0300] "GET /katalog/apparaty-dlya-ehlektromuftovoj-svarki-pnd/nowatech-zern-800plus HTTP/1.0" 200 7505 "-" "Mozilla/5.0 (compatible; AhrefsBot/7.0; +http://ahrefs.com/robot/)"
93.124.107.78 - - [12/Jun/2022:19:20:57 +0300] "GET / HTTP/1.0" 200 47350 "http://www.robukazan.ru/" "Mozilla/5.0 (Windows NT 6.3; Win64; x64) AppleWebKit/537.36 (KHTML, like Gecko) Chrome/90.0.4430.85 Safari/537.36 Edg/90.0.818.49"
93.124.107.78 - - [12/Jun/2022:19:20:58 +0300] "GET /kontakty HTTP/1.0" 200 25343 "http://www.robukazan.ru/kontakty" "Mozilla/5.0 (Windows NT 6.3; Win64; x64) AppleWebKit/537.36 (KHTML, like Gecko) Chrome/90.0.4430.85 Safari/537.36 Edg/90.0.818.49"
84.17.42.8 - - [12/Jun/2022:19:24:41 +0300] "GET /administrator/index.php HTTP/1.0" 200 7144 "http://robukazan.ru/administrator/index.php" "Mozilla/5.0 (Windows NT 10.0; WOW64) AppleWebKit/537.36 (KHTML, like Gecko) Chrome/62.0.3198.0 Safari/537.36 OPR/49.0.2711.0"
84.17.42.8 - - [12/Jun/2022:19:24:41 +0300] "POST /administrator/index.php HTTP/1.0" 200 7438 "http://robukazan.ru/administrator/index.php" "Mozilla/5.0 (Windows NT 10.0; WOW64) AppleWebKit/537.36 (KHTML, like Gecko) Chrome/62.0.3198.0 Safari/537.36 OPR/49.0.2711.0"
84.17.42.8 - - [12/Jun/2022:19:32:56 +0300] "GET /administrator/index.php HTTP/1.0" 200 7144 "http://robukazan.ru/administrator/index.php" "Mozilla/5.0 (Windows NT 10.0; WOW64) AppleWebKit/537.36 (KHTML, like Gecko) Chrome/62.0.3198.0 Safari/537.36 OPR/49.0.2711.0"
84.17.42.8 - - [12/Jun/2022:19:32:57 +0300] "POST /administrator/index.php HTTP/1.0" 200 7438 "http://robukazan.ru/administrator/index.php" "Mozilla/5.0 (Windows NT 10.0; WOW64) AppleWebKit/537.36 (KHTML, like Gecko) Chrome/62.0.3198.0 Safari/537.36 OPR/49.0.2711.0"
114.119.138.205 - - [12/Jun/2022:19:35:01 +0300] "GET /sertifikaty-i-garantiya HTTP/1.0" 200 7376 "http://www.robukazan.ru/kontakty" "Mozilla/5.0 (Linux; Android 7.0;) AppleWebKit/537.36 (KHTML, like Gecko) Mobile Safari/537.36 (compatible; PetalBot;+https://webmaster.petalsearch.com/site/petalbot)"
54.36.148.190 - - [12/Jun/2022:19:38:43 +0300] "GET /katalog/apparaty-dlya-ehlektromuftovoj-svarki-pnd/nowatech-zeen-800plus HTTP/1.0" 200 7495 "-" "Mozilla/5.0 (compatible; AhrefsBot/7.0; +http://ahrefs.com/robot/)"
84.17.42.8 - - [12/Jun/2022:19:41:36 +0300] "GET /administrator/index.php HTTP/1.0" 200 7144 "http://robukazan.ru/administrator/index.php" "Mozilla/5.0 (Windows NT 10.0; WOW64) AppleWebKit/537.36 (KHTML, like Gecko) Chrome/62.0.3198.0 Safari/537.36 OPR/49.0.2711.0"
84.17.42.8 - - [12/Jun/2022:19:41:36 +0300] "POST /administrator/index.php HTTP/1.0" 200 7438 "http://robukazan.ru/administrator/index.php" "Mozilla/5.0 (Windows NT 10.0; WOW64) AppleWebKit/537.36 (KHTML, like Gecko) Chrome/62.0.3198.0 Safari/537.36 OPR/49.0.2711.0"
84.17.42.8 - - [12/Jun/2022:19:54:57 +0300] "GET /administrator/index.php HTTP/1.0" 200 7144 "http://robukazan.ru/administrator/index.php" "Mozilla/5.0 (Windows NT 10.0; WOW64) AppleWebKit/537.36 (KHTML, like Gecko) Chrome/62.0.3198.0 Safari/537.36 OPR/49.0.2711.0"
84.17.42.8 - - [12/Jun/2022:19:54:58 +0300] "POST /administrator/index.php HTTP/1.0" 200 7438 "http://robukazan.ru/administrator/index.php" "Mozilla/5.0 (Windows NT 10.0; WOW64) AppleWebKit/537.36 (KHTML, like Gecko) Chrome/62.0.3198.0 Safari/537.36 OPR/49.0.2711.0"
185.191.171.40 - - [12/Jun/2022:19:59:32 +0300] "GET /robots.txt HTTP/1.0" 200 696 "-" "Mozilla/5.0 (compatible; SemrushBot/7~bl; +http://www.semrush.com/bot.html)"
185.191.171.18 - - [12/Jun/2022:19:59:32 +0300] "GET /katalog/blok-protokolirovaniya-rubin HTTP/1.0" 200 6131 "-" "Mozilla/5.0 (compatible; SemrushBot/7~bl; +http://www.semrush.com/bot.html)"
51.222.253.5 - - [12/Jun/2022:20:00:41 +0300] "GET /robots.txt HTTP/1.0" 200 696 "-" "Mozilla/5.0 (compatible; AhrefsBot/7.0; +http://ahrefs.com/robot/)"
54.36.148.190 - - [12/Jun/2022:20:00:43 +0300] "GET /katalog/apparaty-dlya-ehlektromuftovoj-svarki-pnd/nowatech-zeen-800plus HTTP/1.0" 200 7494 "-" "Mozilla/5.0 (compatible; AhrefsBot/7.0; +http://ahrefs.com/robot/)"
84.17.42.8 - - [12/Jun/2022:20:04:22 +0300] "GET /administrator/index.php HTTP/1.0" 200 7144 "http://robukazan.ru/administrator/index.php" "Mozilla/5.0 (Windows NT 10.0; WOW64) AppleWebKit/537.36 (KHTML, like Gecko) Chrome/62.0.3198.0 Safari/537.36 OPR/49.0.2711.0"
84.17.42.8 - - [12/Jun/2022:20:04:22 +0300] "POST /administrator/index.php HTTP/1.0" 200 7438 "http://robukazan.ru/administrator/index.php" "Mozilla/5.0 (Windows NT 10.0; WOW64) AppleWebKit/537.36 (KHTML, like Gecko) Chrome/62.0.3198.0 Safari/537.36 OPR/49.0.2711.0"
84.17.42.8 - - [12/Jun/2022:20:14:15 +0300] "GET /administrator/index.php HTTP/1.0" 200 7144 "http://robukazan.ru/administrator/index.php" "Mozilla/5.0 (Windows NT 10.0; WOW64) AppleWebKit/537.36 (KHTML, like Gecko) Chrome/62.0.3198.0 Safari/537.36 OPR/49.0.2711.0"
84.17.42.8 - - [12/Jun/2022:20:14:15 +0300] "POST /administrator/index.php HTTP/1.0" 200 7438 "http://robukazan.ru/administrator/index.php" "Mozilla/5.0 (Windows NT 10.0; WOW64) AppleWebKit/537.36 (KHTML, like Gecko) Chrome/62.0.3198.0 Safari/537.36 OPR/49.0.2711.0"
54.36.148.12 - - [12/Jun/2022:20:22:05 +0300] "GET /robots.txt HTTP/1.0" 200 696 "-" "Mozilla/5.0 (compatible; AhrefsBot/7.0; +http://ahrefs.com/robot/)"
54.36.148.190 - - [12/Jun/2022:20:22:06 +0300] "GET /katalog/generatory HTTP/1.0" 200 6537 "-" "Mozilla/5.0 (compatible; AhrefsBot/7.0; +http://ahrefs.com/robot/)"
84.17.42.8 - - [12/Jun/2022:20:28:12 +0300] "GET /administrator/index.php HTTP/1.0" 200 7144 "http://robukazan.ru/administrator/index.php" "Mozilla/5.0 (Windows NT 10.0; WOW64) AppleWebKit/537.36 (KHTML, like Gecko) Chrome/62.0.3198.0 Safari/537.36 OPR/49.0.2711.0"
84.17.42.8 - - [12/Jun/2022:20:28:12 +0300] "POST /administrator/index.php HTTP/1.0" 200 7438 "http://robukazan.ru/administrator/index.php" "Mozilla/5.0 (Windows NT 10.0; WOW64) AppleWebKit/537.36 (KHTML, like Gecko) Chrome/62.0.3198.0 Safari/537.36 OPR/49.0.2711.0"
84.17.42.8 - - [12/Jun/2022:20:36:33 +0300] "GET /administrator/index.php HTTP/1.0" 200 7144 "http://robukazan.ru/administrator/index.php" "Mozilla/5.0 (Windows NT 10.0; WOW64) AppleWebKit/537.36 (KHTML, like Gecko) Chrome/62.0.3198.0 Safari/537.36 OPR/49.0.2711.0"
84.17.42.8 - - [12/Jun/2022:20:36:33 +0300] "POST /administrator/index.php HTTP/1.0" 200 7438 "http://robukazan.ru/administrator/index.php" "Mozilla/5.0 (Windows NT 10.0; WOW64) AppleWebKit/537.36 (KHTML, like Gecko) Chrome/62.0.3198.0 Safari/537.36 OPR/49.0.2711.0"
54.36.148.190 - - [12/Jun/2022:20:43:35 +0300] "GET /katalog/apparaty-dlya-ehlektromuftovoj-svarki-pnd/nowatech-zern-800plus HTTP/1.0" 200 7507 "-" "Mozilla/5.0 (compatible; AhrefsBot/7.0; +http://ahrefs.com/robot/)"
194.71.227.44 - - [12/Jun/2022:20:43:59 +0300] "GET / HTTP/1.0" 200 47302 "http://robukazan.ru/" "Mozilla/5.0 (Windows NT 6.1; Win64; x64) AppleWebKit/537.36 (KHTML, like Gecko) Chrome/90.0.4427.0 Safari/537.36"
194.71.227.44 - - [12/Jun/2022:20:44:01 +0300] "GET /kontakty HTTP/1.0" 200 25327 "http://robukazan.ru/kontakty" "Mozilla/5.0 (Windows NT 6.1; Win64; x64) AppleWebKit/537.36 (KHTML, like Gecko) Chrome/90.0.4427.0 Safari/537.36"
84.17.42.8 - - [12/Jun/2022:20:45:54 +0300] "GET /administrator/index.php HTTP/1.0" 200 7144 "http://robukazan.ru/administrator/index.php" "Mozilla/5.0 (Windows NT 10.0; WOW64) AppleWebKit/537.36 (KHTML, like Gecko) Chrome/62.0.3198.0 Safari/537.36 OPR/49.0.2711.0"
84.17.42.8 - - [12/Jun/2022:20:45:55 +0300] "POST /administrator/index.php HTTP/1.0" 200 7438 "http://robukazan.ru/administrator/index.php" "Mozilla/5.0 (Windows NT 10.0; WOW64) AppleWebKit/537.36 (KHTML, like Gecko) Chrome/62.0.3198.0 Safari/537.36 OPR/49.0.2711.0"
114.119.134.9 - - [12/Jun/2022:20:51:27 +0300] "GET /robots.txt HTTP/1.0" 200 696 "-" "Mozilla/5.0 (compatible;PetalBot;+https://webmaster.petalsearch.com/site/petalbot)"
84.17.42.8 - - [12/Jun/2022:21:01:30 +0300] "GET /administrator/index.php HTTP/1.0" 200 7144 "http://robukazan.ru/administrator/index.php" "Mozilla/5.0 (Windows NT 10.0; WOW64) AppleWebKit/537.36 (KHTML, like Gecko) Chrome/62.0.3198.0 Safari/537.36 OPR/49.0.2711.0"
84.17.42.8 - - [12/Jun/2022:21:01:30 +0300] "POST /administrator/index.php HTTP/1.0" 200 7438 "http://robukazan.ru/administrator/index.php" "Mozilla/5.0 (Windows NT 10.0; WOW64) AppleWebKit/537.36 (KHTML, like Gecko) Chrome/62.0.3198.0 Safari/537.36 OPR/49.0.2711.0"
54.36.148.190 - - [12/Jun/2022:21:04:26 +0300] "GET /katalog/apparaty-dlya-ehlektromuftovoj-svarki-pnd/pegasus HTTP/1.0" 200 7425 "-" "Mozilla/5.0 (compatible; AhrefsBot/7.0; +http://ahrefs.com/robot/)"
84.17.42.8 - - [12/Jun/2022:21:09:30 +0300] "GET /administrator/index.php HTTP/1.0" 200 7144 "http://robukazan.ru/administrator/index.php" "Mozilla/5.0 (Windows NT 10.0; WOW64) AppleWebKit/537.36 (KHTML, like Gecko) Chrome/62.0.3198.0 Safari/537.36 OPR/49.0.2711.0"
84.17.42.8 - - [12/Jun/2022:21:09:30 +0300] "POST /administrator/index.php HTTP/1.0" 200 7438 "http://robukazan.ru/administrator/index.php" "Mozilla/5.0 (Windows NT 10.0; WOW64) AppleWebKit/537.36 (KHTML, like Gecko) Chrome/62.0.3198.0 Safari/537.36 OPR/49.0.2711.0"
84.17.42.8 - - [12/Jun/2022:21:16:56 +0300] "GET /administrator/index.php HTTP/1.0" 200 7144 "http://robukazan.ru/administrator/index.php" "Mozilla/5.0 (Windows NT 10.0; WOW64) AppleWebKit/537.36 (KHTML, like Gecko) Chrome/62.0.3198.0 Safari/537.36 OPR/49.0.2711.0"
84.17.42.8 - - [12/Jun/2022:21:16:56 +0300] "POST /administrator/index.php HTTP/1.0" 200 7438 "http://robukazan.ru/administrator/index.php" "Mozilla/5.0 (Windows NT 10.0; WOW64) AppleWebKit/537.36 (KHTML, like Gecko) Chrome/62.0.3198.0 Safari/537.36 OPR/49.0.2711.0"
54.36.148.26 - - [12/Jun/2022:21:22:36 +0300] "GET /robots.txt HTTP/1.0" 200 696 "-" "Mozilla/5.0 (compatible; AhrefsBot/7.0; +http://ahrefs.com/robot/)"
54.36.148.190 - - [12/Jun/2022:21:22:37 +0300] "GET /katalog/apparaty-dlya-ehlektromuftovoj-svarki-pnd/nowatech-zeen-800plus HTTP/1.0" 200 7499 "-" "Mozilla/5.0 (compatible; AhrefsBot/7.0; +http://ahrefs.com/robot/)"
84.17.42.8 - - [12/Jun/2022:21:29:04 +0300] "GET /administrator/index.php HTTP/1.0" 200 7144 "http://robukazan.ru/administrator/index.php" "Mozilla/5.0 (Windows NT 10.0; WOW64) AppleWebKit/537.36 (KHTML, like Gecko) Chrome/62.0.3198.0 Safari/537.36 OPR/49.0.2711.0"
84.17.42.8 - - [12/Jun/2022:21:29:04 +0300] "POST /administrator/index.php HTTP/1.0" 200 7438 "http://robukazan.ru/administrator/index.php" "Mozilla/5.0 (Windows NT 10.0; WOW64) AppleWebKit/537.36 (KHTML, like Gecko) Chrome/62.0.3198.0 Safari/537.36 OPR/49.0.2711.0"
114.119.138.210 - - [12/Jun/2022:21:29:48 +0300] "GET /katalog/apparaty-dlya-stykovoj-svarki/robu-w-1200 HTTP/1.0" 200 7654 "http://www.robukazan.ru/" "Mozilla/5.0 (Linux; Android 7.0;) AppleWebKit/537.36 (KHTML, like Gecko) Mobile Safari/537.36 (compatible; PetalBot;+https://webmaster.petalsearch.com/site/petalbot)"
84.17.42.8 - - [12/Jun/2022:21:36:26 +0300] "GET /administrator/index.php HTTP/1.0" 200 7144 "http://robukazan.ru/administrator/index.php" "Mozilla/5.0 (Windows NT 10.0; WOW64) AppleWebKit/537.36 (KHTML, like Gecko) Chrome/62.0.3198.0 Safari/537.36 OPR/49.0.2711.0"
84.17.42.8 - - [12/Jun/2022:21:36:26 +0300] "POST /administrator/index.php HTTP/1.0" 200 7438 "http://robukazan.ru/administrator/index.php" "Mozilla/5.0 (Windows NT 10.0; WOW64) AppleWebKit/537.36 (KHTML, like Gecko) Chrome/62.0.3198.0 Safari/537.36 OPR/49.0.2711.0"
84.17.42.8 - - [12/Jun/2022:21:44:56 +0300] "GET /administrator/index.php HTTP/1.0" 200 7144 "http://robukazan.ru/administrator/index.php" "Mozilla/5.0 (Windows NT 10.0; WOW64) AppleWebKit/537.36 (KHTML, like Gecko) Chrome/62.0.3198.0 Safari/537.36 OPR/49.0.2711.0"
84.17.42.8 - - [12/Jun/2022:21:44:56 +0300] "POST /administrator/index.php HTTP/1.0" 200 7438 "http://robukazan.ru/administrator/index.php" "Mozilla/5.0 (Windows NT 10.0; WOW64) AppleWebKit/537.36 (KHTML, like Gecko) Chrome/62.0.3198.0 Safari/537.36 OPR/49.0.2711.0"
84.17.42.8 - - [12/Jun/2022:21:58:06 +0300] "GET /administrator/index.php HTTP/1.0" 200 7144 "http://robukazan.ru/administrator/index.php" "Mozilla/5.0 (Windows NT 10.0; WOW64) AppleWebKit/537.36 (KHTML, like Gecko) Chrome/62.0.3198.0 Safari/537.36 OPR/49.0.2711.0"
84.17.42.8 - - [12/Jun/2022:21:58:07 +0300] "POST /administrator/index.php HTTP/1.0" 200 7438 "http://robukazan.ru/administrator/index.php" "Mozilla/5.0 (Windows NT 10.0; WOW64) AppleWebKit/537.36 (KHTML, like Gecko) Chrome/62.0.3198.0 Safari/537.36 OPR/49.0.2711.0"
84.17.42.8 - - [12/Jun/2022:22:05:24 +0300] "GET /administrator/index.php HTTP/1.0" 200 7144 "http://robukazan.ru/administrator/index.php" "Mozilla/5.0 (Windows NT 10.0; WOW64) AppleWebKit/537.36 (KHTML, like Gecko) Chrome/62.0.3198.0 Safari/537.36 OPR/49.0.2711.0"
84.17.42.8 - - [12/Jun/2022:22:05:25 +0300] "POST /administrator/index.php HTTP/1.0" 200 7438 "http://robukazan.ru/administrator/index.php" "Mozilla/5.0 (Windows NT 10.0; WOW64) AppleWebKit/537.36 (KHTML, like Gecko) Chrome/62.0.3198.0 Safari/537.36 OPR/49.0.2711.0"
188.241.177.230 - - [12/Jun/2022:22:09:52 +0300] "GET /administrator/index.php HTTP/1.0" 200 2927 "-" "Mozilla/5.0 (Windows NT 10.0; WOW64) AppleWebKit/537.36 (KHTML, like Gecko) Chrome/75.0.3770.100 Safari/537.36"
188.241.177.230 - - [12/Jun/2022:22:09:56 +0300] "POST /administrator/index.php HTTP/1.0" 200 2999 "-" "Mozilla/5.0 (Windows NT 10.0; WOW64) AppleWebKit/537.36 (KHTML, like Gecko) Chrome/75.0.3770.100 Safari/537.36"
188.241.177.230 - - [12/Jun/2022:22:09:59 +0300] "GET /administrator/index.php HTTP/1.0" 200 2830 "-" "Mozilla/5.0 (Windows NT 10.0; WOW64) AppleWebKit/537.36 (KHTML, like Gecko) Chrome/75.0.3770.100 Safari/537.36"
84.17.42.8 - - [12/Jun/2022:22:12:47 +0300] "GET /administrator/index.php HTTP/1.0" 200 7144 "http://robukazan.ru/administrator/index.php" "Mozilla/5.0 (Windows NT 10.0; WOW64) AppleWebKit/537.36 (KHTML, like Gecko) Chrome/62.0.3198.0 Safari/537.36 OPR/49.0.2711.0"
84.17.42.8 - - [12/Jun/2022:22:12:47 +0300] "POST /administrator/index.php HTTP/1.0" 200 7438 "http://robukazan.ru/administrator/index.php" "Mozilla/5.0 (Windows NT 10.0; WOW64) AppleWebKit/537.36 (KHTML, like Gecko) Chrome/62.0.3198.0 Safari/537.36 OPR/49.0.2711.0"
114.119.146.220 - - [12/Jun/2022:22:22:41 +0300] "GET /robots.txt HTTP/1.0" 200 696 "-" "Mozilla/5.0 (compatible;PetalBot;+https://webmaster.petalsearch.com/site/petalbot)"
84.17.42.8 - - [12/Jun/2022:22:24:39 +0300] "GET /administrator/index.php HTTP/1.0" 200 7144 "http://robukazan.ru/administrator/index.php" "Mozilla/5.0 (Windows NT 10.0; WOW64) AppleWebKit/537.36 (KHTML, like Gecko) Chrome/62.0.3198.0 Safari/537.36 OPR/49.0.2711.0"
