84.17.42.8 - - [11/Jun/2022:20:55:17 +0300] "GET /administrator/index.php HTTP/1.0" 200 7144 "http://robukazan.ru/administrator/index.php" "Mozilla/5.0 (Windows NT 10.0; WOW64) AppleWebKit/537.36 (KHTML, like Gecko) Chrome/62.0.3198.0 Safari/537.36 OPR/49.0.2711.0"
84.17.42.8 - - [11/Jun/2022:20:55:18 +0300] "POST /administrator/index.php HTTP/1.0" 200 7438 "http://robukazan.ru/administrator/index.php" "Mozilla/5.0 (Windows NT 10.0; WOW64) AppleWebKit/537.36 (KHTML, like Gecko) Chrome/62.0.3198.0 Safari/537.36 OPR/49.0.2711.0"
84.17.42.8 - - [11/Jun/2022:21:11:24 +0300] "GET /administrator/index.php HTTP/1.0" 200 7144 "http://robukazan.ru/administrator/index.php" "Mozilla/5.0 (Windows NT 10.0; WOW64) AppleWebKit/537.36 (KHTML, like Gecko) Chrome/62.0.3198.0 Safari/537.36 OPR/49.0.2711.0"
84.17.42.8 - - [11/Jun/2022:21:11:24 +0300] "POST /administrator/index.php HTTP/1.0" 200 7438 "http://robukazan.ru/administrator/index.php" "Mozilla/5.0 (Windows NT 10.0; WOW64) AppleWebKit/537.36 (KHTML, like Gecko) Chrome/62.0.3198.0 Safari/537.36 OPR/49.0.2711.0"
54.36.148.190 - - [11/Jun/2022:21:12:29 +0300] "GET /katalog/apparaty-dlya-stykovoj-svarki/robu-w-800 HTTP/1.0" 200 9815 "-" "Mozilla/5.0 (compatible; AhrefsBot/7.0; +http://ahrefs.com/robot/)"
84.17.42.8 - - [11/Jun/2022:21:20:32 +0300] "GET /administrator/index.php HTTP/1.0" 200 7144 "http://robukazan.ru/administrator/index.php" "Mozilla/5.0 (Windows NT 10.0; WOW64) AppleWebKit/537.36 (KHTML, like Gecko) Chrome/62.0.3198.0 Safari/537.36 OPR/49.0.2711.0"
84.17.42.8 - - [11/Jun/2022:21:20:33 +0300] "POST /administrator/index.php HTTP/1.0" 200 7438 "http://robukazan.ru/administrator/index.php" "Mozilla/5.0 (Windows NT 10.0; WOW64) AppleWebKit/537.36 (KHTML, like Gecko) Chrome/62.0.3198.0 Safari/537.36 OPR/49.0.2711.0"
84.17.42.8 - - [11/Jun/2022:21:28:23 +0300] "GET /administrator/index.php HTTP/1.0" 200 7144 "http://robukazan.ru/administrator/index.php" "Mozilla/5.0 (Windows NT 10.0; WOW64) AppleWebKit/537.36 (KHTML, like Gecko) Chrome/62.0.3198.0 Safari/537.36 OPR/49.0.2711.0"
84.17.42.8 - - [11/Jun/2022:21:28:24 +0300] "POST /administrator/index.php HTTP/1.0" 200 7438 "http://robukazan.ru/administrator/index.php" "Mozilla/5.0 (Windows NT 10.0; WOW64) AppleWebKit/537.36 (KHTML, like Gecko) Chrome/62.0.3198.0 Safari/537.36 OPR/49.0.2711.0"
185.191.171.1 - - [11/Jun/2022:21:30:02 +0300] "GET /robots.txt HTTP/1.0" 200 696 "-" "Mozilla/5.0 (compatible; SemrushBot/7~bl; +http://www.semrush.com/bot.html)"
185.191.171.40 - - [11/Jun/2022:21:30:03 +0300] "GET /katalog/apparaty-dlya-stykovoj-svarki/robu-w-250 HTTP/1.0" 200 9810 "-" "Mozilla/5.0 (compatible; SemrushBot/7~bl; +http://www.semrush.com/bot.html)"
84.17.42.8 - - [11/Jun/2022:21:40:57 +0300] "GET /administrator/index.php HTTP/1.0" 200 7144 "http://robukazan.ru/administrator/index.php" "Mozilla/5.0 (Windows NT 10.0; WOW64) AppleWebKit/537.36 (KHTML, like Gecko) Chrome/62.0.3198.0 Safari/537.36 OPR/49.0.2711.0"
84.17.42.8 - - [11/Jun/2022:21:40:57 +0300] "POST /administrator/index.php HTTP/1.0" 200 7438 "http://robukazan.ru/administrator/index.php" "Mozilla/5.0 (Windows NT 10.0; WOW64) AppleWebKit/537.36 (KHTML, like Gecko) Chrome/62.0.3198.0 Safari/537.36 OPR/49.0.2711.0"
185.191.171.45 - - [11/Jun/2022:21:47:07 +0300] "GET /katalog/apparaty-dlya-stykovoj-svarki/robu-w-1600 HTTP/1.0" 200 7638 "-" "Mozilla/5.0 (compatible; SemrushBot/7~bl; +http://www.semrush.com/bot.html)"
84.17.42.8 - - [11/Jun/2022:21:51:07 +0300] "GET /administrator/index.php HTTP/1.0" 200 7144 "http://robukazan.ru/administrator/index.php" "Mozilla/5.0 (Windows NT 10.0; WOW64) AppleWebKit/537.36 (KHTML, like Gecko) Chrome/62.0.3198.0 Safari/537.36 OPR/49.0.2711.0"
84.17.42.8 - - [11/Jun/2022:21:51:08 +0300] "POST /administrator/index.php HTTP/1.0" 200 7438 "http://robukazan.ru/administrator/index.php" "Mozilla/5.0 (Windows NT 10.0; WOW64) AppleWebKit/537.36 (KHTML, like Gecko) Chrome/62.0.3198.0 Safari/537.36 OPR/49.0.2711.0"
52.226.227.211 - - [11/Jun/2022:21:51:53 +0300] "GET /components/com_jshopping/css/default.css HTTP/1.1" 200 25223 "-" "Mozilla/5.0 (Windows NT 10.0; Win64; x64) AppleWebKit/537.36 (KHTML, like Gecko) Chrome/76.0.3809.100 Safari/537.36"
54.36.148.190 - - [11/Jun/2022:21:53:34 +0300] "GET /katalog/apparaty-dlya-stykovoj-svarki/robu-w-630 HTTP/1.0" 200 9834 "-" "Mozilla/5.0 (compatible; AhrefsBot/7.0; +http://ahrefs.com/robot/)"
84.17.42.8 - - [11/Jun/2022:22:00:05 +0300] "GET /administrator/index.php HTTP/1.0" 200 7144 "http://robukazan.ru/administrator/index.php" "Mozilla/5.0 (Windows NT 10.0; WOW64) AppleWebKit/537.36 (KHTML, like Gecko) Chrome/62.0.3198.0 Safari/537.36 OPR/49.0.2711.0"
84.17.42.8 - - [11/Jun/2022:22:00:06 +0300] "POST /administrator/index.php HTTP/1.0" 200 7438 "http://robukazan.ru/administrator/index.php" "Mozilla/5.0 (Windows NT 10.0; WOW64) AppleWebKit/537.36 (KHTML, like Gecko) Chrome/62.0.3198.0 Safari/537.36 OPR/49.0.2711.0"
84.17.42.8 - - [11/Jun/2022:22:13:15 +0300] "GET /administrator/index.php HTTP/1.0" 200 7144 "http://robukazan.ru/administrator/index.php" "Mozilla/5.0 (Windows NT 10.0; WOW64) AppleWebKit/537.36 (KHTML, like Gecko) Chrome/62.0.3198.0 Safari/537.36 OPR/49.0.2711.0"
84.17.42.8 - - [11/Jun/2022:22:13:15 +0300] "POST /administrator/index.php HTTP/1.0" 200 7438 "http://robukazan.ru/administrator/index.php" "Mozilla/5.0 (Windows NT 10.0; WOW64) AppleWebKit/537.36 (KHTML, like Gecko) Chrome/62.0.3198.0 Safari/537.36 OPR/49.0.2711.0"
84.17.42.8 - - [11/Jun/2022:22:22:09 +0300] "GET /administrator/index.php HTTP/1.0" 200 7144 "http://robukazan.ru/administrator/index.php" "Mozilla/5.0 (Windows NT 10.0; WOW64) AppleWebKit/537.36 (KHTML, like Gecko) Chrome/62.0.3198.0 Safari/537.36 OPR/49.0.2711.0"
84.17.42.8 - - [11/Jun/2022:22:22:09 +0300] "POST /administrator/index.php HTTP/1.0" 200 7438 "http://robukazan.ru/administrator/index.php" "Mozilla/5.0 (Windows NT 10.0; WOW64) AppleWebKit/537.36 (KHTML, like Gecko) Chrome/62.0.3198.0 Safari/537.36 OPR/49.0.2711.0"
84.17.42.8 - - [11/Jun/2022:22:31:25 +0300] "GET /administrator/index.php HTTP/1.0" 200 7144 "http://robukazan.ru/administrator/index.php" "Mozilla/5.0 (Windows NT 10.0; WOW64) AppleWebKit/537.36 (KHTML, like Gecko) Chrome/62.0.3198.0 Safari/537.36 OPR/49.0.2711.0"
84.17.42.8 - - [11/Jun/2022:22:31:26 +0300] "POST /administrator/index.php HTTP/1.0" 200 7438 "http://robukazan.ru/administrator/index.php" "Mozilla/5.0 (Windows NT 10.0; WOW64) AppleWebKit/537.36 (KHTML, like Gecko) Chrome/62.0.3198.0 Safari/537.36 OPR/49.0.2711.0"
84.17.42.8 - - [11/Jun/2022:22:47:45 +0300] "GET /administrator/index.php HTTP/1.0" 200 7144 "http://robukazan.ru/administrator/index.php" "Mozilla/5.0 (Windows NT 10.0; WOW64) AppleWebKit/537.36 (KHTML, like Gecko) Chrome/62.0.3198.0 Safari/537.36 OPR/49.0.2711.0"
84.17.42.8 - - [11/Jun/2022:22:47:45 +0300] "POST /administrator/index.php HTTP/1.0" 200 7438 "http://robukazan.ru/administrator/index.php" "Mozilla/5.0 (Windows NT 10.0; WOW64) AppleWebKit/537.36 (KHTML, like Gecko) Chrome/62.0.3198.0 Safari/537.36 OPR/49.0.2711.0"
54.36.149.20 - - [11/Jun/2022:22:48:17 +0300] "GET /robots.txt HTTP/1.0" 200 696 "-" "Mozilla/5.0 (compatible; AhrefsBot/7.0; +http://ahrefs.com/robot/)"
54.36.148.190 - - [11/Jun/2022:22:48:18 +0300] "GET / HTTP/1.0" 200 9142 "-" "Mozilla/5.0 (compatible; AhrefsBot/7.0; +http://ahrefs.com/robot/)"
84.17.42.8 - - [11/Jun/2022:22:57:10 +0300] "GET /administrator/index.php HTTP/1.0" 200 7144 "http://robukazan.ru/administrator/index.php" "Mozilla/5.0 (Windows NT 10.0; WOW64) AppleWebKit/537.36 (KHTML, like Gecko) Chrome/62.0.3198.0 Safari/537.36 OPR/49.0.2711.0"
84.17.42.8 - - [11/Jun/2022:22:57:10 +0300] "POST /administrator/index.php HTTP/1.0" 200 7438 "http://robukazan.ru/administrator/index.php" "Mozilla/5.0 (Windows NT 10.0; WOW64) AppleWebKit/537.36 (KHTML, like Gecko) Chrome/62.0.3198.0 Safari/537.36 OPR/49.0.2711.0"
84.17.42.8 - - [11/Jun/2022:23:05:44 +0300] "GET /administrator/index.php HTTP/1.0" 200 7144 "http://robukazan.ru/administrator/index.php" "Mozilla/5.0 (Windows NT 10.0; WOW64) AppleWebKit/537.36 (KHTML, like Gecko) Chrome/62.0.3198.0 Safari/537.36 OPR/49.0.2711.0"
84.17.42.8 - - [11/Jun/2022:23:05:44 +0300] "POST /administrator/index.php HTTP/1.0" 200 7438 "http://robukazan.ru/administrator/index.php" "Mozilla/5.0 (Windows NT 10.0; WOW64) AppleWebKit/537.36 (KHTML, like Gecko) Chrome/62.0.3198.0 Safari/537.36 OPR/49.0.2711.0"
84.17.42.8 - - [11/Jun/2022:23:19:45 +0300] "GET /administrator/index.php HTTP/1.0" 200 7144 "http://robukazan.ru/administrator/index.php" "Mozilla/5.0 (Windows NT 10.0; WOW64) AppleWebKit/537.36 (KHTML, like Gecko) Chrome/62.0.3198.0 Safari/537.36 OPR/49.0.2711.0"
84.17.42.8 - - [11/Jun/2022:23:19:45 +0300] "POST /administrator/index.php HTTP/1.0" 200 7438 "http://robukazan.ru/administrator/index.php" "Mozilla/5.0 (Windows NT 10.0; WOW64) AppleWebKit/537.36 (KHTML, like Gecko) Chrome/62.0.3198.0 Safari/537.36 OPR/49.0.2711.0"
40.77.167.98 - - [11/Jun/2022:23:24:09 +0300] "GET /robots.txt HTTP/1.0" 200 696 "-" "Mozilla/5.0 (compatible; bingbot/2.0; +http://www.bing.com/bingbot.htm)"
40.77.167.98 - - [11/Jun/2022:23:24:10 +0300] "GET /robots.txt HTTP/1.0" 200 696 "-" "Mozilla/5.0 (compatible; bingbot/2.0; +http://www.bing.com/bingbot.htm)"
84.17.42.8 - - [11/Jun/2022:23:28:22 +0300] "GET /administrator/index.php HTTP/1.0" 200 7144 "http://robukazan.ru/administrator/index.php" "Mozilla/5.0 (Windows NT 10.0; WOW64) AppleWebKit/537.36 (KHTML, like Gecko) Chrome/62.0.3198.0 Safari/537.36 OPR/49.0.2711.0"
84.17.42.8 - - [11/Jun/2022:23:28:23 +0300] "POST /administrator/index.php HTTP/1.0" 200 7438 "http://robukazan.ru/administrator/index.php" "Mozilla/5.0 (Windows NT 10.0; WOW64) AppleWebKit/537.36 (KHTML, like Gecko) Chrome/62.0.3198.0 Safari/537.36 OPR/49.0.2711.0"
84.17.42.8 - - [11/Jun/2022:23:38:19 +0300] "GET /administrator/index.php HTTP/1.0" 200 7144 "http://robukazan.ru/administrator/index.php" "Mozilla/5.0 (Windows NT 10.0; WOW64) AppleWebKit/537.36 (KHTML, like Gecko) Chrome/62.0.3198.0 Safari/537.36 OPR/49.0.2711.0"
84.17.42.8 - - [11/Jun/2022:23:38:19 +0300] "POST /administrator/index.php HTTP/1.0" 200 7438 "http://robukazan.ru/administrator/index.php" "Mozilla/5.0 (Windows NT 10.0; WOW64) AppleWebKit/537.36 (KHTML, like Gecko) Chrome/62.0.3198.0 Safari/537.36 OPR/49.0.2711.0"
84.17.42.8 - - [11/Jun/2022:23:54:31 +0300] "GET /administrator/index.php HTTP/1.0" 200 7144 "http://robukazan.ru/administrator/index.php" "Mozilla/5.0 (Windows NT 10.0; WOW64) AppleWebKit/537.36 (KHTML, like Gecko) Chrome/62.0.3198.0 Safari/537.36 OPR/49.0.2711.0"
84.17.42.8 - - [11/Jun/2022:23:54:31 +0300] "POST /administrator/index.php HTTP/1.0" 200 7438 "http://robukazan.ru/administrator/index.php" "Mozilla/5.0 (Windows NT 10.0; WOW64) AppleWebKit/537.36 (KHTML, like Gecko) Chrome/62.0.3198.0 Safari/537.36 OPR/49.0.2711.0"
54.36.148.190 - - [11/Jun/2022:23:55:49 +0300] "GET /index.php/kontakty HTTP/1.0" 200 6959 "-" "Mozilla/5.0 (compatible; AhrefsBot/7.0; +http://ahrefs.com/robot/)"
84.17.42.8 - - [12/Jun/2022:00:03:06 +0300] "GET /administrator/index.php HTTP/1.0" 200 7144 "http://robukazan.ru/administrator/index.php" "Mozilla/5.0 (Windows NT 10.0; WOW64) AppleWebKit/537.36 (KHTML, like Gecko) Chrome/62.0.3198.0 Safari/537.36 OPR/49.0.2711.0"
84.17.42.8 - - [12/Jun/2022:00:03:06 +0300] "POST /administrator/index.php HTTP/1.0" 200 7438 "http://robukazan.ru/administrator/index.php" "Mozilla/5.0 (Windows NT 10.0; WOW64) AppleWebKit/537.36 (KHTML, like Gecko) Chrome/62.0.3198.0 Safari/537.36 OPR/49.0.2711.0"
84.17.42.8 - - [12/Jun/2022:00:11:51 +0300] "GET /administrator/index.php HTTP/1.0" 200 7144 "http://robukazan.ru/administrator/index.php" "Mozilla/5.0 (Windows NT 10.0; WOW64) AppleWebKit/537.36 (KHTML, like Gecko) Chrome/62.0.3198.0 Safari/537.36 OPR/49.0.2711.0"
84.17.42.8 - - [12/Jun/2022:00:11:51 +0300] "POST /administrator/index.php HTTP/1.0" 200 7438 "http://robukazan.ru/administrator/index.php" "Mozilla/5.0 (Windows NT 10.0; WOW64) AppleWebKit/537.36 (KHTML, like Gecko) Chrome/62.0.3198.0 Safari/537.36 OPR/49.0.2711.0"
84.17.42.8 - - [12/Jun/2022:00:25:06 +0300] "GET /administrator/index.php HTTP/1.0" 200 7144 "http://robukazan.ru/administrator/index.php" "Mozilla/5.0 (Windows NT 10.0; WOW64) AppleWebKit/537.36 (KHTML, like Gecko) Chrome/62.0.3198.0 Safari/537.36 OPR/49.0.2711.0"
84.17.42.8 - - [12/Jun/2022:00:25:07 +0300] "POST /administrator/index.php HTTP/1.0" 200 7438 "http://robukazan.ru/administrator/index.php" "Mozilla/5.0 (Windows NT 10.0; WOW64) AppleWebKit/537.36 (KHTML, like Gecko) Chrome/62.0.3198.0 Safari/537.36 OPR/49.0.2711.0"
188.241.177.230 - - [12/Jun/2022:00:31:26 +0300] "GET /administrator/index.php HTTP/1.0" 200 2928 "-" "Mozilla/5.0 (Windows NT 10.0; WOW64) AppleWebKit/537.36 (KHTML, like Gecko) Chrome/75.0.3770.100 Safari/537.36"
188.241.177.230 - - [12/Jun/2022:00:31:29 +0300] "POST /administrator/index.php HTTP/1.0" 200 3001 "-" "Mozilla/5.0 (Windows NT 10.0; WOW64) AppleWebKit/537.36 (KHTML, like Gecko) Chrome/75.0.3770.100 Safari/537.36"
188.241.177.230 - - [12/Jun/2022:00:31:32 +0300] "GET /administrator/index.php HTTP/1.0" 200 2831 "-" "Mozilla/5.0 (Windows NT 10.0; WOW64) AppleWebKit/537.36 (KHTML, like Gecko) Chrome/75.0.3770.100 Safari/537.36"
84.17.42.8 - - [12/Jun/2022:00:34:45 +0300] "GET /administrator/index.php HTTP/1.0" 200 7144 "http://robukazan.ru/administrator/index.php" "Mozilla/5.0 (Windows NT 10.0; WOW64) AppleWebKit/537.36 (KHTML, like Gecko) Chrome/62.0.3198.0 Safari/537.36 OPR/49.0.2711.0"
84.17.42.8 - - [12/Jun/2022:00:34:45 +0300] "POST /administrator/index.php HTTP/1.0" 200 7438 "http://robukazan.ru/administrator/index.php" "Mozilla/5.0 (Windows NT 10.0; WOW64) AppleWebKit/537.36 (KHTML, like Gecko) Chrome/62.0.3198.0 Safari/537.36 OPR/49.0.2711.0"
84.17.42.8 - - [12/Jun/2022:00:45:30 +0300] "GET /administrator/index.php HTTP/1.0" 200 7144 "http://robukazan.ru/administrator/index.php" "Mozilla/5.0 (Windows NT 10.0; WOW64) AppleWebKit/537.36 (KHTML, like Gecko) Chrome/62.0.3198.0 Safari/537.36 OPR/49.0.2711.0"
84.17.42.8 - - [12/Jun/2022:00:45:31 +0300] "POST /administrator/index.php HTTP/1.0" 200 7438 "http://robukazan.ru/administrator/index.php" "Mozilla/5.0 (Windows NT 10.0; WOW64) AppleWebKit/537.36 (KHTML, like Gecko) Chrome/62.0.3198.0 Safari/537.36 OPR/49.0.2711.0"
54.36.148.190 - - [12/Jun/2022:00:57:56 +0300] "GET /katalog/apparaty-dlya-stykovoj-svarki/robu-w-500 HTTP/1.0" 200 9850 "-" "Mozilla/5.0 (compatible; AhrefsBot/7.0; +http://ahrefs.com/robot/)"
84.17.42.8 - - [12/Jun/2022:01:00:33 +0300] "GET /administrator/index.php HTTP/1.0" 200 7144 "http://robukazan.ru/administrator/index.php" "Mozilla/5.0 (Windows NT 10.0; WOW64) AppleWebKit/537.36 (KHTML, like Gecko) Chrome/62.0.3198.0 Safari/537.36 OPR/49.0.2711.0"
84.17.42.8 - - [12/Jun/2022:01:00:34 +0300] "POST /administrator/index.php HTTP/1.0" 200 7438 "http://robukazan.ru/administrator/index.php" "Mozilla/5.0 (Windows NT 10.0; WOW64) AppleWebKit/537.36 (KHTML, like Gecko) Chrome/62.0.3198.0 Safari/537.36 OPR/49.0.2711.0"
84.17.42.8 - - [12/Jun/2022:01:09:23 +0300] "GET /administrator/index.php HTTP/1.0" 200 7144 "http://robukazan.ru/administrator/index.php" "Mozilla/5.0 (Windows NT 10.0; WOW64) AppleWebKit/537.36 (KHTML, like Gecko) Chrome/62.0.3198.0 Safari/537.36 OPR/49.0.2711.0"
84.17.42.8 - - [12/Jun/2022:01:09:23 +0300] "POST /administrator/index.php HTTP/1.0" 200 7438 "http://robukazan.ru/administrator/index.php" "Mozilla/5.0 (Windows NT 10.0; WOW64) AppleWebKit/537.36 (KHTML, like Gecko) Chrome/62.0.3198.0 Safari/537.36 OPR/49.0.2711.0"
84.17.42.8 - - [12/Jun/2022:01:17:58 +0300] "GET /administrator/index.php HTTP/1.0" 200 7144 "http://robukazan.ru/administrator/index.php" "Mozilla/5.0 (Windows NT 10.0; WOW64) AppleWebKit/537.36 (KHTML, like Gecko) Chrome/62.0.3198.0 Safari/537.36 OPR/49.0.2711.0"
84.17.42.8 - - [12/Jun/2022:01:17:58 +0300] "POST /administrator/index.php HTTP/1.0" 200 7438 "http://robukazan.ru/administrator/index.php" "Mozilla/5.0 (Windows NT 10.0; WOW64) AppleWebKit/537.36 (KHTML, like Gecko) Chrome/62.0.3198.0 Safari/537.36 OPR/49.0.2711.0"
84.17.42.8 - - [12/Jun/2022:01:32:50 +0300] "GET /administrator/index.php HTTP/1.0" 200 7144 "http://robukazan.ru/administrator/index.php" "Mozilla/5.0 (Windows NT 10.0; WOW64) AppleWebKit/537.36 (KHTML, like Gecko) Chrome/62.0.3198.0 Safari/537.36 OPR/49.0.2711.0"
84.17.42.8 - - [12/Jun/2022:01:32:51 +0300] "POST /administrator/index.php HTTP/1.0" 200 7438 "http://robukazan.ru/administrator/index.php" "Mozilla/5.0 (Windows NT 10.0; WOW64) AppleWebKit/537.36 (KHTML, like Gecko) Chrome/62.0.3198.0 Safari/537.36 OPR/49.0.2711.0"
84.17.42.8 - - [12/Jun/2022:01:43:07 +0300] "GET /administrator/index.php HTTP/1.0" 200 7144 "http://robukazan.ru/administrator/index.php" "Mozilla/5.0 (Windows NT 10.0; WOW64) AppleWebKit/537.36 (KHTML, like Gecko) Chrome/62.0.3198.0 Safari/537.36 OPR/49.0.2711.0"
84.17.42.8 - - [12/Jun/2022:01:43:07 +0300] "POST /administrator/index.php HTTP/1.0" 200 7438 "http://robukazan.ru/administrator/index.php" "Mozilla/5.0 (Windows NT 10.0; WOW64) AppleWebKit/537.36 (KHTML, like Gecko) Chrome/62.0.3198.0 Safari/537.36 OPR/49.0.2711.0"
54.36.148.190 - - [12/Jun/2022:01:51:20 +0300] "GET /katalog/blok-protokolirovaniya-rubin HTTP/1.0" 200 6134 "-" "Mozilla/5.0 (compatible; AhrefsBot/7.0; +http://ahrefs.com/robot/)"
84.17.42.8 - - [12/Jun/2022:01:53:17 +0300] "GET /administrator/index.php HTTP/1.0" 200 7144 "http://robukazan.ru/administrator/index.php" "Mozilla/5.0 (Windows NT 10.0; WOW64) AppleWebKit/537.36 (KHTML, like Gecko) Chrome/62.0.3198.0 Safari/537.36 OPR/49.0.2711.0"
84.17.42.8 - - [12/Jun/2022:01:53:17 +0300] "POST /administrator/index.php HTTP/1.0" 200 7438 "http://robukazan.ru/administrator/index.php" "Mozilla/5.0 (Windows NT 10.0; WOW64) AppleWebKit/537.36 (KHTML, like Gecko) Chrome/62.0.3198.0 Safari/537.36 OPR/49.0.2711.0"
84.17.42.8 - - [12/Jun/2022:02:07:18 +0300] "GET /administrator/index.php HTTP/1.0" 200 7144 "http://robukazan.ru/administrator/index.php" "Mozilla/5.0 (Windows NT 10.0; WOW64) AppleWebKit/537.36 (KHTML, like Gecko) Chrome/62.0.3198.0 Safari/537.36 OPR/49.0.2711.0"
84.17.42.8 - - [12/Jun/2022:02:07:18 +0300] "POST /administrator/index.php HTTP/1.0" 200 7438 "http://robukazan.ru/administrator/index.php" "Mozilla/5.0 (Windows NT 10.0; WOW64) AppleWebKit/537.36 (KHTML, like Gecko) Chrome/62.0.3198.0 Safari/537.36 OPR/49.0.2711.0"
84.17.42.8 - - [12/Jun/2022:02:15:46 +0300] "GET /administrator/index.php HTTP/1.0" 200 7144 "http://robukazan.ru/administrator/index.php" "Mozilla/5.0 (Windows NT 10.0; WOW64) AppleWebKit/537.36 (KHTML, like Gecko) Chrome/62.0.3198.0 Safari/537.36 OPR/49.0.2711.0"
84.17.42.8 - - [12/Jun/2022:02:15:46 +0300] "POST /administrator/index.php HTTP/1.0" 200 7438 "http://robukazan.ru/administrator/index.php" "Mozilla/5.0 (Windows NT 10.0; WOW64) AppleWebKit/537.36 (KHTML, like Gecko) Chrome/62.0.3198.0 Safari/537.36 OPR/49.0.2711.0"
54.36.148.190 - - [12/Jun/2022:02:18:51 +0300] "GET /katalog/apparaty-dlya-ehlektromuftovoj-svarki-pnd/nowatech-zern-800plus HTTP/1.0" 200 7508 "-" "Mozilla/5.0 (compatible; AhrefsBot/7.0; +http://ahrefs.com/robot/)"
84.17.42.8 - - [12/Jun/2022:02:24:40 +0300] "GET /administrator/index.php HTTP/1.0" 200 7144 "http://robukazan.ru/administrator/index.php" "Mozilla/5.0 (Windows NT 10.0; WOW64) AppleWebKit/537.36 (KHTML, like Gecko) Chrome/62.0.3198.0 Safari/537.36 OPR/49.0.2711.0"
84.17.42.8 - - [12/Jun/2022:02:24:40 +0300] "POST /administrator/index.php HTTP/1.0" 200 7438 "http://robukazan.ru/administrator/index.php" "Mozilla/5.0 (Windows NT 10.0; WOW64) AppleWebKit/537.36 (KHTML, like Gecko) Chrome/62.0.3198.0 Safari/537.36 OPR/49.0.2711.0"
114.119.138.202 - - [12/Jun/2022:02:29:11 +0300] "GET /index.php HTTP/1.0" 200 9143 "http://robukazan.ru/katalog/apparaty-dlya-stykovoj-svarki/robu-w-315" "Mozilla/5.0 (Linux; Android 7.0;) AppleWebKit/537.36 (KHTML, like Gecko) Mobile Safari/537.36 (compatible; PetalBot;+https://webmaster.petalsearch.com/site/petalbot)"
104.211.229.81 - - [12/Jun/2022:02:37:50 +0300] "POST /ALFA_DATA/alfacgiapi/perl.alfa HTTP/1.0" 404 1890 "www.google.com" "Mozlila/5.0 (Linux; Android 7.0; SM-G892A Bulid/NRD90M; wv) AppleWebKit/537.36 (KHTML, like Gecko) Version/4.0 Chrome/60.0.3112.107 Moblie Safari/537.36"
104.211.229.81 - - [12/Jun/2022:02:37:50 +0300] "GET / HTTP/1.0" 200 47304 "-" "Mozlila/5.0 (Linux; Android 7.0; SM-G892A Bulid/NRD90M; wv) AppleWebKit/537.36 (KHTML, like Gecko) Version/4.0 Chrome/60.0.3112.107 Moblie Safari/537.36"
104.211.229.81 - - [12/Jun/2022:02:37:50 +0300] "POST /alfacgiapi/perl.alfa HTTP/1.0" 404 1880 "www.google.com" "Mozlila/5.0 (Linux; Android 7.0; SM-G892A Bulid/NRD90M; wv) AppleWebKit/537.36 (KHTML, like Gecko) Version/4.0 Chrome/60.0.3112.107 Moblie Safari/537.36"
84.17.42.8 - - [12/Jun/2022:02:40:41 +0300] "GET /administrator/index.php HTTP/1.0" 200 7144 "http://robukazan.ru/administrator/index.php" "Mozilla/5.0 (Windows NT 10.0; WOW64) AppleWebKit/537.36 (KHTML, like Gecko) Chrome/62.0.3198.0 Safari/537.36 OPR/49.0.2711.0"
84.17.42.8 - - [12/Jun/2022:02:40:41 +0300] "POST /administrator/index.php HTTP/1.0" 200 7438 "http://robukazan.ru/administrator/index.php" "Mozilla/5.0 (Windows NT 10.0; WOW64) AppleWebKit/537.36 (KHTML, like Gecko) Chrome/62.0.3198.0 Safari/537.36 OPR/49.0.2711.0"
54.36.149.18 - - [12/Jun/2022:02:49:05 +0300] "GET /robots.txt HTTP/1.0" 200 696 "-" "Mozilla/5.0 (compatible; AhrefsBot/7.0; +http://ahrefs.com/robot/)"
54.36.148.190 - - [12/Jun/2022:02:49:06 +0300] "GET /katalog/apparaty-dlya-stykovoj-svarki/robu-w-800 HTTP/1.0" 200 9807 "-" "Mozilla/5.0 (compatible; AhrefsBot/7.0; +http://ahrefs.com/robot/)"
84.17.42.8 - - [12/Jun/2022:02:49:58 +0300] "GET /administrator/index.php HTTP/1.0" 200 7144 "http://robukazan.ru/administrator/index.php" "Mozilla/5.0 (Windows NT 10.0; WOW64) AppleWebKit/537.36 (KHTML, like Gecko) Chrome/62.0.3198.0 Safari/537.36 OPR/49.0.2711.0"
84.17.42.8 - - [12/Jun/2022:02:49:58 +0300] "POST /administrator/index.php HTTP/1.0" 200 7438 "http://robukazan.ru/administrator/index.php" "Mozilla/5.0 (Windows NT 10.0; WOW64) AppleWebKit/537.36 (KHTML, like Gecko) Chrome/62.0.3198.0 Safari/537.36 OPR/49.0.2711.0"
84.17.42.8 - - [12/Jun/2022:02:58:52 +0300] "GET /administrator/index.php HTTP/1.0" 200 7144 "http://robukazan.ru/administrator/index.php" "Mozilla/5.0 (Windows NT 10.0; WOW64) AppleWebKit/537.36 (KHTML, like Gecko) Chrome/62.0.3198.0 Safari/537.36 OPR/49.0.2711.0"
84.17.42.8 - - [12/Jun/2022:02:58:52 +0300] "POST /administrator/index.php HTTP/1.0" 200 7438 "http://robukazan.ru/administrator/index.php" "Mozilla/5.0 (Windows NT 10.0; WOW64) AppleWebKit/537.36 (KHTML, like Gecko) Chrome/62.0.3198.0 Safari/537.36 OPR/49.0.2711.0"
40.77.167.98 - - [12/Jun/2022:03:03:03 +0300] "GET /robots.txt HTTP/1.0" 200 696 "-" "Mozilla/5.0 (compatible; bingbot/2.0; +http://www.bing.com/bingbot.htm)"
40.77.167.98 - - [12/Jun/2022:03:03:03 +0300] "GET /robots.txt HTTP/1.0" 200 696 "-" "Mozilla/5.0 (compatible; bingbot/2.0; +http://www.bing.com/bingbot.htm)"
157.55.39.31 - - [12/Jun/2022:03:03:14 +0300] "GET / HTTP/1.0" 200 9142 "-" "Mozilla/5.0 (compatible; bingbot/2.0; +http://www.bing.com/bingbot.htm)"
95.108.213.15 - - [12/Jun/2022:03:08:37 +0300] "GET /robots.txt HTTP/1.0" 200 1108 "-" "Mozilla/5.0 (compatible; YandexBot/3.0; +http://yandex.com/bots)"
95.108.213.15 - - [12/Jun/2022:03:08:41 +0300] "GET /katalog/product/view/3/67 HTTP/1.0" 200 7310 "-" "Mozilla/5.0 (compatible; YandexBot/3.0; +http://yandex.com/bots)"
95.108.213.15 - - [12/Jun/2022:03:08:44 +0300] "GET /katalog/product/view/3/70 HTTP/1.0" 200 7419 "-" "Mozilla/5.0 (compatible; YandexBot/3.0; +http://yandex.com/bots)"
95.108.213.15 - - [12/Jun/2022:03:08:47 +0300] "GET /katalog/product/view/1/7 HTTP/1.0" 200 8878 "-" "Mozilla/5.0 (compatible; YandexBot/3.0; +http://yandex.com/bots)"
95.108.213.15 - - [12/Jun/2022:03:08:51 +0300] "GET /katalog/product/view/3/69 HTTP/1.0" 200 7444 "-" "Mozilla/5.0 (compatible; YandexBot/3.0; +http://yandex.com/bots)"
95.108.213.15 - - [12/Jun/2022:03:08:54 +0300] "GET /katalog/product/view/1/71 HTTP/1.0" 200 9840 "-" "Mozilla/5.0 (compatible; YandexBot/3.0; +http://yandex.com/bots)"
84.17.42.8 - - [12/Jun/2022:03:13:58 +0300] "GET /administrator/index.php HTTP/1.0" 200 7144 "http://robukazan.ru/administrator/index.php" "Mozilla/5.0 (Windows NT 10.0; WOW64) AppleWebKit/537.36 (KHTML, like Gecko) Chrome/62.0.3198.0 Safari/537.36 OPR/49.0.2711.0"
84.17.42.8 - - [12/Jun/2022:03:13:58 +0300] "POST /administrator/index.php HTTP/1.0" 200 7438 "http://robukazan.ru/administrator/index.php" "Mozilla/5.0 (Windows NT 10.0; WOW64) AppleWebKit/537.36 (KHTML, like Gecko) Chrome/62.0.3198.0 Safari/537.36 OPR/49.0.2711.0"
114.119.143.130 - - [12/Jun/2022:03:15:16 +0300] "GET /katalog/apparaty-dlya-stykovoj-svarki/robu-w-315 HTTP/1.0" 200 9829 "http://www.robukazan.ru/" "Mozilla/5.0 (Linux; Android 7.0;) AppleWebKit/537.36 (KHTML, like Gecko) Mobile Safari/537.36 (compatible; PetalBot;+https://webmaster.petalsearch.com/site/petalbot)"
54.36.148.190 - - [12/Jun/2022:03:20:26 +0300] "GET /katalog/apparaty-dlya-stykovoj-svarki/robu-w-1000 HTTP/1.0" 200 8217 "-" "Mozilla/5.0 (compatible; AhrefsBot/7.0; +http://ahrefs.com/robot/)"
84.17.42.8 - - [12/Jun/2022:03:24:22 +0300] "GET /administrator/index.php HTTP/1.0" 200 7144 "http://robukazan.ru/administrator/index.php" "Mozilla/5.0 (Windows NT 10.0; WOW64) AppleWebKit/537.36 (KHTML, like Gecko) Chrome/62.0.3198.0 Safari/537.36 OPR/49.0.2711.0"
84.17.42.8 - - [12/Jun/2022:03:24:22 +0300] "POST /administrator/index.php HTTP/1.0" 200 7438 "http://robukazan.ru/administrator/index.php" "Mozilla/5.0 (Windows NT 10.0; WOW64) AppleWebKit/537.36 (KHTML, like Gecko) Chrome/62.0.3198.0 Safari/537.36 OPR/49.0.2711.0"
84.17.42.8 - - [12/Jun/2022:03:33:27 +0300] "GET /administrator/index.php HTTP/1.0" 200 7144 "http://robukazan.ru/administrator/index.php" "Mozilla/5.0 (Windows NT 10.0; WOW64) AppleWebKit/537.36 (KHTML, like Gecko) Chrome/62.0.3198.0 Safari/537.36 OPR/49.0.2711.0"
84.17.42.8 - - [12/Jun/2022:03:33:27 +0300] "POST /administrator/index.php HTTP/1.0" 200 7438 "http://robukazan.ru/administrator/index.php" "Mozilla/5.0 (Windows NT 10.0; WOW64) AppleWebKit/537.36 (KHTML, like Gecko) Chrome/62.0.3198.0 Safari/537.36 OPR/49.0.2711.0"
114.119.138.199 - - [12/Jun/2022:03:38:07 +0300] "GET /katalog/apparaty-dlya-ehlektromuftovoj-svarki-pnd/nowatech-zern-4000 HTTP/1.0" 200 7279 "http://robukazan.ru/katalog/apparaty-dlya-ehlektromuftovoj-svarki-pnd" "Mozilla/5.0 (Linux; Android 7.0;) AppleWebKit/537.36 (KHTML, like Gecko) Mobile Safari/537.36 (compatible; PetalBot;+https://webmaster.petalsearch.com/site/petalbot)"
52.11.189.180 - - [12/Jun/2022:03:47:17 +0300] "GET / HTTP/1.0" 200 9141 "-" "Mozilla/5.0 (X11; Linux x86_64) AppleWebKit/537.36 (KHTML, like Gecko) Chrome/83.0.4103.97 Safari/537.36"
34.210.78.248 - - [12/Jun/2022:03:47:20 +0300] "GET / HTTP/1.0" 200 9143 "-" "Mozilla/5.0 (X11; Linux x86_64) AppleWebKit/537.36 (KHTML, like Gecko) Chrome/83.0.4103.97 Safari/537.36"
84.17.42.8 - - [12/Jun/2022:03:47:35 +0300] "GET /administrator/index.php HTTP/1.0" 200 7144 "http://robukazan.ru/administrator/index.php" "Mozilla/5.0 (Windows NT 10.0; WOW64) AppleWebKit/537.36 (KHTML, like Gecko) Chrome/62.0.3198.0 Safari/537.36 OPR/49.0.2711.0"
84.17.42.8 - - [12/Jun/2022:03:47:36 +0300] "POST /administrator/index.php HTTP/1.0" 200 7438 "http://robukazan.ru/administrator/index.php" "Mozilla/5.0 (Windows NT 10.0; WOW64) AppleWebKit/537.36 (KHTML, like Gecko) Chrome/62.0.3198.0 Safari/537.36 OPR/49.0.2711.0"
35.88.192.59 - - [12/Jun/2022:03:47:49 +0300] "GET /favicon.ico HTTP/1.0" 404 1871 "-" "Mozilla/5.0 (X11; Linux x86_64) AppleWebKit/537.36 (KHTML, like Gecko) Chrome/83.0.4103.97 Safari/537.36"
35.88.192.59 - - [12/Jun/2022:03:47:52 +0300] "GET / HTTP/1.0" 200 9140 "-" "Mozilla/5.0 (X11; Linux x86_64) AppleWebKit/537.36 (KHTML, like Gecko) Chrome/83.0.4103.97 Safari/537.36"
18.237.210.179 - - [12/Jun/2022:03:51:54 +0300] "GET / HTTP/1.0" 200 9140 "-" "Mozilla/5.0 (X11; Linux x86_64) AppleWebKit/537.36 (KHTML, like Gecko) Chrome/83.0.4103.97 Safari/537.36"
54.36.148.190 - - [12/Jun/2022:03:53:07 +0300] "GET /katalog/apparaty-dlya-stykovoj-svarki/robu-w-1600 HTTP/1.0" 200 7644 "-" "Mozilla/5.0 (compatible; AhrefsBot/7.0; +http://ahrefs.com/robot/)"
114.119.138.202 - - [12/Jun/2022:03:55:10 +0300] "GET /sertifikaty-i-garantiya HTTP/1.0" 200 7372 "http://robukazan.ru/katalog/apparaty-dlya-stykovoj-svarki/robu-w-315" "Mozilla/5.0 (Linux; Android 7.0;) AppleWebKit/537.36 (KHTML, like Gecko) Mobile Safari/537.36 (compatible; PetalBot;+https://webmaster.petalsearch.com/site/petalbot)"
84.17.42.8 - - [12/Jun/2022:03:55:56 +0300] "GET /administrator/index.php HTTP/1.0" 200 7144 "http://robukazan.ru/administrator/index.php" "Mozilla/5.0 (Windows NT 10.0; WOW64) AppleWebKit/537.36 (KHTML, like Gecko) Chrome/62.0.3198.0 Safari/537.36 OPR/49.0.2711.0"
84.17.42.8 - - [12/Jun/2022:03:55:56 +0300] "POST /administrator/index.php HTTP/1.0" 200 7438 "http://robukazan.ru/administrator/index.php" "Mozilla/5.0 (Windows NT 10.0; WOW64) AppleWebKit/537.36 (KHTML, like Gecko) Chrome/62.0.3198.0 Safari/537.36 OPR/49.0.2711.0"
84.17.42.8 - - [12/Jun/2022:04:05:41 +0300] "GET /administrator/index.php HTTP/1.0" 200 7144 "http://robukazan.ru/administrator/index.php" "Mozilla/5.0 (Windows NT 10.0; WOW64) AppleWebKit/537.36 (KHTML, like Gecko) Chrome/62.0.3198.0 Safari/537.36 OPR/49.0.2711.0"
84.17.42.8 - - [12/Jun/2022:04:05:41 +0300] "POST /administrator/index.php HTTP/1.0" 200 7438 "http://robukazan.ru/administrator/index.php" "Mozilla/5.0 (Windows NT 10.0; WOW64) AppleWebKit/537.36 (KHTML, like Gecko) Chrome/62.0.3198.0 Safari/537.36 OPR/49.0.2711.0"
84.17.42.8 - - [12/Jun/2022:04:21:29 +0300] "GET /administrator/index.php HTTP/1.0" 200 7144 "http://robukazan.ru/administrator/index.php" "Mozilla/5.0 (Windows NT 10.0; WOW64) AppleWebKit/537.36 (KHTML, like Gecko) Chrome/62.0.3198.0 Safari/537.36 OPR/49.0.2711.0"
84.17.42.8 - - [12/Jun/2022:04:21:29 +0300] "POST /administrator/index.php HTTP/1.0" 200 7438 "http://robukazan.ru/administrator/index.php" "Mozilla/5.0 (Windows NT 10.0; WOW64) AppleWebKit/537.36 (KHTML, like Gecko) Chrome/62.0.3198.0 Safari/537.36 OPR/49.0.2711.0"
54.36.148.190 - - [12/Jun/2022:04:26:19 +0300] "GET /katalog/apparaty-dlya-stykovoj-svarki/robu-w-160-g HTTP/1.0" 200 9851 "-" "Mozilla/5.0 (compatible; AhrefsBot/7.0; +http://ahrefs.com/robot/)"
37.120.217.166 - - [12/Jun/2022:04:28:58 +0300] "GET /administrator/index.php HTTP/1.0" 200 2926 "-" "Mozilla/5.0 (Windows NT 10.0; WOW64) AppleWebKit/537.36 (KHTML, like Gecko) Chrome/75.0.3770.100 Safari/537.36"
37.120.217.166 - - [12/Jun/2022:04:29:01 +0300] "POST /administrator/index.php HTTP/1.0" 200 3000 "-" "Mozilla/5.0 (Windows NT 10.0; WOW64) AppleWebKit/537.36 (KHTML, like Gecko) Chrome/75.0.3770.100 Safari/537.36"
37.120.217.166 - - [12/Jun/2022:04:29:04 +0300] "GET /administrator/index.php HTTP/1.0" 200 2829 "-" "Mozilla/5.0 (Windows NT 10.0; WOW64) AppleWebKit/537.36 (KHTML, like Gecko) Chrome/75.0.3770.100 Safari/537.36"
84.17.42.8 - - [12/Jun/2022:04:29:20 +0300] "GET /administrator/index.php HTTP/1.0" 200 7144 "http://robukazan.ru/administrator/index.php" "Mozilla/5.0 (Windows NT 10.0; WOW64) AppleWebKit/537.36 (KHTML, like Gecko) Chrome/62.0.3198.0 Safari/537.36 OPR/49.0.2711.0"
84.17.42.8 - - [12/Jun/2022:04:29:20 +0300] "POST /administrator/index.php HTTP/1.0" 200 7438 "http://robukazan.ru/administrator/index.php" "Mozilla/5.0 (Windows NT 10.0; WOW64) AppleWebKit/537.36 (KHTML, like Gecko) Chrome/62.0.3198.0 Safari/537.36 OPR/49.0.2711.0"
84.17.42.8 - - [12/Jun/2022:04:36:18 +0300] "GET /administrator/index.php HTTP/1.0" 200 7144 "http://robukazan.ru/administrator/index.php" "Mozilla/5.0 (Windows NT 10.0; WOW64) AppleWebKit/537.36 (KHTML, like Gecko) Chrome/62.0.3198.0 Safari/537.36 OPR/49.0.2711.0"
84.17.42.8 - - [12/Jun/2022:04:36:19 +0300] "POST /administrator/index.php HTTP/1.0" 200 7438 "http://robukazan.ru/administrator/index.php" "Mozilla/5.0 (Windows NT 10.0; WOW64) AppleWebKit/537.36 (KHTML, like Gecko) Chrome/62.0.3198.0 Safari/537.36 OPR/49.0.2711.0"
84.17.42.8 - - [12/Jun/2022:04:48:25 +0300] "GET /administrator/index.php HTTP/1.0" 200 7144 "http://robukazan.ru/administrator/index.php" "Mozilla/5.0 (Windows NT 10.0; WOW64) AppleWebKit/537.36 (KHTML, like Gecko) Chrome/62.0.3198.0 Safari/537.36 OPR/49.0.2711.0"
84.17.42.8 - - [12/Jun/2022:04:48:26 +0300] "POST /administrator/index.php HTTP/1.0" 200 7438 "http://robukazan.ru/administrator/index.php" "Mozilla/5.0 (Windows NT 10.0; WOW64) AppleWebKit/537.36 (KHTML, like Gecko) Chrome/62.0.3198.0 Safari/537.36 OPR/49.0.2711.0"
54.36.148.190 - - [12/Jun/2022:04:57:09 +0300] "GET /index.php/sertifikaty-i-garantiya HTTP/1.0" 200 7377 "-" "Mozilla/5.0 (compatible; AhrefsBot/7.0; +http://ahrefs.com/robot/)"
84.17.42.8 - - [12/Jun/2022:04:57:17 +0300] "GET /administrator/index.php HTTP/1.0" 200 7144 "http://robukazan.ru/administrator/index.php" "Mozilla/5.0 (Windows NT 10.0; WOW64) AppleWebKit/537.36 (KHTML, like Gecko) Chrome/62.0.3198.0 Safari/537.36 OPR/49.0.2711.0"
84.17.42.8 - - [12/Jun/2022:04:57:17 +0300] "POST /administrator/index.php HTTP/1.0" 200 7438 "http://robukazan.ru/administrator/index.php" "Mozilla/5.0 (Windows NT 10.0; WOW64) AppleWebKit/537.36 (KHTML, like Gecko) Chrome/62.0.3198.0 Safari/537.36 OPR/49.0.2711.0"
45.135.176.13 - - [12/Jun/2022:04:58:28 +0300] "GET / HTTP/1.0" 200 47350 "http://www.robukazan.ru/" "Mozilla/5.0 (Windows NT 6.1) AppleWebKit/537.36 (KHTML, like Gecko) Chrome/90.0.4430.85 Safari/537.36"
84.17.42.8 - - [12/Jun/2022:05:05:51 +0300] "GET /administrator/index.php HTTP/1.0" 200 7144 "http://robukazan.ru/administrator/index.php" "Mozilla/5.0 (Windows NT 10.0; WOW64) AppleWebKit/537.36 (KHTML, like Gecko) Chrome/62.0.3198.0 Safari/537.36 OPR/49.0.2711.0"
84.17.42.8 - - [12/Jun/2022:05:05:52 +0300] "POST /administrator/index.php HTTP/1.0" 200 7438 "http://robukazan.ru/administrator/index.php" "Mozilla/5.0 (Windows NT 10.0; WOW64) AppleWebKit/537.36 (KHTML, like Gecko) Chrome/62.0.3198.0 Safari/537.36 OPR/49.0.2711.0"
84.17.42.8 - - [12/Jun/2022:05:17:38 +0300] "GET /administrator/index.php HTTP/1.0" 200 7144 "http://robukazan.ru/administrator/index.php" "Mozilla/5.0 (Windows NT 10.0; WOW64) AppleWebKit/537.36 (KHTML, like Gecko) Chrome/62.0.3198.0 Safari/537.36 OPR/49.0.2711.0"
84.17.42.8 - - [12/Jun/2022:05:17:38 +0300] "POST /administrator/index.php HTTP/1.0" 200 7438 "http://robukazan.ru/administrator/index.php" "Mozilla/5.0 (Windows NT 10.0; WOW64) AppleWebKit/537.36 (KHTML, like Gecko) Chrome/62.0.3198.0 Safari/537.36 OPR/49.0.2711.0"
54.36.148.190 - - [12/Jun/2022:05:21:02 +0300] "GET /katalog/apparaty-dlya-stykovoj-svarki/robu-w-1200 HTTP/1.0" 200 7645 "-" "Mozilla/5.0 (compatible; AhrefsBot/7.0; +http://ahrefs.com/robot/)"
84.17.42.8 - - [12/Jun/2022:05:24:57 +0300] "GET /administrator/index.php HTTP/1.0" 200 7144 "http://robukazan.ru/administrator/index.php" "Mozilla/5.0 (Windows NT 10.0; WOW64) AppleWebKit/537.36 (KHTML, like Gecko) Chrome/62.0.3198.0 Safari/537.36 OPR/49.0.2711.0"
84.17.42.8 - - [12/Jun/2022:05:24:57 +0300] "POST /administrator/index.php HTTP/1.0" 200 7438 "http://robukazan.ru/administrator/index.php" "Mozilla/5.0 (Windows NT 10.0; WOW64) AppleWebKit/537.36 (KHTML, like Gecko) Chrome/62.0.3198.0 Safari/537.36 OPR/49.0.2711.0"
84.17.42.8 - - [12/Jun/2022:05:33:14 +0300] "GET /administrator/index.php HTTP/1.0" 200 7144 "http://robukazan.ru/administrator/index.php" "Mozilla/5.0 (Windows NT 10.0; WOW64) AppleWebKit/537.36 (KHTML, like Gecko) Chrome/62.0.3198.0 Safari/537.36 OPR/49.0.2711.0"
84.17.42.8 - - [12/Jun/2022:05:33:15 +0300] "POST /administrator/index.php HTTP/1.0" 200 7438 "http://robukazan.ru/administrator/index.php" "Mozilla/5.0 (Windows NT 10.0; WOW64) AppleWebKit/537.36 (KHTML, like Gecko) Chrome/62.0.3198.0 Safari/537.36 OPR/49.0.2711.0"
103.16.199.165 - - [12/Jun/2022:05:44:10 +0300] "GET /.env HTTP/1.0" 404 1865 "-" "Mozilla/5.0 (X11; Linux x86_64) AppleWebKit/537.36 (KHTML, like Gecko) Chrome/81.0.4044.129 Safari/537.36"
103.16.199.165 - - [12/Jun/2022:05:44:11 +0300] "POST / HTTP/1.0" 200 9141 "-" "Mozilla/5.0 (X11; Linux x86_64) AppleWebKit/537.36 (KHTML, like Gecko) Chrome/81.0.4044.129 Safari/537.36"
54.36.148.190 - - [12/Jun/2022:05:46:15 +0300] "GET /katalog/apparaty-dlya-stykovoj-svarki/robu-w-160-g HTTP/1.0" 200 9843 "-" "Mozilla/5.0 (compatible; AhrefsBot/7.0; +http://ahrefs.com/robot/)"
84.17.42.8 - - [12/Jun/2022:05:46:56 +0300] "GET /administrator/index.php HTTP/1.0" 200 7144 "http://robukazan.ru/administrator/index.php" "Mozilla/5.0 (Windows NT 10.0; WOW64) AppleWebKit/537.36 (KHTML, like Gecko) Chrome/62.0.3198.0 Safari/537.36 OPR/49.0.2711.0"
84.17.42.8 - - [12/Jun/2022:05:46:56 +0300] "POST /administrator/index.php HTTP/1.0" 200 7438 "http://robukazan.ru/administrator/index.php" "Mozilla/5.0 (Windows NT 10.0; WOW64) AppleWebKit/537.36 (KHTML, like Gecko) Chrome/62.0.3198.0 Safari/537.36 OPR/49.0.2711.0"
84.17.42.8 - - [12/Jun/2022:05:56:32 +0300] "GET /administrator/index.php HTTP/1.0" 200 7144 "http://robukazan.ru/administrator/index.php" "Mozilla/5.0 (Windows NT 10.0; WOW64) AppleWebKit/537.36 (KHTML, like Gecko) Chrome/62.0.3198.0 Safari/537.36 OPR/49.0.2711.0"
84.17.42.8 - - [12/Jun/2022:05:56:32 +0300] "POST /administrator/index.php HTTP/1.0" 200 7438 "http://robukazan.ru/administrator/index.php" "Mozilla/5.0 (Windows NT 10.0; WOW64) AppleWebKit/537.36 (KHTML, like Gecko) Chrome/62.0.3198.0 Safari/537.36 OPR/49.0.2711.0"
84.17.42.8 - - [12/Jun/2022:06:06:20 +0300] "GET /administrator/index.php HTTP/1.0" 200 7144 "http://robukazan.ru/administrator/index.php" "Mozilla/5.0 (Windows NT 10.0; WOW64) AppleWebKit/537.36 (KHTML, like Gecko) Chrome/62.0.3198.0 Safari/537.36 OPR/49.0.2711.0"
84.17.42.8 - - [12/Jun/2022:06:06:21 +0300] "POST /administrator/index.php HTTP/1.0" 200 7438 "http://robukazan.ru/administrator/index.php" "Mozilla/5.0 (Windows NT 10.0; WOW64) AppleWebKit/537.36 (KHTML, like Gecko) Chrome/62.0.3198.0 Safari/537.36 OPR/49.0.2711.0"
54.36.148.190 - - [12/Jun/2022:06:11:09 +0300] "GET /sertifikaty-i-garantiya HTTP/1.0" 200 7371 "-" "Mozilla/5.0 (compatible; AhrefsBot/7.0; +http://ahrefs.com/robot/)"
84.17.42.8 - - [12/Jun/2022:06:20:50 +0300] "GET /administrator/index.php HTTP/1.0" 200 7144 "http://robukazan.ru/administrator/index.php" "Mozilla/5.0 (Windows NT 10.0; WOW64) AppleWebKit/537.36 (KHTML, like Gecko) Chrome/62.0.3198.0 Safari/537.36 OPR/49.0.2711.0"
84.17.42.8 - - [12/Jun/2022:06:20:50 +0300] "POST /administrator/index.php HTTP/1.0" 200 7438 "http://robukazan.ru/administrator/index.php" "Mozilla/5.0 (Windows NT 10.0; WOW64) AppleWebKit/537.36 (KHTML, like Gecko) Chrome/62.0.3198.0 Safari/537.36 OPR/49.0.2711.0"
84.17.42.8 - - [12/Jun/2022:06:29:30 +0300] "GET /administrator/index.php HTTP/1.0" 200 7144 "http://robukazan.ru/administrator/index.php" "Mozilla/5.0 (Windows NT 10.0; WOW64) AppleWebKit/537.36 (KHTML, like Gecko) Chrome/62.0.3198.0 Safari/537.36 OPR/49.0.2711.0"
84.17.42.8 - - [12/Jun/2022:06:29:31 +0300] "POST /administrator/index.php HTTP/1.0" 200 7438 "http://robukazan.ru/administrator/index.php" "Mozilla/5.0 (Windows NT 10.0; WOW64) AppleWebKit/537.36 (KHTML, like Gecko) Chrome/62.0.3198.0 Safari/537.36 OPR/49.0.2711.0"
54.36.148.190 - - [12/Jun/2022:06:35:09 +0300] "GET /katalog/blok-protokolirovaniya-rubin HTTP/1.0" 200 6132 "-" "Mozilla/5.0 (compatible; AhrefsBot/7.0; +http://ahrefs.com/robot/)"
84.17.42.8 - - [12/Jun/2022:06:39:45 +0300] "GET /administrator/index.php HTTP/1.0" 200 7144 "http://robukazan.ru/administrator/index.php" "Mozilla/5.0 (Windows NT 10.0; WOW64) AppleWebKit/537.36 (KHTML, like Gecko) Chrome/62.0.3198.0 Safari/537.36 OPR/49.0.2711.0"
84.17.42.8 - - [12/Jun/2022:06:39:45 +0300] "POST /administrator/index.php HTTP/1.0" 200 7438 "http://robukazan.ru/administrator/index.php" "Mozilla/5.0 (Windows NT 10.0; WOW64) AppleWebKit/537.36 (KHTML, like Gecko) Chrome/62.0.3198.0 Safari/537.36 OPR/49.0.2711.0"
84.17.42.8 - - [12/Jun/2022:06:54:17 +0300] "GET /administrator/index.php HTTP/1.0" 200 7144 "http://robukazan.ru/administrator/index.php" "Mozilla/5.0 (Windows NT 10.0; WOW64) AppleWebKit/537.36 (KHTML, like Gecko) Chrome/62.0.3198.0 Safari/537.36 OPR/49.0.2711.0"
84.17.42.8 - - [12/Jun/2022:06:54:17 +0300] "POST /administrator/index.php HTTP/1.0" 200 7438 "http://robukazan.ru/administrator/index.php" "Mozilla/5.0 (Windows NT 10.0; WOW64) AppleWebKit/537.36 (KHTML, like Gecko) Chrome/62.0.3198.0 Safari/537.36 OPR/49.0.2711.0"
157.90.177.232 - - [12/Jun/2022:06:58:50 +0300] "GET /robots.txt HTTP/1.0" 200 696 "-" "Mozilla/5.0 (compatible; BLEXBot/1.0; +http://webmeup-crawler.com/)"
157.90.177.232 - - [12/Jun/2022:06:58:50 +0300] "GET /sitemap HTTP/1.0" 404 1867 "-" "Mozilla/5.0 (compatible; BLEXBot/1.0; +http://webmeup-crawler.com/)"
157.90.177.232 - - [12/Jun/2022:06:59:00 +0300] "GET /sitemap.txt HTTP/1.0" 404 1871 "-" "Mozilla/5.0 (compatible; BLEXBot/1.0; +http://webmeup-crawler.com/)"
84.17.42.8 - - [12/Jun/2022:07:03:07 +0300] "GET /administrator/index.php HTTP/1.0" 200 7144 "http://robukazan.ru/administrator/index.php" "Mozilla/5.0 (Windows NT 10.0; WOW64) AppleWebKit/537.36 (KHTML, like Gecko) Chrome/62.0.3198.0 Safari/537.36 OPR/49.0.2711.0"
84.17.42.8 - - [12/Jun/2022:07:03:07 +0300] "POST /administrator/index.php HTTP/1.0" 200 7438 "http://robukazan.ru/administrator/index.php" "Mozilla/5.0 (Windows NT 10.0; WOW64) AppleWebKit/537.36 (KHTML, like Gecko) Chrome/62.0.3198.0 Safari/537.36 OPR/49.0.2711.0"
84.17.42.8 - - [12/Jun/2022:07:11:57 +0300] "GET /administrator/index.php HTTP/1.0" 200 7144 "http://robukazan.ru/administrator/index.php" "Mozilla/5.0 (Windows NT 10.0; WOW64) AppleWebKit/537.36 (KHTML, like Gecko) Chrome/62.0.3198.0 Safari/537.36 OPR/49.0.2711.0"
84.17.42.8 - - [12/Jun/2022:07:11:57 +0300] "POST /administrator/index.php HTTP/1.0" 200 7438 "http://robukazan.ru/administrator/index.php" "Mozilla/5.0 (Windows NT 10.0; WOW64) AppleWebKit/537.36 (KHTML, like Gecko) Chrome/62.0.3198.0 Safari/537.36 OPR/49.0.2711.0"
54.36.148.190 - - [12/Jun/2022:07:16:48 +0300] "GET /katalog/apparaty-dlya-stykovoj-svarki/robu-w-250 HTTP/1.0" 200 9804 "-" "Mozilla/5.0 (compatible; AhrefsBot/7.0; +http://ahrefs.com/robot/)"
84.17.42.8 - - [12/Jun/2022:07:25:46 +0300] "GET /administrator/index.php HTTP/1.0" 200 7144 "http://robukazan.ru/administrator/index.php" "Mozilla/5.0 (Windows NT 10.0; WOW64) AppleWebKit/537.36 (KHTML, like Gecko) Chrome/62.0.3198.0 Safari/537.36 OPR/49.0.2711.0"
84.17.42.8 - - [12/Jun/2022:07:25:46 +0300] "POST /administrator/index.php HTTP/1.0" 200 7438 "http://robukazan.ru/administrator/index.php" "Mozilla/5.0 (Windows NT 10.0; WOW64) AppleWebKit/537.36 (KHTML, like Gecko) Chrome/62.0.3198.0 Safari/537.36 OPR/49.0.2711.0"
185.191.171.43 - - [12/Jun/2022:07:31:12 +0300] "GET /robots.txt HTTP/1.0" 200 696 "-" "Mozilla/5.0 (compatible; SemrushBot/7~bl; +http://www.semrush.com/bot.html)"
185.191.171.8 - - [12/Jun/2022:07:31:12 +0300] "GET /index.php/katalog HTTP/1.0" 200 6159 "-" "Mozilla/5.0 (compatible; SemrushBot/7~bl; +http://www.semrush.com/bot.html)"
84.17.42.8 - - [12/Jun/2022:07:34:21 +0300] "GET /administrator/index.php HTTP/1.0" 200 7144 "http://robukazan.ru/administrator/index.php" "Mozilla/5.0 (Windows NT 10.0; WOW64) AppleWebKit/537.36 (KHTML, like Gecko) Chrome/62.0.3198.0 Safari/537.36 OPR/49.0.2711.0"
84.17.42.8 - - [12/Jun/2022:07:34:21 +0300] "POST /administrator/index.php HTTP/1.0" 200 7438 "http://robukazan.ru/administrator/index.php" "Mozilla/5.0 (Windows NT 10.0; WOW64) AppleWebKit/537.36 (KHTML, like Gecko) Chrome/62.0.3198.0 Safari/537.36 OPR/49.0.2711.0"
66.249.79.17 - - [12/Jun/2022:07:38:05 +0300] "GET /robots.txt HTTP/1.0" 200 696 "-" "Mozilla/5.0 (compatible; Googlebot/2.1; +http://www.google.com/bot.html)"
84.17.42.8 - - [12/Jun/2022:07:43:38 +0300] "GET /administrator/index.php HTTP/1.0" 200 7144 "http://robukazan.ru/administrator/index.php" "Mozilla/5.0 (Windows NT 10.0; WOW64) AppleWebKit/537.36 (KHTML, like Gecko) Chrome/62.0.3198.0 Safari/537.36 OPR/49.0.2711.0"
84.17.42.8 - - [12/Jun/2022:07:43:38 +0300] "POST /administrator/index.php HTTP/1.0" 200 7438 "http://robukazan.ru/administrator/index.php" "Mozilla/5.0 (Windows NT 10.0; WOW64) AppleWebKit/537.36 (KHTML, like Gecko) Chrome/62.0.3198.0 Safari/537.36 OPR/49.0.2711.0"
84.17.42.8 - - [12/Jun/2022:07:55:59 +0300] "GET /administrator/index.php HTTP/1.0" 200 7144 "http://robukazan.ru/administrator/index.php" "Mozilla/5.0 (Windows NT 10.0; WOW64) AppleWebKit/537.36 (KHTML, like Gecko) Chrome/62.0.3198.0 Safari/537.36 OPR/49.0.2711.0"
84.17.42.8 - - [12/Jun/2022:07:55:59 +0300] "POST /administrator/index.php HTTP/1.0" 200 7438 "http://robukazan.ru/administrator/index.php" "Mozilla/5.0 (Windows NT 10.0; WOW64) AppleWebKit/537.36 (KHTML, like Gecko) Chrome/62.0.3198.0 Safari/537.36 OPR/49.0.2711.0"
54.36.148.190 - - [12/Jun/2022:08:00:03 +0300] "GET /katalog/apparaty-dlya-stykovoj-svarki/robu-w-1600 HTTP/1.0" 200 7635 "-" "Mozilla/5.0 (compatible; AhrefsBot/7.0; +http://ahrefs.com/robot/)"
84.17.42.8 - - [12/Jun/2022:08:03:55 +0300] "GET /administrator/index.php HTTP/1.0" 200 7144 "http://robukazan.ru/administrator/index.php" "Mozilla/5.0 (Windows NT 10.0; WOW64) AppleWebKit/537.36 (KHTML, like Gecko) Chrome/62.0.3198.0 Safari/537.36 OPR/49.0.2711.0"
84.17.42.8 - - [12/Jun/2022:08:03:55 +0300] "POST /administrator/index.php HTTP/1.0" 200 7438 "http://robukazan.ru/administrator/index.php" "Mozilla/5.0 (Windows NT 10.0; WOW64) AppleWebKit/537.36 (KHTML, like Gecko) Chrome/62.0.3198.0 Safari/537.36 OPR/49.0.2711.0"
84.17.42.8 - - [12/Jun/2022:08:11:44 +0300] "GET /administrator/index.php HTTP/1.0" 200 7144 "http://robukazan.ru/administrator/index.php" "Mozilla/5.0 (Windows NT 10.0; WOW64) AppleWebKit/537.36 (KHTML, like Gecko) Chrome/62.0.3198.0 Safari/537.36 OPR/49.0.2711.0"
84.17.42.8 - - [12/Jun/2022:08:11:45 +0300] "POST /administrator/index.php HTTP/1.0" 200 7438 "http://robukazan.ru/administrator/index.php" "Mozilla/5.0 (Windows NT 10.0; WOW64) AppleWebKit/537.36 (KHTML, like Gecko) Chrome/62.0.3198.0 Safari/537.36 OPR/49.0.2711.0"
84.17.42.8 - - [12/Jun/2022:08:25:23 +0300] "GET /administrator/index.php HTTP/1.0" 200 7144 "http://robukazan.ru/administrator/index.php" "Mozilla/5.0 (Windows NT 10.0; WOW64) AppleWebKit/537.36 (KHTML, like Gecko) Chrome/62.0.3198.0 Safari/537.36 OPR/49.0.2711.0"
84.17.42.8 - - [12/Jun/2022:08:25:23 +0300] "POST /administrator/index.php HTTP/1.0" 200 7438 "http://robukazan.ru/administrator/index.php" "Mozilla/5.0 (Windows NT 10.0; WOW64) AppleWebKit/537.36 (KHTML, like Gecko) Chrome/62.0.3198.0 Safari/537.36 OPR/49.0.2711.0"
84.17.42.8 - - [12/Jun/2022:08:34:08 +0300] "GET /administrator/index.php HTTP/1.0" 200 7144 "http://robukazan.ru/administrator/index.php" "Mozilla/5.0 (Windows NT 10.0; WOW64) AppleWebKit/537.36 (KHTML, like Gecko) Chrome/62.0.3198.0 Safari/537.36 OPR/49.0.2711.0"
84.17.42.8 - - [12/Jun/2022:08:34:08 +0300] "POST /administrator/index.php HTTP/1.0" 200 7438 "http://robukazan.ru/administrator/index.php" "Mozilla/5.0 (Windows NT 10.0; WOW64) AppleWebKit/537.36 (KHTML, like Gecko) Chrome/62.0.3198.0 Safari/537.36 OPR/49.0.2711.0"
84.17.42.8 - - [12/Jun/2022:08:42:45 +0300] "GET /administrator/index.php HTTP/1.0" 200 7144 "http://robukazan.ru/administrator/index.php" "Mozilla/5.0 (Windows NT 10.0; WOW64) AppleWebKit/537.36 (KHTML, like Gecko) Chrome/62.0.3198.0 Safari/537.36 OPR/49.0.2711.0"
84.17.42.8 - - [12/Jun/2022:08:42:45 +0300] "POST /administrator/index.php HTTP/1.0" 200 7438 "http://robukazan.ru/administrator/index.php" "Mozilla/5.0 (Windows NT 10.0; WOW64) AppleWebKit/537.36 (KHTML, like Gecko) Chrome/62.0.3198.0 Safari/537.36 OPR/49.0.2711.0"
54.36.148.190 - - [12/Jun/2022:08:49:41 +0300] "GET /katalog/apparaty-dlya-stykovoj-svarki/robu-w-500 HTTP/1.0" 200 9841 "-" "Mozilla/5.0 (compatible; AhrefsBot/7.0; +http://ahrefs.com/robot/)"
84.17.42.8 - - [12/Jun/2022:08:56:50 +0300] "GET /administrator/index.php HTTP/1.0" 200 7144 "http://robukazan.ru/administrator/index.php" "Mozilla/5.0 (Windows NT 10.0; WOW64) AppleWebKit/537.36 (KHTML, like Gecko) Chrome/62.0.3198.0 Safari/537.36 OPR/49.0.2711.0"
84.17.42.8 - - [12/Jun/2022:08:56:51 +0300] "POST /administrator/index.php HTTP/1.0" 200 7438 "http://robukazan.ru/administrator/index.php" "Mozilla/5.0 (Windows NT 10.0; WOW64) AppleWebKit/537.36 (KHTML, like Gecko) Chrome/62.0.3198.0 Safari/537.36 OPR/49.0.2711.0"
84.17.42.8 - - [12/Jun/2022:09:05:47 +0300] "GET /administrator/index.php HTTP/1.0" 200 7144 "http://robukazan.ru/administrator/index.php" "Mozilla/5.0 (Windows NT 10.0; WOW64) AppleWebKit/537.36 (KHTML, like Gecko) Chrome/62.0.3198.0 Safari/537.36 OPR/49.0.2711.0"
84.17.42.8 - - [12/Jun/2022:09:05:48 +0300] "POST /administrator/index.php HTTP/1.0" 200 7438 "http://robukazan.ru/administrator/index.php" "Mozilla/5.0 (Windows NT 10.0; WOW64) AppleWebKit/537.36 (KHTML, like Gecko) Chrome/62.0.3198.0 Safari/537.36 OPR/49.0.2711.0"
84.17.42.8 - - [12/Jun/2022:09:15:05 +0300] "GET /administrator/index.php HTTP/1.0" 200 7144 "http://robukazan.ru/administrator/index.php" "Mozilla/5.0 (Windows NT 10.0; WOW64) AppleWebKit/537.36 (KHTML, like Gecko) Chrome/62.0.3198.0 Safari/537.36 OPR/49.0.2711.0"
84.17.42.8 - - [12/Jun/2022:09:15:05 +0300] "POST /administrator/index.php HTTP/1.0" 200 7438 "http://robukazan.ru/administrator/index.php" "Mozilla/5.0 (Windows NT 10.0; WOW64) AppleWebKit/537.36 (KHTML, like Gecko) Chrome/62.0.3198.0 Safari/537.36 OPR/49.0.2711.0"
84.17.42.8 - - [12/Jun/2022:09:29:03 +0300] "GET /administrator/index.php HTTP/1.0" 200 7144 "http://robukazan.ru/administrator/index.php" "Mozilla/5.0 (Windows NT 10.0; WOW64) AppleWebKit/537.36 (KHTML, like Gecko) Chrome/62.0.3198.0 Safari/537.36 OPR/49.0.2711.0"
