66.249.66.93 - - [10/Jun/2022:05:12:53 +0300] "GET /templates/shaper_helix3/css/legacy.css HTTP/1.1" 200 27359 "http://www.robukazan.ru/" "Mozilla/5.0 (Linux; Android 6.0.1; Nexus 5X Build/MMB29P) AppleWebKit/537.36 (KHTML, like Gecko) Chrome/102.0.5005.61 Mobile Safari/537.36 (compatible; Googlebot/2.1; +http://www.google.com/bot.html)"
66.249.66.93 - - [10/Jun/2022:05:13:22 +0300] "GET /favicon.ico HTTP/1.0" 404 1875 "-" "Googlebot-Image/1.0"
66.249.66.94 - - [10/Jun/2022:05:13:23 +0300] "GET /images/1505115940.ico HTTP/1.0" 200 867 "-" "Googlebot-Image/1.0"
84.17.42.8 - - [10/Jun/2022:05:14:37 +0300] "GET /administrator/index.php HTTP/1.0" 200 7144 "http://robukazan.ru/administrator/index.php" "Mozilla/5.0 (Windows NT 10.0; WOW64) AppleWebKit/537.36 (KHTML, like Gecko) Chrome/62.0.3198.0 Safari/537.36 OPR/49.0.2711.0"
84.17.42.8 - - [10/Jun/2022:05:14:37 +0300] "POST /administrator/index.php HTTP/1.0" 200 7438 "http://robukazan.ru/administrator/index.php" "Mozilla/5.0 (Windows NT 10.0; WOW64) AppleWebKit/537.36 (KHTML, like Gecko) Chrome/62.0.3198.0 Safari/537.36 OPR/49.0.2711.0"
52.226.227.211 - - [10/Jun/2022:05:21:25 +0300] "GET /components/com_sppagebuilder/assets/css/font-awesome.min.css HTTP/1.1" 200 31000 "-" "Mozilla/5.0 (Windows NT 10.0; Win64; x64) AppleWebKit/537.36 (KHTML, like Gecko) Chrome/76.0.3809.100 Safari/537.36"
84.17.42.8 - - [10/Jun/2022:05:27:36 +0300] "GET /administrator/index.php HTTP/1.0" 200 7144 "http://robukazan.ru/administrator/index.php" "Mozilla/5.0 (Windows NT 10.0; WOW64) AppleWebKit/537.36 (KHTML, like Gecko) Chrome/62.0.3198.0 Safari/537.36 OPR/49.0.2711.0"
84.17.42.8 - - [10/Jun/2022:05:27:37 +0300] "POST /administrator/index.php HTTP/1.0" 200 7438 "http://robukazan.ru/administrator/index.php" "Mozilla/5.0 (Windows NT 10.0; WOW64) AppleWebKit/537.36 (KHTML, like Gecko) Chrome/62.0.3198.0 Safari/537.36 OPR/49.0.2711.0"
54.36.149.48 - - [10/Jun/2022:05:27:50 +0300] "GET /robots.txt HTTP/1.0" 200 696 "-" "Mozilla/5.0 (compatible; AhrefsBot/7.0; +http://ahrefs.com/robot/)"
54.36.148.190 - - [10/Jun/2022:05:27:50 +0300] "GET /katalog/apparaty-dlya-ehlektromuftovoj-svarki-pnd/nowatech-zern-4000 HTTP/1.0" 200 7279 "-" "Mozilla/5.0 (compatible; AhrefsBot/7.0; +http://ahrefs.com/robot/)"
84.17.42.8 - - [10/Jun/2022:05:34:48 +0300] "GET /administrator/index.php HTTP/1.0" 200 7144 "http://robukazan.ru/administrator/index.php" "Mozilla/5.0 (Windows NT 10.0; WOW64) AppleWebKit/537.36 (KHTML, like Gecko) Chrome/62.0.3198.0 Safari/537.36 OPR/49.0.2711.0"
84.17.42.8 - - [10/Jun/2022:05:34:48 +0300] "POST /administrator/index.php HTTP/1.0" 200 7438 "http://robukazan.ru/administrator/index.php" "Mozilla/5.0 (Windows NT 10.0; WOW64) AppleWebKit/537.36 (KHTML, like Gecko) Chrome/62.0.3198.0 Safari/537.36 OPR/49.0.2711.0"
188.241.177.230 - - [10/Jun/2022:05:39:46 +0300] "GET /administrator/index.php HTTP/1.0" 200 2929 "-" "Mozilla/5.0 (Windows NT 10.0; WOW64) AppleWebKit/537.36 (KHTML, like Gecko) Chrome/75.0.3770.100 Safari/537.36"
188.241.177.230 - - [10/Jun/2022:05:39:50 +0300] "POST /administrator/index.php HTTP/1.0" 200 3002 "-" "Mozilla/5.0 (Windows NT 10.0; WOW64) AppleWebKit/537.36 (KHTML, like Gecko) Chrome/75.0.3770.100 Safari/537.36"
188.241.177.230 - - [10/Jun/2022:05:39:52 +0300] "GET /administrator/index.php HTTP/1.0" 200 2832 "-" "Mozilla/5.0 (Windows NT 10.0; WOW64) AppleWebKit/537.36 (KHTML, like Gecko) Chrome/75.0.3770.100 Safari/537.36"
157.55.39.92 - - [10/Jun/2022:05:40:35 +0300] "GET / HTTP/1.0" 200 9139 "-" "Mozilla/5.0 (compatible; bingbot/2.0; +http://www.bing.com/bingbot.htm)"
40.77.167.18 - - [10/Jun/2022:05:40:52 +0300] "GET /templates/shaper_helix3/css/frontend-edit.css HTTP/1.1" 200 2748 "-" "Mozilla/5.0 AppleWebKit/537.36 (KHTML, like Gecko; compatible; bingbot/2.0; +http://www.bing.com/bingbot.htm) Chrome/100.0.4896.127 Safari/537.36"
157.55.39.31 - - [10/Jun/2022:05:40:52 +0300] "GET /templates/shaper_helix3/js/frontend-edit.js HTTP/1.1" 200 1948 "-" "Mozilla/5.0 (compatible; bingbot/2.0; +http://www.bing.com/bingbot.htm)"
40.77.167.18 - - [10/Jun/2022:05:40:54 +0300] "GET /templates/shaper_helix3/js/jquery.sticky.js HTTP/1.1" 200 5739 "-" "Mozilla/5.0 (compatible; bingbot/2.0; +http://www.bing.com/bingbot.htm)"
157.55.39.92 - - [10/Jun/2022:05:40:55 +0300] "GET /templates/shaper_helix3/css/template.css HTTP/1.1" 200 75285 "-" "Mozilla/5.0 (compatible; bingbot/2.0; +http://www.bing.com/bingbot.htm)"
157.55.39.126 - - [10/Jun/2022:05:40:55 +0300] "GET /templates/shaper_helix3/css/legacy.css HTTP/1.1" 200 27359 "-" "Mozilla/5.0 (compatible; bingbot/2.0; +http://www.bing.com/bingbot.htm)"
157.55.39.31 - - [10/Jun/2022:05:40:55 +0300] "GET /templates/shaper_helix3/js/main.js HTTP/1.1" 200 8742 "-" "Mozilla/5.0 (compatible; bingbot/2.0; +http://www.bing.com/bingbot.htm)"
157.55.39.126 - - [10/Jun/2022:05:40:57 +0300] "GET /templates/shaper_helix3/css/presets/preset4.css HTTP/1.1" 200 2138 "-" "Mozilla/5.0 (compatible; bingbot/2.0; +http://www.bing.com/bingbot.htm)"
207.46.13.109 - - [10/Jun/2022:05:40:57 +0300] "GET /media/system/js/core.js?db402a5e3649fff12ad007864e10350a HTTP/1.1" 200 10637 "-" "Mozilla/5.0 (compatible; bingbot/2.0; +http://www.bing.com/bingbot.htm)"
157.55.39.126 - - [10/Jun/2022:05:41:00 +0300] "GET /templates/shaper_helix3/js/bootstrap.min.js HTTP/1.1" 200 37045 "-" "Mozilla/5.0 (compatible; bingbot/2.0; +http://www.bing.com/bingbot.htm)"
157.55.39.77 - - [10/Jun/2022:05:41:01 +0300] "GET /templates/shaper_helix3/css/font-awesome.min.css HTTP/1.1" 200 31000 "-" "Mozilla/5.0 (compatible; bingbot/2.0; +http://www.bing.com/bingbot.htm)"
207.46.13.109 - - [10/Jun/2022:05:41:01 +0300] "GET /templates/shaper_helix3/css/bootstrap.min.css HTTP/1.1" 200 121200 "-" "Mozilla/5.0 (compatible; bingbot/2.0; +http://www.bing.com/bingbot.htm)"
84.17.42.8 - - [10/Jun/2022:05:42:04 +0300] "GET /administrator/index.php HTTP/1.0" 200 7144 "http://robukazan.ru/administrator/index.php" "Mozilla/5.0 (Windows NT 10.0; WOW64) AppleWebKit/537.36 (KHTML, like Gecko) Chrome/62.0.3198.0 Safari/537.36 OPR/49.0.2711.0"
84.17.42.8 - - [10/Jun/2022:05:42:04 +0300] "POST /administrator/index.php HTTP/1.0" 200 7438 "http://robukazan.ru/administrator/index.php" "Mozilla/5.0 (Windows NT 10.0; WOW64) AppleWebKit/537.36 (KHTML, like Gecko) Chrome/62.0.3198.0 Safari/537.36 OPR/49.0.2711.0"
84.17.42.8 - - [10/Jun/2022:05:53:43 +0300] "GET /administrator/index.php HTTP/1.0" 200 7144 "http://robukazan.ru/administrator/index.php" "Mozilla/5.0 (Windows NT 10.0; WOW64) AppleWebKit/537.36 (KHTML, like Gecko) Chrome/62.0.3198.0 Safari/537.36 OPR/49.0.2711.0"
84.17.42.8 - - [10/Jun/2022:05:53:44 +0300] "POST /administrator/index.php HTTP/1.0" 200 7438 "http://robukazan.ru/administrator/index.php" "Mozilla/5.0 (Windows NT 10.0; WOW64) AppleWebKit/537.36 (KHTML, like Gecko) Chrome/62.0.3198.0 Safari/537.36 OPR/49.0.2711.0"
40.77.188.132 - - [10/Jun/2022:05:56:53 +0300] "GET /templates/shaper_helix3/fonts/fontawesome-webfont.woff2?v=4.7.0 HTTP/1.0" 200 77387 "http://robukazan.ru/templates/shaper_helix3/css/font-awesome.min.css" "Mozilla/5.0 (Windows NT 6.1; WOW64) AppleWebKit/534+ (KHTML, like Gecko) BingPreview/1.0b"
84.17.42.8 - - [10/Jun/2022:06:01:08 +0300] "GET /administrator/index.php HTTP/1.0" 200 7144 "http://robukazan.ru/administrator/index.php" "Mozilla/5.0 (Windows NT 10.0; WOW64) AppleWebKit/537.36 (KHTML, like Gecko) Chrome/62.0.3198.0 Safari/537.36 OPR/49.0.2711.0"
84.17.42.8 - - [10/Jun/2022:06:01:08 +0300] "POST /administrator/index.php HTTP/1.0" 200 7438 "http://robukazan.ru/administrator/index.php" "Mozilla/5.0 (Windows NT 10.0; WOW64) AppleWebKit/537.36 (KHTML, like Gecko) Chrome/62.0.3198.0 Safari/537.36 OPR/49.0.2711.0"
84.17.42.8 - - [10/Jun/2022:06:08:20 +0300] "GET /administrator/index.php HTTP/1.0" 200 7144 "http://robukazan.ru/administrator/index.php" "Mozilla/5.0 (Windows NT 10.0; WOW64) AppleWebKit/537.36 (KHTML, like Gecko) Chrome/62.0.3198.0 Safari/537.36 OPR/49.0.2711.0"
84.17.42.8 - - [10/Jun/2022:06:08:20 +0300] "POST /administrator/index.php HTTP/1.0" 200 7438 "http://robukazan.ru/administrator/index.php" "Mozilla/5.0 (Windows NT 10.0; WOW64) AppleWebKit/537.36 (KHTML, like Gecko) Chrome/62.0.3198.0 Safari/537.36 OPR/49.0.2711.0"
84.17.42.8 - - [10/Jun/2022:06:20:18 +0300] "GET /administrator/index.php HTTP/1.0" 200 7144 "http://robukazan.ru/administrator/index.php" "Mozilla/5.0 (Windows NT 10.0; WOW64) AppleWebKit/537.36 (KHTML, like Gecko) Chrome/62.0.3198.0 Safari/537.36 OPR/49.0.2711.0"
84.17.42.8 - - [10/Jun/2022:06:20:19 +0300] "POST /administrator/index.php HTTP/1.0" 200 7438 "http://robukazan.ru/administrator/index.php" "Mozilla/5.0 (Windows NT 10.0; WOW64) AppleWebKit/537.36 (KHTML, like Gecko) Chrome/62.0.3198.0 Safari/537.36 OPR/49.0.2711.0"
84.17.42.8 - - [10/Jun/2022:06:27:35 +0300] "GET /administrator/index.php HTTP/1.0" 200 7144 "http://robukazan.ru/administrator/index.php" "Mozilla/5.0 (Windows NT 10.0; WOW64) AppleWebKit/537.36 (KHTML, like Gecko) Chrome/62.0.3198.0 Safari/537.36 OPR/49.0.2711.0"
84.17.42.8 - - [10/Jun/2022:06:27:35 +0300] "POST /administrator/index.php HTTP/1.0" 200 7438 "http://robukazan.ru/administrator/index.php" "Mozilla/5.0 (Windows NT 10.0; WOW64) AppleWebKit/537.36 (KHTML, like Gecko) Chrome/62.0.3198.0 Safari/537.36 OPR/49.0.2711.0"
84.17.42.8 - - [10/Jun/2022:06:34:45 +0300] "GET /administrator/index.php HTTP/1.0" 200 7144 "http://robukazan.ru/administrator/index.php" "Mozilla/5.0 (Windows NT 10.0; WOW64) AppleWebKit/537.36 (KHTML, like Gecko) Chrome/62.0.3198.0 Safari/537.36 OPR/49.0.2711.0"
84.17.42.8 - - [10/Jun/2022:06:34:46 +0300] "POST /administrator/index.php HTTP/1.0" 200 7438 "http://robukazan.ru/administrator/index.php" "Mozilla/5.0 (Windows NT 10.0; WOW64) AppleWebKit/537.36 (KHTML, like Gecko) Chrome/62.0.3198.0 Safari/537.36 OPR/49.0.2711.0"
84.17.42.8 - - [10/Jun/2022:06:46:41 +0300] "GET /administrator/index.php HTTP/1.0" 200 7144 "http://robukazan.ru/administrator/index.php" "Mozilla/5.0 (Windows NT 10.0; WOW64) AppleWebKit/537.36 (KHTML, like Gecko) Chrome/62.0.3198.0 Safari/537.36 OPR/49.0.2711.0"
84.17.42.8 - - [10/Jun/2022:06:46:41 +0300] "POST /administrator/index.php HTTP/1.0" 200 7438 "http://robukazan.ru/administrator/index.php" "Mozilla/5.0 (Windows NT 10.0; WOW64) AppleWebKit/537.36 (KHTML, like Gecko) Chrome/62.0.3198.0 Safari/537.36 OPR/49.0.2711.0"
84.17.42.8 - - [10/Jun/2022:06:53:55 +0300] "GET /administrator/index.php HTTP/1.0" 200 7144 "http://robukazan.ru/administrator/index.php" "Mozilla/5.0 (Windows NT 10.0; WOW64) AppleWebKit/537.36 (KHTML, like Gecko) Chrome/62.0.3198.0 Safari/537.36 OPR/49.0.2711.0"
84.17.42.8 - - [10/Jun/2022:06:53:56 +0300] "POST /administrator/index.php HTTP/1.0" 200 7438 "http://robukazan.ru/administrator/index.php" "Mozilla/5.0 (Windows NT 10.0; WOW64) AppleWebKit/537.36 (KHTML, like Gecko) Chrome/62.0.3198.0 Safari/537.36 OPR/49.0.2711.0"
84.17.42.8 - - [10/Jun/2022:07:01:15 +0300] "GET /administrator/index.php HTTP/1.0" 200 7144 "http://robukazan.ru/administrator/index.php" "Mozilla/5.0 (Windows NT 10.0; WOW64) AppleWebKit/537.36 (KHTML, like Gecko) Chrome/62.0.3198.0 Safari/537.36 OPR/49.0.2711.0"
84.17.42.8 - - [10/Jun/2022:07:01:15 +0300] "POST /administrator/index.php HTTP/1.0" 200 7438 "http://robukazan.ru/administrator/index.php" "Mozilla/5.0 (Windows NT 10.0; WOW64) AppleWebKit/537.36 (KHTML, like Gecko) Chrome/62.0.3198.0 Safari/537.36 OPR/49.0.2711.0"
84.17.42.8 - - [10/Jun/2022:07:13:23 +0300] "GET /administrator/index.php HTTP/1.0" 200 7144 "http://robukazan.ru/administrator/index.php" "Mozilla/5.0 (Windows NT 10.0; WOW64) AppleWebKit/537.36 (KHTML, like Gecko) Chrome/62.0.3198.0 Safari/537.36 OPR/49.0.2711.0"
84.17.42.8 - - [10/Jun/2022:07:13:23 +0300] "POST /administrator/index.php HTTP/1.0" 200 7438 "http://robukazan.ru/administrator/index.php" "Mozilla/5.0 (Windows NT 10.0; WOW64) AppleWebKit/537.36 (KHTML, like Gecko) Chrome/62.0.3198.0 Safari/537.36 OPR/49.0.2711.0"
84.17.42.8 - - [10/Jun/2022:07:20:46 +0300] "GET /administrator/index.php HTTP/1.0" 200 7144 "http://robukazan.ru/administrator/index.php" "Mozilla/5.0 (Windows NT 10.0; WOW64) AppleWebKit/537.36 (KHTML, like Gecko) Chrome/62.0.3198.0 Safari/537.36 OPR/49.0.2711.0"
84.17.42.8 - - [10/Jun/2022:07:20:47 +0300] "POST /administrator/index.php HTTP/1.0" 200 7438 "http://robukazan.ru/administrator/index.php" "Mozilla/5.0 (Windows NT 10.0; WOW64) AppleWebKit/537.36 (KHTML, like Gecko) Chrome/62.0.3198.0 Safari/537.36 OPR/49.0.2711.0"
84.17.42.8 - - [10/Jun/2022:07:28:06 +0300] "GET /administrator/index.php HTTP/1.0" 200 7144 "http://robukazan.ru/administrator/index.php" "Mozilla/5.0 (Windows NT 10.0; WOW64) AppleWebKit/537.36 (KHTML, like Gecko) Chrome/62.0.3198.0 Safari/537.36 OPR/49.0.2711.0"
84.17.42.8 - - [10/Jun/2022:07:28:06 +0300] "POST /administrator/index.php HTTP/1.0" 200 7438 "http://robukazan.ru/administrator/index.php" "Mozilla/5.0 (Windows NT 10.0; WOW64) AppleWebKit/537.36 (KHTML, like Gecko) Chrome/62.0.3198.0 Safari/537.36 OPR/49.0.2711.0"
84.17.42.8 - - [10/Jun/2022:07:40:02 +0300] "GET /administrator/index.php HTTP/1.0" 200 7144 "http://robukazan.ru/administrator/index.php" "Mozilla/5.0 (Windows NT 10.0; WOW64) AppleWebKit/537.36 (KHTML, like Gecko) Chrome/62.0.3198.0 Safari/537.36 OPR/49.0.2711.0"
84.17.42.8 - - [10/Jun/2022:07:40:03 +0300] "POST /administrator/index.php HTTP/1.0" 200 7438 "http://robukazan.ru/administrator/index.php" "Mozilla/5.0 (Windows NT 10.0; WOW64) AppleWebKit/537.36 (KHTML, like Gecko) Chrome/62.0.3198.0 Safari/537.36 OPR/49.0.2711.0"
84.17.42.8 - - [10/Jun/2022:07:47:27 +0300] "GET /administrator/index.php HTTP/1.0" 200 7144 "http://robukazan.ru/administrator/index.php" "Mozilla/5.0 (Windows NT 10.0; WOW64) AppleWebKit/537.36 (KHTML, like Gecko) Chrome/62.0.3198.0 Safari/537.36 OPR/49.0.2711.0"
84.17.42.8 - - [10/Jun/2022:07:47:27 +0300] "POST /administrator/index.php HTTP/1.0" 200 7438 "http://robukazan.ru/administrator/index.php" "Mozilla/5.0 (Windows NT 10.0; WOW64) AppleWebKit/537.36 (KHTML, like Gecko) Chrome/62.0.3198.0 Safari/537.36 OPR/49.0.2711.0"
84.17.42.8 - - [10/Jun/2022:07:53:57 +0300] "GET /administrator/index.php HTTP/1.0" 200 7144 "http://robukazan.ru/administrator/index.php" "Mozilla/5.0 (Windows NT 10.0; WOW64) AppleWebKit/537.36 (KHTML, like Gecko) Chrome/62.0.3198.0 Safari/537.36 OPR/49.0.2711.0"
84.17.42.8 - - [10/Jun/2022:07:53:57 +0300] "POST /administrator/index.php HTTP/1.0" 200 7438 "http://robukazan.ru/administrator/index.php" "Mozilla/5.0 (Windows NT 10.0; WOW64) AppleWebKit/537.36 (KHTML, like Gecko) Chrome/62.0.3198.0 Safari/537.36 OPR/49.0.2711.0"
157.55.39.31 - - [10/Jun/2022:08:04:48 +0300] "GET /katalog HTTP/1.0" 200 6153 "-" "Mozilla/5.0 (compatible; bingbot/2.0; +http://www.bing.com/bingbot.htm)"
84.17.42.8 - - [10/Jun/2022:08:06:00 +0300] "GET /administrator/index.php HTTP/1.0" 200 7144 "http://robukazan.ru/administrator/index.php" "Mozilla/5.0 (Windows NT 10.0; WOW64) AppleWebKit/537.36 (KHTML, like Gecko) Chrome/62.0.3198.0 Safari/537.36 OPR/49.0.2711.0"
84.17.42.8 - - [10/Jun/2022:08:06:01 +0300] "POST /administrator/index.php HTTP/1.0" 200 7438 "http://robukazan.ru/administrator/index.php" "Mozilla/5.0 (Windows NT 10.0; WOW64) AppleWebKit/537.36 (KHTML, like Gecko) Chrome/62.0.3198.0 Safari/537.36 OPR/49.0.2711.0"
84.17.42.8 - - [10/Jun/2022:08:14:06 +0300] "GET /administrator/index.php HTTP/1.0" 200 7144 "http://robukazan.ru/administrator/index.php" "Mozilla/5.0 (Windows NT 10.0; WOW64) AppleWebKit/537.36 (KHTML, like Gecko) Chrome/62.0.3198.0 Safari/537.36 OPR/49.0.2711.0"
84.17.42.8 - - [10/Jun/2022:08:14:06 +0300] "POST /administrator/index.php HTTP/1.0" 200 7438 "http://robukazan.ru/administrator/index.php" "Mozilla/5.0 (Windows NT 10.0; WOW64) AppleWebKit/537.36 (KHTML, like Gecko) Chrome/62.0.3198.0 Safari/537.36 OPR/49.0.2711.0"
84.17.42.8 - - [10/Jun/2022:08:21:33 +0300] "GET /administrator/index.php HTTP/1.0" 200 7144 "http://robukazan.ru/administrator/index.php" "Mozilla/5.0 (Windows NT 10.0; WOW64) AppleWebKit/537.36 (KHTML, like Gecko) Chrome/62.0.3198.0 Safari/537.36 OPR/49.0.2711.0"
84.17.42.8 - - [10/Jun/2022:08:21:33 +0300] "POST /administrator/index.php HTTP/1.0" 200 7438 "http://robukazan.ru/administrator/index.php" "Mozilla/5.0 (Windows NT 10.0; WOW64) AppleWebKit/537.36 (KHTML, like Gecko) Chrome/62.0.3198.0 Safari/537.36 OPR/49.0.2711.0"
185.191.171.8 - - [10/Jun/2022:08:27:12 +0300] "GET /robots.txt HTTP/1.0" 200 696 "-" "Mozilla/5.0 (compatible; SemrushBot/7~bl; +http://www.semrush.com/bot.html)"
185.191.171.36 - - [10/Jun/2022:08:27:13 +0300] "GET /sertifikaty-i-garantiya HTTP/1.0" 200 7372 "-" "Mozilla/5.0 (compatible; SemrushBot/7~bl; +http://www.semrush.com/bot.html)"
84.17.42.8 - - [10/Jun/2022:08:33:41 +0300] "GET /administrator/index.php HTTP/1.0" 200 7144 "http://robukazan.ru/administrator/index.php" "Mozilla/5.0 (Windows NT 10.0; WOW64) AppleWebKit/537.36 (KHTML, like Gecko) Chrome/62.0.3198.0 Safari/537.36 OPR/49.0.2711.0"
84.17.42.8 - - [10/Jun/2022:08:33:41 +0300] "POST /administrator/index.php HTTP/1.0" 200 7438 "http://robukazan.ru/administrator/index.php" "Mozilla/5.0 (Windows NT 10.0; WOW64) AppleWebKit/537.36 (KHTML, like Gecko) Chrome/62.0.3198.0 Safari/537.36 OPR/49.0.2711.0"
84.17.42.8 - - [10/Jun/2022:08:41:05 +0300] "GET /administrator/index.php HTTP/1.0" 200 7144 "http://robukazan.ru/administrator/index.php" "Mozilla/5.0 (Windows NT 10.0; WOW64) AppleWebKit/537.36 (KHTML, like Gecko) Chrome/62.0.3198.0 Safari/537.36 OPR/49.0.2711.0"
84.17.42.8 - - [10/Jun/2022:08:41:05 +0300] "POST /administrator/index.php HTTP/1.0" 200 7438 "http://robukazan.ru/administrator/index.php" "Mozilla/5.0 (Windows NT 10.0; WOW64) AppleWebKit/537.36 (KHTML, like Gecko) Chrome/62.0.3198.0 Safari/537.36 OPR/49.0.2711.0"
84.17.42.8 - - [10/Jun/2022:08:48:19 +0300] "GET /administrator/index.php HTTP/1.0" 200 7144 "http://robukazan.ru/administrator/index.php" "Mozilla/5.0 (Windows NT 10.0; WOW64) AppleWebKit/537.36 (KHTML, like Gecko) Chrome/62.0.3198.0 Safari/537.36 OPR/49.0.2711.0"
84.17.42.8 - - [10/Jun/2022:08:48:20 +0300] "POST /administrator/index.php HTTP/1.0" 200 7438 "http://robukazan.ru/administrator/index.php" "Mozilla/5.0 (Windows NT 10.0; WOW64) AppleWebKit/537.36 (KHTML, like Gecko) Chrome/62.0.3198.0 Safari/537.36 OPR/49.0.2711.0"
37.120.217.166 - - [10/Jun/2022:08:55:10 +0300] "GET /administrator/index.php HTTP/1.0" 200 2928 "-" "Mozilla/5.0 (Windows NT 10.0; WOW64) AppleWebKit/537.36 (KHTML, like Gecko) Chrome/75.0.3770.100 Safari/537.36"
37.120.217.166 - - [10/Jun/2022:08:55:13 +0300] "POST /administrator/index.php HTTP/1.0" 200 3001 "-" "Mozilla/5.0 (Windows NT 10.0; WOW64) AppleWebKit/537.36 (KHTML, like Gecko) Chrome/75.0.3770.100 Safari/537.36"
37.120.217.166 - - [10/Jun/2022:08:55:16 +0300] "GET /administrator/index.php HTTP/1.0" 200 2831 "-" "Mozilla/5.0 (Windows NT 10.0; WOW64) AppleWebKit/537.36 (KHTML, like Gecko) Chrome/75.0.3770.100 Safari/537.36"
84.17.42.8 - - [10/Jun/2022:09:00:17 +0300] "GET /administrator/index.php HTTP/1.0" 200 7144 "http://robukazan.ru/administrator/index.php" "Mozilla/5.0 (Windows NT 10.0; WOW64) AppleWebKit/537.36 (KHTML, like Gecko) Chrome/62.0.3198.0 Safari/537.36 OPR/49.0.2711.0"
84.17.42.8 - - [10/Jun/2022:09:00:17 +0300] "POST /administrator/index.php HTTP/1.0" 200 7438 "http://robukazan.ru/administrator/index.php" "Mozilla/5.0 (Windows NT 10.0; WOW64) AppleWebKit/537.36 (KHTML, like Gecko) Chrome/62.0.3198.0 Safari/537.36 OPR/49.0.2711.0"
128.70.228.121 - - [10/Jun/2022:09:05:00 +0300] "GET / HTTP/1.0" 200 47304 "http://robukazan.ru/" "Mozilla/5.0 (Windows NT 6.1; Win64; x64) AppleWebKit/537.36 (KHTML, like Gecko) Chrome/90.0.4427.0 Safari/537.36"
128.70.228.121 - - [10/Jun/2022:09:05:00 +0300] "GET /kontakty HTTP/1.0" 200 25328 "http://robukazan.ru/kontakty" "Mozilla/5.0 (Windows NT 6.1; Win64; x64) AppleWebKit/537.36 (KHTML, like Gecko) Chrome/90.0.4427.0 Safari/537.36"
128.70.228.121 - - [10/Jun/2022:09:05:01 +0300] "GET /index.php/kontakty HTTP/1.0" 200 25368 "http://robukazan.ru/index.php/kontakty" "Mozilla/5.0 (Windows NT 6.1; Win64; x64) AppleWebKit/537.36 (KHTML, like Gecko) Chrome/90.0.4427.0 Safari/537.36"
84.17.42.8 - - [10/Jun/2022:09:07:38 +0300] "GET /administrator/index.php HTTP/1.0" 200 7144 "http://robukazan.ru/administrator/index.php" "Mozilla/5.0 (Windows NT 10.0; WOW64) AppleWebKit/537.36 (KHTML, like Gecko) Chrome/62.0.3198.0 Safari/537.36 OPR/49.0.2711.0"
84.17.42.8 - - [10/Jun/2022:09:07:38 +0300] "POST /administrator/index.php HTTP/1.0" 200 7438 "http://robukazan.ru/administrator/index.php" "Mozilla/5.0 (Windows NT 10.0; WOW64) AppleWebKit/537.36 (KHTML, like Gecko) Chrome/62.0.3198.0 Safari/537.36 OPR/49.0.2711.0"
84.17.42.8 - - [10/Jun/2022:09:15:05 +0300] "GET /administrator/index.php HTTP/1.0" 200 7144 "http://robukazan.ru/administrator/index.php" "Mozilla/5.0 (Windows NT 10.0; WOW64) AppleWebKit/537.36 (KHTML, like Gecko) Chrome/62.0.3198.0 Safari/537.36 OPR/49.0.2711.0"
84.17.42.8 - - [10/Jun/2022:09:15:05 +0300] "POST /administrator/index.php HTTP/1.0" 200 7438 "http://robukazan.ru/administrator/index.php" "Mozilla/5.0 (Windows NT 10.0; WOW64) AppleWebKit/537.36 (KHTML, like Gecko) Chrome/62.0.3198.0 Safari/537.36 OPR/49.0.2711.0"
84.17.42.8 - - [10/Jun/2022:09:27:07 +0300] "GET /administrator/index.php HTTP/1.0" 200 7144 "http://robukazan.ru/administrator/index.php" "Mozilla/5.0 (Windows NT 10.0; WOW64) AppleWebKit/537.36 (KHTML, like Gecko) Chrome/62.0.3198.0 Safari/537.36 OPR/49.0.2711.0"
84.17.42.8 - - [10/Jun/2022:09:27:07 +0300] "POST /administrator/index.php HTTP/1.0" 200 7438 "http://robukazan.ru/administrator/index.php" "Mozilla/5.0 (Windows NT 10.0; WOW64) AppleWebKit/537.36 (KHTML, like Gecko) Chrome/62.0.3198.0 Safari/537.36 OPR/49.0.2711.0"
84.17.42.8 - - [10/Jun/2022:09:34:26 +0300] "GET /administrator/index.php HTTP/1.0" 200 7144 "http://robukazan.ru/administrator/index.php" "Mozilla/5.0 (Windows NT 10.0; WOW64) AppleWebKit/537.36 (KHTML, like Gecko) Chrome/62.0.3198.0 Safari/537.36 OPR/49.0.2711.0"
84.17.42.8 - - [10/Jun/2022:09:34:26 +0300] "POST /administrator/index.php HTTP/1.0" 200 7438 "http://robukazan.ru/administrator/index.php" "Mozilla/5.0 (Windows NT 10.0; WOW64) AppleWebKit/537.36 (KHTML, like Gecko) Chrome/62.0.3198.0 Safari/537.36 OPR/49.0.2711.0"
84.17.42.8 - - [10/Jun/2022:09:41:45 +0300] "GET /administrator/index.php HTTP/1.0" 200 7144 "http://robukazan.ru/administrator/index.php" "Mozilla/5.0 (Windows NT 10.0; WOW64) AppleWebKit/537.36 (KHTML, like Gecko) Chrome/62.0.3198.0 Safari/537.36 OPR/49.0.2711.0"
84.17.42.8 - - [10/Jun/2022:09:41:45 +0300] "POST /administrator/index.php HTTP/1.0" 200 7438 "http://robukazan.ru/administrator/index.php" "Mozilla/5.0 (Windows NT 10.0; WOW64) AppleWebKit/537.36 (KHTML, like Gecko) Chrome/62.0.3198.0 Safari/537.36 OPR/49.0.2711.0"
84.17.42.8 - - [10/Jun/2022:09:53:32 +0300] "GET /administrator/index.php HTTP/1.0" 200 7144 "http://robukazan.ru/administrator/index.php" "Mozilla/5.0 (Windows NT 10.0; WOW64) AppleWebKit/537.36 (KHTML, like Gecko) Chrome/62.0.3198.0 Safari/537.36 OPR/49.0.2711.0"
84.17.42.8 - - [10/Jun/2022:09:53:32 +0300] "POST /administrator/index.php HTTP/1.0" 200 7438 "http://robukazan.ru/administrator/index.php" "Mozilla/5.0 (Windows NT 10.0; WOW64) AppleWebKit/537.36 (KHTML, like Gecko) Chrome/62.0.3198.0 Safari/537.36 OPR/49.0.2711.0"
84.17.42.8 - - [10/Jun/2022:10:00:49 +0300] "GET /administrator/index.php HTTP/1.0" 200 7144 "http://robukazan.ru/administrator/index.php" "Mozilla/5.0 (Windows NT 10.0; WOW64) AppleWebKit/537.36 (KHTML, like Gecko) Chrome/62.0.3198.0 Safari/537.36 OPR/49.0.2711.0"
84.17.42.8 - - [10/Jun/2022:10:00:49 +0300] "POST /administrator/index.php HTTP/1.0" 200 7438 "http://robukazan.ru/administrator/index.php" "Mozilla/5.0 (Windows NT 10.0; WOW64) AppleWebKit/537.36 (KHTML, like Gecko) Chrome/62.0.3198.0 Safari/537.36 OPR/49.0.2711.0"
84.17.42.8 - - [10/Jun/2022:10:07:59 +0300] "GET /administrator/index.php HTTP/1.0" 200 7144 "http://robukazan.ru/administrator/index.php" "Mozilla/5.0 (Windows NT 10.0; WOW64) AppleWebKit/537.36 (KHTML, like Gecko) Chrome/62.0.3198.0 Safari/537.36 OPR/49.0.2711.0"
84.17.42.8 - - [10/Jun/2022:10:08:00 +0300] "POST /administrator/index.php HTTP/1.0" 200 7438 "http://robukazan.ru/administrator/index.php" "Mozilla/5.0 (Windows NT 10.0; WOW64) AppleWebKit/537.36 (KHTML, like Gecko) Chrome/62.0.3198.0 Safari/537.36 OPR/49.0.2711.0"
84.17.42.8 - - [10/Jun/2022:10:19:46 +0300] "GET /administrator/index.php HTTP/1.0" 200 7144 "http://robukazan.ru/administrator/index.php" "Mozilla/5.0 (Windows NT 10.0; WOW64) AppleWebKit/537.36 (KHTML, like Gecko) Chrome/62.0.3198.0 Safari/537.36 OPR/49.0.2711.0"
84.17.42.8 - - [10/Jun/2022:10:19:46 +0300] "POST /administrator/index.php HTTP/1.0" 200 7438 "http://robukazan.ru/administrator/index.php" "Mozilla/5.0 (Windows NT 10.0; WOW64) AppleWebKit/537.36 (KHTML, like Gecko) Chrome/62.0.3198.0 Safari/537.36 OPR/49.0.2711.0"
84.17.42.8 - - [10/Jun/2022:10:27:05 +0300] "GET /administrator/index.php HTTP/1.0" 200 7144 "http://robukazan.ru/administrator/index.php" "Mozilla/5.0 (Windows NT 10.0; WOW64) AppleWebKit/537.36 (KHTML, like Gecko) Chrome/62.0.3198.0 Safari/537.36 OPR/49.0.2711.0"
84.17.42.8 - - [10/Jun/2022:10:27:05 +0300] "POST /administrator/index.php HTTP/1.0" 200 7438 "http://robukazan.ru/administrator/index.php" "Mozilla/5.0 (Windows NT 10.0; WOW64) AppleWebKit/537.36 (KHTML, like Gecko) Chrome/62.0.3198.0 Safari/537.36 OPR/49.0.2711.0"
185.191.171.19 - - [10/Jun/2022:10:30:03 +0300] "GET /robots.txt HTTP/1.0" 200 696 "-" "Mozilla/5.0 (compatible; SemrushBot/7~bl; +http://www.semrush.com/bot.html)"
185.191.171.34 - - [10/Jun/2022:10:30:04 +0300] "GET /index.php HTTP/1.0" 200 9142 "-" "Mozilla/5.0 (compatible; SemrushBot/7~bl; +http://www.semrush.com/bot.html)"
84.17.42.8 - - [10/Jun/2022:10:34:24 +0300] "GET /administrator/index.php HTTP/1.0" 200 7144 "http://robukazan.ru/administrator/index.php" "Mozilla/5.0 (Windows NT 10.0; WOW64) AppleWebKit/537.36 (KHTML, like Gecko) Chrome/62.0.3198.0 Safari/537.36 OPR/49.0.2711.0"
84.17.42.8 - - [10/Jun/2022:10:34:24 +0300] "POST /administrator/index.php HTTP/1.0" 200 7438 "http://robukazan.ru/administrator/index.php" "Mozilla/5.0 (Windows NT 10.0; WOW64) AppleWebKit/537.36 (KHTML, like Gecko) Chrome/62.0.3198.0 Safari/537.36 OPR/49.0.2711.0"
66.249.66.21 - - [10/Jun/2022:10:36:54 +0300] "GET /robots.txt HTTP/1.0" 200 696 "-" "Mozilla/5.0 (compatible; Googlebot/2.1; +http://www.google.com/bot.html)"
66.249.66.21 - - [10/Jun/2022:10:36:54 +0300] "GET / HTTP/1.0" 200 9140 "-" "Mozilla/5.0 (Linux; Android 6.0.1; Nexus 5X Build/MMB29P) AppleWebKit/537.36 (KHTML, like Gecko) Chrome/99.0.4844.84 Mobile Safari/537.36 (compatible; Googlebot/2.1; +http://www.google.com/bot.html)"
66.249.66.19 - - [10/Jun/2022:10:36:55 +0300] "GET / HTTP/1.0" 200 9138 "-" "Mozilla/5.0 (compatible; Googlebot/2.1; +http://www.google.com/bot.html)"
84.17.42.8 - - [10/Jun/2022:10:46:40 +0300] "GET /administrator/index.php HTTP/1.0" 200 7144 "http://robukazan.ru/administrator/index.php" "Mozilla/5.0 (Windows NT 10.0; WOW64) AppleWebKit/537.36 (KHTML, like Gecko) Chrome/62.0.3198.0 Safari/537.36 OPR/49.0.2711.0"
84.17.42.8 - - [10/Jun/2022:10:46:40 +0300] "POST /administrator/index.php HTTP/1.0" 200 7438 "http://robukazan.ru/administrator/index.php" "Mozilla/5.0 (Windows NT 10.0; WOW64) AppleWebKit/537.36 (KHTML, like Gecko) Chrome/62.0.3198.0 Safari/537.36 OPR/49.0.2711.0"
84.17.42.8 - - [10/Jun/2022:10:54:13 +0300] "GET /administrator/index.php HTTP/1.0" 200 7144 "http://robukazan.ru/administrator/index.php" "Mozilla/5.0 (Windows NT 10.0; WOW64) AppleWebKit/537.36 (KHTML, like Gecko) Chrome/62.0.3198.0 Safari/537.36 OPR/49.0.2711.0"
84.17.42.8 - - [10/Jun/2022:10:54:14 +0300] "POST /administrator/index.php HTTP/1.0" 200 7438 "http://robukazan.ru/administrator/index.php" "Mozilla/5.0 (Windows NT 10.0; WOW64) AppleWebKit/537.36 (KHTML, like Gecko) Chrome/62.0.3198.0 Safari/537.36 OPR/49.0.2711.0"
84.17.42.8 - - [10/Jun/2022:11:01:53 +0300] "GET /administrator/index.php HTTP/1.0" 200 7144 "http://robukazan.ru/administrator/index.php" "Mozilla/5.0 (Windows NT 10.0; WOW64) AppleWebKit/537.36 (KHTML, like Gecko) Chrome/62.0.3198.0 Safari/537.36 OPR/49.0.2711.0"
84.17.42.8 - - [10/Jun/2022:11:01:54 +0300] "POST /administrator/index.php HTTP/1.0" 200 7438 "http://robukazan.ru/administrator/index.php" "Mozilla/5.0 (Windows NT 10.0; WOW64) AppleWebKit/537.36 (KHTML, like Gecko) Chrome/62.0.3198.0 Safari/537.36 OPR/49.0.2711.0"
114.119.138.202 - - [10/Jun/2022:11:07:51 +0300] "GET /katalog/apparaty-dlya-ehlektromuftovoj-svarki-pnd/nowatech-zeen-4000 HTTP/1.0" 200 7289 "http://robukazan.ru/katalog/apparaty-dlya-ehlektromuftovoj-svarki-pnd" "Mozilla/5.0 (Linux; Android 7.0;) AppleWebKit/537.36 (KHTML, like Gecko) Mobile Safari/537.36 (compatible; PetalBot;+https://webmaster.petalsearch.com/site/petalbot)"
84.17.42.8 - - [10/Jun/2022:11:17:00 +0300] "GET /administrator/index.php HTTP/1.0" 200 7144 "http://robukazan.ru/administrator/index.php" "Mozilla/5.0 (Windows NT 10.0; WOW64) AppleWebKit/537.36 (KHTML, like Gecko) Chrome/62.0.3198.0 Safari/537.36 OPR/49.0.2711.0"
84.17.42.8 - - [10/Jun/2022:11:17:00 +0300] "POST /administrator/index.php HTTP/1.0" 200 7438 "http://robukazan.ru/administrator/index.php" "Mozilla/5.0 (Windows NT 10.0; WOW64) AppleWebKit/537.36 (KHTML, like Gecko) Chrome/62.0.3198.0 Safari/537.36 OPR/49.0.2711.0"
84.17.42.8 - - [10/Jun/2022:11:31:07 +0300] "GET /administrator/index.php HTTP/1.0" 200 7144 "http://robukazan.ru/administrator/index.php" "Mozilla/5.0 (Windows NT 10.0; WOW64) AppleWebKit/537.36 (KHTML, like Gecko) Chrome/62.0.3198.0 Safari/537.36 OPR/49.0.2711.0"
84.17.42.8 - - [10/Jun/2022:11:31:07 +0300] "POST /administrator/index.php HTTP/1.0" 200 7438 "http://robukazan.ru/administrator/index.php" "Mozilla/5.0 (Windows NT 10.0; WOW64) AppleWebKit/537.36 (KHTML, like Gecko) Chrome/62.0.3198.0 Safari/537.36 OPR/49.0.2711.0"
52.226.227.211 - - [10/Jun/2022:11:32:46 +0300] "GET /templates/shaper_helix3/css/frontend-edit.css HTTP/1.1" 200 2748 "-" "Mozilla/5.0 (Windows NT 10.0; Win64; x64) AppleWebKit/537.36 (KHTML, like Gecko) Chrome/76.0.3809.100 Safari/537.36"
157.90.177.232 - - [10/Jun/2022:11:36:08 +0300] "GET /robots.txt HTTP/1.0" 200 696 "-" "Mozilla/5.0 (compatible; BLEXBot/1.0; +http://webmeup-crawler.com/)"
157.90.177.232 - - [10/Jun/2022:11:36:08 +0300] "GET / HTTP/1.0" 200 9140 "-" "Mozilla/5.0 (compatible; BLEXBot/1.0; +http://webmeup-crawler.com/)"
84.17.42.8 - - [10/Jun/2022:11:45:23 +0300] "GET /administrator/index.php HTTP/1.0" 200 7144 "http://robukazan.ru/administrator/index.php" "Mozilla/5.0 (Windows NT 10.0; WOW64) AppleWebKit/537.36 (KHTML, like Gecko) Chrome/62.0.3198.0 Safari/537.36 OPR/49.0.2711.0"
84.17.42.8 - - [10/Jun/2022:11:45:23 +0300] "POST /administrator/index.php HTTP/1.0" 200 7438 "http://robukazan.ru/administrator/index.php" "Mozilla/5.0 (Windows NT 10.0; WOW64) AppleWebKit/537.36 (KHTML, like Gecko) Chrome/62.0.3198.0 Safari/537.36 OPR/49.0.2711.0"
114.119.150.101 - - [10/Jun/2022:11:50:06 +0300] "GET /robots.txt HTTP/1.0" 200 696 "-" "Mozilla/5.0 (compatible;PetalBot;+https://webmaster.petalsearch.com/site/petalbot)"
188.214.122.86 - - [10/Jun/2022:12:06:30 +0300] "GET /administrator/index.php HTTP/1.0" 200 2929 "-" "Mozilla/5.0 (Windows NT 10.0; WOW64) AppleWebKit/537.36 (KHTML, like Gecko) Chrome/75.0.3770.100 Safari/537.36"
84.17.42.8 - - [10/Jun/2022:12:06:31 +0300] "GET /administrator/index.php HTTP/1.0" 200 7144 "http://robukazan.ru/administrator/index.php" "Mozilla/5.0 (Windows NT 10.0; WOW64) AppleWebKit/537.36 (KHTML, like Gecko) Chrome/62.0.3198.0 Safari/537.36 OPR/49.0.2711.0"
84.17.42.8 - - [10/Jun/2022:12:06:31 +0300] "POST /administrator/index.php HTTP/1.0" 200 7438 "http://robukazan.ru/administrator/index.php" "Mozilla/5.0 (Windows NT 10.0; WOW64) AppleWebKit/537.36 (KHTML, like Gecko) Chrome/62.0.3198.0 Safari/537.36 OPR/49.0.2711.0"
188.214.122.86 - - [10/Jun/2022:12:06:33 +0300] "POST /administrator/index.php HTTP/1.0" 200 3002 "-" "Mozilla/5.0 (Windows NT 10.0; WOW64) AppleWebKit/537.36 (KHTML, like Gecko) Chrome/75.0.3770.100 Safari/537.36"
188.214.122.86 - - [10/Jun/2022:12:06:36 +0300] "GET /administrator/index.php HTTP/1.0" 200 2832 "-" "Mozilla/5.0 (Windows NT 10.0; WOW64) AppleWebKit/537.36 (KHTML, like Gecko) Chrome/75.0.3770.100 Safari/537.36"
185.191.171.41 - - [10/Jun/2022:12:16:10 +0300] "GET /robots.txt HTTP/1.0" 200 696 "-" "Mozilla/5.0 (compatible; SemrushBot/7~bl; +http://www.semrush.com/bot.html)"
185.191.171.2 - - [10/Jun/2022:12:16:10 +0300] "GET /index.php/dostavka HTTP/1.0" 200 7052 "-" "Mozilla/5.0 (compatible; SemrushBot/7~bl; +http://www.semrush.com/bot.html)"
84.17.42.8 - - [10/Jun/2022:12:20:14 +0300] "GET /administrator/index.php HTTP/1.0" 200 7144 "http://robukazan.ru/administrator/index.php" "Mozilla/5.0 (Windows NT 10.0; WOW64) AppleWebKit/537.36 (KHTML, like Gecko) Chrome/62.0.3198.0 Safari/537.36 OPR/49.0.2711.0"
84.17.42.8 - - [10/Jun/2022:12:20:14 +0300] "POST /administrator/index.php HTTP/1.0" 200 7438 "http://robukazan.ru/administrator/index.php" "Mozilla/5.0 (Windows NT 10.0; WOW64) AppleWebKit/537.36 (KHTML, like Gecko) Chrome/62.0.3198.0 Safari/537.36 OPR/49.0.2711.0"
84.17.42.8 - - [10/Jun/2022:12:28:47 +0300] "GET /administrator/index.php HTTP/1.0" 200 7144 "http://robukazan.ru/administrator/index.php" "Mozilla/5.0 (Windows NT 10.0; WOW64) AppleWebKit/537.36 (KHTML, like Gecko) Chrome/62.0.3198.0 Safari/537.36 OPR/49.0.2711.0"
84.17.42.8 - - [10/Jun/2022:12:28:47 +0300] "POST /administrator/index.php HTTP/1.0" 200 7438 "http://robukazan.ru/administrator/index.php" "Mozilla/5.0 (Windows NT 10.0; WOW64) AppleWebKit/537.36 (KHTML, like Gecko) Chrome/62.0.3198.0 Safari/537.36 OPR/49.0.2711.0"
84.17.42.8 - - [10/Jun/2022:12:51:54 +0300] "GET /administrator/index.php HTTP/1.0" 200 7144 "http://robukazan.ru/administrator/index.php" "Mozilla/5.0 (Windows NT 10.0; WOW64) AppleWebKit/537.36 (KHTML, like Gecko) Chrome/62.0.3198.0 Safari/537.36 OPR/49.0.2711.0"
84.17.42.8 - - [10/Jun/2022:12:51:54 +0300] "POST /administrator/index.php HTTP/1.0" 200 7438 "http://robukazan.ru/administrator/index.php" "Mozilla/5.0 (Windows NT 10.0; WOW64) AppleWebKit/537.36 (KHTML, like Gecko) Chrome/62.0.3198.0 Safari/537.36 OPR/49.0.2711.0"
84.17.42.8 - - [10/Jun/2022:13:06:21 +0300] "GET /administrator/index.php HTTP/1.0" 200 7144 "http://robukazan.ru/administrator/index.php" "Mozilla/5.0 (Windows NT 10.0; WOW64) AppleWebKit/537.36 (KHTML, like Gecko) Chrome/62.0.3198.0 Safari/537.36 OPR/49.0.2711.0"
84.17.42.8 - - [10/Jun/2022:13:06:21 +0300] "POST /administrator/index.php HTTP/1.0" 200 7438 "http://robukazan.ru/administrator/index.php" "Mozilla/5.0 (Windows NT 10.0; WOW64) AppleWebKit/537.36 (KHTML, like Gecko) Chrome/62.0.3198.0 Safari/537.36 OPR/49.0.2711.0"
84.17.42.8 - - [10/Jun/2022:13:21:38 +0300] "GET /administrator/index.php HTTP/1.0" 200 7144 "http://robukazan.ru/administrator/index.php" "Mozilla/5.0 (Windows NT 10.0; WOW64) AppleWebKit/537.36 (KHTML, like Gecko) Chrome/62.0.3198.0 Safari/537.36 OPR/49.0.2711.0"
84.17.42.8 - - [10/Jun/2022:13:21:39 +0300] "POST /administrator/index.php HTTP/1.0" 200 7438 "http://robukazan.ru/administrator/index.php" "Mozilla/5.0 (Windows NT 10.0; WOW64) AppleWebKit/537.36 (KHTML, like Gecko) Chrome/62.0.3198.0 Safari/537.36 OPR/49.0.2711.0"
114.119.150.62 - - [10/Jun/2022:13:33:45 +0300] "GET /robots.txt HTTP/1.0" 200 696 "-" "Mozilla/5.0 (compatible;PetalBot;+https://webmaster.petalsearch.com/site/petalbot)"
84.17.42.8 - - [10/Jun/2022:13:43:46 +0300] "GET /administrator/index.php HTTP/1.0" 200 7144 "http://robukazan.ru/administrator/index.php" "Mozilla/5.0 (Windows NT 10.0; WOW64) AppleWebKit/537.36 (KHTML, like Gecko) Chrome/62.0.3198.0 Safari/537.36 OPR/49.0.2711.0"
84.17.42.8 - - [10/Jun/2022:13:43:46 +0300] "POST /administrator/index.php HTTP/1.0" 200 7438 "http://robukazan.ru/administrator/index.php" "Mozilla/5.0 (Windows NT 10.0; WOW64) AppleWebKit/537.36 (KHTML, like Gecko) Chrome/62.0.3198.0 Safari/537.36 OPR/49.0.2711.0"
114.119.145.183 - - [10/Jun/2022:13:47:12 +0300] "GET /robots.txt HTTP/1.0" 200 696 "-" "Mozilla/5.0 (compatible;PetalBot;+https://webmaster.petalsearch.com/site/petalbot)"
84.17.42.8 - - [10/Jun/2022:13:58:09 +0300] "GET /administrator/index.php HTTP/1.0" 200 7144 "http://robukazan.ru/administrator/index.php" "Mozilla/5.0 (Windows NT 10.0; WOW64) AppleWebKit/537.36 (KHTML, like Gecko) Chrome/62.0.3198.0 Safari/537.36 OPR/49.0.2711.0"
84.17.42.8 - - [10/Jun/2022:13:58:10 +0300] "POST /administrator/index.php HTTP/1.0" 200 7438 "http://robukazan.ru/administrator/index.php" "Mozilla/5.0 (Windows NT 10.0; WOW64) AppleWebKit/537.36 (KHTML, like Gecko) Chrome/62.0.3198.0 Safari/537.36 OPR/49.0.2711.0"
84.17.42.8 - - [10/Jun/2022:14:13:31 +0300] "GET /administrator/index.php HTTP/1.0" 200 7144 "http://robukazan.ru/administrator/index.php" "Mozilla/5.0 (Windows NT 10.0; WOW64) AppleWebKit/537.36 (KHTML, like Gecko) Chrome/62.0.3198.0 Safari/537.36 OPR/49.0.2711.0"
84.17.42.8 - - [10/Jun/2022:14:13:31 +0300] "POST /administrator/index.php HTTP/1.0" 200 7438 "http://robukazan.ru/administrator/index.php" "Mozilla/5.0 (Windows NT 10.0; WOW64) AppleWebKit/537.36 (KHTML, like Gecko) Chrome/62.0.3198.0 Safari/537.36 OPR/49.0.2711.0"
114.119.147.97 - - [10/Jun/2022:14:17:39 +0300] "GET /robots.txt HTTP/1.0" 200 696 "-" "Mozilla/5.0 (compatible;PetalBot;+https://webmaster.petalsearch.com/site/petalbot)"
187.41.234.22 - - [10/Jun/2022:14:25:33 +0300] "HEAD / HTTP/1.0" 200 427 "-" "Mozilla/5.0 (Linux; U; Android 8.1.0; zh-cn; BLA-AL00 Build/HUAWEIBLA-AL00) AppleWebKit/537.36 (KHTML, like Gecko) Version/4.0 Chrome/57.0.2987.132 MQQBrowser/8.9 Mobile Safari/537.36"
51.158.123.99 - - [10/Jun/2022:14:34:32 +0300] "HEAD / HTTP/1.0" 200 427 "-" "Mozilla/5.0 (Macintosh; Intel Mac OS X 10_15_7) AppleWebKit/537.36 (KHTML, like Gecko) Chrome/98.0.4758.80 Safari/537.36"
51.158.123.99 - - [10/Jun/2022:14:34:32 +0300] "HEAD / HTTP/1.0" 200 427 "-" "Mozilla/5.0 (Macintosh; Intel Mac OS X 10_15_7) AppleWebKit/537.36 (KHTML, like Gecko) Chrome/98.0.4758.80 Safari/537.36"
84.17.42.8 - - [10/Jun/2022:14:35:25 +0300] "GET /administrator/index.php HTTP/1.0" 200 7144 "http://robukazan.ru/administrator/index.php" "Mozilla/5.0 (Windows NT 10.0; WOW64) AppleWebKit/537.36 (KHTML, like Gecko) Chrome/62.0.3198.0 Safari/537.36 OPR/49.0.2711.0"
84.17.42.8 - - [10/Jun/2022:14:35:25 +0300] "POST /administrator/index.php HTTP/1.0" 200 7438 "http://robukazan.ru/administrator/index.php" "Mozilla/5.0 (Windows NT 10.0; WOW64) AppleWebKit/537.36 (KHTML, like Gecko) Chrome/62.0.3198.0 Safari/537.36 OPR/49.0.2711.0"
84.17.42.8 - - [10/Jun/2022:14:49:07 +0300] "GET /administrator/index.php HTTP/1.0" 200 7144 "http://robukazan.ru/administrator/index.php" "Mozilla/5.0 (Windows NT 10.0; WOW64) AppleWebKit/537.36 (KHTML, like Gecko) Chrome/62.0.3198.0 Safari/537.36 OPR/49.0.2711.0"
84.17.42.8 - - [10/Jun/2022:14:49:07 +0300] "POST /administrator/index.php HTTP/1.0" 200 7438 "http://robukazan.ru/administrator/index.php" "Mozilla/5.0 (Windows NT 10.0; WOW64) AppleWebKit/537.36 (KHTML, like Gecko) Chrome/62.0.3198.0 Safari/537.36 OPR/49.0.2711.0"
114.119.138.202 - - [10/Jun/2022:15:02:47 +0300] "GET /index.php/sertifikaty-i-garantiya HTTP/1.0" 200 7375 "http://www.robukazan.ru/katalog/apparaty-dlya-ehlektromuftovoj-svarki-pnd/nowatech-zeen-2000plus" "Mozilla/5.0 (Linux; Android 7.0;) AppleWebKit/537.36 (KHTML, like Gecko) Mobile Safari/537.36 (compatible; PetalBot;+https://webmaster.petalsearch.com/site/petalbot)"
84.17.42.8 - - [10/Jun/2022:15:03:22 +0300] "GET /administrator/index.php HTTP/1.0" 200 7144 "http://robukazan.ru/administrator/index.php" "Mozilla/5.0 (Windows NT 10.0; WOW64) AppleWebKit/537.36 (KHTML, like Gecko) Chrome/62.0.3198.0 Safari/537.36 OPR/49.0.2711.0"
84.17.42.8 - - [10/Jun/2022:15:03:22 +0300] "POST /administrator/index.php HTTP/1.0" 200 7438 "http://robukazan.ru/administrator/index.php" "Mozilla/5.0 (Windows NT 10.0; WOW64) AppleWebKit/537.36 (KHTML, like Gecko) Chrome/62.0.3198.0 Safari/537.36 OPR/49.0.2711.0"
35.241.148.11 - - [10/Jun/2022:15:08:46 +0300] "GET /robots.txt HTTP/1.0" 200 696 "-" "DnBCrawler-Analytics"
35.241.148.11 - - [10/Jun/2022:15:08:46 +0300] "GET / HTTP/1.0" 200 9139 "-" "DnBCrawler-Analytics"
35.241.148.11 - - [10/Jun/2022:15:08:47 +0300] "GET /katalog HTTP/1.0" 200 6058 "-" "DnBCrawler-Analytics"
35.241.148.11 - - [10/Jun/2022:15:08:47 +0300] "GET /sertifikaty-i-garantiya HTTP/1.0" 200 7275 "-" "DnBCrawler-Analytics"
35.241.148.11 - - [10/Jun/2022:15:08:48 +0300] "GET /dostavka HTTP/1.0" 200 6951 "-" "DnBCrawler-Analytics"
35.241.148.11 - - [10/Jun/2022:15:08:48 +0300] "GET /kontakty HTTP/1.0" 200 6860 "-" "DnBCrawler-Analytics"
35.241.148.11 - - [10/Jun/2022:15:08:49 +0300] "GET /katalog/apparaty-dlya-stykovoj-svarki HTTP/1.0" 200 8563 "-" "DnBCrawler-Analytics"
35.241.148.11 - - [10/Jun/2022:15:08:49 +0300] "GET /katalog/zapchasti-i-dopolnitel-noe-oborudovanie HTTP/1.0" 200 7016 "-" "DnBCrawler-Analytics"
35.241.148.11 - - [10/Jun/2022:15:08:49 +0300] "GET /katalog/apparaty-dlya-ehlektromuftovoj-svarki-pnd HTTP/1.0" 200 7178 "-" "DnBCrawler-Analytics"
35.241.148.11 - - [10/Jun/2022:15:08:50 +0300] "GET /katalog/generatory HTTP/1.0" 200 6441 "-" "DnBCrawler-Analytics"
35.241.148.11 - - [10/Jun/2022:15:08:50 +0300] "GET /katalog/apparaty-dlya-stykovoj-svarki/robu-w160-s HTTP/1.0" 200 8777 "-" "DnBCrawler-Analytics"
35.241.148.11 - - [10/Jun/2022:15:08:51 +0300] "GET /katalog/apparaty-dlya-stykovoj-svarki/robu-w-160 HTTP/1.0" 200 8786 "-" "DnBCrawler-Analytics"
84.17.42.8 - - [10/Jun/2022:15:21:55 +0300] "GET /administrator/index.php HTTP/1.0" 200 7144 "http://robukazan.ru/administrator/index.php" "Mozilla/5.0 (Windows NT 10.0; WOW64) AppleWebKit/537.36 (KHTML, like Gecko) Chrome/62.0.3198.0 Safari/537.36 OPR/49.0.2711.0"
84.17.42.8 - - [10/Jun/2022:15:21:55 +0300] "POST /administrator/index.php HTTP/1.0" 200 7438 "http://robukazan.ru/administrator/index.php" "Mozilla/5.0 (Windows NT 10.0; WOW64) AppleWebKit/537.36 (KHTML, like Gecko) Chrome/62.0.3198.0 Safari/537.36 OPR/49.0.2711.0"
84.17.42.8 - - [10/Jun/2022:15:32:29 +0300] "GET /administrator/index.php HTTP/1.0" 200 7144 "http://robukazan.ru/administrator/index.php" "Mozilla/5.0 (Windows NT 10.0; WOW64) AppleWebKit/537.36 (KHTML, like Gecko) Chrome/62.0.3198.0 Safari/537.36 OPR/49.0.2711.0"
84.17.42.8 - - [10/Jun/2022:15:32:30 +0300] "POST /administrator/index.php HTTP/1.0" 200 7438 "http://robukazan.ru/administrator/index.php" "Mozilla/5.0 (Windows NT 10.0; WOW64) AppleWebKit/537.36 (KHTML, like Gecko) Chrome/62.0.3198.0 Safari/537.36 OPR/49.0.2711.0"
84.17.42.8 - - [10/Jun/2022:15:40:08 +0300] "GET /administrator/index.php HTTP/1.0" 200 7144 "http://robukazan.ru/administrator/index.php" "Mozilla/5.0 (Windows NT 10.0; WOW64) AppleWebKit/537.36 (KHTML, like Gecko) Chrome/62.0.3198.0 Safari/537.36 OPR/49.0.2711.0"
84.17.42.8 - - [10/Jun/2022:15:40:08 +0300] "POST /administrator/index.php HTTP/1.0" 200 7438 "http://robukazan.ru/administrator/index.php" "Mozilla/5.0 (Windows NT 10.0; WOW64) AppleWebKit/537.36 (KHTML, like Gecko) Chrome/62.0.3198.0 Safari/537.36 OPR/49.0.2711.0"
84.17.42.8 - - [10/Jun/2022:15:52:37 +0300] "GET /administrator/index.php HTTP/1.0" 200 7144 "http://robukazan.ru/administrator/index.php" "Mozilla/5.0 (Windows NT 10.0; WOW64) AppleWebKit/537.36 (KHTML, like Gecko) Chrome/62.0.3198.0 Safari/537.36 OPR/49.0.2711.0"
84.17.42.8 - - [10/Jun/2022:15:52:37 +0300] "POST /administrator/index.php HTTP/1.0" 200 7438 "http://robukazan.ru/administrator/index.php" "Mozilla/5.0 (Windows NT 10.0; WOW64) AppleWebKit/537.36 (KHTML, like Gecko) Chrome/62.0.3198.0 Safari/537.36 OPR/49.0.2711.0"
84.17.42.8 - - [10/Jun/2022:16:00:21 +0300] "GET /administrator/index.php HTTP/1.0" 200 7144 "http://robukazan.ru/administrator/index.php" "Mozilla/5.0 (Windows NT 10.0; WOW64) AppleWebKit/537.36 (KHTML, like Gecko) Chrome/62.0.3198.0 Safari/537.36 OPR/49.0.2711.0"
84.17.42.8 - - [10/Jun/2022:16:00:21 +0300] "POST /administrator/index.php HTTP/1.0" 200 7438 "http://robukazan.ru/administrator/index.php" "Mozilla/5.0 (Windows NT 10.0; WOW64) AppleWebKit/537.36 (KHTML, like Gecko) Chrome/62.0.3198.0 Safari/537.36 OPR/49.0.2711.0"
46.28.21.149 - - [10/Jun/2022:16:00:38 +0300] "GET / HTTP/1.0" 200 47300 "-" "Mozilla/5.0 (Windows NT 10.0; Win64; x64) AppleWebKit/537.36 (KHTML, like Gecko) Chrome/96.0.4664.45 Safari/537.36"
84.17.42.8 - - [10/Jun/2022:16:07:59 +0300] "GET /administrator/index.php HTTP/1.0" 200 7144 "http://robukazan.ru/administrator/index.php" "Mozilla/5.0 (Windows NT 10.0; WOW64) AppleWebKit/537.36 (KHTML, like Gecko) Chrome/62.0.3198.0 Safari/537.36 OPR/49.0.2711.0"
84.17.42.8 - - [10/Jun/2022:16:07:59 +0300] "POST /administrator/index.php HTTP/1.0" 200 7438 "http://robukazan.ru/administrator/index.php" "Mozilla/5.0 (Windows NT 10.0; WOW64) AppleWebKit/537.36 (KHTML, like Gecko) Chrome/62.0.3198.0 Safari/537.36 OPR/49.0.2711.0"
66.249.66.17 - - [10/Jun/2022:16:11:16 +0300] "GET /katalog/apparaty-dlya-stykovoj-svarki/robu-w-500 HTTP/1.0" 200 9841 "-" "Mozilla/5.0 (Linux; Android 6.0.1; Nexus 5X Build/MMB29P) AppleWebKit/537.36 (KHTML, like Gecko) Chrome/102.0.5005.61 Mobile Safari/537.36 (compatible; Googlebot/2.1; +http://www.google.com/bot.html)"
66.249.66.217 - - [10/Jun/2022:16:11:21 +0300] "GET /templates/shaper_helix3/css/presets/preset4.css HTTP/1.1" 200 2138 "http://robukazan.ru/katalog/apparaty-dlya-stykovoj-svarki/robu-w-500" "Mozilla/5.0 (Linux; Android 6.0.1; Nexus 5X Build/MMB29P) AppleWebKit/537.36 (KHTML, like Gecko) Chrome/102.0.5005.61 Mobile Safari/537.36 (compatible; Googlebot/2.1; +http://www.google.com/bot.html)"
66.249.66.63 - - [10/Jun/2022:16:11:21 +0300] "GET /templates/shaper_helix3/css/frontend-edit.css HTTP/1.1" 200 2748 "http://robukazan.ru/katalog/apparaty-dlya-stykovoj-svarki/robu-w-500" "Mozilla/5.0 (Linux; Android 6.0.1; Nexus 5X Build/MMB29P) AppleWebKit/537.36 (KHTML, like Gecko) Chrome/102.0.5005.61 Mobile Safari/537.36 (compatible; Googlebot/2.1; +http://www.google.com/bot.html)"
185.191.171.13 - - [10/Jun/2022:16:20:07 +0300] "GET /robots.txt HTTP/1.0" 200 696 "-" "Mozilla/5.0 (compatible; SemrushBot/7~bl; +http://www.semrush.com/bot.html)"
185.191.171.15 - - [10/Jun/2022:16:20:07 +0300] "GET /katalog HTTP/1.0" 200 6151 "-" "Mozilla/5.0 (compatible; SemrushBot/7~bl; +http://www.semrush.com/bot.html)"
188.241.177.230 - - [10/Jun/2022:16:22:21 +0300] "GET /administrator/index.php HTTP/1.0" 200 2928 "-" "Mozilla/5.0 (Windows NT 10.0; WOW64) AppleWebKit/537.36 (KHTML, like Gecko) Chrome/75.0.3770.100 Safari/537.36"
188.241.177.230 - - [10/Jun/2022:16:22:24 +0300] "POST /administrator/index.php HTTP/1.0" 200 3001 "-" "Mozilla/5.0 (Windows NT 10.0; WOW64) AppleWebKit/537.36 (KHTML, like Gecko) Chrome/75.0.3770.100 Safari/537.36"
188.241.177.230 - - [10/Jun/2022:16:22:27 +0300] "GET /administrator/index.php HTTP/1.0" 200 2831 "-" "Mozilla/5.0 (Windows NT 10.0; WOW64) AppleWebKit/537.36 (KHTML, like Gecko) Chrome/75.0.3770.100 Safari/537.36"
84.17.42.8 - - [10/Jun/2022:16:24:20 +0300] "GET /administrator/index.php HTTP/1.0" 200 7144 "http://robukazan.ru/administrator/index.php" "Mozilla/5.0 (Windows NT 10.0; WOW64) AppleWebKit/537.36 (KHTML, like Gecko) Chrome/62.0.3198.0 Safari/537.36 OPR/49.0.2711.0"
84.17.42.8 - - [10/Jun/2022:16:24:21 +0300] "POST /administrator/index.php HTTP/1.0" 200 7438 "http://robukazan.ru/administrator/index.php" "Mozilla/5.0 (Windows NT 10.0; WOW64) AppleWebKit/537.36 (KHTML, like Gecko) Chrome/62.0.3198.0 Safari/537.36 OPR/49.0.2711.0"
84.17.42.8 - - [10/Jun/2022:16:31:55 +0300] "GET /administrator/index.php HTTP/1.0" 200 7144 "http://robukazan.ru/administrator/index.php" "Mozilla/5.0 (Windows NT 10.0; WOW64) AppleWebKit/537.36 (KHTML, like Gecko) Chrome/62.0.3198.0 Safari/537.36 OPR/49.0.2711.0"
84.17.42.8 - - [10/Jun/2022:16:31:56 +0300] "POST /administrator/index.php HTTP/1.0" 200 7438 "http://robukazan.ru/administrator/index.php" "Mozilla/5.0 (Windows NT 10.0; WOW64) AppleWebKit/537.36 (KHTML, like Gecko) Chrome/62.0.3198.0 Safari/537.36 OPR/49.0.2711.0"
84.17.42.8 - - [10/Jun/2022:16:39:21 +0300] "GET /administrator/index.php HTTP/1.0" 200 7144 "http://robukazan.ru/administrator/index.php" "Mozilla/5.0 (Windows NT 10.0; WOW64) AppleWebKit/537.36 (KHTML, like Gecko) Chrome/62.0.3198.0 Safari/537.36 OPR/49.0.2711.0"
84.17.42.8 - - [10/Jun/2022:16:39:21 +0300] "POST /administrator/index.php HTTP/1.0" 200 7438 "http://robukazan.ru/administrator/index.php" "Mozilla/5.0 (Windows NT 10.0; WOW64) AppleWebKit/537.36 (KHTML, like Gecko) Chrome/62.0.3198.0 Safari/537.36 OPR/49.0.2711.0"
84.17.42.8 - - [10/Jun/2022:16:51:40 +0300] "GET /administrator/index.php HTTP/1.0" 200 7144 "http://robukazan.ru/administrator/index.php" "Mozilla/5.0 (Windows NT 10.0; WOW64) AppleWebKit/537.36 (KHTML, like Gecko) Chrome/62.0.3198.0 Safari/537.36 OPR/49.0.2711.0"
84.17.42.8 - - [10/Jun/2022:16:51:40 +0300] "POST /administrator/index.php HTTP/1.0" 200 7438 "http://robukazan.ru/administrator/index.php" "Mozilla/5.0 (Windows NT 10.0; WOW64) AppleWebKit/537.36 (KHTML, like Gecko) Chrome/62.0.3198.0 Safari/537.36 OPR/49.0.2711.0"
157.90.177.232 - - [10/Jun/2022:16:59:37 +0300] "GET /robots.txt HTTP/1.0" 200 696 "-" "Mozilla/5.0 (compatible; BLEXBot/1.0; +http://webmeup-crawler.com/)"
157.90.177.232 - - [10/Jun/2022:16:59:39 +0300] "GET /sitemap HTTP/1.0" 404 1867 "-" "Mozilla/5.0 (compatible; BLEXBot/1.0; +http://webmeup-crawler.com/)"
157.90.177.232 - - [10/Jun/2022:16:59:42 +0300] "GET /sitemap.txt HTTP/1.0" 404 1871 "-" "Mozilla/5.0 (compatible; BLEXBot/1.0; +http://webmeup-crawler.com/)"
157.90.177.232 - - [10/Jun/2022:16:59:46 +0300] "GET /dostavka HTTP/1.0" 200 7049 "-" "Mozilla/5.0 (compatible; BLEXBot/1.0; +http://webmeup-crawler.com/)"
