185.102.11.122 - - [09/Jun/2022:01:42:01 +0300] "GET /templates/shaper_helix3/css/frontend-edit.css HTTP/1.1" 200 2748 "http://robukazan.ru/katalog/apparaty-dlya-stykovoj-svarki/robu-w-315" "Mozilla/5.0 (Windows NT 10.0; Win64; x64) AppleWebKit/537.36 (KHTML, like Gecko) Chrome/100.0.4896.143 YaBrowser/22.5.0.1814 Yowser/2.5 Safari/537.36"
185.102.11.122 - - [09/Jun/2022:01:42:01 +0300] "GET /modules/mod_contactus/css/contactus_lightbox.css HTTP/1.1" 200 8937 "http://robukazan.ru/katalog/apparaty-dlya-stykovoj-svarki/robu-w-315" "Mozilla/5.0 (Windows NT 10.0; Win64; x64) AppleWebKit/537.36 (KHTML, like Gecko) Chrome/100.0.4896.143 YaBrowser/22.5.0.1814 Yowser/2.5 Safari/537.36"
185.102.11.122 - - [09/Jun/2022:01:42:01 +0300] "GET /templates/shaper_helix3/css/bootstrap.min.css HTTP/1.1" 200 121200 "http://robukazan.ru/katalog/apparaty-dlya-stykovoj-svarki/robu-w-315" "Mozilla/5.0 (Windows NT 10.0; Win64; x64) AppleWebKit/537.36 (KHTML, like Gecko) Chrome/100.0.4896.143 YaBrowser/22.5.0.1814 Yowser/2.5 Safari/537.36"
185.102.11.122 - - [09/Jun/2022:01:42:01 +0300] "GET /templates/shaper_helix3/css/template.css HTTP/1.1" 200 75285 "http://robukazan.ru/katalog/apparaty-dlya-stykovoj-svarki/robu-w-315" "Mozilla/5.0 (Windows NT 10.0; Win64; x64) AppleWebKit/537.36 (KHTML, like Gecko) Chrome/100.0.4896.143 YaBrowser/22.5.0.1814 Yowser/2.5 Safari/537.36"
185.102.11.122 - - [09/Jun/2022:01:42:01 +0300] "GET /plugins/system/jqueryeasy/jquerynoconflict.js HTTP/1.1" 200 20 "http://robukazan.ru/katalog/apparaty-dlya-stykovoj-svarki/robu-w-315" "Mozilla/5.0 (Windows NT 10.0; Win64; x64) AppleWebKit/537.36 (KHTML, like Gecko) Chrome/100.0.4896.143 YaBrowser/22.5.0.1814 Yowser/2.5 Safari/537.36"
185.102.11.122 - - [09/Jun/2022:01:42:01 +0300] "GET /media/system/js/core.js?db402a5e3649fff12ad007864e10350a HTTP/1.1" 200 10637 "http://robukazan.ru/katalog/apparaty-dlya-stykovoj-svarki/robu-w-315" "Mozilla/5.0 (Windows NT 10.0; Win64; x64) AppleWebKit/537.36 (KHTML, like Gecko) Chrome/100.0.4896.143 YaBrowser/22.5.0.1814 Yowser/2.5 Safari/537.36"
185.102.11.122 - - [09/Jun/2022:01:42:02 +0300] "GET /components/com_jshopping/js/jquery/jquery.media.js HTTP/1.1" 200 18047 "http://robukazan.ru/katalog/apparaty-dlya-stykovoj-svarki/robu-w-315" "Mozilla/5.0 (Windows NT 10.0; Win64; x64) AppleWebKit/537.36 (KHTML, like Gecko) Chrome/100.0.4896.143 YaBrowser/22.5.0.1814 Yowser/2.5 Safari/537.36"
185.102.11.122 - - [09/Jun/2022:01:42:02 +0300] "GET /components/com_jshopping/js/functions.js HTTP/1.1" 200 44385 "http://robukazan.ru/katalog/apparaty-dlya-stykovoj-svarki/robu-w-315" "Mozilla/5.0 (Windows NT 10.0; Win64; x64) AppleWebKit/537.36 (KHTML, like Gecko) Chrome/100.0.4896.143 YaBrowser/22.5.0.1814 Yowser/2.5 Safari/537.36"
185.102.11.122 - - [09/Jun/2022:01:42:02 +0300] "GET /media/system/js/mootools-core.js?db402a5e3649fff12ad007864e10350a HTTP/1.1" 200 83893 "http://robukazan.ru/katalog/apparaty-dlya-stykovoj-svarki/robu-w-315" "Mozilla/5.0 (Windows NT 10.0; Win64; x64) AppleWebKit/537.36 (KHTML, like Gecko) Chrome/100.0.4896.143 YaBrowser/22.5.0.1814 Yowser/2.5 Safari/537.36"
185.102.11.122 - - [09/Jun/2022:01:42:02 +0300] "GET /components/com_jshopping/js/validateForm.js HTTP/1.1" 200 8494 "http://robukazan.ru/katalog/apparaty-dlya-stykovoj-svarki/robu-w-315" "Mozilla/5.0 (Windows NT 10.0; Win64; x64) AppleWebKit/537.36 (KHTML, like Gecko) Chrome/100.0.4896.143 YaBrowser/22.5.0.1814 Yowser/2.5 Safari/537.36"
185.102.11.122 - - [09/Jun/2022:01:42:02 +0300] "GET /components/com_jshopping/js/jquery/jquery.lightbox.js HTTP/1.1" 200 23418 "http://robukazan.ru/katalog/apparaty-dlya-stykovoj-svarki/robu-w-315" "Mozilla/5.0 (Windows NT 10.0; Win64; x64) AppleWebKit/537.36 (KHTML, like Gecko) Chrome/100.0.4896.143 YaBrowser/22.5.0.1814 Yowser/2.5 Safari/537.36"
185.102.11.122 - - [09/Jun/2022:01:42:02 +0300] "GET /templates/shaper_helix3/js/bootstrap.min.js HTTP/1.1" 200 37045 "http://robukazan.ru/katalog/apparaty-dlya-stykovoj-svarki/robu-w-315" "Mozilla/5.0 (Windows NT 10.0; Win64; x64) AppleWebKit/537.36 (KHTML, like Gecko) Chrome/100.0.4896.143 YaBrowser/22.5.0.1814 Yowser/2.5 Safari/537.36"
185.102.11.122 - - [09/Jun/2022:01:42:02 +0300] "GET /templates/shaper_helix3/js/jquery.sticky.js HTTP/1.1" 200 5739 "http://robukazan.ru/katalog/apparaty-dlya-stykovoj-svarki/robu-w-315" "Mozilla/5.0 (Windows NT 10.0; Win64; x64) AppleWebKit/537.36 (KHTML, like Gecko) Chrome/100.0.4896.143 YaBrowser/22.5.0.1814 Yowser/2.5 Safari/537.36"
185.102.11.122 - - [09/Jun/2022:01:42:02 +0300] "GET /templates/shaper_helix3/js/main.js HTTP/1.1" 200 8742 "http://robukazan.ru/katalog/apparaty-dlya-stykovoj-svarki/robu-w-315" "Mozilla/5.0 (Windows NT 10.0; Win64; x64) AppleWebKit/537.36 (KHTML, like Gecko) Chrome/100.0.4896.143 YaBrowser/22.5.0.1814 Yowser/2.5 Safari/537.36"
185.102.11.122 - - [09/Jun/2022:01:42:02 +0300] "GET /templates/shaper_helix3/js/frontend-edit.js HTTP/1.1" 200 1948 "http://robukazan.ru/katalog/apparaty-dlya-stykovoj-svarki/robu-w-315" "Mozilla/5.0 (Windows NT 10.0; Win64; x64) AppleWebKit/537.36 (KHTML, like Gecko) Chrome/100.0.4896.143 YaBrowser/22.5.0.1814 Yowser/2.5 Safari/537.36"
185.102.11.122 - - [09/Jun/2022:01:42:02 +0300] "GET /modules/mod_contactus/js/contactus_common.js HTTP/1.1" 200 5018 "http://robukazan.ru/katalog/apparaty-dlya-stykovoj-svarki/robu-w-315" "Mozilla/5.0 (Windows NT 10.0; Win64; x64) AppleWebKit/537.36 (KHTML, like Gecko) Chrome/100.0.4896.143 YaBrowser/22.5.0.1814 Yowser/2.5 Safari/537.36"
185.102.11.122 - - [09/Jun/2022:01:42:02 +0300] "GET /modules/mod_contactus/js/contactus_lightbox.js HTTP/1.1" 200 4279 "http://robukazan.ru/katalog/apparaty-dlya-stykovoj-svarki/robu-w-315" "Mozilla/5.0 (Windows NT 10.0; Win64; x64) AppleWebKit/537.36 (KHTML, like Gecko) Chrome/100.0.4896.143 YaBrowser/22.5.0.1814 Yowser/2.5 Safari/537.36"
185.191.171.39 - - [09/Jun/2022:01:42:04 +0300] "GET /robots.txt HTTP/1.0" 200 696 "-" "Mozilla/5.0 (compatible; SemrushBot/7~bl; +http://www.semrush.com/bot.html)"
185.191.171.21 - - [09/Jun/2022:01:42:04 +0300] "GET /katalog/apparaty-dlya-ehlektromuftovoj-svarki-pnd HTTP/1.0" 200 7276 "-" "Mozilla/5.0 (compatible; SemrushBot/7~bl; +http://www.semrush.com/bot.html)"
84.17.42.8 - - [09/Jun/2022:01:42:16 +0300] "GET /administrator/index.php HTTP/1.0" 200 7144 "http://robukazan.ru/administrator/index.php" "Mozilla/5.0 (Windows NT 10.0; WOW64) AppleWebKit/537.36 (KHTML, like Gecko) Chrome/62.0.3198.0 Safari/537.36 OPR/49.0.2711.0"
84.17.42.8 - - [09/Jun/2022:01:42:16 +0300] "POST /administrator/index.php HTTP/1.0" 200 7438 "http://robukazan.ru/administrator/index.php" "Mozilla/5.0 (Windows NT 10.0; WOW64) AppleWebKit/537.36 (KHTML, like Gecko) Chrome/62.0.3198.0 Safari/537.36 OPR/49.0.2711.0"
185.102.11.122 - - [09/Jun/2022:01:42:32 +0300] "GET /images/design3_03.jpg HTTP/1.1" 200 4781 "http://robukazan.ru/katalog/apparaty-dlya-stykovoj-svarki/robu-w-315" "Mozilla/5.0 (Windows NT 10.0; Win64; x64) AppleWebKit/537.36 (KHTML, like Gecko) Chrome/100.0.4896.143 YaBrowser/22.5.0.1814 Yowser/2.5 Safari/537.36"
185.102.11.122 - - [09/Jun/2022:01:42:32 +0300] "GET /images/certificate.png HTTP/1.1" 200 1677 "http://robukazan.ru/katalog/apparaty-dlya-stykovoj-svarki/robu-w-315" "Mozilla/5.0 (Windows NT 10.0; Win64; x64) AppleWebKit/537.36 (KHTML, like Gecko) Chrome/100.0.4896.143 YaBrowser/22.5.0.1814 Yowser/2.5 Safari/537.36"
185.102.11.122 - - [09/Jun/2022:01:42:32 +0300] "GET /images/shipped.png HTTP/1.1" 200 1332 "http://robukazan.ru/katalog/apparaty-dlya-stykovoj-svarki/robu-w-315" "Mozilla/5.0 (Windows NT 10.0; Win64; x64) AppleWebKit/537.36 (KHTML, like Gecko) Chrome/100.0.4896.143 YaBrowser/22.5.0.1814 Yowser/2.5 Safari/537.36"
185.102.11.122 - - [09/Jun/2022:01:42:32 +0300] "GET /components/com_jshopping/files/img_products/15.jpg HTTP/1.1" 200 15323 "http://robukazan.ru/katalog/apparaty-dlya-stykovoj-svarki/robu-w-315" "Mozilla/5.0 (Windows NT 10.0; Win64; x64) AppleWebKit/537.36 (KHTML, like Gecko) Chrome/100.0.4896.143 YaBrowser/22.5.0.1814 Yowser/2.5 Safari/537.36"
185.102.11.122 - - [09/Jun/2022:01:42:32 +0300] "GET /components/com_jshopping/images/search.png HTTP/1.1" 200 491 "http://robukazan.ru/katalog/apparaty-dlya-stykovoj-svarki/robu-w-315" "Mozilla/5.0 (Windows NT 10.0; Win64; x64) AppleWebKit/537.36 (KHTML, like Gecko) Chrome/100.0.4896.143 YaBrowser/22.5.0.1814 Yowser/2.5 Safari/537.36"
185.102.11.122 - - [09/Jun/2022:01:42:32 +0300] "GET /components/com_jshopping/files/img_products/25.jpg HTTP/1.1" 200 14813 "http://robukazan.ru/katalog/apparaty-dlya-stykovoj-svarki/robu-w-315" "Mozilla/5.0 (Windows NT 10.0; Win64; x64) AppleWebKit/537.36 (KHTML, like Gecko) Chrome/100.0.4896.143 YaBrowser/22.5.0.1814 Yowser/2.5 Safari/537.36"
185.102.11.122 - - [09/Jun/2022:01:42:32 +0300] "GET /components/com_jshopping/files/img_products/35.jpg HTTP/1.1" 200 10745 "http://robukazan.ru/katalog/apparaty-dlya-stykovoj-svarki/robu-w-315" "Mozilla/5.0 (Windows NT 10.0; Win64; x64) AppleWebKit/537.36 (KHTML, like Gecko) Chrome/100.0.4896.143 YaBrowser/22.5.0.1814 Yowser/2.5 Safari/537.36"
185.102.11.122 - - [09/Jun/2022:01:42:32 +0300] "GET /components/com_jshopping/files/img_products/53.jpg HTTP/1.1" 200 15243 "http://robukazan.ru/katalog/apparaty-dlya-stykovoj-svarki/robu-w-315" "Mozilla/5.0 (Windows NT 10.0; Win64; x64) AppleWebKit/537.36 (KHTML, like Gecko) Chrome/100.0.4896.143 YaBrowser/22.5.0.1814 Yowser/2.5 Safari/537.36"
185.102.11.122 - - [09/Jun/2022:01:42:32 +0300] "GET /components/com_jshopping/files/img_products/62.jpg HTTP/1.1" 200 12078 "http://robukazan.ru/katalog/apparaty-dlya-stykovoj-svarki/robu-w-315" "Mozilla/5.0 (Windows NT 10.0; Win64; x64) AppleWebKit/537.36 (KHTML, like Gecko) Chrome/100.0.4896.143 YaBrowser/22.5.0.1814 Yowser/2.5 Safari/537.36"
185.102.11.122 - - [09/Jun/2022:01:42:32 +0300] "GET /components/com_jshopping/files/img_products/72.jpg HTTP/1.1" 200 10318 "http://robukazan.ru/katalog/apparaty-dlya-stykovoj-svarki/robu-w-315" "Mozilla/5.0 (Windows NT 10.0; Win64; x64) AppleWebKit/537.36 (KHTML, like Gecko) Chrome/100.0.4896.143 YaBrowser/22.5.0.1814 Yowser/2.5 Safari/537.36"
185.102.11.122 - - [09/Jun/2022:01:42:32 +0300] "GET /components/com_jshopping/files/img_products/87.jpg HTTP/1.1" 200 17552 "http://robukazan.ru/katalog/apparaty-dlya-stykovoj-svarki/robu-w-315" "Mozilla/5.0 (Windows NT 10.0; Win64; x64) AppleWebKit/537.36 (KHTML, like Gecko) Chrome/100.0.4896.143 YaBrowser/22.5.0.1814 Yowser/2.5 Safari/537.36"
185.102.11.122 - - [09/Jun/2022:01:42:32 +0300] "GET /components/com_jshopping/files/img_products/92.jpg HTTP/1.1" 200 8532 "http://robukazan.ru/katalog/apparaty-dlya-stykovoj-svarki/robu-w-315" "Mozilla/5.0 (Windows NT 10.0; Win64; x64) AppleWebKit/537.36 (KHTML, like Gecko) Chrome/100.0.4896.143 YaBrowser/22.5.0.1814 Yowser/2.5 Safari/537.36"
185.102.11.122 - - [09/Jun/2022:01:42:32 +0300] "GET /components/com_jshopping/files/img_products/10.jpg HTTP/1.1" 200 10205 "http://robukazan.ru/katalog/apparaty-dlya-stykovoj-svarki/robu-w-315" "Mozilla/5.0 (Windows NT 10.0; Win64; x64) AppleWebKit/537.36 (KHTML, like Gecko) Chrome/100.0.4896.143 YaBrowser/22.5.0.1814 Yowser/2.5 Safari/537.36"
185.102.11.122 - - [09/Jun/2022:01:42:32 +0300] "GET /components/com_jshopping/files/img_products/111.jpg HTTP/1.1" 200 10260 "http://robukazan.ru/katalog/apparaty-dlya-stykovoj-svarki/robu-w-315" "Mozilla/5.0 (Windows NT 10.0; Win64; x64) AppleWebKit/537.36 (KHTML, like Gecko) Chrome/100.0.4896.143 YaBrowser/22.5.0.1814 Yowser/2.5 Safari/537.36"
185.102.11.122 - - [09/Jun/2022:01:42:32 +0300] "GET /components/com_jshopping/files/img_products/thumb_15.jpg HTTP/1.1" 200 8827 "http://robukazan.ru/katalog/apparaty-dlya-stykovoj-svarki/robu-w-315" "Mozilla/5.0 (Windows NT 10.0; Win64; x64) AppleWebKit/537.36 (KHTML, like Gecko) Chrome/100.0.4896.143 YaBrowser/22.5.0.1814 Yowser/2.5 Safari/537.36"
185.102.11.122 - - [09/Jun/2022:01:42:32 +0300] "GET /components/com_jshopping/files/img_products/thumb_25.jpg HTTP/1.1" 200 8597 "http://robukazan.ru/katalog/apparaty-dlya-stykovoj-svarki/robu-w-315" "Mozilla/5.0 (Windows NT 10.0; Win64; x64) AppleWebKit/537.36 (KHTML, like Gecko) Chrome/100.0.4896.143 YaBrowser/22.5.0.1814 Yowser/2.5 Safari/537.36"
185.102.11.122 - - [09/Jun/2022:01:42:32 +0300] "GET /components/com_jshopping/files/img_products/thumb_35.jpg HTTP/1.1" 200 6763 "http://robukazan.ru/katalog/apparaty-dlya-stykovoj-svarki/robu-w-315" "Mozilla/5.0 (Windows NT 10.0; Win64; x64) AppleWebKit/537.36 (KHTML, like Gecko) Chrome/100.0.4896.143 YaBrowser/22.5.0.1814 Yowser/2.5 Safari/537.36"
185.102.11.122 - - [09/Jun/2022:01:42:32 +0300] "GET /components/com_jshopping/files/img_products/thumb_53.jpg HTTP/1.1" 200 8624 "http://robukazan.ru/katalog/apparaty-dlya-stykovoj-svarki/robu-w-315" "Mozilla/5.0 (Windows NT 10.0; Win64; x64) AppleWebKit/537.36 (KHTML, like Gecko) Chrome/100.0.4896.143 YaBrowser/22.5.0.1814 Yowser/2.5 Safari/537.36"
185.102.11.122 - - [09/Jun/2022:01:42:32 +0300] "GET /components/com_jshopping/files/img_products/thumb_62.jpg HTTP/1.1" 200 7195 "http://robukazan.ru/katalog/apparaty-dlya-stykovoj-svarki/robu-w-315" "Mozilla/5.0 (Windows NT 10.0; Win64; x64) AppleWebKit/537.36 (KHTML, like Gecko) Chrome/100.0.4896.143 YaBrowser/22.5.0.1814 Yowser/2.5 Safari/537.36"
185.102.11.122 - - [09/Jun/2022:01:42:32 +0300] "GET /components/com_jshopping/files/img_products/thumb_72.jpg HTTP/1.1" 200 6604 "http://robukazan.ru/katalog/apparaty-dlya-stykovoj-svarki/robu-w-315" "Mozilla/5.0 (Windows NT 10.0; Win64; x64) AppleWebKit/537.36 (KHTML, like Gecko) Chrome/100.0.4896.143 YaBrowser/22.5.0.1814 Yowser/2.5 Safari/537.36"
185.102.11.122 - - [09/Jun/2022:01:42:32 +0300] "GET /components/com_jshopping/files/img_products/thumb_87.jpg HTTP/1.1" 200 10168 "http://robukazan.ru/katalog/apparaty-dlya-stykovoj-svarki/robu-w-315" "Mozilla/5.0 (Windows NT 10.0; Win64; x64) AppleWebKit/537.36 (KHTML, like Gecko) Chrome/100.0.4896.143 YaBrowser/22.5.0.1814 Yowser/2.5 Safari/537.36"
185.102.11.122 - - [09/Jun/2022:01:42:32 +0300] "GET /components/com_jshopping/files/img_products/thumb_92.jpg HTTP/1.1" 200 5797 "http://robukazan.ru/katalog/apparaty-dlya-stykovoj-svarki/robu-w-315" "Mozilla/5.0 (Windows NT 10.0; Win64; x64) AppleWebKit/537.36 (KHTML, like Gecko) Chrome/100.0.4896.143 YaBrowser/22.5.0.1814 Yowser/2.5 Safari/537.36"
185.102.11.122 - - [09/Jun/2022:01:42:32 +0300] "GET /components/com_jshopping/files/img_products/thumb_10.jpg HTTP/1.1" 200 6695 "http://robukazan.ru/katalog/apparaty-dlya-stykovoj-svarki/robu-w-315" "Mozilla/5.0 (Windows NT 10.0; Win64; x64) AppleWebKit/537.36 (KHTML, like Gecko) Chrome/100.0.4896.143 YaBrowser/22.5.0.1814 Yowser/2.5 Safari/537.36"
185.102.11.122 - - [09/Jun/2022:01:42:32 +0300] "GET /components/com_jshopping/files/img_products/thumb_111.jpg HTTP/1.1" 200 6618 "http://robukazan.ru/katalog/apparaty-dlya-stykovoj-svarki/robu-w-315" "Mozilla/5.0 (Windows NT 10.0; Win64; x64) AppleWebKit/537.36 (KHTML, like Gecko) Chrome/100.0.4896.143 YaBrowser/22.5.0.1814 Yowser/2.5 Safari/537.36"
185.102.11.122 - - [09/Jun/2022:01:42:32 +0300] "GET /images/design3_34.png HTTP/1.1" 200 4379 "http://robukazan.ru/katalog/apparaty-dlya-stykovoj-svarki/robu-w-315" "Mozilla/5.0 (Windows NT 10.0; Win64; x64) AppleWebKit/537.36 (KHTML, like Gecko) Chrome/100.0.4896.143 YaBrowser/22.5.0.1814 Yowser/2.5 Safari/537.36"
185.102.11.122 - - [09/Jun/2022:01:42:32 +0300] "GET /images/menu-fon.jpg HTTP/1.1" 200 1189 "http://robukazan.ru/katalog/apparaty-dlya-stykovoj-svarki/robu-w-315" "Mozilla/5.0 (Windows NT 10.0; Win64; x64) AppleWebKit/537.36 (KHTML, like Gecko) Chrome/100.0.4896.143 YaBrowser/22.5.0.1814 Yowser/2.5 Safari/537.36"
185.102.11.122 - - [09/Jun/2022:01:42:32 +0300] "GET /images/wallperz.com-20170320230023.jpg HTTP/1.1" 200 164669 "http://robukazan.ru/katalog/apparaty-dlya-stykovoj-svarki/robu-w-315" "Mozilla/5.0 (Windows NT 10.0; Win64; x64) AppleWebKit/537.36 (KHTML, like Gecko) Chrome/100.0.4896.143 YaBrowser/22.5.0.1814 Yowser/2.5 Safari/537.36"
185.102.11.122 - - [09/Jun/2022:01:42:32 +0300] "GET /templates/shaper_helix3/fonts/fontawesome-webfont.woff2?v=4.7.0 HTTP/1.0" 200 77387 "http://robukazan.ru/templates/shaper_helix3/css/font-awesome.min.css" "Mozilla/5.0 (Windows NT 10.0; Win64; x64) AppleWebKit/537.36 (KHTML, like Gecko) Chrome/100.0.4896.143 YaBrowser/22.5.0.1814 Yowser/2.5 Safari/537.36"
84.17.42.8 - - [09/Jun/2022:01:54:41 +0300] "GET /administrator/index.php HTTP/1.0" 200 7144 "http://robukazan.ru/administrator/index.php" "Mozilla/5.0 (Windows NT 10.0; WOW64) AppleWebKit/537.36 (KHTML, like Gecko) Chrome/62.0.3198.0 Safari/537.36 OPR/49.0.2711.0"
84.17.42.8 - - [09/Jun/2022:01:54:42 +0300] "POST /administrator/index.php HTTP/1.0" 200 7438 "http://robukazan.ru/administrator/index.php" "Mozilla/5.0 (Windows NT 10.0; WOW64) AppleWebKit/537.36 (KHTML, like Gecko) Chrome/62.0.3198.0 Safari/537.36 OPR/49.0.2711.0"
84.17.42.8 - - [09/Jun/2022:02:02:16 +0300] "GET /administrator/index.php HTTP/1.0" 200 7144 "http://robukazan.ru/administrator/index.php" "Mozilla/5.0 (Windows NT 10.0; WOW64) AppleWebKit/537.36 (KHTML, like Gecko) Chrome/62.0.3198.0 Safari/537.36 OPR/49.0.2711.0"
84.17.42.8 - - [09/Jun/2022:02:02:16 +0300] "POST /administrator/index.php HTTP/1.0" 200 7438 "http://robukazan.ru/administrator/index.php" "Mozilla/5.0 (Windows NT 10.0; WOW64) AppleWebKit/537.36 (KHTML, like Gecko) Chrome/62.0.3198.0 Safari/537.36 OPR/49.0.2711.0"
84.17.42.8 - - [09/Jun/2022:02:09:47 +0300] "GET /administrator/index.php HTTP/1.0" 200 7144 "http://robukazan.ru/administrator/index.php" "Mozilla/5.0 (Windows NT 10.0; WOW64) AppleWebKit/537.36 (KHTML, like Gecko) Chrome/62.0.3198.0 Safari/537.36 OPR/49.0.2711.0"
84.17.42.8 - - [09/Jun/2022:02:09:47 +0300] "POST /administrator/index.php HTTP/1.0" 200 7438 "http://robukazan.ru/administrator/index.php" "Mozilla/5.0 (Windows NT 10.0; WOW64) AppleWebKit/537.36 (KHTML, like Gecko) Chrome/62.0.3198.0 Safari/537.36 OPR/49.0.2711.0"
52.226.227.211 - - [09/Jun/2022:02:10:15 +0300] "GET /images/2017/09/11/wrench.png HTTP/1.1" 200 2678 "-" "Mozilla/5.0 (Windows NT 10.0; Win64; x64) AppleWebKit/537.36 (KHTML, like Gecko) Chrome/76.0.3809.100 Safari/537.36"
84.17.42.8 - - [09/Jun/2022:02:21:56 +0300] "GET /administrator/index.php HTTP/1.0" 200 7144 "http://robukazan.ru/administrator/index.php" "Mozilla/5.0 (Windows NT 10.0; WOW64) AppleWebKit/537.36 (KHTML, like Gecko) Chrome/62.0.3198.0 Safari/537.36 OPR/49.0.2711.0"
84.17.42.8 - - [09/Jun/2022:02:21:56 +0300] "POST /administrator/index.php HTTP/1.0" 200 7438 "http://robukazan.ru/administrator/index.php" "Mozilla/5.0 (Windows NT 10.0; WOW64) AppleWebKit/537.36 (KHTML, like Gecko) Chrome/62.0.3198.0 Safari/537.36 OPR/49.0.2711.0"
185.191.171.12 - - [09/Jun/2022:02:22:52 +0300] "GET /katalog/apparaty-dlya-stykovoj-svarki HTTP/1.0" 200 8658 "-" "Mozilla/5.0 (compatible; SemrushBot/7~bl; +http://www.semrush.com/bot.html)"
84.17.42.8 - - [09/Jun/2022:02:29:17 +0300] "GET /administrator/index.php HTTP/1.0" 200 7144 "http://robukazan.ru/administrator/index.php" "Mozilla/5.0 (Windows NT 10.0; WOW64) AppleWebKit/537.36 (KHTML, like Gecko) Chrome/62.0.3198.0 Safari/537.36 OPR/49.0.2711.0"
84.17.42.8 - - [09/Jun/2022:02:29:17 +0300] "POST /administrator/index.php HTTP/1.0" 200 7438 "http://robukazan.ru/administrator/index.php" "Mozilla/5.0 (Windows NT 10.0; WOW64) AppleWebKit/537.36 (KHTML, like Gecko) Chrome/62.0.3198.0 Safari/537.36 OPR/49.0.2711.0"
114.119.135.201 - - [09/Jun/2022:02:34:17 +0300] "GET /robots.txt HTTP/1.0" 200 696 "-" "Mozilla/5.0 (compatible;PetalBot;+https://webmaster.petalsearch.com/site/petalbot)"
84.17.42.8 - - [09/Jun/2022:02:36:28 +0300] "GET /administrator/index.php HTTP/1.0" 200 7144 "http://robukazan.ru/administrator/index.php" "Mozilla/5.0 (Windows NT 10.0; WOW64) AppleWebKit/537.36 (KHTML, like Gecko) Chrome/62.0.3198.0 Safari/537.36 OPR/49.0.2711.0"
84.17.42.8 - - [09/Jun/2022:02:36:28 +0300] "POST /administrator/index.php HTTP/1.0" 200 7438 "http://robukazan.ru/administrator/index.php" "Mozilla/5.0 (Windows NT 10.0; WOW64) AppleWebKit/537.36 (KHTML, like Gecko) Chrome/62.0.3198.0 Safari/537.36 OPR/49.0.2711.0"
52.226.210.206 - - [09/Jun/2022:02:44:56 +0300] "GET /components/com_jshopping/files/img_products/thumb_5.jpg HTTP/1.1" 200 7804 "-" "Mozilla/5.0 (Windows NT 10.0; Win64; x64) AppleWebKit/537.36 (KHTML, like Gecko) Chrome/76.0.3809.100 Safari/537.36"
84.17.42.8 - - [09/Jun/2022:02:48:00 +0300] "GET /administrator/index.php HTTP/1.0" 200 7144 "http://robukazan.ru/administrator/index.php" "Mozilla/5.0 (Windows NT 10.0; WOW64) AppleWebKit/537.36 (KHTML, like Gecko) Chrome/62.0.3198.0 Safari/537.36 OPR/49.0.2711.0"
84.17.42.8 - - [09/Jun/2022:02:48:00 +0300] "POST /administrator/index.php HTTP/1.0" 200 7438 "http://robukazan.ru/administrator/index.php" "Mozilla/5.0 (Windows NT 10.0; WOW64) AppleWebKit/537.36 (KHTML, like Gecko) Chrome/62.0.3198.0 Safari/537.36 OPR/49.0.2711.0"
84.17.42.8 - - [09/Jun/2022:02:55:12 +0300] "GET /administrator/index.php HTTP/1.0" 200 7144 "http://robukazan.ru/administrator/index.php" "Mozilla/5.0 (Windows NT 10.0; WOW64) AppleWebKit/537.36 (KHTML, like Gecko) Chrome/62.0.3198.0 Safari/537.36 OPR/49.0.2711.0"
84.17.42.8 - - [09/Jun/2022:02:55:12 +0300] "POST /administrator/index.php HTTP/1.0" 200 7438 "http://robukazan.ru/administrator/index.php" "Mozilla/5.0 (Windows NT 10.0; WOW64) AppleWebKit/537.36 (KHTML, like Gecko) Chrome/62.0.3198.0 Safari/537.36 OPR/49.0.2711.0"
84.17.42.8 - - [09/Jun/2022:03:02:22 +0300] "GET /administrator/index.php HTTP/1.0" 200 7144 "http://robukazan.ru/administrator/index.php" "Mozilla/5.0 (Windows NT 10.0; WOW64) AppleWebKit/537.36 (KHTML, like Gecko) Chrome/62.0.3198.0 Safari/537.36 OPR/49.0.2711.0"
84.17.42.8 - - [09/Jun/2022:03:02:22 +0300] "POST /administrator/index.php HTTP/1.0" 200 7438 "http://robukazan.ru/administrator/index.php" "Mozilla/5.0 (Windows NT 10.0; WOW64) AppleWebKit/537.36 (KHTML, like Gecko) Chrome/62.0.3198.0 Safari/537.36 OPR/49.0.2711.0"
84.17.42.8 - - [09/Jun/2022:03:14:37 +0300] "GET /administrator/index.php HTTP/1.0" 200 7144 "http://robukazan.ru/administrator/index.php" "Mozilla/5.0 (Windows NT 10.0; WOW64) AppleWebKit/537.36 (KHTML, like Gecko) Chrome/62.0.3198.0 Safari/537.36 OPR/49.0.2711.0"
84.17.42.8 - - [09/Jun/2022:03:14:38 +0300] "POST /administrator/index.php HTTP/1.0" 200 7438 "http://robukazan.ru/administrator/index.php" "Mozilla/5.0 (Windows NT 10.0; WOW64) AppleWebKit/537.36 (KHTML, like Gecko) Chrome/62.0.3198.0 Safari/537.36 OPR/49.0.2711.0"
34.220.239.242 - - [09/Jun/2022:03:19:47 +0300] "GET / HTTP/1.0" 200 9143 "-" "Mozilla/5.0 (X11; Linux x86_64) AppleWebKit/537.36 (KHTML, like Gecko) Chrome/83.0.4103.97 Safari/537.36"
35.164.189.212 - - [09/Jun/2022:03:19:54 +0300] "GET / HTTP/1.0" 200 9144 "-" "Mozilla/5.0 (X11; Linux x86_64) AppleWebKit/537.36 (KHTML, like Gecko) Chrome/83.0.4103.97 Safari/537.36"
34.217.176.208 - - [09/Jun/2022:03:21:23 +0300] "GET /favicon.ico HTTP/1.0" 404 1871 "-" "Mozilla/5.0 (X11; Linux x86_64) AppleWebKit/537.36 (KHTML, like Gecko) Chrome/83.0.4103.97 Safari/537.36"
34.217.176.208 - - [09/Jun/2022:03:21:23 +0300] "GET / HTTP/1.0" 200 9142 "-" "Mozilla/5.0 (X11; Linux x86_64) AppleWebKit/537.36 (KHTML, like Gecko) Chrome/83.0.4103.97 Safari/537.36"
54.202.56.20 - - [09/Jun/2022:03:21:34 +0300] "GET / HTTP/1.0" 200 9141 "-" "Mozilla/5.0 (X11; Linux x86_64) AppleWebKit/537.36 (KHTML, like Gecko) Chrome/83.0.4103.97 Safari/537.36"
84.17.42.8 - - [09/Jun/2022:03:22:14 +0300] "GET /administrator/index.php HTTP/1.0" 200 7144 "http://robukazan.ru/administrator/index.php" "Mozilla/5.0 (Windows NT 10.0; WOW64) AppleWebKit/537.36 (KHTML, like Gecko) Chrome/62.0.3198.0 Safari/537.36 OPR/49.0.2711.0"
84.17.42.8 - - [09/Jun/2022:03:22:15 +0300] "POST /administrator/index.php HTTP/1.0" 200 7438 "http://robukazan.ru/administrator/index.php" "Mozilla/5.0 (Windows NT 10.0; WOW64) AppleWebKit/537.36 (KHTML, like Gecko) Chrome/62.0.3198.0 Safari/537.36 OPR/49.0.2711.0"
84.17.42.8 - - [09/Jun/2022:03:30:24 +0300] "GET /administrator/index.php HTTP/1.0" 200 7144 "http://robukazan.ru/administrator/index.php" "Mozilla/5.0 (Windows NT 10.0; WOW64) AppleWebKit/537.36 (KHTML, like Gecko) Chrome/62.0.3198.0 Safari/537.36 OPR/49.0.2711.0"
84.17.42.8 - - [09/Jun/2022:03:30:25 +0300] "POST /administrator/index.php HTTP/1.0" 200 7438 "http://robukazan.ru/administrator/index.php" "Mozilla/5.0 (Windows NT 10.0; WOW64) AppleWebKit/537.36 (KHTML, like Gecko) Chrome/62.0.3198.0 Safari/537.36 OPR/49.0.2711.0"
52.226.227.211 - - [09/Jun/2022:03:31:47 +0300] "GET /images/2017/09/11/design3_09.jpg HTTP/1.1" 200 34254 "-" "Mozilla/5.0 (Windows NT 10.0; Win64; x64) AppleWebKit/537.36 (KHTML, like Gecko) Chrome/76.0.3809.100 Safari/537.36"
84.17.42.8 - - [09/Jun/2022:03:43:11 +0300] "GET /administrator/index.php HTTP/1.0" 200 7144 "http://robukazan.ru/administrator/index.php" "Mozilla/5.0 (Windows NT 10.0; WOW64) AppleWebKit/537.36 (KHTML, like Gecko) Chrome/62.0.3198.0 Safari/537.36 OPR/49.0.2711.0"
84.17.42.8 - - [09/Jun/2022:03:43:11 +0300] "POST /administrator/index.php HTTP/1.0" 200 7438 "http://robukazan.ru/administrator/index.php" "Mozilla/5.0 (Windows NT 10.0; WOW64) AppleWebKit/537.36 (KHTML, like Gecko) Chrome/62.0.3198.0 Safari/537.36 OPR/49.0.2711.0"
188.214.122.86 - - [09/Jun/2022:03:44:54 +0300] "GET /administrator/index.php HTTP/1.0" 200 2925 "-" "Mozilla/5.0 (Windows NT 10.0; WOW64) AppleWebKit/537.36 (KHTML, like Gecko) Chrome/75.0.3770.100 Safari/537.36"
188.214.122.86 - - [09/Jun/2022:03:44:57 +0300] "POST /administrator/index.php HTTP/1.0" 200 2999 "-" "Mozilla/5.0 (Windows NT 10.0; WOW64) AppleWebKit/537.36 (KHTML, like Gecko) Chrome/75.0.3770.100 Safari/537.36"
188.214.122.86 - - [09/Jun/2022:03:44:59 +0300] "GET /administrator/index.php HTTP/1.0" 200 2828 "-" "Mozilla/5.0 (Windows NT 10.0; WOW64) AppleWebKit/537.36 (KHTML, like Gecko) Chrome/75.0.3770.100 Safari/537.36"
79.173.90.156 - - [09/Jun/2022:03:50:10 +0300] "GET /katalog/category/view/2 HTTP/1.0" 200 7112 "-" "Mozilla/5.0 (Windows NT 6.1; Win64; x64) AppleWebKit/537.36 (KHTML, like Gecko) Chrome/100.0.4896.143 YaBrowser/22.5.0.1792 Yowser/2.5 Safari/537.36"
79.173.90.156 - - [09/Jun/2022:03:50:11 +0300] "GET /components/com_jshopping/css/default.css HTTP/1.1" 200 25223 "http://robukazan.ru/katalog/category/view/2" "Mozilla/5.0 (Windows NT 6.1; Win64; x64) AppleWebKit/537.36 (KHTML, like Gecko) Chrome/100.0.4896.143 YaBrowser/22.5.0.1792 Yowser/2.5 Safari/537.36"
79.173.90.156 - - [09/Jun/2022:03:50:11 +0300] "GET /templates/shaper_helix3/css/font-awesome.min.css HTTP/1.1" 200 31000 "http://robukazan.ru/katalog/category/view/2" "Mozilla/5.0 (Windows NT 6.1; Win64; x64) AppleWebKit/537.36 (KHTML, like Gecko) Chrome/100.0.4896.143 YaBrowser/22.5.0.1792 Yowser/2.5 Safari/537.36"
79.173.90.156 - - [09/Jun/2022:03:50:11 +0300] "GET /templates/shaper_helix3/css/presets/preset4.css HTTP/1.1" 200 2138 "http://robukazan.ru/katalog/category/view/2" "Mozilla/5.0 (Windows NT 6.1; Win64; x64) AppleWebKit/537.36 (KHTML, like Gecko) Chrome/100.0.4896.143 YaBrowser/22.5.0.1792 Yowser/2.5 Safari/537.36"
79.173.90.156 - - [09/Jun/2022:03:50:11 +0300] "GET /templates/shaper_helix3/css/legacy.css HTTP/1.1" 200 27359 "http://robukazan.ru/katalog/category/view/2" "Mozilla/5.0 (Windows NT 6.1; Win64; x64) AppleWebKit/537.36 (KHTML, like Gecko) Chrome/100.0.4896.143 YaBrowser/22.5.0.1792 Yowser/2.5 Safari/537.36"
79.173.90.156 - - [09/Jun/2022:03:50:11 +0300] "GET /templates/shaper_helix3/css/frontend-edit.css HTTP/1.1" 200 2748 "http://robukazan.ru/katalog/category/view/2" "Mozilla/5.0 (Windows NT 6.1; Win64; x64) AppleWebKit/537.36 (KHTML, like Gecko) Chrome/100.0.4896.143 YaBrowser/22.5.0.1792 Yowser/2.5 Safari/537.36"
79.173.90.156 - - [09/Jun/2022:03:50:11 +0300] "GET /modules/mod_contactus/css/contactus_lightbox.css HTTP/1.1" 200 8937 "http://robukazan.ru/katalog/category/view/2" "Mozilla/5.0 (Windows NT 6.1; Win64; x64) AppleWebKit/537.36 (KHTML, like Gecko) Chrome/100.0.4896.143 YaBrowser/22.5.0.1792 Yowser/2.5 Safari/537.36"
79.173.90.156 - - [09/Jun/2022:03:50:11 +0300] "GET /plugins/system/jqueryeasy/jquerynoconflict.js HTTP/1.1" 200 20 "http://robukazan.ru/katalog/category/view/2" "Mozilla/5.0 (Windows NT 6.1; Win64; x64) AppleWebKit/537.36 (KHTML, like Gecko) Chrome/100.0.4896.143 YaBrowser/22.5.0.1792 Yowser/2.5 Safari/537.36"
79.173.90.156 - - [09/Jun/2022:03:50:11 +0300] "GET /templates/shaper_helix3/css/template.css HTTP/1.1" 200 75285 "http://robukazan.ru/katalog/category/view/2" "Mozilla/5.0 (Windows NT 6.1; Win64; x64) AppleWebKit/537.36 (KHTML, like Gecko) Chrome/100.0.4896.143 YaBrowser/22.5.0.1792 Yowser/2.5 Safari/537.36"
79.173.90.156 - - [09/Jun/2022:03:50:11 +0300] "GET /media/system/js/core.js?db402a5e3649fff12ad007864e10350a HTTP/1.1" 200 10637 "http://robukazan.ru/katalog/category/view/2" "Mozilla/5.0 (Windows NT 6.1; Win64; x64) AppleWebKit/537.36 (KHTML, like Gecko) Chrome/100.0.4896.143 YaBrowser/22.5.0.1792 Yowser/2.5 Safari/537.36"
79.173.90.156 - - [09/Jun/2022:03:50:11 +0300] "GET /components/com_jshopping/js/jquery/jquery.media.js HTTP/1.1" 200 18047 "http://robukazan.ru/katalog/category/view/2" "Mozilla/5.0 (Windows NT 6.1; Win64; x64) AppleWebKit/537.36 (KHTML, like Gecko) Chrome/100.0.4896.143 YaBrowser/22.5.0.1792 Yowser/2.5 Safari/537.36"
79.173.90.156 - - [09/Jun/2022:03:50:11 +0300] "GET /components/com_jshopping/js/validateForm.js HTTP/1.1" 200 8494 "http://robukazan.ru/katalog/category/view/2" "Mozilla/5.0 (Windows NT 6.1; Win64; x64) AppleWebKit/537.36 (KHTML, like Gecko) Chrome/100.0.4896.143 YaBrowser/22.5.0.1792 Yowser/2.5 Safari/537.36"
79.173.90.156 - - [09/Jun/2022:03:50:11 +0300] "GET /templates/shaper_helix3/js/bootstrap.min.js HTTP/1.1" 200 37045 "http://robukazan.ru/katalog/category/view/2" "Mozilla/5.0 (Windows NT 6.1; Win64; x64) AppleWebKit/537.36 (KHTML, like Gecko) Chrome/100.0.4896.143 YaBrowser/22.5.0.1792 Yowser/2.5 Safari/537.36"
79.173.90.156 - - [09/Jun/2022:03:50:11 +0300] "GET /components/com_jshopping/js/functions.js HTTP/1.1" 200 44385 "http://robukazan.ru/katalog/category/view/2" "Mozilla/5.0 (Windows NT 6.1; Win64; x64) AppleWebKit/537.36 (KHTML, like Gecko) Chrome/100.0.4896.143 YaBrowser/22.5.0.1792 Yowser/2.5 Safari/537.36"
79.173.90.156 - - [09/Jun/2022:03:50:11 +0300] "GET /templates/shaper_helix3/js/jquery.sticky.js HTTP/1.1" 200 5739 "http://robukazan.ru/katalog/category/view/2" "Mozilla/5.0 (Windows NT 6.1; Win64; x64) AppleWebKit/537.36 (KHTML, like Gecko) Chrome/100.0.4896.143 YaBrowser/22.5.0.1792 Yowser/2.5 Safari/537.36"
79.173.90.156 - - [09/Jun/2022:03:50:11 +0300] "GET /media/system/js/mootools-core.js?db402a5e3649fff12ad007864e10350a HTTP/1.1" 200 83893 "http://robukazan.ru/katalog/category/view/2" "Mozilla/5.0 (Windows NT 6.1; Win64; x64) AppleWebKit/537.36 (KHTML, like Gecko) Chrome/100.0.4896.143 YaBrowser/22.5.0.1792 Yowser/2.5 Safari/537.36"
79.173.90.156 - - [09/Jun/2022:03:50:11 +0300] "GET /templates/shaper_helix3/js/main.js HTTP/1.1" 200 8742 "http://robukazan.ru/katalog/category/view/2" "Mozilla/5.0 (Windows NT 6.1; Win64; x64) AppleWebKit/537.36 (KHTML, like Gecko) Chrome/100.0.4896.143 YaBrowser/22.5.0.1792 Yowser/2.5 Safari/537.36"
79.173.90.156 - - [09/Jun/2022:03:50:11 +0300] "GET /templates/shaper_helix3/js/frontend-edit.js HTTP/1.1" 200 1948 "http://robukazan.ru/katalog/category/view/2" "Mozilla/5.0 (Windows NT 6.1; Win64; x64) AppleWebKit/537.36 (KHTML, like Gecko) Chrome/100.0.4896.143 YaBrowser/22.5.0.1792 Yowser/2.5 Safari/537.36"
79.173.90.156 - - [09/Jun/2022:03:50:11 +0300] "GET /modules/mod_contactus/js/contactus_common.js HTTP/1.1" 200 5018 "http://robukazan.ru/katalog/category/view/2" "Mozilla/5.0 (Windows NT 6.1; Win64; x64) AppleWebKit/537.36 (KHTML, like Gecko) Chrome/100.0.4896.143 YaBrowser/22.5.0.1792 Yowser/2.5 Safari/537.36"
79.173.90.156 - - [09/Jun/2022:03:50:11 +0300] "GET /modules/mod_contactus/js/contactus_lightbox.js HTTP/1.1" 200 4279 "http://robukazan.ru/katalog/category/view/2" "Mozilla/5.0 (Windows NT 6.1; Win64; x64) AppleWebKit/537.36 (KHTML, like Gecko) Chrome/100.0.4896.143 YaBrowser/22.5.0.1792 Yowser/2.5 Safari/537.36"
79.173.90.156 - - [09/Jun/2022:03:50:11 +0300] "GET /templates/shaper_helix3/css/bootstrap.min.css HTTP/1.1" 200 121200 "http://robukazan.ru/katalog/category/view/2" "Mozilla/5.0 (Windows NT 6.1; Win64; x64) AppleWebKit/537.36 (KHTML, like Gecko) Chrome/100.0.4896.143 YaBrowser/22.5.0.1792 Yowser/2.5 Safari/537.36"
79.173.90.156 - - [09/Jun/2022:03:50:41 +0300] "GET /images/design3_03.jpg HTTP/1.1" 200 4781 "http://robukazan.ru/katalog/category/view/2" "Mozilla/5.0 (Windows NT 6.1; Win64; x64) AppleWebKit/537.36 (KHTML, like Gecko) Chrome/100.0.4896.143 YaBrowser/22.5.0.1792 Yowser/2.5 Safari/537.36"
79.173.90.156 - - [09/Jun/2022:03:50:41 +0300] "GET /images/shipped.png HTTP/1.1" 200 1332 "http://robukazan.ru/katalog/category/view/2" "Mozilla/5.0 (Windows NT 6.1; Win64; x64) AppleWebKit/537.36 (KHTML, like Gecko) Chrome/100.0.4896.143 YaBrowser/22.5.0.1792 Yowser/2.5 Safari/537.36"
79.173.90.156 - - [09/Jun/2022:03:50:41 +0300] "GET /images/certificate.png HTTP/1.1" 200 1677 "http://robukazan.ru/katalog/category/view/2" "Mozilla/5.0 (Windows NT 6.1; Win64; x64) AppleWebKit/537.36 (KHTML, like Gecko) Chrome/100.0.4896.143 YaBrowser/22.5.0.1792 Yowser/2.5 Safari/537.36"
79.173.90.156 - - [09/Jun/2022:03:50:41 +0300] "GET /images/design3_34.png HTTP/1.1" 200 4379 "http://robukazan.ru/katalog/category/view/2" "Mozilla/5.0 (Windows NT 6.1; Win64; x64) AppleWebKit/537.36 (KHTML, like Gecko) Chrome/100.0.4896.143 YaBrowser/22.5.0.1792 Yowser/2.5 Safari/537.36"
79.173.90.156 - - [09/Jun/2022:03:50:41 +0300] "GET /images/menu-fon.jpg HTTP/1.1" 200 1189 "http://robukazan.ru/katalog/category/view/2" "Mozilla/5.0 (Windows NT 6.1; Win64; x64) AppleWebKit/537.36 (KHTML, like Gecko) Chrome/100.0.4896.143 YaBrowser/22.5.0.1792 Yowser/2.5 Safari/537.36"
79.173.90.156 - - [09/Jun/2022:03:50:42 +0300] "GET /images/wallperz.com-20170320230023.jpg HTTP/1.1" 200 164669 "http://robukazan.ru/katalog/category/view/2" "Mozilla/5.0 (Windows NT 6.1; Win64; x64) AppleWebKit/537.36 (KHTML, like Gecko) Chrome/100.0.4896.143 YaBrowser/22.5.0.1792 Yowser/2.5 Safari/537.36"
79.173.90.156 - - [09/Jun/2022:03:50:42 +0300] "GET /templates/shaper_helix3/fonts/fontawesome-webfont.woff2?v=4.7.0 HTTP/1.0" 200 77387 "http://robukazan.ru/templates/shaper_helix3/css/font-awesome.min.css" "Mozilla/5.0 (Windows NT 6.1; Win64; x64) AppleWebKit/537.36 (KHTML, like Gecko) Chrome/100.0.4896.143 YaBrowser/22.5.0.1792 Yowser/2.5 Safari/537.36"
84.17.42.8 - - [09/Jun/2022:03:51:12 +0300] "GET /administrator/index.php HTTP/1.0" 200 7144 "http://robukazan.ru/administrator/index.php" "Mozilla/5.0 (Windows NT 10.0; WOW64) AppleWebKit/537.36 (KHTML, like Gecko) Chrome/62.0.3198.0 Safari/537.36 OPR/49.0.2711.0"
84.17.42.8 - - [09/Jun/2022:03:51:13 +0300] "POST /administrator/index.php HTTP/1.0" 200 7438 "http://robukazan.ru/administrator/index.php" "Mozilla/5.0 (Windows NT 10.0; WOW64) AppleWebKit/537.36 (KHTML, like Gecko) Chrome/62.0.3198.0 Safari/537.36 OPR/49.0.2711.0"
84.17.42.8 - - [09/Jun/2022:03:58:54 +0300] "GET /administrator/index.php HTTP/1.0" 200 7144 "http://robukazan.ru/administrator/index.php" "Mozilla/5.0 (Windows NT 10.0; WOW64) AppleWebKit/537.36 (KHTML, like Gecko) Chrome/62.0.3198.0 Safari/537.36 OPR/49.0.2711.0"
84.17.42.8 - - [09/Jun/2022:03:58:54 +0300] "POST /administrator/index.php HTTP/1.0" 200 7438 "http://robukazan.ru/administrator/index.php" "Mozilla/5.0 (Windows NT 10.0; WOW64) AppleWebKit/537.36 (KHTML, like Gecko) Chrome/62.0.3198.0 Safari/537.36 OPR/49.0.2711.0"
84.17.42.8 - - [09/Jun/2022:04:11:38 +0300] "GET /administrator/index.php HTTP/1.0" 200 7144 "http://robukazan.ru/administrator/index.php" "Mozilla/5.0 (Windows NT 10.0; WOW64) AppleWebKit/537.36 (KHTML, like Gecko) Chrome/62.0.3198.0 Safari/537.36 OPR/49.0.2711.0"
84.17.42.8 - - [09/Jun/2022:04:11:38 +0300] "POST /administrator/index.php HTTP/1.0" 200 7438 "http://robukazan.ru/administrator/index.php" "Mozilla/5.0 (Windows NT 10.0; WOW64) AppleWebKit/537.36 (KHTML, like Gecko) Chrome/62.0.3198.0 Safari/537.36 OPR/49.0.2711.0"
84.17.42.8 - - [09/Jun/2022:04:19:24 +0300] "GET /administrator/index.php HTTP/1.0" 200 7144 "http://robukazan.ru/administrator/index.php" "Mozilla/5.0 (Windows NT 10.0; WOW64) AppleWebKit/537.36 (KHTML, like Gecko) Chrome/62.0.3198.0 Safari/537.36 OPR/49.0.2711.0"
84.17.42.8 - - [09/Jun/2022:04:19:24 +0300] "POST /administrator/index.php HTTP/1.0" 200 7438 "http://robukazan.ru/administrator/index.php" "Mozilla/5.0 (Windows NT 10.0; WOW64) AppleWebKit/537.36 (KHTML, like Gecko) Chrome/62.0.3198.0 Safari/537.36 OPR/49.0.2711.0"
37.120.217.166 - - [09/Jun/2022:04:20:11 +0300] "GET /administrator/index.php HTTP/1.0" 200 2927 "-" "Mozilla/5.0 (Windows NT 10.0; WOW64) AppleWebKit/537.36 (KHTML, like Gecko) Chrome/75.0.3770.100 Safari/537.36"
37.120.217.166 - - [09/Jun/2022:04:20:14 +0300] "POST /administrator/index.php HTTP/1.0" 200 3000 "-" "Mozilla/5.0 (Windows NT 10.0; WOW64) AppleWebKit/537.36 (KHTML, like Gecko) Chrome/75.0.3770.100 Safari/537.36"
37.120.217.166 - - [09/Jun/2022:04:20:16 +0300] "GET /administrator/index.php HTTP/1.0" 200 2830 "-" "Mozilla/5.0 (Windows NT 10.0; WOW64) AppleWebKit/537.36 (KHTML, like Gecko) Chrome/75.0.3770.100 Safari/537.36"
84.17.42.8 - - [09/Jun/2022:04:27:20 +0300] "GET /administrator/index.php HTTP/1.0" 200 7144 "http://robukazan.ru/administrator/index.php" "Mozilla/5.0 (Windows NT 10.0; WOW64) AppleWebKit/537.36 (KHTML, like Gecko) Chrome/62.0.3198.0 Safari/537.36 OPR/49.0.2711.0"
84.17.42.8 - - [09/Jun/2022:04:27:21 +0300] "POST /administrator/index.php HTTP/1.0" 200 7438 "http://robukazan.ru/administrator/index.php" "Mozilla/5.0 (Windows NT 10.0; WOW64) AppleWebKit/537.36 (KHTML, like Gecko) Chrome/62.0.3198.0 Safari/537.36 OPR/49.0.2711.0"
114.119.131.235 - - [09/Jun/2022:04:30:10 +0300] "GET /katalog/generatory HTTP/1.0" 200 6537 "http://www.robukazan.ru/katalog/apparaty-dlya-stykovoj-svarki/robu-w-250-s" "Mozilla/5.0 (Linux; Android 7.0;) AppleWebKit/537.36 (KHTML, like Gecko) Mobile Safari/537.36 (compatible; PetalBot;+https://webmaster.petalsearch.com/site/petalbot)"
114.119.143.14 - - [09/Jun/2022:04:38:23 +0300] "GET /robots.txt HTTP/1.0" 200 696 "-" "Mozilla/5.0 (compatible;PetalBot;+https://webmaster.petalsearch.com/site/petalbot)"
84.17.42.8 - - [09/Jun/2022:04:40:03 +0300] "GET /administrator/index.php HTTP/1.0" 200 7144 "http://robukazan.ru/administrator/index.php" "Mozilla/5.0 (Windows NT 10.0; WOW64) AppleWebKit/537.36 (KHTML, like Gecko) Chrome/62.0.3198.0 Safari/537.36 OPR/49.0.2711.0"
84.17.42.8 - - [09/Jun/2022:04:40:04 +0300] "POST /administrator/index.php HTTP/1.0" 200 7438 "http://robukazan.ru/administrator/index.php" "Mozilla/5.0 (Windows NT 10.0; WOW64) AppleWebKit/537.36 (KHTML, like Gecko) Chrome/62.0.3198.0 Safari/537.36 OPR/49.0.2711.0"
114.119.138.202 - - [09/Jun/2022:04:45:11 +0300] "GET /katalog/apparaty-dlya-stykovoj-svarki/robu-w-800 HTTP/1.0" 200 9818 "http://www.robukazan.ru/" "Mozilla/5.0 (Linux; Android 7.0;) AppleWebKit/537.36 (KHTML, like Gecko) Mobile Safari/537.36 (compatible; PetalBot;+https://webmaster.petalsearch.com/site/petalbot)"
84.17.42.8 - - [09/Jun/2022:04:47:49 +0300] "GET /administrator/index.php HTTP/1.0" 200 7144 "http://robukazan.ru/administrator/index.php" "Mozilla/5.0 (Windows NT 10.0; WOW64) AppleWebKit/537.36 (KHTML, like Gecko) Chrome/62.0.3198.0 Safari/537.36 OPR/49.0.2711.0"
84.17.42.8 - - [09/Jun/2022:04:47:49 +0300] "POST /administrator/index.php HTTP/1.0" 200 7438 "http://robukazan.ru/administrator/index.php" "Mozilla/5.0 (Windows NT 10.0; WOW64) AppleWebKit/537.36 (KHTML, like Gecko) Chrome/62.0.3198.0 Safari/537.36 OPR/49.0.2711.0"
185.191.171.12 - - [09/Jun/2022:04:55:19 +0300] "GET /robots.txt HTTP/1.0" 200 696 "-" "Mozilla/5.0 (compatible; SemrushBot/7~bl; +http://www.semrush.com/bot.html)"
185.191.171.37 - - [09/Jun/2022:04:55:19 +0300] "GET /index.php/kontakty HTTP/1.0" 200 6958 "-" "Mozilla/5.0 (compatible; SemrushBot/7~bl; +http://www.semrush.com/bot.html)"
84.17.42.8 - - [09/Jun/2022:04:55:42 +0300] "GET /administrator/index.php HTTP/1.0" 200 7144 "http://robukazan.ru/administrator/index.php" "Mozilla/5.0 (Windows NT 10.0; WOW64) AppleWebKit/537.36 (KHTML, like Gecko) Chrome/62.0.3198.0 Safari/537.36 OPR/49.0.2711.0"
84.17.42.8 - - [09/Jun/2022:04:55:42 +0300] "POST /administrator/index.php HTTP/1.0" 200 7438 "http://robukazan.ru/administrator/index.php" "Mozilla/5.0 (Windows NT 10.0; WOW64) AppleWebKit/537.36 (KHTML, like Gecko) Chrome/62.0.3198.0 Safari/537.36 OPR/49.0.2711.0"
114.119.145.102 - - [09/Jun/2022:04:56:11 +0300] "GET /robots.txt HTTP/1.0" 200 696 "-" "Mozilla/5.0 (compatible;PetalBot;+https://webmaster.petalsearch.com/site/petalbot)"
84.17.42.8 - - [09/Jun/2022:05:08:32 +0300] "GET /administrator/index.php HTTP/1.0" 200 7144 "http://robukazan.ru/administrator/index.php" "Mozilla/5.0 (Windows NT 10.0; WOW64) AppleWebKit/537.36 (KHTML, like Gecko) Chrome/62.0.3198.0 Safari/537.36 OPR/49.0.2711.0"
84.17.42.8 - - [09/Jun/2022:05:08:32 +0300] "POST /administrator/index.php HTTP/1.0" 200 7438 "http://robukazan.ru/administrator/index.php" "Mozilla/5.0 (Windows NT 10.0; WOW64) AppleWebKit/537.36 (KHTML, like Gecko) Chrome/62.0.3198.0 Safari/537.36 OPR/49.0.2711.0"
114.119.138.202 - - [09/Jun/2022:05:09:38 +0300] "GET /dostavka HTTP/1.0" 200 7047 "http://robukazan.ru/katalog/apparaty-dlya-stykovoj-svarki/robu-w-250" "Mozilla/5.0 (Linux; Android 7.0;) AppleWebKit/537.36 (KHTML, like Gecko) Mobile Safari/537.36 (compatible; PetalBot;+https://webmaster.petalsearch.com/site/petalbot)"
84.17.42.8 - - [09/Jun/2022:05:16:20 +0300] "GET /administrator/index.php HTTP/1.0" 200 7144 "http://robukazan.ru/administrator/index.php" "Mozilla/5.0 (Windows NT 10.0; WOW64) AppleWebKit/537.36 (KHTML, like Gecko) Chrome/62.0.3198.0 Safari/537.36 OPR/49.0.2711.0"
84.17.42.8 - - [09/Jun/2022:05:16:20 +0300] "POST /administrator/index.php HTTP/1.0" 200 7438 "http://robukazan.ru/administrator/index.php" "Mozilla/5.0 (Windows NT 10.0; WOW64) AppleWebKit/537.36 (KHTML, like Gecko) Chrome/62.0.3198.0 Safari/537.36 OPR/49.0.2711.0"
84.17.42.8 - - [09/Jun/2022:05:24:11 +0300] "GET /administrator/index.php HTTP/1.0" 200 7144 "http://robukazan.ru/administrator/index.php" "Mozilla/5.0 (Windows NT 10.0; WOW64) AppleWebKit/537.36 (KHTML, like Gecko) Chrome/62.0.3198.0 Safari/537.36 OPR/49.0.2711.0"
84.17.42.8 - - [09/Jun/2022:05:24:12 +0300] "POST /administrator/index.php HTTP/1.0" 200 7438 "http://robukazan.ru/administrator/index.php" "Mozilla/5.0 (Windows NT 10.0; WOW64) AppleWebKit/537.36 (KHTML, like Gecko) Chrome/62.0.3198.0 Safari/537.36 OPR/49.0.2711.0"
114.119.138.220 - - [09/Jun/2022:05:30:49 +0300] "GET /robots.txt HTTP/1.0" 200 696 "-" "Mozilla/5.0 (compatible;PetalBot;+https://webmaster.petalsearch.com/site/petalbot)"
84.17.42.8 - - [09/Jun/2022:05:36:59 +0300] "GET /administrator/index.php HTTP/1.0" 200 7144 "http://robukazan.ru/administrator/index.php" "Mozilla/5.0 (Windows NT 10.0; WOW64) AppleWebKit/537.36 (KHTML, like Gecko) Chrome/62.0.3198.0 Safari/537.36 OPR/49.0.2711.0"
84.17.42.8 - - [09/Jun/2022:05:36:59 +0300] "POST /administrator/index.php HTTP/1.0" 200 7438 "http://robukazan.ru/administrator/index.php" "Mozilla/5.0 (Windows NT 10.0; WOW64) AppleWebKit/537.36 (KHTML, like Gecko) Chrome/62.0.3198.0 Safari/537.36 OPR/49.0.2711.0"
84.17.42.8 - - [09/Jun/2022:05:44:50 +0300] "GET /administrator/index.php HTTP/1.0" 200 7144 "http://robukazan.ru/administrator/index.php" "Mozilla/5.0 (Windows NT 10.0; WOW64) AppleWebKit/537.36 (KHTML, like Gecko) Chrome/62.0.3198.0 Safari/537.36 OPR/49.0.2711.0"
84.17.42.8 - - [09/Jun/2022:05:44:51 +0300] "POST /administrator/index.php HTTP/1.0" 200 7438 "http://robukazan.ru/administrator/index.php" "Mozilla/5.0 (Windows NT 10.0; WOW64) AppleWebKit/537.36 (KHTML, like Gecko) Chrome/62.0.3198.0 Safari/537.36 OPR/49.0.2711.0"
51.222.253.1 - - [09/Jun/2022:05:45:20 +0300] "GET /robots.txt HTTP/1.0" 200 696 "-" "Mozilla/5.0 (compatible; AhrefsBot/7.0; +http://ahrefs.com/robot/)"
54.36.148.190 - - [09/Jun/2022:05:45:21 +0300] "GET /index.php/sertifikaty-i-garantiya HTTP/1.0" 200 7376 "-" "Mozilla/5.0 (compatible; AhrefsBot/7.0; +http://ahrefs.com/robot/)"
84.17.42.8 - - [09/Jun/2022:05:52:59 +0300] "GET /administrator/index.php HTTP/1.0" 200 7144 "http://robukazan.ru/administrator/index.php" "Mozilla/5.0 (Windows NT 10.0; WOW64) AppleWebKit/537.36 (KHTML, like Gecko) Chrome/62.0.3198.0 Safari/537.36 OPR/49.0.2711.0"
84.17.42.8 - - [09/Jun/2022:05:52:59 +0300] "POST /administrator/index.php HTTP/1.0" 200 7438 "http://robukazan.ru/administrator/index.php" "Mozilla/5.0 (Windows NT 10.0; WOW64) AppleWebKit/537.36 (KHTML, like Gecko) Chrome/62.0.3198.0 Safari/537.36 OPR/49.0.2711.0"
84.17.42.8 - - [09/Jun/2022:06:05:49 +0300] "GET /administrator/index.php HTTP/1.0" 200 7144 "http://robukazan.ru/administrator/index.php" "Mozilla/5.0 (Windows NT 10.0; WOW64) AppleWebKit/537.36 (KHTML, like Gecko) Chrome/62.0.3198.0 Safari/537.36 OPR/49.0.2711.0"
84.17.42.8 - - [09/Jun/2022:06:05:49 +0300] "POST /administrator/index.php HTTP/1.0" 200 7438 "http://robukazan.ru/administrator/index.php" "Mozilla/5.0 (Windows NT 10.0; WOW64) AppleWebKit/537.36 (KHTML, like Gecko) Chrome/62.0.3198.0 Safari/537.36 OPR/49.0.2711.0"
84.17.42.8 - - [09/Jun/2022:06:13:59 +0300] "GET /administrator/index.php HTTP/1.0" 200 7144 "http://robukazan.ru/administrator/index.php" "Mozilla/5.0 (Windows NT 10.0; WOW64) AppleWebKit/537.36 (KHTML, like Gecko) Chrome/62.0.3198.0 Safari/537.36 OPR/49.0.2711.0"
84.17.42.8 - - [09/Jun/2022:06:13:59 +0300] "POST /administrator/index.php HTTP/1.0" 200 7438 "http://robukazan.ru/administrator/index.php" "Mozilla/5.0 (Windows NT 10.0; WOW64) AppleWebKit/537.36 (KHTML, like Gecko) Chrome/62.0.3198.0 Safari/537.36 OPR/49.0.2711.0"
84.17.42.8 - - [09/Jun/2022:06:22:43 +0300] "GET /administrator/index.php HTTP/1.0" 200 7144 "http://robukazan.ru/administrator/index.php" "Mozilla/5.0 (Windows NT 10.0; WOW64) AppleWebKit/537.36 (KHTML, like Gecko) Chrome/62.0.3198.0 Safari/537.36 OPR/49.0.2711.0"
84.17.42.8 - - [09/Jun/2022:06:22:44 +0300] "POST /administrator/index.php HTTP/1.0" 200 7438 "http://robukazan.ru/administrator/index.php" "Mozilla/5.0 (Windows NT 10.0; WOW64) AppleWebKit/537.36 (KHTML, like Gecko) Chrome/62.0.3198.0 Safari/537.36 OPR/49.0.2711.0"
93.124.107.78 - - [09/Jun/2022:06:34:40 +0300] "GET / HTTP/1.0" 200 47302 "http://robukazan.ru/" "Mozilla/5.0 (Windows NT 6.1; Win64; x64) AppleWebKit/537.36 (KHTML, like Gecko) Chrome/90.0.4427.0 Safari/537.36"
93.124.107.78 - - [09/Jun/2022:06:34:40 +0300] "GET /kontakty HTTP/1.0" 200 25327 "http://robukazan.ru/kontakty" "Mozilla/5.0 (Windows NT 6.1; Win64; x64) AppleWebKit/537.36 (KHTML, like Gecko) Chrome/90.0.4427.0 Safari/537.36"
84.17.42.8 - - [09/Jun/2022:06:35:42 +0300] "GET /administrator/index.php HTTP/1.0" 200 7144 "http://robukazan.ru/administrator/index.php" "Mozilla/5.0 (Windows NT 10.0; WOW64) AppleWebKit/537.36 (KHTML, like Gecko) Chrome/62.0.3198.0 Safari/537.36 OPR/49.0.2711.0"
84.17.42.8 - - [09/Jun/2022:06:35:43 +0300] "POST /administrator/index.php HTTP/1.0" 200 7438 "http://robukazan.ru/administrator/index.php" "Mozilla/5.0 (Windows NT 10.0; WOW64) AppleWebKit/537.36 (KHTML, like Gecko) Chrome/62.0.3198.0 Safari/537.36 OPR/49.0.2711.0"
84.17.42.8 - - [09/Jun/2022:06:43:40 +0300] "GET /administrator/index.php HTTP/1.0" 200 7144 "http://robukazan.ru/administrator/index.php" "Mozilla/5.0 (Windows NT 10.0; WOW64) AppleWebKit/537.36 (KHTML, like Gecko) Chrome/62.0.3198.0 Safari/537.36 OPR/49.0.2711.0"
52.226.227.211 - - [09/Jun/2022:06:43:40 +0300] "GET /templates/shaper_helix3/css/bootstrap.min.css HTTP/1.1" 200 121200 "-" "Mozilla/5.0 (Windows NT 10.0; Win64; x64) AppleWebKit/537.36 (KHTML, like Gecko) Chrome/76.0.3809.100 Safari/537.36"
84.17.42.8 - - [09/Jun/2022:06:43:40 +0300] "POST /administrator/index.php HTTP/1.0" 200 7438 "http://robukazan.ru/administrator/index.php" "Mozilla/5.0 (Windows NT 10.0; WOW64) AppleWebKit/537.36 (KHTML, like Gecko) Chrome/62.0.3198.0 Safari/537.36 OPR/49.0.2711.0"
84.17.42.8 - - [09/Jun/2022:06:51:33 +0300] "GET /administrator/index.php HTTP/1.0" 200 7144 "http://robukazan.ru/administrator/index.php" "Mozilla/5.0 (Windows NT 10.0; WOW64) AppleWebKit/537.36 (KHTML, like Gecko) Chrome/62.0.3198.0 Safari/537.36 OPR/49.0.2711.0"
84.17.42.8 - - [09/Jun/2022:06:51:33 +0300] "POST /administrator/index.php HTTP/1.0" 200 7438 "http://robukazan.ru/administrator/index.php" "Mozilla/5.0 (Windows NT 10.0; WOW64) AppleWebKit/537.36 (KHTML, like Gecko) Chrome/62.0.3198.0 Safari/537.36 OPR/49.0.2711.0"
84.17.42.8 - - [09/Jun/2022:07:04:19 +0300] "GET /administrator/index.php HTTP/1.0" 200 7144 "http://robukazan.ru/administrator/index.php" "Mozilla/5.0 (Windows NT 10.0; WOW64) AppleWebKit/537.36 (KHTML, like Gecko) Chrome/62.0.3198.0 Safari/537.36 OPR/49.0.2711.0"
84.17.42.8 - - [09/Jun/2022:07:04:19 +0300] "POST /administrator/index.php HTTP/1.0" 200 7438 "http://robukazan.ru/administrator/index.php" "Mozilla/5.0 (Windows NT 10.0; WOW64) AppleWebKit/537.36 (KHTML, like Gecko) Chrome/62.0.3198.0 Safari/537.36 OPR/49.0.2711.0"
185.191.171.11 - - [09/Jun/2022:07:06:14 +0300] "GET /robots.txt HTTP/1.0" 200 696 "-" "Mozilla/5.0 (compatible; SemrushBot/7~bl; +http://www.semrush.com/bot.html)"
185.191.171.22 - - [09/Jun/2022:07:06:14 +0300] "GET /katalog/apparaty-dlya-stykovoj-svarki/robu-w-1000 HTTP/1.0" 200 8222 "-" "Mozilla/5.0 (compatible; SemrushBot/7~bl; +http://www.semrush.com/bot.html)"
84.17.42.8 - - [09/Jun/2022:07:12:14 +0300] "GET /administrator/index.php HTTP/1.0" 200 7144 "http://robukazan.ru/administrator/index.php" "Mozilla/5.0 (Windows NT 10.0; WOW64) AppleWebKit/537.36 (KHTML, like Gecko) Chrome/62.0.3198.0 Safari/537.36 OPR/49.0.2711.0"
