216.73.216.136 - - [13/Apr/2026:18:39:38 +0300] "GET /sitemap_111.xml HTTP/1.0" 200 14353 "-" "Mozilla/5.0 AppleWebKit/537.36 (KHTML, like Gecko; compatible; ClaudeBot/1.0; +claudebot@anthropic.com)"
216.73.216.136 - - [13/Apr/2026:18:39:53 +0300] "GET /sitemap_139.xml HTTP/1.0" 200 14346 "-" "Mozilla/5.0 AppleWebKit/537.36 (KHTML, like Gecko; compatible; ClaudeBot/1.0; +claudebot@anthropic.com)"
111.91.228.28 - - [13/Apr/2026:18:40:04 +0300] "GET /produktsiya/setka-dlya-zhbi-kolets HTTP/1.0" 200 11081 "-" "Opera/9.85.(Windows NT 6.0; ce-RU) Presto/2.9.178 Version/12.00"
216.73.216.136 - - [13/Apr/2026:18:40:16 +0300] "GET /?u=6131184582800 HTTP/1.0" 200 16098 "-" "Mozilla/5.0 AppleWebKit/537.36 (KHTML, like Gecko; compatible; ClaudeBot/1.0; +claudebot@anthropic.com)"
216.73.216.136 - - [13/Apr/2026:18:40:46 +0300] "GET /?u=8783014265701 HTTP/1.0" 200 16197 "-" "Mozilla/5.0 AppleWebKit/537.36 (KHTML, like Gecko; compatible; ClaudeBot/1.0; +claudebot@anthropic.com)"
216.73.216.136 - - [13/Apr/2026:18:41:20 +0300] "GET /?u=2000790901201 HTTP/1.0" 200 16195 "-" "Mozilla/5.0 AppleWebKit/537.36 (KHTML, like Gecko; compatible; ClaudeBot/1.0; +claudebot@anthropic.com)"
216.73.216.136 - - [13/Apr/2026:18:41:43 +0300] "GET /?u=5259090252900 HTTP/1.0" 200 16195 "-" "Mozilla/5.0 AppleWebKit/537.36 (KHTML, like Gecko; compatible; ClaudeBot/1.0; +claudebot@anthropic.com)"
216.73.216.136 - - [13/Apr/2026:18:42:25 +0300] "GET /?u=6797784652000 HTTP/1.0" 200 16200 "-" "Mozilla/5.0 AppleWebKit/537.36 (KHTML, like Gecko; compatible; ClaudeBot/1.0; +claudebot@anthropic.com)"
216.73.216.136 - - [13/Apr/2026:18:42:56 +0300] "GET /?u=52183117132000 HTTP/1.0" 200 16198 "-" "Mozilla/5.0 AppleWebKit/537.36 (KHTML, like Gecko; compatible; ClaudeBot/1.0; +claudebot@anthropic.com)"
216.73.216.136 - - [13/Apr/2026:18:43:58 +0300] "GET /?u=2017585124800 HTTP/1.0" 200 16196 "-" "Mozilla/5.0 AppleWebKit/537.36 (KHTML, like Gecko; compatible; ClaudeBot/1.0; +claudebot@anthropic.com)"
23.239.168.79 - - [13/Apr/2026:18:44:00 +0300] "GET /o-kompanii HTTP/1.0" 200 10237 "-" "Mozilla/5.0 (Macintosh; Intel Mac OS X 10_15_7) AppleWebKit/537.36 (KHTML, like Gecko) Chrome/142.0.0.0 Safari/537.36"
216.73.216.136 - - [13/Apr/2026:18:44:28 +0300] "GET /?u=9861925503101 HTTP/1.0" 200 16198 "-" "Mozilla/5.0 AppleWebKit/537.36 (KHTML, like Gecko; compatible; ClaudeBot/1.0; +claudebot@anthropic.com)"
216.73.216.136 - - [13/Apr/2026:18:44:59 +0300] "GET /?u=19706130111901 HTTP/1.0" 200 16196 "-" "Mozilla/5.0 AppleWebKit/537.36 (KHTML, like Gecko; compatible; ClaudeBot/1.0; +claudebot@anthropic.com)"
84.37.228.9 - - [13/Apr/2026:18:45:04 +0300] "GET /produktsiya/armaturnye-karkasy-ploskie HTTP/1.0" 200 11448 "-" "Mozilla/5.0 (Macintosh; Intel Mac OS X 10_15_7) AppleWebKit/537.36 (KHTML, like Gecko) Chrome/142.0.0.0 Safari/537.36"
216.73.216.136 - - [13/Apr/2026:18:45:28 +0300] "GET /?u=4581713865701 HTTP/1.0" 200 16197 "-" "Mozilla/5.0 AppleWebKit/537.36 (KHTML, like Gecko; compatible; ClaudeBot/1.0; +claudebot@anthropic.com)"
216.73.216.136 - - [13/Apr/2026:18:45:46 +0300] "GET /?u=4170623901200 HTTP/1.0" 200 16197 "-" "Mozilla/5.0 AppleWebKit/537.36 (KHTML, like Gecko; compatible; ClaudeBot/1.0; +claudebot@anthropic.com)"
216.73.216.136 - - [13/Apr/2026:18:46:18 +0300] "GET /?u=20006100744800 HTTP/1.0" 200 16196 "-" "Mozilla/5.0 AppleWebKit/537.36 (KHTML, like Gecko; compatible; ClaudeBot/1.0; +claudebot@anthropic.com)"
216.73.216.136 - - [13/Apr/2026:18:46:38 +0300] "GET /?u=0409045304201 HTTP/1.0" 200 16190 "-" "Mozilla/5.0 AppleWebKit/537.36 (KHTML, like Gecko; compatible; ClaudeBot/1.0; +claudebot@anthropic.com)"
216.73.216.136 - - [13/Apr/2026:18:47:11 +0300] "GET /?u=97384254362000 HTTP/1.0" 200 16202 "-" "Mozilla/5.0 AppleWebKit/537.36 (KHTML, like Gecko; compatible; ClaudeBot/1.0; +claudebot@anthropic.com)"
216.73.216.136 - - [13/Apr/2026:18:47:32 +0300] "GET /?u=9482215838800 HTTP/1.0" 200 16198 "-" "Mozilla/5.0 AppleWebKit/537.36 (KHTML, like Gecko; compatible; ClaudeBot/1.0; +claudebot@anthropic.com)"
216.73.216.136 - - [13/Apr/2026:18:47:55 +0300] "GET /?u=12920117850201 HTTP/1.0" 200 16199 "-" "Mozilla/5.0 AppleWebKit/537.36 (KHTML, like Gecko; compatible; ClaudeBot/1.0; +claudebot@anthropic.com)"
216.73.216.136 - - [13/Apr/2026:18:48:28 +0300] "GET /?u=9781225043500 HTTP/1.0" 200 16195 "-" "Mozilla/5.0 AppleWebKit/537.36 (KHTML, like Gecko; compatible; ClaudeBot/1.0; +claudebot@anthropic.com)"
216.73.216.136 - - [13/Apr/2026:18:48:51 +0300] "GET /?u=2129012147300 HTTP/1.0" 200 16196 "-" "Mozilla/5.0 AppleWebKit/537.36 (KHTML, like Gecko; compatible; ClaudeBot/1.0; +claudebot@anthropic.com)"
216.73.216.136 - - [13/Apr/2026:18:49:31 +0300] "GET /?u=1675723302000 HTTP/1.0" 200 16100 "-" "Mozilla/5.0 AppleWebKit/537.36 (KHTML, like Gecko; compatible; ClaudeBot/1.0; +claudebot@anthropic.com)"
216.73.216.136 - - [13/Apr/2026:18:50:02 +0300] "GET /?u=7699863150200 HTTP/1.0" 200 16195 "-" "Mozilla/5.0 AppleWebKit/537.36 (KHTML, like Gecko; compatible; ClaudeBot/1.0; +claudebot@anthropic.com)"
216.73.216.136 - - [13/Apr/2026:18:50:35 +0300] "GET /?u=17320171369701 HTTP/1.0" 200 16197 "-" "Mozilla/5.0 AppleWebKit/537.36 (KHTML, like Gecko; compatible; ClaudeBot/1.0; +claudebot@anthropic.com)"
45.154.150.149 - - [13/Apr/2026:18:50:41 +0300] "GET /produktsiya/armaturnye-karkasy-ploskie HTTP/1.0" 200 11448 "-" "Mozilla/5.0 (Macintosh; Intel Mac OS X 10_15_7) AppleWebKit/537.36 (KHTML, like Gecko) Chrome/142.0.0.0 Safari/537.36"
142.147.163.118 - - [13/Apr/2026:18:51:23 +0300] "GET /o-kompanii HTTP/1.0" 200 10240 "-" "Mozilla/5.0 (Macintosh; Intel Mac OS X 10_15_7) AppleWebKit/537.36 (KHTML, like Gecko) Chrome/142.0.0.0 Safari/537.36"
216.73.216.136 - - [13/Apr/2026:18:51:24 +0300] "GET /?u=8948434196301 HTTP/1.0" 200 16197 "-" "Mozilla/5.0 AppleWebKit/537.36 (KHTML, like Gecko; compatible; ClaudeBot/1.0; +claudebot@anthropic.com)"
216.73.216.136 - - [13/Apr/2026:18:52:11 +0300] "GET /?u=7762012153700 HTTP/1.0" 200 16098 "-" "Mozilla/5.0 AppleWebKit/537.36 (KHTML, like Gecko; compatible; ClaudeBot/1.0; +claudebot@anthropic.com)"
216.73.216.136 - - [13/Apr/2026:18:52:43 +0300] "GET /?u=5773513223901 HTTP/1.0" 200 16197 "-" "Mozilla/5.0 AppleWebKit/537.36 (KHTML, like Gecko; compatible; ClaudeBot/1.0; +claudebot@anthropic.com)"
45.157.187.181 - - [13/Apr/2026:18:53:18 +0300] "GET /o-kompanii HTTP/1.0" 200 10235 "-" "Mozilla/5.0 (Macintosh; Intel Mac OS X 10_15_7) AppleWebKit/537.36 (KHTML, like Gecko) Chrome/142.0.0.0 Safari/537.36"
216.73.216.136 - - [13/Apr/2026:18:53:20 +0300] "GET /?u=1744215212200 HTTP/1.0" 200 16194 "-" "Mozilla/5.0 AppleWebKit/537.36 (KHTML, like Gecko; compatible; ClaudeBot/1.0; +claudebot@anthropic.com)"
216.73.216.136 - - [13/Apr/2026:18:53:59 +0300] "GET /?u=4458759680901 HTTP/1.0" 200 16198 "-" "Mozilla/5.0 AppleWebKit/537.36 (KHTML, like Gecko; compatible; ClaudeBot/1.0; +claudebot@anthropic.com)"
104.252.188.74 - - [13/Apr/2026:18:54:19 +0300] "GET /o-kompanii HTTP/1.0" 200 10236 "-" "Mozilla/5.0 (Macintosh; Intel Mac OS X 10_15_7) AppleWebKit/537.36 (KHTML, like Gecko) Chrome/142.0.0.0 Safari/537.36"
216.73.216.136 - - [13/Apr/2026:18:54:31 +0300] "GET /?u=0990215900 HTTP/1.0" 200 16187 "-" "Mozilla/5.0 AppleWebKit/537.36 (KHTML, like Gecko; compatible; ClaudeBot/1.0; +claudebot@anthropic.com)"
216.73.216.136 - - [13/Apr/2026:18:54:41 +0300] "GET /?u=1578058014201 HTTP/1.0" 200 16196 "-" "Mozilla/5.0 AppleWebKit/537.36 (KHTML, like Gecko; compatible; ClaudeBot/1.0; +claudebot@anthropic.com)"
216.73.216.136 - - [13/Apr/2026:18:55:35 +0300] "GET /?u=0929985488301 HTTP/1.0" 200 16102 "-" "Mozilla/5.0 AppleWebKit/537.36 (KHTML, like Gecko; compatible; ClaudeBot/1.0; +claudebot@anthropic.com)"
94.154.35.236 - - [13/Apr/2026:18:55:59 +0300] "HEAD /site.zip HTTP/1.1" 301 0 "-" "Mozilla/5.0 (Windows NT 10.0; Win64; x64) AppleWebKit/537.36 (KHTML, like Gecko) Chrome/101.0.4951.67 Safari/537.36"
94.154.35.236 - - [13/Apr/2026:18:55:59 +0300] "HEAD /site.zip HTTP/1.0" 404 294 "-" "Mozilla/5.0 (Windows NT 10.0; Win64; x64) AppleWebKit/537.36 (KHTML, like Gecko) Chrome/101.0.4951.67 Safari/537.36"
216.73.216.136 - - [13/Apr/2026:18:56:07 +0300] "GET /?u=0098215230601 HTTP/1.0" 200 16196 "-" "Mozilla/5.0 AppleWebKit/537.36 (KHTML, like Gecko; compatible; ClaudeBot/1.0; +claudebot@anthropic.com)"
66.249.64.233 - - [13/Apr/2026:18:56:24 +0300] "GET /robots.txt HTTP/1.1" 301 196 "-" "Mozilla/5.0 (compatible; Googlebot/2.1; +http://www.google.com/bot.html)"
66.249.78.6 - - [13/Apr/2026:18:56:24 +0300] "GET /robots.txt HTTP/1.0" 200 392 "-" "Mozilla/5.0 (compatible; Googlebot/2.1; +http://www.google.com/bot.html)"
216.73.216.136 - - [13/Apr/2026:18:56:17 +0300] "GET /?u=4247739409201 HTTP/1.0" 200 16098 "-" "Mozilla/5.0 AppleWebKit/537.36 (KHTML, like Gecko; compatible; ClaudeBot/1.0; +claudebot@anthropic.com)"
216.73.216.136 - - [13/Apr/2026:18:57:01 +0300] "GET /?u=5457580931001 HTTP/1.0" 200 16195 "-" "Mozilla/5.0 AppleWebKit/537.36 (KHTML, like Gecko; compatible; ClaudeBot/1.0; +claudebot@anthropic.com)"
216.73.216.136 - - [13/Apr/2026:18:57:33 +0300] "GET /?u=0107714847701 HTTP/1.0" 200 16195 "-" "Mozilla/5.0 AppleWebKit/537.36 (KHTML, like Gecko; compatible; ClaudeBot/1.0; +claudebot@anthropic.com)"
216.73.216.136 - - [13/Apr/2026:18:58:37 +0300] "GET /?u=9842312810100 HTTP/1.0" 200 16194 "-" "Mozilla/5.0 AppleWebKit/537.36 (KHTML, like Gecko; compatible; ClaudeBot/1.0; +claudebot@anthropic.com)"
216.73.216.136 - - [13/Apr/2026:18:59:11 +0300] "GET /?u=9028255776400 HTTP/1.0" 200 16194 "-" "Mozilla/5.0 AppleWebKit/537.36 (KHTML, like Gecko; compatible; ClaudeBot/1.0; +claudebot@anthropic.com)"
85.254.174.250 - - [13/Apr/2026:18:59:24 +0300] "GET /produktsiya/armaturnye-karkasy-ploskie HTTP/1.0" 200 11447 "-" "Mozilla/5.0 (Macintosh; Intel Mac OS X 10_15_7) AppleWebKit/537.36 (KHTML, like Gecko) Chrome/142.0.0.0 Safari/537.36"
216.73.216.136 - - [13/Apr/2026:18:59:56 +0300] "GET /?u=5389898700 HTTP/1.0" 200 16189 "-" "Mozilla/5.0 AppleWebKit/537.36 (KHTML, like Gecko; compatible; ClaudeBot/1.0; +claudebot@anthropic.com)"
216.73.216.136 - - [13/Apr/2026:19:00:27 +0300] "GET /?u=07215254530301 HTTP/1.0" 200 16199 "-" "Mozilla/5.0 AppleWebKit/537.36 (KHTML, like Gecko; compatible; ClaudeBot/1.0; +claudebot@anthropic.com)"
216.73.216.136 - - [13/Apr/2026:19:00:40 +0300] "GET /?u=89238937100 HTTP/1.0" 200 16189 "-" "Mozilla/5.0 AppleWebKit/537.36 (KHTML, like Gecko; compatible; ClaudeBot/1.0; +claudebot@anthropic.com)"
216.73.216.136 - - [13/Apr/2026:19:01:29 +0300] "GET /?u=1109080403100 HTTP/1.0" 200 16197 "-" "Mozilla/5.0 AppleWebKit/537.36 (KHTML, like Gecko; compatible; ClaudeBot/1.0; +claudebot@anthropic.com)"
216.73.216.136 - - [13/Apr/2026:19:02:03 +0300] "GET /?u=74010364500 HTTP/1.0" 200 16193 "-" "Mozilla/5.0 AppleWebKit/537.36 (KHTML, like Gecko; compatible; ClaudeBot/1.0; +claudebot@anthropic.com)"
216.73.216.136 - - [13/Apr/2026:19:02:48 +0300] "GET /?u=9022012853401 HTTP/1.0" 200 16195 "-" "Mozilla/5.0 AppleWebKit/537.36 (KHTML, like Gecko; compatible; ClaudeBot/1.0; +claudebot@anthropic.com)"
216.73.216.136 - - [13/Apr/2026:19:03:18 +0300] "GET /?u=6573780847801 HTTP/1.0" 200 16194 "-" "Mozilla/5.0 AppleWebKit/537.36 (KHTML, like Gecko; compatible; ClaudeBot/1.0; +claudebot@anthropic.com)"
216.73.216.136 - - [13/Apr/2026:19:03:40 +0300] "GET /?u=2438534312901 HTTP/1.0" 200 16195 "-" "Mozilla/5.0 AppleWebKit/537.36 (KHTML, like Gecko; compatible; ClaudeBot/1.0; +claudebot@anthropic.com)"
216.73.216.136 - - [13/Apr/2026:19:04:06 +0300] "GET /?u=4820180988301 HTTP/1.0" 200 16195 "-" "Mozilla/5.0 AppleWebKit/537.36 (KHTML, like Gecko; compatible; ClaudeBot/1.0; +claudebot@anthropic.com)"
216.73.216.136 - - [13/Apr/2026:19:04:31 +0300] "GET /?u=0822123556901 HTTP/1.0" 200 16195 "-" "Mozilla/5.0 AppleWebKit/537.36 (KHTML, like Gecko; compatible; ClaudeBot/1.0; +claudebot@anthropic.com)"
216.73.216.136 - - [13/Apr/2026:19:05:24 +0300] "GET /?u=12700160901 HTTP/1.0" 200 16193 "-" "Mozilla/5.0 AppleWebKit/537.36 (KHTML, like Gecko; compatible; ClaudeBot/1.0; +claudebot@anthropic.com)"
216.73.216.136 - - [13/Apr/2026:19:06:07 +0300] "GET /?u=3472290396100 HTTP/1.0" 200 16101 "-" "Mozilla/5.0 AppleWebKit/537.36 (KHTML, like Gecko; compatible; ClaudeBot/1.0; +claudebot@anthropic.com)"
216.73.216.136 - - [13/Apr/2026:19:06:28 +0300] "GET /?u=9509080797401 HTTP/1.0" 200 16197 "-" "Mozilla/5.0 AppleWebKit/537.36 (KHTML, like Gecko; compatible; ClaudeBot/1.0; +claudebot@anthropic.com)"
216.73.216.136 - - [13/Apr/2026:19:06:48 +0300] "GET /shopbrand/L01909710937 HTTP/1.0" 404 1276 "-" "Mozilla/5.0 AppleWebKit/537.36 (KHTML, like Gecko; compatible; ClaudeBot/1.0; +claudebot@anthropic.com)"
43.173.182.154 - - [13/Apr/2026:19:06:51 +0300] "GET /produktsiya/armaturnaya-setka HTTP/1.0" 200 10903 "-" "Mozilla/5.0 (Windows NT 10.0; Win64; x64) AppleWebKit/537.36 (KHTML, like Gecko) Chrome/108.0.0.0 Safari/537.36"
216.73.216.136 - - [13/Apr/2026:19:06:54 +0300] "GET /?u=7974013924601 HTTP/1.0" 200 16102 "-" "Mozilla/5.0 AppleWebKit/537.36 (KHTML, like Gecko; compatible; ClaudeBot/1.0; +claudebot@anthropic.com)"
216.73.216.136 - - [13/Apr/2026:19:07:03 +0300] "GET /?u=0309913453701 HTTP/1.0" 200 16101 "-" "Mozilla/5.0 AppleWebKit/537.36 (KHTML, like Gecko; compatible; ClaudeBot/1.0; +claudebot@anthropic.com)"
216.73.216.136 - - [13/Apr/2026:19:07:12 +0300] "GET /?u=3976063700901 HTTP/1.0" 200 16102 "-" "Mozilla/5.0 AppleWebKit/537.36 (KHTML, like Gecko; compatible; ClaudeBot/1.0; +claudebot@anthropic.com)"
216.73.216.136 - - [13/Apr/2026:19:07:21 +0300] "GET /?u=47668136229701 HTTP/1.0" 200 16197 "-" "Mozilla/5.0 AppleWebKit/537.36 (KHTML, like Gecko; compatible; ClaudeBot/1.0; +claudebot@anthropic.com)"
216.73.216.136 - - [13/Apr/2026:19:07:30 +0300] "GET /?u=14985136011801 HTTP/1.0" 200 16102 "-" "Mozilla/5.0 AppleWebKit/537.36 (KHTML, like Gecko; compatible; ClaudeBot/1.0; +claudebot@anthropic.com)"
216.73.216.136 - - [13/Apr/2026:19:07:39 +0300] "GET /?u=94818171566400 HTTP/1.0" 200 16102 "-" "Mozilla/5.0 AppleWebKit/537.36 (KHTML, like Gecko; compatible; ClaudeBot/1.0; +claudebot@anthropic.com)"
216.73.216.136 - - [13/Apr/2026:19:07:48 +0300] "GET /?u=11079278087201 HTTP/1.0" 200 16099 "-" "Mozilla/5.0 AppleWebKit/537.36 (KHTML, like Gecko; compatible; ClaudeBot/1.0; +claudebot@anthropic.com)"
31.220.46.105 - - [13/Apr/2026:19:07:51 +0300] "GET /izhevsk/produktsiya/armaturnye-karkasy-ploskie HTTP/1.0" 200 11474 "https://www.yahoo.ru/" "Mozilla/5.0 (Linux; Android 8.0.0; SM-J330G) AppleWebKit/537.36 (KHTML, like Gecko) Chrome/114.0.0.0 Mobile Safari/537.36 EdgA/114.0.1823.74"
216.73.216.136 - - [13/Apr/2026:19:07:53 +0300] "GET /?u=7347790353201 HTTP/1.0" 200 16101 "-" "Mozilla/5.0 AppleWebKit/537.36 (KHTML, like Gecko; compatible; ClaudeBot/1.0; +claudebot@anthropic.com)"
216.73.216.136 - - [13/Apr/2026:19:08:02 +0300] "GET /?u=61377188312600 HTTP/1.0" 200 16104 "-" "Mozilla/5.0 AppleWebKit/537.36 (KHTML, like Gecko; compatible; ClaudeBot/1.0; +claudebot@anthropic.com)"
176.116.22.237 - - [13/Apr/2026:19:08:16 +0300] "GET /components/com_sppagebuilder/assets/css/animate.min.css HTTP/1.1" 200 53436 "https://www.bazasetok.ru/izhevsk/produktsiya/armaturnye-karkasy-ploskie" "Mozilla/5.0 (Linux; Android 5.0; SM-G900P Build/LRX21T) AppleWebKit/537.36 (KHTML, like Gecko) Chrome/56.0.9710.1905 Mobile Safari/537.36"
185.170.110.88 - - [13/Apr/2026:19:08:16 +0300] "GET /components/com_sppagebuilder/assets/css/font-awesome-5.min.css HTTP/1.1" 200 56160 "https://www.bazasetok.ru/izhevsk/produktsiya/armaturnye-karkasy-ploskie" "Mozilla/5.0 (Linux; Android 5.0; SM-G900P Build/LRX21T) AppleWebKit/537.36 (KHTML, like Gecko) Chrome/56.0.9710.1905 Mobile Safari/537.36"
23.109.176.207 - - [13/Apr/2026:19:08:16 +0300] "GET /templates/shaper_helixultimate/css/font-awesome.min.css HTTP/1.1" 200 56156 "https://www.bazasetok.ru/izhevsk/produktsiya/armaturnye-karkasy-ploskie" "Mozilla/5.0 (Linux; Android 5.0; SM-G900P Build/LRX21T) AppleWebKit/537.36 (KHTML, like Gecko) Chrome/56.0.9710.1905 Mobile Safari/537.36"
185.152.37.191 - - [13/Apr/2026:19:08:16 +0300] "GET /templates/shaper_helixultimate/css/template.css HTTP/1.1" 200 43407 "https://www.bazasetok.ru/izhevsk/produktsiya/armaturnye-karkasy-ploskie" "Mozilla/5.0 (Linux; Android 5.0; SM-G900P Build/LRX21T) AppleWebKit/537.36 (KHTML, like Gecko) Chrome/56.0.9710.1905 Mobile Safari/537.36"
104.194.192.145 - - [13/Apr/2026:19:08:16 +0300] "GET /templates/shaper_helixultimate/css/bootstrap.min.css HTTP/1.1" 200 140375 "https://www.bazasetok.ru/izhevsk/produktsiya/armaturnye-karkasy-ploskie" "Mozilla/5.0 (Linux; Android 5.0; SM-G900P Build/LRX21T) AppleWebKit/537.36 (KHTML, like Gecko) Chrome/56.0.9710.1905 Mobile Safari/537.36"
176.116.22.237 - - [13/Apr/2026:19:08:17 +0300] "GET /modules/mod_gruemenu/css/styles.css HTTP/1.1" 200 4474 "https://www.bazasetok.ru/izhevsk/produktsiya/armaturnye-karkasy-ploskie" "Mozilla/5.0 (Linux; Android 5.0; SM-G900P Build/LRX21T) AppleWebKit/537.36 (KHTML, like Gecko) Chrome/56.0.9710.1905 Mobile Safari/537.36"
216.73.216.136 - - [13/Apr/2026:19:08:11 +0300] "GET /?u=09588283050901 HTTP/1.0" 200 16106 "-" "Mozilla/5.0 AppleWebKit/537.36 (KHTML, like Gecko; compatible; ClaudeBot/1.0; +claudebot@anthropic.com)"
104.222.174.136 - - [13/Apr/2026:19:08:31 +0300] "GET /components/com_sppagebuilder/assets/css/sppagebuilder.css HTTP/1.1" 200 65248 "https://www.bazasetok.ru/izhevsk/produktsiya/armaturnye-karkasy-ploskie" "Mozilla/5.0 (Linux; Android 5.0; SM-G900P Build/LRX21T) AppleWebKit/537.36 (KHTML, like Gecko) Chrome/56.0.9710.1905 Mobile Safari/537.36"
216.73.216.136 - - [13/Apr/2026:19:08:23 +0300] "GET /?u=07837993801 HTTP/1.0" 200 16097 "-" "Mozilla/5.0 AppleWebKit/537.36 (KHTML, like Gecko; compatible; ClaudeBot/1.0; +claudebot@anthropic.com)"
216.73.216.136 - - [13/Apr/2026:19:08:43 +0300] "GET /?u=8563214879401 HTTP/1.0" 200 16195 "-" "Mozilla/5.0 AppleWebKit/537.36 (KHTML, like Gecko; compatible; ClaudeBot/1.0; +claudebot@anthropic.com)"
114.119.148.103 - - [13/Apr/2026:19:08:51 +0300] "GET / HTTP/1.0" 200 16146 "https://www.bazasetok.ru/produktsiya/setka-rabitsa" "Mozilla/5.0 (Linux; Android 7.0;) AppleWebKit/537.36 (KHTML, like Gecko) Mobile Safari/537.36 (compatible; PetalBot;+https://webmaster.petalsearch.com/site/petalbot)"
216.73.216.136 - - [13/Apr/2026:19:09:07 +0300] "GET /?u=03496135763401 HTTP/1.0" 200 16100 "-" "Mozilla/5.0 AppleWebKit/537.36 (KHTML, like Gecko; compatible; ClaudeBot/1.0; +claudebot@anthropic.com)"
216.73.216.136 - - [13/Apr/2026:19:09:14 +0300] "GET /shopbrand/L01928623432 HTTP/1.0" 404 1276 "-" "Mozilla/5.0 AppleWebKit/537.36 (KHTML, like Gecko; compatible; ClaudeBot/1.0; +claudebot@anthropic.com)"
216.73.216.136 - - [13/Apr/2026:19:09:38 +0300] "GET /?u=82045254032801 HTTP/1.0" 200 16101 "-" "Mozilla/5.0 AppleWebKit/537.36 (KHTML, like Gecko; compatible; ClaudeBot/1.0; +claudebot@anthropic.com)"
216.73.216.136 - - [13/Apr/2026:19:09:44 +0300] "GET /?u=91044132863100 HTTP/1.0" 200 16195 "-" "Mozilla/5.0 AppleWebKit/537.36 (KHTML, like Gecko; compatible; ClaudeBot/1.0; +claudebot@anthropic.com)"
216.73.216.136 - - [13/Apr/2026:19:10:08 +0300] "GET /?u=86929246718101 HTTP/1.0" 200 16100 "-" "Mozilla/5.0 AppleWebKit/537.36 (KHTML, like Gecko; compatible; ClaudeBot/1.0; +claudebot@anthropic.com)"
216.73.216.136 - - [13/Apr/2026:19:10:15 +0300] "GET /?u=00925252056401 HTTP/1.0" 200 16099 "-" "Mozilla/5.0 AppleWebKit/537.36 (KHTML, like Gecko; compatible; ClaudeBot/1.0; +claudebot@anthropic.com)"
216.73.216.136 - - [13/Apr/2026:19:10:37 +0300] "GET /?u=4289063465000 HTTP/1.0" 200 16193 "-" "Mozilla/5.0 AppleWebKit/537.36 (KHTML, like Gecko; compatible; ClaudeBot/1.0; +claudebot@anthropic.com)"
216.73.216.136 - - [13/Apr/2026:19:11:01 +0300] "GET /?u=97229178401 HTTP/1.0" 200 16092 "-" "Mozilla/5.0 AppleWebKit/537.36 (KHTML, like Gecko; compatible; ClaudeBot/1.0; +claudebot@anthropic.com)"
216.73.216.136 - - [13/Apr/2026:19:11:16 +0300] "GET /?u=7787780556901 HTTP/1.0" 200 16098 "-" "Mozilla/5.0 AppleWebKit/537.36 (KHTML, like Gecko; compatible; ClaudeBot/1.0; +claudebot@anthropic.com)"
216.73.216.136 - - [13/Apr/2026:19:11:40 +0300] "GET /?u=8296258683801 HTTP/1.0" 200 16100 "-" "Mozilla/5.0 AppleWebKit/537.36 (KHTML, like Gecko; compatible; ClaudeBot/1.0; +claudebot@anthropic.com)"
216.73.216.136 - - [13/Apr/2026:19:11:47 +0300] "GET /?u=6590980944801 HTTP/1.0" 200 16098 "-" "Mozilla/5.0 AppleWebKit/537.36 (KHTML, like Gecko; compatible; ClaudeBot/1.0; +claudebot@anthropic.com)"
216.73.216.136 - - [13/Apr/2026:19:12:09 +0300] "GET /?u=8122890610001 HTTP/1.0" 200 16194 "-" "Mozilla/5.0 AppleWebKit/537.36 (KHTML, like Gecko; compatible; ClaudeBot/1.0; +claudebot@anthropic.com)"
216.73.216.136 - - [13/Apr/2026:19:12:32 +0300] "GET /?u=31834488700 HTTP/1.0" 200 16094 "-" "Mozilla/5.0 AppleWebKit/537.36 (KHTML, like Gecko; compatible; ClaudeBot/1.0; +claudebot@anthropic.com)"
216.73.216.136 - - [13/Apr/2026:19:12:42 +0300] "GET /?u=0791190090700 HTTP/1.0" 200 16197 "-" "Mozilla/5.0 AppleWebKit/537.36 (KHTML, like Gecko; compatible; ClaudeBot/1.0; +claudebot@anthropic.com)"
216.73.216.136 - - [13/Apr/2026:19:12:50 +0300] "GET /?u=00960225547800 HTTP/1.0" 200 16198 "-" "Mozilla/5.0 AppleWebKit/537.36 (KHTML, like Gecko; compatible; ClaudeBot/1.0; +claudebot@anthropic.com)"
216.73.216.136 - - [13/Apr/2026:19:13:14 +0300] "GET /?u=6589215734601 HTTP/1.0" 200 16102 "-" "Mozilla/5.0 AppleWebKit/537.36 (KHTML, like Gecko; compatible; ClaudeBot/1.0; +claudebot@anthropic.com)"
216.73.216.136 - - [13/Apr/2026:19:13:33 +0300] "GET /?u=6603545005301 HTTP/1.0" 200 16197 "-" "Mozilla/5.0 AppleWebKit/537.36 (KHTML, like Gecko; compatible; ClaudeBot/1.0; +claudebot@anthropic.com)"
216.73.216.136 - - [13/Apr/2026:19:13:57 +0300] "GET /?u=8480934652500 HTTP/1.0" 200 16199 "-" "Mozilla/5.0 AppleWebKit/537.36 (KHTML, like Gecko; compatible; ClaudeBot/1.0; +claudebot@anthropic.com)"
216.73.216.136 - - [13/Apr/2026:19:14:21 +0300] "GET /?u=2000339803201 HTTP/1.0" 200 16094 "-" "Mozilla/5.0 AppleWebKit/537.36 (KHTML, like Gecko; compatible; ClaudeBot/1.0; +claudebot@anthropic.com)"
216.73.216.136 - - [13/Apr/2026:19:14:31 +0300] "GET /?u=2989613776700 HTTP/1.0" 200 16197 "-" "Mozilla/5.0 AppleWebKit/537.36 (KHTML, like Gecko; compatible; ClaudeBot/1.0; +claudebot@anthropic.com)"
216.73.216.136 - - [13/Apr/2026:19:14:51 +0300] "GET /?u=19028199652201 HTTP/1.0" 200 16198 "-" "Mozilla/5.0 AppleWebKit/537.36 (KHTML, like Gecko; compatible; ClaudeBot/1.0; +claudebot@anthropic.com)"
216.73.216.136 - - [13/Apr/2026:19:15:15 +0300] "GET /?u=6838984714101 HTTP/1.0" 200 16095 "-" "Mozilla/5.0 AppleWebKit/537.36 (KHTML, like Gecko; compatible; ClaudeBot/1.0; +claudebot@anthropic.com)"
216.73.216.136 - - [13/Apr/2026:19:15:22 +0300] "GET /?u=47500105701500 HTTP/1.0" 200 16196 "-" "Mozilla/5.0 AppleWebKit/537.36 (KHTML, like Gecko; compatible; ClaudeBot/1.0; +claudebot@anthropic.com)"
216.73.216.136 - - [13/Apr/2026:19:15:46 +0300] "GET /?u=70067199767301 HTTP/1.0" 200 16103 "-" "Mozilla/5.0 AppleWebKit/537.36 (KHTML, like Gecko; compatible; ClaudeBot/1.0; +claudebot@anthropic.com)"
216.73.216.136 - - [13/Apr/2026:19:15:52 +0300] "GET /?u=4885534938201 HTTP/1.0" 200 16197 "-" "Mozilla/5.0 AppleWebKit/537.36 (KHTML, like Gecko; compatible; ClaudeBot/1.0; +claudebot@anthropic.com)"
216.73.216.136 - - [13/Apr/2026:19:16:12 +0300] "GET /?u=25820165801 HTTP/1.0" 200 16092 "-" "Mozilla/5.0 AppleWebKit/537.36 (KHTML, like Gecko; compatible; ClaudeBot/1.0; +claudebot@anthropic.com)"
216.73.216.136 - - [13/Apr/2026:19:16:36 +0300] "GET /?u=5502245282001 HTTP/1.0" 200 16100 "-" "Mozilla/5.0 AppleWebKit/537.36 (KHTML, like Gecko; compatible; ClaudeBot/1.0; +claudebot@anthropic.com)"
216.73.216.136 - - [13/Apr/2026:19:16:43 +0300] "GET /?u=04899252545101 HTTP/1.0" 200 16101 "-" "Mozilla/5.0 AppleWebKit/537.36 (KHTML, like Gecko; compatible; ClaudeBot/1.0; +claudebot@anthropic.com)"
216.73.216.136 - - [13/Apr/2026:19:17:07 +0300] "GET /?u=5280180757401 HTTP/1.0" 200 16098 "-" "Mozilla/5.0 AppleWebKit/537.36 (KHTML, like Gecko; compatible; ClaudeBot/1.0; +claudebot@anthropic.com)"
216.73.216.136 - - [13/Apr/2026:19:17:15 +0300] "GET /?u=1103084492801 HTTP/1.0" 200 16198 "-" "Mozilla/5.0 AppleWebKit/537.36 (KHTML, like Gecko; compatible; ClaudeBot/1.0; +claudebot@anthropic.com)"
216.73.216.136 - - [13/Apr/2026:19:17:39 +0300] "GET /?u=75758105200000 HTTP/1.0" 200 16101 "-" "Mozilla/5.0 AppleWebKit/537.36 (KHTML, like Gecko; compatible; ClaudeBot/1.0; +claudebot@anthropic.com)"
216.73.216.136 - - [13/Apr/2026:19:17:48 +0300] "GET /?u=7684555947401 HTTP/1.0" 200 16195 "-" "Mozilla/5.0 AppleWebKit/537.36 (KHTML, like Gecko; compatible; ClaudeBot/1.0; +claudebot@anthropic.com)"
216.73.216.136 - - [13/Apr/2026:19:18:11 +0300] "GET /?u=1938755472001 HTTP/1.0" 200 16098 "-" "Mozilla/5.0 AppleWebKit/537.36 (KHTML, like Gecko; compatible; ClaudeBot/1.0; +claudebot@anthropic.com)"
216.73.216.136 - - [13/Apr/2026:19:18:25 +0300] "GET /?u=8552255339700 HTTP/1.0" 200 16103 "-" "Mozilla/5.0 AppleWebKit/537.36 (KHTML, like Gecko; compatible; ClaudeBot/1.0; +claudebot@anthropic.com)"
216.73.216.136 - - [13/Apr/2026:19:18:49 +0300] "GET /?u=2299763076701 HTTP/1.0" 200 16098 "-" "Mozilla/5.0 AppleWebKit/537.36 (KHTML, like Gecko; compatible; ClaudeBot/1.0; +claudebot@anthropic.com)"
216.73.216.136 - - [13/Apr/2026:19:18:57 +0300] "GET /?u=77816278901 HTTP/1.0" 200 16091 "-" "Mozilla/5.0 AppleWebKit/537.36 (KHTML, like Gecko; compatible; ClaudeBot/1.0; +claudebot@anthropic.com)"
216.73.216.136 - - [13/Apr/2026:19:19:21 +0300] "GET /?u=8327363504401 HTTP/1.0" 200 16095 "-" "Mozilla/5.0 AppleWebKit/537.36 (KHTML, like Gecko; compatible; ClaudeBot/1.0; +claudebot@anthropic.com)"
216.73.216.136 - - [13/Apr/2026:19:19:30 +0300] "GET /?u=52881251892400 HTTP/1.0" 200 16200 "-" "Mozilla/5.0 AppleWebKit/537.36 (KHTML, like Gecko; compatible; ClaudeBot/1.0; +claudebot@anthropic.com)"
216.73.216.136 - - [13/Apr/2026:19:19:54 +0300] "GET /?u=89963283207400 HTTP/1.0" 200 16100 "-" "Mozilla/5.0 AppleWebKit/537.36 (KHTML, like Gecko; compatible; ClaudeBot/1.0; +claudebot@anthropic.com)"
216.73.216.136 - - [13/Apr/2026:19:20:01 +0300] "GET /?u=0702785642101 HTTP/1.0" 200 16196 "-" "Mozilla/5.0 AppleWebKit/537.36 (KHTML, like Gecko; compatible; ClaudeBot/1.0; +claudebot@anthropic.com)"
185.12.124.78 - - [13/Apr/2026:19:20:24 +0300] "GET / HTTP/1.1" 301 196 "BAZASETOK.RU" "Mozilla/5.0 (compatible; BackupLand/1.0; https://go.backupland.com/; Domain check for viruses;)"
216.73.216.136 - - [13/Apr/2026:19:20:18 +0300] "GET /?u=87392283173601 HTTP/1.0" 200 16197 "-" "Mozilla/5.0 AppleWebKit/537.36 (KHTML, like Gecko; compatible; ClaudeBot/1.0; +claudebot@anthropic.com)"
185.12.124.78 - - [13/Apr/2026:19:20:24 +0300] "GET / HTTP/1.0" 200 16152 "BAZASETOK.RU" "Mozilla/5.0 (compatible; BackupLand/1.0; https://go.backupland.com/; Domain check for viruses;)"
216.73.216.136 - - [13/Apr/2026:19:20:41 +0300] "GET /?u=9823123746100 HTTP/1.0" 200 16096 "-" "Mozilla/5.0 AppleWebKit/537.36 (KHTML, like Gecko; compatible; ClaudeBot/1.0; +claudebot@anthropic.com)"
216.73.216.136 - - [13/Apr/2026:19:20:51 +0300] "GET /shopbrand/L01176089194 HTTP/1.0" 404 1179 "-" "Mozilla/5.0 AppleWebKit/537.36 (KHTML, like Gecko; compatible; ClaudeBot/1.0; +claudebot@anthropic.com)"
216.73.216.136 - - [13/Apr/2026:19:21:15 +0300] "GET /?u=80690199013101 HTTP/1.0" 200 16099 "-" "Mozilla/5.0 AppleWebKit/537.36 (KHTML, like Gecko; compatible; ClaudeBot/1.0; +claudebot@anthropic.com)"
216.73.216.136 - - [13/Apr/2026:19:21:24 +0300] "GET /?u=4471185642601 HTTP/1.0" 200 16198 "-" "Mozilla/5.0 AppleWebKit/537.36 (KHTML, like Gecko; compatible; ClaudeBot/1.0; +claudebot@anthropic.com)"
216.73.216.136 - - [13/Apr/2026:19:21:43 +0300] "GET /?u=6737123798300 HTTP/1.0" 200 16199 "-" "Mozilla/5.0 AppleWebKit/537.36 (KHTML, like Gecko; compatible; ClaudeBot/1.0; +claudebot@anthropic.com)"
216.73.216.136 - - [13/Apr/2026:19:22:07 +0300] "GET /?u=0807912480201 HTTP/1.0" 200 16096 "-" "Mozilla/5.0 AppleWebKit/537.36 (KHTML, like Gecko; compatible; ClaudeBot/1.0; +claudebot@anthropic.com)"
216.73.216.136 - - [13/Apr/2026:19:22:16 +0300] "GET /?u=7492923212901 HTTP/1.0" 200 16199 "-" "Mozilla/5.0 AppleWebKit/537.36 (KHTML, like Gecko; compatible; ClaudeBot/1.0; +claudebot@anthropic.com)"
216.73.216.136 - - [13/Apr/2026:19:22:42 +0300] "GET /?u=7633285242501 HTTP/1.0" 200 16102 "-" "Mozilla/5.0 AppleWebKit/537.36 (KHTML, like Gecko; compatible; ClaudeBot/1.0; +claudebot@anthropic.com)"
216.73.216.136 - - [13/Apr/2026:19:23:06 +0300] "GET /?u=81925225083100 HTTP/1.0" 200 16103 "-" "Mozilla/5.0 AppleWebKit/537.36 (KHTML, like Gecko; compatible; ClaudeBot/1.0; +claudebot@anthropic.com)"
216.73.216.136 - - [13/Apr/2026:19:23:13 +0300] "GET /?u=9473814463500 HTTP/1.0" 200 16199 "-" "Mozilla/5.0 AppleWebKit/537.36 (KHTML, like Gecko; compatible; ClaudeBot/1.0; +claudebot@anthropic.com)"
216.73.216.136 - - [13/Apr/2026:19:23:24 +0300] "GET /?u=9768034652001 HTTP/1.0" 200 16195 "-" "Mozilla/5.0 AppleWebKit/537.36 (KHTML, like Gecko; compatible; ClaudeBot/1.0; +claudebot@anthropic.com)"
216.73.216.136 - - [13/Apr/2026:19:23:48 +0300] "GET /?u=78320158368701 HTTP/1.0" 200 16097 "-" "Mozilla/5.0 AppleWebKit/537.36 (KHTML, like Gecko; compatible; ClaudeBot/1.0; +claudebot@anthropic.com)"
216.73.216.136 - - [13/Apr/2026:19:23:58 +0300] "GET /?u=2215858841900 HTTP/1.0" 200 16195 "-" "Mozilla/5.0 AppleWebKit/537.36 (KHTML, like Gecko; compatible; ClaudeBot/1.0; +claudebot@anthropic.com)"
216.73.216.136 - - [13/Apr/2026:19:24:22 +0300] "GET /?u=18274246700 HTTP/1.0" 200 16094 "-" "Mozilla/5.0 AppleWebKit/537.36 (KHTML, like Gecko; compatible; ClaudeBot/1.0; +claudebot@anthropic.com)"
216.73.216.136 - - [13/Apr/2026:19:24:30 +0300] "GET /?u=0190984712901 HTTP/1.0" 200 16197 "-" "Mozilla/5.0 AppleWebKit/537.36 (KHTML, like Gecko; compatible; ClaudeBot/1.0; +claudebot@anthropic.com)"
216.73.216.136 - - [13/Apr/2026:19:24:46 +0300] "GET /?u=81410180592301 HTTP/1.0" 200 16193 "-" "Mozilla/5.0 AppleWebKit/537.36 (KHTML, like Gecko; compatible; ClaudeBot/1.0; +claudebot@anthropic.com)"
216.73.216.136 - - [13/Apr/2026:19:25:12 +0300] "GET /?u=89019158763501 HTTP/1.0" 200 16201 "-" "Mozilla/5.0 AppleWebKit/537.36 (KHTML, like Gecko; compatible; ClaudeBot/1.0; +claudebot@anthropic.com)"
47.128.48.93 - - [13/Apr/2026:19:25:15 +0300] "GET /ufa/produktsiya/setka-svarnaya-rulonnaya HTTP/1.0" 200 11634 "-" "Mozilla/5.0 (Linux; Android 5.0) AppleWebKit/537.36 (KHTML, like Gecko) Mobile Safari/537.36 (compatible; Bytespider; spider-feedback@bytedance.com)"
47.128.48.93 - - [13/Apr/2026:19:25:22 +0300] "GET /components/com_sppagebuilder/assets/css/font-awesome-5.min.css HTTP/1.1" 200 56160 "https://bazasetok.ru/ufa/produktsiya/setka-svarnaya-rulonnaya" "Mozilla/5.0 (Linux; Android 5.0) AppleWebKit/537.36 (KHTML, like Gecko) Mobile Safari/537.36 (compatible; Bytespider; spider-feedback@bytedance.com)"
47.128.48.93 - - [13/Apr/2026:19:25:23 +0300] "GET /components/com_sppagebuilder/assets/css/animate.min.css HTTP/1.1" 200 53436 "https://bazasetok.ru/ufa/produktsiya/setka-svarnaya-rulonnaya" "Mozilla/5.0 (Linux; Android 5.0) AppleWebKit/537.36 (KHTML, like Gecko) Mobile Safari/537.36 (compatible; Bytespider; spider-feedback@bytedance.com)"
47.128.48.93 - - [13/Apr/2026:19:25:23 +0300] "GET /templates/shaper_helixultimate/css/font-awesome.min.css HTTP/1.1" 200 56156 "https://bazasetok.ru/ufa/produktsiya/setka-svarnaya-rulonnaya" "Mozilla/5.0 (Linux; Android 5.0) AppleWebKit/537.36 (KHTML, like Gecko) Mobile Safari/537.36 (compatible; Bytespider; spider-feedback@bytedance.com)"
47.128.48.93 - - [13/Apr/2026:19:25:23 +0300] "GET /templates/shaper_helixultimate/css/template.css HTTP/1.1" 200 43407 "https://bazasetok.ru/ufa/produktsiya/setka-svarnaya-rulonnaya" "Mozilla/5.0 (Linux; Android 5.0) AppleWebKit/537.36 (KHTML, like Gecko) Mobile Safari/537.36 (compatible; Bytespider; spider-feedback@bytedance.com)"
216.73.216.136 - - [13/Apr/2026:19:25:36 +0300] "GET /?u=42628252362001 HTTP/1.0" 200 16102 "-" "Mozilla/5.0 AppleWebKit/537.36 (KHTML, like Gecko; compatible; ClaudeBot/1.0; +claudebot@anthropic.com)"
216.73.216.136 - - [13/Apr/2026:19:25:42 +0300] "GET /?u=52014862800 HTTP/1.0" 200 16193 "-" "Mozilla/5.0 AppleWebKit/537.36 (KHTML, like Gecko; compatible; ClaudeBot/1.0; +claudebot@anthropic.com)"
47.128.48.93 - - [13/Apr/2026:19:25:52 +0300] "GET /components/com_sppagebuilder/assets/css/sppagebuilder.css HTTP/1.1" 200 81632 "https://bazasetok.ru/ufa/produktsiya/setka-svarnaya-rulonnaya" "Mozilla/5.0 (Linux; Android 5.0) AppleWebKit/537.36 (KHTML, like Gecko) Mobile Safari/537.36 (compatible; Bytespider; spider-feedback@bytedance.com)"
47.128.48.93 - - [13/Apr/2026:19:25:52 +0300] "GET /templates/shaper_helixultimate/css/bootstrap.min.css HTTP/1.1" 200 81632 "https://bazasetok.ru/ufa/produktsiya/setka-svarnaya-rulonnaya" "Mozilla/5.0 (Linux; Android 5.0) AppleWebKit/537.36 (KHTML, like Gecko) Mobile Safari/537.36 (compatible; Bytespider; spider-feedback@bytedance.com)"
47.128.48.93 - - [13/Apr/2026:19:25:53 +0300] "GET /images/2021/03/23/svar-rulon.jpg HTTP/1.1" 206 500 "https://bazasetok.ru/ufa/produktsiya/setka-svarnaya-rulonnaya" "Mozilla/5.0 (Linux; Android 5.0) AppleWebKit/537.36 (KHTML, like Gecko) Mobile Safari/537.36 (compatible; Bytespider; spider-feedback@bytedance.com)"
47.128.48.93 - - [13/Apr/2026:19:25:53 +0300] "GET /images/2021/03/23/svar-rulon.jpg HTTP/1.1" 304 0 "https://bazasetok.ru/ufa/produktsiya/setka-svarnaya-rulonnaya" "Mozilla/5.0 (Linux; Android 5.0) AppleWebKit/537.36 (KHTML, like Gecko) Mobile Safari/537.36 (compatible; Bytespider; spider-feedback@bytedance.com)"
47.128.48.93 - - [13/Apr/2026:19:25:53 +0300] "GET /images/2021/03/23/svar-rulon.jpg HTTP/1.1" 206 103295 "https://bazasetok.ru/ufa/produktsiya/setka-svarnaya-rulonnaya" "Mozilla/5.0 (Linux; Android 5.0) AppleWebKit/537.36 (KHTML, like Gecko) Mobile Safari/537.36 (compatible; Bytespider; spider-feedback@bytedance.com)"
216.73.216.136 - - [13/Apr/2026:19:26:03 +0300] "GET /?u=59797390701 HTTP/1.0" 200 16191 "-" "Mozilla/5.0 AppleWebKit/537.36 (KHTML, like Gecko; compatible; ClaudeBot/1.0; +claudebot@anthropic.com)"
216.73.216.136 - - [13/Apr/2026:19:26:26 +0300] "GET /?u=4699990197101 HTTP/1.0" 200 16097 "-" "Mozilla/5.0 AppleWebKit/537.36 (KHTML, like Gecko; compatible; ClaudeBot/1.0; +claudebot@anthropic.com)"
216.73.216.136 - - [13/Apr/2026:19:26:36 +0300] "GET /?u=57735199064801 HTTP/1.0" 200 16198 "-" "Mozilla/5.0 AppleWebKit/537.36 (KHTML, like Gecko; compatible; ClaudeBot/1.0; +claudebot@anthropic.com)"
216.73.216.136 - - [13/Apr/2026:19:26:43 +0300] "GET /?u=1009755005000 HTTP/1.0" 200 16194 "-" "Mozilla/5.0 AppleWebKit/537.36 (KHTML, like Gecko; compatible; ClaudeBot/1.0; +claudebot@anthropic.com)"
216.73.216.136 - - [13/Apr/2026:19:27:02 +0300] "GET /?u=08020180377901 HTTP/1.0" 200 16099 "-" "Mozilla/5.0 AppleWebKit/537.36 (KHTML, like Gecko; compatible; ClaudeBot/1.0; +claudebot@anthropic.com)"
216.73.216.136 - - [13/Apr/2026:19:27:23 +0300] "GET /?u=89922100733801 HTTP/1.0" 200 16201 "-" "Mozilla/5.0 AppleWebKit/537.36 (KHTML, like Gecko; compatible; ClaudeBot/1.0; +claudebot@anthropic.com)"
216.73.216.136 - - [13/Apr/2026:19:27:47 +0300] "GET /?u=9601784692001 HTTP/1.0" 200 16100 "-" "Mozilla/5.0 AppleWebKit/537.36 (KHTML, like Gecko; compatible; ClaudeBot/1.0; +claudebot@anthropic.com)"
216.73.216.136 - - [13/Apr/2026:19:27:57 +0300] "GET /?u=09072118301 HTTP/1.0" 200 16188 "-" "Mozilla/5.0 AppleWebKit/537.36 (KHTML, like Gecko; compatible; ClaudeBot/1.0; +claudebot@anthropic.com)"
216.73.216.136 - - [13/Apr/2026:19:28:06 +0300] "GET /?u=85609246776101 HTTP/1.0" 200 16199 "-" "Mozilla/5.0 AppleWebKit/537.36 (KHTML, like Gecko; compatible; ClaudeBot/1.0; +claudebot@anthropic.com)"
216.73.216.136 - - [13/Apr/2026:19:28:30 +0300] "GET /?u=57763246940200 HTTP/1.0" 200 16102 "-" "Mozilla/5.0 AppleWebKit/537.36 (KHTML, like Gecko; compatible; ClaudeBot/1.0; +claudebot@anthropic.com)"
216.73.216.136 - - [13/Apr/2026:19:28:54 +0300] "GET /?u=47889199036601 HTTP/1.0" 200 16105 "-" "Mozilla/5.0 AppleWebKit/537.36 (KHTML, like Gecko; compatible; ClaudeBot/1.0; +claudebot@anthropic.com)"
216.73.216.136 - - [13/Apr/2026:19:29:18 +0300] "GET /?u=34719251745801 HTTP/1.0" 200 16094 "-" "Mozilla/5.0 AppleWebKit/537.36 (KHTML, like Gecko; compatible; ClaudeBot/1.0; +claudebot@anthropic.com)"
216.73.216.136 - - [13/Apr/2026:19:29:28 +0300] "GET /?u=25858358301 HTTP/1.0" 200 16190 "-" "Mozilla/5.0 AppleWebKit/537.36 (KHTML, like Gecko; compatible; ClaudeBot/1.0; +claudebot@anthropic.com)"
216.73.216.136 - - [13/Apr/2026:19:29:52 +0300] "GET /?u=3097190154701 HTTP/1.0" 200 16099 "-" "Mozilla/5.0 AppleWebKit/537.36 (KHTML, like Gecko; compatible; ClaudeBot/1.0; +claudebot@anthropic.com)"
216.73.216.136 - - [13/Apr/2026:19:30:01 +0300] "GET /?u=1108134902001 HTTP/1.0" 200 16194 "-" "Mozilla/5.0 AppleWebKit/537.36 (KHTML, like Gecko; compatible; ClaudeBot/1.0; +claudebot@anthropic.com)"
216.73.216.136 - - [13/Apr/2026:19:30:16 +0300] "GET /?u=40098100748701 HTTP/1.0" 200 16101 "-" "Mozilla/5.0 AppleWebKit/537.36 (KHTML, like Gecko; compatible; ClaudeBot/1.0; +claudebot@anthropic.com)"
216.73.216.136 - - [13/Apr/2026:19:30:40 +0300] "GET /?u=39726864800 HTTP/1.0" 200 16093 "-" "Mozilla/5.0 AppleWebKit/537.36 (KHTML, like Gecko; compatible; ClaudeBot/1.0; +claudebot@anthropic.com)"
216.73.216.136 - - [13/Apr/2026:19:31:04 +0300] "GET /?u=08017720101 HTTP/1.0" 200 16092 "-" "Mozilla/5.0 AppleWebKit/537.36 (KHTML, like Gecko; compatible; ClaudeBot/1.0; +claudebot@anthropic.com)"
216.73.216.136 - - [13/Apr/2026:19:31:18 +0300] "GET /?u=67896537501 HTTP/1.0" 200 16193 "-" "Mozilla/5.0 AppleWebKit/537.36 (KHTML, like Gecko; compatible; ClaudeBot/1.0; +claudebot@anthropic.com)"
216.73.216.136 - - [13/Apr/2026:19:31:43 +0300] "GET /?u=20920180722101 HTTP/1.0" 200 16103 "-" "Mozilla/5.0 AppleWebKit/537.36 (KHTML, like Gecko; compatible; ClaudeBot/1.0; +claudebot@anthropic.com)"
216.73.216.136 - - [13/Apr/2026:19:31:50 +0300] "GET /?u=01471185602000 HTTP/1.0" 200 16198 "-" "Mozilla/5.0 AppleWebKit/537.36 (KHTML, like Gecko; compatible; ClaudeBot/1.0; +claudebot@anthropic.com)"
216.73.216.136 - - [13/Apr/2026:19:32:17 +0300] "GET /?u=1661845637500 HTTP/1.0" 200 16100 "-" "Mozilla/5.0 AppleWebKit/537.36 (KHTML, like Gecko; compatible; ClaudeBot/1.0; +claudebot@anthropic.com)"
216.73.216.136 - - [13/Apr/2026:19:32:41 +0300] "GET /?u=80907267136201 HTTP/1.0" 200 16199 "-" "Mozilla/5.0 AppleWebKit/537.36 (KHTML, like Gecko; compatible; ClaudeBot/1.0; +claudebot@anthropic.com)"
216.73.216.136 - - [13/Apr/2026:19:33:05 +0300] "GET /?u=7984458089700 HTTP/1.0" 200 16103 "-" "Mozilla/5.0 AppleWebKit/537.36 (KHTML, like Gecko; compatible; ClaudeBot/1.0; +claudebot@anthropic.com)"
216.73.216.136 - - [13/Apr/2026:19:33:14 +0300] "GET /?u=09908246740200 HTTP/1.0" 200 16198 "-" "Mozilla/5.0 AppleWebKit/537.36 (KHTML, like Gecko; compatible; ClaudeBot/1.0; +claudebot@anthropic.com)"
216.73.216.136 - - [13/Apr/2026:19:33:40 +0300] "GET /?u=09919252942701 HTTP/1.0" 200 16104 "-" "Mozilla/5.0 AppleWebKit/537.36 (KHTML, like Gecko; compatible; ClaudeBot/1.0; +claudebot@anthropic.com)"
216.73.216.136 - - [13/Apr/2026:19:34:08 +0300] "GET /?u=09418795301 HTTP/1.0" 200 16190 "-" "Mozilla/5.0 AppleWebKit/537.36 (KHTML, like Gecko; compatible; ClaudeBot/1.0; +claudebot@anthropic.com)"
216.73.216.136 - - [13/Apr/2026:19:34:32 +0300] "GET /?u=87733570200 HTTP/1.0" 200 16091 "-" "Mozilla/5.0 AppleWebKit/537.36 (KHTML, like Gecko; compatible; ClaudeBot/1.0; +claudebot@anthropic.com)"
216.73.216.136 - - [13/Apr/2026:19:34:39 +0300] "GET /?u=09786180401 HTTP/1.0" 200 16192 "-" "Mozilla/5.0 AppleWebKit/537.36 (KHTML, like Gecko; compatible; ClaudeBot/1.0; +claudebot@anthropic.com)"
216.73.216.136 - - [13/Apr/2026:19:35:07 +0300] "GET /?u=2071958913101 HTTP/1.0" 200 16099 "-" "Mozilla/5.0 AppleWebKit/537.36 (KHTML, like Gecko; compatible; ClaudeBot/1.0; +claudebot@anthropic.com)"
216.73.216.136 - - [13/Apr/2026:19:35:31 +0300] "GET /?u=29697233301 HTTP/1.0" 200 16092 "-" "Mozilla/5.0 AppleWebKit/537.36 (KHTML, like Gecko; compatible; ClaudeBot/1.0; +claudebot@anthropic.com)"
216.73.216.136 - - [13/Apr/2026:19:35:37 +0300] "GET /?u=4098753601 HTTP/1.0" 200 16187 "-" "Mozilla/5.0 AppleWebKit/537.36 (KHTML, like Gecko; compatible; ClaudeBot/1.0; +claudebot@anthropic.com)"
216.73.216.136 - - [13/Apr/2026:19:36:01 +0300] "GET /?u=77096158998601 HTTP/1.0" 200 16102 "-" "Mozilla/5.0 AppleWebKit/537.36 (KHTML, like Gecko; compatible; ClaudeBot/1.0; +claudebot@anthropic.com)"
216.73.216.136 - - [13/Apr/2026:19:36:09 +0300] "GET /?u=83979135652000 HTTP/1.0" 200 16198 "-" "Mozilla/5.0 AppleWebKit/537.36 (KHTML, like Gecko; compatible; ClaudeBot/1.0; +claudebot@anthropic.com)"
216.73.216.136 - - [13/Apr/2026:19:36:36 +0300] "GET /?u=5409734099201 HTTP/1.0" 200 16096 "-" "Mozilla/5.0 AppleWebKit/537.36 (KHTML, like Gecko; compatible; ClaudeBot/1.0; +claudebot@anthropic.com)"
216.73.216.136 - - [13/Apr/2026:19:37:00 +0300] "GET /?u=7112914848701 HTTP/1.0" 200 16097 "-" "Mozilla/5.0 AppleWebKit/537.36 (KHTML, like Gecko; compatible; ClaudeBot/1.0; +claudebot@anthropic.com)"
216.73.216.136 - - [13/Apr/2026:19:37:10 +0300] "GET /?u=95029197000 HTTP/1.0" 200 16190 "-" "Mozilla/5.0 AppleWebKit/537.36 (KHTML, like Gecko; compatible; ClaudeBot/1.0; +claudebot@anthropic.com)"
216.73.216.136 - - [13/Apr/2026:19:37:34 +0300] "GET /shopbrand/L012803583403 HTTP/1.0" 404 1179 "-" "Mozilla/5.0 AppleWebKit/537.36 (KHTML, like Gecko; compatible; ClaudeBot/1.0; +claudebot@anthropic.com)"
216.73.216.136 - - [13/Apr/2026:19:37:58 +0300] "GET /?u=50281135762201 HTTP/1.0" 200 16103 "-" "Mozilla/5.0 AppleWebKit/537.36 (KHTML, like Gecko; compatible; ClaudeBot/1.0; +claudebot@anthropic.com)"
216.73.216.136 - - [13/Apr/2026:19:38:22 +0300] "GET /?u=6222014580700 HTTP/1.0" 200 16101 "-" "Mozilla/5.0 AppleWebKit/537.36 (KHTML, like Gecko; compatible; ClaudeBot/1.0; +claudebot@anthropic.com)"
216.73.216.136 - - [13/Apr/2026:19:38:32 +0300] "GET /?u=5239784015000 HTTP/1.0" 200 16192 "-" "Mozilla/5.0 AppleWebKit/537.36 (KHTML, like Gecko; compatible; ClaudeBot/1.0; +claudebot@anthropic.com)"
216.73.216.136 - - [13/Apr/2026:19:38:56 +0300] "GET /?u=1120855862000 HTTP/1.0" 200 16101 "-" "Mozilla/5.0 AppleWebKit/537.36 (KHTML, like Gecko; compatible; ClaudeBot/1.0; +claudebot@anthropic.com)"
216.73.216.136 - - [13/Apr/2026:19:39:04 +0300] "GET /?u=2520645501701 HTTP/1.0" 200 16194 "-" "Mozilla/5.0 AppleWebKit/537.36 (KHTML, like Gecko; compatible; ClaudeBot/1.0; +claudebot@anthropic.com)"
216.73.216.136 - - [13/Apr/2026:19:39:20 +0300] "GET /?u=97477225754101 HTTP/1.0" 200 16102 "-" "Mozilla/5.0 AppleWebKit/537.36 (KHTML, like Gecko; compatible; ClaudeBot/1.0; +claudebot@anthropic.com)"
216.73.216.136 - - [13/Apr/2026:19:39:48 +0300] "GET /robots.txt HTTP/1.0" 200 392 "-" "Mozilla/5.0 AppleWebKit/537.36 (KHTML, like Gecko; compatible; ClaudeBot/1.0; +claudebot@anthropic.com)"
216.73.216.136 - - [13/Apr/2026:19:39:44 +0300] "GET /?u=2851585705000 HTTP/1.0" 200 16099 "-" "Mozilla/5.0 AppleWebKit/537.36 (KHTML, like Gecko; compatible; ClaudeBot/1.0; +claudebot@anthropic.com)"
216.73.216.136 - - [13/Apr/2026:19:39:53 +0300] "GET /?u=506671401 HTTP/1.0" 200 16188 "-" "Mozilla/5.0 AppleWebKit/537.36 (KHTML, like Gecko; compatible; ClaudeBot/1.0; +claudebot@anthropic.com)"
216.73.216.136 - - [13/Apr/2026:19:40:02 +0300] "GET /?u=09117220101 HTTP/1.0" 200 16095 "-" "Mozilla/5.0 AppleWebKit/537.36 (KHTML, like Gecko; compatible; ClaudeBot/1.0; +claudebot@anthropic.com)"
216.73.216.136 - - [13/Apr/2026:19:40:11 +0300] "GET /?u=78077135382000 HTTP/1.0" 200 16100 "-" "Mozilla/5.0 AppleWebKit/537.36 (KHTML, like Gecko; compatible; ClaudeBot/1.0; +claudebot@anthropic.com)"
216.73.216.136 - - [13/Apr/2026:19:40:23 +0300] "GET /?u=05809562801 HTTP/1.0" 200 16096 "-" "Mozilla/5.0 AppleWebKit/537.36 (KHTML, like Gecko; compatible; ClaudeBot/1.0; +claudebot@anthropic.com)"
216.73.216.136 - - [13/Apr/2026:19:40:32 +0300] "GET /?u=6890750800 HTTP/1.0" 200 16091 "-" "Mozilla/5.0 AppleWebKit/537.36 (KHTML, like Gecko; compatible; ClaudeBot/1.0; +claudebot@anthropic.com)"
216.73.216.136 - - [13/Apr/2026:19:40:41 +0300] "GET /?u=08024199490700 HTTP/1.0" 200 16102 "-" "Mozilla/5.0 AppleWebKit/537.36 (KHTML, like Gecko; compatible; ClaudeBot/1.0; +claudebot@anthropic.com)"
216.73.216.136 - - [13/Apr/2026:19:40:47 +0300] "GET /?u=99339252862001 HTTP/1.0" 200 16101 "-" "Mozilla/5.0 AppleWebKit/537.36 (KHTML, like Gecko; compatible; ClaudeBot/1.0; +claudebot@anthropic.com)"
94.154.35.236 - - [13/Apr/2026:19:41:00 +0300] "HEAD /site.rar HTTP/1.1" 301 0 "-" "Mozilla/5.0 (Windows NT 10.0; Win64; x64) AppleWebKit/537.36 (KHTML, like Gecko) Chrome/101.0.4951.67 Safari/537.36"
216.73.216.136 - - [13/Apr/2026:19:40:55 +0300] "GET /?u=3973739248201 HTTP/1.0" 200 16195 "-" "Mozilla/5.0 AppleWebKit/537.36 (KHTML, like Gecko; compatible; ClaudeBot/1.0; +claudebot@anthropic.com)"
94.154.35.236 - - [13/Apr/2026:19:41:01 +0300] "HEAD /site.rar HTTP/1.0" 404 294 "-" "Mozilla/5.0 (Windows NT 10.0; Win64; x64) AppleWebKit/537.36 (KHTML, like Gecko) Chrome/101.0.4951.67 Safari/537.36"
216.73.216.136 - - [13/Apr/2026:19:41:04 +0300] "GET /?u=7817439787201 HTTP/1.0" 200 16097 "-" "Mozilla/5.0 AppleWebKit/537.36 (KHTML, like Gecko; compatible; ClaudeBot/1.0; +claudebot@anthropic.com)"
216.73.216.136 - - [13/Apr/2026:19:41:11 +0300] "GET /?u=0696980717600 HTTP/1.0" 200 16199 "-" "Mozilla/5.0 AppleWebKit/537.36 (KHTML, like Gecko; compatible; ClaudeBot/1.0; +claudebot@anthropic.com)"
216.73.216.136 - - [13/Apr/2026:19:41:23 +0300] "GET /?u=2873513252501 HTTP/1.0" 200 16098 "-" "Mozilla/5.0 AppleWebKit/537.36 (KHTML, like Gecko; compatible; ClaudeBot/1.0; +claudebot@anthropic.com)"
216.73.216.136 - - [13/Apr/2026:19:41:35 +0300] "GET /?u=02182136138201 HTTP/1.0" 200 16102 "-" "Mozilla/5.0 AppleWebKit/537.36 (KHTML, like Gecko; compatible; ClaudeBot/1.0; +claudebot@anthropic.com)"
216.73.216.136 - - [13/Apr/2026:19:41:44 +0300] "GET /?u=50213100733200 HTTP/1.0" 200 16198 "-" "Mozilla/5.0 AppleWebKit/537.36 (KHTML, like Gecko; compatible; ClaudeBot/1.0; +claudebot@anthropic.com)"
216.73.216.136 - - [13/Apr/2026:19:41:55 +0300] "GET /?u=4640439734100 HTTP/1.0" 200 16098 "-" "Mozilla/5.0 AppleWebKit/537.36 (KHTML, like Gecko; compatible; ClaudeBot/1.0; +claudebot@anthropic.com)"
216.73.216.136 - - [13/Apr/2026:19:42:07 +0300] "GET /?u=0133358944600 HTTP/1.0" 200 16101 "-" "Mozilla/5.0 AppleWebKit/537.36 (KHTML, like Gecko; compatible; ClaudeBot/1.0; +claudebot@anthropic.com)"
216.73.216.136 - - [13/Apr/2026:19:42:16 +0300] "GET /?u=1909925822600 HTTP/1.0" 200 16196 "-" "Mozilla/5.0 AppleWebKit/537.36 (KHTML, like Gecko; compatible; ClaudeBot/1.0; +claudebot@anthropic.com)"
216.73.216.136 - - [13/Apr/2026:19:42:19 +0300] "GET /?u=6907944700 HTTP/1.0" 200 16093 "-" "Mozilla/5.0 AppleWebKit/537.36 (KHTML, like Gecko; compatible; ClaudeBot/1.0; +claudebot@anthropic.com)"
216.73.216.136 - - [13/Apr/2026:19:42:31 +0300] "GET /?u=28065935801 HTTP/1.0" 200 16095 "-" "Mozilla/5.0 AppleWebKit/537.36 (KHTML, like Gecko; compatible; ClaudeBot/1.0; +claudebot@anthropic.com)"
216.73.216.136 - - [13/Apr/2026:19:42:43 +0300] "GET /?u=24738723201 HTTP/1.0" 200 16092 "-" "Mozilla/5.0 AppleWebKit/537.36 (KHTML, like Gecko; compatible; ClaudeBot/1.0; +claudebot@anthropic.com)"
216.73.216.136 - - [13/Apr/2026:19:42:50 +0300] "GET /?u=87013136041201 HTTP/1.0" 200 16197 "-" "Mozilla/5.0 AppleWebKit/537.36 (KHTML, like Gecko; compatible; ClaudeBot/1.0; +claudebot@anthropic.com)"
216.73.216.136 - - [13/Apr/2026:19:43:07 +0300] "GET /?u=11047180975700 HTTP/1.0" 200 16103 "-" "Mozilla/5.0 AppleWebKit/537.36 (KHTML, like Gecko; compatible; ClaudeBot/1.0; +claudebot@anthropic.com)"
216.73.216.136 - - [13/Apr/2026:19:43:41 +0300] "GET /?u=37972135222000 HTTP/1.0" 200 16197 "-" "Mozilla/5.0 AppleWebKit/537.36 (KHTML, like Gecko; compatible; ClaudeBot/1.0; +claudebot@anthropic.com)"
216.73.216.136 - - [13/Apr/2026:19:44:11 +0300] "GET /?u=0773110801 HTTP/1.0" 200 16188 "-" "Mozilla/5.0 AppleWebKit/537.36 (KHTML, like Gecko; compatible; ClaudeBot/1.0; +claudebot@anthropic.com)"
216.73.216.136 - - [13/Apr/2026:19:44:20 +0300] "GET /?u=6644227701 HTTP/1.0" 200 16188 "-" "Mozilla/5.0 AppleWebKit/537.36 (KHTML, like Gecko; compatible; ClaudeBot/1.0; +claudebot@anthropic.com)"
216.73.216.136 - - [13/Apr/2026:19:44:26 +0300] "GET /?u=9412880484201 HTTP/1.0" 200 16198 "-" "Mozilla/5.0 AppleWebKit/537.36 (KHTML, like Gecko; compatible; ClaudeBot/1.0; +claudebot@anthropic.com)"
216.73.216.136 - - [13/Apr/2026:19:44:59 +0300] "GET /?u=3809258917100 HTTP/1.0" 200 16196 "-" "Mozilla/5.0 AppleWebKit/537.36 (KHTML, like Gecko; compatible; ClaudeBot/1.0; +claudebot@anthropic.com)"
66.249.64.224 - - [13/Apr/2026:19:45:24 +0300] "GET /robots.txt HTTP/1.0" 200 392 "-" "Mozilla/5.0 (compatible; Googlebot/2.1; +http://www.google.com/bot.html)"
216.73.216.136 - - [13/Apr/2026:19:45:29 +0300] "GET /?u=27399264458401 HTTP/1.0" 200 16200 "-" "Mozilla/5.0 AppleWebKit/537.36 (KHTML, like Gecko; compatible; ClaudeBot/1.0; +claudebot@anthropic.com)"
216.73.216.136 - - [13/Apr/2026:19:45:36 +0300] "GET /?u=0284734731900 HTTP/1.0" 200 16098 "-" "Mozilla/5.0 AppleWebKit/537.36 (KHTML, like Gecko; compatible; ClaudeBot/1.0; +claudebot@anthropic.com)"
216.73.216.136 - - [13/Apr/2026:19:45:47 +0300] "GET /shopbrand/L013480977294 HTTP/1.0" 404 1179 "-" "Mozilla/5.0 AppleWebKit/537.36 (KHTML, like Gecko; compatible; ClaudeBot/1.0; +claudebot@anthropic.com)"
216.73.216.136 - - [13/Apr/2026:19:46:18 +0300] "GET /?u=8188090129901 HTTP/1.0" 200 16193 "-" "Mozilla/5.0 AppleWebKit/537.36 (KHTML, like Gecko; compatible; ClaudeBot/1.0; +claudebot@anthropic.com)"
