194.186.171.78 - - [13/Apr/2026:17:59:46 +0300] "GET /images/2021/02/12/ico3.png HTTP/1.1" 200 2693 "https://bazasetok.ru/" "Mozilla/5.0 (Windows NT 10.0; Win64; x64) AppleWebKit/537.36 (KHTML, like Gecko) Chrome/144.0.0.0 YaBrowser/26.3.0.0 Safari/537.36"
194.186.171.78 - - [13/Apr/2026:17:59:46 +0300] "GET /images/2021/02/12/ico4.png HTTP/1.1" 200 2650 "https://bazasetok.ru/" "Mozilla/5.0 (Windows NT 10.0; Win64; x64) AppleWebKit/537.36 (KHTML, like Gecko) Chrome/144.0.0.0 YaBrowser/26.3.0.0 Safari/537.36"
194.186.171.78 - - [13/Apr/2026:17:59:46 +0300] "GET /images/2021/03/30/grid.png HTTP/1.1" 200 5091 "https://bazasetok.ru/" "Mozilla/5.0 (Windows NT 10.0; Win64; x64) AppleWebKit/537.36 (KHTML, like Gecko) Chrome/144.0.0.0 YaBrowser/26.3.0.0 Safari/537.36"
194.186.171.78 - - [13/Apr/2026:17:59:46 +0300] "GET /images/2021/02/12/ico6.png HTTP/1.1" 200 2212 "https://bazasetok.ru/" "Mozilla/5.0 (Windows NT 10.0; Win64; x64) AppleWebKit/537.36 (KHTML, like Gecko) Chrome/144.0.0.0 YaBrowser/26.3.0.0 Safari/537.36"
194.186.171.78 - - [13/Apr/2026:17:59:46 +0300] "GET /images/2024/12/15/100043968397b0.jpg HTTP/1.1" 200 108752 "https://bazasetok.ru/" "Mozilla/5.0 (Windows NT 10.0; Win64; x64) AppleWebKit/537.36 (KHTML, like Gecko) Chrome/144.0.0.0 YaBrowser/26.3.0.0 Safari/537.36"
194.186.171.78 - - [13/Apr/2026:17:59:46 +0300] "GET /images/2021/02/12/prod1.jpg HTTP/1.1" 200 108902 "https://bazasetok.ru/" "Mozilla/5.0 (Windows NT 10.0; Win64; x64) AppleWebKit/537.36 (KHTML, like Gecko) Chrome/144.0.0.0 YaBrowser/26.3.0.0 Safari/537.36"
194.186.171.78 - - [13/Apr/2026:17:59:46 +0300] "GET /images/2021/02/12/prod2.jpg HTTP/1.1" 200 73696 "https://bazasetok.ru/" "Mozilla/5.0 (Windows NT 10.0; Win64; x64) AppleWebKit/537.36 (KHTML, like Gecko) Chrome/144.0.0.0 YaBrowser/26.3.0.0 Safari/537.36"
194.186.171.78 - - [13/Apr/2026:17:59:46 +0300] "GET /images/2021/02/12/prod3.jpg HTTP/1.1" 200 77190 "https://bazasetok.ru/" "Mozilla/5.0 (Windows NT 10.0; Win64; x64) AppleWebKit/537.36 (KHTML, like Gecko) Chrome/144.0.0.0 YaBrowser/26.3.0.0 Safari/537.36"
194.186.171.78 - - [13/Apr/2026:17:59:46 +0300] "GET /images/2021/02/12/prod4.jpg HTTP/1.1" 200 101731 "https://bazasetok.ru/" "Mozilla/5.0 (Windows NT 10.0; Win64; x64) AppleWebKit/537.36 (KHTML, like Gecko) Chrome/144.0.0.0 YaBrowser/26.3.0.0 Safari/537.36"
194.186.171.78 - - [13/Apr/2026:17:59:46 +0300] "GET /images/2021/02/12/prod5.jpg HTTP/1.1" 200 101606 "https://bazasetok.ru/" "Mozilla/5.0 (Windows NT 10.0; Win64; x64) AppleWebKit/537.36 (KHTML, like Gecko) Chrome/144.0.0.0 YaBrowser/26.3.0.0 Safari/537.36"
194.186.171.78 - - [13/Apr/2026:17:59:46 +0300] "GET /images/2021/02/12/prod7.jpg HTTP/1.1" 200 87663 "https://bazasetok.ru/" "Mozilla/5.0 (Windows NT 10.0; Win64; x64) AppleWebKit/537.36 (KHTML, like Gecko) Chrome/144.0.0.0 YaBrowser/26.3.0.0 Safari/537.36"
194.186.171.78 - - [13/Apr/2026:17:59:46 +0300] "GET /images/2021/02/12/prod6.jpg HTTP/1.1" 200 73483 "https://bazasetok.ru/" "Mozilla/5.0 (Windows NT 10.0; Win64; x64) AppleWebKit/537.36 (KHTML, like Gecko) Chrome/144.0.0.0 YaBrowser/26.3.0.0 Safari/537.36"
194.186.171.78 - - [13/Apr/2026:17:59:46 +0300] "GET /images/2021/06/21/prod8.jpg HTTP/1.1" 200 82932 "https://bazasetok.ru/" "Mozilla/5.0 (Windows NT 10.0; Win64; x64) AppleWebKit/537.36 (KHTML, like Gecko) Chrome/144.0.0.0 YaBrowser/26.3.0.0 Safari/537.36"
194.186.171.78 - - [13/Apr/2026:17:59:46 +0300] "GET /images/2022/12/28/gazel-bz.png HTTP/1.1" 200 171428 "https://bazasetok.ru/" "Mozilla/5.0 (Windows NT 10.0; Win64; x64) AppleWebKit/537.36 (KHTML, like Gecko) Chrome/144.0.0.0 YaBrowser/26.3.0.0 Safari/537.36"
194.186.171.78 - - [13/Apr/2026:17:59:46 +0300] "GET /images/2021/02/12/checked.png HTTP/1.1" 200 3648 "https://bazasetok.ru/" "Mozilla/5.0 (Windows NT 10.0; Win64; x64) AppleWebKit/537.36 (KHTML, like Gecko) Chrome/144.0.0.0 YaBrowser/26.3.0.0 Safari/537.36"
194.186.171.78 - - [13/Apr/2026:17:59:46 +0300] "GET /images/2021/02/12/forma-woman2.jpg HTTP/1.1" 200 79514 "https://bazasetok.ru/" "Mozilla/5.0 (Windows NT 10.0; Win64; x64) AppleWebKit/537.36 (KHTML, like Gecko) Chrome/144.0.0.0 YaBrowser/26.3.0.0 Safari/537.36"
194.186.171.78 - - [13/Apr/2026:17:59:46 +0300] "GET /images/2021/02/17/map-rf.jpg HTTP/1.1" 200 78516 "https://bazasetok.ru/" "Mozilla/5.0 (Windows NT 10.0; Win64; x64) AppleWebKit/537.36 (KHTML, like Gecko) Chrome/144.0.0.0 YaBrowser/26.3.0.0 Safari/537.36"
194.186.171.78 - - [13/Apr/2026:17:59:47 +0300] "GET /modules/mod_mycityselector/tmpl/webpack/mcs-modal/dist/build.js HTTP/1.1" 200 215293 "https://bazasetok.ru/" "Mozilla/5.0 (Windows NT 10.0; Win64; x64) AppleWebKit/537.36 (KHTML, like Gecko) Chrome/144.0.0.0 YaBrowser/26.3.0.0 Safari/537.36"
194.186.171.78 - - [13/Apr/2026:17:59:47 +0300] "GET /images/2021/02/12/topfon.jpg HTTP/1.1" 200 287229 "https://bazasetok.ru/" "Mozilla/5.0 (Windows NT 10.0; Win64; x64) AppleWebKit/537.36 (KHTML, like Gecko) Chrome/144.0.0.0 YaBrowser/26.3.0.0 Safari/537.36"
194.186.171.78 - - [13/Apr/2026:17:59:48 +0300] "GET /templates/shaper_helixultimate/fonts/fa-solid-900.woff HTTP/1.0" 200 98648 "https://bazasetok.ru/templates/shaper_helixultimate/css/font-awesome.min.css" "Mozilla/5.0 (Windows NT 10.0; Win64; x64) AppleWebKit/537.36 (KHTML, like Gecko) Chrome/144.0.0.0 YaBrowser/26.3.0.0 Safari/537.36"
194.186.171.78 - - [13/Apr/2026:17:59:48 +0300] "GET /images/2022/12/28/noroot.png HTTP/1.1" 200 160433 "https://bazasetok.ru/" "Mozilla/5.0 (Windows NT 10.0; Win64; x64) AppleWebKit/537.36 (KHTML, like Gecko) Chrome/144.0.0.0 YaBrowser/26.3.0.0 Safari/537.36"
194.186.171.78 - - [13/Apr/2026:17:59:48 +0300] "GET /templates/shaper_helixultimate/fonts/fa-brands-400.woff HTTP/1.0" 200 88692 "https://bazasetok.ru/templates/shaper_helixultimate/css/font-awesome.min.css" "Mozilla/5.0 (Windows NT 10.0; Win64; x64) AppleWebKit/537.36 (KHTML, like Gecko) Chrome/144.0.0.0 YaBrowser/26.3.0.0 Safari/537.36"
194.186.171.78 - - [13/Apr/2026:17:59:50 +0300] "GET /images/fav.jpg HTTP/1.1" 200 4345 "https://bazasetok.ru/" "Mozilla/5.0 (Windows NT 10.0; Win64; x64) AppleWebKit/537.36 (KHTML, like Gecko) Chrome/144.0.0.0 YaBrowser/26.3.0.0 Safari/537.36"
216.73.216.136 - - [13/Apr/2026:17:59:45 +0300] "GET /?u=36237254570801 HTTP/1.0" 200 16101 "-" "Mozilla/5.0 AppleWebKit/537.36 (KHTML, like Gecko; compatible; ClaudeBot/1.0; +claudebot@anthropic.com)"
216.73.216.136 - - [13/Apr/2026:18:00:17 +0300] "GET /?u=59639185988200 HTTP/1.0" 200 16199 "-" "Mozilla/5.0 AppleWebKit/537.36 (KHTML, like Gecko; compatible; ClaudeBot/1.0; +claudebot@anthropic.com)"
216.73.216.136 - - [13/Apr/2026:18:00:25 +0300] "GET /?u=19922306100 HTTP/1.0" 200 16095 "-" "Mozilla/5.0 AppleWebKit/537.36 (KHTML, like Gecko; compatible; ClaudeBot/1.0; +claudebot@anthropic.com)"
13.75.213.214 - - [13/Apr/2026:18:00:36 +0300] "GET /admin.php HTTP/1.0" 404 1276 "-" "Mozilla/5.0 (Windows NT 10.0; Win64; x64) AppleWebKit/537.36 (KHTML, like Gecko) Chrome/120.0.0.0 Safari/537.36"
216.73.216.136 - - [13/Apr/2026:18:00:34 +0300] "GET /?u=2805114902300 HTTP/1.0" 200 16101 "-" "Mozilla/5.0 AppleWebKit/537.36 (KHTML, like Gecko; compatible; ClaudeBot/1.0; +claudebot@anthropic.com)"
13.75.213.214 - - [13/Apr/2026:18:00:40 +0300] "GET /inputs.php HTTP/1.0" 404 1276 "-" "Mozilla/5.0 (Windows NT 10.0; Win64; x64) AppleWebKit/537.36 (KHTML, like Gecko) Chrome/120.0.0.0 Safari/537.36"
13.75.213.214 - - [13/Apr/2026:18:00:44 +0300] "GET /file.php HTTP/1.0" 404 1276 "-" "Mozilla/5.0 (Windows NT 10.0; Win64; x64) AppleWebKit/537.36 (KHTML, like Gecko) Chrome/120.0.0.0 Safari/537.36"
216.73.216.136 - - [13/Apr/2026:18:00:43 +0300] "GET /?u=28029100769601 HTTP/1.0" 200 16104 "-" "Mozilla/5.0 AppleWebKit/537.36 (KHTML, like Gecko; compatible; ClaudeBot/1.0; +claudebot@anthropic.com)"
13.75.213.214 - - [13/Apr/2026:18:00:48 +0300] "GET /goods.php HTTP/1.0" 404 1276 "-" "Mozilla/5.0 (Windows NT 10.0; Win64; x64) AppleWebKit/537.36 (KHTML, like Gecko) Chrome/120.0.0.0 Safari/537.36"
13.75.213.214 - - [13/Apr/2026:18:00:52 +0300] "GET /ms-edit.php HTTP/1.0" 404 1276 "-" "Mozilla/5.0 (Windows NT 10.0; Win64; x64) AppleWebKit/537.36 (KHTML, like Gecko) Chrome/120.0.0.0 Safari/537.36"
216.73.216.136 - - [13/Apr/2026:18:00:52 +0300] "GET /?u=9970034836701 HTTP/1.0" 200 16103 "-" "Mozilla/5.0 AppleWebKit/537.36 (KHTML, like Gecko; compatible; ClaudeBot/1.0; +claudebot@anthropic.com)"
13.75.213.214 - - [13/Apr/2026:18:00:57 +0300] "GET /simple.php HTTP/1.0" 404 1276 "-" "Mozilla/5.0 (Windows NT 10.0; Win64; x64) AppleWebKit/537.36 (KHTML, like Gecko) Chrome/120.0.0.0 Safari/537.36"
13.75.213.214 - - [13/Apr/2026:18:01:01 +0300] "GET /bgymj.php HTTP/1.0" 404 1276 "-" "Mozilla/5.0 (Windows NT 10.0; Win64; x64) AppleWebKit/537.36 (KHTML, like Gecko) Chrome/120.0.0.0 Safari/537.36"
216.73.216.136 - - [13/Apr/2026:18:01:01 +0300] "GET /?u=18021264502000 HTTP/1.0" 200 16099 "-" "Mozilla/5.0 AppleWebKit/537.36 (KHTML, like Gecko; compatible; ClaudeBot/1.0; +claudebot@anthropic.com)"
13.75.213.214 - - [13/Apr/2026:18:01:05 +0300] "GET /wp-content/plugins/twenty/login.php HTTP/1.0" 404 1276 "-" "Mozilla/5.0 (Windows NT 10.0; Win64; x64) AppleWebKit/537.36 (KHTML, like Gecko) Chrome/120.0.0.0 Safari/537.36"
13.75.213.214 - - [13/Apr/2026:18:01:09 +0300] "GET /404.php HTTP/1.0" 404 1276 "-" "Mozilla/5.0 (Windows NT 10.0; Win64; x64) AppleWebKit/537.36 (KHTML, like Gecko) Chrome/120.0.0.0 Safari/537.36"
216.73.216.136 - - [13/Apr/2026:18:01:10 +0300] "GET /?u=0193314652201 HTTP/1.0" 200 16101 "-" "Mozilla/5.0 AppleWebKit/537.36 (KHTML, like Gecko; compatible; ClaudeBot/1.0; +claudebot@anthropic.com)"
13.75.213.214 - - [13/Apr/2026:18:01:13 +0300] "GET /file3.php HTTP/1.0" 404 1276 "-" "Mozilla/5.0 (Windows NT 10.0; Win64; x64) AppleWebKit/537.36 (KHTML, like Gecko) Chrome/120.0.0.0 Safari/537.36"
13.75.213.214 - - [13/Apr/2026:18:01:17 +0300] "GET /wp-mail.php HTTP/1.0" 404 1276 "-" "Mozilla/5.0 (Windows NT 10.0; Win64; x64) AppleWebKit/537.36 (KHTML, like Gecko) Chrome/120.0.0.0 Safari/537.36"
13.75.213.214 - - [13/Apr/2026:18:01:21 +0300] "GET /about.php HTTP/1.0" 404 1276 "-" "Mozilla/5.0 (Windows NT 10.0; Win64; x64) AppleWebKit/537.36 (KHTML, like Gecko) Chrome/120.0.0.0 Safari/537.36"
216.73.216.136 - - [13/Apr/2026:18:01:22 +0300] "GET /?u=0806145223600 HTTP/1.0" 200 16099 "-" "Mozilla/5.0 AppleWebKit/537.36 (KHTML, like Gecko; compatible; ClaudeBot/1.0; +claudebot@anthropic.com)"
13.75.213.214 - - [13/Apr/2026:18:01:26 +0300] "GET /wp.php HTTP/1.0" 404 1276 "-" "Mozilla/5.0 (Windows NT 10.0; Win64; x64) AppleWebKit/537.36 (KHTML, like Gecko) Chrome/120.0.0.0 Safari/537.36"
13.75.213.214 - - [13/Apr/2026:18:01:30 +0300] "GET /.dj/index.php HTTP/1.0" 404 1276 "-" "Mozilla/5.0 (Windows NT 10.0; Win64; x64) AppleWebKit/537.36 (KHTML, like Gecko) Chrome/120.0.0.0 Safari/537.36"
111.225.148.140 - - [13/Apr/2026:18:01:35 +0300] "GET /robots.txt HTTP/1.0" 200 392 "-" "Mozilla/5.0 (Linux; Android 5.0) AppleWebKit/537.36 (KHTML, like Gecko) Mobile Safari/537.36 (compatible; Bytespider; https://zhanzhang.toutiao.com/)"
13.75.213.214 - - [13/Apr/2026:18:01:34 +0300] "GET /adminfuns.php HTTP/1.0" 404 1276 "-" "Mozilla/5.0 (Windows NT 10.0; Win64; x64) AppleWebKit/537.36 (KHTML, like Gecko) Chrome/120.0.0.0 Safari/537.36"
13.75.213.214 - - [13/Apr/2026:18:01:38 +0300] "GET /php8.php HTTP/1.0" 404 1276 "-" "Mozilla/5.0 (Windows NT 10.0; Win64; x64) AppleWebKit/537.36 (KHTML, like Gecko) Chrome/120.0.0.0 Safari/537.36"
13.75.213.214 - - [13/Apr/2026:18:01:42 +0300] "GET /classwithtostring.php HTTP/1.0" 404 1276 "-" "Mozilla/5.0 (Windows NT 10.0; Win64; x64) AppleWebKit/537.36 (KHTML, like Gecko) Chrome/120.0.0.0 Safari/537.36"
13.75.213.214 - - [13/Apr/2026:18:01:46 +0300] "GET /info.php HTTP/1.0" 404 1276 "-" "Mozilla/5.0 (Windows NT 10.0; Win64; x64) AppleWebKit/537.36 (KHTML, like Gecko) Chrome/120.0.0.0 Safari/537.36"
13.75.213.214 - - [13/Apr/2026:18:01:50 +0300] "GET /ioxi-o.php HTTP/1.0" 404 1276 "-" "Mozilla/5.0 (Windows NT 10.0; Win64; x64) AppleWebKit/537.36 (KHTML, like Gecko) Chrome/120.0.0.0 Safari/537.36"
216.73.216.136 - - [13/Apr/2026:18:01:47 +0300] "GET /?u=2989145652201 HTTP/1.0" 200 16100 "-" "Mozilla/5.0 AppleWebKit/537.36 (KHTML, like Gecko; compatible; ClaudeBot/1.0; +claudebot@anthropic.com)"
13.75.213.214 - - [13/Apr/2026:18:01:54 +0300] "GET /011i.php HTTP/1.0" 404 1276 "-" "Mozilla/5.0 (Windows NT 10.0; Win64; x64) AppleWebKit/537.36 (KHTML, like Gecko) Chrome/120.0.0.0 Safari/537.36"
13.75.213.214 - - [13/Apr/2026:18:01:58 +0300] "GET /edit.php HTTP/1.0" 404 1276 "-" "Mozilla/5.0 (Windows NT 10.0; Win64; x64) AppleWebKit/537.36 (KHTML, like Gecko) Chrome/120.0.0.0 Safari/537.36"
13.75.213.214 - - [13/Apr/2026:18:02:03 +0300] "GET /sid3.php HTTP/1.0" 404 1276 "-" "Mozilla/5.0 (Windows NT 10.0; Win64; x64) AppleWebKit/537.36 (KHTML, like Gecko) Chrome/120.0.0.0 Safari/537.36"
13.75.213.214 - - [13/Apr/2026:18:02:06 +0300] "GET /load.php HTTP/1.0" 404 1276 "-" "Mozilla/5.0 (Windows NT 10.0; Win64; x64) AppleWebKit/537.36 (KHTML, like Gecko) Chrome/120.0.0.0 Safari/537.36"
13.75.213.214 - - [13/Apr/2026:18:02:09 +0300] "GET /166.php HTTP/1.0" 404 1276 "-" "Mozilla/5.0 (Windows NT 10.0; Win64; x64) AppleWebKit/537.36 (KHTML, like Gecko) Chrome/120.0.0.0 Safari/537.36"
13.75.213.214 - - [13/Apr/2026:18:02:13 +0300] "GET /wp-mail.php HTTP/1.0" 404 1276 "-" "Mozilla/5.0 (Windows NT 10.0; Win64; x64) AppleWebKit/537.36 (KHTML, like Gecko) Chrome/120.0.0.0 Safari/537.36"
13.75.213.214 - - [13/Apr/2026:18:02:16 +0300] "GET /leaf.php HTTP/1.0" 404 1276 "-" "Mozilla/5.0 (Windows NT 10.0; Win64; x64) AppleWebKit/537.36 (KHTML, like Gecko) Chrome/120.0.0.0 Safari/537.36"
13.75.213.214 - - [13/Apr/2026:18:02:20 +0300] "GET /grsiuk.php HTTP/1.0" 404 1276 "-" "Mozilla/5.0 (Windows NT 10.0; Win64; x64) AppleWebKit/537.36 (KHTML, like Gecko) Chrome/120.0.0.0 Safari/537.36"
13.75.213.214 - - [13/Apr/2026:18:02:23 +0300] "GET /8.php HTTP/1.0" 404 1276 "-" "Mozilla/5.0 (Windows NT 10.0; Win64; x64) AppleWebKit/537.36 (KHTML, like Gecko) Chrome/120.0.0.0 Safari/537.36"
13.75.213.214 - - [13/Apr/2026:18:02:26 +0300] "GET /fs.php HTTP/1.0" 404 1276 "-" "Mozilla/5.0 (Windows NT 10.0; Win64; x64) AppleWebKit/537.36 (KHTML, like Gecko) Chrome/120.0.0.0 Safari/537.36"
216.73.216.136 - - [13/Apr/2026:18:02:27 +0300] "GET /?u=43672883001 HTTP/1.0" 200 16192 "-" "Mozilla/5.0 AppleWebKit/537.36 (KHTML, like Gecko; compatible; ClaudeBot/1.0; +claudebot@anthropic.com)"
13.75.213.214 - - [13/Apr/2026:18:02:33 +0300] "GET /ws38.php HTTP/1.0" 404 1276 "-" "Mozilla/5.0 (Windows NT 10.0; Win64; x64) AppleWebKit/537.36 (KHTML, like Gecko) Chrome/120.0.0.0 Safari/537.36"
13.75.213.214 - - [13/Apr/2026:18:02:37 +0300] "GET /a7.php HTTP/1.0" 404 1276 "-" "Mozilla/5.0 (Windows NT 10.0; Win64; x64) AppleWebKit/537.36 (KHTML, like Gecko) Chrome/120.0.0.0 Safari/537.36"
13.75.213.214 - - [13/Apr/2026:18:02:41 +0300] "GET /classsmtps.php HTTP/1.0" 404 1276 "-" "Mozilla/5.0 (Windows NT 10.0; Win64; x64) AppleWebKit/537.36 (KHTML, like Gecko) Chrome/120.0.0.0 Safari/537.36"
121.158.176.40 - - [13/Apr/2026:18:02:42 +0300] "GET / HTTP/1.0" 200 16151 "https://bazasetok.ru/" "Mozilla/5.0 (X11; Linux x86_64) AppleWebKit/537.36 (KHTML, like Gecko) Chrome/120.0.0.0 Safari/537.36"
13.75.213.214 - - [13/Apr/2026:18:02:46 +0300] "GET /amax.php HTTP/1.0" 404 1276 "-" "Mozilla/5.0 (Windows NT 10.0; Win64; x64) AppleWebKit/537.36 (KHTML, like Gecko) Chrome/120.0.0.0 Safari/537.36"
13.75.213.214 - - [13/Apr/2026:18:02:50 +0300] "GET /CDX1.php HTTP/1.0" 404 1276 "-" "Mozilla/5.0 (Windows NT 10.0; Win64; x64) AppleWebKit/537.36 (KHTML, like Gecko) Chrome/120.0.0.0 Safari/537.36"
104.158.48.89 - - [13/Apr/2026:18:02:50 +0300] "GET / HTTP/1.0" 200 16151 "https://bazasetok.ru/" "Mozilla/5.0 (Macintosh; Intel Mac OS X 10_15_7) AppleWebKit/537.36 (KHTML, like Gecko) Chrome/120.0.0.0 Safari/537.36"
13.75.213.214 - - [13/Apr/2026:18:02:54 +0300] "GET /rip.php HTTP/1.0" 404 1276 "-" "Mozilla/5.0 (Windows NT 10.0; Win64; x64) AppleWebKit/537.36 (KHTML, like Gecko) Chrome/120.0.0.0 Safari/537.36"
13.75.213.214 - - [13/Apr/2026:18:02:58 +0300] "GET /1.php HTTP/1.0" 404 1276 "-" "Mozilla/5.0 (Windows NT 10.0; Win64; x64) AppleWebKit/537.36 (KHTML, like Gecko) Chrome/120.0.0.0 Safari/537.36"
104.158.48.89 - - [13/Apr/2026:18:02:57 +0300] "GET / HTTP/1.0" 200 16053 "https://bazasetok.ru/" "Mozilla/5.0 (Windows NT 10.0; Win64; x64) AppleWebKit/537.36 (KHTML, like Gecko) Chrome/120.0.0.0 Safari/537.36"
13.75.213.214 - - [13/Apr/2026:18:03:02 +0300] "GET /chosen.php HTTP/1.0" 404 1276 "-" "Mozilla/5.0 (Windows NT 10.0; Win64; x64) AppleWebKit/537.36 (KHTML, like Gecko) Chrome/120.0.0.0 Safari/537.36"
216.73.216.136 - - [13/Apr/2026:18:03:00 +0300] "GET /?u=10691199457000 HTTP/1.0" 200 16202 "-" "Mozilla/5.0 AppleWebKit/537.36 (KHTML, like Gecko; compatible; ClaudeBot/1.0; +claudebot@anthropic.com)"
13.75.213.214 - - [13/Apr/2026:18:03:06 +0300] "GET /css.php HTTP/1.0" 404 1276 "-" "Mozilla/5.0 (Windows NT 10.0; Win64; x64) AppleWebKit/537.36 (KHTML, like Gecko) Chrome/120.0.0.0 Safari/537.36"
121.158.176.40 - - [13/Apr/2026:18:03:05 +0300] "GET / HTTP/1.0" 200 16054 "https://bazasetok.ru/" "Mozilla/5.0 (Windows NT 10.0; Win64; x64) AppleWebKit/537.36 (KHTML, like Gecko) Chrome/121.0.0.0 Safari/537.36"
13.75.213.214 - - [13/Apr/2026:18:03:11 +0300] "GET /php.php HTTP/1.0" 404 1276 "-" "Mozilla/5.0 (Windows NT 10.0; Win64; x64) AppleWebKit/537.36 (KHTML, like Gecko) Chrome/120.0.0.0 Safari/537.36"
216.73.216.136 - - [13/Apr/2026:18:03:09 +0300] "GET /?u=8020280796201 HTTP/1.0" 200 16194 "-" "Mozilla/5.0 AppleWebKit/537.36 (KHTML, like Gecko; compatible; ClaudeBot/1.0; +claudebot@anthropic.com)"
121.158.176.40 - - [13/Apr/2026:18:03:12 +0300] "POST / HTTP/1.0" 303 666 "https://bazasetok.ru/" "Mozilla/5.0 (Windows NT 10.0; Win64; x64) AppleWebKit/537.36 (KHTML, like Gecko) Chrome/119.0.0.0 Safari/537.36"
13.75.213.214 - - [13/Apr/2026:18:03:15 +0300] "GET /wp-Blogs.php HTTP/1.0" 404 1276 "-" "Mozilla/5.0 (Windows NT 10.0; Win64; x64) AppleWebKit/537.36 (KHTML, like Gecko) Chrome/120.0.0.0 Safari/537.36"
13.75.213.214 - - [13/Apr/2026:18:03:19 +0300] "GET /wp-content/index.php HTTP/1.0" 404 1276 "-" "Mozilla/5.0 (Windows NT 10.0; Win64; x64) AppleWebKit/537.36 (KHTML, like Gecko) Chrome/120.0.0.0 Safari/537.36"
121.158.176.40 - - [13/Apr/2026:18:03:18 +0300] "GET / HTTP/1.0" 200 16054 "https://bazasetok.ru/" "Mozilla/5.0 (Windows NT 10.0; Win64; x64) AppleWebKit/537.36 (KHTML, like Gecko) Chrome/119.0.0.0 Safari/537.36"
13.75.213.214 - - [13/Apr/2026:18:03:23 +0300] "GET /wp-content/plugins/beteng88/ws83.php HTTP/1.0" 404 1276 "-" "Mozilla/5.0 (Windows NT 10.0; Win64; x64) AppleWebKit/537.36 (KHTML, like Gecko) Chrome/120.0.0.0 Safari/537.36"
13.75.213.214 - - [13/Apr/2026:18:03:29 +0300] "GET /ws83.php HTTP/1.0" 404 1276 "-" "Mozilla/5.0 (Windows NT 10.0; Win64; x64) AppleWebKit/537.36 (KHTML, like Gecko) Chrome/120.0.0.0 Safari/537.36"
13.75.213.214 - - [13/Apr/2026:18:03:34 +0300] "GET /file61.php HTTP/1.0" 404 1276 "-" "Mozilla/5.0 (Windows NT 10.0; Win64; x64) AppleWebKit/537.36 (KHTML, like Gecko) Chrome/120.0.0.0 Safari/537.36"
13.75.213.214 - - [13/Apr/2026:18:03:37 +0300] "GET /sadcut1.php HTTP/1.0" 404 1276 "-" "Mozilla/5.0 (Windows NT 10.0; Win64; x64) AppleWebKit/537.36 (KHTML, like Gecko) Chrome/120.0.0.0 Safari/537.36"
13.75.213.214 - - [13/Apr/2026:18:03:41 +0300] "GET /y.php HTTP/1.0" 404 1276 "-" "Mozilla/5.0 (Windows NT 10.0; Win64; x64) AppleWebKit/537.36 (KHTML, like Gecko) Chrome/120.0.0.0 Safari/537.36"
13.75.213.214 - - [13/Apr/2026:18:03:44 +0300] "GET /akcc.php HTTP/1.0" 404 1276 "-" "Mozilla/5.0 (Windows NT 10.0; Win64; x64) AppleWebKit/537.36 (KHTML, like Gecko) Chrome/120.0.0.0 Safari/537.36"
13.75.213.214 - - [13/Apr/2026:18:03:49 +0300] "GET /wp-admin/user/12.php HTTP/1.0" 404 1276 "-" "Mozilla/5.0 (Windows NT 10.0; Win64; x64) AppleWebKit/537.36 (KHTML, like Gecko) Chrome/120.0.0.0 Safari/537.36"
13.75.213.214 - - [13/Apr/2026:18:03:53 +0300] "GET /index/function.php HTTP/1.0" 404 1276 "-" "Mozilla/5.0 (Windows NT 10.0; Win64; x64) AppleWebKit/537.36 (KHTML, like Gecko) Chrome/120.0.0.0 Safari/537.36"
216.73.216.136 - - [13/Apr/2026:18:03:49 +0300] "GET /?u=7246734506100 HTTP/1.0" 200 16100 "-" "Mozilla/5.0 AppleWebKit/537.36 (KHTML, like Gecko; compatible; ClaudeBot/1.0; +claudebot@anthropic.com)"
13.75.213.214 - - [13/Apr/2026:18:03:57 +0300] "GET /term.php HTTP/1.0" 404 1276 "-" "Mozilla/5.0 (Windows NT 10.0; Win64; x64) AppleWebKit/537.36 (KHTML, like Gecko) Chrome/120.0.0.0 Safari/537.36"
13.75.213.214 - - [13/Apr/2026:18:04:01 +0300] "GET /666.php HTTP/1.0" 404 1276 "-" "Mozilla/5.0 (Windows NT 10.0; Win64; x64) AppleWebKit/537.36 (KHTML, like Gecko) Chrome/120.0.0.0 Safari/537.36"
216.73.216.136 - - [13/Apr/2026:18:04:00 +0300] "GET /?u=5960414720701 HTTP/1.0" 200 16193 "-" "Mozilla/5.0 AppleWebKit/537.36 (KHTML, like Gecko; compatible; ClaudeBot/1.0; +claudebot@anthropic.com)"
13.75.213.214 - - [13/Apr/2026:18:04:05 +0300] "GET /7.php HTTP/1.0" 404 1276 "-" "Mozilla/5.0 (Windows NT 10.0; Win64; x64) AppleWebKit/537.36 (KHTML, like Gecko) Chrome/120.0.0.0 Safari/537.36"
13.75.213.214 - - [13/Apr/2026:18:04:09 +0300] "GET /wp-config-sample.php HTTP/1.0" 404 1276 "-" "Mozilla/5.0 (Windows NT 10.0; Win64; x64) AppleWebKit/537.36 (KHTML, like Gecko) Chrome/120.0.0.0 Safari/537.36"
13.75.213.214 - - [13/Apr/2026:18:04:13 +0300] "GET /log.php HTTP/1.0" 404 1276 "-" "Mozilla/5.0 (Windows NT 10.0; Win64; x64) AppleWebKit/537.36 (KHTML, like Gecko) Chrome/120.0.0.0 Safari/537.36"
13.75.213.214 - - [13/Apr/2026:18:04:17 +0300] "GET /a5.php HTTP/1.0" 404 1276 "-" "Mozilla/5.0 (Windows NT 10.0; Win64; x64) AppleWebKit/537.36 (KHTML, like Gecko) Chrome/120.0.0.0 Safari/537.36"
13.75.213.214 - - [13/Apr/2026:18:04:20 +0300] "GET /aa.php HTTP/1.0" 404 1276 "-" "Mozilla/5.0 (Windows NT 10.0; Win64; x64) AppleWebKit/537.36 (KHTML, like Gecko) Chrome/120.0.0.0 Safari/537.36"
13.75.213.214 - - [13/Apr/2026:18:04:24 +0300] "GET /bolt.php HTTP/1.0" 404 1276 "-" "Mozilla/5.0 (Windows NT 10.0; Win64; x64) AppleWebKit/537.36 (KHTML, like Gecko) Chrome/120.0.0.0 Safari/537.36"
13.75.213.214 - - [13/Apr/2026:18:04:28 +0300] "GET /x.php HTTP/1.0" 404 1276 "-" "Mozilla/5.0 (Windows NT 10.0; Win64; x64) AppleWebKit/537.36 (KHTML, like Gecko) Chrome/120.0.0.0 Safari/537.36"
13.75.213.214 - - [13/Apr/2026:18:04:32 +0300] "GET /jga.php HTTP/1.0" 404 1276 "-" "Mozilla/5.0 (Windows NT 10.0; Win64; x64) AppleWebKit/537.36 (KHTML, like Gecko) Chrome/120.0.0.0 Safari/537.36"
216.73.216.136 - - [13/Apr/2026:18:04:30 +0300] "GET /?u=7705759908601 HTTP/1.0" 200 16101 "-" "Mozilla/5.0 AppleWebKit/537.36 (KHTML, like Gecko; compatible; ClaudeBot/1.0; +claudebot@anthropic.com)"
13.75.213.214 - - [13/Apr/2026:18:04:36 +0300] "GET /k.php HTTP/1.0" 404 1276 "-" "Mozilla/5.0 (Windows NT 10.0; Win64; x64) AppleWebKit/537.36 (KHTML, like Gecko) Chrome/120.0.0.0 Safari/537.36"
13.75.213.214 - - [13/Apr/2026:18:04:40 +0300] "GET /vx.php HTTP/1.0" 404 1276 "-" "Mozilla/5.0 (Windows NT 10.0; Win64; x64) AppleWebKit/537.36 (KHTML, like Gecko) Chrome/120.0.0.0 Safari/537.36"
13.75.213.214 - - [13/Apr/2026:18:04:44 +0300] "GET /ws77.php HTTP/1.0" 404 1276 "-" "Mozilla/5.0 (Windows NT 10.0; Win64; x64) AppleWebKit/537.36 (KHTML, like Gecko) Chrome/120.0.0.0 Safari/537.36"
13.75.213.214 - - [13/Apr/2026:18:04:48 +0300] "GET /2.php HTTP/1.0" 404 1276 "-" "Mozilla/5.0 (Windows NT 10.0; Win64; x64) AppleWebKit/537.36 (KHTML, like Gecko) Chrome/120.0.0.0 Safari/537.36"
13.75.213.214 - - [13/Apr/2026:18:04:52 +0300] "GET /abcd.php HTTP/1.0" 404 1276 "-" "Mozilla/5.0 (Windows NT 10.0; Win64; x64) AppleWebKit/537.36 (KHTML, like Gecko) Chrome/120.0.0.0 Safari/537.36"
13.75.213.214 - - [13/Apr/2026:18:04:56 +0300] "GET /wp-content/plugins/admin.php HTTP/1.0" 404 1276 "-" "Mozilla/5.0 (Windows NT 10.0; Win64; x64) AppleWebKit/537.36 (KHTML, like Gecko) Chrome/120.0.0.0 Safari/537.36"
13.75.213.214 - - [13/Apr/2026:18:05:00 +0300] "GET /asd.php HTTP/1.0" 404 1276 "-" "Mozilla/5.0 (Windows NT 10.0; Win64; x64) AppleWebKit/537.36 (KHTML, like Gecko) Chrome/120.0.0.0 Safari/537.36"
13.75.213.214 - - [13/Apr/2026:18:05:04 +0300] "GET /default.php HTTP/1.0" 404 1276 "-" "Mozilla/5.0 (Windows NT 10.0; Win64; x64) AppleWebKit/537.36 (KHTML, like Gecko) Chrome/120.0.0.0 Safari/537.36"
13.75.213.214 - - [13/Apr/2026:18:05:08 +0300] "GET /gettest.php HTTP/1.0" 404 1276 "-" "Mozilla/5.0 (Windows NT 10.0; Win64; x64) AppleWebKit/537.36 (KHTML, like Gecko) Chrome/120.0.0.0 Safari/537.36"
13.75.213.214 - - [13/Apr/2026:18:05:12 +0300] "GET /install.php HTTP/1.0" 404 1276 "-" "Mozilla/5.0 (Windows NT 10.0; Win64; x64) AppleWebKit/537.36 (KHTML, like Gecko) Chrome/120.0.0.0 Safari/537.36"
13.75.213.214 - - [13/Apr/2026:18:05:16 +0300] "GET /tfm.php HTTP/1.0" 404 1276 "-" "Mozilla/5.0 (Windows NT 10.0; Win64; x64) AppleWebKit/537.36 (KHTML, like Gecko) Chrome/120.0.0.0 Safari/537.36"
216.73.216.136 - - [13/Apr/2026:18:05:18 +0300] "GET /?u=16765252902001 HTTP/1.0" 200 16104 "-" "Mozilla/5.0 AppleWebKit/537.36 (KHTML, like Gecko; compatible; ClaudeBot/1.0; +claudebot@anthropic.com)"
13.75.213.214 - - [13/Apr/2026:18:05:21 +0300] "GET /ws81.php HTTP/1.0" 404 1276 "-" "Mozilla/5.0 (Windows NT 10.0; Win64; x64) AppleWebKit/537.36 (KHTML, like Gecko) Chrome/120.0.0.0 Safari/537.36"
13.75.213.214 - - [13/Apr/2026:18:05:24 +0300] "GET /222.php HTTP/1.0" 404 1276 "-" "Mozilla/5.0 (Windows NT 10.0; Win64; x64) AppleWebKit/537.36 (KHTML, like Gecko) Chrome/120.0.0.0 Safari/537.36"
13.75.213.214 - - [13/Apr/2026:18:05:29 +0300] "GET /t.php HTTP/1.0" 404 1276 "-" "Mozilla/5.0 (Windows NT 10.0; Win64; x64) AppleWebKit/537.36 (KHTML, like Gecko) Chrome/120.0.0.0 Safari/537.36"
13.75.213.214 - - [13/Apr/2026:18:05:33 +0300] "GET /wp-admin/maint/index.php HTTP/1.0" 404 1276 "-" "Mozilla/5.0 (Windows NT 10.0; Win64; x64) AppleWebKit/537.36 (KHTML, like Gecko) Chrome/120.0.0.0 Safari/537.36"
13.75.213.214 - - [13/Apr/2026:18:05:39 +0300] "GET /6xBAm3vODE05BSzkJZRAws.php HTTP/1.0" 404 1276 "-" "Mozilla/5.0 (Windows NT 10.0; Win64; x64) AppleWebKit/537.36 (KHTML, like Gecko) Chrome/120.0.0.0 Safari/537.36"
13.75.213.214 - - [13/Apr/2026:18:05:43 +0300] "GET /a.php HTTP/1.0" 404 1276 "-" "Mozilla/5.0 (Windows NT 10.0; Win64; x64) AppleWebKit/537.36 (KHTML, like Gecko) Chrome/120.0.0.0 Safari/537.36"
13.75.213.214 - - [13/Apr/2026:18:05:47 +0300] "GET /a1.php HTTP/1.0" 404 1276 "-" "Mozilla/5.0 (Windows NT 10.0; Win64; x64) AppleWebKit/537.36 (KHTML, like Gecko) Chrome/120.0.0.0 Safari/537.36"
216.73.216.136 - - [13/Apr/2026:18:05:49 +0300] "GET /?u=6442880717101 HTTP/1.0" 200 16196 "-" "Mozilla/5.0 AppleWebKit/537.36 (KHTML, like Gecko; compatible; ClaudeBot/1.0; +claudebot@anthropic.com)"
13.75.213.214 - - [13/Apr/2026:18:05:51 +0300] "GET /onclickfuns.php HTTP/1.0" 404 1276 "-" "Mozilla/5.0 (Windows NT 10.0; Win64; x64) AppleWebKit/537.36 (KHTML, like Gecko) Chrome/120.0.0.0 Safari/537.36"
146.70.230.133 - - [13/Apr/2026:18:05:53 +0300] "GET /admin.php?ac=change_about_path&api=&path=&t=4d0974e7967a86115563d9f2fc1e251f&s=2 HTTP/1.0" 404 1276 "-" "Mozilla/5.0 (Windows NT 10.0; Win64; x64) AppleWebKit/537.36 (KHTML, like Gecko) Chrome/136.0.0.0 Safari/537.36 Edg/136.0.0.0"
13.75.213.214 - - [13/Apr/2026:18:05:55 +0300] "GET /w.php HTTP/1.0" 404 1276 "-" "Mozilla/5.0 (Windows NT 10.0; Win64; x64) AppleWebKit/537.36 (KHTML, like Gecko) Chrome/120.0.0.0 Safari/537.36"
13.75.213.214 - - [13/Apr/2026:18:05:59 +0300] "GET /wp-admin/maint/about.php HTTP/1.0" 404 1276 "-" "Mozilla/5.0 (Windows NT 10.0; Win64; x64) AppleWebKit/537.36 (KHTML, like Gecko) Chrome/120.0.0.0 Safari/537.36"
216.73.216.136 - - [13/Apr/2026:18:05:59 +0300] "GET /?u=9596158064700 HTTP/1.0" 200 16199 "-" "Mozilla/5.0 AppleWebKit/537.36 (KHTML, like Gecko; compatible; ClaudeBot/1.0; +claudebot@anthropic.com)"
13.75.213.214 - - [13/Apr/2026:18:06:03 +0300] "GET /wp-content/plugins/index.php HTTP/1.0" 404 1276 "-" "Mozilla/5.0 (Windows NT 10.0; Win64; x64) AppleWebKit/537.36 (KHTML, like Gecko) Chrome/120.0.0.0 Safari/537.36"
13.75.213.214 - - [13/Apr/2026:18:06:07 +0300] "GET /wp-good.php HTTP/1.0" 404 1276 "-" "Mozilla/5.0 (Windows NT 10.0; Win64; x64) AppleWebKit/537.36 (KHTML, like Gecko) Chrome/120.0.0.0 Safari/537.36"
216.73.216.136 - - [13/Apr/2026:18:06:08 +0300] "GET /?u=8947084806901 HTTP/1.0" 200 16198 "-" "Mozilla/5.0 AppleWebKit/537.36 (KHTML, like Gecko; compatible; ClaudeBot/1.0; +claudebot@anthropic.com)"
13.75.213.214 - - [13/Apr/2026:18:06:12 +0300] "GET /.info.php HTTP/1.0" 404 1276 "-" "Mozilla/5.0 (Windows NT 10.0; Win64; x64) AppleWebKit/537.36 (KHTML, like Gecko) Chrome/120.0.0.0 Safari/537.36"
13.75.213.214 - - [13/Apr/2026:18:06:16 +0300] "GET /config.php HTTP/1.0" 404 1276 "-" "Mozilla/5.0 (Windows NT 10.0; Win64; x64) AppleWebKit/537.36 (KHTML, like Gecko) Chrome/120.0.0.0 Safari/537.36"
13.75.213.214 - - [13/Apr/2026:18:06:19 +0300] "GET /item.php HTTP/1.0" 404 1276 "-" "Mozilla/5.0 (Windows NT 10.0; Win64; x64) AppleWebKit/537.36 (KHTML, like Gecko) Chrome/120.0.0.0 Safari/537.36"
13.75.213.214 - - [13/Apr/2026:18:06:24 +0300] "GET /m.php HTTP/1.0" 404 1276 "-" "Mozilla/5.0 (Windows NT 10.0; Win64; x64) AppleWebKit/537.36 (KHTML, like Gecko) Chrome/120.0.0.0 Safari/537.36"
13.75.213.214 - - [13/Apr/2026:18:06:28 +0300] "GET /rh.php HTTP/1.0" 404 1276 "-" "Mozilla/5.0 (Windows NT 10.0; Win64; x64) AppleWebKit/537.36 (KHTML, like Gecko) Chrome/120.0.0.0 Safari/537.36"
216.73.216.136 - - [13/Apr/2026:18:06:56 +0300] "GET /?u=0928858040701 HTTP/1.0" 200 16100 "-" "Mozilla/5.0 AppleWebKit/537.36 (KHTML, like Gecko; compatible; ClaudeBot/1.0; +claudebot@anthropic.com)"
216.73.216.136 - - [13/Apr/2026:18:07:09 +0300] "GET /?u=89430225599700 HTTP/1.0" 200 16197 "-" "Mozilla/5.0 AppleWebKit/537.36 (KHTML, like Gecko; compatible; ClaudeBot/1.0; +claudebot@anthropic.com)"
216.73.216.136 - - [13/Apr/2026:18:07:40 +0300] "GET /?u=1879180423901 HTTP/1.0" 200 16194 "-" "Mozilla/5.0 AppleWebKit/537.36 (KHTML, like Gecko; compatible; ClaudeBot/1.0; +claudebot@anthropic.com)"
216.73.216.136 - - [13/Apr/2026:18:08:08 +0300] "GET /?u=0840725694201 HTTP/1.0" 200 16098 "-" "Mozilla/5.0 AppleWebKit/537.36 (KHTML, like Gecko; compatible; ClaudeBot/1.0; +claudebot@anthropic.com)"
216.73.216.136 - - [13/Apr/2026:18:08:29 +0300] "GET /shopbrand/L063099776798 HTTP/1.0" 404 1276 "-" "Mozilla/5.0 AppleWebKit/537.36 (KHTML, like Gecko; compatible; ClaudeBot/1.0; +claudebot@anthropic.com)"
216.73.216.136 - - [13/Apr/2026:18:09:01 +0300] "GET /shopbrand/L061114454994 HTTP/1.0" 404 1276 "-" "Mozilla/5.0 AppleWebKit/537.36 (KHTML, like Gecko; compatible; ClaudeBot/1.0; +claudebot@anthropic.com)"
216.73.216.136 - - [13/Apr/2026:18:09:17 +0300] "GET /?u=7513734948601 HTTP/1.0" 200 16100 "-" "Mozilla/5.0 AppleWebKit/537.36 (KHTML, like Gecko; compatible; ClaudeBot/1.0; +claudebot@anthropic.com)"
216.247.106.113 - - [13/Apr/2026:18:09:43 +0300] "GET /admin.php?ac=change_about_path&api=&path=&t=4d0974e7967a86115563d9f2fc1e251f&s=1 HTTP/1.0" 404 1276 "-" "Mozilla/5.0 (Windows NT 10.0; Win64; x64) AppleWebKit/537.36 (KHTML, like Gecko) Chrome/136.0.0.0 Safari/537.36 Edg/136.0.0.0"
216.73.216.136 - - [13/Apr/2026:18:10:00 +0300] "GET /?u=0377925344801 HTTP/1.0" 200 16191 "-" "Mozilla/5.0 AppleWebKit/537.36 (KHTML, like Gecko; compatible; ClaudeBot/1.0; +claudebot@anthropic.com)"
216.73.216.136 - - [13/Apr/2026:18:10:29 +0300] "GET /?u=71127185332000 HTTP/1.0" 200 16197 "-" "Mozilla/5.0 AppleWebKit/537.36 (KHTML, like Gecko; compatible; ClaudeBot/1.0; +claudebot@anthropic.com)"
94.154.35.236 - - [13/Apr/2026:18:11:05 +0300] "HEAD /site.tar.gz HTTP/1.1" 301 0 "-" "Mozilla/5.0 (Windows NT 10.0; Win64; x64) AppleWebKit/537.36 (KHTML, like Gecko) Chrome/101.0.4951.67 Safari/537.36"
94.154.35.236 - - [13/Apr/2026:18:11:06 +0300] "HEAD /site.tar.gz HTTP/1.0" 404 294 "-" "Mozilla/5.0 (Windows NT 10.0; Win64; x64) AppleWebKit/537.36 (KHTML, like Gecko) Chrome/101.0.4951.67 Safari/537.36"
216.73.216.136 - - [13/Apr/2026:18:11:18 +0300] "GET /shopbrand/L01873014246 HTTP/1.0" 404 1179 "-" "Mozilla/5.0 AppleWebKit/537.36 (KHTML, like Gecko; compatible; ClaudeBot/1.0; +claudebot@anthropic.com)"
216.73.216.136 - - [13/Apr/2026:18:11:49 +0300] "GET /?u=9908445763400 HTTP/1.0" 200 16196 "-" "Mozilla/5.0 AppleWebKit/537.36 (KHTML, like Gecko; compatible; ClaudeBot/1.0; +claudebot@anthropic.com)"
96.237.108.174 - - [13/Apr/2026:18:12:10 +0300] "GET /admin.php?ac=change_about_path&api=&path=&t=4d0974e7967a86115563d9f2fc1e251f&s=3 HTTP/1.0" 404 1276 "-" "Mozilla/5.0 (Windows NT 10.0; Win64; x64) AppleWebKit/537.36 (KHTML, like Gecko) Chrome/136.0.0.0 Safari/537.36 Edg/136.0.0.0"
216.73.216.136 - - [13/Apr/2026:18:12:22 +0300] "GET /?u=03079278745401 HTTP/1.0" 200 16200 "-" "Mozilla/5.0 AppleWebKit/537.36 (KHTML, like Gecko; compatible; ClaudeBot/1.0; +claudebot@anthropic.com)"
216.73.216.136 - - [13/Apr/2026:18:12:53 +0300] "GET /?u=44281185341600 HTTP/1.0" 200 16196 "-" "Mozilla/5.0 AppleWebKit/537.36 (KHTML, like Gecko; compatible; ClaudeBot/1.0; +claudebot@anthropic.com)"
216.73.216.136 - - [13/Apr/2026:18:13:10 +0300] "GET /?u=9239485284601 HTTP/1.0" 200 16100 "-" "Mozilla/5.0 AppleWebKit/537.36 (KHTML, like Gecko; compatible; ClaudeBot/1.0; +claudebot@anthropic.com)"
216.73.216.136 - - [13/Apr/2026:18:13:43 +0300] "GET /shopbrand/L012877823352 HTTP/1.0" 404 1179 "-" "Mozilla/5.0 AppleWebKit/537.36 (KHTML, like Gecko; compatible; ClaudeBot/1.0; +claudebot@anthropic.com)"
216.73.216.136 - - [13/Apr/2026:18:14:15 +0300] "GET /?u=00494264696201 HTTP/1.0" 200 16200 "-" "Mozilla/5.0 AppleWebKit/537.36 (KHTML, like Gecko; compatible; ClaudeBot/1.0; +claudebot@anthropic.com)"
216.73.216.136 - - [13/Apr/2026:18:14:31 +0300] "GET /?u=05021185459100 HTTP/1.0" 200 16104 "-" "Mozilla/5.0 AppleWebKit/537.36 (KHTML, like Gecko; compatible; ClaudeBot/1.0; +claudebot@anthropic.com)"
216.73.216.136 - - [13/Apr/2026:18:15:16 +0300] "GET /?u=8930612454701 HTTP/1.0" 200 16195 "-" "Mozilla/5.0 AppleWebKit/537.36 (KHTML, like Gecko; compatible; ClaudeBot/1.0; +claudebot@anthropic.com)"
216.73.216.136 - - [13/Apr/2026:18:15:47 +0300] "GET /?u=5395385162901 HTTP/1.0" 200 16195 "-" "Mozilla/5.0 AppleWebKit/537.36 (KHTML, like Gecko; compatible; ClaudeBot/1.0; +claudebot@anthropic.com)"
216.73.216.136 - - [13/Apr/2026:18:16:25 +0300] "GET /?u=21291185249600 HTTP/1.0" 200 16102 "-" "Mozilla/5.0 AppleWebKit/537.36 (KHTML, like Gecko; compatible; ClaudeBot/1.0; +claudebot@anthropic.com)"
216.73.216.136 - - [13/Apr/2026:18:16:56 +0300] "GET /?u=0051812464801 HTTP/1.0" 200 16195 "-" "Mozilla/5.0 AppleWebKit/537.36 (KHTML, like Gecko; compatible; ClaudeBot/1.0; +claudebot@anthropic.com)"
216.73.216.136 - - [13/Apr/2026:18:17:35 +0300] "GET /?u=5774959903001 HTTP/1.0" 200 16197 "-" "Mozilla/5.0 AppleWebKit/537.36 (KHTML, like Gecko; compatible; ClaudeBot/1.0; +claudebot@anthropic.com)"
216.73.216.136 - - [13/Apr/2026:18:18:06 +0300] "GET /?u=0150455963301 HTTP/1.0" 200 16100 "-" "Mozilla/5.0 AppleWebKit/537.36 (KHTML, like Gecko; compatible; ClaudeBot/1.0; +claudebot@anthropic.com)"
216.73.216.136 - - [13/Apr/2026:18:18:18 +0300] "GET /?u=7203939018901 HTTP/1.0" 200 16192 "-" "Mozilla/5.0 AppleWebKit/537.36 (KHTML, like Gecko; compatible; ClaudeBot/1.0; +claudebot@anthropic.com)"
104.245.102.10 - - [13/Apr/2026:18:18:30 +0300] "GET /admin.php?ac=change_about_path&api=&path=&t=4d0974e7967a86115563d9f2fc1e251f&s=1 HTTP/1.0" 404 1276 "-" "Mozilla/5.0 (Windows NT 10.0; Win64; x64) AppleWebKit/537.36 (KHTML, like Gecko) Chrome/136.0.0.0 Safari/537.36 Edg/136.0.0.0"
216.73.216.136 - - [13/Apr/2026:18:18:56 +0300] "GET /?u=5390852701 HTTP/1.0" 200 16090 "-" "Mozilla/5.0 AppleWebKit/537.36 (KHTML, like Gecko; compatible; ClaudeBot/1.0; +claudebot@anthropic.com)"
216.73.216.136 - - [13/Apr/2026:18:19:28 +0300] "GET /?u=5509780074800 HTTP/1.0" 200 16093 "-" "Mozilla/5.0 AppleWebKit/537.36 (KHTML, like Gecko; compatible; ClaudeBot/1.0; +claudebot@anthropic.com)"
216.73.216.136 - - [13/Apr/2026:18:19:59 +0300] "GET /?u=0899490745401 HTTP/1.0" 200 16195 "-" "Mozilla/5.0 AppleWebKit/537.36 (KHTML, like Gecko; compatible; ClaudeBot/1.0; +claudebot@anthropic.com)"
216.73.216.136 - - [13/Apr/2026:18:20:21 +0300] "GET /?u=2200714732000 HTTP/1.0" 200 16193 "-" "Mozilla/5.0 AppleWebKit/537.36 (KHTML, like Gecko; compatible; ClaudeBot/1.0; +claudebot@anthropic.com)"
216.73.216.136 - - [13/Apr/2026:18:20:54 +0300] "GET /?u=3242745437501 HTTP/1.0" 200 16196 "-" "Mozilla/5.0 AppleWebKit/537.36 (KHTML, like Gecko; compatible; ClaudeBot/1.0; +claudebot@anthropic.com)"
216.73.216.136 - - [13/Apr/2026:18:21:25 +0300] "GET /?u=80879694401 HTTP/1.0" 200 16191 "-" "Mozilla/5.0 AppleWebKit/537.36 (KHTML, like Gecko; compatible; ClaudeBot/1.0; +claudebot@anthropic.com)"
216.73.216.136 - - [13/Apr/2026:18:21:52 +0300] "GET /?u=8096725397901 HTTP/1.0" 200 16198 "-" "Mozilla/5.0 AppleWebKit/537.36 (KHTML, like Gecko; compatible; ClaudeBot/1.0; +claudebot@anthropic.com)"
216.73.216.136 - - [13/Apr/2026:18:22:26 +0300] "GET /?u=2876384100901 HTTP/1.0" 200 16101 "-" "Mozilla/5.0 AppleWebKit/537.36 (KHTML, like Gecko; compatible; ClaudeBot/1.0; +claudebot@anthropic.com)"
216.73.216.136 - - [13/Apr/2026:18:22:57 +0300] "GET /?u=5224939010401 HTTP/1.0" 200 16200 "-" "Mozilla/5.0 AppleWebKit/537.36 (KHTML, like Gecko; compatible; ClaudeBot/1.0; +claudebot@anthropic.com)"
216.73.216.136 - - [13/Apr/2026:18:23:30 +0300] "GET /?u=74260246713200 HTTP/1.0" 200 16198 "-" "Mozilla/5.0 AppleWebKit/537.36 (KHTML, like Gecko; compatible; ClaudeBot/1.0; +claudebot@anthropic.com)"
216.73.216.136 - - [13/Apr/2026:18:24:05 +0300] "GET /?u=62794100717301 HTTP/1.0" 200 16200 "-" "Mozilla/5.0 AppleWebKit/537.36 (KHTML, like Gecko; compatible; ClaudeBot/1.0; +claudebot@anthropic.com)"
216.73.216.136 - - [13/Apr/2026:18:24:38 +0300] "GET /?u=46243185357600 HTTP/1.0" 200 16200 "-" "Mozilla/5.0 AppleWebKit/537.36 (KHTML, like Gecko; compatible; ClaudeBot/1.0; +claudebot@anthropic.com)"
216.73.216.136 - - [13/Apr/2026:18:24:50 +0300] "GET /?u=0888339866201 HTTP/1.0" 200 16101 "-" "Mozilla/5.0 AppleWebKit/537.36 (KHTML, like Gecko; compatible; ClaudeBot/1.0; +claudebot@anthropic.com)"
216.73.216.136 - - [13/Apr/2026:18:25:21 +0300] "GET /?u=0701459218101 HTTP/1.0" 200 16194 "-" "Mozilla/5.0 AppleWebKit/537.36 (KHTML, like Gecko; compatible; ClaudeBot/1.0; +claudebot@anthropic.com)"
216.73.216.136 - - [13/Apr/2026:18:25:54 +0300] "GET /?u=72104199747100 HTTP/1.0" 200 16196 "-" "Mozilla/5.0 AppleWebKit/537.36 (KHTML, like Gecko; compatible; ClaudeBot/1.0; +claudebot@anthropic.com)"
104.245.102.10 - - [13/Apr/2026:18:26:11 +0300] "GET /admin.php?ac=u_h_s_1&api=&path=/var/www/rustam/data/www/bazasetok.ru&t=4d0974e7967a86115563d9f2fc1e251f&s=1 HTTP/1.0" 404 1276 "-" "Mozilla/5.0 (Windows NT 10.0; Win64; x64) AppleWebKit/537.36 (KHTML, like Gecko) Chrome/136.0.0.0 Safari/537.36 Edg/136.0.0.0"
216.73.216.136 - - [13/Apr/2026:18:26:28 +0300] "GET /?u=8281112151901 HTTP/1.0" 200 16192 "-" "Mozilla/5.0 AppleWebKit/537.36 (KHTML, like Gecko; compatible; ClaudeBot/1.0; +claudebot@anthropic.com)"
216.247.106.113 - - [13/Apr/2026:18:26:52 +0300] "GET //index.php?params HTTP/1.0" 200 224933 "-" "Mozilla/5.0 (compatible; Googlebot/2.1; +http://www.google.com/bot.html; (greenwich&lewisham))"
147.185.100.8 - - [13/Apr/2026:18:26:58 +0300] "GET /admin.php?ac=p&api=&path=&t=4d0974e7967a86115563d9f2fc1e251f HTTP/1.0" 404 1276 "-" "Mozilla/5.0 (Windows NT 10.0; Win64; x64) AppleWebKit/537.36 (KHTML, like Gecko) Chrome/136.0.0.0 Safari/537.36 Edg/136.0.0.0"
216.73.216.136 - - [13/Apr/2026:18:27:01 +0300] "GET /?u=1007663042201 HTTP/1.0" 200 16194 "-" "Mozilla/5.0 AppleWebKit/537.36 (KHTML, like Gecko; compatible; ClaudeBot/1.0; +claudebot@anthropic.com)"
98.160.132.133 - - [13/Apr/2026:18:27:05 +0300] "GET /administrator__dd42ad7/components/com_actionlogs/controllers/index.php?520 HTTP/1.0" 404 1276 "-" "Mozilla/5.0 (Windows NT 10.0; Win64; x64) AppleWebKit/537.36 (KHTML, like Gecko) Chrome/136.0.0.0 Safari/537.36 Edg/136.0.0.0"
209.92.184.66 - - [13/Apr/2026:18:27:12 +0300] "POST /administrator__dd42ad7/components/com_actionlogs/controllers/index.php?520 HTTP/1.0" 404 1276 "-" "Mozilla/5.0 (Windows NT 10.0; Win64; x64) AppleWebKit/537.36 (KHTML, like Gecko) Chrome/136.0.0.0 Safari/537.36 Edg/136.0.0.0"
99.93.176.163 - - [13/Apr/2026:18:27:18 +0300] "GET /administrator__dd42ad7/components/com_actionlogs/controllers/index.php?ac=p&api=&path=&t=4d0974e7967a86115563d9f2fc1e251f HTTP/1.0" 404 1276 "-" "Mozilla/5.0 (Windows NT 10.0; Win64; x64) AppleWebKit/537.36 (KHTML, like Gecko) Chrome/136.0.0.0 Safari/537.36 Edg/136.0.0.0"
146.70.202.4 - - [13/Apr/2026:18:27:24 +0300] "GET /components__dd42ad7/com_config/controller/config/index.php?520 HTTP/1.0" 404 1276 "-" "Mozilla/5.0 (Windows NT 10.0; Win64; x64) AppleWebKit/537.36 (KHTML, like Gecko) Chrome/136.0.0.0 Safari/537.36 Edg/136.0.0.0"
185.219.141.216 - - [13/Apr/2026:18:27:32 +0300] "POST /components__dd42ad7/com_config/controller/config/index.php?520 HTTP/1.0" 404 1276 "-" "Mozilla/5.0 (Windows NT 10.0; Win64; x64) AppleWebKit/537.36 (KHTML, like Gecko) Chrome/136.0.0.0 Safari/537.36 Edg/136.0.0.0"
74.51.218.206 - - [13/Apr/2026:18:27:37 +0300] "GET /components__dd42ad7/com_config/controller/config/index.php?ac=p&api=&path=&t=4d0974e7967a86115563d9f2fc1e251f HTTP/1.0" 404 1276 "-" "Mozilla/5.0 (Windows NT 10.0; Win64; x64) AppleWebKit/537.36 (KHTML, like Gecko) Chrome/136.0.0.0 Safari/537.36 Edg/136.0.0.0"
216.73.216.136 - - [13/Apr/2026:18:27:35 +0300] "GET /?u=85582117292001 HTTP/1.0" 200 16199 "-" "Mozilla/5.0 AppleWebKit/537.36 (KHTML, like Gecko; compatible; ClaudeBot/1.0; +claudebot@anthropic.com)"
216.73.216.136 - - [13/Apr/2026:18:27:59 +0300] "GET /?u=17201100174801 HTTP/1.0" 200 16101 "-" "Mozilla/5.0 AppleWebKit/537.36 (KHTML, like Gecko; compatible; ClaudeBot/1.0; +claudebot@anthropic.com)"
216.73.216.136 - - [13/Apr/2026:18:28:32 +0300] "GET /?u=8206955412601 HTTP/1.0" 200 16197 "-" "Mozilla/5.0 AppleWebKit/537.36 (KHTML, like Gecko; compatible; ClaudeBot/1.0; +claudebot@anthropic.com)"
216.73.216.136 - - [13/Apr/2026:18:28:41 +0300] "GET /?u=57021264994201 HTTP/1.0" 200 16199 "-" "Mozilla/5.0 AppleWebKit/537.36 (KHTML, like Gecko; compatible; ClaudeBot/1.0; +claudebot@anthropic.com)"
216.73.216.136 - - [13/Apr/2026:18:28:59 +0300] "GET /?u=0507984697900 HTTP/1.0" 200 16194 "-" "Mozilla/5.0 AppleWebKit/537.36 (KHTML, like Gecko; compatible; ClaudeBot/1.0; +claudebot@anthropic.com)"
103.148.208.240 - - [13/Apr/2026:18:29:30 +0300] "GET /produktsiya/armaturnye-karkasy-ploskie HTTP/1.0" 200 11449 "-" "Opera/9.60.(Windows 98; tig-ER) Presto/2.9.162 Version/12.00"
216.73.216.136 - - [13/Apr/2026:18:29:39 +0300] "GET /?u=2951925346701 HTTP/1.0" 200 16099 "-" "Mozilla/5.0 AppleWebKit/537.36 (KHTML, like Gecko; compatible; ClaudeBot/1.0; +claudebot@anthropic.com)"
216.73.216.136 - - [13/Apr/2026:18:30:13 +0300] "GET /?u=0478034908901 HTTP/1.0" 200 16194 "-" "Mozilla/5.0 AppleWebKit/537.36 (KHTML, like Gecko; compatible; ClaudeBot/1.0; +claudebot@anthropic.com)"
216.73.216.136 - - [13/Apr/2026:18:30:53 +0300] "GET /?u=05021185680100 HTTP/1.0" 200 16100 "-" "Mozilla/5.0 AppleWebKit/537.36 (KHTML, like Gecko; compatible; ClaudeBot/1.0; +claudebot@anthropic.com)"
216.73.216.136 - - [13/Apr/2026:18:31:25 +0300] "GET /?u=0908484804700 HTTP/1.0" 200 16195 "-" "Mozilla/5.0 AppleWebKit/537.36 (KHTML, like Gecko; compatible; ClaudeBot/1.0; +claudebot@anthropic.com)"
216.73.216.136 - - [13/Apr/2026:18:32:13 +0300] "GET /?u=2912012889700 HTTP/1.0" 200 16097 "-" "Mozilla/5.0 AppleWebKit/537.36 (KHTML, like Gecko; compatible; ClaudeBot/1.0; +claudebot@anthropic.com)"
216.73.216.136 - - [13/Apr/2026:18:32:46 +0300] "GET /?u=4782739748401 HTTP/1.0" 200 16198 "-" "Mozilla/5.0 AppleWebKit/537.36 (KHTML, like Gecko; compatible; ClaudeBot/1.0; +claudebot@anthropic.com)"
216.73.216.136 - - [13/Apr/2026:18:32:55 +0300] "GET /?u=89181629900 HTTP/1.0" 200 16094 "-" "Mozilla/5.0 AppleWebKit/537.36 (KHTML, like Gecko; compatible; ClaudeBot/1.0; +claudebot@anthropic.com)"
216.73.216.136 - - [13/Apr/2026:18:33:04 +0300] "GET /shopbrand/L01133637040 HTTP/1.0" 404 1179 "-" "Mozilla/5.0 AppleWebKit/537.36 (KHTML, like Gecko; compatible; ClaudeBot/1.0; +claudebot@anthropic.com)"
216.73.216.136 - - [13/Apr/2026:18:33:10 +0300] "GET /?u=8624490789601 HTTP/1.0" 200 16102 "-" "Mozilla/5.0 AppleWebKit/537.36 (KHTML, like Gecko; compatible; ClaudeBot/1.0; +claudebot@anthropic.com)"
216.73.216.136 - - [13/Apr/2026:18:33:16 +0300] "GET /?u=06163476900 HTTP/1.0" 200 16187 "-" "Mozilla/5.0 AppleWebKit/537.36 (KHTML, like Gecko; compatible; ClaudeBot/1.0; +claudebot@anthropic.com)"
216.73.216.136 - - [13/Apr/2026:18:33:25 +0300] "GET /?u=3027059677600 HTTP/1.0" 200 16098 "-" "Mozilla/5.0 AppleWebKit/537.36 (KHTML, like Gecko; compatible; ClaudeBot/1.0; +claudebot@anthropic.com)"
216.73.216.136 - - [13/Apr/2026:18:33:34 +0300] "GET /?u=1314039462000 HTTP/1.0" 200 16098 "-" "Mozilla/5.0 AppleWebKit/537.36 (KHTML, like Gecko; compatible; ClaudeBot/1.0; +claudebot@anthropic.com)"
216.73.216.136 - - [13/Apr/2026:18:33:43 +0300] "GET /?u=82012118640101 HTTP/1.0" 200 16102 "-" "Mozilla/5.0 AppleWebKit/537.36 (KHTML, like Gecko; compatible; ClaudeBot/1.0; +claudebot@anthropic.com)"
216.73.216.136 - - [13/Apr/2026:18:33:51 +0300] "GET /?u=02109185437301 HTTP/1.0" 200 16196 "-" "Mozilla/5.0 AppleWebKit/537.36 (KHTML, like Gecko; compatible; ClaudeBot/1.0; +claudebot@anthropic.com)"
216.73.216.136 - - [13/Apr/2026:18:33:59 +0300] "GET /?u=1689084595301 HTTP/1.0" 200 16100 "-" "Mozilla/5.0 AppleWebKit/537.36 (KHTML, like Gecko; compatible; ClaudeBot/1.0; +claudebot@anthropic.com)"
216.73.216.136 - - [13/Apr/2026:18:34:08 +0300] "GET /?u=01761254372701 HTTP/1.0" 200 16101 "-" "Mozilla/5.0 AppleWebKit/537.36 (KHTML, like Gecko; compatible; ClaudeBot/1.0; +claudebot@anthropic.com)"
216.73.216.136 - - [13/Apr/2026:18:34:17 +0300] "GET /?u=04897136163701 HTTP/1.0" 200 16100 "-" "Mozilla/5.0 AppleWebKit/537.36 (KHTML, like Gecko; compatible; ClaudeBot/1.0; +claudebot@anthropic.com)"
216.73.216.136 - - [13/Apr/2026:18:34:20 +0300] "GET /?u=05991135487501 HTTP/1.0" 200 16102 "-" "Mozilla/5.0 AppleWebKit/537.36 (KHTML, like Gecko; compatible; ClaudeBot/1.0; +claudebot@anthropic.com)"
216.73.216.136 - - [13/Apr/2026:18:34:26 +0300] "GET /?u=06898100484101 HTTP/1.0" 200 16100 "-" "Mozilla/5.0 AppleWebKit/537.36 (KHTML, like Gecko; compatible; ClaudeBot/1.0; +claudebot@anthropic.com)"
216.73.216.136 - - [13/Apr/2026:18:34:35 +0300] "GET /?u=8912058301 HTTP/1.0" 200 16089 "-" "Mozilla/5.0 AppleWebKit/537.36 (KHTML, like Gecko; compatible; ClaudeBot/1.0; +claudebot@anthropic.com)"
216.73.216.136 - - [13/Apr/2026:18:34:47 +0300] "GET /?u=71046314600 HTTP/1.0" 200 16093 "-" "Mozilla/5.0 AppleWebKit/537.36 (KHTML, like Gecko; compatible; ClaudeBot/1.0; +claudebot@anthropic.com)"
216.73.216.136 - - [13/Apr/2026:18:34:54 +0300] "GET /?u=92082246725101 HTTP/1.0" 200 16104 "-" "Mozilla/5.0 AppleWebKit/537.36 (KHTML, like Gecko; compatible; ClaudeBot/1.0; +claudebot@anthropic.com)"
216.73.216.136 - - [13/Apr/2026:18:35:06 +0300] "GET /?u=11792251551901 HTTP/1.0" 200 16099 "-" "Mozilla/5.0 AppleWebKit/537.36 (KHTML, like Gecko; compatible; ClaudeBot/1.0; +claudebot@anthropic.com)"
216.73.216.136 - - [13/Apr/2026:18:35:30 +0300] "GET /?u=89403283552500 HTTP/1.0" 200 16103 "-" "Mozilla/5.0 AppleWebKit/537.36 (KHTML, like Gecko; compatible; ClaudeBot/1.0; +claudebot@anthropic.com)"
216.73.216.136 - - [13/Apr/2026:18:36:07 +0300] "GET /?u=5209045577801 HTTP/1.0" 200 16095 "-" "Mozilla/5.0 AppleWebKit/537.36 (KHTML, like Gecko; compatible; ClaudeBot/1.0; +claudebot@anthropic.com)"
216.73.216.136 - - [13/Apr/2026:18:36:18 +0300] "GET /shopbrand/L01248132204 HTTP/1.0" 404 1179 "-" "Mozilla/5.0 AppleWebKit/537.36 (KHTML, like Gecko; compatible; ClaudeBot/1.0; +claudebot@anthropic.com)"
216.73.216.136 - - [13/Apr/2026:18:36:39 +0300] "GET /?u=8162255389201 HTTP/1.0" 200 16197 "-" "Mozilla/5.0 AppleWebKit/537.36 (KHTML, like Gecko; compatible; ClaudeBot/1.0; +claudebot@anthropic.com)"
212.47.78.121 - - [13/Apr/2026:18:37:16 +0300] "GET / HTTP/1.1" 301 196 "-" "Go-http-client/1.1"
216.73.216.136 - - [13/Apr/2026:18:37:10 +0300] "GET /?u=2898490955600 HTTP/1.0" 200 16197 "-" "Mozilla/5.0 AppleWebKit/537.36 (KHTML, like Gecko; compatible; ClaudeBot/1.0; +claudebot@anthropic.com)"
212.47.78.121 - - [13/Apr/2026:18:37:16 +0300] "GET / HTTP/1.0" 200 16151 "http://bazasetok.ru/" "Go-http-client/1.1"
216.73.216.136 - - [13/Apr/2026:18:37:44 +0300] "GET /?u=28947131801 HTTP/1.0" 200 16190 "-" "Mozilla/5.0 AppleWebKit/537.36 (KHTML, like Gecko; compatible; ClaudeBot/1.0; +claudebot@anthropic.com)"
216.73.216.136 - - [13/Apr/2026:18:38:09 +0300] "GET /?u=8420023047500 HTTP/1.0" 200 16196 "-" "Mozilla/5.0 AppleWebKit/537.36 (KHTML, like Gecko; compatible; ClaudeBot/1.0; +claudebot@anthropic.com)"
216.73.216.136 - - [13/Apr/2026:18:38:28 +0300] "GET /?u=99182186558900 HTTP/1.0" 200 16200 "-" "Mozilla/5.0 AppleWebKit/537.36 (KHTML, like Gecko; compatible; ClaudeBot/1.0; +claudebot@anthropic.com)"
166.88.123.206 - - [13/Apr/2026:18:38:55 +0300] "GET /o-kompanii HTTP/1.0" 200 10238 "-" "Mozilla/5.0 (Macintosh; Intel Mac OS X 10_15_7) AppleWebKit/537.36 (KHTML, like Gecko) Chrome/142.0.0.0 Safari/537.36"
216.73.216.136 - - [13/Apr/2026:18:39:08 +0300] "GET /sitemap_95.xml HTTP/1.0" 200 14355 "-" "Mozilla/5.0 AppleWebKit/537.36 (KHTML, like Gecko; compatible; ClaudeBot/1.0; +claudebot@anthropic.com)"
216.73.216.136 - - [13/Apr/2026:18:39:36 +0300] "GET /robots.txt HTTP/1.0" 200 392 "-" "Mozilla/5.0 AppleWebKit/537.36 (KHTML, like Gecko; compatible; ClaudeBot/1.0; +claudebot@anthropic.com)"
