167.71.175.236 - - [14/Apr/2026:04:33:04 +0300] "GET /?rest_route=/wp/v2/users/ HTTP/1.1" 301 196 "-" "Mozilla/5.0 (l9scan/2.0.8383e26363e2237313e21333; +https://leakix.net)"
64.23.218.208 - - [14/Apr/2026:04:33:05 +0300] "OPTIONS / HTTP/1.1" 301 196 "-" "Mozilla/5.0 (l9scan/2.0.8383e26363e2237313e21333; +https://leakix.net)"
167.71.175.236 - - [14/Apr/2026:04:33:05 +0300] "GET /debug/default/view?panel=config HTTP/1.1" 301 196 "-" "Mozilla/5.0 (l9scan/2.0.8383e26363e2237313e21333; +https://leakix.net)"
64.23.218.208 - - [14/Apr/2026:04:33:05 +0300] "GET /?rest_route=/wp/v2/users/ HTTP/1.1" 301 196 "-" "Mozilla/5.0 (l9scan/2.0.8383e26363e2237313e21333; +https://leakix.net)"
167.71.175.236 - - [14/Apr/2026:04:33:03 +0300] "POST /graphql HTTP/1.0" 404 1276 "-" "Mozilla/5.0 (l9scan/2.0.8383e26363e2237313e21333; +https://leakix.net)"
64.23.218.208 - - [14/Apr/2026:04:33:07 +0300] "GET /debug/default/view?panel=config HTTP/1.1" 301 196 "-" "Mozilla/5.0 (l9scan/2.0.8383e26363e2237313e21333; +https://leakix.net)"
164.92.107.174 - - [14/Apr/2026:04:33:04 +0300] "POST /graphql HTTP/1.0" 404 1276 "-" "Mozilla/5.0 (l9scan/2.0.8383e26363e2237313e21333; +https://leakix.net)"
216.73.216.136 - - [14/Apr/2026:04:33:03 +0300] "GET /?u=81908283386400 HTTP/1.0" 200 16102 "-" "Mozilla/5.0 AppleWebKit/537.36 (KHTML, like Gecko; compatible; ClaudeBot/1.0; +claudebot@anthropic.com)"
167.71.175.236 - - [14/Apr/2026:04:33:06 +0300] "POST /api HTTP/1.0" 404 1276 "-" "Mozilla/5.0 (l9scan/2.0.8383e26363e2237313e21333; +https://leakix.net)"
164.92.107.174 - - [14/Apr/2026:04:33:07 +0300] "POST /api HTTP/1.0" 404 1276 "-" "Mozilla/5.0 (l9scan/2.0.8383e26363e2237313e21333; +https://leakix.net)"
167.71.175.236 - - [14/Apr/2026:04:33:09 +0300] "POST /api/graphql HTTP/1.0" 404 1276 "-" "Mozilla/5.0 (l9scan/2.0.8383e26363e2237313e21333; +https://leakix.net)"
164.92.107.174 - - [14/Apr/2026:04:33:10 +0300] "POST /api/graphql HTTP/1.0" 404 1276 "-" "Mozilla/5.0 (l9scan/2.0.8383e26363e2237313e21333; +https://leakix.net)"
167.71.175.236 - - [14/Apr/2026:04:33:12 +0300] "POST /graphql/api HTTP/1.0" 404 1276 "-" "Mozilla/5.0 (l9scan/2.0.8383e26363e2237313e21333; +https://leakix.net)"
164.92.107.174 - - [14/Apr/2026:04:33:13 +0300] "POST /graphql/api HTTP/1.0" 404 1276 "-" "Mozilla/5.0 (l9scan/2.0.8383e26363e2237313e21333; +https://leakix.net)"
167.71.175.236 - - [14/Apr/2026:04:33:15 +0300] "POST /api/gql HTTP/1.0" 404 1276 "-" "Mozilla/5.0 (l9scan/2.0.8383e26363e2237313e21333; +https://leakix.net)"
164.92.107.174 - - [14/Apr/2026:04:33:16 +0300] "POST /api/gql HTTP/1.0" 404 1276 "-" "Mozilla/5.0 (l9scan/2.0.8383e26363e2237313e21333; +https://leakix.net)"
216.73.216.136 - - [14/Apr/2026:04:33:16 +0300] "GET /?u=1114359716201 HTTP/1.0" 200 16096 "-" "Mozilla/5.0 AppleWebKit/537.36 (KHTML, like Gecko; compatible; ClaudeBot/1.0; +claudebot@anthropic.com)"
167.71.175.236 - - [14/Apr/2026:04:33:18 +0300] "GET /s/8383e26363e2237313e21333/_/;/META-INF/maven/com.atlassian.jira/jira-webapp-dist/pom.properties HTTP/1.0" 404 1276 "-" "Mozilla/5.0 (l9scan/2.0.8383e26363e2237313e21333; +https://leakix.net)"
164.92.107.174 - - [14/Apr/2026:04:33:19 +0300] "GET /s/8383e26363e2237313e21333/_/;/META-INF/maven/com.atlassian.jira/jira-webapp-dist/pom.properties HTTP/1.0" 404 1276 "-" "Mozilla/5.0 (l9scan/2.0.8383e26363e2237313e21333; +https://leakix.net)"
167.71.175.236 - - [14/Apr/2026:04:33:21 +0300] "GET /config.json HTTP/1.0" 404 1276 "-" "Mozilla/5.0 (l9scan/2.0.8383e26363e2237313e21333; +https://leakix.net)"
164.92.107.174 - - [14/Apr/2026:04:33:22 +0300] "GET /config.json HTTP/1.0" 404 1276 "-" "Mozilla/5.0 (l9scan/2.0.8383e26363e2237313e21333; +https://leakix.net)"
167.71.175.236 - - [14/Apr/2026:04:33:24 +0300] "GET /telescope/requests HTTP/1.0" 404 1276 "-" "Mozilla/5.0 (l9scan/2.0.8383e26363e2237313e21333; +https://leakix.net)"
164.92.107.174 - - [14/Apr/2026:04:33:25 +0300] "GET /telescope/requests HTTP/1.0" 404 1276 "-" "Mozilla/5.0 (l9scan/2.0.8383e26363e2237313e21333; +https://leakix.net)"
167.71.175.236 - - [14/Apr/2026:04:33:27 +0300] "GET /info.php HTTP/1.0" 404 1276 "-" "Mozilla/5.0 (l9scan/2.0.8383e26363e2237313e21333; +https://leakix.net)"
164.92.107.174 - - [14/Apr/2026:04:33:28 +0300] "GET /info.php HTTP/1.0" 404 1276 "-" "Mozilla/5.0 (l9scan/2.0.8383e26363e2237313e21333; +https://leakix.net)"
172.70.248.203 - - [14/Apr/2026:04:33:32 +0300] "GET / HTTP/1.1" 301 196 "-" "Go-http-client/1.1"
167.71.175.236 - - [14/Apr/2026:04:33:30 +0300] "GET /.well-known/security.txt HTTP/1.0" 404 1276 "-" "Mozilla/5.0 (l9scan/2.0.8383e26363e2237313e21333; +https://leakix.net)"
164.92.107.174 - - [14/Apr/2026:04:33:31 +0300] "GET /.well-known/security.txt HTTP/1.0" 404 1276 "-" "Mozilla/5.0 (l9scan/2.0.8383e26363e2237313e21333; +https://leakix.net)"
167.71.175.236 - - [14/Apr/2026:04:33:33 +0300] "GET /actuator/env HTTP/1.0" 404 1276 "-" "Mozilla/5.0 (l9scan/2.0.8383e26363e2237313e21333; +https://leakix.net)"
164.92.107.174 - - [14/Apr/2026:04:33:34 +0300] "GET /actuator/env HTTP/1.0" 404 1276 "-" "Mozilla/5.0 (l9scan/2.0.8383e26363e2237313e21333; +https://leakix.net)"
167.71.175.236 - - [14/Apr/2026:04:33:37 +0300] "GET /swagger-ui.html HTTP/1.0" 404 1276 "-" "Mozilla/5.0 (l9scan/2.0.8383e26363e2237313e21333; +https://leakix.net)"
164.92.107.174 - - [14/Apr/2026:04:33:38 +0300] "GET /swagger-ui.html HTTP/1.0" 404 1276 "-" "Mozilla/5.0 (l9scan/2.0.8383e26363e2237313e21333; +https://leakix.net)"
216.73.216.136 - - [14/Apr/2026:04:33:39 +0300] "GET /?u=82208573100 HTTP/1.0" 200 16091 "-" "Mozilla/5.0 AppleWebKit/537.36 (KHTML, like Gecko; compatible; ClaudeBot/1.0; +claudebot@anthropic.com)"
167.71.175.236 - - [14/Apr/2026:04:33:40 +0300] "GET /swagger/index.html HTTP/1.0" 404 1276 "-" "Mozilla/5.0 (l9scan/2.0.8383e26363e2237313e21333; +https://leakix.net)"
164.92.107.174 - - [14/Apr/2026:04:33:41 +0300] "GET /swagger/index.html HTTP/1.0" 404 1276 "-" "Mozilla/5.0 (l9scan/2.0.8383e26363e2237313e21333; +https://leakix.net)"
164.92.107.174 - - [14/Apr/2026:04:33:44 +0300] "GET /swagger/swagger-ui.html HTTP/1.0" 404 1276 "-" "Mozilla/5.0 (l9scan/2.0.8383e26363e2237313e21333; +https://leakix.net)"
167.71.175.236 - - [14/Apr/2026:04:33:43 +0300] "GET /swagger/swagger-ui.html HTTP/1.0" 404 1276 "-" "Mozilla/5.0 (l9scan/2.0.8383e26363e2237313e21333; +https://leakix.net)"
167.71.175.236 - - [14/Apr/2026:04:33:46 +0300] "GET /webjars/swagger-ui/index.html HTTP/1.0" 404 1276 "-" "Mozilla/5.0 (l9scan/2.0.8383e26363e2237313e21333; +https://leakix.net)"
216.73.216.136 - - [14/Apr/2026:04:33:44 +0300] "GET /?u=48801158984201 HTTP/1.0" 200 16200 "-" "Mozilla/5.0 AppleWebKit/537.36 (KHTML, like Gecko; compatible; ClaudeBot/1.0; +claudebot@anthropic.com)"
164.92.107.174 - - [14/Apr/2026:04:33:47 +0300] "GET /webjars/swagger-ui/index.html HTTP/1.0" 404 1276 "-" "Mozilla/5.0 (l9scan/2.0.8383e26363e2237313e21333; +https://leakix.net)"
167.71.175.236 - - [14/Apr/2026:04:33:49 +0300] "GET /swagger.json HTTP/1.0" 404 1276 "-" "Mozilla/5.0 (l9scan/2.0.8383e26363e2237313e21333; +https://leakix.net)"
45.88.138.44 - - [14/Apr/2026:04:33:50 +0300] "GET /actuator/health HTTP/1.0" 404 1276 "-" "Mozilla/5.0 (Macintosh; Intel Mac OS X 10_15_7) AppleWebKit/537.36 (KHTML, like Gecko) Chrome/130.0.0.0 Safari/537.36"
164.92.107.174 - - [14/Apr/2026:04:33:50 +0300] "GET /swagger.json HTTP/1.0" 404 1276 "-" "Mozilla/5.0 (l9scan/2.0.8383e26363e2237313e21333; +https://leakix.net)"
167.71.175.236 - - [14/Apr/2026:04:33:52 +0300] "GET /swagger/v1/swagger.json HTTP/1.0" 404 1276 "-" "Mozilla/5.0 (l9scan/2.0.8383e26363e2237313e21333; +https://leakix.net)"
164.92.107.174 - - [14/Apr/2026:04:33:53 +0300] "GET /swagger/v1/swagger.json HTTP/1.0" 404 1276 "-" "Mozilla/5.0 (l9scan/2.0.8383e26363e2237313e21333; +https://leakix.net)"
45.88.138.44 - - [14/Apr/2026:04:33:55 +0300] "GET /actuator/health HTTP/1.0" 404 1276 "-" "Mozilla/5.0 (Macintosh; Intel Mac OS X 10_15_7) AppleWebKit/537.36 (KHTML, like Gecko) Chrome/130.0.0.0 Safari/537.36"
167.71.175.236 - - [14/Apr/2026:04:33:55 +0300] "GET /v2/api-docs HTTP/1.0" 404 1276 "-" "Mozilla/5.0 (l9scan/2.0.8383e26363e2237313e21333; +https://leakix.net)"
164.92.107.174 - - [14/Apr/2026:04:33:56 +0300] "GET /v2/api-docs HTTP/1.0" 404 1276 "-" "Mozilla/5.0 (l9scan/2.0.8383e26363e2237313e21333; +https://leakix.net)"
167.71.175.236 - - [14/Apr/2026:04:33:58 +0300] "GET /v3/api-docs HTTP/1.0" 404 1276 "-" "Mozilla/5.0 (l9scan/2.0.8383e26363e2237313e21333; +https://leakix.net)"
164.92.107.174 - - [14/Apr/2026:04:33:59 +0300] "GET /v3/api-docs HTTP/1.0" 404 1276 "-" "Mozilla/5.0 (l9scan/2.0.8383e26363e2237313e21333; +https://leakix.net)"
167.71.175.236 - - [14/Apr/2026:04:34:01 +0300] "GET /api-docs/swagger.json HTTP/1.0" 404 1276 "-" "Mozilla/5.0 (l9scan/2.0.8383e26363e2237313e21333; +https://leakix.net)"
164.92.107.174 - - [14/Apr/2026:04:34:02 +0300] "GET /api-docs/swagger.json HTTP/1.0" 404 1276 "-" "Mozilla/5.0 (l9scan/2.0.8383e26363e2237313e21333; +https://leakix.net)"
167.71.175.236 - - [14/Apr/2026:04:34:04 +0300] "GET /api/swagger.json HTTP/1.0" 404 1276 "-" "Mozilla/5.0 (l9scan/2.0.8383e26363e2237313e21333; +https://leakix.net)"
164.92.107.174 - - [14/Apr/2026:04:34:05 +0300] "GET /api/swagger.json HTTP/1.0" 404 1276 "-" "Mozilla/5.0 (l9scan/2.0.8383e26363e2237313e21333; +https://leakix.net)"
167.71.175.236 - - [14/Apr/2026:04:34:06 +0300] "GET /trace.axd HTTP/1.0" 404 1276 "-" "Mozilla/5.0 (l9scan/2.0.8383e26363e2237313e21333; +https://leakix.net)"
164.92.107.174 - - [14/Apr/2026:04:34:07 +0300] "GET /trace.axd HTTP/1.0" 404 1276 "-" "Mozilla/5.0 (l9scan/2.0.8383e26363e2237313e21333; +https://leakix.net)"
167.71.175.236 - - [14/Apr/2026:04:34:09 +0300] "GET /@vite/env HTTP/1.0" 404 1276 "-" "Mozilla/5.0 (l9scan/2.0.8383e26363e2237313e21333; +https://leakix.net)"
164.92.107.174 - - [14/Apr/2026:04:34:10 +0300] "GET /@vite/env HTTP/1.0" 404 1276 "-" "Mozilla/5.0 (l9scan/2.0.8383e26363e2237313e21333; +https://leakix.net)"
216.73.216.136 - - [14/Apr/2026:04:34:10 +0300] "GET /?u=8202484285601 HTTP/1.0" 200 16099 "-" "Mozilla/5.0 AppleWebKit/537.36 (KHTML, like Gecko; compatible; ClaudeBot/1.0; +claudebot@anthropic.com)"
45.87.51.102 - - [14/Apr/2026:04:34:11 +0300] "GET / HTTP/1.0" 200 16148 "-" "Mozilla/5.0 (Macintosh; Intel Mac OS X 10_15_7) AppleWebKit/605.1.15 (KHTML, like Gecko) Version/17.4.1 Safari/605.6.27"
167.71.175.236 - - [14/Apr/2026:04:34:12 +0300] "GET /.vscode/sftp.json HTTP/1.0" 404 1276 "-" "Mozilla/5.0 (l9scan/2.0.8383e26363e2237313e21333; +https://leakix.net)"
164.92.107.174 - - [14/Apr/2026:04:34:13 +0300] "GET /.vscode/sftp.json HTTP/1.0" 404 1276 "-" "Mozilla/5.0 (l9scan/2.0.8383e26363e2237313e21333; +https://leakix.net)"
167.71.175.236 - - [14/Apr/2026:04:34:15 +0300] "OPTIONS / HTTP/1.0" 200 16144 "-" "Mozilla/5.0 (l9scan/2.0.8383e26363e2237313e21333; +https://leakix.net)"
164.92.107.174 - - [14/Apr/2026:04:34:16 +0300] "OPTIONS / HTTP/1.0" 200 16150 "-" "Mozilla/5.0 (l9scan/2.0.8383e26363e2237313e21333; +https://leakix.net)"
167.71.175.236 - - [14/Apr/2026:04:34:18 +0300] "GET /?rest_route=/wp/v2/users/ HTTP/1.0" 200 16219 "-" "Mozilla/5.0 (l9scan/2.0.8383e26363e2237313e21333; +https://leakix.net)"
164.92.107.174 - - [14/Apr/2026:04:34:19 +0300] "GET /?rest_route=/wp/v2/users/ HTTP/1.0" 200 16226 "-" "Mozilla/5.0 (l9scan/2.0.8383e26363e2237313e21333; +https://leakix.net)"
167.71.175.236 - - [14/Apr/2026:04:34:21 +0300] "GET /debug/default/view?panel=config HTTP/1.0" 404 1276 "-" "Mozilla/5.0 (l9scan/2.0.8383e26363e2237313e21333; +https://leakix.net)"
164.92.107.174 - - [14/Apr/2026:04:34:22 +0300] "GET /debug/default/view?panel=config HTTP/1.0" 404 1276 "-" "Mozilla/5.0 (l9scan/2.0.8383e26363e2237313e21333; +https://leakix.net)"
216.73.216.136 - - [14/Apr/2026:04:34:25 +0300] "GET /?u=60169199646601 HTTP/1.0" 200 16101 "-" "Mozilla/5.0 AppleWebKit/537.36 (KHTML, like Gecko; compatible; ClaudeBot/1.0; +claudebot@anthropic.com)"
216.73.216.136 - - [14/Apr/2026:04:34:48 +0300] "GET /?u=82075169971401 HTTP/1.0" 200 16103 "-" "Mozilla/5.0 AppleWebKit/537.36 (KHTML, like Gecko; compatible; ClaudeBot/1.0; +claudebot@anthropic.com)"
216.73.216.136 - - [14/Apr/2026:04:34:56 +0300] "GET /?u=87294132896901 HTTP/1.0" 200 16200 "-" "Mozilla/5.0 AppleWebKit/537.36 (KHTML, like Gecko; compatible; ClaudeBot/1.0; +claudebot@anthropic.com)"
216.73.216.136 - - [14/Apr/2026:04:35:19 +0300] "GET /?u=28971180907201 HTTP/1.0" 200 16101 "-" "Mozilla/5.0 AppleWebKit/537.36 (KHTML, like Gecko; compatible; ClaudeBot/1.0; +claudebot@anthropic.com)"
216.73.216.136 - - [14/Apr/2026:04:35:30 +0300] "GET /shopbrand/L01749183994 HTTP/1.0" 404 1276 "-" "Mozilla/5.0 AppleWebKit/537.36 (KHTML, like Gecko; compatible; ClaudeBot/1.0; +claudebot@anthropic.com)"
216.73.216.136 - - [14/Apr/2026:04:35:55 +0300] "GET /?u=9102214758300 HTTP/1.0" 200 16101 "-" "Mozilla/5.0 AppleWebKit/537.36 (KHTML, like Gecko; compatible; ClaudeBot/1.0; +claudebot@anthropic.com)"
216.73.216.136 - - [14/Apr/2026:04:36:19 +0300] "GET /?u=4707263609701 HTTP/1.0" 200 16099 "-" "Mozilla/5.0 AppleWebKit/537.36 (KHTML, like Gecko; compatible; ClaudeBot/1.0; +claudebot@anthropic.com)"
216.73.216.136 - - [14/Apr/2026:04:36:28 +0300] "GET /?u=7969063335801 HTTP/1.0" 200 16197 "-" "Mozilla/5.0 AppleWebKit/537.36 (KHTML, like Gecko; compatible; ClaudeBot/1.0; +claudebot@anthropic.com)"
216.73.216.136 - - [14/Apr/2026:04:36:53 +0300] "GET /?u=9749934383301 HTTP/1.0" 200 16099 "-" "Mozilla/5.0 AppleWebKit/537.36 (KHTML, like Gecko; compatible; ClaudeBot/1.0; +claudebot@anthropic.com)"
216.73.216.136 - - [14/Apr/2026:04:37:00 +0300] "GET /?u=08366118274101 HTTP/1.0" 200 16198 "-" "Mozilla/5.0 AppleWebKit/537.36 (KHTML, like Gecko; compatible; ClaudeBot/1.0; +claudebot@anthropic.com)"
216.73.216.136 - - [14/Apr/2026:04:37:26 +0300] "GET /?u=07991105915500 HTTP/1.0" 200 16102 "-" "Mozilla/5.0 AppleWebKit/537.36 (KHTML, like Gecko; compatible; ClaudeBot/1.0; +claudebot@anthropic.com)"
216.73.216.136 - - [14/Apr/2026:04:37:30 +0300] "GET /?u=6003584540901 HTTP/1.0" 200 16101 "-" "Mozilla/5.0 AppleWebKit/537.36 (KHTML, like Gecko; compatible; ClaudeBot/1.0; +claudebot@anthropic.com)"
51.68.236.90 - - [14/Apr/2026:04:37:42 +0300] "GET /robots.txt HTTP/1.0" 200 392 "-" "Mozilla/5.0 (compatible; MJ12bot/v2.0.5; http://mj12bot.com/)"
51.68.236.90 - - [14/Apr/2026:04:37:43 +0300] "GET / HTTP/1.0" 200 16151 "-" "Mozilla/5.0 (compatible; MJ12bot/v2.0.5; http://mj12bot.com/)"
216.73.216.136 - - [14/Apr/2026:04:37:53 +0300] "GET /?u=61466254343501 HTTP/1.0" 200 16104 "-" "Mozilla/5.0 AppleWebKit/537.36 (KHTML, like Gecko; compatible; ClaudeBot/1.0; +claudebot@anthropic.com)"
216.73.216.136 - - [14/Apr/2026:04:38:00 +0300] "GET /?u=53590132386300 HTTP/1.0" 200 16200 "-" "Mozilla/5.0 AppleWebKit/537.36 (KHTML, like Gecko; compatible; ClaudeBot/1.0; +claudebot@anthropic.com)"
91.184.244.208 - - [14/Apr/2026:04:38:24 +0300] "GET / HTTP/1.0" 200 110911 "-" "Mozilla/5.0(WindowsNT6.1;WOW64;Trident/7.0;SLCC2;.NETCLR2.0.50727;.NETCLR3.5.30729;.NETCLR3.0.30729;MediaCenterPC6.0;.NET4.0C;.NET4.0E;InfoPath.3;BRI/2;rv:11.0)likeGecko"
91.184.244.208 - - [14/Apr/2026:04:38:28 +0300] "GET / HTTP/1.1" 301 196 "-" "Mozilla/5.0(WindowsNT6.1;WOW64;Trident/7.0;SLCC2;.NETCLR2.0.50727;.NETCLR3.5.30729;.NETCLR3.0.30729;MediaCenterPC6.0;.NET4.0C;.NET4.0E;InfoPath.3;BRI/2;rv:11.0)likeGecko"
91.184.244.208 - - [14/Apr/2026:04:38:28 +0300] "GET / HTTP/1.0" 200 110814 "-" "Mozilla/5.0(WindowsNT6.1;WOW64;Trident/7.0;SLCC2;.NETCLR2.0.50727;.NETCLR3.5.30729;.NETCLR3.0.30729;MediaCenterPC6.0;.NET4.0C;.NET4.0E;InfoPath.3;BRI/2;rv:11.0)likeGecko"
216.73.216.136 - - [14/Apr/2026:04:38:30 +0300] "GET /?u=00889283100201 HTTP/1.0" 200 16100 "-" "Mozilla/5.0 AppleWebKit/537.36 (KHTML, like Gecko; compatible; ClaudeBot/1.0; +claudebot@anthropic.com)"
216.73.216.136 - - [14/Apr/2026:04:38:33 +0300] "GET /?u=8908284753100 HTTP/1.0" 200 16101 "-" "Mozilla/5.0 AppleWebKit/537.36 (KHTML, like Gecko; compatible; ClaudeBot/1.0; +claudebot@anthropic.com)"
216.73.216.136 - - [14/Apr/2026:04:38:56 +0300] "GET /?u=7044484480100 HTTP/1.0" 200 16097 "-" "Mozilla/5.0 AppleWebKit/537.36 (KHTML, like Gecko; compatible; ClaudeBot/1.0; +claudebot@anthropic.com)"
216.73.216.136 - - [14/Apr/2026:04:39:03 +0300] "GET /shopbrand/L012806960092 HTTP/1.0" 404 1276 "-" "Mozilla/5.0 AppleWebKit/537.36 (KHTML, like Gecko; compatible; ClaudeBot/1.0; +claudebot@anthropic.com)"
216.73.216.136 - - [14/Apr/2026:04:40:10 +0300] "GET /?u=2941045488100 HTTP/1.0" 200 16098 "-" "Mozilla/5.0 AppleWebKit/537.36 (KHTML, like Gecko; compatible; ClaudeBot/1.0; +claudebot@anthropic.com)"
216.73.216.136 - - [14/Apr/2026:04:40:36 +0300] "GET /?u=35591252575000 HTTP/1.0" 200 16199 "-" "Mozilla/5.0 AppleWebKit/537.36 (KHTML, like Gecko; compatible; ClaudeBot/1.0; +claudebot@anthropic.com)"
216.73.216.136 - - [14/Apr/2026:04:41:12 +0300] "GET /?u=9783263160601 HTTP/1.0" 200 16196 "-" "Mozilla/5.0 AppleWebKit/537.36 (KHTML, like Gecko; compatible; ClaudeBot/1.0; +claudebot@anthropic.com)"
216.73.216.136 - - [14/Apr/2026:04:41:44 +0300] "GET /?u=58828252683300 HTTP/1.0" 200 16103 "-" "Mozilla/5.0 AppleWebKit/537.36 (KHTML, like Gecko; compatible; ClaudeBot/1.0; +claudebot@anthropic.com)"
216.73.216.136 - - [14/Apr/2026:04:42:18 +0300] "GET /?u=8997945680800 HTTP/1.0" 200 16195 "-" "Mozilla/5.0 AppleWebKit/537.36 (KHTML, like Gecko; compatible; ClaudeBot/1.0; +claudebot@anthropic.com)"
216.73.216.136 - - [14/Apr/2026:04:42:38 +0300] "GET /robots.txt HTTP/1.0" 200 392 "-" "Mozilla/5.0 AppleWebKit/537.36 (KHTML, like Gecko; compatible; ClaudeBot/1.0; +claudebot@anthropic.com)"
216.73.216.136 - - [14/Apr/2026:04:42:54 +0300] "GET /?u=2937014592901 HTTP/1.0" 200 16194 "-" "Mozilla/5.0 AppleWebKit/537.36 (KHTML, like Gecko; compatible; ClaudeBot/1.0; +claudebot@anthropic.com)"
216.73.216.136 - - [14/Apr/2026:04:43:26 +0300] "GET /?u=0792915080900 HTTP/1.0" 200 16195 "-" "Mozilla/5.0 AppleWebKit/537.36 (KHTML, like Gecko; compatible; ClaudeBot/1.0; +claudebot@anthropic.com)"
216.73.216.136 - - [14/Apr/2026:04:43:54 +0300] "GET /?u=8089859516201 HTTP/1.0" 200 16102 "-" "Mozilla/5.0 AppleWebKit/537.36 (KHTML, like Gecko; compatible; ClaudeBot/1.0; +claudebot@anthropic.com)"
216.73.216.136 - - [14/Apr/2026:04:44:24 +0300] "GET /?u=07904264477801 HTTP/1.0" 200 16197 "-" "Mozilla/5.0 AppleWebKit/537.36 (KHTML, like Gecko; compatible; ClaudeBot/1.0; +claudebot@anthropic.com)"
216.73.216.136 - - [14/Apr/2026:04:44:46 +0300] "GET /?u=74137440501 HTTP/1.0" 200 16191 "-" "Mozilla/5.0 AppleWebKit/537.36 (KHTML, like Gecko; compatible; ClaudeBot/1.0; +claudebot@anthropic.com)"
216.73.216.136 - - [14/Apr/2026:04:45:14 +0300] "GET /?u=6733739948100 HTTP/1.0" 200 16197 "-" "Mozilla/5.0 AppleWebKit/537.36 (KHTML, like Gecko; compatible; ClaudeBot/1.0; +claudebot@anthropic.com)"
216.73.216.136 - - [14/Apr/2026:04:45:42 +0300] "GET /?u=7762963955301 HTTP/1.0" 200 16197 "-" "Mozilla/5.0 AppleWebKit/537.36 (KHTML, like Gecko; compatible; ClaudeBot/1.0; +claudebot@anthropic.com)"
45.227.253.15 - - [14/Apr/2026:04:46:05 +0300] "GET /index.php/jk HTTP/1.0" 200 210 "-" "Mozilla/5.0 (Macintosh; Intel Mac OS X 10.12; rv:103.0) Gecko/20100101 Firefox/103.0"
216.73.216.136 - - [14/Apr/2026:04:46:09 +0300] "GET /?u=16822374601 HTTP/1.0" 200 16094 "-" "Mozilla/5.0 AppleWebKit/537.36 (KHTML, like Gecko; compatible; ClaudeBot/1.0; +claudebot@anthropic.com)"
216.73.216.136 - - [14/Apr/2026:04:46:46 +0300] "GET /?u=7861185962300 HTTP/1.0" 200 16194 "-" "Mozilla/5.0 AppleWebKit/537.36 (KHTML, like Gecko; compatible; ClaudeBot/1.0; +claudebot@anthropic.com)"
216.73.216.136 - - [14/Apr/2026:04:47:17 +0300] "GET /?u=77276100960600 HTTP/1.0" 200 16198 "-" "Mozilla/5.0 AppleWebKit/537.36 (KHTML, like Gecko; compatible; ClaudeBot/1.0; +claudebot@anthropic.com)"
216.73.216.136 - - [14/Apr/2026:04:47:47 +0300] "GET /?u=83050135891701 HTTP/1.0" 200 16197 "-" "Mozilla/5.0 AppleWebKit/537.36 (KHTML, like Gecko; compatible; ClaudeBot/1.0; +claudebot@anthropic.com)"
74.7.230.23 - - [14/Apr/2026:04:47:58 +0300] "GET /robots.txt HTTP/1.0" 200 392 "-" "Mozilla/5.0 (Macintosh; Intel Mac OS X 10_15_7) AppleWebKit/537.36 (KHTML, like Gecko) Chrome/131.0.0.0 Safari/537.36; compatible; OAI-SearchBot/1.3; robots.txt; +https://openai.com/searchbot"
216.73.216.136 - - [14/Apr/2026:04:48:20 +0300] "GET /?u=98546283665700 HTTP/1.0" 200 16105 "-" "Mozilla/5.0 AppleWebKit/537.36 (KHTML, like Gecko; compatible; ClaudeBot/1.0; +claudebot@anthropic.com)"
216.73.216.136 - - [14/Apr/2026:04:48:50 +0300] "GET /?u=0097934720000 HTTP/1.0" 200 16194 "-" "Mozilla/5.0 AppleWebKit/537.36 (KHTML, like Gecko; compatible; ClaudeBot/1.0; +claudebot@anthropic.com)"
94.154.35.236 - - [14/Apr/2026:04:49:04 +0300] "HEAD /blog.zip HTTP/1.1" 301 0 "-" "Mozilla/5.0 (Windows NT 10.0; Win64; x64) AppleWebKit/537.36 (KHTML, like Gecko) Chrome/101.0.4951.67 Safari/537.36"
94.154.35.236 - - [14/Apr/2026:04:49:04 +0300] "HEAD /blog.zip HTTP/1.0" 404 294 "-" "Mozilla/5.0 (Windows NT 10.0; Win64; x64) AppleWebKit/537.36 (KHTML, like Gecko) Chrome/101.0.4951.67 Safari/537.36"
216.73.216.136 - - [14/Apr/2026:04:49:28 +0300] "GET /?u=4258658176100 HTTP/1.0" 200 16195 "-" "Mozilla/5.0 AppleWebKit/537.36 (KHTML, like Gecko; compatible; ClaudeBot/1.0; +claudebot@anthropic.com)"
216.73.216.136 - - [14/Apr/2026:04:49:56 +0300] "GET /?u=68128229601 HTTP/1.0" 200 16190 "-" "Mozilla/5.0 AppleWebKit/537.36 (KHTML, like Gecko; compatible; ClaudeBot/1.0; +claudebot@anthropic.com)"
74.7.241.159 - - [14/Apr/2026:04:50:03 +0300] "GET /robots.txt HTTP/1.0" 200 392 "-" "Mozilla/5.0 (Macintosh; Intel Mac OS X 10_15_7) AppleWebKit/537.36 (KHTML, like Gecko) Chrome/131.0.0.0 Safari/537.36; compatible; OAI-SearchBot/1.3; robots.txt; +https://openai.com/searchbot"
216.73.216.136 - - [14/Apr/2026:04:50:26 +0300] "GET /?u=9898941600 HTTP/1.0" 200 16085 "-" "Mozilla/5.0 AppleWebKit/537.36 (KHTML, like Gecko; compatible; ClaudeBot/1.0; +claudebot@anthropic.com)"
216.73.216.136 - - [14/Apr/2026:04:51:19 +0300] "GET /?u=97967199767401 HTTP/1.0" 200 16200 "-" "Mozilla/5.0 AppleWebKit/537.36 (KHTML, like Gecko; compatible; ClaudeBot/1.0; +claudebot@anthropic.com)"
216.73.216.136 - - [14/Apr/2026:04:51:46 +0300] "GET /?u=0097990260601 HTTP/1.0" 200 16197 "-" "Mozilla/5.0 AppleWebKit/537.36 (KHTML, like Gecko; compatible; ClaudeBot/1.0; +claudebot@anthropic.com)"
216.73.216.136 - - [14/Apr/2026:04:52:18 +0300] "GET /?u=23477136961200 HTTP/1.0" 200 16101 "-" "Mozilla/5.0 AppleWebKit/537.36 (KHTML, like Gecko; compatible; ClaudeBot/1.0; +claudebot@anthropic.com)"
216.73.216.136 - - [14/Apr/2026:04:52:49 +0300] "GET /?u=7804025940700 HTTP/1.0" 200 16104 "-" "Mozilla/5.0 AppleWebKit/537.36 (KHTML, like Gecko; compatible; ClaudeBot/1.0; +claudebot@anthropic.com)"
216.73.216.136 - - [14/Apr/2026:04:53:20 +0300] "GET /?u=9710990944200 HTTP/1.0" 200 16196 "-" "Mozilla/5.0 AppleWebKit/537.36 (KHTML, like Gecko; compatible; ClaudeBot/1.0; +claudebot@anthropic.com)"
216.73.216.136 - - [14/Apr/2026:04:53:52 +0300] "GET /?u=1494955454501 HTTP/1.0" 200 16101 "-" "Mozilla/5.0 AppleWebKit/537.36 (KHTML, like Gecko; compatible; ClaudeBot/1.0; +claudebot@anthropic.com)"
216.73.216.136 - - [14/Apr/2026:04:54:25 +0300] "GET /?u=0517090519400 HTTP/1.0" 200 16097 "-" "Mozilla/5.0 AppleWebKit/537.36 (KHTML, like Gecko; compatible; ClaudeBot/1.0; +claudebot@anthropic.com)"
216.73.216.136 - - [14/Apr/2026:04:54:46 +0300] "GET /shopbrand/L024123565759 HTTP/1.0" 404 1276 "-" "Mozilla/5.0 AppleWebKit/537.36 (KHTML, like Gecko; compatible; ClaudeBot/1.0; +claudebot@anthropic.com)"
216.73.216.136 - - [14/Apr/2026:04:55:13 +0300] "GET /?u=12190180770801 HTTP/1.0" 200 16197 "-" "Mozilla/5.0 AppleWebKit/537.36 (KHTML, like Gecko; compatible; ClaudeBot/1.0; +claudebot@anthropic.com)"
216.73.216.136 - - [14/Apr/2026:04:55:45 +0300] "GET /shopbrand/L014021848867 HTTP/1.0" 404 1276 "-" "Mozilla/5.0 AppleWebKit/537.36 (KHTML, like Gecko; compatible; ClaudeBot/1.0; +claudebot@anthropic.com)"
216.73.216.136 - - [14/Apr/2026:04:56:19 +0300] "GET /?u=7624959010700 HTTP/1.0" 200 16198 "-" "Mozilla/5.0 AppleWebKit/537.36 (KHTML, like Gecko; compatible; ClaudeBot/1.0; +claudebot@anthropic.com)"
216.73.216.136 - - [14/Apr/2026:04:56:49 +0300] "GET /?u=9820325304501 HTTP/1.0" 200 16195 "-" "Mozilla/5.0 AppleWebKit/537.36 (KHTML, like Gecko; compatible; ClaudeBot/1.0; +claudebot@anthropic.com)"
91.231.89.123 - - [14/Apr/2026:04:57:00 +0300] "GET / HTTP/1.0" 200 110912 "-" "Mozilla/5.0 (X11; Ubuntu; Linux x86_64; rv:134.0) Gecko/20100101 Firefox/134.0"
216.73.216.136 - - [14/Apr/2026:04:57:19 +0300] "GET /?u=77389913600 HTTP/1.0" 200 16095 "-" "Mozilla/5.0 AppleWebKit/537.36 (KHTML, like Gecko; compatible; ClaudeBot/1.0; +claudebot@anthropic.com)"
216.73.216.136 - - [14/Apr/2026:04:57:50 +0300] "GET /?u=91148100490201 HTTP/1.0" 200 16199 "-" "Mozilla/5.0 AppleWebKit/537.36 (KHTML, like Gecko; compatible; ClaudeBot/1.0; +claudebot@anthropic.com)"
216.73.216.136 - - [14/Apr/2026:04:58:20 +0300] "GET /?u=9377659700901 HTTP/1.0" 200 16197 "-" "Mozilla/5.0 AppleWebKit/537.36 (KHTML, like Gecko; compatible; ClaudeBot/1.0; +claudebot@anthropic.com)"
91.231.89.123 - - [14/Apr/2026:04:58:42 +0300] "GET / HTTP/1.1" 301 196 "-" "Mozilla/5.0 (X11; Ubuntu; Linux x86_64; rv:134.0) Gecko/20100101 Firefox/134.0"
216.73.216.136 - - [14/Apr/2026:04:58:51 +0300] "GET /shopbrand/L013148461806 HTTP/1.0" 404 1276 "-" "Mozilla/5.0 AppleWebKit/537.36 (KHTML, like Gecko; compatible; ClaudeBot/1.0; +claudebot@anthropic.com)"
216.73.216.136 - - [14/Apr/2026:04:59:26 +0300] "GET /shopbrand/L01404224059 HTTP/1.0" 404 1179 "-" "Mozilla/5.0 AppleWebKit/537.36 (KHTML, like Gecko; compatible; ClaudeBot/1.0; +claudebot@anthropic.com)"
216.73.216.136 - - [14/Apr/2026:04:59:53 +0300] "GET /?u=9370715548601 HTTP/1.0" 200 16096 "-" "Mozilla/5.0 AppleWebKit/537.36 (KHTML, like Gecko; compatible; ClaudeBot/1.0; +claudebot@anthropic.com)"
47.128.49.126 - - [14/Apr/2026:05:00:42 +0300] "GET /robots.txt HTTP/1.0" 200 392 "-" "Mozilla/5.0 (Linux; Android 5.0) AppleWebKit/537.36 (KHTML, like Gecko) Mobile Safari/537.36 (compatible; Bytespider; spider-feedback@bytedance.com)"
216.73.216.136 - - [14/Apr/2026:05:00:24 +0300] "GET /?u=83281118059401 HTTP/1.0" 200 16201 "-" "Mozilla/5.0 AppleWebKit/537.36 (KHTML, like Gecko; compatible; ClaudeBot/1.0; +claudebot@anthropic.com)"
216.73.216.136 - - [14/Apr/2026:05:00:54 +0300] "GET /?u=48864264228600 HTTP/1.0" 200 16195 "-" "Mozilla/5.0 AppleWebKit/537.36 (KHTML, like Gecko; compatible; ClaudeBot/1.0; +claudebot@anthropic.com)"
47.128.48.72 - - [14/Apr/2026:05:01:28 +0300] "GET /robots.txt HTTP/1.0" 200 392 "-" "Mozilla/5.0 (Linux; Android 5.0) AppleWebKit/537.36 (KHTML, like Gecko) Mobile Safari/537.36 (compatible; Bytespider; spider-feedback@bytedance.com)"
216.73.216.136 - - [14/Apr/2026:05:01:26 +0300] "GET /?u=8093234434401 HTTP/1.0" 200 16194 "-" "Mozilla/5.0 AppleWebKit/537.36 (KHTML, like Gecko; compatible; ClaudeBot/1.0; +claudebot@anthropic.com)"
91.196.152.163 - - [14/Apr/2026:05:01:29 +0300] "GET / HTTP/1.0" 200 111033 "-" "Mozilla/5.0 (X11; Ubuntu; Linux x86_64; rv:134.0) Gecko/20100101 Firefox/134.0"
216.73.216.136 - - [14/Apr/2026:05:01:39 +0300] "GET /?u=3788113484101 HTTP/1.0" 200 16196 "-" "Mozilla/5.0 AppleWebKit/537.36 (KHTML, like Gecko; compatible; ClaudeBot/1.0; +claudebot@anthropic.com)"
216.73.216.136 - - [14/Apr/2026:05:02:15 +0300] "GET /?u=97620130953000 HTTP/1.0" 200 16200 "-" "Mozilla/5.0 AppleWebKit/537.36 (KHTML, like Gecko; compatible; ClaudeBot/1.0; +claudebot@anthropic.com)"
216.73.216.136 - - [14/Apr/2026:05:02:52 +0300] "GET /?u=37394394401 HTTP/1.0" 200 16090 "-" "Mozilla/5.0 AppleWebKit/537.36 (KHTML, like Gecko; compatible; ClaudeBot/1.0; +claudebot@anthropic.com)"
216.73.216.136 - - [14/Apr/2026:05:03:26 +0300] "GET /?u=22009180445201 HTTP/1.0" 200 16196 "-" "Mozilla/5.0 AppleWebKit/537.36 (KHTML, like Gecko; compatible; ClaudeBot/1.0; +claudebot@anthropic.com)"
216.73.216.136 - - [14/Apr/2026:05:03:42 +0300] "GET /?u=01492735301 HTTP/1.0" 200 16193 "-" "Mozilla/5.0 AppleWebKit/537.36 (KHTML, like Gecko; compatible; ClaudeBot/1.0; +claudebot@anthropic.com)"
216.73.216.136 - - [14/Apr/2026:05:04:13 +0300] "GET /?u=0772758912901 HTTP/1.0" 200 16099 "-" "Mozilla/5.0 AppleWebKit/537.36 (KHTML, like Gecko; compatible; ClaudeBot/1.0; +claudebot@anthropic.com)"
216.73.216.136 - - [14/Apr/2026:05:04:34 +0300] "GET /?u=9790155880401 HTTP/1.0" 200 16101 "-" "Mozilla/5.0 AppleWebKit/537.36 (KHTML, like Gecko; compatible; ClaudeBot/1.0; +claudebot@anthropic.com)"
216.73.216.136 - - [14/Apr/2026:05:05:08 +0300] "GET /?u=80599173200 HTTP/1.0" 200 16192 "-" "Mozilla/5.0 AppleWebKit/537.36 (KHTML, like Gecko; compatible; ClaudeBot/1.0; +claudebot@anthropic.com)"
216.73.216.136 - - [14/Apr/2026:05:05:39 +0300] "GET /?u=8448084357301 HTTP/1.0" 200 16196 "-" "Mozilla/5.0 AppleWebKit/537.36 (KHTML, like Gecko; compatible; ClaudeBot/1.0; +claudebot@anthropic.com)"
216.73.216.136 - - [14/Apr/2026:05:06:11 +0300] "GET /?u=40706225856401 HTTP/1.0" 200 16202 "-" "Mozilla/5.0 AppleWebKit/537.36 (KHTML, like Gecko; compatible; ClaudeBot/1.0; +claudebot@anthropic.com)"
216.73.216.136 - - [14/Apr/2026:05:06:42 +0300] "GET /?u=72076117474401 HTTP/1.0" 200 16100 "-" "Mozilla/5.0 AppleWebKit/537.36 (KHTML, like Gecko; compatible; ClaudeBot/1.0; +claudebot@anthropic.com)"
216.73.216.136 - - [14/Apr/2026:05:07:18 +0300] "GET /?u=01872132736100 HTTP/1.0" 200 16100 "-" "Mozilla/5.0 AppleWebKit/537.36 (KHTML, like Gecko; compatible; ClaudeBot/1.0; +claudebot@anthropic.com)"
216.73.216.136 - - [14/Apr/2026:05:07:39 +0300] "GET /?u=7192525874101 HTTP/1.0" 200 16192 "-" "Mozilla/5.0 AppleWebKit/537.36 (KHTML, like Gecko; compatible; ClaudeBot/1.0; +claudebot@anthropic.com)"
216.73.216.136 - - [14/Apr/2026:05:07:55 +0300] "GET /?u=7911763792001 HTTP/1.0" 200 16097 "-" "Mozilla/5.0 AppleWebKit/537.36 (KHTML, like Gecko; compatible; ClaudeBot/1.0; +claudebot@anthropic.com)"
216.73.216.136 - - [14/Apr/2026:05:08:48 +0300] "GET /?u=2824345701600 HTTP/1.0" 200 16099 "-" "Mozilla/5.0 AppleWebKit/537.36 (KHTML, like Gecko; compatible; ClaudeBot/1.0; +claudebot@anthropic.com)"
216.73.216.136 - - [14/Apr/2026:05:09:18 +0300] "GET /?u=7409084059401 HTTP/1.0" 200 16195 "-" "Mozilla/5.0 AppleWebKit/537.36 (KHTML, like Gecko; compatible; ClaudeBot/1.0; +claudebot@anthropic.com)"
216.73.216.136 - - [14/Apr/2026:05:09:23 +0300] "GET /?u=9979690537201 HTTP/1.0" 200 16100 "-" "Mozilla/5.0 AppleWebKit/537.36 (KHTML, like Gecko; compatible; ClaudeBot/1.0; +claudebot@anthropic.com)"
216.73.216.136 - - [14/Apr/2026:05:09:29 +0300] "GET /?u=77420171495800 HTTP/1.0" 200 16101 "-" "Mozilla/5.0 AppleWebKit/537.36 (KHTML, like Gecko; compatible; ClaudeBot/1.0; +claudebot@anthropic.com)"
216.73.216.136 - - [14/Apr/2026:05:09:35 +0300] "GET /?u=09720117294401 HTTP/1.0" 200 16100 "-" "Mozilla/5.0 AppleWebKit/537.36 (KHTML, like Gecko; compatible; ClaudeBot/1.0; +claudebot@anthropic.com)"
216.73.216.136 - - [14/Apr/2026:05:09:41 +0300] "GET /?u=5658113501000 HTTP/1.0" 200 16099 "-" "Mozilla/5.0 AppleWebKit/537.36 (KHTML, like Gecko; compatible; ClaudeBot/1.0; +claudebot@anthropic.com)"
216.73.216.136 - - [14/Apr/2026:05:09:47 +0300] "GET /?u=7698945339000 HTTP/1.0" 200 16098 "-" "Mozilla/5.0 AppleWebKit/537.36 (KHTML, like Gecko; compatible; ClaudeBot/1.0; +claudebot@anthropic.com)"
216.73.216.136 - - [14/Apr/2026:05:09:53 +0300] "GET /?u=6339790173301 HTTP/1.0" 200 16098 "-" "Mozilla/5.0 AppleWebKit/537.36 (KHTML, like Gecko; compatible; ClaudeBot/1.0; +claudebot@anthropic.com)"
216.73.216.136 - - [14/Apr/2026:05:09:58 +0300] "GET /?u=19476580401 HTTP/1.0" 200 16092 "-" "Mozilla/5.0 AppleWebKit/537.36 (KHTML, like Gecko; compatible; ClaudeBot/1.0; +claudebot@anthropic.com)"
216.73.216.136 - - [14/Apr/2026:05:10:04 +0300] "GET /?u=0127134226501 HTTP/1.0" 200 16098 "-" "Mozilla/5.0 AppleWebKit/537.36 (KHTML, like Gecko; compatible; ClaudeBot/1.0; +claudebot@anthropic.com)"
216.73.216.136 - - [14/Apr/2026:05:10:11 +0300] "GET /?u=8305634873500 HTTP/1.0" 200 16100 "-" "Mozilla/5.0 AppleWebKit/537.36 (KHTML, like Gecko; compatible; ClaudeBot/1.0; +claudebot@anthropic.com)"
216.73.216.136 - - [14/Apr/2026:05:10:20 +0300] "GET /?u=12763132994701 HTTP/1.0" 200 16100 "-" "Mozilla/5.0 AppleWebKit/537.36 (KHTML, like Gecko; compatible; ClaudeBot/1.0; +claudebot@anthropic.com)"
216.73.216.136 - - [14/Apr/2026:05:10:28 +0300] "GET /?u=71820100028501 HTTP/1.0" 200 16099 "-" "Mozilla/5.0 AppleWebKit/537.36 (KHTML, like Gecko; compatible; ClaudeBot/1.0; +claudebot@anthropic.com)"
216.73.216.136 - - [14/Apr/2026:05:10:38 +0300] "GET /?u=06908751901 HTTP/1.0" 200 16095 "-" "Mozilla/5.0 AppleWebKit/537.36 (KHTML, like Gecko; compatible; ClaudeBot/1.0; +claudebot@anthropic.com)"
216.73.216.136 - - [14/Apr/2026:05:10:49 +0300] "GET /?u=40833283714701 HTTP/1.0" 200 16099 "-" "Mozilla/5.0 AppleWebKit/537.36 (KHTML, like Gecko; compatible; ClaudeBot/1.0; +claudebot@anthropic.com)"
216.73.216.136 - - [14/Apr/2026:05:11:01 +0300] "GET /?u=3315085437500 HTTP/1.0" 200 16099 "-" "Mozilla/5.0 AppleWebKit/537.36 (KHTML, like Gecko; compatible; ClaudeBot/1.0; +claudebot@anthropic.com)"
216.73.216.136 - - [14/Apr/2026:05:11:14 +0300] "GET /?u=7217523019100 HTTP/1.0" 200 16097 "-" "Mozilla/5.0 AppleWebKit/537.36 (KHTML, like Gecko; compatible; ClaudeBot/1.0; +claudebot@anthropic.com)"
216.73.216.136 - - [14/Apr/2026:05:11:22 +0300] "GET /?u=1719945934000 HTTP/1.0" 200 16198 "-" "Mozilla/5.0 AppleWebKit/537.36 (KHTML, like Gecko; compatible; ClaudeBot/1.0; +claudebot@anthropic.com)"
216.73.216.136 - - [14/Apr/2026:05:11:34 +0300] "GET /?u=6964090897501 HTTP/1.0" 200 16099 "-" "Mozilla/5.0 AppleWebKit/537.36 (KHTML, like Gecko; compatible; ClaudeBot/1.0; +claudebot@anthropic.com)"
216.73.216.136 - - [14/Apr/2026:05:11:47 +0300] "GET /?u=18676100724801 HTTP/1.0" 200 16102 "-" "Mozilla/5.0 AppleWebKit/537.36 (KHTML, like Gecko; compatible; ClaudeBot/1.0; +claudebot@anthropic.com)"
216.73.216.136 - - [14/Apr/2026:05:12:00 +0300] "GET /?u=0790858816900 HTTP/1.0" 200 16097 "-" "Mozilla/5.0 AppleWebKit/537.36 (KHTML, like Gecko; compatible; ClaudeBot/1.0; +claudebot@anthropic.com)"
216.73.216.136 - - [14/Apr/2026:05:12:15 +0300] "GET /?u=92965355100 HTTP/1.0" 200 16093 "-" "Mozilla/5.0 AppleWebKit/537.36 (KHTML, like Gecko; compatible; ClaudeBot/1.0; +claudebot@anthropic.com)"
216.73.216.136 - - [14/Apr/2026:05:12:29 +0300] "GET /?u=57715283463601 HTTP/1.0" 200 16100 "-" "Mozilla/5.0 AppleWebKit/537.36 (KHTML, like Gecko; compatible; ClaudeBot/1.0; +claudebot@anthropic.com)"
216.73.216.136 - - [14/Apr/2026:05:12:34 +0300] "GET /?u=9907880182201 HTTP/1.0" 200 16196 "-" "Mozilla/5.0 AppleWebKit/537.36 (KHTML, like Gecko; compatible; ClaudeBot/1.0; +claudebot@anthropic.com)"
216.73.216.136 - - [14/Apr/2026:05:12:43 +0300] "GET /?u=76014766401 HTTP/1.0" 200 16094 "-" "Mozilla/5.0 AppleWebKit/537.36 (KHTML, like Gecko; compatible; ClaudeBot/1.0; +claudebot@anthropic.com)"
216.73.216.136 - - [14/Apr/2026:05:13:00 +0300] "GET /?u=85113199582001 HTTP/1.0" 200 16099 "-" "Mozilla/5.0 AppleWebKit/537.36 (KHTML, like Gecko; compatible; ClaudeBot/1.0; +claudebot@anthropic.com)"
216.73.216.136 - - [14/Apr/2026:05:13:16 +0300] "GET /?u=0809780739000 HTTP/1.0" 200 16099 "-" "Mozilla/5.0 AppleWebKit/537.36 (KHTML, like Gecko; compatible; ClaudeBot/1.0; +claudebot@anthropic.com)"
216.73.216.136 - - [14/Apr/2026:05:13:35 +0300] "GET /?u=78385254282000 HTTP/1.0" 200 16099 "-" "Mozilla/5.0 AppleWebKit/537.36 (KHTML, like Gecko; compatible; ClaudeBot/1.0; +claudebot@anthropic.com)"
216.73.216.136 - - [14/Apr/2026:05:13:46 +0300] "GET /?u=81902180634801 HTTP/1.0" 200 16199 "-" "Mozilla/5.0 AppleWebKit/537.36 (KHTML, like Gecko; compatible; ClaudeBot/1.0; +claudebot@anthropic.com)"
216.73.216.136 - - [14/Apr/2026:05:14:03 +0300] "GET /?u=9793915940700 HTTP/1.0" 200 16199 "-" "Mozilla/5.0 AppleWebKit/537.36 (KHTML, like Gecko; compatible; ClaudeBot/1.0; +claudebot@anthropic.com)"
216.73.216.136 - - [14/Apr/2026:05:14:21 +0300] "GET /?u=56964264533701 HTTP/1.0" 200 16101 "-" "Mozilla/5.0 AppleWebKit/537.36 (KHTML, like Gecko; compatible; ClaudeBot/1.0; +claudebot@anthropic.com)"
216.73.216.136 - - [14/Apr/2026:05:14:35 +0300] "GET /?u=6029085605800 HTTP/1.0" 200 16196 "-" "Mozilla/5.0 AppleWebKit/537.36 (KHTML, like Gecko; compatible; ClaudeBot/1.0; +claudebot@anthropic.com)"
216.73.216.136 - - [14/Apr/2026:05:14:53 +0300] "GET /?u=7122185695000 HTTP/1.0" 200 16097 "-" "Mozilla/5.0 AppleWebKit/537.36 (KHTML, like Gecko; compatible; ClaudeBot/1.0; +claudebot@anthropic.com)"
216.73.216.136 - - [14/Apr/2026:05:15:11 +0300] "GET /?u=1571858793000 HTTP/1.0" 200 16103 "-" "Mozilla/5.0 AppleWebKit/537.36 (KHTML, like Gecko; compatible; ClaudeBot/1.0; +claudebot@anthropic.com)"
216.73.216.136 - - [14/Apr/2026:05:15:29 +0300] "GET /?u=5600523278801 HTTP/1.0" 200 16097 "-" "Mozilla/5.0 AppleWebKit/537.36 (KHTML, like Gecko; compatible; ClaudeBot/1.0; +claudebot@anthropic.com)"
94.154.35.236 - - [14/Apr/2026:05:15:47 +0300] "HEAD /blog.rar HTTP/1.1" 301 0 "-" "Mozilla/5.0 (Windows NT 10.0; Win64; x64) AppleWebKit/537.36 (KHTML, like Gecko) Chrome/101.0.4951.67 Safari/537.36"
216.73.216.136 - - [14/Apr/2026:05:15:44 +0300] "GET /?u=6759814947600 HTTP/1.0" 200 16195 "-" "Mozilla/5.0 AppleWebKit/537.36 (KHTML, like Gecko; compatible; ClaudeBot/1.0; +claudebot@anthropic.com)"
94.154.35.236 - - [14/Apr/2026:05:15:47 +0300] "HEAD /blog.rar HTTP/1.0" 404 294 "-" "Mozilla/5.0 (Windows NT 10.0; Win64; x64) AppleWebKit/537.36 (KHTML, like Gecko) Chrome/101.0.4951.67 Safari/537.36"
216.73.216.136 - - [14/Apr/2026:05:15:47 +0300] "GET /?u=09228283453501 HTTP/1.0" 200 16103 "-" "Mozilla/5.0 AppleWebKit/537.36 (KHTML, like Gecko; compatible; ClaudeBot/1.0; +claudebot@anthropic.com)"
216.73.216.136 - - [14/Apr/2026:05:15:59 +0300] "GET /?u=92201186076501 HTTP/1.0" 200 16200 "-" "Mozilla/5.0 AppleWebKit/537.36 (KHTML, like Gecko; compatible; ClaudeBot/1.0; +claudebot@anthropic.com)"
216.73.216.136 - - [14/Apr/2026:05:16:17 +0300] "GET /?u=04090188940400 HTTP/1.0" 200 16101 "-" "Mozilla/5.0 AppleWebKit/537.36 (KHTML, like Gecko; compatible; ClaudeBot/1.0; +claudebot@anthropic.com)"
216.73.216.136 - - [14/Apr/2026:05:16:35 +0300] "GET /?u=0656790244801 HTTP/1.0" 200 16102 "-" "Mozilla/5.0 AppleWebKit/537.36 (KHTML, like Gecko; compatible; ClaudeBot/1.0; +claudebot@anthropic.com)"
216.73.216.136 - - [14/Apr/2026:05:16:53 +0300] "GET /?u=9965725523501 HTTP/1.0" 200 16102 "-" "Mozilla/5.0 AppleWebKit/537.36 (KHTML, like Gecko; compatible; ClaudeBot/1.0; +claudebot@anthropic.com)"
216.73.216.136 - - [14/Apr/2026:05:17:07 +0300] "GET /?u=9708014633601 HTTP/1.0" 200 16198 "-" "Mozilla/5.0 AppleWebKit/537.36 (KHTML, like Gecko; compatible; ClaudeBot/1.0; +claudebot@anthropic.com)"
216.73.216.136 - - [14/Apr/2026:05:17:24 +0300] "GET /?u=8017045877800 HTTP/1.0" 200 16193 "-" "Mozilla/5.0 AppleWebKit/537.36 (KHTML, like Gecko; compatible; ClaudeBot/1.0; +claudebot@anthropic.com)"
216.73.216.136 - - [14/Apr/2026:05:17:42 +0300] "GET /shopbrand/L01501403566 HTTP/1.0" 404 1179 "-" "Mozilla/5.0 AppleWebKit/537.36 (KHTML, like Gecko; compatible; ClaudeBot/1.0; +claudebot@anthropic.com)"
216.73.216.136 - - [14/Apr/2026:05:17:55 +0300] "GET /?u=74908839401 HTTP/1.0" 200 16097 "-" "Mozilla/5.0 AppleWebKit/537.36 (KHTML, like Gecko; compatible; ClaudeBot/1.0; +claudebot@anthropic.com)"
216.73.216.136 - - [14/Apr/2026:05:18:13 +0300] "GET /?u=33221105380600 HTTP/1.0" 200 16103 "-" "Mozilla/5.0 AppleWebKit/537.36 (KHTML, like Gecko; compatible; ClaudeBot/1.0; +claudebot@anthropic.com)"
216.73.216.136 - - [14/Apr/2026:05:18:26 +0300] "GET /?u=0403159891900 HTTP/1.0" 200 16193 "-" "Mozilla/5.0 AppleWebKit/537.36 (KHTML, like Gecko; compatible; ClaudeBot/1.0; +claudebot@anthropic.com)"
216.73.216.136 - - [14/Apr/2026:05:18:49 +0300] "GET /?u=9999112046201 HTTP/1.0" 200 16195 "-" "Mozilla/5.0 AppleWebKit/537.36 (KHTML, like Gecko; compatible; ClaudeBot/1.0; +claudebot@anthropic.com)"
216.73.216.136 - - [14/Apr/2026:05:19:23 +0300] "GET /?u=4987990056801 HTTP/1.0" 200 16197 "-" "Mozilla/5.0 AppleWebKit/537.36 (KHTML, like Gecko; compatible; ClaudeBot/1.0; +claudebot@anthropic.com)"
216.73.216.136 - - [14/Apr/2026:05:19:50 +0300] "GET /?u=8514790013601 HTTP/1.0" 200 16198 "-" "Mozilla/5.0 AppleWebKit/537.36 (KHTML, like Gecko; compatible; ClaudeBot/1.0; +claudebot@anthropic.com)"
216.73.216.136 - - [14/Apr/2026:05:20:20 +0300] "GET /?u=2335655816601 HTTP/1.0" 200 16099 "-" "Mozilla/5.0 AppleWebKit/537.36 (KHTML, like Gecko; compatible; ClaudeBot/1.0; +claudebot@anthropic.com)"
216.73.216.136 - - [14/Apr/2026:05:20:50 +0300] "GET /?u=0021790738300 HTTP/1.0" 200 16198 "-" "Mozilla/5.0 AppleWebKit/537.36 (KHTML, like Gecko; compatible; ClaudeBot/1.0; +claudebot@anthropic.com)"
216.73.216.136 - - [14/Apr/2026:05:21:08 +0300] "GET /?u=84058845501 HTTP/1.0" 200 16192 "-" "Mozilla/5.0 AppleWebKit/537.36 (KHTML, like Gecko; compatible; ClaudeBot/1.0; +claudebot@anthropic.com)"
216.73.216.136 - - [14/Apr/2026:05:21:38 +0300] "GET /?u=11783139101 HTTP/1.0" 200 16191 "-" "Mozilla/5.0 AppleWebKit/537.36 (KHTML, like Gecko; compatible; ClaudeBot/1.0; +claudebot@anthropic.com)"
216.73.216.136 - - [14/Apr/2026:05:22:10 +0300] "GET /?u=8205945169600 HTTP/1.0" 200 16197 "-" "Mozilla/5.0 AppleWebKit/537.36 (KHTML, like Gecko; compatible; ClaudeBot/1.0; +claudebot@anthropic.com)"
216.73.216.136 - - [14/Apr/2026:05:22:42 +0300] "GET /?u=24061572900 HTTP/1.0" 200 16188 "-" "Mozilla/5.0 AppleWebKit/537.36 (KHTML, like Gecko; compatible; ClaudeBot/1.0; +claudebot@anthropic.com)"
216.73.216.136 - - [14/Apr/2026:05:22:45 +0300] "GET /?u=0092990942301 HTTP/1.0" 200 16094 "-" "Mozilla/5.0 AppleWebKit/537.36 (KHTML, like Gecko; compatible; ClaudeBot/1.0; +claudebot@anthropic.com)"
216.73.216.136 - - [14/Apr/2026:05:23:18 +0300] "GET /?u=2872390980901 HTTP/1.0" 200 16195 "-" "Mozilla/5.0 AppleWebKit/537.36 (KHTML, like Gecko; compatible; ClaudeBot/1.0; +claudebot@anthropic.com)"
216.73.216.136 - - [14/Apr/2026:05:23:51 +0300] "GET /?u=4048980851900 HTTP/1.0" 200 16200 "-" "Mozilla/5.0 AppleWebKit/537.36 (KHTML, like Gecko; compatible; ClaudeBot/1.0; +claudebot@anthropic.com)"
216.73.216.136 - - [14/Apr/2026:05:24:18 +0300] "GET /?u=82019199802001 HTTP/1.0" 200 16199 "-" "Mozilla/5.0 AppleWebKit/537.36 (KHTML, like Gecko; compatible; ClaudeBot/1.0; +claudebot@anthropic.com)"
216.73.216.136 - - [14/Apr/2026:05:24:49 +0300] "GET /?u=7908758597401 HTTP/1.0" 200 16099 "-" "Mozilla/5.0 AppleWebKit/537.36 (KHTML, like Gecko; compatible; ClaudeBot/1.0; +claudebot@anthropic.com)"
216.73.216.136 - - [14/Apr/2026:05:25:21 +0300] "GET /?u=8554912053200 HTTP/1.0" 200 16194 "-" "Mozilla/5.0 AppleWebKit/537.36 (KHTML, like Gecko; compatible; ClaudeBot/1.0; +claudebot@anthropic.com)"
216.73.216.136 - - [14/Apr/2026:05:25:38 +0300] "GET /?u=91097100956101 HTTP/1.0" 200 16196 "-" "Mozilla/5.0 AppleWebKit/537.36 (KHTML, like Gecko; compatible; ClaudeBot/1.0; +claudebot@anthropic.com)"
216.73.216.136 - - [14/Apr/2026:05:26:10 +0300] "GET /?u=82030251500601 HTTP/1.0" 200 16199 "-" "Mozilla/5.0 AppleWebKit/537.36 (KHTML, like Gecko; compatible; ClaudeBot/1.0; +claudebot@anthropic.com)"
216.73.216.136 - - [14/Apr/2026:05:26:40 +0300] "GET /?u=24201130944200 HTTP/1.0" 200 16194 "-" "Mozilla/5.0 AppleWebKit/537.36 (KHTML, like Gecko; compatible; ClaudeBot/1.0; +claudebot@anthropic.com)"
216.73.216.136 - - [14/Apr/2026:05:26:59 +0300] "GET /?u=98232132689700 HTTP/1.0" 200 16101 "-" "Mozilla/5.0 AppleWebKit/537.36 (KHTML, like Gecko; compatible; ClaudeBot/1.0; +claudebot@anthropic.com)"
216.73.216.136 - - [14/Apr/2026:05:27:29 +0300] "GET /shopbrand/L013635869072 HTTP/1.0" 404 1276 "-" "Mozilla/5.0 AppleWebKit/537.36 (KHTML, like Gecko; compatible; ClaudeBot/1.0; +claudebot@anthropic.com)"
216.73.216.136 - - [14/Apr/2026:05:27:59 +0300] "GET /?u=04079264274801 HTTP/1.0" 200 16199 "-" "Mozilla/5.0 AppleWebKit/537.36 (KHTML, like Gecko; compatible; ClaudeBot/1.0; +claudebot@anthropic.com)"
216.73.216.136 - - [14/Apr/2026:05:28:02 +0300] "GET /?u=20122267975400 HTTP/1.0" 200 16196 "-" "Mozilla/5.0 AppleWebKit/537.36 (KHTML, like Gecko; compatible; ClaudeBot/1.0; +claudebot@anthropic.com)"
216.73.216.136 - - [14/Apr/2026:05:28:38 +0300] "GET /?u=5409923980401 HTTP/1.0" 200 16100 "-" "Mozilla/5.0 AppleWebKit/537.36 (KHTML, like Gecko; compatible; ClaudeBot/1.0; +claudebot@anthropic.com)"
216.73.216.136 - - [14/Apr/2026:05:29:09 +0300] "GET /?u=9030458926700 HTTP/1.0" 200 16195 "-" "Mozilla/5.0 AppleWebKit/537.36 (KHTML, like Gecko; compatible; ClaudeBot/1.0; +claudebot@anthropic.com)"
216.73.216.136 - - [14/Apr/2026:05:29:40 +0300] "GET /?u=0899558628701 HTTP/1.0" 200 16200 "-" "Mozilla/5.0 AppleWebKit/537.36 (KHTML, like Gecko; compatible; ClaudeBot/1.0; +claudebot@anthropic.com)"
216.73.216.136 - - [14/Apr/2026:05:30:13 +0300] "GET /?u=8587739496300 HTTP/1.0" 200 16196 "-" "Mozilla/5.0 AppleWebKit/537.36 (KHTML, like Gecko; compatible; ClaudeBot/1.0; +claudebot@anthropic.com)"
216.73.216.136 - - [14/Apr/2026:05:30:49 +0300] "GET /?u=8774780772401 HTTP/1.0" 200 16098 "-" "Mozilla/5.0 AppleWebKit/537.36 (KHTML, like Gecko; compatible; ClaudeBot/1.0; +claudebot@anthropic.com)"
216.73.216.136 - - [14/Apr/2026:05:31:23 +0300] "GET /?u=5428958956901 HTTP/1.0" 200 16195 "-" "Mozilla/5.0 AppleWebKit/537.36 (KHTML, like Gecko; compatible; ClaudeBot/1.0; +claudebot@anthropic.com)"
216.73.216.136 - - [14/Apr/2026:05:31:54 +0300] "GET /?u=77029486701 HTTP/1.0" 200 16188 "-" "Mozilla/5.0 AppleWebKit/537.36 (KHTML, like Gecko; compatible; ClaudeBot/1.0; +claudebot@anthropic.com)"
216.73.216.136 - - [14/Apr/2026:05:32:25 +0300] "GET /?u=3215345273601 HTTP/1.0" 200 16193 "-" "Mozilla/5.0 AppleWebKit/537.36 (KHTML, like Gecko; compatible; ClaudeBot/1.0; +claudebot@anthropic.com)"
216.73.216.136 - - [14/Apr/2026:05:32:41 +0300] "GET /?u=8901223016000 HTTP/1.0" 200 16095 "-" "Mozilla/5.0 AppleWebKit/537.36 (KHTML, like Gecko; compatible; ClaudeBot/1.0; +claudebot@anthropic.com)"
216.73.216.136 - - [14/Apr/2026:05:33:13 +0300] "GET /?u=91720130019600 HTTP/1.0" 200 16195 "-" "Mozilla/5.0 AppleWebKit/537.36 (KHTML, like Gecko; compatible; ClaudeBot/1.0; +claudebot@anthropic.com)"
216.73.216.136 - - [14/Apr/2026:05:33:18 +0300] "GET /?u=0627790621600 HTTP/1.0" 200 16195 "-" "Mozilla/5.0 AppleWebKit/537.36 (KHTML, like Gecko; compatible; ClaudeBot/1.0; +claudebot@anthropic.com)"
216.73.216.136 - - [14/Apr/2026:05:33:48 +0300] "GET /?u=0807514749400 HTTP/1.0" 200 16099 "-" "Mozilla/5.0 AppleWebKit/537.36 (KHTML, like Gecko; compatible; ClaudeBot/1.0; +claudebot@anthropic.com)"
216.73.216.136 - - [14/Apr/2026:05:34:04 +0300] "GET /?u=0107525588601 HTTP/1.0" 200 16099 "-" "Mozilla/5.0 AppleWebKit/537.36 (KHTML, like Gecko; compatible; ClaudeBot/1.0; +claudebot@anthropic.com)"
216.73.216.136 - - [14/Apr/2026:05:34:34 +0300] "GET /?u=02702117008501 HTTP/1.0" 200 16200 "-" "Mozilla/5.0 AppleWebKit/537.36 (KHTML, like Gecko; compatible; ClaudeBot/1.0; +claudebot@anthropic.com)"
216.73.216.136 - - [14/Apr/2026:05:34:51 +0300] "GET /?u=79807283463201 HTTP/1.0" 200 16099 "-" "Mozilla/5.0 AppleWebKit/537.36 (KHTML, like Gecko; compatible; ClaudeBot/1.0; +claudebot@anthropic.com)"
216.73.216.136 - - [14/Apr/2026:05:35:21 +0300] "GET /?u=1152284520401 HTTP/1.0" 200 16191 "-" "Mozilla/5.0 AppleWebKit/537.36 (KHTML, like Gecko; compatible; ClaudeBot/1.0; +claudebot@anthropic.com)"
216.73.216.136 - - [14/Apr/2026:05:35:38 +0300] "GET /?u=0151814740400 HTTP/1.0" 200 16100 "-" "Mozilla/5.0 AppleWebKit/537.36 (KHTML, like Gecko; compatible; ClaudeBot/1.0; +claudebot@anthropic.com)"
216.73.216.136 - - [14/Apr/2026:05:36:10 +0300] "GET /?u=5888058943301 HTTP/1.0" 200 16200 "-" "Mozilla/5.0 AppleWebKit/537.36 (KHTML, like Gecko; compatible; ClaudeBot/1.0; +claudebot@anthropic.com)"
216.73.216.136 - - [14/Apr/2026:05:36:45 +0300] "GET /?u=8217015504200 HTTP/1.0" 200 16193 "-" "Mozilla/5.0 AppleWebKit/537.36 (KHTML, like Gecko; compatible; ClaudeBot/1.0; +claudebot@anthropic.com)"
216.73.216.136 - - [14/Apr/2026:05:37:16 +0300] "GET /?u=90751105901201 HTTP/1.0" 200 16200 "-" "Mozilla/5.0 AppleWebKit/537.36 (KHTML, like Gecko; compatible; ClaudeBot/1.0; +claudebot@anthropic.com)"
216.73.216.136 - - [14/Apr/2026:05:37:52 +0300] "GET /?u=3178885698201 HTTP/1.0" 200 16099 "-" "Mozilla/5.0 AppleWebKit/537.36 (KHTML, like Gecko; compatible; ClaudeBot/1.0; +claudebot@anthropic.com)"
216.73.216.136 - - [14/Apr/2026:05:38:25 +0300] "GET /?u=94970693500 HTTP/1.0" 200 16094 "-" "Mozilla/5.0 AppleWebKit/537.36 (KHTML, like Gecko; compatible; ClaudeBot/1.0; +claudebot@anthropic.com)"
216.73.216.136 - - [14/Apr/2026:05:38:57 +0300] "GET /?u=25725185073701 HTTP/1.0" 200 16200 "-" "Mozilla/5.0 AppleWebKit/537.36 (KHTML, like Gecko; compatible; ClaudeBot/1.0; +claudebot@anthropic.com)"
216.73.216.103 - - [17/Apr/2026:00:28:43 +0300] "GET /?u=0170034109001 HTTP/1.0" 500 287 "-" "Mozilla/5.0 AppleWebKit/537.36 (KHTML, like Gecko; compatible; ClaudeBot/1.0; +claudebot@anthropic.com)"
185.191.171.8 - - [17/Apr/2026:00:28:43 +0300] "GET /shopbrand/L021047635037 HTTP/1.0" 500 287 "-" "Mozilla/5.0 (compatible; SemrushBot/7~bl; +http://www.semrush.com/bot.html)"
216.73.216.103 - - [17/Apr/2026:00:28:48 +0300] "GET /?u=9527715997200 HTTP/1.0" 500 287 "-" "Mozilla/5.0 AppleWebKit/537.36 (KHTML, like Gecko; compatible; ClaudeBot/1.0; +claudebot@anthropic.com)"
85.208.96.202 - - [17/Apr/2026:00:28:49 +0300] "GET /shopbrand/L02181794434 HTTP/1.0" 500 287 "-" "Mozilla/5.0 (compatible; SemrushBot/7~bl; +http://www.semrush.com/bot.html)"
85.208.96.197 - - [17/Apr/2026:00:28:57 +0300] "GET /shopbrand/L02139562475 HTTP/1.0" 404 1276 "-" "Mozilla/5.0 (compatible; SemrushBot/7~bl; +http://www.semrush.com/bot.html)"
85.208.96.197 - - [17/Apr/2026:00:29:03 +0300] "GET /shopbrand/L02923381638 HTTP/1.0" 404 1276 "-" "Mozilla/5.0 (compatible; SemrushBot/7~bl; +http://www.semrush.com/bot.html)"
