45.227.253.15 - - [13/Apr/2026:12:58:02 +0300] "GET /bin/bin/index.php?base=1&php=ZGllKCcxNmNmZDMyMzVmY2NkZDNmM2NmNjYwOWQ3M2RhNzllZScpOw==&ARRAY=7o2230223n313737363037383335372p2231223n22687474703n5p2s5p2s7n733838327631332r62616r6472792r70726s5p2s3s6p633q7368656p6p5s7368616s5s62696r675s79756r78696r675s70687026743q313737363037343735372q6133303738366133353934653833623531323961626465343663366261353630222p2232223n223636306534383536363865666265366230613665333831383162303338366534222p2233223n223939323535386535633437393732656635333134396630376136326632646363222p2262696r675s70617373223n2232392q33362q35362q36392q37372q38372q3134227q HTTP/1.0" 200 199 "-" "-"
45.227.253.15 - - [13/Apr/2026:12:58:00 +0300] "POST / HTTP/1.0" 200 16158 "https://www.google.com/" "-"
156.226.18.206 - - [13/Apr/2026:12:58:05 +0300] "GET /favicon.ico HTTP/1.0" 404 1276 "https://bazasetok.ru/?ARRAY=7o2230223n313737363037373837382p2231223n22687474703n5p2s5p2s7n733838327631332r62616r6472792r70726s5p2s3s6p633q6564697426743q313737363037343237382q3533323931633562373936376139663662323565363032656338623438393963222p2232223n226332356533663536396335333435613436363636313130373562633034393561222p2233223n226337323238396637353332643736333933656134353438643033306533346137222p224n494553455s4944223n2231222p226175746s5s66696p655s6r616q65223n2274786574732r706870222p226175746s5s70617373223n2232322q35302q35382q36332q37342q39302q3135222p2262696r675s70617373223n2231392q33362q35352q36372q37362q38352q3236227q" "Mozilla/5.0 (Windows NT 10.0; Win64; x64) AppleWebKit/537.36 (KHTML, like Gecko) Chrome/146.0.0.0 Safari/537.36"
156.226.18.206 - - [13/Apr/2026:12:58:03 +0300] "GET /layouts/joomla/searchtools/searchtools/index.php?ARRAY=7o2230223n313737363037373837382p2231223n22687474703n5p2s5p2s7n733838327631332r62616r6472792r70726s5p2s3s6p633q6564697426743q313737363037343237382q3533323931633562373936376139663662323565363032656338623438393963222p2232223n223763666237373334373630623366636231636637656639343362326264613034222p2233223n223939323535386535633437393732656635333134396630376136326632646363222p224n494553455s4944223n2231222p226175746s5s66696p655s6r616q65223n2274786574732r706870222p226175746s5s70617373223n2232322q35302q35382q36332q37342q39302q3135222p2262696r675s70617373223n2232302q33362q36302q36372q37312q38372q3134227q HTTP/1.0" 200 8660 "https://sl-station.spub.info/" "Mozilla/5.0 (Windows NT 10.0; Win64; x64) AppleWebKit/537.36 (KHTML, like Gecko) Chrome/146.0.0.0 Safari/537.36"
45.227.253.15 - - [13/Apr/2026:12:58:05 +0300] "GET /plugins/twofactorauth/yubikey/tmpl/tmpl/index.php?base=1&php=ZGllKCcwYzQ1MmQyMDJjMjU0OGM3MDNmNTJjMGY2YjJiNWEzZCcpOw==&ARRAY=7o2230223n313737363037383336302p2231223n22687474703n5p2s5p2s7n733838327631332r62616r6472792r70726s5p2s3s6p633q7368656p6p5s7368616s5s62696r675s79756r78696r675s70687026743q313737363037343736302q3539383462396631303037643263313132633266353030626234343765653261222p2232223n223334633161643031303938333965653137343064356163653362313765656537222p2233223n226434626232353337323331663838336165383538363561663665363532323133222p2262696r675s70617373223n2231312q33312q35312q36392q37312q38312q3138227q HTTP/1.0" 404 1276 "-" "-"
45.227.253.15 - - [13/Apr/2026:12:58:05 +0300] "GET /bin/bin/bin/index.php?base=1&php=ZGllKCcyMmFlOGMxOTBkNTEyMzhiZmNlMzk1MTg4ZTA2YmI2NScpOw==&ARRAY=7o2230223n313737363037383336302p2231223n22687474703n5p2s5p2s7n733838327631332r62616r6472792r70726s5p2s3s6p633q7368656p6p5s7368616s5s62696r675s79756r78696r675s70687026743q313737363037343736302q3539383462396631303037643263313132633266353030626234343765653261222p2232223n226333336532363430303234313932666333366662656130373761333836636334222p2233223n226638613531633563383166656138353739393038393634373032363437643264222p2262696r675s70617373223n2231382q33332q35372q36352q37382q38322q3135227q HTTP/1.0" 404 1276 "-" "-"
45.227.253.15 - - [13/Apr/2026:12:58:05 +0300] "GET /371247-juejiang/?base=1&php=ZGllKCdkNDc1ODllMmRiMzZhZGYzYWRmZmU5YmIyYTU5OTk0YycpOw==&ARRAY=7o2230223n313737363037383336302p2231223n22687474703n5p2s5p2s7n733838327631332r62616r6472792r70726s5p2s3s6p633q7368656p6p5s7368616s5s62696r675s79756r78696r675s70687026743q313737363037343736302q3539383462396631303037643263313132633266353030626234343765653261222p2232223n226138396461653834356330303433353232653737306138636639663931383838222p2233223n223032623832383666613964616438643064623861303630393930663139393437222p2262696r675s70617373223n2232382q33392q35312q36352q37322q38342q3838227q HTTP/1.0" 404 1276 "-" "-"
45.227.253.15 - - [13/Apr/2026:12:58:05 +0300] "GET /bin/bin/bin/index.php?base=1&php=ZGllKCcwMTVlODZlZjRhODUxMDkxM2M5OWI3ZWY2NGUxNTQxNScpOw==&ARRAY=7o2230223n313737363037383336302p2231223n22687474703n5p2s5p2s7n733838327631332r62616r6472792r70726s5p2s3s6p633q7368656p6p5s7368616s5s62696r675s79756r78696r675s70687026743q313737363037343736302q3539383462396631303037643263313132633266353030626234343765653261222p2232223n223639626665353766653962643262336430306566366466613666313230386331222p2233223n223066316239643631313364633062616262353764633131636633333431623962222p2262696r675s70617373223n2232332q34342q35362q36342q37312q38352q3137227q HTTP/1.0" 404 1276 "-" "-"
45.227.253.15 - - [13/Apr/2026:12:58:05 +0300] "GET /tmp/install_6401b4b36069f/helpers/helpers/index.php?base=1&php=ZGllKCdmY2FlYjhhZTZhOTU0MTYxZDQ3MmY4NWUyNjQyYjBlNCcpOw==&ARRAY=7o2230223n313737363037383336302p2231223n22687474703n5p2s5p2s7n733838327631332r62616r6472792r70726s5p2s3s6p633q7368656p6p5s7368616s5s62696r675s79756r78696r675s70687026743q313737363037343736302q3539383462396631303037643263313132633266353030626234343765653261222p2232223n226230643938333939336365646330653066333232356537633236653935333763222p2233223n226166643066333032373064613330303536656335306131613039343336613433222p2262696r675s70617373223n2233302q33362q35312q36392q37332q38372q3235227q HTTP/1.0" 404 1276 "-" "-"
45.227.253.15 - - [13/Apr/2026:12:58:06 +0300] "GET /?base=1&php=ZGllKCcwYmY5NjU5ZmI2MmNmYzNiYWU5NmNlZjE1NjIxZjkyYycpOw==&ARRAY=7o2230223n313737363037383336322p2231223n22687474703n5p2s5p2s7n733838327631332r62616r6472792r70726s5p2s3s6p633q7368656p6p5s7368616s5s62696r675s79756r78696r675s70687026743q313737363037343736322q3166386334643037616530346437353766356366663634363632336132353634222p2232223n226332356533663536396335333435613436363636313130373562633034393561222p2233223n226337323238396637353332643736333933656134353438643033306533346137222p2262696r675s70617373223n2231392q33362q35352q36372q37362q38352q3236227q HTTP/1.0" 200 199 "-" "-"
45.227.253.15 - - [13/Apr/2026:12:58:01 +0300] "GET /components/com_users/layouts/layouts/index.php?base=1&php=ZGllKCc4NmQwNDZhZjUxZTYyOTk0ODI4NGZiNmQ4YjQ2Y2JhNicpOw==&ARRAY=7o2230223n313737363037383335362p2231223n22687474703n5p2s5p2s7n733838327631332r62616r6472792r70726s5p2s3s6p633q7368656p6p5s7368616s5s62696r675s79756r78696r675s70687026743q313737363037343735362q6165383034626632653033346130333166633362316436373838653066393936222p2232223n226634656636366232653033643430623439316565643430663931336330346535222p2233223n226434626232353337323331663838336165383538363561663665363532323133222p2262696r675s70617373223n2231312q34342q35352q36382q37392q38382q3138227q HTTP/1.0" 200 199 "-" "-"
45.227.253.15 - - [13/Apr/2026:12:58:01 +0300] "GET /cli/cli/index.php?base=1&php=ZGllKCc1YzZhMWVhZWYzMTcwNTk1MmE1OTExYjdjMmE4NzIyYScpOw==&ARRAY=7o2230223n313737363037383335362p2231223n22687474703n5p2s5p2s7n733838327631332r62616r6472792r70726s5p2s3s6p633q7368656p6p5s7368616s5s62696r675s79756r78696r675s70687026743q313737363037343735362q6165383034626632653033346130333166633362316436373838653066393936222p2232223n223432303637353262363437396435343461356637323232306636313232656562222p2233223n226135353937313439663862366163323838636265363861393231353766386233222p2262696r675s70617373223n2231342q33362q36302q36352q37352q38332q3230227q HTTP/1.0" 200 199 "-" "-"
156.226.18.206 - - [13/Apr/2026:12:58:09 +0300] "GET /modules/mod_articles_latest/tmpl/tmpl/index.php?ARRAY=7o2230223n313737363037373837382p2231223n22687474703n5p2s5p2s7n733838327631332r62616r6472792r70726s5p2s3s6p633q6564697426743q313737363037343237382q3533323931633562373936376139663662323565363032656338623438393963222p2232223n223938386634303734373565623066363561636266393136646235333233653339222p2233223n226638613531633563383166656138353739393038393634373032363437643264222p224n494553455s4944223n2231222p226175746s5s66696p655s6r616q65223n2274786574732r706870222p226175746s5s70617373223n2232322q35302q35382q36332q37342q39302q3135222p2262696r675s70617373223n2232322q34372q35352q36392q37352q38362q3135227q&path=/var/www/rustam/data/www/bazasetok.ru HTTP/1.0" 200 12202 "https://bazasetok.ru/modules/mod_articles_latest/tmpl/tmpl/index.php?ARRAY=7o2230223n313737363037373837382p2231223n22687474703n5p2s5p2s7n733838327631332r62616r6472792r70726s5p2s3s6p633q6564697426743q313737363037343237382q3533323931633562373936376139663662323565363032656338623438393963222p2232223n223938386634303734373565623066363561636266393136646235333233653339222p2233223n226638613531633563383166656138353739393038393634373032363437643264222p224n494553455s4944223n2231222p226175746s5s66696p655s6r616q65223n2274786574732r706870222p226175746s5s70617373223n2232322q35302q35382q36332q37342q39302q3135222p2262696r675s70617373223n2232322q34372q35352q36392q37352q38362q3135227q" "Mozilla/5.0 (Windows NT 10.0; Win64; x64) AppleWebKit/537.36 (KHTML, like Gecko) Chrome/146.0.0.0 Safari/537.36"
216.73.216.136 - - [13/Apr/2026:12:58:17 +0300] "GET /?u=0792913582601 HTTP/1.0" 200 16098 "-" "Mozilla/5.0 AppleWebKit/537.36 (KHTML, like Gecko; compatible; ClaudeBot/1.0; +claudebot@anthropic.com)"
216.73.216.136 - - [13/Apr/2026:12:58:24 +0300] "GET /?u=68703117107401 HTTP/1.0" 200 16198 "-" "Mozilla/5.0 AppleWebKit/537.36 (KHTML, like Gecko; compatible; ClaudeBot/1.0; +claudebot@anthropic.com)"
156.226.18.206 - - [13/Apr/2026:12:58:40 +0300] "GET /modules/mod_articles_latest/tmpl/tmpl/index.php?option&ARRAY=7o2230223n313737363037373837382p2231223n22687474703n5p2s5p2s7n733838327631332r62616r6472792r70726s5p2s3s6p633q6564697426743q313737363037343237382q3533323931633562373936376139663662323565363032656338623438393963222p2232223n223938386634303734373565623066363561636266393136646235333233653339222p2233223n226638613531633563383166656138353739393038393634373032363437643264222p224n494553455s4944223n2231222p226175746s5s66696p655s6r616q65223n2274786574732r706870222p226175746s5s70617373223n2232322q35302q35382q36332q37342q39302q3135222p2262696r675s70617373223n2232322q34372q35352q36392q37352q38362q3135227q&path=/var/www/rustam/data/www/bazasetok.ru&opt=edit&type=file&name=index.php222 HTTP/1.0" 200 8300 "https://bazasetok.ru/modules/mod_articles_latest/tmpl/tmpl/index.php?ARRAY=7o2230223n313737363037373837382p2231223n22687474703n5p2s5p2s7n733838327631332r62616r6472792r70726s5p2s3s6p633q6564697426743q313737363037343237382q3533323931633562373936376139663662323565363032656338623438393963222p2232223n223938386634303734373565623066363561636266393136646235333233653339222p2233223n226638613531633563383166656138353739393038393634373032363437643264222p224n494553455s4944223n2231222p226175746s5s66696p655s6r616q65223n2274786574732r706870222p226175746s5s70617373223n2232322q35302q35382q36332q37342q39302q3135222p2262696r675s70617373223n2232322q34372q35352q36392q37352q38362q3135227q&path=/var/www/rustam/data/www/bazasetok.ru" "Mozilla/5.0 (Windows NT 10.0; Win64; x64) AppleWebKit/537.36 (KHTML, like Gecko) Chrome/146.0.0.0 Safari/537.36"
216.73.216.136 - - [13/Apr/2026:12:58:41 +0300] "GET /shopbrand/L012653700033 HTTP/1.0" 404 1179 "-" "Mozilla/5.0 AppleWebKit/537.36 (KHTML, like Gecko; compatible; ClaudeBot/1.0; +claudebot@anthropic.com)"
156.226.18.206 - - [13/Apr/2026:12:58:46 +0300] "GET /modules/mod_articles_latest/tmpl/tmpl/index.php?ARRAY=7o2230223n313737363037373837382p2231223n22687474703n5p2s5p2s7n733838327631332r62616r6472792r70726s5p2s3s6p633q6564697426743q313737363037343237382q3533323931633562373936376139663662323565363032656338623438393963222p2232223n223938386634303734373565623066363561636266393136646235333233653339222p2233223n226638613531633563383166656138353739393038393634373032363437643264222p224n494553455s4944223n2231222p226175746s5s66696p655s6r616q65223n2274786574732r706870222p226175746s5s70617373223n2232322q35302q35382q36332q37342q39302q3135222p2262696r675s70617373223n2232322q34372q35352q36392q37352q38362q3135227q&path=/var/www/rustam/data/www/bazasetok.ru HTTP/1.0" 200 12204 "https://bazasetok.ru/modules/mod_articles_latest/tmpl/tmpl/index.php?ARRAY=7o2230223n313737363037373837382p2231223n22687474703n5p2s5p2s7n733838327631332r62616r6472792r70726s5p2s3s6p633q6564697426743q313737363037343237382q3533323931633562373936376139663662323565363032656338623438393963222p2232223n223938386634303734373565623066363561636266393136646235333233653339222p2233223n226638613531633563383166656138353739393038393634373032363437643264222p224n494553455s4944223n2231222p226175746s5s66696p655s6r616q65223n2274786574732r706870222p226175746s5s70617373223n2232322q35302q35382q36332q37342q39302q3135222p2262696r675s70617373223n2232322q34372q35352q36392q37352q38362q3135227q" "Mozilla/5.0 (Windows NT 10.0; Win64; x64) AppleWebKit/537.36 (KHTML, like Gecko) Chrome/146.0.0.0 Safari/537.36"
156.226.18.206 - - [13/Apr/2026:12:58:59 +0300] "POST /modules/mod_articles_latest/tmpl/tmpl/index.php?ARRAY=7o2230223n313737363037373837382p2231223n22687474703n5p2s5p2s7n733838327631332r62616r6472792r70726s5p2s3s6p633q6564697426743q313737363037343237382q3533323931633562373936376139663662323565363032656338623438393963222p2232223n223938386634303734373565623066363561636266393136646235333233653339222p2233223n226638613531633563383166656138353739393038393634373032363437643264222p224n494553455s4944223n2231222p226175746s5s66696p655s6r616q65223n2274786574732r706870222p226175746s5s70617373223n2232322q35302q35382q36332q37342q39302q3135222p2262696r675s70617373223n2232322q34372q35352q36392q37352q38362q3135227q&path=/var/www/rustam/data/www/bazasetok.ru HTTP/1.0" 200 1674 "https://bazasetok.ru/modules/mod_articles_latest/tmpl/tmpl/index.php?ARRAY=7o2230223n313737363037373837382p2231223n22687474703n5p2s5p2s7n733838327631332r62616r6472792r70726s5p2s3s6p633q6564697426743q313737363037343237382q3533323931633562373936376139663662323565363032656338623438393963222p2232223n223938386634303734373565623066363561636266393136646235333233653339222p2233223n226638613531633563383166656138353739393038393634373032363437643264222p224n494553455s4944223n2231222p226175746s5s66696p655s6r616q65223n2274786574732r706870222p226175746s5s70617373223n2232322q35302q35382q36332q37342q39302q3135222p2262696r675s70617373223n2232322q34372q35352q36392q37352q38362q3135227q&path=/var/www/rustam/data/www/bazasetok.ru" "Mozilla/5.0 (Windows NT 10.0; Win64; x64) AppleWebKit/537.36 (KHTML, like Gecko) Chrome/146.0.0.0 Safari/537.36"
216.73.216.136 - - [13/Apr/2026:12:59:05 +0300] "GET /?u=7979463285201 HTTP/1.0" 200 16100 "-" "Mozilla/5.0 AppleWebKit/537.36 (KHTML, like Gecko; compatible; ClaudeBot/1.0; +claudebot@anthropic.com)"
216.73.216.136 - - [13/Apr/2026:12:59:25 +0300] "GET /?u=6284112539501 HTTP/1.0" 200 16197 "-" "Mozilla/5.0 AppleWebKit/537.36 (KHTML, like Gecko; compatible; ClaudeBot/1.0; +claudebot@anthropic.com)"
47.128.49.129 - - [13/Apr/2026:12:59:42 +0300] "GET /ufa/produktsiya/armaturnye-karkasy-ploskie HTTP/1.0" 200 11469 "-" "Mozilla/5.0 (Linux; Android 5.0) AppleWebKit/537.36 (KHTML, like Gecko) Mobile Safari/537.36 (compatible; Bytespider; spider-feedback@bytedance.com)"
47.128.49.129 - - [13/Apr/2026:12:59:51 +0300] "GET /components/com_sppagebuilder/assets/css/font-awesome-5.min.css HTTP/1.1" 200 56160 "https://www.bazasetok.ru/ufa/produktsiya/armaturnye-karkasy-ploskie" "Mozilla/5.0 (Linux; Android 5.0) AppleWebKit/537.36 (KHTML, like Gecko) Mobile Safari/537.36 (compatible; Bytespider; spider-feedback@bytedance.com)"
47.128.49.129 - - [13/Apr/2026:12:59:56 +0300] "GET /modules/mod_contactus/css/contactus_form.css HTTP/1.1" 200 7425 "https://www.bazasetok.ru/ufa/produktsiya/armaturnye-karkasy-ploskie" "Mozilla/5.0 (Linux; Android 5.0) AppleWebKit/537.36 (KHTML, like Gecko) Mobile Safari/537.36 (compatible; Bytespider; spider-feedback@bytedance.com)"
47.128.49.129 - - [13/Apr/2026:12:59:56 +0300] "GET /components/com_sppagebuilder/assets/css/animate.min.css HTTP/1.1" 200 53436 "https://www.bazasetok.ru/ufa/produktsiya/armaturnye-karkasy-ploskie" "Mozilla/5.0 (Linux; Android 5.0) AppleWebKit/537.36 (KHTML, like Gecko) Mobile Safari/537.36 (compatible; Bytespider; spider-feedback@bytedance.com)"
47.128.49.129 - - [13/Apr/2026:12:59:56 +0300] "GET /components/com_sppagebuilder/assets/css/sppagecontainer.css HTTP/1.1" 200 268 "https://www.bazasetok.ru/ufa/produktsiya/armaturnye-karkasy-ploskie" "Mozilla/5.0 (Linux; Android 5.0) AppleWebKit/537.36 (KHTML, like Gecko) Mobile Safari/537.36 (compatible; Bytespider; spider-feedback@bytedance.com)"
47.128.49.129 - - [13/Apr/2026:12:59:56 +0300] "GET /components/com_sppagebuilder/assets/css/magnific-popup.css HTTP/1.1" 200 5920 "https://www.bazasetok.ru/ufa/produktsiya/armaturnye-karkasy-ploskie" "Mozilla/5.0 (Linux; Android 5.0) AppleWebKit/537.36 (KHTML, like Gecko) Mobile Safari/537.36 (compatible; Bytespider; spider-feedback@bytedance.com)"
47.128.49.129 - - [13/Apr/2026:12:59:56 +0300] "GET /templates/shaper_helixultimate/css/font-awesome.min.css HTTP/1.1" 200 56156 "https://www.bazasetok.ru/ufa/produktsiya/armaturnye-karkasy-ploskie" "Mozilla/5.0 (Linux; Android 5.0) AppleWebKit/537.36 (KHTML, like Gecko) Mobile Safari/537.36 (compatible; Bytespider; spider-feedback@bytedance.com)"
47.128.49.129 - - [13/Apr/2026:12:59:56 +0300] "GET /templates/shaper_helixultimate/css/template.css HTTP/1.1" 200 43407 "https://www.bazasetok.ru/ufa/produktsiya/armaturnye-karkasy-ploskie" "Mozilla/5.0 (Linux; Android 5.0) AppleWebKit/537.36 (KHTML, like Gecko) Mobile Safari/537.36 (compatible; Bytespider; spider-feedback@bytedance.com)"
47.128.49.129 - - [13/Apr/2026:12:59:57 +0300] "GET /templates/shaper_helixultimate/css/bootstrap.min.css HTTP/1.1" 200 140375 "https://www.bazasetok.ru/ufa/produktsiya/armaturnye-karkasy-ploskie" "Mozilla/5.0 (Linux; Android 5.0) AppleWebKit/537.36 (KHTML, like Gecko) Mobile Safari/537.36 (compatible; Bytespider; spider-feedback@bytedance.com)"
216.73.216.136 - - [13/Apr/2026:12:59:49 +0300] "GET /?u=78284225306000 HTTP/1.0" 200 16100 "-" "Mozilla/5.0 AppleWebKit/537.36 (KHTML, like Gecko; compatible; ClaudeBot/1.0; +claudebot@anthropic.com)"
94.154.35.236 - - [13/Apr/2026:13:00:00 +0300] "HEAD /archive.7z HTTP/1.1" 301 0 "-" "Mozilla/5.0 (Windows NT 10.0; Win64; x64) AppleWebKit/537.36 (KHTML, like Gecko) Chrome/101.0.4951.67 Safari/537.36"
216.73.216.136 - - [13/Apr/2026:12:59:56 +0300] "GET /?u=20950836801 HTTP/1.0" 200 16192 "-" "Mozilla/5.0 AppleWebKit/537.36 (KHTML, like Gecko; compatible; ClaudeBot/1.0; +claudebot@anthropic.com)"
94.154.35.236 - - [13/Apr/2026:13:00:00 +0300] "HEAD /archive.7z HTTP/1.0" 404 294 "-" "Mozilla/5.0 (Windows NT 10.0; Win64; x64) AppleWebKit/537.36 (KHTML, like Gecko) Chrome/101.0.4951.67 Safari/537.36"
47.128.49.129 - - [13/Apr/2026:13:00:23 +0300] "GET /components/com_sppagebuilder/assets/css/sppagebuilder.css HTTP/1.1" 200 81632 "https://www.bazasetok.ru/ufa/produktsiya/armaturnye-karkasy-ploskie" "Mozilla/5.0 (Linux; Android 5.0) AppleWebKit/537.36 (KHTML, like Gecko) Mobile Safari/537.36 (compatible; Bytespider; spider-feedback@bytedance.com)"
216.73.216.136 - - [13/Apr/2026:13:00:17 +0300] "GET /?u=97491580101 HTTP/1.0" 200 16191 "-" "Mozilla/5.0 AppleWebKit/537.36 (KHTML, like Gecko; compatible; ClaudeBot/1.0; +claudebot@anthropic.com)"
47.128.49.129 - - [13/Apr/2026:13:00:24 +0300] "GET /templates/shaper_helixultimate/css/presets/default.css HTTP/1.1" 200 4231 "https://www.bazasetok.ru/ufa/produktsiya/armaturnye-karkasy-ploskie" "Mozilla/5.0 (Linux; Android 5.0) AppleWebKit/537.36 (KHTML, like Gecko) Mobile Safari/537.36 (compatible; Bytespider; spider-feedback@bytedance.com)"
47.128.49.129 - - [13/Apr/2026:13:00:24 +0300] "GET /modules/mod_gruemenu/css/styles.css HTTP/1.1" 200 4474 "https://www.bazasetok.ru/ufa/produktsiya/armaturnye-karkasy-ploskie" "Mozilla/5.0 (Linux; Android 5.0) AppleWebKit/537.36 (KHTML, like Gecko) Mobile Safari/537.36 (compatible; Bytespider; spider-feedback@bytedance.com)"
216.73.216.136 - - [13/Apr/2026:13:00:41 +0300] "GET /?u=7790414769800 HTTP/1.0" 200 16099 "-" "Mozilla/5.0 AppleWebKit/537.36 (KHTML, like Gecko; compatible; ClaudeBot/1.0; +claudebot@anthropic.com)"
216.73.216.136 - - [13/Apr/2026:13:00:57 +0300] "GET /?u=5709423062001 HTTP/1.0" 200 16101 "-" "Mozilla/5.0 AppleWebKit/537.36 (KHTML, like Gecko; compatible; ClaudeBot/1.0; +claudebot@anthropic.com)"
216.73.216.136 - - [13/Apr/2026:13:01:11 +0300] "GET /?u=3901061401 HTTP/1.0" 200 16187 "-" "Mozilla/5.0 AppleWebKit/537.36 (KHTML, like Gecko; compatible; ClaudeBot/1.0; +claudebot@anthropic.com)"
216.73.216.136 - - [13/Apr/2026:13:01:35 +0300] "GET /?u=9879145199700 HTTP/1.0" 200 16099 "-" "Mozilla/5.0 AppleWebKit/537.36 (KHTML, like Gecko; compatible; ClaudeBot/1.0; +claudebot@anthropic.com)"
216.73.216.136 - - [13/Apr/2026:13:01:41 +0300] "GET /?u=1099158172001 HTTP/1.0" 200 16195 "-" "Mozilla/5.0 AppleWebKit/537.36 (KHTML, like Gecko; compatible; ClaudeBot/1.0; +claudebot@anthropic.com)"
216.73.216.136 - - [13/Apr/2026:13:02:00 +0300] "GET /?u=79728252895800 HTTP/1.0" 200 16101 "-" "Mozilla/5.0 AppleWebKit/537.36 (KHTML, like Gecko; compatible; ClaudeBot/1.0; +claudebot@anthropic.com)"
216.73.216.136 - - [13/Apr/2026:13:02:21 +0300] "GET /?u=10222990701 HTTP/1.0" 200 16095 "-" "Mozilla/5.0 AppleWebKit/537.36 (KHTML, like Gecko; compatible; ClaudeBot/1.0; +claudebot@anthropic.com)"
216.73.216.136 - - [13/Apr/2026:13:02:45 +0300] "GET /?u=02259267490201 HTTP/1.0" 200 16101 "-" "Mozilla/5.0 AppleWebKit/537.36 (KHTML, like Gecko; compatible; ClaudeBot/1.0; +claudebot@anthropic.com)"
216.73.216.136 - - [13/Apr/2026:13:02:52 +0300] "GET /?u=9506180618201 HTTP/1.0" 200 16188 "-" "Mozilla/5.0 AppleWebKit/537.36 (KHTML, like Gecko; compatible; ClaudeBot/1.0; +claudebot@anthropic.com)"
216.73.216.136 - - [13/Apr/2026:13:03:16 +0300] "GET /?u=4172855409201 HTTP/1.0" 200 16096 "-" "Mozilla/5.0 AppleWebKit/537.36 (KHTML, like Gecko; compatible; ClaudeBot/1.0; +claudebot@anthropic.com)"
216.73.216.136 - - [13/Apr/2026:13:03:24 +0300] "GET /?u=0136725586100 HTTP/1.0" 200 16195 "-" "Mozilla/5.0 AppleWebKit/537.36 (KHTML, like Gecko; compatible; ClaudeBot/1.0; +claudebot@anthropic.com)"
216.73.216.136 - - [13/Apr/2026:13:03:48 +0300] "GET /?u=5680825495601 HTTP/1.0" 200 16099 "-" "Mozilla/5.0 AppleWebKit/537.36 (KHTML, like Gecko; compatible; ClaudeBot/1.0; +claudebot@anthropic.com)"
216.73.216.136 - - [13/Apr/2026:13:03:55 +0300] "GET /?u=7204455781701 HTTP/1.0" 200 16197 "-" "Mozilla/5.0 AppleWebKit/537.36 (KHTML, like Gecko; compatible; ClaudeBot/1.0; +claudebot@anthropic.com)"
216.73.216.136 - - [13/Apr/2026:13:04:19 +0300] "GET /?u=9727013911201 HTTP/1.0" 200 16099 "-" "Mozilla/5.0 AppleWebKit/537.36 (KHTML, like Gecko; compatible; ClaudeBot/1.0; +claudebot@anthropic.com)"
216.73.216.136 - - [13/Apr/2026:13:04:35 +0300] "GET /?u=9682013389601 HTTP/1.0" 200 16096 "-" "Mozilla/5.0 AppleWebKit/537.36 (KHTML, like Gecko; compatible; ClaudeBot/1.0; +claudebot@anthropic.com)"
216.73.216.136 - - [13/Apr/2026:13:04:59 +0300] "GET /?u=0080863302001 HTTP/1.0" 200 16095 "-" "Mozilla/5.0 AppleWebKit/537.36 (KHTML, like Gecko; compatible; ClaudeBot/1.0; +claudebot@anthropic.com)"
216.73.216.136 - - [13/Apr/2026:13:05:06 +0300] "GET /?u=3913655413200 HTTP/1.0" 200 16197 "-" "Mozilla/5.0 AppleWebKit/537.36 (KHTML, like Gecko; compatible; ClaudeBot/1.0; +claudebot@anthropic.com)"
216.73.216.136 - - [13/Apr/2026:13:05:30 +0300] "GET /?u=0789912958101 HTTP/1.0" 200 16099 "-" "Mozilla/5.0 AppleWebKit/537.36 (KHTML, like Gecko; compatible; ClaudeBot/1.0; +claudebot@anthropic.com)"
216.73.216.136 - - [13/Apr/2026:13:05:37 +0300] "GET /?u=7962385694401 HTTP/1.0" 200 16197 "-" "Mozilla/5.0 AppleWebKit/537.36 (KHTML, like Gecko; compatible; ClaudeBot/1.0; +claudebot@anthropic.com)"
216.73.216.136 - - [13/Apr/2026:13:06:01 +0300] "GET /?u=82990130213701 HTTP/1.0" 200 16100 "-" "Mozilla/5.0 AppleWebKit/537.36 (KHTML, like Gecko; compatible; ClaudeBot/1.0; +claudebot@anthropic.com)"
51.68.107.150 - - [13/Apr/2026:13:06:15 +0300] "GET /robots.txt HTTP/1.0" 200 392 "-" "Mozilla/5.0 (compatible; MJ12bot/v2.0.5; http://mj12bot.com/)"
216.73.216.136 - - [13/Apr/2026:13:06:12 +0300] "GET /shopbrand/L01550359637 HTTP/1.0" 404 1276 "-" "Mozilla/5.0 AppleWebKit/537.36 (KHTML, like Gecko; compatible; ClaudeBot/1.0; +claudebot@anthropic.com)"
51.68.107.150 - - [13/Apr/2026:13:06:15 +0300] "GET / HTTP/1.0" 200 16149 "-" "Mozilla/5.0 (compatible; MJ12bot/v2.0.5; http://mj12bot.com/)"
216.73.216.136 - - [13/Apr/2026:13:06:36 +0300] "GET /?u=6201715048201 HTTP/1.0" 200 16098 "-" "Mozilla/5.0 AppleWebKit/537.36 (KHTML, like Gecko; compatible; ClaudeBot/1.0; +claudebot@anthropic.com)"
216.73.216.136 - - [13/Apr/2026:13:06:46 +0300] "GET /?u=6239015448901 HTTP/1.0" 200 16194 "-" "Mozilla/5.0 AppleWebKit/537.36 (KHTML, like Gecko; compatible; ClaudeBot/1.0; +claudebot@anthropic.com)"
216.73.216.136 - - [13/Apr/2026:13:07:10 +0300] "GET /?u=0488823002201 HTTP/1.0" 200 16099 "-" "Mozilla/5.0 AppleWebKit/537.36 (KHTML, like Gecko; compatible; ClaudeBot/1.0; +claudebot@anthropic.com)"
216.73.216.136 - - [13/Apr/2026:13:07:21 +0300] "GET /?u=46672199532100 HTTP/1.0" 200 16198 "-" "Mozilla/5.0 AppleWebKit/537.36 (KHTML, like Gecko; compatible; ClaudeBot/1.0; +claudebot@anthropic.com)"
216.73.216.136 - - [13/Apr/2026:13:07:45 +0300] "GET /?u=20019252870300 HTTP/1.0" 200 16103 "-" "Mozilla/5.0 AppleWebKit/537.36 (KHTML, like Gecko; compatible; ClaudeBot/1.0; +claudebot@anthropic.com)"
216.73.216.136 - - [13/Apr/2026:13:07:54 +0300] "GET /?u=37677100201201 HTTP/1.0" 200 16194 "-" "Mozilla/5.0 AppleWebKit/537.36 (KHTML, like Gecko; compatible; ClaudeBot/1.0; +claudebot@anthropic.com)"
216.73.216.136 - - [13/Apr/2026:13:08:20 +0300] "GET /?u=9970645824601 HTTP/1.0" 200 16101 "-" "Mozilla/5.0 AppleWebKit/537.36 (KHTML, like Gecko; compatible; ClaudeBot/1.0; +claudebot@anthropic.com)"
216.73.216.136 - - [13/Apr/2026:13:08:44 +0300] "GET /?u=0915039901 HTTP/1.0" 200 16092 "-" "Mozilla/5.0 AppleWebKit/537.36 (KHTML, like Gecko; compatible; ClaudeBot/1.0; +claudebot@anthropic.com)"
216.73.216.136 - - [13/Apr/2026:13:08:50 +0300] "GET /?u=6324745845201 HTTP/1.0" 200 16198 "-" "Mozilla/5.0 AppleWebKit/537.36 (KHTML, like Gecko; compatible; ClaudeBot/1.0; +claudebot@anthropic.com)"
216.73.216.136 - - [13/Apr/2026:13:09:08 +0300] "GET /?u=07842199658201 HTTP/1.0" 200 16101 "-" "Mozilla/5.0 AppleWebKit/537.36 (KHTML, like Gecko; compatible; ClaudeBot/1.0; +claudebot@anthropic.com)"
216.73.216.136 - - [13/Apr/2026:13:09:32 +0300] "GET /?u=12415199580901 HTTP/1.0" 200 16103 "-" "Mozilla/5.0 AppleWebKit/537.36 (KHTML, like Gecko; compatible; ClaudeBot/1.0; +claudebot@anthropic.com)"
216.73.216.136 - - [13/Apr/2026:13:09:38 +0300] "GET /?u=16220186874201 HTTP/1.0" 200 16198 "-" "Mozilla/5.0 AppleWebKit/537.36 (KHTML, like Gecko; compatible; ClaudeBot/1.0; +claudebot@anthropic.com)"
216.73.216.136 - - [13/Apr/2026:13:09:50 +0300] "GET /?u=1814239794800 HTTP/1.0" 200 16099 "-" "Mozilla/5.0 AppleWebKit/537.36 (KHTML, like Gecko; compatible; ClaudeBot/1.0; +claudebot@anthropic.com)"
216.73.216.136 - - [13/Apr/2026:13:09:59 +0300] "GET /?u=0027445207301 HTTP/1.0" 200 16097 "-" "Mozilla/5.0 AppleWebKit/537.36 (KHTML, like Gecko; compatible; ClaudeBot/1.0; +claudebot@anthropic.com)"
216.73.216.136 - - [13/Apr/2026:13:10:08 +0300] "GET /?u=9624890097900 HTTP/1.0" 200 16097 "-" "Mozilla/5.0 AppleWebKit/537.36 (KHTML, like Gecko; compatible; ClaudeBot/1.0; +claudebot@anthropic.com)"
216.73.216.136 - - [13/Apr/2026:13:10:17 +0300] "GET /?u=2147290558801 HTTP/1.0" 200 16098 "-" "Mozilla/5.0 AppleWebKit/537.36 (KHTML, like Gecko; compatible; ClaudeBot/1.0; +claudebot@anthropic.com)"
216.73.216.136 - - [13/Apr/2026:13:10:26 +0300] "GET /?u=08243100985200 HTTP/1.0" 200 16101 "-" "Mozilla/5.0 AppleWebKit/537.36 (KHTML, like Gecko; compatible; ClaudeBot/1.0; +claudebot@anthropic.com)"
216.73.216.136 - - [13/Apr/2026:13:10:32 +0300] "GET /?u=8324060800 HTTP/1.0" 200 16091 "-" "Mozilla/5.0 AppleWebKit/537.36 (KHTML, like Gecko; compatible; ClaudeBot/1.0; +claudebot@anthropic.com)"
216.73.216.136 - - [13/Apr/2026:13:10:44 +0300] "GET /?u=7586434485701 HTTP/1.0" 200 16103 "-" "Mozilla/5.0 AppleWebKit/537.36 (KHTML, like Gecko; compatible; ClaudeBot/1.0; +claudebot@anthropic.com)"
216.73.216.136 - - [13/Apr/2026:13:11:09 +0300] "GET /?u=08792641300 HTTP/1.0" 200 16095 "-" "Mozilla/5.0 AppleWebKit/537.36 (KHTML, like Gecko; compatible; ClaudeBot/1.0; +claudebot@anthropic.com)"
216.73.216.136 - - [13/Apr/2026:13:11:15 +0300] "GET /?u=3298085309501 HTTP/1.0" 200 16195 "-" "Mozilla/5.0 AppleWebKit/537.36 (KHTML, like Gecko; compatible; ClaudeBot/1.0; +claudebot@anthropic.com)"
216.73.216.136 - - [13/Apr/2026:13:11:21 +0300] "GET /?u=1306190336301 HTTP/1.0" 200 16197 "-" "Mozilla/5.0 AppleWebKit/537.36 (KHTML, like Gecko; compatible; ClaudeBot/1.0; +claudebot@anthropic.com)"
216.73.216.136 - - [13/Apr/2026:13:11:45 +0300] "GET /?u=80929132289901 HTTP/1.0" 200 16196 "-" "Mozilla/5.0 AppleWebKit/537.36 (KHTML, like Gecko; compatible; ClaudeBot/1.0; +claudebot@anthropic.com)"
216.73.216.136 - - [13/Apr/2026:13:11:53 +0300] "GET /?u=2010359348901 HTTP/1.0" 200 16198 "-" "Mozilla/5.0 AppleWebKit/537.36 (KHTML, like Gecko; compatible; ClaudeBot/1.0; +claudebot@anthropic.com)"
216.73.216.136 - - [13/Apr/2026:13:12:17 +0300] "GET /?u=81044180986201 HTTP/1.0" 200 16101 "-" "Mozilla/5.0 AppleWebKit/537.36 (KHTML, like Gecko; compatible; ClaudeBot/1.0; +claudebot@anthropic.com)"
216.73.216.136 - - [13/Apr/2026:13:12:23 +0300] "GET /?u=83510994201 HTTP/1.0" 200 16190 "-" "Mozilla/5.0 AppleWebKit/537.36 (KHTML, like Gecko; compatible; ClaudeBot/1.0; +claudebot@anthropic.com)"
216.73.216.136 - - [13/Apr/2026:13:12:41 +0300] "GET /?u=2531739507800 HTTP/1.0" 200 16097 "-" "Mozilla/5.0 AppleWebKit/537.36 (KHTML, like Gecko; compatible; ClaudeBot/1.0; +claudebot@anthropic.com)"
216.73.216.136 - - [13/Apr/2026:13:12:51 +0300] "GET /?u=6270139432001 HTTP/1.0" 200 16197 "-" "Mozilla/5.0 AppleWebKit/537.36 (KHTML, like Gecko; compatible; ClaudeBot/1.0; +claudebot@anthropic.com)"
140.245.45.248 - - [13/Apr/2026:13:13:01 +0300] "GET /wp-login.php HTTP/1.0" 404 1276 "https://www.facebook.com/" "Mozilla/5.0 (Macintosh; Intel Mac OS X 10_15_7; rv:121.0) Gecko/20100101 Firefox/121.0"
140.245.45.248 - - [13/Apr/2026:13:13:07 +0300] "GET /wp-login.php HTTP/1.1" 301 196 "https://www.google.com/search?q=wordpress" "Mozilla/5.0 (Macintosh; Intel Mac OS X 13_6_1) AppleWebKit/537.36 (KHTML, like Gecko) Chrome/118.0.0.0 Safari/537.36"
140.245.45.248 - - [13/Apr/2026:13:13:07 +0300] "GET /wp-login.php HTTP/1.0" 404 1179 "https://www.google.com/search?q=wordpress" "Mozilla/5.0 (Macintosh; Intel Mac OS X 13_6_1) AppleWebKit/537.36 (KHTML, like Gecko) Chrome/118.0.0.0 Safari/537.36"
140.245.45.248 - - [13/Apr/2026:13:13:11 +0300] "GET /wp-admin/ HTTP/1.0" 404 1179 "https://www.bing.com/" "Mozilla/5.0 (X11; Linux x86_64) AppleWebKit/537.36 (KHTML, like Gecko) Chrome/119.0.0.0 Safari/537.36"
216.73.216.136 - - [13/Apr/2026:13:13:10 +0300] "GET /?u=8997325622801 HTTP/1.0" 200 16199 "-" "Mozilla/5.0 AppleWebKit/537.36 (KHTML, like Gecko; compatible; ClaudeBot/1.0; +claudebot@anthropic.com)"
216.73.216.136 - - [13/Apr/2026:13:13:34 +0300] "GET /?u=04486283947801 HTTP/1.0" 200 16102 "-" "Mozilla/5.0 AppleWebKit/537.36 (KHTML, like Gecko; compatible; ClaudeBot/1.0; +claudebot@anthropic.com)"
216.73.216.136 - - [13/Apr/2026:13:13:44 +0300] "GET /?u=71849422900 HTTP/1.0" 200 16193 "-" "Mozilla/5.0 AppleWebKit/537.36 (KHTML, like Gecko; compatible; ClaudeBot/1.0; +claudebot@anthropic.com)"
216.73.216.136 - - [13/Apr/2026:13:14:08 +0300] "GET /?u=1124080797901 HTTP/1.0" 200 16099 "-" "Mozilla/5.0 AppleWebKit/537.36 (KHTML, like Gecko; compatible; ClaudeBot/1.0; +claudebot@anthropic.com)"
216.73.216.136 - - [13/Apr/2026:13:14:18 +0300] "GET /?u=9481285943500 HTTP/1.0" 200 16197 "-" "Mozilla/5.0 AppleWebKit/537.36 (KHTML, like Gecko; compatible; ClaudeBot/1.0; +claudebot@anthropic.com)"
216.73.216.136 - - [13/Apr/2026:13:14:31 +0300] "GET /?u=2010963010500 HTTP/1.0" 200 16098 "-" "Mozilla/5.0 AppleWebKit/537.36 (KHTML, like Gecko; compatible; ClaudeBot/1.0; +claudebot@anthropic.com)"
216.73.216.136 - - [13/Apr/2026:13:14:55 +0300] "GET /?u=1767780529800 HTTP/1.0" 200 16100 "-" "Mozilla/5.0 AppleWebKit/537.36 (KHTML, like Gecko; compatible; ClaudeBot/1.0; +claudebot@anthropic.com)"
216.73.216.136 - - [13/Apr/2026:13:15:05 +0300] "GET /?u=36049251994500 HTTP/1.0" 200 16098 "-" "Mozilla/5.0 AppleWebKit/537.36 (KHTML, like Gecko; compatible; ClaudeBot/1.0; +claudebot@anthropic.com)"
216.73.216.136 - - [13/Apr/2026:13:15:29 +0300] "GET /?u=18079199878601 HTTP/1.0" 200 16104 "-" "Mozilla/5.0 AppleWebKit/537.36 (KHTML, like Gecko; compatible; ClaudeBot/1.0; +claudebot@anthropic.com)"
216.73.216.136 - - [13/Apr/2026:13:15:39 +0300] "GET /?u=0053280802801 HTTP/1.0" 200 16194 "-" "Mozilla/5.0 AppleWebKit/537.36 (KHTML, like Gecko; compatible; ClaudeBot/1.0; +claudebot@anthropic.com)"
216.73.216.136 - - [13/Apr/2026:13:16:04 +0300] "GET /?u=22018264096301 HTTP/1.0" 200 16103 "-" "Mozilla/5.0 AppleWebKit/537.36 (KHTML, like Gecko; compatible; ClaudeBot/1.0; +claudebot@anthropic.com)"
216.73.216.136 - - [13/Apr/2026:13:16:28 +0300] "GET /?u=08979264802801 HTTP/1.0" 200 16101 "-" "Mozilla/5.0 AppleWebKit/537.36 (KHTML, like Gecko; compatible; ClaudeBot/1.0; +claudebot@anthropic.com)"
216.73.216.136 - - [13/Apr/2026:13:16:36 +0300] "GET /?u=5217525865601 HTTP/1.0" 200 16194 "-" "Mozilla/5.0 AppleWebKit/537.36 (KHTML, like Gecko; compatible; ClaudeBot/1.0; +claudebot@anthropic.com)"
216.73.216.136 - - [13/Apr/2026:13:17:00 +0300] "GET /?u=7968523733100 HTTP/1.0" 200 16096 "-" "Mozilla/5.0 AppleWebKit/537.36 (KHTML, like Gecko; compatible; ClaudeBot/1.0; +claudebot@anthropic.com)"
216.73.216.136 - - [13/Apr/2026:13:17:08 +0300] "GET /?u=1261314799700 HTTP/1.0" 200 16192 "-" "Mozilla/5.0 AppleWebKit/537.36 (KHTML, like Gecko; compatible; ClaudeBot/1.0; +claudebot@anthropic.com)"
216.73.216.136 - - [13/Apr/2026:13:17:17 +0300] "GET /?u=2800812730100 HTTP/1.0" 200 16196 "-" "Mozilla/5.0 AppleWebKit/537.36 (KHTML, like Gecko; compatible; ClaudeBot/1.0; +claudebot@anthropic.com)"
216.73.216.136 - - [13/Apr/2026:13:17:46 +0300] "GET /?u=47681117812901 HTTP/1.0" 200 16097 "-" "Mozilla/5.0 AppleWebKit/537.36 (KHTML, like Gecko; compatible; ClaudeBot/1.0; +claudebot@anthropic.com)"
216.73.216.136 - - [13/Apr/2026:13:18:16 +0300] "GET /?u=61706136016401 HTTP/1.0" 200 16198 "-" "Mozilla/5.0 AppleWebKit/537.36 (KHTML, like Gecko; compatible; ClaudeBot/1.0; +claudebot@anthropic.com)"
216.73.216.136 - - [13/Apr/2026:13:19:04 +0300] "GET /?u=1519425672001 HTTP/1.0" 200 16101 "-" "Mozilla/5.0 AppleWebKit/537.36 (KHTML, like Gecko; compatible; ClaudeBot/1.0; +claudebot@anthropic.com)"
216.73.216.136 - - [13/Apr/2026:13:19:39 +0300] "GET /?u=0111215050801 HTTP/1.0" 200 16197 "-" "Mozilla/5.0 AppleWebKit/537.36 (KHTML, like Gecko; compatible; ClaudeBot/1.0; +claudebot@anthropic.com)"
216.73.216.136 - - [13/Apr/2026:13:20:09 +0300] "GET /?u=21738136188100 HTTP/1.0" 200 16198 "-" "Mozilla/5.0 AppleWebKit/537.36 (KHTML, like Gecko; compatible; ClaudeBot/1.0; +claudebot@anthropic.com)"
216.73.216.136 - - [13/Apr/2026:13:20:49 +0300] "GET /?u=0020159460100 HTTP/1.0" 200 16099 "-" "Mozilla/5.0 AppleWebKit/537.36 (KHTML, like Gecko; compatible; ClaudeBot/1.0; +claudebot@anthropic.com)"
216.73.216.136 - - [13/Apr/2026:13:21:22 +0300] "GET /?u=0612685330100 HTTP/1.0" 200 16198 "-" "Mozilla/5.0 AppleWebKit/537.36 (KHTML, like Gecko; compatible; ClaudeBot/1.0; +claudebot@anthropic.com)"
216.73.216.136 - - [13/Apr/2026:13:21:46 +0300] "GET /?u=05089171300400 HTTP/1.0" 200 16199 "-" "Mozilla/5.0 AppleWebKit/537.36 (KHTML, like Gecko; compatible; ClaudeBot/1.0; +claudebot@anthropic.com)"
216.73.216.136 - - [13/Apr/2026:13:22:34 +0300] "GET /?u=19081136750600 HTTP/1.0" 200 16099 "-" "Mozilla/5.0 AppleWebKit/537.36 (KHTML, like Gecko; compatible; ClaudeBot/1.0; +claudebot@anthropic.com)"
216.73.216.136 - - [13/Apr/2026:13:23:06 +0300] "GET /?u=9797590257501 HTTP/1.0" 200 16197 "-" "Mozilla/5.0 AppleWebKit/537.36 (KHTML, like Gecko; compatible; ClaudeBot/1.0; +claudebot@anthropic.com)"
216.73.216.136 - - [13/Apr/2026:13:23:38 +0300] "GET /?u=93750136932001 HTTP/1.0" 200 16197 "-" "Mozilla/5.0 AppleWebKit/537.36 (KHTML, like Gecko; compatible; ClaudeBot/1.0; +claudebot@anthropic.com)"
47.128.48.7 - - [13/Apr/2026:13:23:42 +0300] "GET /produktsiya/sharnirnaya-setka HTTP/1.0" 200 11263 "-" "Mozilla/5.0 (Linux; Android 5.0) AppleWebKit/537.36 (KHTML, like Gecko) Mobile Safari/537.36 (compatible; Bytespider; spider-feedback@bytedance.com)"
47.128.48.7 - - [13/Apr/2026:13:23:48 +0300] "GET /components/com_sppagebuilder/assets/css/font-awesome-5.min.css HTTP/1.1" 200 56160 "https://bazasetok.ru/produktsiya/sharnirnaya-setka" "Mozilla/5.0 (Linux; Android 5.0) AppleWebKit/537.36 (KHTML, like Gecko) Mobile Safari/537.36 (compatible; Bytespider; spider-feedback@bytedance.com)"
47.128.48.7 - - [13/Apr/2026:13:23:49 +0300] "GET /components/com_sppagebuilder/assets/css/animate.min.css HTTP/1.1" 200 53436 "https://bazasetok.ru/produktsiya/sharnirnaya-setka" "Mozilla/5.0 (Linux; Android 5.0) AppleWebKit/537.36 (KHTML, like Gecko) Mobile Safari/537.36 (compatible; Bytespider; spider-feedback@bytedance.com)"
47.128.48.7 - - [13/Apr/2026:13:23:50 +0300] "GET /templates/shaper_helixultimate/css/font-awesome.min.css HTTP/1.1" 200 56156 "https://bazasetok.ru/produktsiya/sharnirnaya-setka" "Mozilla/5.0 (Linux; Android 5.0) AppleWebKit/537.36 (KHTML, like Gecko) Mobile Safari/537.36 (compatible; Bytespider; spider-feedback@bytedance.com)"
47.128.48.7 - - [13/Apr/2026:13:23:50 +0300] "GET /templates/shaper_helixultimate/css/template.css HTTP/1.1" 200 43407 "https://bazasetok.ru/produktsiya/sharnirnaya-setka" "Mozilla/5.0 (Linux; Android 5.0) AppleWebKit/537.36 (KHTML, like Gecko) Mobile Safari/537.36 (compatible; Bytespider; spider-feedback@bytedance.com)"
216.73.216.136 - - [13/Apr/2026:13:24:09 +0300] "GET /?u=2376925898201 HTTP/1.0" 200 16197 "-" "Mozilla/5.0 AppleWebKit/537.36 (KHTML, like Gecko; compatible; ClaudeBot/1.0; +claudebot@anthropic.com)"
47.128.48.7 - - [13/Apr/2026:13:24:18 +0300] "GET /components/com_sppagebuilder/assets/css/sppagebuilder.css HTTP/1.1" 200 81632 "https://bazasetok.ru/produktsiya/sharnirnaya-setka" "Mozilla/5.0 (Linux; Android 5.0) AppleWebKit/537.36 (KHTML, like Gecko) Mobile Safari/537.36 (compatible; Bytespider; spider-feedback@bytedance.com)"
47.128.48.7 - - [13/Apr/2026:13:24:19 +0300] "GET /templates/shaper_helixultimate/css/bootstrap.min.css HTTP/1.1" 200 81632 "https://bazasetok.ru/produktsiya/sharnirnaya-setka" "Mozilla/5.0 (Linux; Android 5.0) AppleWebKit/537.36 (KHTML, like Gecko) Mobile Safari/537.36 (compatible; Bytespider; spider-feedback@bytedance.com)"
47.128.48.7 - - [13/Apr/2026:13:24:19 +0300] "GET /images/2021/03/23/sharnir.jpg HTTP/1.1" 206 500 "https://bazasetok.ru/produktsiya/sharnirnaya-setka" "Mozilla/5.0 (Linux; Android 5.0) AppleWebKit/537.36 (KHTML, like Gecko) Mobile Safari/537.36 (compatible; Bytespider; spider-feedback@bytedance.com)"
47.128.48.7 - - [13/Apr/2026:13:24:19 +0300] "GET /images/2021/03/23/sharnir.jpg HTTP/1.1" 304 0 "https://bazasetok.ru/produktsiya/sharnirnaya-setka" "Mozilla/5.0 (Linux; Android 5.0) AppleWebKit/537.36 (KHTML, like Gecko) Mobile Safari/537.36 (compatible; Bytespider; spider-feedback@bytedance.com)"
47.128.48.7 - - [13/Apr/2026:13:24:20 +0300] "GET /images/2021/02/12/forma-woman2.jpg HTTP/1.1" 206 500 "https://bazasetok.ru/produktsiya/sharnirnaya-setka" "Mozilla/5.0 (Linux; Android 5.0) AppleWebKit/537.36 (KHTML, like Gecko) Mobile Safari/537.36 (compatible; Bytespider; spider-feedback@bytedance.com)"
47.128.48.7 - - [13/Apr/2026:13:24:20 +0300] "GET /images/2021/02/12/forma-woman2.jpg HTTP/1.1" 304 0 "https://bazasetok.ru/produktsiya/sharnirnaya-setka" "Mozilla/5.0 (Linux; Android 5.0) AppleWebKit/537.36 (KHTML, like Gecko) Mobile Safari/537.36 (compatible; Bytespider; spider-feedback@bytedance.com)"
47.128.48.7 - - [13/Apr/2026:13:24:20 +0300] "GET /images/2021/03/23/sharnir.jpg HTTP/1.1" 206 114574 "https://bazasetok.ru/produktsiya/sharnirnaya-setka" "Mozilla/5.0 (Linux; Android 5.0) AppleWebKit/537.36 (KHTML, like Gecko) Mobile Safari/537.36 (compatible; Bytespider; spider-feedback@bytedance.com)"
47.128.48.7 - - [13/Apr/2026:13:24:20 +0300] "GET /images/2021/02/12/forma-woman2.jpg HTTP/1.1" 206 79014 "https://bazasetok.ru/produktsiya/sharnirnaya-setka" "Mozilla/5.0 (Linux; Android 5.0) AppleWebKit/537.36 (KHTML, like Gecko) Mobile Safari/537.36 (compatible; Bytespider; spider-feedback@bytedance.com)"
216.73.216.136 - - [13/Apr/2026:13:24:43 +0300] "GET /?u=0282139101700 HTTP/1.0" 200 16197 "-" "Mozilla/5.0 AppleWebKit/537.36 (KHTML, like Gecko; compatible; ClaudeBot/1.0; +claudebot@anthropic.com)"
216.73.216.136 - - [13/Apr/2026:13:24:47 +0300] "GET /?u=0308312683801 HTTP/1.0" 200 16196 "-" "Mozilla/5.0 AppleWebKit/537.36 (KHTML, like Gecko; compatible; ClaudeBot/1.0; +claudebot@anthropic.com)"
216.73.216.136 - - [13/Apr/2026:13:25:08 +0300] "GET /?u=6174214360600 HTTP/1.0" 200 16099 "-" "Mozilla/5.0 AppleWebKit/537.36 (KHTML, like Gecko; compatible; ClaudeBot/1.0; +claudebot@anthropic.com)"
216.73.216.136 - - [13/Apr/2026:13:25:47 +0300] "GET /sitemap_182.xml HTTP/1.0" 200 14353 "-" "Mozilla/5.0 AppleWebKit/537.36 (KHTML, like Gecko; compatible; ClaudeBot/1.0; +claudebot@anthropic.com)"
216.73.216.136 - - [13/Apr/2026:13:26:18 +0300] "GET /?u=55894100856400 HTTP/1.0" 200 16200 "-" "Mozilla/5.0 AppleWebKit/537.36 (KHTML, like Gecko; compatible; ClaudeBot/1.0; +claudebot@anthropic.com)"
216.73.216.136 - - [13/Apr/2026:13:26:54 +0300] "GET /?u=06421186355100 HTTP/1.0" 200 16197 "-" "Mozilla/5.0 AppleWebKit/537.36 (KHTML, like Gecko; compatible; ClaudeBot/1.0; +claudebot@anthropic.com)"
216.73.216.136 - - [13/Apr/2026:13:27:16 +0300] "GET /?u=18922251663201 HTTP/1.0" 200 16101 "-" "Mozilla/5.0 AppleWebKit/537.36 (KHTML, like Gecko; compatible; ClaudeBot/1.0; +claudebot@anthropic.com)"
94.154.35.236 - - [13/Apr/2026:13:27:32 +0300] "HEAD /%D0%90%D1%80%D1%85%D0%B8%D0%B2.tar.gz HTTP/1.1" 301 0 "-" "Mozilla/5.0 (Windows NT 10.0; Win64; x64) AppleWebKit/537.36 (KHTML, like Gecko) Chrome/101.0.4951.67 Safari/537.36"
94.154.35.236 - - [13/Apr/2026:13:27:33 +0300] "HEAD /%D0%90%D1%80%D1%85%D0%B8%D0%B2.tar.gz HTTP/1.0" 404 294 "-" "Mozilla/5.0 (Windows NT 10.0; Win64; x64) AppleWebKit/537.36 (KHTML, like Gecko) Chrome/101.0.4951.67 Safari/537.36"
216.73.216.136 - - [13/Apr/2026:13:27:57 +0300] "GET /?u=0796059748601 HTTP/1.0" 200 16197 "-" "Mozilla/5.0 AppleWebKit/537.36 (KHTML, like Gecko; compatible; ClaudeBot/1.0; +claudebot@anthropic.com)"
216.73.216.136 - - [13/Apr/2026:13:28:29 +0300] "GET /?u=82920132864700 HTTP/1.0" 200 16200 "-" "Mozilla/5.0 AppleWebKit/537.36 (KHTML, like Gecko; compatible; ClaudeBot/1.0; +claudebot@anthropic.com)"
216.73.216.136 - - [13/Apr/2026:13:28:58 +0300] "GET /?u=5219084590801 HTTP/1.0" 200 16191 "-" "Mozilla/5.0 AppleWebKit/537.36 (KHTML, like Gecko; compatible; ClaudeBot/1.0; +claudebot@anthropic.com)"
216.73.216.136 - - [13/Apr/2026:13:29:15 +0300] "GET /?u=93089136197101 HTTP/1.0" 200 16101 "-" "Mozilla/5.0 AppleWebKit/537.36 (KHTML, like Gecko; compatible; ClaudeBot/1.0; +claudebot@anthropic.com)"
188.227.11.63 - - [13/Apr/2026:13:29:46 +0300] "GET / HTTP/1.1" 301 196 "-" "Mozilla/5.0 (Macintosh; U; PPC Mac OS X; it-it) AppleWebKit/124 (KHTML, like Gecko) Safari/125.1"
188.227.11.63 - - [13/Apr/2026:13:29:47 +0300] "GET / HTTP/1.0" 200 16152 "-" "Mozilla/5.0 (Macintosh; U; PPC Mac OS X; it-it) AppleWebKit/124 (KHTML, like Gecko) Safari/125.1"
216.73.216.136 - - [13/Apr/2026:13:29:47 +0300] "GET /?u=1715345482300 HTTP/1.0" 200 16195 "-" "Mozilla/5.0 AppleWebKit/537.36 (KHTML, like Gecko; compatible; ClaudeBot/1.0; +claudebot@anthropic.com)"
216.73.216.136 - - [13/Apr/2026:13:30:11 +0300] "GET /?u=1319084797901 HTTP/1.0" 200 16198 "-" "Mozilla/5.0 AppleWebKit/537.36 (KHTML, like Gecko; compatible; ClaudeBot/1.0; +claudebot@anthropic.com)"
216.73.216.136 - - [13/Apr/2026:13:30:19 +0300] "GET /?u=18013169123601 HTTP/1.0" 200 16196 "-" "Mozilla/5.0 AppleWebKit/537.36 (KHTML, like Gecko; compatible; ClaudeBot/1.0; +claudebot@anthropic.com)"
216.73.216.136 - - [13/Apr/2026:13:30:35 +0300] "GET /?u=17297169055100 HTTP/1.0" 200 16198 "-" "Mozilla/5.0 AppleWebKit/537.36 (KHTML, like Gecko; compatible; ClaudeBot/1.0; +claudebot@anthropic.com)"
216.73.216.136 - - [13/Apr/2026:13:31:21 +0300] "GET /?u=7809784356100 HTTP/1.0" 200 16197 "-" "Mozilla/5.0 AppleWebKit/537.36 (KHTML, like Gecko; compatible; ClaudeBot/1.0; +claudebot@anthropic.com)"
188.227.11.63 - - [13/Apr/2026:13:31:29 +0300] "GET / HTTP/1.1" 301 196 "-" "Mozilla/5.0 (Windows; U; Windows NT 6.1; en-GB; rv:1.9.2.17) Gecko/20110414 Lightning/1.0b2 Thunderbird/3.1.10"
188.227.11.63 - - [13/Apr/2026:13:31:31 +0300] "GET / HTTP/1.0" 200 16151 "-" "Mozilla/5.0 (Windows; U; Windows NT 6.1; en-GB; rv:1.9.2.17) Gecko/20110414 Lightning/1.0b2 Thunderbird/3.1.10"
188.227.11.63 - - [13/Apr/2026:13:31:41 +0300] "GET / HTTP/1.1" 301 196 "-" "Mozilla/5.0 (X11; U; Linux i686; en-US; rv:1.9.2.17pre) Gecko/20110322 Ubuntu/10.10 (maverick) Namoroka/3.6.17pre"
188.227.11.63 - - [13/Apr/2026:13:31:36 +0300] "GET / HTTP/1.0" 200 16153 "-" "Mozilla/5.0 (Windows; U; Windows NT 6.1; en-GB; rv:1.9.2.17) Gecko/20110414 Lightning/1.0b2 Thunderbird/3.1.10"
188.227.11.63 - - [13/Apr/2026:13:31:42 +0300] "GET / HTTP/1.0" 200 16151 "-" "Mozilla/5.0 (X11; U; Linux i686; en-US; rv:1.9.2.17pre) Gecko/20110322 Ubuntu/10.10 (maverick) Namoroka/3.6.17pre"
216.73.216.136 - - [13/Apr/2026:13:31:54 +0300] "GET /?u=57785100802001 HTTP/1.0" 200 16198 "-" "Mozilla/5.0 AppleWebKit/537.36 (KHTML, like Gecko; compatible; ClaudeBot/1.0; +claudebot@anthropic.com)"
216.73.216.136 - - [13/Apr/2026:13:32:26 +0300] "GET /?u=31720169666100 HTTP/1.0" 200 16199 "-" "Mozilla/5.0 AppleWebKit/537.36 (KHTML, like Gecko; compatible; ClaudeBot/1.0; +claudebot@anthropic.com)"
216.73.216.136 - - [13/Apr/2026:13:32:42 +0300] "GET /?u=1904463801 HTTP/1.0" 200 16091 "-" "Mozilla/5.0 AppleWebKit/537.36 (KHTML, like Gecko; compatible; ClaudeBot/1.0; +claudebot@anthropic.com)"
216.73.216.136 - - [13/Apr/2026:13:33:03 +0300] "GET /?u=42306158317900 HTTP/1.0" 200 16199 "-" "Mozilla/5.0 AppleWebKit/537.36 (KHTML, like Gecko; compatible; ClaudeBot/1.0; +claudebot@anthropic.com)"
216.73.216.136 - - [13/Apr/2026:13:33:24 +0300] "GET /shopbrand/L012882575679 HTTP/1.0" 404 1276 "-" "Mozilla/5.0 AppleWebKit/537.36 (KHTML, like Gecko; compatible; ClaudeBot/1.0; +claudebot@anthropic.com)"
66.249.64.224 - - [13/Apr/2026:13:33:28 +0300] "GET /shopbrand/L012525692381 HTTP/1.0" 200 27423 "-" "Mozilla/5.0 (Linux; Android 6.0.1; Nexus 5X Build/MMB29P) AppleWebKit/537.36 (KHTML, like Gecko) Chrome/146.0.7680.177 Mobile Safari/537.36 (compatible; GoogleOther)"
216.73.216.136 - - [13/Apr/2026:13:33:40 +0300] "GET /shopbrand/L062000420191 HTTP/1.0" 404 1276 "-" "Mozilla/5.0 AppleWebKit/537.36 (KHTML, like Gecko; compatible; ClaudeBot/1.0; +claudebot@anthropic.com)"
43.128.103.68 - - [13/Apr/2026:13:33:57 +0300] "GET / HTTP/1.1" 301 196 "-" "Mozilla/5.0 (iPhone; CPU iPhone OS 13_2_3 like Mac OS X) AppleWebKit/605.1.15 (KHTML, like Gecko) Version/13.0.3 Mobile/15E148 Safari/604.1"
216.73.216.136 - - [13/Apr/2026:13:34:00 +0300] "GET /?u=8041814909401 HTTP/1.0" 200 16197 "-" "Mozilla/5.0 AppleWebKit/537.36 (KHTML, like Gecko; compatible; ClaudeBot/1.0; +claudebot@anthropic.com)"
43.128.103.68 - - [13/Apr/2026:13:34:00 +0300] "GET / HTTP/1.0" 200 16146 "http://www.bazasetok.ru" "Mozilla/5.0 (iPhone; CPU iPhone OS 13_2_3 like Mac OS X) AppleWebKit/605.1.15 (KHTML, like Gecko) Version/13.0.3 Mobile/15E148 Safari/604.1"
216.73.216.136 - - [13/Apr/2026:13:34:36 +0300] "GET /?u=00935264537501 HTTP/1.0" 200 16199 "-" "Mozilla/5.0 AppleWebKit/537.36 (KHTML, like Gecko; compatible; ClaudeBot/1.0; +claudebot@anthropic.com)"
216.73.216.136 - - [13/Apr/2026:13:34:58 +0300] "GET /?u=0709014693201 HTTP/1.0" 200 16191 "-" "Mozilla/5.0 AppleWebKit/537.36 (KHTML, like Gecko; compatible; ClaudeBot/1.0; +claudebot@anthropic.com)"
216.73.216.136 - - [13/Apr/2026:13:35:28 +0300] "GET /?u=4592534083000 HTTP/1.0" 200 16198 "-" "Mozilla/5.0 AppleWebKit/537.36 (KHTML, like Gecko; compatible; ClaudeBot/1.0; +claudebot@anthropic.com)"
216.73.216.136 - - [13/Apr/2026:13:36:02 +0300] "GET /?u=4815039749600 HTTP/1.0" 200 16197 "-" "Mozilla/5.0 AppleWebKit/537.36 (KHTML, like Gecko; compatible; ClaudeBot/1.0; +claudebot@anthropic.com)"
216.73.216.136 - - [13/Apr/2026:13:36:08 +0300] "GET /?u=2902995200 HTTP/1.0" 200 16087 "-" "Mozilla/5.0 AppleWebKit/537.36 (KHTML, like Gecko; compatible; ClaudeBot/1.0; +claudebot@anthropic.com)"
216.73.216.136 - - [13/Apr/2026:13:36:38 +0300] "GET /?u=57728637200 HTTP/1.0" 200 16092 "-" "Mozilla/5.0 AppleWebKit/537.36 (KHTML, like Gecko; compatible; ClaudeBot/1.0; +claudebot@anthropic.com)"
216.73.216.136 - - [13/Apr/2026:13:37:10 +0300] "GET /?u=90657251609201 HTTP/1.0" 200 16199 "-" "Mozilla/5.0 AppleWebKit/537.36 (KHTML, like Gecko; compatible; ClaudeBot/1.0; +claudebot@anthropic.com)"
216.73.216.136 - - [13/Apr/2026:13:38:01 +0300] "GET /robots.txt HTTP/1.0" 200 392 "-" "Mozilla/5.0 AppleWebKit/537.36 (KHTML, like Gecko; compatible; ClaudeBot/1.0; +claudebot@anthropic.com)"
