91.184.244.208 - - [14/Apr/2026:11:10:26 +0300] "GET / HTTP/1.0" 200 148019 "-" "Mozilla/5.0 (iPad; CPU OS 9_3_2 like Mac OS X) AppleWebKit/601.1 (KHTML, like Gecko) CriOS/51.0.2704.104 Mobile/13F69 Safari/601.1.46"
91.184.244.208 - - [14/Apr/2026:11:10:27 +0300] "GET / HTTP/1.0" 200 147908 "-" "Mozilla/5.0 (iPad; CPU OS 9_3_2 like Mac OS X) AppleWebKit/601.1 (KHTML, like Gecko) CriOS/51.0.2704.104 Mobile/13F69 Safari/601.1.46"
94.154.35.236 - - [14/Apr/2026:11:35:32 +0300] "HEAD /backup/germetik-srub.rar HTTP/1.0" 404 294 "-" "Mozilla/5.0 (Windows NT 10.0; Win64; x64) AppleWebKit/537.36 (KHTML, like Gecko) Chrome/101.0.4951.67 Safari/537.36"
20.219.1.89 - - [14/Apr/2026:11:56:19 +0300] "GET /bolt.php HTTP/1.0" 404 1713 "-" "Mozilla/5.0 (Windows NT 10.0; Win64; x64) AppleWebKit/537.36 (KHTML, like Gecko) Chrome/120.0.0.0 Safari/537.36"
20.219.1.89 - - [14/Apr/2026:11:56:19 +0300] "GET /1.php HTTP/1.0" 404 1713 "-" "Mozilla/5.0 (Windows NT 10.0; Win64; x64) AppleWebKit/537.36 (KHTML, like Gecko) Chrome/120.0.0.0 Safari/537.36"
20.219.1.89 - - [14/Apr/2026:11:56:20 +0300] "GET /aa.php HTTP/1.0" 404 1713 "-" "Mozilla/5.0 (Windows NT 10.0; Win64; x64) AppleWebKit/537.36 (KHTML, like Gecko) Chrome/120.0.0.0 Safari/537.36"
20.219.1.89 - - [14/Apr/2026:11:56:20 +0300] "GET /abcd.php HTTP/1.0" 404 1713 "-" "Mozilla/5.0 (Windows NT 10.0; Win64; x64) AppleWebKit/537.36 (KHTML, like Gecko) Chrome/120.0.0.0 Safari/537.36"
20.219.1.89 - - [14/Apr/2026:11:56:21 +0300] "GET /about.php HTTP/1.0" 404 1713 "-" "Mozilla/5.0 (Windows NT 10.0; Win64; x64) AppleWebKit/537.36 (KHTML, like Gecko) Chrome/120.0.0.0 Safari/537.36"
20.219.1.89 - - [14/Apr/2026:11:56:21 +0300] "GET /.well-known/index.php HTTP/1.0" 404 1713 "-" "Mozilla/5.0 (Windows NT 10.0; Win64; x64) AppleWebKit/537.36 (KHTML, like Gecko) Chrome/120.0.0.0 Safari/537.36"
20.219.1.89 - - [14/Apr/2026:11:56:21 +0300] "GET /admin.php HTTP/1.0" 404 1713 "-" "Mozilla/5.0 (Windows NT 10.0; Win64; x64) AppleWebKit/537.36 (KHTML, like Gecko) Chrome/120.0.0.0 Safari/537.36"
20.219.1.89 - - [14/Apr/2026:11:56:22 +0300] "GET /adminfuns.php HTTP/1.0" 404 1713 "-" "Mozilla/5.0 (Windows NT 10.0; Win64; x64) AppleWebKit/537.36 (KHTML, like Gecko) Chrome/120.0.0.0 Safari/537.36"
20.219.1.89 - - [14/Apr/2026:11:56:22 +0300] "GET /alfa.php HTTP/1.0" 404 1713 "-" "Mozilla/5.0 (Windows NT 10.0; Win64; x64) AppleWebKit/537.36 (KHTML, like Gecko) Chrome/120.0.0.0 Safari/537.36"
20.219.1.89 - - [14/Apr/2026:11:56:22 +0300] "GET /api.php HTTP/1.0" 404 1713 "-" "Mozilla/5.0 (Windows NT 10.0; Win64; x64) AppleWebKit/537.36 (KHTML, like Gecko) Chrome/120.0.0.0 Safari/537.36"
20.219.1.89 - - [14/Apr/2026:11:56:22 +0300] "GET /bless.php HTTP/1.0" 404 1713 "-" "Mozilla/5.0 (Windows NT 10.0; Win64; x64) AppleWebKit/537.36 (KHTML, like Gecko) Chrome/120.0.0.0 Safari/537.36"
20.219.1.89 - - [14/Apr/2026:11:56:23 +0300] "GET /cgi-bin/index.php HTTP/1.0" 404 477 "-" "Mozilla/5.0 (Windows NT 10.0; Win64; x64) AppleWebKit/537.36 (KHTML, like Gecko) Chrome/120.0.0.0 Safari/537.36"
20.219.1.89 - - [14/Apr/2026:11:56:23 +0300] "GET /classwithtostring.php HTTP/1.0" 404 1713 "-" "Mozilla/5.0 (Windows NT 10.0; Win64; x64) AppleWebKit/537.36 (KHTML, like Gecko) Chrome/120.0.0.0 Safari/537.36"
20.219.1.89 - - [14/Apr/2026:11:56:23 +0300] "GET /edit.php HTTP/1.0" 404 1713 "-" "Mozilla/5.0 (Windows NT 10.0; Win64; x64) AppleWebKit/537.36 (KHTML, like Gecko) Chrome/120.0.0.0 Safari/537.36"
20.219.1.89 - - [14/Apr/2026:11:56:23 +0300] "GET /file.php HTTP/1.0" 404 1713 "-" "Mozilla/5.0 (Windows NT 10.0; Win64; x64) AppleWebKit/537.36 (KHTML, like Gecko) Chrome/120.0.0.0 Safari/537.36"
20.219.1.89 - - [14/Apr/2026:11:56:24 +0300] "GET /goods.php HTTP/1.0" 404 1713 "-" "Mozilla/5.0 (Windows NT 10.0; Win64; x64) AppleWebKit/537.36 (KHTML, like Gecko) Chrome/120.0.0.0 Safari/537.36"
20.219.1.89 - - [14/Apr/2026:11:56:24 +0300] "GET /info.php HTTP/1.0" 404 1713 "-" "Mozilla/5.0 (Windows NT 10.0; Win64; x64) AppleWebKit/537.36 (KHTML, like Gecko) Chrome/120.0.0.0 Safari/537.36"
20.219.1.89 - - [14/Apr/2026:11:56:24 +0300] "GET /ioxi-o.php HTTP/1.0" 404 1713 "-" "Mozilla/5.0 (Windows NT 10.0; Win64; x64) AppleWebKit/537.36 (KHTML, like Gecko) Chrome/120.0.0.0 Safari/537.36"
20.219.1.89 - - [14/Apr/2026:11:56:24 +0300] "GET /wp-user.php HTTP/1.0" 404 1713 "-" "Mozilla/5.0 (Windows NT 10.0; Win64; x64) AppleWebKit/537.36 (KHTML, like Gecko) Chrome/120.0.0.0 Safari/537.36"
20.219.1.89 - - [14/Apr/2026:11:56:25 +0300] "GET /wp.php HTTP/1.0" 404 1713 "-" "Mozilla/5.0 (Windows NT 10.0; Win64; x64) AppleWebKit/537.36 (KHTML, like Gecko) Chrome/120.0.0.0 Safari/537.36"
20.219.1.89 - - [14/Apr/2026:11:56:25 +0300] "GET /xmrlpc.php HTTP/1.0" 404 1713 "-" "Mozilla/5.0 (Windows NT 10.0; Win64; x64) AppleWebKit/537.36 (KHTML, like Gecko) Chrome/120.0.0.0 Safari/537.36"
20.219.1.89 - - [14/Apr/2026:11:56:25 +0300] "GET /ahax.php HTTP/1.0" 404 1713 "-" "Mozilla/5.0 (Windows NT 10.0; Win64; x64) AppleWebKit/537.36 (KHTML, like Gecko) Chrome/120.0.0.0 Safari/537.36"
20.219.1.89 - - [14/Apr/2026:11:56:25 +0300] "GET /akcc.php HTTP/1.0" 404 1713 "-" "Mozilla/5.0 (Windows NT 10.0; Win64; x64) AppleWebKit/537.36 (KHTML, like Gecko) Chrome/120.0.0.0 Safari/537.36"
20.219.1.89 - - [14/Apr/2026:11:56:26 +0300] "GET /av.php HTTP/1.0" 404 1713 "-" "Mozilla/5.0 (Windows NT 10.0; Win64; x64) AppleWebKit/537.36 (KHTML, like Gecko) Chrome/120.0.0.0 Safari/537.36"
20.219.1.89 - - [14/Apr/2026:11:56:26 +0300] "GET /buy.php HTTP/1.0" 404 1713 "-" "Mozilla/5.0 (Windows NT 10.0; Win64; x64) AppleWebKit/537.36 (KHTML, like Gecko) Chrome/120.0.0.0 Safari/537.36"
20.219.1.89 - - [14/Apr/2026:11:56:26 +0300] "GET /cgi-bin/ HTTP/1.0" 403 479 "-" "Mozilla/5.0 (Windows NT 10.0; Win64; x64) AppleWebKit/537.36 (KHTML, like Gecko) Chrome/120.0.0.0 Safari/537.36"
20.219.1.89 - - [14/Apr/2026:11:56:26 +0300] "GET /chosen.php HTTP/1.0" 404 1713 "-" "Mozilla/5.0 (Windows NT 10.0; Win64; x64) AppleWebKit/537.36 (KHTML, like Gecko) Chrome/120.0.0.0 Safari/537.36"
20.219.1.89 - - [14/Apr/2026:11:56:27 +0300] "GET /elp.php HTTP/1.0" 404 1713 "-" "Mozilla/5.0 (Windows NT 10.0; Win64; x64) AppleWebKit/537.36 (KHTML, like Gecko) Chrome/120.0.0.0 Safari/537.36"
20.219.1.89 - - [14/Apr/2026:11:56:27 +0300] "GET /index/function.php HTTP/1.0" 404 1713 "-" "Mozilla/5.0 (Windows NT 10.0; Win64; x64) AppleWebKit/537.36 (KHTML, like Gecko) Chrome/120.0.0.0 Safari/537.36"
20.219.1.89 - - [14/Apr/2026:11:56:27 +0300] "GET /inputs.php HTTP/1.0" 200 4137 "-" "Mozilla/5.0 (Windows NT 10.0; Win64; x64) AppleWebKit/537.36 (KHTML, like Gecko) Chrome/120.0.0.0 Safari/537.36"
20.219.1.89 - - [14/Apr/2026:11:56:28 +0300] "GET /mah.php HTTP/1.0" 404 1713 "-" "Mozilla/5.0 (Windows NT 10.0; Win64; x64) AppleWebKit/537.36 (KHTML, like Gecko) Chrome/120.0.0.0 Safari/537.36"
20.219.1.89 - - [14/Apr/2026:11:56:28 +0300] "GET /mah/function.php HTTP/1.0" 404 1713 "-" "Mozilla/5.0 (Windows NT 10.0; Win64; x64) AppleWebKit/537.36 (KHTML, like Gecko) Chrome/120.0.0.0 Safari/537.36"
20.219.1.89 - - [14/Apr/2026:11:56:28 +0300] "GET /mini.php HTTP/1.0" 404 1713 "-" "Mozilla/5.0 (Windows NT 10.0; Win64; x64) AppleWebKit/537.36 (KHTML, like Gecko) Chrome/120.0.0.0 Safari/537.36"
20.219.1.89 - - [14/Apr/2026:11:56:29 +0300] "GET /modules/mod_simplefileuploadv1.3/elements/ HTTP/1.0" 404 1713 "-" "Mozilla/5.0 (Windows NT 10.0; Win64; x64) AppleWebKit/537.36 (KHTML, like Gecko) Chrome/120.0.0.0 Safari/537.36"
20.219.1.89 - - [14/Apr/2026:11:56:29 +0300] "GET /new.php HTTP/1.0" 404 1713 "-" "Mozilla/5.0 (Windows NT 10.0; Win64; x64) AppleWebKit/537.36 (KHTML, like Gecko) Chrome/120.0.0.0 Safari/537.36"
20.219.1.89 - - [14/Apr/2026:11:56:29 +0300] "GET /options-reading.php HTTP/1.0" 404 1713 "-" "Mozilla/5.0 (Windows NT 10.0; Win64; x64) AppleWebKit/537.36 (KHTML, like Gecko) Chrome/120.0.0.0 Safari/537.36"
20.219.1.89 - - [14/Apr/2026:11:56:29 +0300] "GET /simple.php HTTP/1.0" 404 1713 "-" "Mozilla/5.0 (Windows NT 10.0; Win64; x64) AppleWebKit/537.36 (KHTML, like Gecko) Chrome/120.0.0.0 Safari/537.36"
20.219.1.89 - - [14/Apr/2026:11:56:30 +0300] "GET /uploads/ HTTP/1.0" 404 1713 "-" "Mozilla/5.0 (Windows NT 10.0; Win64; x64) AppleWebKit/537.36 (KHTML, like Gecko) Chrome/120.0.0.0 Safari/537.36"
20.219.1.89 - - [14/Apr/2026:11:56:30 +0300] "GET /modules/mod_simplefileuploadv1.3/elements/index.php HTTP/1.0" 404 1713 "-" "Mozilla/5.0 (Windows NT 10.0; Win64; x64) AppleWebKit/537.36 (KHTML, like Gecko) Chrome/120.0.0.0 Safari/537.36"
20.219.1.89 - - [14/Apr/2026:11:56:30 +0300] "GET /new.php HTTP/1.0" 404 1713 "-" "Mozilla/5.0 (Windows NT 10.0; Win64; x64) AppleWebKit/537.36 (KHTML, like Gecko) Chrome/120.0.0.0 Safari/537.36"
20.219.1.89 - - [14/Apr/2026:11:56:30 +0300] "GET /public/files/index.php HTTP/1.0" 404 1713 "-" "Mozilla/5.0 (Windows NT 10.0; Win64; x64) AppleWebKit/537.36 (KHTML, like Gecko) Chrome/120.0.0.0 Safari/537.36"
20.219.1.89 - - [14/Apr/2026:11:56:31 +0300] "GET /public/wp-content/index.php HTTP/1.0" 404 1713 "-" "Mozilla/5.0 (Windows NT 10.0; Win64; x64) AppleWebKit/537.36 (KHTML, like Gecko) Chrome/120.0.0.0 Safari/537.36"
20.219.1.89 - - [14/Apr/2026:11:56:31 +0300] "GET /radio.php HTTP/1.0" 404 1713 "-" "Mozilla/5.0 (Windows NT 10.0; Win64; x64) AppleWebKit/537.36 (KHTML, like Gecko) Chrome/120.0.0.0 Safari/537.36"
20.219.1.89 - - [14/Apr/2026:11:56:31 +0300] "GET /wp-admin/classwithtostring.php HTTP/1.0" 404 1713 "-" "Mozilla/5.0 (Windows NT 10.0; Win64; x64) AppleWebKit/537.36 (KHTML, like Gecko) Chrome/120.0.0.0 Safari/537.36"
20.219.1.89 - - [14/Apr/2026:11:56:31 +0300] "GET /wp-admin/includes/colour.php HTTP/1.0" 404 1713 "-" "Mozilla/5.0 (Windows NT 10.0; Win64; x64) AppleWebKit/537.36 (KHTML, like Gecko) Chrome/120.0.0.0 Safari/537.36"
20.219.1.89 - - [14/Apr/2026:11:56:32 +0300] "GET /wp-admin/index.php HTTP/1.0" 404 1713 "-" "Mozilla/5.0 (Windows NT 10.0; Win64; x64) AppleWebKit/537.36 (KHTML, like Gecko) Chrome/120.0.0.0 Safari/537.36"
20.219.1.89 - - [14/Apr/2026:11:56:32 +0300] "GET /wp-admin/js/index.php HTTP/1.0" 404 1713 "-" "Mozilla/5.0 (Windows NT 10.0; Win64; x64) AppleWebKit/537.36 (KHTML, like Gecko) Chrome/120.0.0.0 Safari/537.36"
20.219.1.89 - - [14/Apr/2026:11:56:32 +0300] "GET /wp-admin/js/widgets/ HTTP/1.0" 404 1713 "-" "Mozilla/5.0 (Windows NT 10.0; Win64; x64) AppleWebKit/537.36 (KHTML, like Gecko) Chrome/120.0.0.0 Safari/537.36"
20.219.1.89 - - [14/Apr/2026:11:56:32 +0300] "GET /wp-admin/wp-admins.php HTTP/1.0" 404 1713 "-" "Mozilla/5.0 (Windows NT 10.0; Win64; x64) AppleWebKit/537.36 (KHTML, like Gecko) Chrome/120.0.0.0 Safari/537.36"
20.219.1.89 - - [14/Apr/2026:11:56:33 +0300] "GET /wp-blog.php HTTP/1.0" 404 1713 "-" "Mozilla/5.0 (Windows NT 10.0; Win64; x64) AppleWebKit/537.36 (KHTML, like Gecko) Chrome/120.0.0.0 Safari/537.36"
20.219.1.89 - - [14/Apr/2026:11:56:33 +0300] "GET /wp-content/admin.php HTTP/1.0" 404 1713 "-" "Mozilla/5.0 (Windows NT 10.0; Win64; x64) AppleWebKit/537.36 (KHTML, like Gecko) Chrome/120.0.0.0 Safari/537.36"
20.219.1.89 - - [14/Apr/2026:11:56:33 +0300] "GET /wp-content/et-cache/ HTTP/1.0" 404 1713 "-" "Mozilla/5.0 (Windows NT 10.0; Win64; x64) AppleWebKit/537.36 (KHTML, like Gecko) Chrome/120.0.0.0 Safari/537.36"
20.219.1.89 - - [14/Apr/2026:11:56:34 +0300] "GET /wp-content/index.php HTTP/1.0" 404 1713 "-" "Mozilla/5.0 (Windows NT 10.0; Win64; x64) AppleWebKit/537.36 (KHTML, like Gecko) Chrome/120.0.0.0 Safari/537.36"
20.219.1.89 - - [14/Apr/2026:11:56:34 +0300] "GET /wp-content/plugins/pwnd/as.php HTTP/1.0" 404 1713 "-" "Mozilla/5.0 (Windows NT 10.0; Win64; x64) AppleWebKit/537.36 (KHTML, like Gecko) Chrome/120.0.0.0 Safari/537.36"
20.219.1.89 - - [14/Apr/2026:11:56:34 +0300] "GET /wp-content/upgrade/index.php HTTP/1.0" 404 1713 "-" "Mozilla/5.0 (Windows NT 10.0; Win64; x64) AppleWebKit/537.36 (KHTML, like Gecko) Chrome/120.0.0.0 Safari/537.36"
20.219.1.89 - - [14/Apr/2026:11:56:35 +0300] "GET /wp-content/uploads/ HTTP/1.0" 404 1713 "-" "Mozilla/5.0 (Windows NT 10.0; Win64; x64) AppleWebKit/537.36 (KHTML, like Gecko) Chrome/120.0.0.0 Safari/537.36"
20.219.1.89 - - [14/Apr/2026:11:56:35 +0300] "GET /wp-content/uploads/index.php HTTP/1.0" 404 1713 "-" "Mozilla/5.0 (Windows NT 10.0; Win64; x64) AppleWebKit/537.36 (KHTML, like Gecko) Chrome/120.0.0.0 Safari/537.36"
20.219.1.89 - - [14/Apr/2026:11:56:35 +0300] "GET /wp-good.php HTTP/1.0" 404 1713 "-" "Mozilla/5.0 (Windows NT 10.0; Win64; x64) AppleWebKit/537.36 (KHTML, like Gecko) Chrome/120.0.0.0 Safari/537.36"
20.219.1.89 - - [14/Apr/2026:11:56:36 +0300] "GET /wp-includes/Requests/index.php HTTP/1.0" 404 1713 "-" "Mozilla/5.0 (Windows NT 10.0; Win64; x64) AppleWebKit/537.36 (KHTML, like Gecko) Chrome/120.0.0.0 Safari/537.36"
20.219.1.89 - - [14/Apr/2026:11:56:36 +0300] "GET /wp-includes/Text/Diff/Renderer/index.php HTTP/1.0" 404 1713 "-" "Mozilla/5.0 (Windows NT 10.0; Win64; x64) AppleWebKit/537.36 (KHTML, like Gecko) Chrome/120.0.0.0 Safari/537.36"
20.219.1.89 - - [14/Apr/2026:11:56:36 +0300] "GET /wp-includes/bk/index.php HTTP/1.0" 404 1713 "-" "Mozilla/5.0 (Windows NT 10.0; Win64; x64) AppleWebKit/537.36 (KHTML, like Gecko) Chrome/120.0.0.0 Safari/537.36"
20.219.1.89 - - [14/Apr/2026:11:56:36 +0300] "GET /wp-includes/customize/chosen.php HTTP/1.0" 404 1713 "-" "Mozilla/5.0 (Windows NT 10.0; Win64; x64) AppleWebKit/537.36 (KHTML, like Gecko) Chrome/120.0.0.0 Safari/537.36"
20.219.1.89 - - [14/Apr/2026:11:56:37 +0300] "GET /wp-includes/index.php HTTP/1.0" 404 1713 "-" "Mozilla/5.0 (Windows NT 10.0; Win64; x64) AppleWebKit/537.36 (KHTML, like Gecko) Chrome/120.0.0.0 Safari/537.36"
20.219.1.89 - - [14/Apr/2026:11:56:37 +0300] "GET /wp-includes/js/codemirror/index.php HTTP/1.0" 404 1713 "-" "Mozilla/5.0 (Windows NT 10.0; Win64; x64) AppleWebKit/537.36 (KHTML, like Gecko) Chrome/120.0.0.0 Safari/537.36"
20.219.1.89 - - [14/Apr/2026:11:56:37 +0300] "GET /wp-includes/js/jquery/jquery.php HTTP/1.0" 404 1713 "-" "Mozilla/5.0 (Windows NT 10.0; Win64; x64) AppleWebKit/537.36 (KHTML, like Gecko) Chrome/120.0.0.0 Safari/537.36"
20.219.1.89 - - [14/Apr/2026:11:56:37 +0300] "GET /wp-includes/random_compat/index.php HTTP/1.0" 404 1713 "-" "Mozilla/5.0 (Windows NT 10.0; Win64; x64) AppleWebKit/537.36 (KHTML, like Gecko) Chrome/120.0.0.0 Safari/537.36"
20.219.1.89 - - [14/Apr/2026:11:56:38 +0300] "GET /wp-includes/rest-api/index.php HTTP/1.0" 404 1713 "-" "Mozilla/5.0 (Windows NT 10.0; Win64; x64) AppleWebKit/537.36 (KHTML, like Gecko) Chrome/120.0.0.0 Safari/537.36"
20.219.1.89 - - [14/Apr/2026:11:56:38 +0300] "GET /wp-includes/sitemaps/providers/index.php HTTP/1.0" 404 1713 "-" "Mozilla/5.0 (Windows NT 10.0; Win64; x64) AppleWebKit/537.36 (KHTML, like Gecko) Chrome/120.0.0.0 Safari/537.36"
20.219.1.89 - - [14/Apr/2026:11:56:38 +0300] "GET /wp-includes/style-engine/wp-conflg.php HTTP/1.0" 404 1713 "-" "Mozilla/5.0 (Windows NT 10.0; Win64; x64) AppleWebKit/537.36 (KHTML, like Gecko) Chrome/120.0.0.0 Safari/537.36"
20.219.1.89 - - [14/Apr/2026:11:56:38 +0300] "GET /wp-admin/ HTTP/1.0" 404 1713 "-" "Mozilla/5.0 (Windows NT 10.0; Win64; x64) AppleWebKit/537.36 (KHTML, like Gecko) Chrome/120.0.0.0 Safari/537.36"
20.219.1.89 - - [14/Apr/2026:11:56:39 +0300] "GET /wp-admin/css/ HTTP/1.0" 404 1713 "-" "Mozilla/5.0 (Windows NT 10.0; Win64; x64) AppleWebKit/537.36 (KHTML, like Gecko) Chrome/120.0.0.0 Safari/537.36"
20.219.1.89 - - [14/Apr/2026:11:56:39 +0300] "GET /wp-admin/includes/index.php HTTP/1.0" 404 1713 "-" "Mozilla/5.0 (Windows NT 10.0; Win64; x64) AppleWebKit/537.36 (KHTML, like Gecko) Chrome/120.0.0.0 Safari/537.36"
20.219.1.89 - - [14/Apr/2026:11:56:39 +0300] "GET /wp-admin/network/admin.php HTTP/1.0" 404 1713 "-" "Mozilla/5.0 (Windows NT 10.0; Win64; x64) AppleWebKit/537.36 (KHTML, like Gecko) Chrome/120.0.0.0 Safari/537.36"
20.219.1.89 - - [14/Apr/2026:11:56:39 +0300] "GET /wp-content/classwithtostring.php HTTP/1.0" 404 1713 "-" "Mozilla/5.0 (Windows NT 10.0; Win64; x64) AppleWebKit/537.36 (KHTML, like Gecko) Chrome/120.0.0.0 Safari/537.36"
20.219.1.89 - - [14/Apr/2026:11:56:40 +0300] "GET /wp-content/languages/index.php HTTP/1.0" 404 1713 "-" "Mozilla/5.0 (Windows NT 10.0; Win64; x64) AppleWebKit/537.36 (KHTML, like Gecko) Chrome/120.0.0.0 Safari/537.36"
20.219.1.89 - - [14/Apr/2026:11:56:40 +0300] "GET /wp-content/plugins/admin.php HTTP/1.0" 404 1713 "-" "Mozilla/5.0 (Windows NT 10.0; Win64; x64) AppleWebKit/537.36 (KHTML, like Gecko) Chrome/120.0.0.0 Safari/537.36"
20.219.1.89 - - [14/Apr/2026:11:56:40 +0300] "GET /wp-content/themes/admin.php HTTP/1.0" 404 1713 "-" "Mozilla/5.0 (Windows NT 10.0; Win64; x64) AppleWebKit/537.36 (KHTML, like Gecko) Chrome/120.0.0.0 Safari/537.36"
20.219.1.89 - - [14/Apr/2026:11:56:41 +0300] "GET /wp-content/uploads/2023/ HTTP/1.0" 404 1713 "-" "Mozilla/5.0 (Windows NT 10.0; Win64; x64) AppleWebKit/537.36 (KHTML, like Gecko) Chrome/120.0.0.0 Safari/537.36"
20.219.1.89 - - [14/Apr/2026:11:56:41 +0300] "GET /wp-content/uploads/2024/ HTTP/1.0" 404 1713 "-" "Mozilla/5.0 (Windows NT 10.0; Win64; x64) AppleWebKit/537.36 (KHTML, like Gecko) Chrome/120.0.0.0 Safari/537.36"
20.219.1.89 - - [14/Apr/2026:11:56:41 +0300] "GET /wp-content/uploads/2025/ HTTP/1.0" 404 1713 "-" "Mozilla/5.0 (Windows NT 10.0; Win64; x64) AppleWebKit/537.36 (KHTML, like Gecko) Chrome/120.0.0.0 Safari/537.36"
20.219.1.89 - - [14/Apr/2026:11:56:41 +0300] "GET /wp-editor.php HTTP/1.0" 404 1713 "-" "Mozilla/5.0 (Windows NT 10.0; Win64; x64) AppleWebKit/537.36 (KHTML, like Gecko) Chrome/120.0.0.0 Safari/537.36"
20.219.1.89 - - [14/Apr/2026:11:56:42 +0300] "GET /wp-includes/ID3/ HTTP/1.0" 404 1713 "-" "Mozilla/5.0 (Windows NT 10.0; Win64; x64) AppleWebKit/537.36 (KHTML, like Gecko) Chrome/120.0.0.0 Safari/537.36"
20.219.1.89 - - [14/Apr/2026:11:56:42 +0300] "GET /wp-includes/ID3/simi.php HTTP/1.0" 404 1713 "-" "Mozilla/5.0 (Windows NT 10.0; Win64; x64) AppleWebKit/537.36 (KHTML, like Gecko) Chrome/120.0.0.0 Safari/537.36"
20.219.1.89 - - [14/Apr/2026:11:56:42 +0300] "GET /wp-includes/IXR/ HTTP/1.0" 404 1713 "-" "Mozilla/5.0 (Windows NT 10.0; Win64; x64) AppleWebKit/537.36 (KHTML, like Gecko) Chrome/120.0.0.0 Safari/537.36"
20.219.1.89 - - [14/Apr/2026:11:56:42 +0300] "GET /wp-includes/Requests/about.php HTTP/1.0" 404 1713 "-" "Mozilla/5.0 (Windows NT 10.0; Win64; x64) AppleWebKit/537.36 (KHTML, like Gecko) Chrome/120.0.0.0 Safari/537.36"
20.219.1.89 - - [14/Apr/2026:11:56:43 +0300] "GET /wp-includes/Text/xwx1.php HTTP/1.0" 404 1713 "-" "Mozilla/5.0 (Windows NT 10.0; Win64; x64) AppleWebKit/537.36 (KHTML, like Gecko) Chrome/120.0.0.0 Safari/537.36"
20.219.1.89 - - [14/Apr/2026:11:56:43 +0300] "GET /wp-includes/assets/about.php HTTP/1.0" 404 1713 "-" "Mozilla/5.0 (Windows NT 10.0; Win64; x64) AppleWebKit/537.36 (KHTML, like Gecko) Chrome/120.0.0.0 Safari/537.36"
20.219.1.89 - - [14/Apr/2026:11:56:43 +0300] "GET /wp-includes/assets/index.php HTTP/1.0" 404 1713 "-" "Mozilla/5.0 (Windows NT 10.0; Win64; x64) AppleWebKit/537.36 (KHTML, like Gecko) Chrome/120.0.0.0 Safari/537.36"
20.219.1.89 - - [14/Apr/2026:11:56:43 +0300] "GET /wp-includes/block-patterns/ HTTP/1.0" 404 1713 "-" "Mozilla/5.0 (Windows NT 10.0; Win64; x64) AppleWebKit/537.36 (KHTML, like Gecko) Chrome/120.0.0.0 Safari/537.36"
20.219.1.89 - - [14/Apr/2026:11:56:44 +0300] "GET /wp-includes/blocks/ HTTP/1.0" 404 1713 "-" "Mozilla/5.0 (Windows NT 10.0; Win64; x64) AppleWebKit/537.36 (KHTML, like Gecko) Chrome/120.0.0.0 Safari/537.36"
20.219.1.89 - - [14/Apr/2026:11:56:44 +0300] "GET /wp-includes/blocks/calendar/index.php HTTP/1.0" 404 1713 "-" "Mozilla/5.0 (Windows NT 10.0; Win64; x64) AppleWebKit/537.36 (KHTML, like Gecko) Chrome/120.0.0.0 Safari/537.36"
20.219.1.89 - - [14/Apr/2026:11:56:44 +0300] "GET /wp-includes/certificates/ HTTP/1.0" 404 1713 "-" "Mozilla/5.0 (Windows NT 10.0; Win64; x64) AppleWebKit/537.36 (KHTML, like Gecko) Chrome/120.0.0.0 Safari/537.36"
20.219.1.89 - - [14/Apr/2026:11:56:44 +0300] "GET /wp-includes/css/index.php HTTP/1.0" 404 1713 "-" "Mozilla/5.0 (Windows NT 10.0; Win64; x64) AppleWebKit/537.36 (KHTML, like Gecko) Chrome/120.0.0.0 Safari/537.36"
20.219.1.89 - - [14/Apr/2026:11:56:45 +0300] "GET /wp-includes/customize/index.php HTTP/1.0" 404 1713 "-" "Mozilla/5.0 (Windows NT 10.0; Win64; x64) AppleWebKit/537.36 (KHTML, like Gecko) Chrome/120.0.0.0 Safari/537.36"
20.219.1.89 - - [14/Apr/2026:11:56:45 +0300] "GET /wp-includes/fonts/admin.php HTTP/1.0" 404 1713 "-" "Mozilla/5.0 (Windows NT 10.0; Win64; x64) AppleWebKit/537.36 (KHTML, like Gecko) Chrome/120.0.0.0 Safari/537.36"
20.219.1.89 - - [14/Apr/2026:11:56:45 +0300] "GET /wp-includes/html-api/index.php HTTP/1.0" 404 1713 "-" "Mozilla/5.0 (Windows NT 10.0; Win64; x64) AppleWebKit/537.36 (KHTML, like Gecko) Chrome/120.0.0.0 Safari/537.36"
20.219.1.89 - - [14/Apr/2026:11:56:45 +0300] "GET /wp-includes/images/media/ HTTP/1.0" 404 1713 "-" "Mozilla/5.0 (Windows NT 10.0; Win64; x64) AppleWebKit/537.36 (KHTML, like Gecko) Chrome/120.0.0.0 Safari/537.36"
20.219.1.89 - - [14/Apr/2026:11:56:46 +0300] "GET /wp-includes/images/smilies/about.php HTTP/1.0" 404 1713 "-" "Mozilla/5.0 (Windows NT 10.0; Win64; x64) AppleWebKit/537.36 (KHTML, like Gecko) Chrome/120.0.0.0 Safari/537.36"
20.219.1.89 - - [14/Apr/2026:11:56:46 +0300] "GET /wp-includes/js/index.php HTTP/1.0" 404 1713 "-" "Mozilla/5.0 (Windows NT 10.0; Win64; x64) AppleWebKit/537.36 (KHTML, like Gecko) Chrome/120.0.0.0 Safari/537.36"
20.219.1.89 - - [14/Apr/2026:11:56:46 +0300] "GET /wp-includes/rest-api/ HTTP/1.0" 404 1713 "-" "Mozilla/5.0 (Windows NT 10.0; Win64; x64) AppleWebKit/537.36 (KHTML, like Gecko) Chrome/120.0.0.0 Safari/537.36"
20.219.1.89 - - [14/Apr/2026:11:56:47 +0300] "GET /wp-includes/rest-api/fields/ HTTP/1.0" 404 1713 "-" "Mozilla/5.0 (Windows NT 10.0; Win64; x64) AppleWebKit/537.36 (KHTML, like Gecko) Chrome/120.0.0.0 Safari/537.36"
20.219.1.89 - - [14/Apr/2026:11:56:47 +0300] "GET /wp-includes/rest-api/search/index.php HTTP/1.0" 404 1713 "-" "Mozilla/5.0 (Windows NT 10.0; Win64; x64) AppleWebKit/537.36 (KHTML, like Gecko) Chrome/120.0.0.0 Safari/537.36"
20.219.1.89 - - [14/Apr/2026:11:56:47 +0300] "GET /wp-includes/sitemaps/ HTTP/1.0" 404 1713 "-" "Mozilla/5.0 (Windows NT 10.0; Win64; x64) AppleWebKit/537.36 (KHTML, like Gecko) Chrome/120.0.0.0 Safari/537.36"
20.219.1.89 - - [14/Apr/2026:11:56:48 +0300] "GET /wp-includes/sitemaps/wp-conflg.php HTTP/1.0" 404 1713 "-" "Mozilla/5.0 (Windows NT 10.0; Win64; x64) AppleWebKit/537.36 (KHTML, like Gecko) Chrome/120.0.0.0 Safari/537.36"
20.219.1.89 - - [14/Apr/2026:11:56:48 +0300] "GET /wp-themes.php HTTP/1.0" 404 1713 "-" "Mozilla/5.0 (Windows NT 10.0; Win64; x64) AppleWebKit/537.36 (KHTML, like Gecko) Chrome/120.0.0.0 Safari/537.36"
20.219.1.89 - - [14/Apr/2026:11:56:48 +0300] "GET /x.php HTTP/1.0" 404 1713 "-" "Mozilla/5.0 (Windows NT 10.0; Win64; x64) AppleWebKit/537.36 (KHTML, like Gecko) Chrome/120.0.0.0 Safari/537.36"
20.219.1.89 - - [14/Apr/2026:11:56:48 +0300] "GET /yas.php HTTP/1.0" 404 1713 "-" "Mozilla/5.0 (Windows NT 10.0; Win64; x64) AppleWebKit/537.36 (KHTML, like Gecko) Chrome/120.0.0.0 Safari/537.36"
94.154.35.236 - - [14/Apr/2026:12:02:48 +0300] "HEAD /backup/germetik-srub.tar HTTP/1.0" 404 294 "-" "Mozilla/5.0 (Windows NT 10.0; Win64; x64) AppleWebKit/537.36 (KHTML, like Gecko) Chrome/101.0.4951.67 Safari/537.36"
178.20.47.39 - - [14/Apr/2026:12:05:47 +0300] "GET / HTTP/1.0" 200 147989 "http://germetik-srub.ru/" "Mozilla/5.0 (Windows NT 10.0; Win64; x64) AppleWebKit/537.36 (KHTML, like Gecko) Chrome/130.0.0.0 Safari/537.36 CCleaner/130.0.0.0"
178.20.47.39 - - [14/Apr/2026:12:05:51 +0300] "POST / HTTP/1.0" 303 669 "http://germetik-srub.ru/" "Mozilla/5.0 (Windows NT 10.0; Win64; x64) AppleWebKit/537.36 (KHTML, like Gecko) Chrome/130.0.0.0 Safari/537.36 CCleaner/130.0.0.0"
178.20.47.39 - - [14/Apr/2026:12:05:54 +0300] "GET / HTTP/1.0" 200 147892 "http://germetik-srub.ru/" "Mozilla/5.0 (Windows NT 10.0; Win64; x64) AppleWebKit/537.36 (KHTML, like Gecko) Chrome/130.0.0.0 Safari/537.36 CCleaner/130.0.0.0"
155.94.203.181 - - [14/Apr/2026:12:05:59 +0300] "GET / HTTP/1.0" 200 20421 "-" "Mozilla/5.0 (Windows NT 10.0; Win64; x64) AppleWebKit/537.36 (KHTML, like Gecko) Chrome/94.0.4606.61 Safari/537.36"
45.92.84.94 - - [14/Apr/2026:12:08:56 +0300] "GET / HTTP/1.0" 200 20424 "-" "Mozilla/5.0 (Windows NT 10.0; Win64; x64) AppleWebKit/537.36 (KHTML, like Gecko) Chrome/94.0.4606.61 Safari/537.36"
94.154.35.236 - - [14/Apr/2026:12:30:16 +0300] "HEAD /backup/germetik-srub.tar.bz2 HTTP/1.0" 404 294 "-" "Mozilla/5.0 (Windows NT 10.0; Win64; x64) AppleWebKit/537.36 (KHTML, like Gecko) Chrome/101.0.4951.67 Safari/537.36"
85.142.100.136 - - [14/Apr/2026:12:40:55 +0300] "GET / HTTP/1.0" 200 20422 "-" "Mozilla/5.0 (compatible; CyberOKInspect/1.0; +https://www.cyberok.ru/policy.html)"
85.142.100.136 - - [14/Apr/2026:12:40:59 +0300] "GET /images/10268153.png HTTP/1.1" 200 19130 "-" "Go-http-client/1.1"
85.142.100.136 - - [14/Apr/2026:12:41:01 +0300] "GET /favicon.ico HTTP/1.0" 404 1713 "-" "Go-http-client/1.1"
18.183.7.71 - - [14/Apr/2026:12:48:50 +0300] "GET /wp-blog-header.php?doact=yyy18 HTTP/1.0" 200 4595 "-" "Mozilla/5.0 (Windows NT 10.0; Win64; x64) AppleWebKit/537.36 (KHTML, like Gecko) Chrome/146.0.0.0 Safari/537.36"
18.183.7.71 - - [14/Apr/2026:12:52:51 +0300] "POST /wp-blog-header.php?doact=yyy18 HTTP/1.0" 200 4653 "https://germetik-srub.ru/wp-blog-header.php?doact=yyy18" "Mozilla/5.0 (Windows NT 10.0; Win64; x64) AppleWebKit/537.36 (KHTML, like Gecko) Chrome/146.0.0.0 Safari/537.36"
170.106.11.6 - - [14/Apr/2026:12:54:43 +0300] "GET / HTTP/1.0" 200 20419 "-" "Mozilla/5.0 (iPhone; CPU iPhone OS 13_2_3 like Mac OS X) AppleWebKit/605.1.15 (KHTML, like Gecko) Version/13.0.3 Mobile/15E148 Safari/604.1"
18.183.7.71 - - [14/Apr/2026:12:56:58 +0300] "GET /goods.php HTTP/1.0" 200 4527 "-" "Mozilla/5.0 (Windows NT 10.0; Win64; x64) AppleWebKit/537.36 (KHTML, like Gecko) Chrome/146.0.0.0 Safari/537.36"
94.154.35.236 - - [14/Apr/2026:12:57:29 +0300] "HEAD /backup/germetik-srub.gz HTTP/1.0" 404 294 "-" "Mozilla/5.0 (Windows NT 10.0; Win64; x64) AppleWebKit/537.36 (KHTML, like Gecko) Chrome/101.0.4951.67 Safari/537.36"
202.214.238.61 - - [14/Apr/2026:12:58:12 +0300] "GET /goods.php HTTP/1.0" 200 4563 "-" "Mozilla/5.0 (Windows NT 10.0; Win64; x64) AppleWebKit/537.36 (KHTML, like Gecko) Chrome/146.0.0.0 Safari/537.36"
202.214.238.61 - - [14/Apr/2026:12:58:14 +0300] "GET /favicon.ico HTTP/1.0" 404 1713 "https://germetik-srub.ru/goods.php" "Mozilla/5.0 (Windows NT 10.0; Win64; x64) AppleWebKit/537.36 (KHTML, like Gecko) Chrome/146.0.0.0 Safari/537.36"
18.183.7.71 - - [14/Apr/2026:12:58:45 +0300] "GET /goods.php HTTP/1.0" 200 4527 "-" "Mozilla/5.0 (Windows NT 10.0; Win64; x64) AppleWebKit/537.36 (KHTML, like Gecko) Chrome/146.0.0.0 Safari/537.36"
18.183.7.71 - - [14/Apr/2026:12:59:45 +0300] "POST /goods.php HTTP/1.0" 200 4428 "https://germetik-srub.ru/goods.php" "Mozilla/5.0 (Windows NT 10.0; Win64; x64) AppleWebKit/537.36 (KHTML, like Gecko) Chrome/146.0.0.0 Safari/537.36"
202.214.238.61 - - [14/Apr/2026:13:00:37 +0300] "POST /goods.php HTTP/1.0" 200 4485 "https://germetik-srub.ru/goods.php" "Mozilla/5.0 (Windows NT 10.0; Win64; x64) AppleWebKit/537.36 (KHTML, like Gecko) Chrome/146.0.0.0 Safari/537.36"
202.214.238.61 - - [14/Apr/2026:13:11:07 +0300] "POST /wp-conffg.php HTTP/1.0" 200 4333 "https://csys.onbetcom.top/" "Mozilla/5.0 (Windows NT 10.0; Win64; x64) AppleWebKit/537.36 (KHTML, like Gecko) Chrome/146.0.0.0 Safari/537.36"
202.214.238.61 - - [14/Apr/2026:13:11:14 +0300] "POST /wp-conffg.php?path=/var/www/rustam/data/www/germ-srub.region-saitov.ru/wp-conffg.php HTTP/1.0" 200 4403 "https://germetik-srub.ru/wp-conffg.php" "Mozilla/5.0 (Windows NT 10.0; Win64; x64) AppleWebKit/537.36 (KHTML, like Gecko) Chrome/146.0.0.0 Safari/537.36"
202.214.238.61 - - [14/Apr/2026:13:11:14 +0300] "POST /wp-conffg.php?path=/var/www/rustam/data/www/germ-srub.region-saitov.ru/wp-conffg.php HTTP/1.0" 200 4438 "https://germetik-srub.ru/wp-conffg.php" "Mozilla/5.0 (Windows NT 10.0; Win64; x64) AppleWebKit/537.36 (KHTML, like Gecko) Chrome/146.0.0.0 Safari/537.36"
202.214.238.61 - - [14/Apr/2026:13:11:27 +0300] "GET /wp-includes/blocks/paragraph/wp-login.php HTTP/1.0" 200 166 "https://germetik-srub.ru/wp-conffg.php?path=/var/www/rustam/data/www/germ-srub.region-saitov.ru/wp-conffg.php" "Mozilla/5.0 (Windows NT 10.0; Win64; x64) AppleWebKit/537.36 (KHTML, like Gecko) Chrome/146.0.0.0 Safari/537.36"
202.214.238.61 - - [14/Apr/2026:13:11:29 +0300] "POST /wp-conffg.php?path=/var/www/rustam/data/www/germ-srub.region-saitov.ru/wp-conffg.php HTTP/1.0" 200 5145 "https://germetik-srub.ru/wp-conffg.php" "Mozilla/5.0 (Windows NT 10.0; Win64; x64) AppleWebKit/537.36 (KHTML, like Gecko) Chrome/146.0.0.0 Safari/537.36"
202.214.238.61 - - [14/Apr/2026:13:11:29 +0300] "POST /wp-conffg.php?path=/var/www/rustam/data/www/germ-srub.region-saitov.ru/wp-conffg.php HTTP/1.0" 200 4418 "https://germetik-srub.ru/wp-conffg.php" "Mozilla/5.0 (Windows NT 10.0; Win64; x64) AppleWebKit/537.36 (KHTML, like Gecko) Chrome/146.0.0.0 Safari/537.36"
202.214.238.61 - - [14/Apr/2026:13:12:01 +0300] "GET /cccsitemap.xml HTTP/1.0" 200 198 "-" "Mozilla/5.0 (Windows NT 10.0; Win64; x64) AppleWebKit/537.36 (KHTML, like Gecko) Chrome/146.0.0.0 Safari/537.36"
202.214.238.61 - - [14/Apr/2026:13:12:07 +0300] "GET /modules/mod_search/wp/iFyNlLdNG.php HTTP/1.0" 200 3265 "https://germetik-srub.ru/wp-conffg.php?path=/var/www/rustam/data/www/germ-srub.region-saitov.ru/wp-conffg.php" "Mozilla/5.0 (Windows NT 10.0; Win64; x64) AppleWebKit/537.36 (KHTML, like Gecko) Chrome/146.0.0.0 Safari/537.36"
202.214.238.61 - - [14/Apr/2026:13:12:09 +0300] "POST /modules/mod_search/wp/iFyNlLdNG.php HTTP/1.0" 200 4609 "https://germetik-srub.ru/modules/mod_search/wp/iFyNlLdNG.php" "Mozilla/5.0 (Windows NT 10.0; Win64; x64) AppleWebKit/537.36 (KHTML, like Gecko) Chrome/146.0.0.0 Safari/537.36"
202.214.238.61 - - [14/Apr/2026:13:12:12 +0300] "POST /modules/mod_search/wp/iFyNlLdNG.php HTTP/1.0" 200 4559 "https://germetik-srub.ru/modules/mod_search/wp/iFyNlLdNG.php" "Mozilla/5.0 (Windows NT 10.0; Win64; x64) AppleWebKit/537.36 (KHTML, like Gecko) Chrome/146.0.0.0 Safari/537.36"
202.214.238.61 - - [14/Apr/2026:13:12:15 +0300] "POST /modules/mod_search/wp/iFyNlLdNG.php HTTP/1.0" 200 4571 "https://germetik-srub.ru/modules/mod_search/wp/iFyNlLdNG.php" "Mozilla/5.0 (Windows NT 10.0; Win64; x64) AppleWebKit/537.36 (KHTML, like Gecko) Chrome/146.0.0.0 Safari/537.36"
94.154.35.236 - - [14/Apr/2026:13:24:42 +0300] "HEAD /backup/germetik-srub.7z HTTP/1.0" 500 166 "-" "Mozilla/5.0 (Windows NT 10.0; Win64; x64) AppleWebKit/537.36 (KHTML, like Gecko) Chrome/101.0.4951.67 Safari/537.36"
104.244.72.22 - - [14/Apr/2026:13:41:51 +0300] "GET /cccsitemap.xml HTTP/1.0" 200 198 "-" "googlebot,bot,google,bing,yahoo"
106.227.49.113 - - [14/Apr/2026:13:45:27 +0300] "GET / HTTP/1.0" 500 185 "-" "Mozilla/5.0 (iPhone; CPU iPhone OS 13_2_3 like Mac OS X) AppleWebKit/605.1.15 (KHTML, like Gecko) Version/13.0.3 Mobile/15E148 Safari/604.1"
94.154.35.236 - - [14/Apr/2026:13:50:31 +0300] "HEAD /admin/admin.tar.gz HTTP/1.0" 500 166 "-" "Mozilla/5.0 (Windows NT 10.0; Win64; x64) AppleWebKit/537.36 (KHTML, like Gecko) Chrome/101.0.4951.67 Safari/537.36"
195.2.78.191 - - [14/Apr/2026:14:04:05 +0300] "GET / HTTP/1.0" 500 185 "http://germetik-srub.ru/" "Mozilla/5.0 (Windows NT 10.0; Win64; x64) AppleWebKit/537.36 (KHTML, like Gecko) Chrome/130.0.0.0 Safari/537.36 CCleaner/130.0.0.0"
43.153.58.28 - - [14/Apr/2026:14:09:01 +0300] "GET / HTTP/1.0" 500 185 "-" "Mozilla/5.0 (iPhone; CPU iPhone OS 13_2_3 like Mac OS X) AppleWebKit/605.1.15 (KHTML, like Gecko) Version/13.0.3 Mobile/15E148 Safari/604.1"
198.235.24.139 - - [14/Apr/2026:14:09:38 +0300] "GET / HTTP/1.0" 500 185 "-" "Hello from Palo Alto Networks, find out more about our scans in https://docs-cortex.paloaltonetworks.com/r/1/Cortex-Xpanse/Scanning-activity"
178.156.224.65 - - [14/Apr/2026:14:12:04 +0300] "GET / HTTP/1.0" 500 185 "-" "Mozilla/5.0 (Windows NT 10.0; Win64; x64) AppleWebKit/537.36 (KHTML, like Gecko) Chrome/84.0.4147.105 Safari/537.36"
94.154.35.236 - - [14/Apr/2026:14:16:30 +0300] "HEAD /admin/admin.zip HTTP/1.0" 500 166 "-" "Mozilla/5.0 (Windows NT 10.0; Win64; x64) AppleWebKit/537.36 (KHTML, like Gecko) Chrome/101.0.4951.67 Safari/537.36"
104.244.72.22 - - [14/Apr/2026:14:40:03 +0300] "GET /cccsitemap.xml HTTP/1.0" 200 198 "-" "googlebot,bot,google,bing,yahoo"
94.154.35.236 - - [14/Apr/2026:14:41:55 +0300] "HEAD /admin/admin.rar HTTP/1.0" 500 166 "-" "Mozilla/5.0 (Windows NT 10.0; Win64; x64) AppleWebKit/537.36 (KHTML, like Gecko) Chrome/101.0.4951.67 Safari/537.36"
64.31.3.126 - - [14/Apr/2026:14:58:18 +0300] "GET / HTTP/1.0" 500 185 "http://germetik-srub.ru/" "Mozilla/5.0 (Windows NT 10.0; Win64; x64) AppleWebKit/537.36 (KHTML, like Gecko) Chrome/130.0.0.0 Safari/537.36 CCleaner/130.0.0.0"
64.31.3.126 - - [14/Apr/2026:14:58:35 +0300] "GET / HTTP/1.0" 500 185 "http://germetik-srub.ru/" "Mozilla/5.0 (Windows NT 10.0; Win64; x64) AppleWebKit/537.36 (KHTML, like Gecko) Chrome/130.0.0.0 Safari/537.36"
104.244.72.22 - - [14/Apr/2026:15:00:02 +0300] "GET /cccsitemap.xml HTTP/1.0" 200 198 "-" "googlebot,google,google.com"
104.244.72.22 - - [14/Apr/2026:15:00:06 +0300] "GET /sitemapindex2024.xml HTTP/1.0" 200 6050 "-" "googlebot,google,google.com"
94.154.35.236 - - [14/Apr/2026:15:07:51 +0300] "HEAD /admin/admin.tar HTTP/1.0" 500 166 "-" "Mozilla/5.0 (Windows NT 10.0; Win64; x64) AppleWebKit/537.36 (KHTML, like Gecko) Chrome/101.0.4951.67 Safari/537.36"
195.2.78.191 - - [14/Apr/2026:15:31:40 +0300] "GET / HTTP/1.0" 500 185 "http://germetik-srub.ru/" "Mozilla/5.0 (Windows NT 10.0; Win64; x64) AppleWebKit/537.36 (KHTML, like Gecko) Chrome/130.0.0.0 Safari/537.36 CCleaner/130.0.0.0"
94.154.35.236 - - [14/Apr/2026:15:34:21 +0300] "HEAD /admin/admin.tar.bz2 HTTP/1.0" 500 166 "-" "Mozilla/5.0 (Windows NT 10.0; Win64; x64) AppleWebKit/537.36 (KHTML, like Gecko) Chrome/101.0.4951.67 Safari/537.36"
188.72.107.204 - - [14/Apr/2026:15:34:49 +0300] "GET / HTTP/1.0" 500 185 "-" "python-httpx/0.28.1"
104.244.72.22 - - [14/Apr/2026:15:41:56 +0300] "GET /cccsitemap.xml HTTP/1.0" 200 198 "-" "googlebot,bot,google,bing,yahoo"
85.142.100.137 - - [14/Apr/2026:15:55:21 +0300] "GET / HTTP/1.0" 500 185 "-" "Mozilla/5.0 (compatible; CyberOKInspect/1.0; +https://www.cyberok.ru/policy.html)"
85.142.100.137 - - [14/Apr/2026:15:55:27 +0300] "GET /favicon.ico HTTP/1.0" 500 185 "-" "Mozilla/5.0 (compatible; CyberOKInspect/1.0; +https://www.cyberok.ru/policy.html)"
94.154.35.236 - - [14/Apr/2026:16:00:30 +0300] "HEAD /admin/admin.gz HTTP/1.0" 500 166 "-" "Mozilla/5.0 (Windows NT 10.0; Win64; x64) AppleWebKit/537.36 (KHTML, like Gecko) Chrome/101.0.4951.67 Safari/537.36"
45.92.87.62 - - [14/Apr/2026:16:03:23 +0300] "GET / HTTP/1.0" 500 185 "-" "Mozilla/5.0 (Windows NT 10.0; Win64; x64) AppleWebKit/537.36 (KHTML, like Gecko) Chrome/94.0.4606.61 Safari/537.36"
45.92.87.62 - - [14/Apr/2026:16:03:27 +0300] "GET / HTTP/1.0" 500 185 "-" "Mozilla/5.0 (Windows NT 10.0; Win64; x64) AppleWebKit/537.36 (KHTML, like Gecko) Chrome/94.0.4606.61 Safari/537.36"
45.92.85.204 - - [14/Apr/2026:16:05:43 +0300] "GET / HTTP/1.0" 500 185 "-" "Mozilla/5.0 (Windows NT 10.0; Win64; x64) AppleWebKit/537.36 (KHTML, like Gecko) Chrome/94.0.4606.61 Safari/537.36"
45.92.86.99 - - [14/Apr/2026:16:05:48 +0300] "GET / HTTP/1.0" 500 185 "-" "Mozilla/5.0 (Windows NT 10.0; Win64; x64) AppleWebKit/537.36 (KHTML, like Gecko) Chrome/94.0.4606.61 Safari/537.36"
45.92.86.99 - - [14/Apr/2026:16:05:51 +0300] "GET / HTTP/1.0" 500 185 "-" "Mozilla/5.0 (Windows NT 10.0; Win64; x64) AppleWebKit/537.36 (KHTML, like Gecko) Chrome/94.0.4606.61 Safari/537.36"
94.154.35.236 - - [14/Apr/2026:16:26:20 +0300] "HEAD /admin/admin.7z HTTP/1.0" 500 166 "-" "Mozilla/5.0 (Windows NT 10.0; Win64; x64) AppleWebKit/537.36 (KHTML, like Gecko) Chrome/101.0.4951.67 Safari/537.36"
154.54.100.171 - - [14/Apr/2026:16:30:14 +0300] "GET /.git/config HTTP/1.0" 500 185 "-" "WDG_Validator/1.6.2"
158.94.210.154 - - [14/Apr/2026:16:30:40 +0300] "GET / HTTP/1.0" 500 185 "-" "Mozilla/5.0 (Windows NT 10.0; Win64; x64) AppleWebKit/537.36 (KHTML, like Gecko) Chrome/101.0.4951.67 Safari/537.36"
104.244.72.22 - - [14/Apr/2026:16:40:03 +0300] "GET /cccsitemap.xml HTTP/1.0" 200 198 "-" "googlebot,bot,google,bing,yahoo"
94.154.35.236 - - [14/Apr/2026:16:53:49 +0300] "HEAD /blog/blog.tar.gz HTTP/1.0" 500 166 "-" "Mozilla/5.0 (Windows NT 10.0; Win64; x64) AppleWebKit/537.36 (KHTML, like Gecko) Chrome/101.0.4951.67 Safari/537.36"
146.103.116.219 - - [14/Apr/2026:16:59:52 +0300] "GET / HTTP/1.0" 500 185 "http://germetik-srub.ru/" "Mozilla/5.0 (Windows NT 10.0; WOW64) AppleWebKit/537.36 (KHTML, like Gecko) Chrome/103.0.0.0 Safari/537.36"
94.154.35.236 - - [14/Apr/2026:17:21:06 +0300] "HEAD /blog/blog.zip HTTP/1.0" 500 166 "-" "Mozilla/5.0 (Windows NT 10.0; Win64; x64) AppleWebKit/537.36 (KHTML, like Gecko) Chrome/101.0.4951.67 Safari/537.36"
178.128.169.58 - - [14/Apr/2026:17:31:43 +0300] "GET / HTTP/1.0" 500 185 "-" "Mozilla/5.0 (X11; Linux x86_64) AppleWebKit/537.36 (KHTML, like Gecko) Chrome/142.0.0.0 Safari/537.36"
178.128.169.58 - - [14/Apr/2026:17:31:46 +0300] "GET / HTTP/1.0" 500 185 "-" "Mozilla/5.0 (X11; Linux x86_64) AppleWebKit/537.36 (KHTML, like Gecko) Chrome/142.0.0.0 Safari/537.36"
104.244.72.22 - - [14/Apr/2026:17:41:47 +0300] "GET /cccsitemap.xml HTTP/1.0" 200 198 "-" "googlebot,bot,google,bing,yahoo"
216.244.66.241 - - [14/Apr/2026:17:42:20 +0300] "GET /robots.txt HTTP/1.0" 200 306 "-" "Mozilla/5.0 (compatible; DotBot/1.2; +https://opensiteexplorer.org/dotbot; help@moz.com)"
94.154.35.236 - - [14/Apr/2026:17:48:09 +0300] "HEAD /blog/blog.rar HTTP/1.0" 500 166 "-" "Mozilla/5.0 (Windows NT 10.0; Win64; x64) AppleWebKit/537.36 (KHTML, like Gecko) Chrome/101.0.4951.67 Safari/537.36"
216.244.66.241 - - [14/Apr/2026:17:49:24 +0300] "GET /images/2019/05/13/49b1d8f5-8fb8-43c8-9c52-892929ac2e7d.jpg HTTP/1.0" 500 185 "-" "Mozilla/5.0 (compatible; DotBot/1.2; +https://opensiteexplorer.org/dotbot; help@moz.com)"
216.244.66.241 - - [14/Apr/2026:17:49:35 +0300] "GET /images/2019/05/13/ad2c0162-2539-4d1d-86dd-800932d0b93b.jpg HTTP/1.0" 500 185 "-" "Mozilla/5.0 (compatible; DotBot/1.2; +https://opensiteexplorer.org/dotbot; help@moz.com)"
66.249.70.96 - - [14/Apr/2026:17:51:54 +0300] "GET /robots.txt HTTP/1.0" 200 307 "-" "Mozilla/5.0 (compatible; Googlebot/2.1; +http://www.google.com/bot.html)"
66.249.76.160 - - [14/Apr/2026:17:52:34 +0300] "GET / HTTP/1.0" 200 25448 "-" "Mozilla/5.0 (Linux; Android 6.0.1; Nexus 5X Build/MMB29P) AppleWebKit/537.36 (KHTML, like Gecko) Chrome/146.0.7680.177 Mobile Safari/537.36 (compatible; Googlebot/2.1; +http://www.google.com/bot.html)"
66.249.76.162 - - [14/Apr/2026:17:53:31 +0300] "GET / HTTP/1.0" 200 25448 "-" "Mozilla/5.0 (compatible; Googlebot/2.1; +http://www.google.com/bot.html)"
66.249.70.110 - - [14/Apr/2026:17:54:17 +0300] "GET / HTTP/1.0" 200 25448 "-" "Mozilla/5.0 (Linux; Android 6.0.1; Nexus 5X Build/MMB29P) AppleWebKit/537.36 (KHTML, like Gecko) Chrome/99.0.4844.84 Mobile Safari/537.36 (compatible; Googlebot/2.1; +http://www.google.com/bot.html)"
66.249.76.161 - - [14/Apr/2026:17:55:00 +0300] "GET /favicon.ico HTTP/1.0" 200 24652 "-" "Googlebot-Image/1.0"
51.75.236.158 - - [14/Apr/2026:17:57:02 +0300] "GET /robots.txt HTTP/1.0" 200 303 "-" "Mozilla/5.0 (compatible; AhrefsBot/7.0; +http://ahrefs.com/robot/)"
54.37.118.78 - - [14/Apr/2026:17:57:16 +0300] "GET / HTTP/1.0" 500 185 "-" "Mozilla/5.0 (compatible; AhrefsBot/7.0; +http://ahrefs.com/robot/)"
91.184.244.208 - - [14/Apr/2026:17:57:28 +0300] "GET / HTTP/1.0" 500 185 "-" "Mozilla/5.0 (Linux; Android 9; V1836A Build/PKQ1.181030.001; wv) AppleWebKit/537.36 (KHTML, like Gecko) Version/4.0 Chrome/76.0.3809.89 Mobile Safari/537.36 T7/11.20 SP-engine/2.16.0 baiduboxapp/11.20.0.14 (Baidu; P1 9)"
91.184.244.208 - - [14/Apr/2026:17:57:31 +0300] "GET / HTTP/1.0" 500 185 "-" "Mozilla/5.0 (Linux; Android 9; V1836A Build/PKQ1.181030.001; wv) AppleWebKit/537.36 (KHTML, like Gecko) Version/4.0 Chrome/76.0.3809.89 Mobile Safari/537.36 T7/11.20 SP-engine/2.16.0 baiduboxapp/11.20.0.14 (Baidu; P1 9)"
84.54.44.19 - - [14/Apr/2026:18:08:46 +0300] "GET / HTTP/1.0" 500 185 "http://germetik-srub.ru/" "Mozilla/5.0 (Windows NT 10.0; Win64; x64) AppleWebKit/537.36 (KHTML, like Gecko) Chrome/130.0.0.0 Safari/537.36"
81.24.92.211 - - [14/Apr/2026:18:10:54 +0300] "GET / HTTP/1.0" 500 185 "http://germetik-srub.ru/" "Mozilla/5.0 (Windows NT 10.0; Win64; x64) AppleWebKit/537.36 (KHTML, like Gecko) Chrome/131.0.0.0 Safari/537.36"
178.20.44.82 - - [14/Apr/2026:18:11:52 +0300] "GET / HTTP/1.0" 500 185 "http://germetik-srub.ru/" "Mozilla/5.0 (Windows NT 10.0; Win64; x64) AppleWebKit/537.36 (KHTML, like Gecko) Chrome/130.0.0.0 Safari/537.36"
94.154.35.236 - - [14/Apr/2026:18:15:42 +0300] "HEAD /blog/blog.tar HTTP/1.0" 500 166 "-" "Mozilla/5.0 (Windows NT 10.0; Win64; x64) AppleWebKit/537.36 (KHTML, like Gecko) Chrome/101.0.4951.67 Safari/537.36"
35.225.194.177 - - [14/Apr/2026:18:25:27 +0300] "GET / HTTP/1.0" 500 185 "-" "Mozilla/5.0 (compatible; CMS-Checker/1.0; +https://example.com)"
51.68.111.219 - - [14/Apr/2026:18:36:40 +0300] "GET /robots.txt HTTP/1.0" 200 304 "-" "Mozilla/5.0 (compatible; MJ12bot/v2.0.5; http://mj12bot.com/)"
51.68.111.219 - - [14/Apr/2026:18:36:44 +0300] "GET / HTTP/1.0" 500 185 "-" "Mozilla/5.0 (compatible; MJ12bot/v2.0.5; http://mj12bot.com/)"
34.72.59.67 - - [14/Apr/2026:18:38:31 +0300] "GET / HTTP/1.0" 500 185 "-" "Mozilla/5.0 (compatible; CMS-Checker/1.0; +https://example.com)"
104.244.72.22 - - [14/Apr/2026:18:40:03 +0300] "GET /cccsitemap.xml HTTP/1.0" 200 198 "-" "googlebot,bot,google,bing,yahoo"
94.154.35.236 - - [14/Apr/2026:18:44:08 +0300] "HEAD /blog/blog.tar.bz2 HTTP/1.0" 500 166 "-" "Mozilla/5.0 (Windows NT 10.0; Win64; x64) AppleWebKit/537.36 (KHTML, like Gecko) Chrome/101.0.4951.67 Safari/537.36"
104.244.72.22 - - [14/Apr/2026:19:00:02 +0300] "GET /cccsitemap.xml HTTP/1.0" 200 198 "-" "googlebot,google,google.com"
104.244.72.22 - - [14/Apr/2026:19:00:07 +0300] "GET /sitemapindex2024.xml HTTP/1.0" 200 6050 "-" "googlebot,google,google.com"
64.31.3.126 - - [14/Apr/2026:19:06:32 +0300] "GET / HTTP/1.0" 500 185 "http://germetik-srub.ru/" "Mozilla/5.0 (Windows NT 10.0; Win64; x64) AppleWebKit/537.36 (KHTML, like Gecko) Chrome/131.0.0.0 Safari/537.36 Avast/131.0.0.0"
64.31.3.126 - - [14/Apr/2026:19:07:32 +0300] "GET / HTTP/1.0" 500 185 "http://germetik-srub.ru/" "Mozilla/5.0 (Windows NT 10.0; Win64; x64) AppleWebKit/537.36 (KHTML, like Gecko) Chrome/130.0.0.0 Safari/537.36 CCleaner/130.0.0.0"
94.154.35.236 - - [14/Apr/2026:19:10:56 +0300] "HEAD /blog/blog.gz HTTP/1.0" 500 166 "-" "Mozilla/5.0 (Windows NT 10.0; Win64; x64) AppleWebKit/537.36 (KHTML, like Gecko) Chrome/101.0.4951.67 Safari/537.36"
43.157.150.69 - - [14/Apr/2026:19:13:56 +0300] "GET / HTTP/1.0" 500 185 "-" "Mozilla/5.0 (iPhone; CPU iPhone OS 13_2_3 like Mac OS X) AppleWebKit/605.1.15 (KHTML, like Gecko) Version/13.0.3 Mobile/15E148 Safari/604.1"
104.210.140.128 - - [14/Apr/2026:19:28:14 +0300] "GET /robots.txt HTTP/1.0" 200 308 "-" "Mozilla/5.0 (Macintosh; Intel Mac OS X 10_15_7) AppleWebKit/537.36 (KHTML, like Gecko) Chrome/131.0.0.0 Safari/537.36; compatible; OAI-SearchBot/1.0; +https://openai.com/searchbot"
94.154.35.236 - - [14/Apr/2026:19:38:01 +0300] "HEAD /blog/blog.7z HTTP/1.0" 500 166 "-" "Mozilla/5.0 (Windows NT 10.0; Win64; x64) AppleWebKit/537.36 (KHTML, like Gecko) Chrome/101.0.4951.67 Safari/537.36"
104.244.72.22 - - [14/Apr/2026:19:41:47 +0300] "GET /cccsitemap.xml HTTP/1.0" 200 198 "-" "googlebot,bot,google,bing,yahoo"
64.31.3.126 - - [14/Apr/2026:20:00:36 +0300] "GET / HTTP/1.0" 500 185 "http://germetik-srub.ru/" "Mozilla/5.0 (Windows NT 10.0; Win64; x64) AppleWebKit/537.36 (KHTML, like Gecko) Chrome/131.0.0.0 Safari/537.36 Avast/131.0.0.0"
45.92.87.171 - - [14/Apr/2026:20:03:22 +0300] "GET / HTTP/1.0" 500 185 "-" "Mozilla/5.0 (Windows NT 10.0; Win64; x64) AppleWebKit/537.36 (KHTML, like Gecko) Chrome/94.0.4606.61 Safari/537.36"
45.92.87.171 - - [14/Apr/2026:20:03:26 +0300] "GET / HTTP/1.0" 500 185 "-" "Mozilla/5.0 (Windows NT 10.0; Win64; x64) AppleWebKit/537.36 (KHTML, like Gecko) Chrome/94.0.4606.61 Safari/537.36"
45.92.85.150 - - [14/Apr/2026:20:03:30 +0300] "GET / HTTP/1.0" 500 185 "-" "Mozilla/5.0 (Windows NT 10.0; Win64; x64) AppleWebKit/537.36 (KHTML, like Gecko) Chrome/94.0.4606.61 Safari/537.36"
45.92.85.150 - - [14/Apr/2026:20:03:34 +0300] "GET / HTTP/1.0" 500 185 "-" "Mozilla/5.0 (Windows NT 10.0; Win64; x64) AppleWebKit/537.36 (KHTML, like Gecko) Chrome/94.0.4606.61 Safari/537.36"
94.154.35.236 - - [14/Apr/2026:20:05:06 +0300] "HEAD /api/api.tar.gz HTTP/1.0" 500 166 "-" "Mozilla/5.0 (Windows NT 10.0; Win64; x64) AppleWebKit/537.36 (KHTML, like Gecko) Chrome/101.0.4951.67 Safari/537.36"
142.44.220.20 - - [14/Apr/2026:20:05:52 +0300] "GET /robots.txt HTTP/1.0" 200 308 "-" "Mozilla/5.0 (compatible; AhrefsBot/7.0; +http://ahrefs.com/robot/)"
45.92.87.193 - - [14/Apr/2026:20:05:56 +0300] "GET / HTTP/1.0" 500 185 "-" "Mozilla/5.0 (Windows NT 10.0; Win64; x64) AppleWebKit/537.36 (KHTML, like Gecko) Chrome/94.0.4606.61 Safari/537.36"
45.92.87.193 - - [14/Apr/2026:20:06:00 +0300] "GET / HTTP/1.0" 500 185 "-" "Mozilla/5.0 (Windows NT 10.0; Win64; x64) AppleWebKit/537.36 (KHTML, like Gecko) Chrome/94.0.4606.61 Safari/537.36"
148.113.130.224 - - [14/Apr/2026:20:06:06 +0300] "GET / HTTP/1.0" 500 185 "-" "Mozilla/5.0 (compatible; AhrefsBot/7.0; +http://ahrefs.com/robot/)"
45.92.87.45 - - [14/Apr/2026:20:06:04 +0300] "GET / HTTP/1.0" 500 185 "-" "Mozilla/5.0 (Windows NT 10.0; Win64; x64) AppleWebKit/537.36 (KHTML, like Gecko) Chrome/94.0.4606.61 Safari/537.36"
45.92.87.45 - - [14/Apr/2026:20:06:07 +0300] "GET / HTTP/1.0" 500 185 "-" "Mozilla/5.0 (Windows NT 10.0; Win64; x64) AppleWebKit/537.36 (KHTML, like Gecko) Chrome/94.0.4606.61 Safari/537.36"
195.2.67.184 - - [14/Apr/2026:20:12:30 +0300] "GET / HTTP/1.0" 500 185 "http://germetik-srub.ru/" "Mozilla/5.0 (Windows NT 10.0; Win64; x64) AppleWebKit/537.36 (KHTML, like Gecko) Chrome/131.0.0.0 Safari/537.36 Avast/131.0.0.0"
158.173.3.169 - - [14/Apr/2026:20:17:10 +0300] "GET / HTTP/1.0" 500 185 "https://germetik-srub.ru/" "Mozilla/5.0 (Windows NT 10.0; Win64; x64) AppleWebKit/537.36 (KHTML, like Gecko) Chrome/131.0.0.0 Safari/537.36 Avast/131.0.0.0"
158.173.21.177 - - [14/Apr/2026:20:17:16 +0300] "GET / HTTP/1.0" 500 185 "https://germetik-srub.ru/" "Mozilla/5.0 (Windows NT 10.0; Win64; x64) AppleWebKit/537.36 (KHTML, like Gecko) Chrome/131.0.0.0 Safari/537.36"
182.43.70.143 - - [14/Apr/2026:20:18:27 +0300] "GET / HTTP/1.0" 500 185 "-" "Mozilla/5.0 (iPhone; CPU iPhone OS 13_2_3 like Mac OS X) AppleWebKit/605.1.15 (KHTML, like Gecko) Version/13.0.3 Mobile/15E148 Safari/604.1"
43.165.65.180 - - [14/Apr/2026:20:20:28 +0300] "GET / HTTP/1.0" 500 185 "-" "Mozilla/5.0 (iPhone; CPU iPhone OS 13_2_3 like Mac OS X) AppleWebKit/605.1.15 (KHTML, like Gecko) Version/13.0.3 Mobile/15E148 Safari/604.1"
45.5.241.35 - - [14/Apr/2026:20:23:44 +0300] "POST /xmlrpc.php HTTP/1.0" 403 481 "-" "Jetpack by WordPress.com"
94.154.35.236 - - [14/Apr/2026:20:32:41 +0300] "HEAD /api/api.zip HTTP/1.0" 500 166 "-" "Mozilla/5.0 (Windows NT 10.0; Win64; x64) AppleWebKit/537.36 (KHTML, like Gecko) Chrome/101.0.4951.67 Safari/537.36"
104.244.72.22 - - [14/Apr/2026:20:40:03 +0300] "GET /cccsitemap.xml HTTP/1.0" 200 198 "-" "googlebot,bot,google,bing,yahoo"
205.210.31.178 - - [14/Apr/2026:20:40:37 +0300] "GET / HTTP/1.0" 500 185 "-" "Hello from Palo Alto Networks, find out more about our scans in https://docs-cortex.paloaltonetworks.com/r/1/Cortex-Xpanse/Scanning-activity"
43.166.128.86 - - [14/Apr/2026:20:46:40 +0300] "GET / HTTP/1.0" 500 185 "-" "Mozilla/5.0 (iPhone; CPU iPhone OS 13_2_3 like Mac OS X) AppleWebKit/605.1.15 (KHTML, like Gecko) Version/13.0.3 Mobile/15E148 Safari/604.1"
85.142.100.135 - - [14/Apr/2026:20:53:50 +0300] "GET / HTTP/1.0" 500 185 "-" "Mozilla/5.0 (compatible; CyberOKInspect/1.0; +https://www.cyberok.ru/policy.html)"
85.142.100.135 - - [14/Apr/2026:20:53:58 +0300] "GET /favicon.ico HTTP/1.0" 500 185 "-" "Mozilla/5.0 (compatible; CyberOKInspect/1.0; +https://www.cyberok.ru/policy.html)"
94.154.35.236 - - [14/Apr/2026:21:00:23 +0300] "HEAD /api/api.rar HTTP/1.0" 500 166 "-" "Mozilla/5.0 (Windows NT 10.0; Win64; x64) AppleWebKit/537.36 (KHTML, like Gecko) Chrome/101.0.4951.67 Safari/537.36"
94.154.35.236 - - [14/Apr/2026:21:28:04 +0300] "HEAD /api/api.tar HTTP/1.0" 500 166 "-" "Mozilla/5.0 (Windows NT 10.0; Win64; x64) AppleWebKit/537.36 (KHTML, like Gecko) Chrome/101.0.4951.67 Safari/537.36"
37.59.204.139 - - [14/Apr/2026:21:32:19 +0300] "GET /sitemap1.xml HTTP/1.0" 200 6024 "-" "Mozilla/5.0 (compatible; AhrefsBot/7.0; +http://ahrefs.com/robot/)"
104.244.72.22 - - [14/Apr/2026:21:42:19 +0300] "GET /cccsitemap.xml HTTP/1.0" 200 198 "-" "googlebot,bot,google,bing,yahoo"
175.44.42.194 - - [14/Apr/2026:21:51:53 +0300] "GET / HTTP/1.0" 500 185 "http://www.odmotorsport.com/" "Mozilla/5.0 (Windows NT 10.0; Win64; x64) AppleWebKit/537.36 (KHTML, like Gecko) Chrome/144.0.0.0 Safari/537.36"
185.220.101.20 - - [14/Apr/2026:21:51:54 +0300] "GET / HTTP/1.0" 500 185 "http://germetik-srub.ru/" "Mozilla/5.0 (Windows NT 10.0; WOW64) AppleWebKit/537.36 (KHTML, like Gecko) Chrome/103.0.5060.114 Safari/537.36"
203.55.81.1 - - [14/Apr/2026:21:52:44 +0300] "GET / HTTP/1.0" 500 185 "http://germetik-srub.ru/" "Mozilla/5.0 (Windows NT 10.0; WOW64) AppleWebKit/537.36 (KHTML, like Gecko) Chrome/103.0.5060.114 Safari/537.36"
185.220.101.11 - - [14/Apr/2026:21:53:34 +0300] "GET / HTTP/1.0" 500 185 "http://germetik-srub.ru/" "Mozilla/5.0 (Windows NT 10.0; WOW64) AppleWebKit/537.36 (KHTML, like Gecko) Chrome/103.0.5060.114 Safari/537.36"
192.159.99.79 - - [14/Apr/2026:21:53:38 +0300] "GET / HTTP/1.0" 500 185 "http://germetik-srub.ru/" "Mozilla/5.0 (Windows NT 10.0; WOW64) AppleWebKit/537.36 (KHTML, like Gecko) Chrome/103.0.5060.114 Safari/537.36"
