95.78.63.164 - - [14/Apr/2026:12:39:48 +0300] "GET /images/2025/12/21/credit-card.png HTTP/1.1" 200 1831 "https://dks.riat.ru/termopaneli/?utm_source=ya&utm_medium=rsi&utm_campaign=703984543&utm_content=17342528461&yprqee=11387914328634294271" "Mozilla/5.0 (Windows NT 10.0; Win64; x64) AppleWebKit/537.36 (KHTML, like Gecko) Chrome/144.0.0.0 YaBrowser/26.3.0.0 Safari/537.36"
95.78.63.164 - - [14/Apr/2026:12:39:48 +0300] "GET /images/2025/12/21/clarity-eps-00.webp HTTP/1.0" 200 159310 "https://dks.riat.ru/termopaneli/?utm_source=ya&utm_medium=rsi&utm_campaign=703984543&utm_content=17342528461&yprqee=11387914328634294271" "Mozilla/5.0 (Windows NT 10.0; Win64; x64) AppleWebKit/537.36 (KHTML, like Gecko) Chrome/144.0.0.0 YaBrowser/26.3.0.0 Safari/537.36"
95.78.63.164 - - [14/Apr/2026:12:39:48 +0300] "GET /images/2019/03/21/panel.jpg HTTP/1.1" 200 219062 "https://dks.riat.ru/termopaneli/?utm_source=ya&utm_medium=rsi&utm_campaign=703984543&utm_content=17342528461&yprqee=11387914328634294271" "Mozilla/5.0 (Windows NT 10.0; Win64; x64) AppleWebKit/537.36 (KHTML, like Gecko) Chrome/144.0.0.0 YaBrowser/26.3.0.0 Safari/537.36"
95.78.63.164 - - [14/Apr/2026:12:39:48 +0300] "GET /images/2019/03/18/srav-table.jpg HTTP/1.1" 200 69186 "https://dks.riat.ru/termopaneli/?utm_source=ya&utm_medium=rsi&utm_campaign=703984543&utm_content=17342528461&yprqee=11387914328634294271" "Mozilla/5.0 (Windows NT 10.0; Win64; x64) AppleWebKit/537.36 (KHTML, like Gecko) Chrome/144.0.0.0 YaBrowser/26.3.0.0 Safari/537.36"
95.78.63.164 - - [14/Apr/2026:12:39:48 +0300] "GET /images/2019/01/29/timetable.png HTTP/1.1" 200 1560 "https://dks.riat.ru/termopaneli/?utm_source=ya&utm_medium=rsi&utm_campaign=703984543&utm_content=17342528461&yprqee=11387914328634294271" "Mozilla/5.0 (Windows NT 10.0; Win64; x64) AppleWebKit/537.36 (KHTML, like Gecko) Chrome/144.0.0.0 YaBrowser/26.3.0.0 Safari/537.36"
95.78.63.164 - - [14/Apr/2026:12:39:48 +0300] "GET /images/2019/01/29/no-rodents.png HTTP/1.1" 200 1939 "https://dks.riat.ru/termopaneli/?utm_source=ya&utm_medium=rsi&utm_campaign=703984543&utm_content=17342528461&yprqee=11387914328634294271" "Mozilla/5.0 (Windows NT 10.0; Win64; x64) AppleWebKit/537.36 (KHTML, like Gecko) Chrome/144.0.0.0 YaBrowser/26.3.0.0 Safari/537.36"
95.78.63.164 - - [14/Apr/2026:12:39:48 +0300] "GET /images/2019/01/29/no-fire.png HTTP/1.1" 200 1934 "https://dks.riat.ru/termopaneli/?utm_source=ya&utm_medium=rsi&utm_campaign=703984543&utm_content=17342528461&yprqee=11387914328634294271" "Mozilla/5.0 (Windows NT 10.0; Win64; x64) AppleWebKit/537.36 (KHTML, like Gecko) Chrome/144.0.0.0 YaBrowser/26.3.0.0 Safari/537.36"
95.78.63.164 - - [14/Apr/2026:12:39:48 +0300] "GET /images/2019/01/29/security.png HTTP/1.1" 200 1400 "https://dks.riat.ru/termopaneli/?utm_source=ya&utm_medium=rsi&utm_campaign=703984543&utm_content=17342528461&yprqee=11387914328634294271" "Mozilla/5.0 (Windows NT 10.0; Win64; x64) AppleWebKit/537.36 (KHTML, like Gecko) Chrome/144.0.0.0 YaBrowser/26.3.0.0 Safari/537.36"
95.78.63.164 - - [14/Apr/2026:12:39:48 +0300] "GET /images/2019/01/29/leaf.png HTTP/1.1" 200 1434 "https://dks.riat.ru/termopaneli/?utm_source=ya&utm_medium=rsi&utm_campaign=703984543&utm_content=17342528461&yprqee=11387914328634294271" "Mozilla/5.0 (Windows NT 10.0; Win64; x64) AppleWebKit/537.36 (KHTML, like Gecko) Chrome/144.0.0.0 YaBrowser/26.3.0.0 Safari/537.36"
95.78.63.164 - - [14/Apr/2026:12:39:48 +0300] "GET /images/logo-bottom.png HTTP/1.1" 200 11304 "https://dks.riat.ru/termopaneli/?utm_source=ya&utm_medium=rsi&utm_campaign=703984543&utm_content=17342528461&yprqee=11387914328634294271" "Mozilla/5.0 (Windows NT 10.0; Win64; x64) AppleWebKit/537.36 (KHTML, like Gecko) Chrome/144.0.0.0 YaBrowser/26.3.0.0 Safari/537.36"
95.78.63.164 - - [14/Apr/2026:12:39:49 +0300] "GET /modules/mod_mycityselector/tmpl/webpack/mcs-modal/dist/build.js HTTP/1.1" 200 215291 "https://dks.riat.ru/termopaneli/?utm_source=ya&utm_medium=rsi&utm_campaign=703984543&utm_content=17342528461&yprqee=11387914328634294271" "Mozilla/5.0 (Windows NT 10.0; Win64; x64) AppleWebKit/537.36 (KHTML, like Gecko) Chrome/144.0.0.0 YaBrowser/26.3.0.0 Safari/537.36"
85.26.234.227 - - [14/Apr/2026:12:39:49 +0300] "GET /images/2026/01/27/obl-v2.jpg HTTP/1.1" 200 82394 "https://dks.riat.ru/termopaneli/?utm_source=yandex&utm_medium=rsi&utm_campaign=703984543&utm_content=17342528461&utm_term=---autotargeting&yclid=1090806102471737343" "Mozilla/5.0 (Linux; Android 11; Infinix X663B Build/RP1A.200720.011; wv) AppleWebKit/537.36 (KHTML, like Gecko) Version/4.0 Chrome/146.0.7680.177 Mobile Safari/537.36"
95.78.63.164 - - [14/Apr/2026:12:39:49 +0300] "GET /templates/shaper_helixultimate/fonts/fontawesome-webfont.woff2?v=4.7.0 HTTP/1.0" 200 77387 "https://dks.riat.ru/templates/shaper_helixultimate/css/font-awesome.min.css" "Mozilla/5.0 (Windows NT 10.0; Win64; x64) AppleWebKit/537.36 (KHTML, like Gecko) Chrome/144.0.0.0 YaBrowser/26.3.0.0 Safari/537.36"
95.78.63.164 - - [14/Apr/2026:12:39:49 +0300] "GET /components/com_sppagebuilder/assets/webfonts/fa-solid-900.woff HTTP/1.0" 200 98648 "https://dks.riat.ru/components/com_sppagebuilder/assets/css/font-awesome-5.min.css" "Mozilla/5.0 (Windows NT 10.0; Win64; x64) AppleWebKit/537.36 (KHTML, like Gecko) Chrome/144.0.0.0 YaBrowser/26.3.0.0 Safari/537.36"
95.78.63.164 - - [14/Apr/2026:12:39:50 +0300] "GET /images/2019/02/28/topfon1.jpg HTTP/1.1" 200 165013 "https://dks.riat.ru/termopaneli/?utm_source=ya&utm_medium=rsi&utm_campaign=703984543&utm_content=17342528461&yprqee=11387914328634294271" "Mozilla/5.0 (Windows NT 10.0; Win64; x64) AppleWebKit/537.36 (KHTML, like Gecko) Chrome/144.0.0.0 YaBrowser/26.3.0.0 Safari/537.36"
95.78.63.164 - - [14/Apr/2026:12:39:50 +0300] "GET /components/com_sppagebuilder/assets/webfonts/fa-brands-400.woff HTTP/1.0" 200 88692 "https://dks.riat.ru/components/com_sppagebuilder/assets/css/font-awesome-5.min.css" "Mozilla/5.0 (Windows NT 10.0; Win64; x64) AppleWebKit/537.36 (KHTML, like Gecko) Chrome/144.0.0.0 YaBrowser/26.3.0.0 Safari/537.36"
95.78.63.164 - - [14/Apr/2026:12:39:50 +0300] "GET /images/2019/02/28/bluefon-final.jpg HTTP/1.1" 200 212489 "https://dks.riat.ru/termopaneli/?utm_source=ya&utm_medium=rsi&utm_campaign=703984543&utm_content=17342528461&yprqee=11387914328634294271" "Mozilla/5.0 (Windows NT 10.0; Win64; x64) AppleWebKit/537.36 (KHTML, like Gecko) Chrome/144.0.0.0 YaBrowser/26.3.0.0 Safari/537.36"
95.78.63.164 - - [14/Apr/2026:12:39:50 +0300] "GET /images/2021/07/21/paneli2.jpg HTTP/1.1" 200 168236 "https://dks.riat.ru/termopaneli/?utm_source=ya&utm_medium=rsi&utm_campaign=703984543&utm_content=17342528461&yprqee=11387914328634294271" "Mozilla/5.0 (Windows NT 10.0; Win64; x64) AppleWebKit/537.36 (KHTML, like Gecko) Chrome/144.0.0.0 YaBrowser/26.3.0.0 Safari/537.36"
95.78.63.164 - - [14/Apr/2026:12:39:50 +0300] "GET /images/2021/05/31/tp-fon.jpg HTTP/1.1" 200 161019 "https://dks.riat.ru/termopaneli/?utm_source=ya&utm_medium=rsi&utm_campaign=703984543&utm_content=17342528461&yprqee=11387914328634294271" "Mozilla/5.0 (Windows NT 10.0; Win64; x64) AppleWebKit/537.36 (KHTML, like Gecko) Chrome/144.0.0.0 YaBrowser/26.3.0.0 Safari/537.36"
95.78.63.164 - - [14/Apr/2026:12:39:50 +0300] "GET /images/2019/02/28/riat-fon.jpg HTTP/1.1" 200 64886 "https://dks.riat.ru/termopaneli/?utm_source=ya&utm_medium=rsi&utm_campaign=703984543&utm_content=17342528461&yprqee=11387914328634294271" "Mozilla/5.0 (Windows NT 10.0; Win64; x64) AppleWebKit/537.36 (KHTML, like Gecko) Chrome/144.0.0.0 YaBrowser/26.3.0.0 Safari/537.36"
95.78.63.164 - - [14/Apr/2026:12:39:50 +0300] "GET /images/2019/01/28/tab-fon.jpg HTTP/1.1" 200 282232 "https://dks.riat.ru/termopaneli/?utm_source=ya&utm_medium=rsi&utm_campaign=703984543&utm_content=17342528461&yprqee=11387914328634294271" "Mozilla/5.0 (Windows NT 10.0; Win64; x64) AppleWebKit/537.36 (KHTML, like Gecko) Chrome/144.0.0.0 YaBrowser/26.3.0.0 Safari/537.36"
95.78.63.164 - - [14/Apr/2026:12:39:50 +0300] "GET /images/2019/03/01/form-fon.jpg HTTP/1.1" 200 34838 "https://dks.riat.ru/termopaneli/?utm_source=ya&utm_medium=rsi&utm_campaign=703984543&utm_content=17342528461&yprqee=11387914328634294271" "Mozilla/5.0 (Windows NT 10.0; Win64; x64) AppleWebKit/537.36 (KHTML, like Gecko) Chrome/144.0.0.0 YaBrowser/26.3.0.0 Safari/537.36"
95.78.63.164 - - [14/Apr/2026:12:39:50 +0300] "GET /images/2021/termopaneli/n-kam/0d1d782a-e0a9-4318-9c70-c2d965e17e8f.jpg HTTP/1.1" 200 169962 "https://dks.riat.ru/termopaneli/?utm_source=ya&utm_medium=rsi&utm_campaign=703984543&utm_content=17342528461&yprqee=11387914328634294271" "Mozilla/5.0 (Windows NT 10.0; Win64; x64) AppleWebKit/537.36 (KHTML, like Gecko) Chrome/144.0.0.0 YaBrowser/26.3.0.0 Safari/537.36"
95.78.63.164 - - [14/Apr/2026:12:39:47 +0300] "GET /termopaneli/?utm_source=ya&utm_medium=rsi&utm_campaign=703984543&utm_content=17342528461&yprqee=11387914328634294271 HTTP/1.0" 200 41593 "https://dzen.ru/a/adymPb2hwCkDi2km" "Mozilla/5.0 (Windows NT 10.0; Win64; x64) AppleWebKit/537.36 (KHTML, like Gecko) Chrome/144.0.0.0 YaBrowser/26.3.0.0 Safari/537.36"
95.78.63.164 - - [14/Apr/2026:12:39:51 +0300] "GET /modules/mod_vertical_menu/js/perfect-scrollbar.js?_=1776159590 HTTP/1.1" 200 15151 "https://dks.riat.ru/termopaneli/?utm_source=ya&utm_medium=rsi&utm_campaign=703984543&utm_content=17342528461&yprqee=11387914328634294271" "Mozilla/5.0 (Windows NT 10.0; Win64; x64) AppleWebKit/537.36 (KHTML, like Gecko) Chrome/144.0.0.0 YaBrowser/26.3.0.0 Safari/537.36"
95.78.63.164 - - [14/Apr/2026:12:39:51 +0300] "GET /modules/mod_vertical_menu/js/mod_vertical_menu.js?_=1776159590 HTTP/1.1" 200 57188 "https://dks.riat.ru/termopaneli/?utm_source=ya&utm_medium=rsi&utm_campaign=703984543&utm_content=17342528461&yprqee=11387914328634294271" "Mozilla/5.0 (Windows NT 10.0; Win64; x64) AppleWebKit/537.36 (KHTML, like Gecko) Chrome/144.0.0.0 YaBrowser/26.3.0.0 Safari/537.36"
95.78.63.164 - - [14/Apr/2026:12:39:52 +0300] "GET /videoplayback.mp4 HTTP/1.0" 206 6305166 "https://dks.riat.ru/termopaneli/?utm_source=ya&utm_medium=rsi&utm_campaign=703984543&utm_content=17342528461&yprqee=11387914328634294271" "Mozilla/5.0 (Windows NT 10.0; Win64; x64) AppleWebKit/537.36 (KHTML, like Gecko) Chrome/144.0.0.0 YaBrowser/26.3.0.0 Safari/537.36"
95.78.63.164 - - [14/Apr/2026:12:39:52 +0300] "GET /videoplayback2.mp4 HTTP/1.0" 206 19441294 "https://dks.riat.ru/termopaneli/?utm_source=ya&utm_medium=rsi&utm_campaign=703984543&utm_content=17342528461&yprqee=11387914328634294271" "Mozilla/5.0 (Windows NT 10.0; Win64; x64) AppleWebKit/537.36 (KHTML, like Gecko) Chrome/144.0.0.0 YaBrowser/26.3.0.0 Safari/537.36"
95.78.63.164 - - [14/Apr/2026:12:39:50 +0300] "GET /termopaneli/?utm_source=ya&utm_medium=rsi&utm_campaign=703984543&utm_content=17342528461&yprqee=11387914328634294271 HTTP/1.0" 200 41594 "-" "Mozilla/5.0 (Windows NT 10.0; Win64; x64) AppleWebKit/537.36 (KHTML, like Gecko) Chrome/144.0.0.0 YaBrowser/26.3.0.0 Safari/537.36"
85.26.234.227 - - [14/Apr/2026:12:39:54 +0300] "GET /components/com_jshopping/files/img_products/thumb_Retro_Brick_pepper.jpg HTTP/1.1" 200 20911 "https://dks.riat.ru/termopaneli/?utm_source=yandex&utm_medium=rsi&utm_campaign=703984543&utm_content=17342528461&utm_term=---autotargeting&yclid=1090806102471737343" "Mozilla/5.0 (Linux; Android 11; Infinix X663B Build/RP1A.200720.011; wv) AppleWebKit/537.36 (KHTML, like Gecko) Version/4.0 Chrome/146.0.7680.177 Mobile Safari/537.36"
85.26.234.227 - - [14/Apr/2026:12:39:56 +0300] "GET /components/com_jshopping/files/img_products/thumb_Retro_Brick_masala.jpg HTTP/1.1" 200 23012 "https://dks.riat.ru/termopaneli/?utm_source=yandex&utm_medium=rsi&utm_campaign=703984543&utm_content=17342528461&utm_term=---autotargeting&yclid=1090806102471737343" "Mozilla/5.0 (Linux; Android 11; Infinix X663B Build/RP1A.200720.011; wv) AppleWebKit/537.36 (KHTML, like Gecko) Version/4.0 Chrome/146.0.7680.177 Mobile Safari/537.36"
95.78.63.164 - - [14/Apr/2026:12:39:54 +0300] "GET /termopaneli/?utm_source=ya&utm_medium=rsi&utm_campaign=703984543&utm_content=17342528461&yprqee=11387914328634294271 HTTP/1.0" 200 41594 "-" "Mozilla/5.0 (Windows NT 10.0; Win64; x64) AppleWebKit/537.36 (KHTML, like Gecko) Chrome/144.0.0.0 YaBrowser/26.3.0.0 Safari/537.36"
85.26.234.227 - - [14/Apr/2026:12:39:57 +0300] "GET /images/2019/02/28/topfon1.jpg HTTP/1.1" 200 165013 "https://dks.riat.ru/termopaneli/?utm_source=yandex&utm_medium=rsi&utm_campaign=703984543&utm_content=17342528461&utm_term=---autotargeting&yclid=1090806102471737343" "Mozilla/5.0 (Linux; Android 11; Infinix X663B Build/RP1A.200720.011; wv) AppleWebKit/537.36 (KHTML, like Gecko) Version/4.0 Chrome/146.0.7680.177 Mobile Safari/537.36"
85.26.234.227 - - [14/Apr/2026:12:39:58 +0300] "GET /components/com_jshopping/files/img_products/thumb_Retro_Brick_curry.jpg HTTP/1.1" 200 24104 "https://dks.riat.ru/termopaneli/?utm_source=yandex&utm_medium=rsi&utm_campaign=703984543&utm_content=17342528461&utm_term=---autotargeting&yclid=1090806102471737343" "Mozilla/5.0 (Linux; Android 11; Infinix X663B Build/RP1A.200720.011; wv) AppleWebKit/537.36 (KHTML, like Gecko) Version/4.0 Chrome/146.0.7680.177 Mobile Safari/537.36"
85.26.234.227 - - [14/Apr/2026:12:39:59 +0300] "GET /images/2025/05/27/sl25-1.jpg HTTP/1.1" 200 65292 "https://dks.riat.ru/termopaneli/?utm_source=yandex&utm_medium=rsi&utm_campaign=703984543&utm_content=17342528461&utm_term=---autotargeting&yclid=1090806102471737343" "Mozilla/5.0 (Linux; Android 11; Infinix X663B Build/RP1A.200720.011; wv) AppleWebKit/537.36 (KHTML, like Gecko) Version/4.0 Chrome/146.0.7680.177 Mobile Safari/537.36"
85.26.234.227 - - [14/Apr/2026:12:39:59 +0300] "GET /components/com_jshopping/files/img_products/thumb_Retro_Brick_chili.jpg HTTP/1.1" 200 20379 "https://dks.riat.ru/termopaneli/?utm_source=yandex&utm_medium=rsi&utm_campaign=703984543&utm_content=17342528461&utm_term=---autotargeting&yclid=1090806102471737343" "Mozilla/5.0 (Linux; Android 11; Infinix X663B Build/RP1A.200720.011; wv) AppleWebKit/537.36 (KHTML, like Gecko) Version/4.0 Chrome/146.0.7680.177 Mobile Safari/537.36"
85.26.234.227 - - [14/Apr/2026:12:39:59 +0300] "GET /components/com_jshopping/files/img_products/thumb_Retro_Brick_cardamon.jpg HTTP/1.1" 200 18823 "https://dks.riat.ru/termopaneli/?utm_source=yandex&utm_medium=rsi&utm_campaign=703984543&utm_content=17342528461&utm_term=---autotargeting&yclid=1090806102471737343" "Mozilla/5.0 (Linux; Android 11; Infinix X663B Build/RP1A.200720.011; wv) AppleWebKit/537.36 (KHTML, like Gecko) Version/4.0 Chrome/146.0.7680.177 Mobile Safari/537.36"
85.26.234.227 - - [14/Apr/2026:12:40:01 +0300] "GET /images/2025/05/27/sl25-3.jpg HTTP/1.1" 200 115287 "https://dks.riat.ru/termopaneli/?utm_source=yandex&utm_medium=rsi&utm_campaign=703984543&utm_content=17342528461&utm_term=---autotargeting&yclid=1090806102471737343" "Mozilla/5.0 (Linux; Android 11; Infinix X663B Build/RP1A.200720.011; wv) AppleWebKit/537.36 (KHTML, like Gecko) Version/4.0 Chrome/146.0.7680.177 Mobile Safari/537.36"
95.78.63.164 - - [14/Apr/2026:12:39:58 +0300] "GET /termopaneli/?utm_source=ya&utm_medium=rsi&utm_campaign=703984543&utm_content=17342528461&yprqee=11387914328634294271 HTTP/1.0" 200 41594 "-" "Mozilla/5.0 (Windows NT 10.0; Win64; x64) AppleWebKit/537.36 (KHTML, like Gecko) Chrome/144.0.0.0 YaBrowser/26.3.0.0 Safari/537.36"
85.26.234.227 - - [14/Apr/2026:12:40:02 +0300] "GET /components/com_jshopping/files/img_products/thumb_Old-Castle-Red-2.jpg HTTP/1.1" 200 20383 "https://dks.riat.ru/termopaneli/?utm_source=yandex&utm_medium=rsi&utm_campaign=703984543&utm_content=17342528461&utm_term=---autotargeting&yclid=1090806102471737343" "Mozilla/5.0 (Linux; Android 11; Infinix X663B Build/RP1A.200720.011; wv) AppleWebKit/537.36 (KHTML, like Gecko) Version/4.0 Chrome/146.0.7680.177 Mobile Safari/537.36"
85.26.234.227 - - [14/Apr/2026:12:40:03 +0300] "GET /components/com_jshopping/files/img_products/thumb_Old-Castle-grey-2.jpg HTTP/1.1" 200 19047 "https://dks.riat.ru/termopaneli/?utm_source=yandex&utm_medium=rsi&utm_campaign=703984543&utm_content=17342528461&utm_term=---autotargeting&yclid=1090806102471737343" "Mozilla/5.0 (Linux; Android 11; Infinix X663B Build/RP1A.200720.011; wv) AppleWebKit/537.36 (KHTML, like Gecko) Version/4.0 Chrome/146.0.7680.177 Mobile Safari/537.36"
85.26.234.227 - - [14/Apr/2026:12:40:04 +0300] "GET /components/com_jshopping/files/img_products/thumb_Old-Castle-Brown-2.jpg HTTP/1.1" 200 19245 "https://dks.riat.ru/termopaneli/?utm_source=yandex&utm_medium=rsi&utm_campaign=703984543&utm_content=17342528461&utm_term=---autotargeting&yclid=1090806102471737343" "Mozilla/5.0 (Linux; Android 11; Infinix X663B Build/RP1A.200720.011; wv) AppleWebKit/537.36 (KHTML, like Gecko) Version/4.0 Chrome/146.0.7680.177 Mobile Safari/537.36"
85.26.234.227 - - [14/Apr/2026:12:40:04 +0300] "GET /components/com_jshopping/files/img_products/thumb_Loft_Brick_salt.jpg HTTP/1.1" 200 22588 "https://dks.riat.ru/termopaneli/?utm_source=yandex&utm_medium=rsi&utm_campaign=703984543&utm_content=17342528461&utm_term=---autotargeting&yclid=1090806102471737343" "Mozilla/5.0 (Linux; Android 11; Infinix X663B Build/RP1A.200720.011; wv) AppleWebKit/537.36 (KHTML, like Gecko) Version/4.0 Chrome/146.0.7680.177 Mobile Safari/537.36"
95.78.63.164 - - [14/Apr/2026:12:40:02 +0300] "GET /termopaneli/?utm_source=ya&utm_medium=rsi&utm_campaign=703984543&utm_content=17342528461&yprqee=11387914328634294271 HTTP/1.0" 200 41594 "-" "Mozilla/5.0 (Windows NT 10.0; Win64; x64) AppleWebKit/537.36 (KHTML, like Gecko) Chrome/144.0.0.0 YaBrowser/26.3.0.0 Safari/537.36"
85.26.234.227 - - [14/Apr/2026:12:40:07 +0300] "GET /components/com_jshopping/files/img_products/thumb_Loft_Brick_pepper.jpg HTTP/1.1" 200 22634 "https://dks.riat.ru/termopaneli/?utm_source=yandex&utm_medium=rsi&utm_campaign=703984543&utm_content=17342528461&utm_term=---autotargeting&yclid=1090806102471737343" "Mozilla/5.0 (Linux; Android 11; Infinix X663B Build/RP1A.200720.011; wv) AppleWebKit/537.36 (KHTML, like Gecko) Version/4.0 Chrome/146.0.7680.177 Mobile Safari/537.36"
85.26.234.227 - - [14/Apr/2026:12:40:07 +0300] "GET /components/com_jshopping/files/img_products/thumb_Loft_Brick_masala.jpg HTTP/1.1" 200 24029 "https://dks.riat.ru/termopaneli/?utm_source=yandex&utm_medium=rsi&utm_campaign=703984543&utm_content=17342528461&utm_term=---autotargeting&yclid=1090806102471737343" "Mozilla/5.0 (Linux; Android 11; Infinix X663B Build/RP1A.200720.011; wv) AppleWebKit/537.36 (KHTML, like Gecko) Version/4.0 Chrome/146.0.7680.177 Mobile Safari/537.36"
85.26.234.227 - - [14/Apr/2026:12:40:09 +0300] "GET /components/com_jshopping/files/img_products/thumb_Loft_Brick_curry.jpg HTTP/1.1" 200 22962 "https://dks.riat.ru/termopaneli/?utm_source=yandex&utm_medium=rsi&utm_campaign=703984543&utm_content=17342528461&utm_term=---autotargeting&yclid=1090806102471737343" "Mozilla/5.0 (Linux; Android 11; Infinix X663B Build/RP1A.200720.011; wv) AppleWebKit/537.36 (KHTML, like Gecko) Version/4.0 Chrome/146.0.7680.177 Mobile Safari/537.36"
85.26.234.227 - - [14/Apr/2026:12:40:09 +0300] "GET /components/com_jshopping/files/img_products/thumb_Loft_Brick_chili.jpg HTTP/1.1" 200 24222 "https://dks.riat.ru/termopaneli/?utm_source=yandex&utm_medium=rsi&utm_campaign=703984543&utm_content=17342528461&utm_term=---autotargeting&yclid=1090806102471737343" "Mozilla/5.0 (Linux; Android 11; Infinix X663B Build/RP1A.200720.011; wv) AppleWebKit/537.36 (KHTML, like Gecko) Version/4.0 Chrome/146.0.7680.177 Mobile Safari/537.36"
95.78.63.164 - - [14/Apr/2026:12:40:06 +0300] "GET /termopaneli/?utm_source=ya&utm_medium=rsi&utm_campaign=703984543&utm_content=17342528461&yprqee=11387914328634294271 HTTP/1.0" 200 41594 "-" "Mozilla/5.0 (Windows NT 10.0; Win64; x64) AppleWebKit/537.36 (KHTML, like Gecko) Chrome/144.0.0.0 YaBrowser/26.3.0.0 Safari/537.36"
85.26.234.227 - - [14/Apr/2026:12:40:11 +0300] "GET /components/com_jshopping/files/img_products/thumb_Loft_Brick_cardamone.jpg HTTP/1.1" 200 24497 "https://dks.riat.ru/termopaneli/?utm_source=yandex&utm_medium=rsi&utm_campaign=703984543&utm_content=17342528461&utm_term=---autotargeting&yclid=1090806102471737343" "Mozilla/5.0 (Linux; Android 11; Infinix X663B Build/RP1A.200720.011; wv) AppleWebKit/537.36 (KHTML, like Gecko) Version/4.0 Chrome/146.0.7680.177 Mobile Safari/537.36"
85.26.234.227 - - [14/Apr/2026:12:40:14 +0300] "GET /components/com_jshopping/files/img_products/thumb_Foggia-gris-2.jpg HTTP/1.1" 200 19035 "https://dks.riat.ru/termopaneli/?utm_source=yandex&utm_medium=rsi&utm_campaign=703984543&utm_content=17342528461&utm_term=---autotargeting&yclid=1090806102471737343" "Mozilla/5.0 (Linux; Android 11; Infinix X663B Build/RP1A.200720.011; wv) AppleWebKit/537.36 (KHTML, like Gecko) Version/4.0 Chrome/146.0.7680.177 Mobile Safari/537.36"
95.78.63.164 - - [14/Apr/2026:12:40:11 +0300] "GET /termopaneli/?utm_source=ya&utm_medium=rsi&utm_campaign=703984543&utm_content=17342528461&yprqee=11387914328634294271 HTTP/1.0" 200 41594 "-" "Mozilla/5.0 (Windows NT 10.0; Win64; x64) AppleWebKit/537.36 (KHTML, like Gecko) Chrome/144.0.0.0 YaBrowser/26.3.0.0 Safari/537.36"
85.26.234.227 - - [14/Apr/2026:12:40:14 +0300] "GET /components/com_jshopping/files/img_products/thumb_Foggia-bianco-2.jpg HTTP/1.1" 200 20050 "https://dks.riat.ru/termopaneli/?utm_source=yandex&utm_medium=rsi&utm_campaign=703984543&utm_content=17342528461&utm_term=---autotargeting&yclid=1090806102471737343" "Mozilla/5.0 (Linux; Android 11; Infinix X663B Build/RP1A.200720.011; wv) AppleWebKit/537.36 (KHTML, like Gecko) Version/4.0 Chrome/146.0.7680.177 Mobile Safari/537.36"
85.26.234.227 - - [14/Apr/2026:12:40:15 +0300] "GET /components/com_jshopping/files/img_products/thumb_Elewacja_szkliwiona_miodowa.jpg HTTP/1.1" 200 16513 "https://dks.riat.ru/termopaneli/?utm_source=yandex&utm_medium=rsi&utm_campaign=703984543&utm_content=17342528461&utm_term=---autotargeting&yclid=1090806102471737343" "Mozilla/5.0 (Linux; Android 11; Infinix X663B Build/RP1A.200720.011; wv) AppleWebKit/537.36 (KHTML, like Gecko) Version/4.0 Chrome/146.0.7680.177 Mobile Safari/537.36"
85.26.234.227 - - [14/Apr/2026:12:40:16 +0300] "GET /components/com_jshopping/files/img_products/thumb_Elewacja_szkliwiona_braz.jpg HTTP/1.1" 200 13056 "https://dks.riat.ru/termopaneli/?utm_source=yandex&utm_medium=rsi&utm_campaign=703984543&utm_content=17342528461&utm_term=---autotargeting&yclid=1090806102471737343" "Mozilla/5.0 (Linux; Android 11; Infinix X663B Build/RP1A.200720.011; wv) AppleWebKit/537.36 (KHTML, like Gecko) Version/4.0 Chrome/146.0.7680.177 Mobile Safari/537.36"
85.26.234.227 - - [14/Apr/2026:12:40:17 +0300] "GET /components/com_jshopping/files/img_products/thumb_Elewacja_rustico_wisnia.jpg HTTP/1.1" 200 18752 "https://dks.riat.ru/termopaneli/?utm_source=yandex&utm_medium=rsi&utm_campaign=703984543&utm_content=17342528461&utm_term=---autotargeting&yclid=1090806102471737343" "Mozilla/5.0 (Linux; Android 11; Infinix X663B Build/RP1A.200720.011; wv) AppleWebKit/537.36 (KHTML, like Gecko) Version/4.0 Chrome/146.0.7680.177 Mobile Safari/537.36"
85.26.234.227 - - [14/Apr/2026:12:40:17 +0300] "GET /components/com_jshopping/files/img_products/thumb_Elewacja_rustico_rott.jpg HTTP/1.1" 200 18817 "https://dks.riat.ru/termopaneli/?utm_source=yandex&utm_medium=rsi&utm_campaign=703984543&utm_content=17342528461&utm_term=---autotargeting&yclid=1090806102471737343" "Mozilla/5.0 (Linux; Android 11; Infinix X663B Build/RP1A.200720.011; wv) AppleWebKit/537.36 (KHTML, like Gecko) Version/4.0 Chrome/146.0.7680.177 Mobile Safari/537.36"
85.26.234.227 - - [14/Apr/2026:12:40:17 +0300] "GET /components/com_jshopping/files/img_products/thumb_Elewacja_rustico_piaskowa.jpg HTTP/1.1" 200 17519 "https://dks.riat.ru/termopaneli/?utm_source=yandex&utm_medium=rsi&utm_campaign=703984543&utm_content=17342528461&utm_term=---autotargeting&yclid=1090806102471737343" "Mozilla/5.0 (Linux; Android 11; Infinix X663B Build/RP1A.200720.011; wv) AppleWebKit/537.36 (KHTML, like Gecko) Version/4.0 Chrome/146.0.7680.177 Mobile Safari/537.36"
95.78.63.164 - - [14/Apr/2026:12:40:15 +0300] "GET /termopaneli/?utm_source=ya&utm_medium=rsi&utm_campaign=703984543&utm_content=17342528461&yprqee=11387914328634294271 HTTP/1.0" 200 41594 "-" "Mozilla/5.0 (Windows NT 10.0; Win64; x64) AppleWebKit/537.36 (KHTML, like Gecko) Chrome/144.0.0.0 YaBrowser/26.3.0.0 Safari/537.36"
85.26.234.227 - - [14/Apr/2026:12:40:19 +0300] "GET /components/com_jshopping/files/img_products/thumb_Elewacja_rustico_krem.jpg HTTP/1.1" 200 22724 "https://dks.riat.ru/termopaneli/?utm_source=yandex&utm_medium=rsi&utm_campaign=703984543&utm_content=17342528461&utm_term=---autotargeting&yclid=1090806102471737343" "Mozilla/5.0 (Linux; Android 11; Infinix X663B Build/RP1A.200720.011; wv) AppleWebKit/537.36 (KHTML, like Gecko) Version/4.0 Chrome/146.0.7680.177 Mobile Safari/537.36"
95.78.63.164 - - [14/Apr/2026:12:40:19 +0300] "GET /termopaneli/?utm_source=ya&utm_medium=rsi&utm_campaign=703984543&utm_content=17342528461&yprqee=11387914328634294271 HTTP/1.0" 200 41594 "-" "Mozilla/5.0 (Windows NT 10.0; Win64; x64) AppleWebKit/537.36 (KHTML, like Gecko) Chrome/144.0.0.0 YaBrowser/26.3.0.0 Safari/537.36"
95.78.63.164 - - [14/Apr/2026:12:40:23 +0300] "GET /termopaneli/?utm_source=ya&utm_medium=rsi&utm_campaign=703984543&utm_content=17342528461&yprqee=11387914328634294271 HTTP/1.0" 200 41594 "-" "Mozilla/5.0 (Windows NT 10.0; Win64; x64) AppleWebKit/537.36 (KHTML, like Gecko) Chrome/144.0.0.0 YaBrowser/26.3.0.0 Safari/537.36"
95.78.63.164 - - [14/Apr/2026:12:40:27 +0300] "GET /termopaneli/?utm_source=ya&utm_medium=rsi&utm_campaign=703984543&utm_content=17342528461&yprqee=11387914328634294271 HTTP/1.0" 200 41594 "-" "Mozilla/5.0 (Windows NT 10.0; Win64; x64) AppleWebKit/537.36 (KHTML, like Gecko) Chrome/144.0.0.0 YaBrowser/26.3.0.0 Safari/537.36"
220.181.108.90 - - [14/Apr/2026:12:40:38 +0300] "GET /ulyanovsk/component/search/?id=4&format=opensearch HTTP/1.0" 200 968 "-" "Mozilla/5.0 (compatible; Baiduspider/2.0; +http://www.baidu.com/search/spider.html)"
5.255.253.47 - - [14/Apr/2026:12:41:08 +0300] "GET / HTTP/1.0" 200 16207 "-" "Mozilla/5.0 (compatible; YaDirectFetcher/1.0; Dyatel; +http://yandex.com/bots)"
185.191.171.1 - - [14/Apr/2026:12:41:08 +0300] "GET /kursk/component/speasyimagegallery/album/samara HTTP/1.0" 200 12234 "-" "Mozilla/5.0 (compatible; SemrushBot/7~bl; +http://www.semrush.com/bot.html)"
5.255.253.42 - - [14/Apr/2026:12:41:10 +0300] "GET / HTTP/1.0" 200 16207 "-" "Mozilla/5.0 (compatible; YaDirectFetcher/1.0; Dyatel; +http://yandex.com/bots)"
141.8.142.38 - - [14/Apr/2026:12:41:13 +0300] "GET / HTTP/1.0" 200 16206 "-" "Mozilla/5.0 (compatible; YandexUserproxy; robot; +http://yandex.com/bots)"
5.255.253.33 - - [14/Apr/2026:12:41:13 +0300] "GET / HTTP/1.0" 200 16206 "-" "Mozilla/5.0 (X11; Linux x86_64) AppleWebKit/537.36 (KHTML, like Gecko) Chrome/117.0.0.0 Safari/537.36"
85.26.234.227 - - [14/Apr/2026:12:41:19 +0300] "GET /images/2019/03/15/top-panel.png HTTP/1.1" 200 229133 "https://dks.riat.ru/termopaneli/?utm_source=yandex&utm_medium=rsi&utm_campaign=703984543&utm_content=17342528461&utm_term=---autotargeting&yclid=1090806102471737343" "Mozilla/5.0 (Linux; Android 11; Infinix X663B Build/RP1A.200720.011; wv) AppleWebKit/537.36 (KHTML, like Gecko) Version/4.0 Chrome/146.0.7680.177 Mobile Safari/537.36"
188.162.38.202 - - [14/Apr/2026:12:41:20 +0300] "GET /videoplayback.mp4 HTTP/1.0" 206 5469890 "https://dks.riat.ru/orenburg/termopaneli" "Mozilla/5.0 (Linux; Android 10; K) AppleWebKit/537.36 (KHTML, like Gecko) Chrome/138.0.0.0 Mobile Safari/537.36"
5.255.231.65 - - [14/Apr/2026:12:42:08 +0300] "GET /?yclid=7710547526903176844 HTTP/1.0" 200 16325 "-" "Mozilla/5.0 (compatible; YandexMetrika/2.0; +http://yandex.com/bots yabs01)"
65.109.81.157 - - [14/Apr/2026:12:42:22 +0300] "GET /termopaneli/ HTTP/1.0" 301 185 "http://dks.riat.ru/termopaneli/" "Mozilla/5.0 (Windows NT 6.3) AppleWebKit/537.36 (KHTML, like Gecko) Chrome/103.0.0.0 Safari/537.36"
65.109.81.157 - - [14/Apr/2026:12:42:22 +0300] "GET /termopaneli/ HTTP/1.0" 200 327860 "https://dks.riat.ru/termopaneli/" "Mozilla/5.0 (Windows NT 6.3) AppleWebKit/537.36 (KHTML, like Gecko) Chrome/103.0.0.0 Safari/537.36"
213.180.203.249 - - [14/Apr/2026:12:42:38 +0300] "GET /robots.txt HTTP/1.1" 301 196 "-" "Mozilla/5.0 (compatible; YandexBot/3.0; +http://yandex.com/bots)"
213.180.203.249 - - [14/Apr/2026:12:42:38 +0300] "GET /robots.txt HTTP/1.0" 200 1101 "-" "Mozilla/5.0 (compatible; YandexBot/3.0; +http://yandex.com/bots)"
213.180.203.247 - - [14/Apr/2026:12:42:39 +0300] "GET /images/articles/ppu/6.png HTTP/1.1" 301 196 "-" "Mozilla/5.0 (compatible; YandexImages/3.0; +http://yandex.com/bots)"
213.180.203.198 - - [14/Apr/2026:12:42:39 +0300] "GET /images/articles/ppu/6.png HTTP/1.0" 404 1269 "-" "Mozilla/5.0 (compatible; YandexImages/3.0; +http://yandex.com/bots)"
65.109.81.157 - - [14/Apr/2026:12:42:52 +0300] "POST /termopaneli/ HTTP/1.0" 303 678 "https://dks.riat.ru/termopaneli/" "Mozilla/5.0 (Windows NT 6.3) AppleWebKit/537.36 (KHTML, like Gecko) Chrome/103.0.0.0 Safari/537.36"
65.109.81.157 - - [14/Apr/2026:12:42:55 +0300] "GET /termopaneli/ HTTP/1.0" 200 327763 "https://dks.riat.ru/termopaneli/" "Mozilla/5.0 (Windows NT 6.3) AppleWebKit/537.36 (KHTML, like Gecko) Chrome/103.0.0.0 Safari/537.36"
188.162.38.202 - - [14/Apr/2026:12:43:21 +0300] "GET /videoplayback2.mp4 HTTP/1.0" 206 18737094 "https://dks.riat.ru/orenburg/termopaneli" "Mozilla/5.0 (Linux; Android 10; K) AppleWebKit/537.36 (KHTML, like Gecko) Chrome/138.0.0.0 Mobile Safari/537.36"
94.23.188.211 - - [14/Apr/2026:12:43:29 +0300] "GET /kamyshin/politika-konfidentsialnosti HTTP/1.0" 200 16530 "-" "Mozilla/5.0 (compatible; AhrefsBot/7.0; +http://ahrefs.com/robot/)"
114.119.138.98 - - [14/Apr/2026:12:44:45 +0300] "GET /perm/ HTTP/1.0" 200 16128 "https://dks.riat.ru/perm/component/speasyimagegallery/album/novotroitsk" "Mozilla/5.0 (Linux; Android 7.0;) AppleWebKit/537.36 (KHTML, like Gecko) Mobile Safari/537.36 (compatible; PetalBot;+https://webmaster.petalsearch.com/site/petalbot)"
5.255.253.40 - - [14/Apr/2026:12:45:16 +0300] "GET / HTTP/1.0" 200 16205 "-" "Mozilla/5.0 (compatible; YaDirectFetcher/1.0; Dyatel; +http://yandex.com/bots)"
5.255.253.48 - - [14/Apr/2026:12:45:18 +0300] "GET / HTTP/1.0" 200 16206 "-" "Mozilla/5.0 (compatible; YaDirectFetcher/1.0; Dyatel; +http://yandex.com/bots)"
5.255.253.44 - - [14/Apr/2026:12:45:48 +0300] "GET / HTTP/1.0" 200 16204 "-" "Mozilla/5.0 (compatible; YaDirectFetcher/1.0; Dyatel; +http://yandex.com/bots)"
5.255.253.46 - - [14/Apr/2026:12:45:51 +0300] "GET / HTTP/1.0" 200 16205 "-" "Mozilla/5.0 (compatible; YaDirectFetcher/1.0; Dyatel; +http://yandex.com/bots)"
114.119.134.121 - - [14/Apr/2026:12:46:55 +0300] "GET /neftekamsk/component/speasyimagegallery/album/kalmiya HTTP/1.0" 200 12575 "https://dks.riat.ru/neftekamsk/component/speasyimagegallery/album/kalmiya" "Mozilla/5.0 (Linux; Android 7.0;) AppleWebKit/537.36 (KHTML, like Gecko) Mobile Safari/537.36 (compatible; PetalBot;+https://webmaster.petalsearch.com/site/petalbot)"
5.255.253.33 - - [14/Apr/2026:12:48:22 +0300] "GET / HTTP/1.0" 200 16206 "-" "Mozilla/5.0 (compatible; YaDirectFetcher/1.0; Dyatel; +http://yandex.com/bots)"
5.255.253.44 - - [14/Apr/2026:12:48:23 +0300] "GET / HTTP/1.0" 200 16204 "-" "Mozilla/5.0 (compatible; YaDirectFetcher/1.0; Dyatel; +http://yandex.com/bots)"
216.75.132.197 - - [14/Apr/2026:12:48:52 +0300] "GET /almetevsk/component/search/?Itemid=220&format=opensearch HTTP/1.0" 200 974 "-" "Mozilla/5.0 (Macintosh; Intel Mac OS X 10_15_7) AppleWebKit/537.36 (KHTML, like Gecko) Chrome/135.0.0.0 Safari/537.36"
141.8.142.33 - - [14/Apr/2026:12:49:16 +0300] "GET / HTTP/1.0" 200 16206 "-" "Mozilla/5.0 (compatible; YaDirectFetcher/1.0; Dyatel; +http://yandex.com/bots)"
141.8.142.38 - - [14/Apr/2026:12:49:20 +0300] "GET / HTTP/1.0" 200 16206 "-" "Mozilla/5.0 (compatible; YaDirectFetcher/1.0; Dyatel; +http://yandex.com/bots)"
95.108.213.175 - - [14/Apr/2026:12:49:23 +0300] "GET /?yclid=7710547526903176844 HTTP/1.0" 200 16326 "-" "Mozilla/5.0 (compatible; YandexMetrika/2.0; +http://yandex.com/bots yabs01)"
47.128.115.43 - - [14/Apr/2026:12:52:55 +0300] "GET /krasnodar/sip-paneli-iz-ppu HTTP/1.0" 404 1269 "-" "Mozilla/5.0 (Linux; Android 5.0) AppleWebKit/537.36 (KHTML, like Gecko) Mobile Safari/537.36 (compatible; TikTokSpider; ttspider-feedback@tiktok.com)"
47.128.115.43 - - [14/Apr/2026:12:52:56 +0300] "GET /templates/shaper_helixultimate/css/template.css HTTP/1.1" 200 31637 "https://dks.riat.ru/krasnodar/sip-paneli-iz-ppu" "Mozilla/5.0 (Linux; Android 5.0) AppleWebKit/537.36 (KHTML, like Gecko) Mobile Safari/537.36 (compatible; TikTokSpider; ttspider-feedback@tiktok.com)"
47.128.115.43 - - [14/Apr/2026:12:52:56 +0300] "GET /templates/shaper_helixultimate/css/presets/preset1.css HTTP/1.1" 200 4078 "https://dks.riat.ru/krasnodar/sip-paneli-iz-ppu" "Mozilla/5.0 (Linux; Android 5.0) AppleWebKit/537.36 (KHTML, like Gecko) Mobile Safari/537.36 (compatible; TikTokSpider; ttspider-feedback@tiktok.com)"
47.128.115.43 - - [14/Apr/2026:12:53:25 +0300] "GET /templates/shaper_helixultimate/css/bootstrap.min.css HTTP/1.1" 200 81678 "https://dks.riat.ru/krasnodar/sip-paneli-iz-ppu" "Mozilla/5.0 (Linux; Android 5.0) AppleWebKit/537.36 (KHTML, like Gecko) Mobile Safari/537.36 (compatible; TikTokSpider; ttspider-feedback@tiktok.com)"
62.197.45.62 - - [14/Apr/2026:12:55:12 +0300] "GET /termopaneli/ HTTP/1.0" 200 327857 "https://dks.riat.ru/termopaneli/" "Mozilla/5.0 (Windows NT 6.3; Win64; x64) AppleWebKit/537.36 (KHTML, like Gecko) Chrome/103.0.5060.66 Safari/537.36"
110.39.169.58 - - [14/Apr/2026:12:55:33 +0300] "GET /cheboksary/termopaneli HTTP/1.0" 200 40973 "-" "Mozilla/5.0 (Macintosh; Intel Mac OS X 11_0_1) AppleWebKit/537.36 (KHTML, like Gecko) Brave Chrome/88.0.4324.96 Safari/537.36"
81.23.150.227 - - [14/Apr/2026:12:55:44 +0300] "GET /termopaneli/?utm_source=yandex&utm_medium=rsi&utm_campaign=703984543&utm_content=17342528461&utm_term=---autotargeting&yclid=2474436936021049343 HTTP/1.0" 200 42031 "https://aume.ru/" "Mozilla/5.0 (Windows NT 10.0; Win64; x64) AppleWebKit/537.36 (KHTML, like Gecko) Chrome/144.0.0.0 YaBrowser/26.3.0.0 Safari/537.36"
81.23.150.227 - - [14/Apr/2026:12:55:51 +0300] "GET /components/com_sppagebuilder/assets/css/font-awesome-5.min.css HTTP/1.1" 200 56160 "https://dks.riat.ru/termopaneli/?utm_source=yandex&utm_medium=rsi&utm_campaign=703984543&utm_content=17342528461&utm_term=---autotargeting&yclid=2474436936021049343" "Mozilla/5.0 (Windows NT 10.0; Win64; x64) AppleWebKit/537.36 (KHTML, like Gecko) Chrome/144.0.0.0 YaBrowser/26.3.0.0 Safari/537.36"
81.23.150.227 - - [14/Apr/2026:12:55:51 +0300] "GET /components/com_sppagebuilder/assets/css/font-awesome-v4-shims.css HTTP/1.1" 200 26704 "https://dks.riat.ru/termopaneli/?utm_source=yandex&utm_medium=rsi&utm_campaign=703984543&utm_content=17342528461&utm_term=---autotargeting&yclid=2474436936021049343" "Mozilla/5.0 (Windows NT 10.0; Win64; x64) AppleWebKit/537.36 (KHTML, like Gecko) Chrome/144.0.0.0 YaBrowser/26.3.0.0 Safari/537.36"
81.23.150.227 - - [14/Apr/2026:12:55:51 +0300] "GET /components/com_sppagebuilder/assets/css/animate.min.css HTTP/1.1" 200 53436 "https://dks.riat.ru/termopaneli/?utm_source=yandex&utm_medium=rsi&utm_campaign=703984543&utm_content=17342528461&utm_term=---autotargeting&yclid=2474436936021049343" "Mozilla/5.0 (Windows NT 10.0; Win64; x64) AppleWebKit/537.36 (KHTML, like Gecko) Chrome/144.0.0.0 YaBrowser/26.3.0.0 Safari/537.36"
81.23.150.227 - - [14/Apr/2026:12:55:51 +0300] "GET /components/com_sppagebuilder/assets/css/sppagecontainer.css HTTP/1.1" 200 268 "https://dks.riat.ru/termopaneli/?utm_source=yandex&utm_medium=rsi&utm_campaign=703984543&utm_content=17342528461&utm_term=---autotargeting&yclid=2474436936021049343" "Mozilla/5.0 (Windows NT 10.0; Win64; x64) AppleWebKit/537.36 (KHTML, like Gecko) Chrome/144.0.0.0 YaBrowser/26.3.0.0 Safari/537.36"
81.23.150.227 - - [14/Apr/2026:12:55:51 +0300] "GET /modules/mod_contactus/css/contactus_lightbox.css HTTP/1.1" 200 8923 "https://dks.riat.ru/termopaneli/?utm_source=yandex&utm_medium=rsi&utm_campaign=703984543&utm_content=17342528461&utm_term=---autotargeting&yclid=2474436936021049343" "Mozilla/5.0 (Windows NT 10.0; Win64; x64) AppleWebKit/537.36 (KHTML, like Gecko) Chrome/144.0.0.0 YaBrowser/26.3.0.0 Safari/537.36"
81.23.150.227 - - [14/Apr/2026:12:55:51 +0300] "GET /templates/shaper_helixultimate/css/bootstrap.min.css HTTP/1.1" 200 144877 "https://dks.riat.ru/termopaneli/?utm_source=yandex&utm_medium=rsi&utm_campaign=703984543&utm_content=17342528461&utm_term=---autotargeting&yclid=2474436936021049343" "Mozilla/5.0 (Windows NT 10.0; Win64; x64) AppleWebKit/537.36 (KHTML, like Gecko) Chrome/144.0.0.0 YaBrowser/26.3.0.0 Safari/537.36"
81.23.150.227 - - [14/Apr/2026:12:55:51 +0300] "GET /components/com_sppagebuilder/assets/css/magnific-popup.css HTTP/1.1" 200 5920 "https://dks.riat.ru/termopaneli/?utm_source=yandex&utm_medium=rsi&utm_campaign=703984543&utm_content=17342528461&utm_term=---autotargeting&yclid=2474436936021049343" "Mozilla/5.0 (Windows NT 10.0; Win64; x64) AppleWebKit/537.36 (KHTML, like Gecko) Chrome/144.0.0.0 YaBrowser/26.3.0.0 Safari/537.36"
81.23.150.227 - - [14/Apr/2026:12:55:51 +0300] "GET /components/com_jshopping/css/default.css HTTP/1.1" 200 25375 "https://dks.riat.ru/termopaneli/?utm_source=yandex&utm_medium=rsi&utm_campaign=703984543&utm_content=17342528461&utm_term=---autotargeting&yclid=2474436936021049343" "Mozilla/5.0 (Windows NT 10.0; Win64; x64) AppleWebKit/537.36 (KHTML, like Gecko) Chrome/144.0.0.0 YaBrowser/26.3.0.0 Safari/537.36"
81.23.150.227 - - [14/Apr/2026:12:55:51 +0300] "GET /media/plg_quick_view/css/quick.css HTTP/1.1" 200 9806 "https://dks.riat.ru/termopaneli/?utm_source=yandex&utm_medium=rsi&utm_campaign=703984543&utm_content=17342528461&utm_term=---autotargeting&yclid=2474436936021049343" "Mozilla/5.0 (Windows NT 10.0; Win64; x64) AppleWebKit/537.36 (KHTML, like Gecko) Chrome/144.0.0.0 YaBrowser/26.3.0.0 Safari/537.36"
81.23.150.227 - - [14/Apr/2026:12:55:51 +0300] "GET //components/com_sppagebuilder/assets/css/magnific-popup.css HTTP/1.1" 200 5920 "https://dks.riat.ru/termopaneli/?utm_source=yandex&utm_medium=rsi&utm_campaign=703984543&utm_content=17342528461&utm_term=---autotargeting&yclid=2474436936021049343" "Mozilla/5.0 (Windows NT 10.0; Win64; x64) AppleWebKit/537.36 (KHTML, like Gecko) Chrome/144.0.0.0 YaBrowser/26.3.0.0 Safari/537.36"
81.23.150.227 - - [14/Apr/2026:12:55:51 +0300] "GET /plugins/system/helixultimate/assets/css/system-j3.min.css HTTP/1.1" 200 2180 "https://dks.riat.ru/termopaneli/?utm_source=yandex&utm_medium=rsi&utm_campaign=703984543&utm_content=17342528461&utm_term=---autotargeting&yclid=2474436936021049343" "Mozilla/5.0 (Windows NT 10.0; Win64; x64) AppleWebKit/537.36 (KHTML, like Gecko) Chrome/144.0.0.0 YaBrowser/26.3.0.0 Safari/537.36"
81.23.150.227 - - [14/Apr/2026:12:55:51 +0300] "GET /templates/shaper_helixultimate/css/font-awesome.min.css HTTP/1.1" 200 31000 "https://dks.riat.ru/termopaneli/?utm_source=yandex&utm_medium=rsi&utm_campaign=703984543&utm_content=17342528461&utm_term=---autotargeting&yclid=2474436936021049343" "Mozilla/5.0 (Windows NT 10.0; Win64; x64) AppleWebKit/537.36 (KHTML, like Gecko) Chrome/144.0.0.0 YaBrowser/26.3.0.0 Safari/537.36"
81.23.150.227 - - [14/Apr/2026:12:55:51 +0300] "GET /components/com_sppagebuilder/assets/css/sppagebuilder.css HTTP/1.1" 200 181962 "https://dks.riat.ru/termopaneli/?utm_source=yandex&utm_medium=rsi&utm_campaign=703984543&utm_content=17342528461&utm_term=---autotargeting&yclid=2474436936021049343" "Mozilla/5.0 (Windows NT 10.0; Win64; x64) AppleWebKit/537.36 (KHTML, like Gecko) Chrome/144.0.0.0 YaBrowser/26.3.0.0 Safari/537.36"
81.23.150.227 - - [14/Apr/2026:12:55:51 +0300] "GET /templates/shaper_helixultimate/css/template.css HTTP/1.1" 200 31637 "https://dks.riat.ru/termopaneli/?utm_source=yandex&utm_medium=rsi&utm_campaign=703984543&utm_content=17342528461&utm_term=---autotargeting&yclid=2474436936021049343" "Mozilla/5.0 (Windows NT 10.0; Win64; x64) AppleWebKit/537.36 (KHTML, like Gecko) Chrome/144.0.0.0 YaBrowser/26.3.0.0 Safari/537.36"
81.23.150.227 - - [14/Apr/2026:12:55:51 +0300] "GET /templates/shaper_helixultimate/css/presets/default.css HTTP/1.1" 200 3364 "https://dks.riat.ru/termopaneli/?utm_source=yandex&utm_medium=rsi&utm_campaign=703984543&utm_content=17342528461&utm_term=---autotargeting&yclid=2474436936021049343" "Mozilla/5.0 (Windows NT 10.0; Win64; x64) AppleWebKit/537.36 (KHTML, like Gecko) Chrome/144.0.0.0 YaBrowser/26.3.0.0 Safari/537.36"
81.23.150.227 - - [14/Apr/2026:12:55:51 +0300] "GET /modules/mod_vertical_menu/cache/95/c6b4b71efc7b369aae9ee9e754ca2edd.css HTTP/1.1" 200 24089 "https://dks.riat.ru/termopaneli/?utm_source=yandex&utm_medium=rsi&utm_campaign=703984543&utm_content=17342528461&utm_term=---autotargeting&yclid=2474436936021049343" "Mozilla/5.0 (Windows NT 10.0; Win64; x64) AppleWebKit/537.36 (KHTML, like Gecko) Chrome/144.0.0.0 YaBrowser/26.3.0.0 Safari/537.36"
81.23.150.227 - - [14/Apr/2026:12:55:51 +0300] "GET /css/style.css HTTP/1.1" 200 204 "https://dks.riat.ru/termopaneli/?utm_source=yandex&utm_medium=rsi&utm_campaign=703984543&utm_content=17342528461&utm_term=---autotargeting&yclid=2474436936021049343" "Mozilla/5.0 (Windows NT 10.0; Win64; x64) AppleWebKit/537.36 (KHTML, like Gecko) Chrome/144.0.0.0 YaBrowser/26.3.0.0 Safari/537.36"
81.23.150.227 - - [14/Apr/2026:12:55:51 +0300] "GET /css/twentytwenty.css HTTP/1.1" 200 6537 "https://dks.riat.ru/termopaneli/?utm_source=yandex&utm_medium=rsi&utm_campaign=703984543&utm_content=17342528461&utm_term=---autotargeting&yclid=2474436936021049343" "Mozilla/5.0 (Windows NT 10.0; Win64; x64) AppleWebKit/537.36 (KHTML, like Gecko) Chrome/144.0.0.0 YaBrowser/26.3.0.0 Safari/537.36"
81.23.150.227 - - [14/Apr/2026:12:55:51 +0300] "GET /plugins/system/offlajnparams/compat/greensock.js HTTP/1.1" 200 111645 "https://dks.riat.ru/termopaneli/?utm_source=yandex&utm_medium=rsi&utm_campaign=703984543&utm_content=17342528461&utm_term=---autotargeting&yclid=2474436936021049343" "Mozilla/5.0 (Windows NT 10.0; Win64; x64) AppleWebKit/537.36 (KHTML, like Gecko) Chrome/144.0.0.0 YaBrowser/26.3.0.0 Safari/537.36"
81.23.150.227 - - [14/Apr/2026:12:55:51 +0300] "GET /media/jui/js/jquery.min.js?6260d104c5cf197fea2482e7036b2c2e HTTP/1.1" 200 97646 "https://dks.riat.ru/termopaneli/?utm_source=yandex&utm_medium=rsi&utm_campaign=703984543&utm_content=17342528461&utm_term=---autotargeting&yclid=2474436936021049343" "Mozilla/5.0 (Windows NT 10.0; Win64; x64) AppleWebKit/537.36 (KHTML, like Gecko) Chrome/144.0.0.0 YaBrowser/26.3.0.0 Safari/537.36"
81.23.150.227 - - [14/Apr/2026:12:55:51 +0300] "GET /media/jui/js/jquery-noconflict.js?6260d104c5cf197fea2482e7036b2c2e HTTP/1.1" 200 21 "https://dks.riat.ru/termopaneli/?utm_source=yandex&utm_medium=rsi&utm_campaign=703984543&utm_content=17342528461&utm_term=---autotargeting&yclid=2474436936021049343" "Mozilla/5.0 (Windows NT 10.0; Win64; x64) AppleWebKit/537.36 (KHTML, like Gecko) Chrome/144.0.0.0 YaBrowser/26.3.0.0 Safari/537.36"
81.23.150.227 - - [14/Apr/2026:12:55:51 +0300] "GET /media/jui/js/jquery-migrate.min.js?6260d104c5cf197fea2482e7036b2c2e HTTP/1.1" 200 10056 "https://dks.riat.ru/termopaneli/?utm_source=yandex&utm_medium=rsi&utm_campaign=703984543&utm_content=17342528461&utm_term=---autotargeting&yclid=2474436936021049343" "Mozilla/5.0 (Windows NT 10.0; Win64; x64) AppleWebKit/537.36 (KHTML, like Gecko) Chrome/144.0.0.0 YaBrowser/26.3.0.0 Safari/537.36"
81.23.150.227 - - [14/Apr/2026:12:55:51 +0300] "GET /components/com_sppagebuilder/assets/js/jquery.parallax.js HTTP/1.1" 200 892 "https://dks.riat.ru/termopaneli/?utm_source=yandex&utm_medium=rsi&utm_campaign=703984543&utm_content=17342528461&utm_term=---autotargeting&yclid=2474436936021049343" "Mozilla/5.0 (Windows NT 10.0; Win64; x64) AppleWebKit/537.36 (KHTML, like Gecko) Chrome/144.0.0.0 YaBrowser/26.3.0.0 Safari/537.36"
81.23.150.227 - - [14/Apr/2026:12:55:51 +0300] "GET /components/com_sppagebuilder/assets/js/sppagebuilder.js HTTP/1.1" 200 73269 "https://dks.riat.ru/termopaneli/?utm_source=yandex&utm_medium=rsi&utm_campaign=703984543&utm_content=17342528461&utm_term=---autotargeting&yclid=2474436936021049343" "Mozilla/5.0 (Windows NT 10.0; Win64; x64) AppleWebKit/537.36 (KHTML, like Gecko) Chrome/144.0.0.0 YaBrowser/26.3.0.0 Safari/537.36"
81.23.150.227 - - [14/Apr/2026:12:55:51 +0300] "GET /components/com_sppagebuilder/assets/js/jquery.magnific-popup.min.js HTTP/1.1" 200 20003 "https://dks.riat.ru/termopaneli/?utm_source=yandex&utm_medium=rsi&utm_campaign=703984543&utm_content=17342528461&utm_term=---autotargeting&yclid=2474436936021049343" "Mozilla/5.0 (Windows NT 10.0; Win64; x64) AppleWebKit/537.36 (KHTML, like Gecko) Chrome/144.0.0.0 YaBrowser/26.3.0.0 Safari/537.36"
81.23.150.227 - - [14/Apr/2026:12:55:51 +0300] "GET /media/plg_quick_view/js/jquery.livequery.min.js HTTP/1.1" 200 2300 "https://dks.riat.ru/termopaneli/?utm_source=yandex&utm_medium=rsi&utm_campaign=703984543&utm_content=17342528461&utm_term=---autotargeting&yclid=2474436936021049343" "Mozilla/5.0 (Windows NT 10.0; Win64; x64) AppleWebKit/537.36 (KHTML, like Gecko) Chrome/144.0.0.0 YaBrowser/26.3.0.0 Safari/537.36"
81.23.150.227 - - [14/Apr/2026:12:55:51 +0300] "GET //components/com_sppagebuilder/assets/js/jquery.magnific-popup.min.js HTTP/1.1" 200 20003 "https://dks.riat.ru/termopaneli/?utm_source=yandex&utm_medium=rsi&utm_campaign=703984543&utm_content=17342528461&utm_term=---autotargeting&yclid=2474436936021049343" "Mozilla/5.0 (Windows NT 10.0; Win64; x64) AppleWebKit/537.36 (KHTML, like Gecko) Chrome/144.0.0.0 YaBrowser/26.3.0.0 Safari/537.36"
81.23.150.227 - - [14/Apr/2026:12:55:51 +0300] "GET /media/plg_quick_view/js/quickLive.js HTTP/1.1" 200 17735 "https://dks.riat.ru/termopaneli/?utm_source=yandex&utm_medium=rsi&utm_campaign=703984543&utm_content=17342528461&utm_term=---autotargeting&yclid=2474436936021049343" "Mozilla/5.0 (Windows NT 10.0; Win64; x64) AppleWebKit/537.36 (KHTML, like Gecko) Chrome/144.0.0.0 YaBrowser/26.3.0.0 Safari/537.36"
81.23.150.227 - - [14/Apr/2026:12:55:51 +0300] "GET /modules/mod_contactus/js/contactus_common.js HTTP/1.1" 200 5018 "https://dks.riat.ru/termopaneli/?utm_source=yandex&utm_medium=rsi&utm_campaign=703984543&utm_content=17342528461&utm_term=---autotargeting&yclid=2474436936021049343" "Mozilla/5.0 (Windows NT 10.0; Win64; x64) AppleWebKit/537.36 (KHTML, like Gecko) Chrome/144.0.0.0 YaBrowser/26.3.0.0 Safari/537.36"
81.23.150.227 - - [14/Apr/2026:12:55:51 +0300] "GET /modules/mod_contactus/js/contactus_lightbox.js HTTP/1.1" 200 4279 "https://dks.riat.ru/termopaneli/?utm_source=yandex&utm_medium=rsi&utm_campaign=703984543&utm_content=17342528461&utm_term=---autotargeting&yclid=2474436936021049343" "Mozilla/5.0 (Windows NT 10.0; Win64; x64) AppleWebKit/537.36 (KHTML, like Gecko) Chrome/144.0.0.0 YaBrowser/26.3.0.0 Safari/537.36"
81.23.150.227 - - [14/Apr/2026:12:55:51 +0300] "GET /templates/shaper_helixultimate/js/popper.min.js HTTP/1.1" 200 19236 "https://dks.riat.ru/termopaneli/?utm_source=yandex&utm_medium=rsi&utm_campaign=703984543&utm_content=17342528461&utm_term=---autotargeting&yclid=2474436936021049343" "Mozilla/5.0 (Windows NT 10.0; Win64; x64) AppleWebKit/537.36 (KHTML, like Gecko) Chrome/144.0.0.0 YaBrowser/26.3.0.0 Safari/537.36"
81.23.150.227 - - [14/Apr/2026:12:55:51 +0300] "GET /templates/shaper_helixultimate/js/bootstrap.min.js HTTP/1.1" 200 48944 "https://dks.riat.ru/termopaneli/?utm_source=yandex&utm_medium=rsi&utm_campaign=703984543&utm_content=17342528461&utm_term=---autotargeting&yclid=2474436936021049343" "Mozilla/5.0 (Windows NT 10.0; Win64; x64) AppleWebKit/537.36 (KHTML, like Gecko) Chrome/144.0.0.0 YaBrowser/26.3.0.0 Safari/537.36"
81.23.150.227 - - [14/Apr/2026:12:55:51 +0300] "GET /templates/shaper_helixultimate/js/main.js HTTP/1.1" 200 3791 "https://dks.riat.ru/termopaneli/?utm_source=yandex&utm_medium=rsi&utm_campaign=703984543&utm_content=17342528461&utm_term=---autotargeting&yclid=2474436936021049343" "Mozilla/5.0 (Windows NT 10.0; Win64; x64) AppleWebKit/537.36 (KHTML, like Gecko) Chrome/144.0.0.0 YaBrowser/26.3.0.0 Safari/537.36"
81.23.150.227 - - [14/Apr/2026:12:55:51 +0300] "GET /modules/mod_vertical_menu/js/perfect-scrollbar.js?_=1776160550 HTTP/1.1" 200 15151 "https://dks.riat.ru/termopaneli/?utm_source=yandex&utm_medium=rsi&utm_campaign=703984543&utm_content=17342528461&utm_term=---autotargeting&yclid=2474436936021049343" "Mozilla/5.0 (Windows NT 10.0; Win64; x64) AppleWebKit/537.36 (KHTML, like Gecko) Chrome/144.0.0.0 YaBrowser/26.3.0.0 Safari/537.36"
81.23.150.227 - - [14/Apr/2026:12:55:51 +0300] "GET /modules/mod_vertical_menu/js/mod_vertical_menu.js?_=1776160550 HTTP/1.1" 200 57188 "https://dks.riat.ru/termopaneli/?utm_source=yandex&utm_medium=rsi&utm_campaign=703984543&utm_content=17342528461&utm_term=---autotargeting&yclid=2474436936021049343" "Mozilla/5.0 (Windows NT 10.0; Win64; x64) AppleWebKit/537.36 (KHTML, like Gecko) Chrome/144.0.0.0 YaBrowser/26.3.0.0 Safari/537.36"
81.23.150.227 - - [14/Apr/2026:12:55:51 +0300] "GET /media/system/js/core.js?6260d104c5cf197fea2482e7036b2c2e HTTP/1.1" 200 8808 "https://dks.riat.ru/termopaneli/?utm_source=yandex&utm_medium=rsi&utm_campaign=703984543&utm_content=17342528461&utm_term=---autotargeting&yclid=2474436936021049343" "Mozilla/5.0 (Windows NT 10.0; Win64; x64) AppleWebKit/537.36 (KHTML, like Gecko) Chrome/144.0.0.0 YaBrowser/26.3.0.0 Safari/537.36"
81.23.150.227 - - [14/Apr/2026:12:55:51 +0300] "GET /media/plg_quick_view/js/carousel.js HTTP/1.1" 200 16117 "https://dks.riat.ru/termopaneli/?utm_source=yandex&utm_medium=rsi&utm_campaign=703984543&utm_content=17342528461&utm_term=---autotargeting&yclid=2474436936021049343" "Mozilla/5.0 (Windows NT 10.0; Win64; x64) AppleWebKit/537.36 (KHTML, like Gecko) Chrome/144.0.0.0 YaBrowser/26.3.0.0 Safari/537.36"
