65.108.72.210 - - [14/Apr/2026:10:48:30 +0300] "GET /kemerovo/component/speasyimagegallery/album/p-shilna HTTP/1.0" 200 12888 "https://dks.riat.ru/kemerovo/termopaneli/foto-obektov" "Mozilla/5.0 (compatible; SEOkicks; +https://www.seokicks.de/robot.html)"
178.178.211.69 - - [14/Apr/2026:10:48:34 +0300] "GET /images/2023/03/01/nadezhnost.jpg HTTP/1.1" 200 167347 "https://dks.riat.ru/termopaneli/" "Mozilla/5.0 (Windows NT 10.0; Win64; x64) AppleWebKit/537.36 (KHTML, like Gecko) Chrome/144.0.0.0 YaBrowser/26.3.0.0 Safari/537.36"
65.108.72.210 - - [14/Apr/2026:10:48:38 +0300] "GET /kemerovo/component/speasyimagegallery/album/elabuga-2 HTTP/1.0" 200 12184 "https://dks.riat.ru/kemerovo/termopaneli/foto-obektov" "Mozilla/5.0 (compatible; SEOkicks; +https://www.seokicks.de/robot.html)"
178.178.211.69 - - [14/Apr/2026:10:48:42 +0300] "GET /images/2021/08/26/555555.jpg HTTP/1.1" 200 99200 "https://dks.riat.ru/termopaneli/" "Mozilla/5.0 (Windows NT 10.0; Win64; x64) AppleWebKit/537.36 (KHTML, like Gecko) Chrome/144.0.0.0 YaBrowser/26.3.0.0 Safari/537.36"
178.178.211.69 - - [14/Apr/2026:10:48:42 +0300] "GET /images/2021/07/26/uteplenie.jpg HTTP/1.1" 200 103744 "https://dks.riat.ru/termopaneli/" "Mozilla/5.0 (Windows NT 10.0; Win64; x64) AppleWebKit/537.36 (KHTML, like Gecko) Chrome/144.0.0.0 YaBrowser/26.3.0.0 Safari/537.36"
65.108.72.210 - - [14/Apr/2026:10:48:45 +0300] "GET /kemerovo/component/speasyimagegallery/album/elabuga-3 HTTP/1.0" 200 12261 "https://dks.riat.ru/kemerovo/termopaneli/foto-obektov" "Mozilla/5.0 (compatible; SEOkicks; +https://www.seokicks.de/robot.html)"
178.178.211.69 - - [14/Apr/2026:10:48:55 +0300] "GET /images/2021/07/23/termodom.jpg HTTP/1.1" 200 143052 "https://dks.riat.ru/termopaneli/" "Mozilla/5.0 (Windows NT 10.0; Win64; x64) AppleWebKit/537.36 (KHTML, like Gecko) Chrome/144.0.0.0 YaBrowser/26.3.0.0 Safari/537.36"
65.108.72.210 - - [14/Apr/2026:10:48:54 +0300] "GET /kemerovo/component/speasyimagegallery/album/samara HTTP/1.0" 200 12140 "https://dks.riat.ru/kemerovo/termopaneli/foto-obektov" "Mozilla/5.0 (compatible; SEOkicks; +https://www.seokicks.de/robot.html)"
65.108.72.210 - - [14/Apr/2026:10:49:05 +0300] "GET /kemerovo/component/speasyimagegallery/album/starye-erykly HTTP/1.0" 200 12204 "https://dks.riat.ru/kemerovo/termopaneli/foto-obektov" "Mozilla/5.0 (compatible; SEOkicks; +https://www.seokicks.de/robot.html)"
141.8.142.37 - - [14/Apr/2026:10:49:02 +0300] "GET /termopaneli/?utm_source=yandex&utm_medium=rsi&utm_campaign={campaign_id}&utm_content={ad_id}&utm_term={keyword} HTTP/1.0" 200 41601 "-" "Mozilla/5.0 (Macintosh; Intel Mac OS X 10_15_7) AppleWebKit/537.36 (KHTML, like Gecko) Chrome/91.0.4469.0 Safari/537.36"
178.178.211.69 - - [14/Apr/2026:10:49:17 +0300] "GET /images/2019/04/16/ico-term1.png HTTP/1.1" 200 29131 "https://dks.riat.ru/termopaneli/" "Mozilla/5.0 (Windows NT 10.0; Win64; x64) AppleWebKit/537.36 (KHTML, like Gecko) Chrome/144.0.0.0 YaBrowser/26.3.0.0 Safari/537.36"
65.108.72.210 - - [14/Apr/2026:10:49:13 +0300] "GET /kemerovo/component/speasyimagegallery/album/kazan HTTP/1.0" 200 12217 "https://dks.riat.ru/kemerovo/termopaneli/foto-obektov" "Mozilla/5.0 (compatible; SEOkicks; +https://www.seokicks.de/robot.html)"
178.178.211.69 - - [14/Apr/2026:10:49:17 +0300] "GET /images/2019/04/16/ico-term2.png HTTP/1.1" 200 29440 "https://dks.riat.ru/termopaneli/" "Mozilla/5.0 (Windows NT 10.0; Win64; x64) AppleWebKit/537.36 (KHTML, like Gecko) Chrome/144.0.0.0 YaBrowser/26.3.0.0 Safari/537.36"
178.178.211.69 - - [14/Apr/2026:10:49:17 +0300] "GET /images/2019/04/16/ico-term3.png HTTP/1.1" 200 27441 "https://dks.riat.ru/termopaneli/" "Mozilla/5.0 (Windows NT 10.0; Win64; x64) AppleWebKit/537.36 (KHTML, like Gecko) Chrome/144.0.0.0 YaBrowser/26.3.0.0 Safari/537.36"
178.178.211.69 - - [14/Apr/2026:10:49:17 +0300] "GET /images/2019/04/16/ico-scor2.png HTTP/1.1" 200 28217 "https://dks.riat.ru/termopaneli/" "Mozilla/5.0 (Windows NT 10.0; Win64; x64) AppleWebKit/537.36 (KHTML, like Gecko) Chrome/144.0.0.0 YaBrowser/26.3.0.0 Safari/537.36"
178.178.211.69 - - [14/Apr/2026:10:49:17 +0300] "GET /images/2019/04/16/ico-scor3.png HTTP/1.1" 200 27768 "https://dks.riat.ru/termopaneli/" "Mozilla/5.0 (Windows NT 10.0; Win64; x64) AppleWebKit/537.36 (KHTML, like Gecko) Chrome/144.0.0.0 YaBrowser/26.3.0.0 Safari/537.36"
178.178.211.69 - - [14/Apr/2026:10:49:17 +0300] "GET /images/2019/04/16/ico-term4.png HTTP/1.1" 200 30341 "https://dks.riat.ru/termopaneli/" "Mozilla/5.0 (Windows NT 10.0; Win64; x64) AppleWebKit/537.36 (KHTML, like Gecko) Chrome/144.0.0.0 YaBrowser/26.3.0.0 Safari/537.36"
141.8.142.42 - - [14/Apr/2026:10:49:21 +0300] "GET /media/plg_quick_view/js/carousel.js HTTP/1.1" 200 16117 "https://dks.riat.ru/termopaneli/?utm_source=yandex&utm_medium=rsi&utm_campaign={campaign_id}&utm_content={ad_id}&utm_term={keyword}" "Mozilla/5.0 (Macintosh; Intel Mac OS X 10_15_7) AppleWebKit/537.36 (KHTML, like Gecko) Chrome/91.0.4469.0 Safari/537.36"
141.8.142.42 - - [14/Apr/2026:10:49:21 +0300] "GET /modules/mod_vertical_menu/js/perfect-scrollbar.js?_=1776152953 HTTP/1.1" 200 15151 "https://dks.riat.ru/termopaneli/?utm_source=yandex&utm_medium=rsi&utm_campaign={campaign_id}&utm_content={ad_id}&utm_term={keyword}" "Mozilla/5.0 (Macintosh; Intel Mac OS X 10_15_7) AppleWebKit/537.36 (KHTML, like Gecko) Chrome/91.0.4469.0 Safari/537.36"
141.8.142.42 - - [14/Apr/2026:10:49:21 +0300] "GET /media/jui/js/jquery-noconflict.js?6260d104c5cf197fea2482e7036b2c2e HTTP/1.1" 200 21 "https://dks.riat.ru/termopaneli/?utm_source=yandex&utm_medium=rsi&utm_campaign={campaign_id}&utm_content={ad_id}&utm_term={keyword}" "Mozilla/5.0 (Macintosh; Intel Mac OS X 10_15_7) AppleWebKit/537.36 (KHTML, like Gecko) Chrome/91.0.4469.0 Safari/537.36"
141.8.142.45 - - [14/Apr/2026:10:49:21 +0300] "GET /media/plg_quick_view/js/quickLive.js HTTP/1.1" 200 17735 "https://dks.riat.ru/termopaneli/?utm_source=yandex&utm_medium=rsi&utm_campaign={campaign_id}&utm_content={ad_id}&utm_term={keyword}" "Mozilla/5.0 (Macintosh; Intel Mac OS X 10_15_7) AppleWebKit/537.36 (KHTML, like Gecko) Chrome/91.0.4469.0 Safari/537.36"
141.8.142.37 - - [14/Apr/2026:10:49:21 +0300] "GET /components/com_sppagebuilder/assets/js/jquery.magnific-popup.min.js HTTP/1.1" 200 20003 "https://dks.riat.ru/termopaneli/?utm_source=yandex&utm_medium=rsi&utm_campaign={campaign_id}&utm_content={ad_id}&utm_term={keyword}" "Mozilla/5.0 (Macintosh; Intel Mac OS X 10_15_7) AppleWebKit/537.36 (KHTML, like Gecko) Chrome/91.0.4469.0 Safari/537.36"
141.8.142.33 - - [14/Apr/2026:10:49:21 +0300] "GET /templates/shaper_helixultimate/js/main.js HTTP/1.1" 200 3791 "https://dks.riat.ru/termopaneli/?utm_source=yandex&utm_medium=rsi&utm_campaign={campaign_id}&utm_content={ad_id}&utm_term={keyword}" "Mozilla/5.0 (Macintosh; Intel Mac OS X 10_15_7) AppleWebKit/537.36 (KHTML, like Gecko) Chrome/91.0.4469.0 Safari/537.36"
141.8.142.41 - - [14/Apr/2026:10:49:21 +0300] "GET /plugins/system/offlajnparams/compat/greensock.js HTTP/1.1" 200 111645 "https://dks.riat.ru/termopaneli/?utm_source=yandex&utm_medium=rsi&utm_campaign={campaign_id}&utm_content={ad_id}&utm_term={keyword}" "Mozilla/5.0 (Macintosh; Intel Mac OS X 10_15_7) AppleWebKit/537.36 (KHTML, like Gecko) Chrome/91.0.4469.0 Safari/537.36"
141.8.142.40 - - [14/Apr/2026:10:49:21 +0300] "GET /templates/shaper_helixultimate/js/popper.min.js HTTP/1.1" 200 19236 "https://dks.riat.ru/termopaneli/?utm_source=yandex&utm_medium=rsi&utm_campaign={campaign_id}&utm_content={ad_id}&utm_term={keyword}" "Mozilla/5.0 (Macintosh; Intel Mac OS X 10_15_7) AppleWebKit/537.36 (KHTML, like Gecko) Chrome/91.0.4469.0 Safari/537.36"
141.8.142.45 - - [14/Apr/2026:10:49:21 +0300] "GET /media/jui/js/jquery.min.js?6260d104c5cf197fea2482e7036b2c2e HTTP/1.1" 200 97646 "https://dks.riat.ru/termopaneli/?utm_source=yandex&utm_medium=rsi&utm_campaign={campaign_id}&utm_content={ad_id}&utm_term={keyword}" "Mozilla/5.0 (Macintosh; Intel Mac OS X 10_15_7) AppleWebKit/537.36 (KHTML, like Gecko) Chrome/91.0.4469.0 Safari/537.36"
141.8.142.45 - - [14/Apr/2026:10:49:21 +0300] "GET /modules/mod_contactus/js/contactus_common.js HTTP/1.1" 200 5018 "https://dks.riat.ru/termopaneli/?utm_source=yandex&utm_medium=rsi&utm_campaign={campaign_id}&utm_content={ad_id}&utm_term={keyword}" "Mozilla/5.0 (Macintosh; Intel Mac OS X 10_15_7) AppleWebKit/537.36 (KHTML, like Gecko) Chrome/91.0.4469.0 Safari/537.36"
141.8.142.40 - - [14/Apr/2026:10:49:21 +0300] "GET /media/plg_quick_view/js/jquery.livequery.min.js HTTP/1.1" 200 2300 "https://dks.riat.ru/termopaneli/?utm_source=yandex&utm_medium=rsi&utm_campaign={campaign_id}&utm_content={ad_id}&utm_term={keyword}" "Mozilla/5.0 (Macintosh; Intel Mac OS X 10_15_7) AppleWebKit/537.36 (KHTML, like Gecko) Chrome/91.0.4469.0 Safari/537.36"
141.8.142.47 - - [14/Apr/2026:10:49:21 +0300] "GET /modules/mod_contactus/js/contactus_lightbox.js HTTP/1.1" 200 4279 "https://dks.riat.ru/termopaneli/?utm_source=yandex&utm_medium=rsi&utm_campaign={campaign_id}&utm_content={ad_id}&utm_term={keyword}" "Mozilla/5.0 (Macintosh; Intel Mac OS X 10_15_7) AppleWebKit/537.36 (KHTML, like Gecko) Chrome/91.0.4469.0 Safari/537.36"
141.8.142.44 - - [14/Apr/2026:10:49:21 +0300] "GET /modules/mod_vertical_menu/js/mod_vertical_menu.js?_=1776152953 HTTP/1.1" 200 57188 "https://dks.riat.ru/termopaneli/?utm_source=yandex&utm_medium=rsi&utm_campaign={campaign_id}&utm_content={ad_id}&utm_term={keyword}" "Mozilla/5.0 (Macintosh; Intel Mac OS X 10_15_7) AppleWebKit/537.36 (KHTML, like Gecko) Chrome/91.0.4469.0 Safari/537.36"
141.8.142.47 - - [14/Apr/2026:10:49:21 +0300] "GET /components/com_sppagebuilder/assets/js/jquery.parallax.js HTTP/1.1" 200 892 "https://dks.riat.ru/termopaneli/?utm_source=yandex&utm_medium=rsi&utm_campaign={campaign_id}&utm_content={ad_id}&utm_term={keyword}" "Mozilla/5.0 (Macintosh; Intel Mac OS X 10_15_7) AppleWebKit/537.36 (KHTML, like Gecko) Chrome/91.0.4469.0 Safari/537.36"
141.8.142.36 - - [14/Apr/2026:10:49:21 +0300] "GET /media/jui/js/jquery-migrate.min.js?6260d104c5cf197fea2482e7036b2c2e HTTP/1.1" 200 10056 "https://dks.riat.ru/termopaneli/?utm_source=yandex&utm_medium=rsi&utm_campaign={campaign_id}&utm_content={ad_id}&utm_term={keyword}" "Mozilla/5.0 (Macintosh; Intel Mac OS X 10_15_7) AppleWebKit/537.36 (KHTML, like Gecko) Chrome/91.0.4469.0 Safari/537.36"
141.8.142.38 - - [14/Apr/2026:10:49:21 +0300] "GET //components/com_sppagebuilder/assets/js/jquery.magnific-popup.min.js HTTP/1.1" 200 20003 "https://dks.riat.ru/termopaneli/?utm_source=yandex&utm_medium=rsi&utm_campaign={campaign_id}&utm_content={ad_id}&utm_term={keyword}" "Mozilla/5.0 (Macintosh; Intel Mac OS X 10_15_7) AppleWebKit/537.36 (KHTML, like Gecko) Chrome/91.0.4469.0 Safari/537.36"
141.8.142.38 - - [14/Apr/2026:10:49:21 +0300] "GET /templates/shaper_helixultimate/js/bootstrap.min.js HTTP/1.1" 200 48944 "https://dks.riat.ru/termopaneli/?utm_source=yandex&utm_medium=rsi&utm_campaign={campaign_id}&utm_content={ad_id}&utm_term={keyword}" "Mozilla/5.0 (Macintosh; Intel Mac OS X 10_15_7) AppleWebKit/537.36 (KHTML, like Gecko) Chrome/91.0.4469.0 Safari/537.36"
141.8.142.46 - - [14/Apr/2026:10:49:21 +0300] "GET /media/system/js/core.js?6260d104c5cf197fea2482e7036b2c2e HTTP/1.1" 200 8808 "https://dks.riat.ru/termopaneli/?utm_source=yandex&utm_medium=rsi&utm_campaign={campaign_id}&utm_content={ad_id}&utm_term={keyword}" "Mozilla/5.0 (Macintosh; Intel Mac OS X 10_15_7) AppleWebKit/537.36 (KHTML, like Gecko) Chrome/91.0.4469.0 Safari/537.36"
141.8.142.38 - - [14/Apr/2026:10:49:21 +0300] "GET /components/com_sppagebuilder/assets/js/sppagebuilder.js HTTP/1.1" 200 73269 "https://dks.riat.ru/termopaneli/?utm_source=yandex&utm_medium=rsi&utm_campaign={campaign_id}&utm_content={ad_id}&utm_term={keyword}" "Mozilla/5.0 (Macintosh; Intel Mac OS X 10_15_7) AppleWebKit/537.36 (KHTML, like Gecko) Chrome/91.0.4469.0 Safari/537.36"
65.108.72.210 - - [14/Apr/2026:10:49:21 +0300] "GET /kemerovo/component/speasyimagegallery/album/g-salavat-bashkortostan HTTP/1.0" 200 12342 "https://dks.riat.ru/kemerovo/termopaneli/foto-obektov" "Mozilla/5.0 (compatible; SEOkicks; +https://www.seokicks.de/robot.html)"
5.45.207.32 - - [14/Apr/2026:10:49:22 +0300] "GET /modules/mod_mycityselector/tmpl/webpack/mcs-modal/dist/build.js HTTP/1.1" 200 215291 "https://dks.riat.ru/termopaneli/?utm_source=yandex&utm_medium=rsi&utm_campaign={campaign_id}&utm_content={ad_id}&utm_term={keyword}" "Mozilla/5.0 (Macintosh; Intel Mac OS X 10_15_7) AppleWebKit/537.36 (KHTML, like Gecko) Chrome/91.0.4469.0 Safari/537.36"
65.108.72.210 - - [14/Apr/2026:10:49:26 +0300] "GET /kemerovo/component/speasyimagegallery/album/s-smylovka-nizhnekamskij-rajon HTTP/1.0" 200 12381 "https://dks.riat.ru/kemerovo/termopaneli/foto-obektov" "Mozilla/5.0 (compatible; SEOkicks; +https://www.seokicks.de/robot.html)"
65.108.72.210 - - [14/Apr/2026:10:49:31 +0300] "GET /kemerovo/component/search/?Itemid=126&format=opensearch HTTP/1.0" 200 876 "https://dks.riat.ru/kemerovo/o-kompanii" "Mozilla/5.0 (compatible; SEOkicks; +https://www.seokicks.de/robot.html)"
65.108.72.210 - - [14/Apr/2026:10:49:34 +0300] "GET /kemerovo/component/search/?Itemid=127&format=opensearch HTTP/1.0" 200 876 "https://dks.riat.ru/kemerovo/kontakty" "Mozilla/5.0 (compatible; SEOkicks; +https://www.seokicks.de/robot.html)"
65.108.72.210 - - [14/Apr/2026:10:49:35 +0300] "GET /kemerovo/component/search/?id=1&Itemid=101&format=opensearch HTTP/1.0" 200 885 "https://dks.riat.ru/kemerovo/" "Mozilla/5.0 (compatible; SEOkicks; +https://www.seokicks.de/robot.html)"
65.108.72.210 - - [14/Apr/2026:10:49:39 +0300] "GET /kemerovo/component/search/?Itemid=161&format=opensearch HTTP/1.0" 200 876 "https://dks.riat.ru/kemerovo/polzovatelskoe-soglashenie" "Mozilla/5.0 (compatible; SEOkicks; +https://www.seokicks.de/robot.html)"
65.108.72.210 - - [14/Apr/2026:10:49:41 +0300] "GET /kemerovo/component/search/?Itemid=162&format=opensearch HTTP/1.0" 200 876 "https://dks.riat.ru/kemerovo/politika-konfidentsialnosti" "Mozilla/5.0 (compatible; SEOkicks; +https://www.seokicks.de/robot.html)"
65.108.72.210 - - [14/Apr/2026:10:49:43 +0300] "GET /kemerovo/component/search/?Itemid=166&format=opensearch HTTP/1.0" 200 876 "https://dks.riat.ru/kemerovo/karta-sajta" "Mozilla/5.0 (compatible; SEOkicks; +https://www.seokicks.de/robot.html)"
65.108.72.210 - - [14/Apr/2026:10:49:45 +0300] "GET /kirov/component/search/?Itemid=220&format=opensearch HTTP/1.0" 200 873 "https://dks.riat.ru/kirov/termopaneli/foto-obektov" "Mozilla/5.0 (compatible; SEOkicks; +https://www.seokicks.de/robot.html)"
65.108.72.210 - - [14/Apr/2026:10:49:46 +0300] "GET /kirov/component/speasyimagegallery/album/novotroitsk HTTP/1.0" 200 12092 "https://dks.riat.ru/kirov/termopaneli/foto-obektov" "Mozilla/5.0 (compatible; SEOkicks; +https://www.seokicks.de/robot.html)"
65.108.72.210 - - [14/Apr/2026:10:49:52 +0300] "GET /kirov/component/speasyimagegallery/album/volgograd HTTP/1.0" 200 12313 "https://dks.riat.ru/kirov/termopaneli/foto-obektov" "Mozilla/5.0 (compatible; SEOkicks; +https://www.seokicks.de/robot.html)"
65.108.72.210 - - [14/Apr/2026:10:49:56 +0300] "GET /kirov/component/speasyimagegallery/album/elabuga HTTP/1.0" 200 12059 "https://dks.riat.ru/kirov/termopaneli/foto-obektov" "Mozilla/5.0 (compatible; SEOkicks; +https://www.seokicks.de/robot.html)"
65.108.72.210 - - [14/Apr/2026:10:50:05 +0300] "GET /kirov/component/speasyimagegallery/album/p-kozlovka HTTP/1.0" 200 12200 "https://dks.riat.ru/kirov/termopaneli/foto-obektov" "Mozilla/5.0 (compatible; SEOkicks; +https://www.seokicks.de/robot.html)"
65.108.72.210 - - [14/Apr/2026:10:50:13 +0300] "GET /kirov/component/speasyimagegallery/album/p-alan HTTP/1.0" 200 12171 "https://dks.riat.ru/kirov/termopaneli/foto-obektov" "Mozilla/5.0 (compatible; SEOkicks; +https://www.seokicks.de/robot.html)"
65.108.72.210 - - [14/Apr/2026:10:50:19 +0300] "GET /kirov/component/speasyimagegallery/album/p-ryabinka HTTP/1.0" 200 12208 "https://dks.riat.ru/kirov/termopaneli/foto-obektov" "Mozilla/5.0 (compatible; SEOkicks; +https://www.seokicks.de/robot.html)"
5.39.109.163 - - [14/Apr/2026:10:50:22 +0300] "GET /makhachkala/component/speasyimagegallery/album/novotroitsk HTTP/1.0" 200 12209 "-" "Mozilla/5.0 (compatible; AhrefsBot/7.0; +http://ahrefs.com/robot/)"
65.108.72.210 - - [14/Apr/2026:10:50:33 +0300] "GET /kirov/component/speasyimagegallery/album/p-taulyk HTTP/1.0" 200 12155 "https://dks.riat.ru/kirov/termopaneli/foto-obektov" "Mozilla/5.0 (compatible; SEOkicks; +https://www.seokicks.de/robot.html)"
65.108.72.210 - - [14/Apr/2026:10:50:38 +0300] "GET /kirov/component/speasyimagegallery/album/almetevsk HTTP/1.0" 200 12135 "https://dks.riat.ru/kirov/termopaneli/foto-obektov" "Mozilla/5.0 (compatible; SEOkicks; +https://www.seokicks.de/robot.html)"
65.108.72.210 - - [14/Apr/2026:10:50:45 +0300] "GET /kirov/component/speasyimagegallery/album/almetevsk-2 HTTP/1.0" 200 12174 "https://dks.riat.ru/kirov/termopaneli/foto-obektov" "Mozilla/5.0 (compatible; SEOkicks; +https://www.seokicks.de/robot.html)"
114.119.138.98 - - [14/Apr/2026:10:50:46 +0300] "GET /ufa/component/speasyimagegallery/album/novotroitsk HTTP/1.0" 200 12185 "https://dks.riat.ru/ufa/component/speasyimagegallery/album/novotroitsk" "Mozilla/5.0 (Linux; Android 7.0;) AppleWebKit/537.36 (KHTML, like Gecko) Mobile Safari/537.36 (compatible; PetalBot;+https://webmaster.petalsearch.com/site/petalbot)"
65.108.72.210 - - [14/Apr/2026:10:50:53 +0300] "GET /kirov/component/speasyimagegallery/album/g-naberezhnye-chelny HTTP/1.0" 200 12257 "https://dks.riat.ru/kirov/termopaneli/foto-obektov" "Mozilla/5.0 (compatible; SEOkicks; +https://www.seokicks.de/robot.html)"
65.108.72.210 - - [14/Apr/2026:10:51:01 +0300] "GET /kirov/component/speasyimagegallery/album/kalmiya HTTP/1.0" 200 12460 "https://dks.riat.ru/kirov/termopaneli/foto-obektov" "Mozilla/5.0 (compatible; SEOkicks; +https://www.seokicks.de/robot.html)"
65.108.72.210 - - [14/Apr/2026:10:51:11 +0300] "GET /kirov/component/speasyimagegallery/album/g-naberezhnye-chelny-2 HTTP/1.0" 200 12183 "https://dks.riat.ru/kirov/termopaneli/foto-obektov" "Mozilla/5.0 (compatible; SEOkicks; +https://www.seokicks.de/robot.html)"
65.108.72.210 - - [14/Apr/2026:10:51:14 +0300] "GET /kirov/component/speasyimagegallery/album/g-nizhnekamsk HTTP/1.0" 200 12893 "https://dks.riat.ru/kirov/termopaneli/foto-obektov" "Mozilla/5.0 (compatible; SEOkicks; +https://www.seokicks.de/robot.html)"
65.108.72.210 - - [14/Apr/2026:10:51:20 +0300] "GET /kirov/component/speasyimagegallery/album/g-orenburg HTTP/1.0" 200 12055 "https://dks.riat.ru/kirov/termopaneli/foto-obektov" "Mozilla/5.0 (compatible; SEOkicks; +https://www.seokicks.de/robot.html)"
65.108.72.210 - - [14/Apr/2026:10:51:25 +0300] "GET /kirov/component/speasyimagegallery/album/p-sosnovyj-bor HTTP/1.0" 200 12268 "https://dks.riat.ru/kirov/termopaneli/foto-obektov" "Mozilla/5.0 (compatible; SEOkicks; +https://www.seokicks.de/robot.html)"
65.108.72.210 - - [14/Apr/2026:10:51:28 +0300] "GET /kirov/component/speasyimagegallery/album/p-shilna HTTP/1.0" 200 12880 "https://dks.riat.ru/kirov/termopaneli/foto-obektov" "Mozilla/5.0 (compatible; SEOkicks; +https://www.seokicks.de/robot.html)"
65.108.72.210 - - [14/Apr/2026:10:51:32 +0300] "GET /kirov/component/speasyimagegallery/album/elabuga-2 HTTP/1.0" 200 12177 "https://dks.riat.ru/kirov/termopaneli/foto-obektov" "Mozilla/5.0 (compatible; SEOkicks; +https://www.seokicks.de/robot.html)"
65.108.72.210 - - [14/Apr/2026:10:51:37 +0300] "GET /kirov/component/speasyimagegallery/album/elabuga-3 HTTP/1.0" 200 12253 "https://dks.riat.ru/kirov/termopaneli/foto-obektov" "Mozilla/5.0 (compatible; SEOkicks; +https://www.seokicks.de/robot.html)"
65.108.72.210 - - [14/Apr/2026:10:51:41 +0300] "GET /kirov/component/speasyimagegallery/album/samara HTTP/1.0" 200 12131 "https://dks.riat.ru/kirov/termopaneli/foto-obektov" "Mozilla/5.0 (compatible; SEOkicks; +https://www.seokicks.de/robot.html)"
65.108.72.210 - - [14/Apr/2026:10:51:46 +0300] "GET /kirov/component/speasyimagegallery/album/starye-erykly HTTP/1.0" 200 12195 "https://dks.riat.ru/kirov/termopaneli/foto-obektov" "Mozilla/5.0 (compatible; SEOkicks; +https://www.seokicks.de/robot.html)"
65.108.72.210 - - [14/Apr/2026:10:51:51 +0300] "GET /kirov/component/speasyimagegallery/album/kazan HTTP/1.0" 200 12208 "https://dks.riat.ru/kirov/termopaneli/foto-obektov" "Mozilla/5.0 (compatible; SEOkicks; +https://www.seokicks.de/robot.html)"
65.108.72.210 - - [14/Apr/2026:10:51:58 +0300] "GET /kirov/component/speasyimagegallery/album/g-salavat-bashkortostan HTTP/1.0" 200 12333 "https://dks.riat.ru/kirov/termopaneli/foto-obektov" "Mozilla/5.0 (compatible; SEOkicks; +https://www.seokicks.de/robot.html)"
65.108.72.210 - - [14/Apr/2026:10:52:02 +0300] "GET /kirov/component/speasyimagegallery/album/s-smylovka-nizhnekamskij-rajon HTTP/1.0" 200 12372 "https://dks.riat.ru/kirov/termopaneli/foto-obektov" "Mozilla/5.0 (compatible; SEOkicks; +https://www.seokicks.de/robot.html)"
65.108.72.210 - - [14/Apr/2026:10:52:07 +0300] "GET /kirov/component/search/?Itemid=126&format=opensearch HTTP/1.0" 200 873 "https://dks.riat.ru/kirov/o-kompanii" "Mozilla/5.0 (compatible; SEOkicks; +https://www.seokicks.de/robot.html)"
65.108.72.210 - - [14/Apr/2026:10:52:09 +0300] "GET /kirov/component/search/?Itemid=127&format=opensearch HTTP/1.0" 200 873 "https://dks.riat.ru/kirov/kontakty" "Mozilla/5.0 (compatible; SEOkicks; +https://www.seokicks.de/robot.html)"
65.108.72.210 - - [14/Apr/2026:10:52:11 +0300] "GET /kirov/component/search/?id=1&Itemid=101&format=opensearch HTTP/1.0" 200 882 "https://dks.riat.ru/kirov/" "Mozilla/5.0 (compatible; SEOkicks; +https://www.seokicks.de/robot.html)"
65.108.72.210 - - [14/Apr/2026:10:52:13 +0300] "GET /kirov/component/search/?Itemid=161&format=opensearch HTTP/1.0" 200 873 "https://dks.riat.ru/kirov/polzovatelskoe-soglashenie" "Mozilla/5.0 (compatible; SEOkicks; +https://www.seokicks.de/robot.html)"
65.108.72.210 - - [14/Apr/2026:10:52:16 +0300] "GET /kirov/component/search/?Itemid=162&format=opensearch HTTP/1.0" 200 873 "https://dks.riat.ru/kirov/politika-konfidentsialnosti" "Mozilla/5.0 (compatible; SEOkicks; +https://www.seokicks.de/robot.html)"
65.108.72.210 - - [14/Apr/2026:10:52:18 +0300] "GET /kirov/component/search/?Itemid=166&format=opensearch HTTP/1.0" 200 873 "https://dks.riat.ru/kirov/karta-sajta" "Mozilla/5.0 (compatible; SEOkicks; +https://www.seokicks.de/robot.html)"
65.108.72.210 - - [14/Apr/2026:10:52:20 +0300] "GET /kostroma/component/search/?Itemid=220&format=opensearch HTTP/1.0" 200 876 "https://dks.riat.ru/kostroma/termopaneli/foto-obektov" "Mozilla/5.0 (compatible; SEOkicks; +https://www.seokicks.de/robot.html)"
65.108.72.210 - - [14/Apr/2026:10:52:23 +0300] "GET /kostroma/component/speasyimagegallery/album/novotroitsk HTTP/1.0" 200 12099 "https://dks.riat.ru/kostroma/termopaneli/foto-obektov" "Mozilla/5.0 (compatible; SEOkicks; +https://www.seokicks.de/robot.html)"
65.108.72.210 - - [14/Apr/2026:10:52:28 +0300] "GET /kostroma/component/speasyimagegallery/album/volgograd HTTP/1.0" 200 12323 "https://dks.riat.ru/kostroma/termopaneli/foto-obektov" "Mozilla/5.0 (compatible; SEOkicks; +https://www.seokicks.de/robot.html)"
65.108.72.210 - - [14/Apr/2026:10:52:34 +0300] "GET /kostroma/component/speasyimagegallery/album/elabuga HTTP/1.0" 200 12067 "https://dks.riat.ru/kostroma/termopaneli/foto-obektov" "Mozilla/5.0 (compatible; SEOkicks; +https://www.seokicks.de/robot.html)"
178.178.211.69 - - [14/Apr/2026:10:52:34 +0300] "GET /naberezhnye-chelny/termopaneli/foto-obektov HTTP/1.0" 200 17057 "https://dks.riat.ru/termopaneli/" "Mozilla/5.0 (Windows NT 10.0; Win64; x64) AppleWebKit/537.36 (KHTML, like Gecko) Chrome/144.0.0.0 YaBrowser/26.3.0.0 Safari/537.36"
178.178.211.69 - - [14/Apr/2026:10:52:35 +0300] "GET /naberezhnye-chelny/termopaneli/foto-obektov HTTP/1.0" 200 17057 "https://dks.riat.ru/termopaneli/" "Mozilla/5.0 (Windows NT 10.0; Win64; x64) AppleWebKit/537.36 (KHTML, like Gecko) Chrome/144.0.0.0 YaBrowser/26.3.0.0 Safari/537.36"
178.178.211.69 - - [14/Apr/2026:10:52:38 +0300] "GET /components/com_speasyimagegallery/assets/css/style-min.css HTTP/1.1" 200 19895 "https://dks.riat.ru/naberezhnye-chelny/termopaneli/foto-obektov" "Mozilla/5.0 (Windows NT 10.0; Win64; x64) AppleWebKit/537.36 (KHTML, like Gecko) Chrome/144.0.0.0 YaBrowser/26.3.0.0 Safari/537.36"
178.178.211.69 - - [14/Apr/2026:10:52:38 +0300] "GET /modules/mod_vertical_menu/js/perfect-scrollbar.js?_=1776153157 HTTP/1.1" 200 15151 "https://dks.riat.ru/naberezhnye-chelny/termopaneli/foto-obektov" "Mozilla/5.0 (Windows NT 10.0; Win64; x64) AppleWebKit/537.36 (KHTML, like Gecko) Chrome/144.0.0.0 YaBrowser/26.3.0.0 Safari/537.36"
178.178.211.69 - - [14/Apr/2026:10:52:38 +0300] "GET /images/speasyimagegallery/albums/1/thumb.jpeg HTTP/1.1" 200 31580 "https://dks.riat.ru/naberezhnye-chelny/termopaneli/foto-obektov" "Mozilla/5.0 (Windows NT 10.0; Win64; x64) AppleWebKit/537.36 (KHTML, like Gecko) Chrome/144.0.0.0 YaBrowser/26.3.0.0 Safari/537.36"
178.178.211.69 - - [14/Apr/2026:10:52:38 +0300] "GET /images/speasyimagegallery/albums/2/thumb.jpg HTTP/1.1" 200 25553 "https://dks.riat.ru/naberezhnye-chelny/termopaneli/foto-obektov" "Mozilla/5.0 (Windows NT 10.0; Win64; x64) AppleWebKit/537.36 (KHTML, like Gecko) Chrome/144.0.0.0 YaBrowser/26.3.0.0 Safari/537.36"
178.178.211.69 - - [14/Apr/2026:10:52:38 +0300] "GET /modules/mod_vertical_menu/js/mod_vertical_menu.js?_=1776153157 HTTP/1.1" 200 57188 "https://dks.riat.ru/naberezhnye-chelny/termopaneli/foto-obektov" "Mozilla/5.0 (Windows NT 10.0; Win64; x64) AppleWebKit/537.36 (KHTML, like Gecko) Chrome/144.0.0.0 YaBrowser/26.3.0.0 Safari/537.36"
178.178.211.69 - - [14/Apr/2026:10:52:38 +0300] "GET /images/speasyimagegallery/albums/3/thumb.jpg HTTP/1.1" 200 24852 "https://dks.riat.ru/naberezhnye-chelny/termopaneli/foto-obektov" "Mozilla/5.0 (Windows NT 10.0; Win64; x64) AppleWebKit/537.36 (KHTML, like Gecko) Chrome/144.0.0.0 YaBrowser/26.3.0.0 Safari/537.36"
178.178.211.69 - - [14/Apr/2026:10:52:38 +0300] "GET /images/speasyimagegallery/albums/4/thumb.jpeg HTTP/1.1" 200 23221 "https://dks.riat.ru/naberezhnye-chelny/termopaneli/foto-obektov" "Mozilla/5.0 (Windows NT 10.0; Win64; x64) AppleWebKit/537.36 (KHTML, like Gecko) Chrome/144.0.0.0 YaBrowser/26.3.0.0 Safari/537.36"
178.178.211.69 - - [14/Apr/2026:10:52:38 +0300] "GET /images/speasyimagegallery/albums/5/thumb.jpeg HTTP/1.1" 200 23667 "https://dks.riat.ru/naberezhnye-chelny/termopaneli/foto-obektov" "Mozilla/5.0 (Windows NT 10.0; Win64; x64) AppleWebKit/537.36 (KHTML, like Gecko) Chrome/144.0.0.0 YaBrowser/26.3.0.0 Safari/537.36"
178.178.211.69 - - [14/Apr/2026:10:52:38 +0300] "GET /images/speasyimagegallery/albums/6/thumb.jpg HTTP/1.1" 200 22569 "https://dks.riat.ru/naberezhnye-chelny/termopaneli/foto-obektov" "Mozilla/5.0 (Windows NT 10.0; Win64; x64) AppleWebKit/537.36 (KHTML, like Gecko) Chrome/144.0.0.0 YaBrowser/26.3.0.0 Safari/537.36"
178.178.211.69 - - [14/Apr/2026:10:52:38 +0300] "GET /images/speasyimagegallery/albums/7/thumb.jpg HTTP/1.1" 200 24389 "https://dks.riat.ru/naberezhnye-chelny/termopaneli/foto-obektov" "Mozilla/5.0 (Windows NT 10.0; Win64; x64) AppleWebKit/537.36 (KHTML, like Gecko) Chrome/144.0.0.0 YaBrowser/26.3.0.0 Safari/537.36"
178.178.211.69 - - [14/Apr/2026:10:52:38 +0300] "GET /images/speasyimagegallery/albums/8/thumb.jpg HTTP/1.1" 200 22924 "https://dks.riat.ru/naberezhnye-chelny/termopaneli/foto-obektov" "Mozilla/5.0 (Windows NT 10.0; Win64; x64) AppleWebKit/537.36 (KHTML, like Gecko) Chrome/144.0.0.0 YaBrowser/26.3.0.0 Safari/537.36"
178.178.211.69 - - [14/Apr/2026:10:52:38 +0300] "GET /images/speasyimagegallery/albums/9/thumb.jpg HTTP/1.1" 200 18589 "https://dks.riat.ru/naberezhnye-chelny/termopaneli/foto-obektov" "Mozilla/5.0 (Windows NT 10.0; Win64; x64) AppleWebKit/537.36 (KHTML, like Gecko) Chrome/144.0.0.0 YaBrowser/26.3.0.0 Safari/537.36"
178.178.211.69 - - [14/Apr/2026:10:52:38 +0300] "GET /images/speasyimagegallery/albums/10/thumb.jpg HTTP/1.1" 200 29396 "https://dks.riat.ru/naberezhnye-chelny/termopaneli/foto-obektov" "Mozilla/5.0 (Windows NT 10.0; Win64; x64) AppleWebKit/537.36 (KHTML, like Gecko) Chrome/144.0.0.0 YaBrowser/26.3.0.0 Safari/537.36"
178.178.211.69 - - [14/Apr/2026:10:52:38 +0300] "GET /images/speasyimagegallery/albums/11/thumb.jpg HTTP/1.1" 200 24948 "https://dks.riat.ru/naberezhnye-chelny/termopaneli/foto-obektov" "Mozilla/5.0 (Windows NT 10.0; Win64; x64) AppleWebKit/537.36 (KHTML, like Gecko) Chrome/144.0.0.0 YaBrowser/26.3.0.0 Safari/537.36"
178.178.211.69 - - [14/Apr/2026:10:52:38 +0300] "GET /images/speasyimagegallery/albums/12/thumb.jpg HTTP/1.1" 200 24986 "https://dks.riat.ru/naberezhnye-chelny/termopaneli/foto-obektov" "Mozilla/5.0 (Windows NT 10.0; Win64; x64) AppleWebKit/537.36 (KHTML, like Gecko) Chrome/144.0.0.0 YaBrowser/26.3.0.0 Safari/537.36"
178.178.211.69 - - [14/Apr/2026:10:52:38 +0300] "GET /images/speasyimagegallery/albums/13/thumb.jpg HTTP/1.1" 200 24821 "https://dks.riat.ru/naberezhnye-chelny/termopaneli/foto-obektov" "Mozilla/5.0 (Windows NT 10.0; Win64; x64) AppleWebKit/537.36 (KHTML, like Gecko) Chrome/144.0.0.0 YaBrowser/26.3.0.0 Safari/537.36"
178.178.211.69 - - [14/Apr/2026:10:52:39 +0300] "GET /images/speasyimagegallery/albums/14/thumb.jpg HTTP/1.1" 200 22657 "https://dks.riat.ru/naberezhnye-chelny/termopaneli/foto-obektov" "Mozilla/5.0 (Windows NT 10.0; Win64; x64) AppleWebKit/537.36 (KHTML, like Gecko) Chrome/144.0.0.0 YaBrowser/26.3.0.0 Safari/537.36"
178.178.211.69 - - [14/Apr/2026:10:52:39 +0300] "GET /images/speasyimagegallery/albums/15/thumb.jpeg HTTP/1.1" 200 20343 "https://dks.riat.ru/naberezhnye-chelny/termopaneli/foto-obektov" "Mozilla/5.0 (Windows NT 10.0; Win64; x64) AppleWebKit/537.36 (KHTML, like Gecko) Chrome/144.0.0.0 YaBrowser/26.3.0.0 Safari/537.36"
178.178.211.69 - - [14/Apr/2026:10:52:39 +0300] "GET /images/speasyimagegallery/albums/16/thumb.jpg HTTP/1.1" 200 29568 "https://dks.riat.ru/naberezhnye-chelny/termopaneli/foto-obektov" "Mozilla/5.0 (Windows NT 10.0; Win64; x64) AppleWebKit/537.36 (KHTML, like Gecko) Chrome/144.0.0.0 YaBrowser/26.3.0.0 Safari/537.36"
178.178.211.69 - - [14/Apr/2026:10:52:39 +0300] "GET /images/speasyimagegallery/albums/17/thumb.jpg HTTP/1.1" 200 29766 "https://dks.riat.ru/naberezhnye-chelny/termopaneli/foto-obektov" "Mozilla/5.0 (Windows NT 10.0; Win64; x64) AppleWebKit/537.36 (KHTML, like Gecko) Chrome/144.0.0.0 YaBrowser/26.3.0.0 Safari/537.36"
178.178.211.69 - - [14/Apr/2026:10:52:39 +0300] "GET /images/speasyimagegallery/albums/18/thumb.jpg HTTP/1.1" 200 26987 "https://dks.riat.ru/naberezhnye-chelny/termopaneli/foto-obektov" "Mozilla/5.0 (Windows NT 10.0; Win64; x64) AppleWebKit/537.36 (KHTML, like Gecko) Chrome/144.0.0.0 YaBrowser/26.3.0.0 Safari/537.36"
178.178.211.69 - - [14/Apr/2026:10:52:39 +0300] "GET /images/speasyimagegallery/albums/19/thumb.jpg HTTP/1.1" 200 21253 "https://dks.riat.ru/naberezhnye-chelny/termopaneli/foto-obektov" "Mozilla/5.0 (Windows NT 10.0; Win64; x64) AppleWebKit/537.36 (KHTML, like Gecko) Chrome/144.0.0.0 YaBrowser/26.3.0.0 Safari/537.36"
178.178.211.69 - - [14/Apr/2026:10:52:39 +0300] "GET /images/speasyimagegallery/albums/20/thumb.jpg HTTP/1.1" 200 25981 "https://dks.riat.ru/naberezhnye-chelny/termopaneli/foto-obektov" "Mozilla/5.0 (Windows NT 10.0; Win64; x64) AppleWebKit/537.36 (KHTML, like Gecko) Chrome/144.0.0.0 YaBrowser/26.3.0.0 Safari/537.36"
178.178.211.69 - - [14/Apr/2026:10:52:39 +0300] "GET /images/speasyimagegallery/albums/22/thumb.jpg HTTP/1.1" 200 27724 "https://dks.riat.ru/naberezhnye-chelny/termopaneli/foto-obektov" "Mozilla/5.0 (Windows NT 10.0; Win64; x64) AppleWebKit/537.36 (KHTML, like Gecko) Chrome/144.0.0.0 YaBrowser/26.3.0.0 Safari/537.36"
178.178.211.69 - - [14/Apr/2026:10:52:39 +0300] "GET /images/speasyimagegallery/albums/23/thumb.jpg HTTP/1.1" 200 27411 "https://dks.riat.ru/naberezhnye-chelny/termopaneli/foto-obektov" "Mozilla/5.0 (Windows NT 10.0; Win64; x64) AppleWebKit/537.36 (KHTML, like Gecko) Chrome/144.0.0.0 YaBrowser/26.3.0.0 Safari/537.36"
178.178.211.69 - - [14/Apr/2026:10:52:39 +0300] "GET /images/speasyimagegallery/albums/21/thumb.jpg HTTP/1.1" 200 34021 "https://dks.riat.ru/naberezhnye-chelny/termopaneli/foto-obektov" "Mozilla/5.0 (Windows NT 10.0; Win64; x64) AppleWebKit/537.36 (KHTML, like Gecko) Chrome/144.0.0.0 YaBrowser/26.3.0.0 Safari/537.36"
114.119.134.121 - - [14/Apr/2026:10:52:41 +0300] "GET /petrozavodsk/sip-paneli-iz-ppu HTTP/1.0" 404 1269 "https://dks.riat.ru/neftekamsk/karta-sajta" "Mozilla/5.0 (Linux; Android 7.0;) AppleWebKit/537.36 (KHTML, like Gecko) Mobile Safari/537.36 (compatible; PetalBot;+https://webmaster.petalsearch.com/site/petalbot)"
65.108.72.210 - - [14/Apr/2026:10:52:41 +0300] "GET /kostroma/component/speasyimagegallery/album/p-kozlovka HTTP/1.0" 200 12209 "https://dks.riat.ru/kostroma/termopaneli/foto-obektov" "Mozilla/5.0 (compatible; SEOkicks; +https://www.seokicks.de/robot.html)"
65.108.72.210 - - [14/Apr/2026:10:52:46 +0300] "GET /kostroma/component/speasyimagegallery/album/p-alan HTTP/1.0" 200 12179 "https://dks.riat.ru/kostroma/termopaneli/foto-obektov" "Mozilla/5.0 (compatible; SEOkicks; +https://www.seokicks.de/robot.html)"
65.108.72.210 - - [14/Apr/2026:10:52:53 +0300] "GET /kostroma/component/speasyimagegallery/album/p-ryabinka HTTP/1.0" 200 12218 "https://dks.riat.ru/kostroma/termopaneli/foto-obektov" "Mozilla/5.0 (compatible; SEOkicks; +https://www.seokicks.de/robot.html)"
65.108.72.210 - - [14/Apr/2026:10:53:00 +0300] "GET /kostroma/component/speasyimagegallery/album/p-taulyk HTTP/1.0" 200 12162 "https://dks.riat.ru/kostroma/termopaneli/foto-obektov" "Mozilla/5.0 (compatible; SEOkicks; +https://www.seokicks.de/robot.html)"
65.108.72.210 - - [14/Apr/2026:10:53:08 +0300] "GET /kostroma/component/speasyimagegallery/album/almetevsk HTTP/1.0" 200 12143 "https://dks.riat.ru/kostroma/termopaneli/foto-obektov" "Mozilla/5.0 (compatible; SEOkicks; +https://www.seokicks.de/robot.html)"
65.108.72.210 - - [14/Apr/2026:10:53:14 +0300] "GET /kostroma/component/speasyimagegallery/album/almetevsk-2 HTTP/1.0" 200 12183 "https://dks.riat.ru/kostroma/termopaneli/foto-obektov" "Mozilla/5.0 (compatible; SEOkicks; +https://www.seokicks.de/robot.html)"
95.108.213.123 - - [14/Apr/2026:10:53:15 +0300] "GET /naberezhnye-chelny/termopaneli/foto-obektov HTTP/1.0" 200 17156 "-" "Mozilla/5.0 (compatible; YandexBot/3.0; +http://yandex.com/bots) AppleWebKit/537.36 (KHTML, like Gecko) Chrome/108.0.0.0"
213.180.203.5 - - [14/Apr/2026:10:53:20 +0300] "GET /modules/mod_vertical_menu/js/perfect-scrollbar.js?_=1776153198 HTTP/1.1" 200 15151 "https://dks.riat.ru/naberezhnye-chelny/termopaneli/foto-obektov" "Mozilla/5.0 (compatible; YandexRenderResourcesBot/1.0; +http://yandex.com/bots) AppleWebKit/537.36 (KHTML, like Gecko) Chrome/108.0.0.0"
5.255.231.137 - - [14/Apr/2026:10:53:21 +0300] "GET /modules/mod_vertical_menu/js/mod_vertical_menu.js?_=1776153198 HTTP/1.1" 200 57188 "https://dks.riat.ru/naberezhnye-chelny/termopaneli/foto-obektov" "Mozilla/5.0 (compatible; YandexRenderResourcesBot/1.0; +http://yandex.com/bots) AppleWebKit/537.36 (KHTML, like Gecko) Chrome/108.0.0.0"
65.108.72.210 - - [14/Apr/2026:10:53:23 +0300] "GET /kostroma/component/speasyimagegallery/album/g-naberezhnye-chelny HTTP/1.0" 200 12265 "https://dks.riat.ru/kostroma/termopaneli/foto-obektov" "Mozilla/5.0 (compatible; SEOkicks; +https://www.seokicks.de/robot.html)"
65.108.72.210 - - [14/Apr/2026:10:53:31 +0300] "GET /kostroma/component/speasyimagegallery/album/kalmiya HTTP/1.0" 200 12467 "https://dks.riat.ru/kostroma/termopaneli/foto-obektov" "Mozilla/5.0 (compatible; SEOkicks; +https://www.seokicks.de/robot.html)"
65.108.72.210 - - [14/Apr/2026:10:53:37 +0300] "GET /kostroma/component/speasyimagegallery/album/g-naberezhnye-chelny-2 HTTP/1.0" 200 12191 "https://dks.riat.ru/kostroma/termopaneli/foto-obektov" "Mozilla/5.0 (compatible; SEOkicks; +https://www.seokicks.de/robot.html)"
178.178.211.69 - - [14/Apr/2026:10:53:43 +0300] "GET /component/speasyimagegallery/album/kazan HTTP/1.0" 200 12213 "https://dks.riat.ru/naberezhnye-chelny/termopaneli/foto-obektov" "Mozilla/5.0 (Windows NT 10.0; Win64; x64) AppleWebKit/537.36 (KHTML, like Gecko) Chrome/144.0.0.0 YaBrowser/26.3.0.0 Safari/537.36"
178.178.211.69 - - [14/Apr/2026:10:53:46 +0300] "GET /components/com_speasyimagegallery/assets/js/script-min.js HTTP/1.1" 200 4090 "https://dks.riat.ru/component/speasyimagegallery/album/kazan" "Mozilla/5.0 (Windows NT 10.0; Win64; x64) AppleWebKit/537.36 (KHTML, like Gecko) Chrome/144.0.0.0 YaBrowser/26.3.0.0 Safari/537.36"
178.178.211.69 - - [14/Apr/2026:10:53:46 +0300] "GET /components/com_speasyimagegallery/assets/js/speasygallery-main.js HTTP/1.1" 200 619 "https://dks.riat.ru/component/speasyimagegallery/album/kazan" "Mozilla/5.0 (Windows NT 10.0; Win64; x64) AppleWebKit/537.36 (KHTML, like Gecko) Chrome/144.0.0.0 YaBrowser/26.3.0.0 Safari/537.36"
178.178.211.69 - - [14/Apr/2026:10:53:46 +0300] "GET /modules/mod_vertical_menu/js/perfect-scrollbar.js?_=1776153225 HTTP/1.1" 200 15151 "https://dks.riat.ru/component/speasyimagegallery/album/kazan" "Mozilla/5.0 (Windows NT 10.0; Win64; x64) AppleWebKit/537.36 (KHTML, like Gecko) Chrome/144.0.0.0 YaBrowser/26.3.0.0 Safari/537.36"
178.178.211.69 - - [14/Apr/2026:10:53:46 +0300] "GET /modules/mod_vertical_menu/js/mod_vertical_menu.js?_=1776153225 HTTP/1.1" 200 57188 "https://dks.riat.ru/component/speasyimagegallery/album/kazan" "Mozilla/5.0 (Windows NT 10.0; Win64; x64) AppleWebKit/537.36 (KHTML, like Gecko) Chrome/144.0.0.0 YaBrowser/26.3.0.0 Safari/537.36"
178.178.211.69 - - [14/Apr/2026:10:53:46 +0300] "GET /images/speasyimagegallery/albums/21/images/whatsapp-2025-07-14-10.47.55-5e7e5308_thumb.jpg HTTP/1.1" 200 30371 "https://dks.riat.ru/component/speasyimagegallery/album/kazan" "Mozilla/5.0 (Windows NT 10.0; Win64; x64) AppleWebKit/537.36 (KHTML, like Gecko) Chrome/144.0.0.0 YaBrowser/26.3.0.0 Safari/537.36"
178.178.211.69 - - [14/Apr/2026:10:53:46 +0300] "GET /images/speasyimagegallery/albums/21/images/whatsapp-2025-07-14-10.47.55-4f360f65_thumb.jpg HTTP/1.1" 200 28899 "https://dks.riat.ru/component/speasyimagegallery/album/kazan" "Mozilla/5.0 (Windows NT 10.0; Win64; x64) AppleWebKit/537.36 (KHTML, like Gecko) Chrome/144.0.0.0 YaBrowser/26.3.0.0 Safari/537.36"
178.178.211.69 - - [14/Apr/2026:10:53:46 +0300] "GET /images/speasyimagegallery/albums/21/images/whatsapp-2025-07-14-10.47.56-256c374c_thumb.jpg HTTP/1.1" 200 32440 "https://dks.riat.ru/component/speasyimagegallery/album/kazan" "Mozilla/5.0 (Windows NT 10.0; Win64; x64) AppleWebKit/537.36 (KHTML, like Gecko) Chrome/144.0.0.0 YaBrowser/26.3.0.0 Safari/537.36"
178.178.211.69 - - [14/Apr/2026:10:53:46 +0300] "GET /images/speasyimagegallery/albums/21/images/whatsapp-2025-07-14-10.47.56-a193b950_thumb.jpg HTTP/1.1" 200 34021 "https://dks.riat.ru/component/speasyimagegallery/album/kazan" "Mozilla/5.0 (Windows NT 10.0; Win64; x64) AppleWebKit/537.36 (KHTML, like Gecko) Chrome/144.0.0.0 YaBrowser/26.3.0.0 Safari/537.36"
65.108.72.210 - - [14/Apr/2026:10:53:49 +0300] "GET /kostroma/component/speasyimagegallery/album/g-nizhnekamsk HTTP/1.0" 200 12900 "https://dks.riat.ru/kostroma/termopaneli/foto-obektov" "Mozilla/5.0 (compatible; SEOkicks; +https://www.seokicks.de/robot.html)"
178.178.211.69 - - [14/Apr/2026:10:53:52 +0300] "GET /images/speasyimagegallery/albums/21/images/whatsapp-2025-07-14-10.47.55-5e7e5308.jpg HTTP/1.1" 200 361817 "https://dks.riat.ru/component/speasyimagegallery/album/kazan" "Mozilla/5.0 (Windows NT 10.0; Win64; x64) AppleWebKit/537.36 (KHTML, like Gecko) Chrome/144.0.0.0 YaBrowser/26.3.0.0 Safari/537.36"
213.180.203.99 - - [14/Apr/2026:10:53:49 +0300] "GET /termopaneli HTTP/1.0" 200 21888 "-" "Mozilla/5.0 (compatible; YandexBot/3.0; +http://yandex.com/bots) AppleWebKit/537.36 (KHTML, like Gecko) Chrome/108.0.0.0"
65.108.72.210 - - [14/Apr/2026:10:53:55 +0300] "GET /kostroma/component/speasyimagegallery/album/g-orenburg HTTP/1.0" 200 12064 "https://dks.riat.ru/kostroma/termopaneli/foto-obektov" "Mozilla/5.0 (compatible; SEOkicks; +https://www.seokicks.de/robot.html)"
178.178.211.69 - - [14/Apr/2026:10:53:58 +0300] "GET /images/speasyimagegallery/albums/21/images/whatsapp-2025-07-14-10.47.55-4f360f65.jpg HTTP/1.1" 200 357815 "https://dks.riat.ru/component/speasyimagegallery/album/kazan" "Mozilla/5.0 (Windows NT 10.0; Win64; x64) AppleWebKit/537.36 (KHTML, like Gecko) Chrome/144.0.0.0 YaBrowser/26.3.0.0 Safari/537.36"
5.255.231.148 - - [14/Apr/2026:10:53:51 +0300] "GET /termopaneli HTTP/1.0" 200 21888 "-" "Mozilla/5.0 (compatible; YaDirectFetcher/1.0; +http://yandex.com/bots) AppleWebKit/537.36 (KHTML, like Gecko) Chrome/108.0.0.0"
5.255.231.186 - - [14/Apr/2026:10:53:54 +0300] "GET /termopaneli HTTP/1.0" 200 21888 "-" "Mozilla/5.0 (compatible; YandexBot/3.0; +http://yandex.com/bots) AppleWebKit/537.36 (KHTML, like Gecko) Chrome/108.0.0.0"
87.250.224.29 - - [14/Apr/2026:10:53:56 +0300] "GET /termopaneli HTTP/1.0" 200 21888 "-" "Mozilla/5.0 (compatible; YaDirectFetcher/1.0; +http://yandex.com/bots) AppleWebKit/537.36 (KHTML, like Gecko) Chrome/108.0.0.0"
95.108.213.197 - - [14/Apr/2026:10:53:59 +0300] "GET /termopaneli HTTP/1.0" 200 21888 "-" "Mozilla/5.0 (compatible; YandexBot/3.0; +http://yandex.com/bots) AppleWebKit/537.36 (KHTML, like Gecko) Chrome/108.0.0.0"
178.178.211.69 - - [14/Apr/2026:10:54:07 +0300] "GET /images/speasyimagegallery/albums/21/images/whatsapp-2025-07-14-10.47.56-256c374c.jpg HTTP/1.1" 200 453423 "https://dks.riat.ru/component/speasyimagegallery/album/kazan" "Mozilla/5.0 (Windows NT 10.0; Win64; x64) AppleWebKit/537.36 (KHTML, like Gecko) Chrome/144.0.0.0 YaBrowser/26.3.0.0 Safari/537.36"
95.108.213.216 - - [14/Apr/2026:10:54:01 +0300] "GET /termopaneli HTTP/1.0" 200 21888 "-" "Mozilla/5.0 (compatible; YaDirectFetcher/1.0; +http://yandex.com/bots) AppleWebKit/537.36 (KHTML, like Gecko) Chrome/108.0.0.0"
178.178.211.69 - - [14/Apr/2026:10:54:12 +0300] "GET /images/speasyimagegallery/albums/21/images/whatsapp-2025-07-14-10.47.56-a193b950.jpg HTTP/1.1" 200 454252 "https://dks.riat.ru/component/speasyimagegallery/album/kazan" "Mozilla/5.0 (Windows NT 10.0; Win64; x64) AppleWebKit/537.36 (KHTML, like Gecko) Chrome/144.0.0.0 YaBrowser/26.3.0.0 Safari/537.36"
87.250.224.226 - - [14/Apr/2026:10:54:34 +0300] "GET /component/speasyimagegallery/album/kazan HTTP/1.0" 200 12310 "-" "Mozilla/5.0 (compatible; YandexBot/3.0; +http://yandex.com/bots) AppleWebKit/537.36 (KHTML, like Gecko) Chrome/108.0.0.0"
213.180.203.148 - - [14/Apr/2026:10:54:39 +0300] "GET /component/speasyimagegallery/album/kazan HTTP/1.0" 200 12311 "-" "Mozilla/5.0 (compatible; YandexBot/3.0; +http://yandex.com/bots) AppleWebKit/537.36 (KHTML, like Gecko) Chrome/108.0.0.0"
95.108.213.80 - - [14/Apr/2026:10:54:44 +0300] "GET /modules/mod_vertical_menu/js/mod_vertical_menu.js?_=1776153280 HTTP/1.1" 200 57188 "https://dks.riat.ru/component/speasyimagegallery/album/kazan" "Mozilla/5.0 (compatible; YandexRenderResourcesBot/1.0; +http://yandex.com/bots) AppleWebKit/537.36 (KHTML, like Gecko) Chrome/108.0.0.0"
95.108.213.166 - - [14/Apr/2026:10:54:44 +0300] "GET /modules/mod_vertical_menu/js/perfect-scrollbar.js?_=1776153280 HTTP/1.1" 200 15151 "https://dks.riat.ru/component/speasyimagegallery/album/kazan" "Mozilla/5.0 (compatible; YandexRenderResourcesBot/1.0; +http://yandex.com/bots) AppleWebKit/537.36 (KHTML, like Gecko) Chrome/108.0.0.0"
5.255.231.173 - - [14/Apr/2026:10:55:46 +0300] "GET /?yclid=7710547526903176844 HTTP/1.0" 200 16326 "-" "Mozilla/5.0 (compatible; YandexMetrika/2.0; +http://yandex.com/bots yabs01)"
51.68.247.214 - - [14/Apr/2026:10:56:26 +0300] "GET /novocherkassk/karta-sajta HTTP/1.0" 200 14644 "-" "Mozilla/5.0 (compatible; AhrefsBot/7.0; +http://ahrefs.com/robot/)"
213.180.203.216 - - [14/Apr/2026:10:59:23 +0300] "GET /krasnoyarsk/component/speasyimagegallery/album/volgograd HTTP/1.0" 200 12439 "-" "Mozilla/5.0 (compatible; YandexBot/3.0; +http://yandex.com/bots) AppleWebKit/537.36 (KHTML, like Gecko) Chrome/108.0.0.0"
213.180.203.69 - - [14/Apr/2026:10:59:56 +0300] "GET /modules/mod_vertical_menu/js/perfect-scrollbar.js?_=1776153565 HTTP/1.1" 200 15151 "https://dks.riat.ru/krasnoyarsk/component/speasyimagegallery/album/volgograd" "Mozilla/5.0 (compatible; YandexRenderResourcesBot/1.0; +http://yandex.com/bots) AppleWebKit/537.36 (KHTML, like Gecko) Chrome/108.0.0.0"
5.255.231.93 - - [14/Apr/2026:10:59:57 +0300] "GET /modules/mod_vertical_menu/js/mod_vertical_menu.js?_=1776153565 HTTP/1.1" 200 57188 "https://dks.riat.ru/krasnoyarsk/component/speasyimagegallery/album/volgograd" "Mozilla/5.0 (compatible; YandexRenderResourcesBot/1.0; +http://yandex.com/bots) AppleWebKit/537.36 (KHTML, like Gecko) Chrome/108.0.0.0"
213.180.203.182 - - [14/Apr/2026:11:02:04 +0300] "GET /?yclid=7710547526903176844 HTTP/1.0" 200 16325 "-" "Mozilla/5.0 (compatible; YandexMetrika/2.0; +http://yandex.com/bots yabs01)"
220.181.108.174 - - [14/Apr/2026:11:02:41 +0300] "GET /magnitogorsk/component/speasyimagegallery/album/g-salavat-bashkortostan HTTP/1.0" 200 12447 "-" "Mozilla/5.0 (compatible; Baiduspider/2.0; +http://www.baidu.com/search/spider.html)"
94.23.188.209 - - [14/Apr/2026:11:03:52 +0300] "GET /pyatigorsk/politika-konfidentsialnosti HTTP/1.0" 200 16529 "-" "Mozilla/5.0 (compatible; AhrefsBot/7.0; +http://ahrefs.com/robot/)"
185.191.171.11 - - [14/Apr/2026:11:04:18 +0300] "GET /yaroslavl/karta-sajta HTTP/1.0" 200 14631 "-" "Mozilla/5.0 (compatible; SemrushBot/7~bl; +http://www.semrush.com/bot.html)"
114.119.145.140 - - [14/Apr/2026:11:06:07 +0300] "GET /penza/karta-sajta HTTP/1.0" 200 14638 "https://www.dks.riat.ru/penza/politika-konfidentsialnosti" "Mozilla/5.0 (Linux; Android 7.0;) AppleWebKit/537.36 (KHTML, like Gecko) Mobile Safari/537.36 (compatible; PetalBot;+https://webmaster.petalsearch.com/site/petalbot)"
220.181.108.112 - - [14/Apr/2026:11:07:25 +0300] "GET /novokujbyshevsk/component/speasyimagegallery/album/novotroitsk HTTP/1.0" 200 12224 "-" "Mozilla/5.0 (compatible; Baiduspider/2.0; +http://www.baidu.com/search/spider.html)"
94.154.35.236 - - [14/Apr/2026:11:08:52 +0300] "HEAD /backup/dks.zip HTTP/1.1" 301 0 "-" "Mozilla/5.0 (Windows NT 10.0; Win64; x64) AppleWebKit/537.36 (KHTML, like Gecko) Chrome/101.0.4951.67 Safari/537.36"
94.154.35.236 - - [14/Apr/2026:11:08:52 +0300] "HEAD /backup/dks.zip HTTP/1.0" 404 294 "-" "Mozilla/5.0 (Windows NT 10.0; Win64; x64) AppleWebKit/537.36 (KHTML, like Gecko) Chrome/101.0.4951.67 Safari/537.36"
213.180.203.198 - - [14/Apr/2026:11:09:24 +0300] "GET /?yclid=7710547526903176844 HTTP/1.0" 200 16325 "-" "Mozilla/5.0 (compatible; YandexMetrika/2.0; +http://yandex.com/bots yabs01)"
185.191.171.7 - - [14/Apr/2026:11:09:56 +0300] "GET /tver/22 HTTP/1.0" 404 1269 "-" "Mozilla/5.0 (compatible; SemrushBot/7~bl; +http://www.semrush.com/bot.html)"
114.119.141.118 - - [14/Apr/2026:11:10:23 +0300] "GET /yaroslavl/component/speasyimagegallery/album/samara HTTP/1.0" 200 12237 "https://dks.riat.ru/yaroslavl/component/speasyimagegallery/album/samara" "Mozilla/5.0 (Linux; Android 7.0;) AppleWebKit/537.36 (KHTML, like Gecko) Mobile Safari/537.36 (compatible; PetalBot;+https://webmaster.petalsearch.com/site/petalbot)"
92.222.108.98 - - [14/Apr/2026:11:10:35 +0300] "GET /chistopol/termopaneli/foto-obektov HTTP/1.0" 200 17174 "-" "Mozilla/5.0 (compatible; AhrefsBot/7.0; +http://ahrefs.com/robot/)"
37.192.228.43 - - [14/Apr/2026:11:12:00 +0300] "GET /novosibirsk/skorlupy-ppu HTTP/1.0" 200 26358 "-" "Mozilla/5.0 (Linux; Android 10; K) AppleWebKit/537.36 (KHTML, like Gecko) SamsungBrowser/29.0 Chrome/136.0.0.0 Mobile Safari/537.36"
37.192.228.43 - - [14/Apr/2026:11:12:06 +0300] "GET /components/com_sppagebuilder/assets/css/font-awesome-5.min.css HTTP/1.1" 200 56160 "https://dks.riat.ru/novosibirsk/skorlupy-ppu" "Mozilla/5.0 (Linux; Android 10; K) AppleWebKit/537.36 (KHTML, like Gecko) SamsungBrowser/29.0 Chrome/136.0.0.0 Mobile Safari/537.36"
37.192.228.43 - - [14/Apr/2026:11:12:06 +0300] "GET /components/com_sppagebuilder/assets/css/font-awesome-v4-shims.css HTTP/1.1" 200 26704 "https://dks.riat.ru/novosibirsk/skorlupy-ppu" "Mozilla/5.0 (Linux; Android 10; K) AppleWebKit/537.36 (KHTML, like Gecko) SamsungBrowser/29.0 Chrome/136.0.0.0 Mobile Safari/537.36"
37.192.228.43 - - [14/Apr/2026:11:12:07 +0300] "GET /components/com_sppagebuilder/assets/css/animate.min.css HTTP/1.1" 200 53436 "https://dks.riat.ru/novosibirsk/skorlupy-ppu" "Mozilla/5.0 (Linux; Android 10; K) AppleWebKit/537.36 (KHTML, like Gecko) SamsungBrowser/29.0 Chrome/136.0.0.0 Mobile Safari/537.36"
37.192.228.43 - - [14/Apr/2026:11:12:07 +0300] "GET /components/com_sppagebuilder/assets/css/sppagecontainer.css HTTP/1.1" 200 268 "https://dks.riat.ru/novosibirsk/skorlupy-ppu" "Mozilla/5.0 (Linux; Android 10; K) AppleWebKit/537.36 (KHTML, like Gecko) SamsungBrowser/29.0 Chrome/136.0.0.0 Mobile Safari/537.36"
37.192.228.43 - - [14/Apr/2026:11:12:07 +0300] "GET /modules/mod_sp_smart_slider/tmpl/glamour/css/glamour.slider.css HTTP/1.1" 200 12550 "https://dks.riat.ru/novosibirsk/skorlupy-ppu" "Mozilla/5.0 (Linux; Android 10; K) AppleWebKit/537.36 (KHTML, like Gecko) SamsungBrowser/29.0 Chrome/136.0.0.0 Mobile Safari/537.36"
37.192.228.43 - - [14/Apr/2026:11:12:07 +0300] "GET /components/com_sppagebuilder/assets/css/magnific-popup.css HTTP/1.1" 200 5920 "https://dks.riat.ru/novosibirsk/skorlupy-ppu" "Mozilla/5.0 (Linux; Android 10; K) AppleWebKit/537.36 (KHTML, like Gecko) SamsungBrowser/29.0 Chrome/136.0.0.0 Mobile Safari/537.36"
37.192.228.43 - - [14/Apr/2026:11:12:07 +0300] "GET /modules/mod_contactus/css/contactus_lightbox.css HTTP/1.1" 200 8923 "https://dks.riat.ru/novosibirsk/skorlupy-ppu" "Mozilla/5.0 (Linux; Android 10; K) AppleWebKit/537.36 (KHTML, like Gecko) SamsungBrowser/29.0 Chrome/136.0.0.0 Mobile Safari/537.36"
