95.183.21.128 - - [14/Apr/2026:09:14:44 +0300] "GET /components/com_jshopping/files/img_products/thumb_533_4.jpg HTTP/1.1" 200 23877 "https://dks.riat.ru/termopaneli/?utm_source=yandex&utm_medium=rsi&utm_campaign=703984543&utm_content=17342528461&utm_term=---autotargeting&yclid=15572842464496058367" "Mozilla/5.0 (Windows NT 10.0; Win64; x64) AppleWebKit/537.36 (KHTML, like Gecko) Chrome/128.0.0.0 YaBrowser/24.10.0.0 Safari/537.36"
95.183.21.128 - - [14/Apr/2026:09:14:44 +0300] "GET /images/2026/tp-do1.jpg HTTP/1.1" 200 223496 "https://dks.riat.ru/termopaneli/?utm_source=yandex&utm_medium=rsi&utm_campaign=703984543&utm_content=17342528461&utm_term=---autotargeting&yclid=15572842464496058367" "Mozilla/5.0 (Windows NT 10.0; Win64; x64) AppleWebKit/537.36 (KHTML, like Gecko) Chrome/128.0.0.0 YaBrowser/24.10.0.0 Safari/537.36"
95.183.21.128 - - [14/Apr/2026:09:14:44 +0300] "GET /images/2026/tp-posle1.jpg HTTP/1.1" 200 250725 "https://dks.riat.ru/termopaneli/?utm_source=yandex&utm_medium=rsi&utm_campaign=703984543&utm_content=17342528461&utm_term=---autotargeting&yclid=15572842464496058367" "Mozilla/5.0 (Windows NT 10.0; Win64; x64) AppleWebKit/537.36 (KHTML, like Gecko) Chrome/128.0.0.0 YaBrowser/24.10.0.0 Safari/537.36"
95.183.21.128 - - [14/Apr/2026:09:14:44 +0300] "GET /images/2026/tp-do2.jpg HTTP/1.1" 200 192602 "https://dks.riat.ru/termopaneli/?utm_source=yandex&utm_medium=rsi&utm_campaign=703984543&utm_content=17342528461&utm_term=---autotargeting&yclid=15572842464496058367" "Mozilla/5.0 (Windows NT 10.0; Win64; x64) AppleWebKit/537.36 (KHTML, like Gecko) Chrome/128.0.0.0 YaBrowser/24.10.0.0 Safari/537.36"
95.183.21.128 - - [14/Apr/2026:09:14:44 +0300] "GET /images/2026/tp-posle2.jpg HTTP/1.1" 200 226140 "https://dks.riat.ru/termopaneli/?utm_source=yandex&utm_medium=rsi&utm_campaign=703984543&utm_content=17342528461&utm_term=---autotargeting&yclid=15572842464496058367" "Mozilla/5.0 (Windows NT 10.0; Win64; x64) AppleWebKit/537.36 (KHTML, like Gecko) Chrome/128.0.0.0 YaBrowser/24.10.0.0 Safari/537.36"
95.183.21.128 - - [14/Apr/2026:09:14:44 +0300] "GET /images/2021/07/21/paneli2.jpg HTTP/1.1" 200 168236 "https://dks.riat.ru/termopaneli/?utm_source=yandex&utm_medium=rsi&utm_campaign=703984543&utm_content=17342528461&utm_term=---autotargeting&yclid=15572842464496058367" "Mozilla/5.0 (Windows NT 10.0; Win64; x64) AppleWebKit/537.36 (KHTML, like Gecko) Chrome/128.0.0.0 YaBrowser/24.10.0.0 Safari/537.36"
95.183.21.128 - - [14/Apr/2026:09:14:44 +0300] "GET /images/2021/05/31/tp-fon.jpg HTTP/1.1" 200 161019 "https://dks.riat.ru/termopaneli/?utm_source=yandex&utm_medium=rsi&utm_campaign=703984543&utm_content=17342528461&utm_term=---autotargeting&yclid=15572842464496058367" "Mozilla/5.0 (Windows NT 10.0; Win64; x64) AppleWebKit/537.36 (KHTML, like Gecko) Chrome/128.0.0.0 YaBrowser/24.10.0.0 Safari/537.36"
95.183.21.128 - - [14/Apr/2026:09:14:44 +0300] "GET /images/2019/02/28/riat-fon.jpg HTTP/1.1" 200 64886 "https://dks.riat.ru/termopaneli/?utm_source=yandex&utm_medium=rsi&utm_campaign=703984543&utm_content=17342528461&utm_term=---autotargeting&yclid=15572842464496058367" "Mozilla/5.0 (Windows NT 10.0; Win64; x64) AppleWebKit/537.36 (KHTML, like Gecko) Chrome/128.0.0.0 YaBrowser/24.10.0.0 Safari/537.36"
95.183.21.128 - - [14/Apr/2026:09:14:44 +0300] "GET /images/2019/03/01/form-fon.jpg HTTP/1.1" 200 34838 "https://dks.riat.ru/termopaneli/?utm_source=yandex&utm_medium=rsi&utm_campaign=703984543&utm_content=17342528461&utm_term=---autotargeting&yclid=15572842464496058367" "Mozilla/5.0 (Windows NT 10.0; Win64; x64) AppleWebKit/537.36 (KHTML, like Gecko) Chrome/128.0.0.0 YaBrowser/24.10.0.0 Safari/537.36"
95.183.21.128 - - [14/Apr/2026:09:14:44 +0300] "GET /images/2019/01/28/tab-fon.jpg HTTP/1.1" 200 282232 "https://dks.riat.ru/termopaneli/?utm_source=yandex&utm_medium=rsi&utm_campaign=703984543&utm_content=17342528461&utm_term=---autotargeting&yclid=15572842464496058367" "Mozilla/5.0 (Windows NT 10.0; Win64; x64) AppleWebKit/537.36 (KHTML, like Gecko) Chrome/128.0.0.0 YaBrowser/24.10.0.0 Safari/537.36"
95.183.21.128 - - [14/Apr/2026:09:14:44 +0300] "GET /images/logo-bottom.png HTTP/1.1" 200 11304 "https://dks.riat.ru/termopaneli/?utm_source=yandex&utm_medium=rsi&utm_campaign=703984543&utm_content=17342528461&utm_term=---autotargeting&yclid=15572842464496058367" "Mozilla/5.0 (Windows NT 10.0; Win64; x64) AppleWebKit/537.36 (KHTML, like Gecko) Chrome/128.0.0.0 YaBrowser/24.10.0.0 Safari/537.36"
95.183.21.128 - - [14/Apr/2026:09:14:45 +0300] "GET /modules/mod_mycityselector/tmpl/webpack/mcs-modal/dist/build.js HTTP/1.1" 200 215291 "https://dks.riat.ru/termopaneli/?utm_source=yandex&utm_medium=rsi&utm_campaign=703984543&utm_content=17342528461&utm_term=---autotargeting&yclid=15572842464496058367" "Mozilla/5.0 (Windows NT 10.0; Win64; x64) AppleWebKit/537.36 (KHTML, like Gecko) Chrome/128.0.0.0 YaBrowser/24.10.0.0 Safari/537.36"
95.183.21.128 - - [14/Apr/2026:09:14:45 +0300] "GET /images/2021/termopaneli/n-kam/0d1d782a-e0a9-4318-9c70-c2d965e17e8f.jpg HTTP/1.1" 200 169962 "https://dks.riat.ru/termopaneli/?utm_source=yandex&utm_medium=rsi&utm_campaign=703984543&utm_content=17342528461&utm_term=---autotargeting&yclid=15572842464496058367" "Mozilla/5.0 (Windows NT 10.0; Win64; x64) AppleWebKit/537.36 (KHTML, like Gecko) Chrome/128.0.0.0 YaBrowser/24.10.0.0 Safari/537.36"
95.183.21.128 - - [14/Apr/2026:09:14:45 +0300] "GET /videoplayback.mp4 HTTP/1.0" 206 4208020 "https://dks.riat.ru/termopaneli/?utm_source=yandex&utm_medium=rsi&utm_campaign=703984543&utm_content=17342528461&utm_term=---autotargeting&yclid=15572842464496058367" "Mozilla/5.0 (Windows NT 10.0; Win64; x64) AppleWebKit/537.36 (KHTML, like Gecko) Chrome/128.0.0.0 YaBrowser/24.10.0.0 Safari/537.36"
95.183.21.128 - - [14/Apr/2026:09:14:45 +0300] "GET /videoplayback2.mp4 HTTP/1.0" 206 17602503 "https://dks.riat.ru/termopaneli/?utm_source=yandex&utm_medium=rsi&utm_campaign=703984543&utm_content=17342528461&utm_term=---autotargeting&yclid=15572842464496058367" "Mozilla/5.0 (Windows NT 10.0; Win64; x64) AppleWebKit/537.36 (KHTML, like Gecko) Chrome/128.0.0.0 YaBrowser/24.10.0.0 Safari/537.36"
65.108.72.210 - - [14/Apr/2026:09:14:47 +0300] "GET /izhevsk/component/speasyimagegallery/album/p-shilna HTTP/1.0" 200 12890 "https://dks.riat.ru/izhevsk/termopaneli/foto-obektov" "Mozilla/5.0 (compatible; SEOkicks; +https://www.seokicks.de/robot.html)"
95.183.21.128 - - [14/Apr/2026:09:14:53 +0300] "GET /images/logo-riat.png HTTP/1.1" 200 6322 "https://dks.riat.ru/termopaneli/?utm_source=yandex&utm_medium=rsi&utm_campaign=703984543&utm_content=17342528461&utm_term=---autotargeting&yclid=15572842464496058367" "Mozilla/5.0 (Windows NT 10.0; Win64; x64) AppleWebKit/537.36 (KHTML, like Gecko) Chrome/128.0.0.0 YaBrowser/24.10.0.0 Safari/537.36"
65.108.72.210 - - [14/Apr/2026:09:14:54 +0300] "GET /izhevsk/component/speasyimagegallery/album/elabuga-2 HTTP/1.0" 200 12186 "https://dks.riat.ru/izhevsk/termopaneli/foto-obektov" "Mozilla/5.0 (compatible; SEOkicks; +https://www.seokicks.de/robot.html)"
65.108.72.210 - - [14/Apr/2026:09:15:00 +0300] "GET /izhevsk/component/speasyimagegallery/album/elabuga-3 HTTP/1.0" 200 12262 "https://dks.riat.ru/izhevsk/termopaneli/foto-obektov" "Mozilla/5.0 (compatible; SEOkicks; +https://www.seokicks.de/robot.html)"
5.255.231.173 - - [14/Apr/2026:09:15:09 +0300] "GET /?yclid=7710547526903176844 HTTP/1.0" 200 16326 "-" "Mozilla/5.0 (compatible; YandexMetrika/2.0; +http://yandex.com/bots yabs01)"
65.108.72.210 - - [14/Apr/2026:09:15:12 +0300] "GET /izhevsk/component/speasyimagegallery/album/samara HTTP/1.0" 200 12140 "https://dks.riat.ru/izhevsk/termopaneli/foto-obektov" "Mozilla/5.0 (compatible; SEOkicks; +https://www.seokicks.de/robot.html)"
95.183.21.128 - - [14/Apr/2026:09:15:16 +0300] "GET /images/2019/04/16/ico-term1.png HTTP/1.1" 200 29131 "https://dks.riat.ru/termopaneli/?utm_source=yandex&utm_medium=rsi&utm_campaign=703984543&utm_content=17342528461&utm_term=---autotargeting&yclid=15572842464496058367" "Mozilla/5.0 (Windows NT 10.0; Win64; x64) AppleWebKit/537.36 (KHTML, like Gecko) Chrome/128.0.0.0 YaBrowser/24.10.0.0 Safari/537.36"
95.183.21.128 - - [14/Apr/2026:09:15:16 +0300] "GET /images/2019/04/16/ico-term2.png HTTP/1.1" 200 29440 "https://dks.riat.ru/termopaneli/?utm_source=yandex&utm_medium=rsi&utm_campaign=703984543&utm_content=17342528461&utm_term=---autotargeting&yclid=15572842464496058367" "Mozilla/5.0 (Windows NT 10.0; Win64; x64) AppleWebKit/537.36 (KHTML, like Gecko) Chrome/128.0.0.0 YaBrowser/24.10.0.0 Safari/537.36"
95.183.21.128 - - [14/Apr/2026:09:15:16 +0300] "GET /images/2019/04/16/ico-term3.png HTTP/1.1" 200 27441 "https://dks.riat.ru/termopaneli/?utm_source=yandex&utm_medium=rsi&utm_campaign=703984543&utm_content=17342528461&utm_term=---autotargeting&yclid=15572842464496058367" "Mozilla/5.0 (Windows NT 10.0; Win64; x64) AppleWebKit/537.36 (KHTML, like Gecko) Chrome/128.0.0.0 YaBrowser/24.10.0.0 Safari/537.36"
95.183.21.128 - - [14/Apr/2026:09:15:16 +0300] "GET /images/2019/04/16/ico-scor2.png HTTP/1.1" 200 28217 "https://dks.riat.ru/termopaneli/?utm_source=yandex&utm_medium=rsi&utm_campaign=703984543&utm_content=17342528461&utm_term=---autotargeting&yclid=15572842464496058367" "Mozilla/5.0 (Windows NT 10.0; Win64; x64) AppleWebKit/537.36 (KHTML, like Gecko) Chrome/128.0.0.0 YaBrowser/24.10.0.0 Safari/537.36"
95.183.21.128 - - [14/Apr/2026:09:15:16 +0300] "GET /images/2019/04/16/ico-scor3.png HTTP/1.1" 200 27768 "https://dks.riat.ru/termopaneli/?utm_source=yandex&utm_medium=rsi&utm_campaign=703984543&utm_content=17342528461&utm_term=---autotargeting&yclid=15572842464496058367" "Mozilla/5.0 (Windows NT 10.0; Win64; x64) AppleWebKit/537.36 (KHTML, like Gecko) Chrome/128.0.0.0 YaBrowser/24.10.0.0 Safari/537.36"
95.183.21.128 - - [14/Apr/2026:09:15:16 +0300] "GET /images/2019/04/16/ico-term4.png HTTP/1.1" 200 30341 "https://dks.riat.ru/termopaneli/?utm_source=yandex&utm_medium=rsi&utm_campaign=703984543&utm_content=17342528461&utm_term=---autotargeting&yclid=15572842464496058367" "Mozilla/5.0 (Windows NT 10.0; Win64; x64) AppleWebKit/537.36 (KHTML, like Gecko) Chrome/128.0.0.0 YaBrowser/24.10.0.0 Safari/537.36"
95.183.21.128 - - [14/Apr/2026:09:15:19 +0300] "GET /images/2021/07/23/termodom.jpg HTTP/1.1" 200 143052 "https://dks.riat.ru/termopaneli/?utm_source=yandex&utm_medium=rsi&utm_campaign=703984543&utm_content=17342528461&utm_term=---autotargeting&yclid=15572842464496058367" "Mozilla/5.0 (Windows NT 10.0; Win64; x64) AppleWebKit/537.36 (KHTML, like Gecko) Chrome/128.0.0.0 YaBrowser/24.10.0.0 Safari/537.36"
65.108.72.210 - - [14/Apr/2026:09:15:18 +0300] "GET /izhevsk/component/speasyimagegallery/album/starye-erykly HTTP/1.0" 200 12204 "https://dks.riat.ru/izhevsk/termopaneli/foto-obektov" "Mozilla/5.0 (compatible; SEOkicks; +https://www.seokicks.de/robot.html)"
95.183.21.128 - - [14/Apr/2026:09:15:21 +0300] "GET /images/2021/07/26/uteplenie.jpg HTTP/1.1" 200 103744 "https://dks.riat.ru/termopaneli/?utm_source=yandex&utm_medium=rsi&utm_campaign=703984543&utm_content=17342528461&utm_term=---autotargeting&yclid=15572842464496058367" "Mozilla/5.0 (Windows NT 10.0; Win64; x64) AppleWebKit/537.36 (KHTML, like Gecko) Chrome/128.0.0.0 YaBrowser/24.10.0.0 Safari/537.36"
85.208.96.193 - - [14/Apr/2026:09:15:21 +0300] "GET /robots.txt HTTP/1.0" 200 693 "-" "Mozilla/5.0 (compatible; SemrushBot/7~bl; +http://www.semrush.com/bot.html)"
95.183.21.128 - - [14/Apr/2026:09:15:21 +0300] "GET /images/2021/08/26/555555.jpg HTTP/1.1" 200 99200 "https://dks.riat.ru/termopaneli/?utm_source=yandex&utm_medium=rsi&utm_campaign=703984543&utm_content=17342528461&utm_term=---autotargeting&yclid=15572842464496058367" "Mozilla/5.0 (Windows NT 10.0; Win64; x64) AppleWebKit/537.36 (KHTML, like Gecko) Chrome/128.0.0.0 YaBrowser/24.10.0.0 Safari/537.36"
185.191.171.1 - - [14/Apr/2026:09:15:22 +0300] "GET /component/speasyimagegallery/album/g-naberezhnye-chelny HTTP/1.0" 200 12348 "-" "Mozilla/5.0 (compatible; SemrushBot/7~bl; +http://www.semrush.com/bot.html)"
65.108.72.210 - - [14/Apr/2026:09:15:25 +0300] "GET /izhevsk/component/speasyimagegallery/album/kazan HTTP/1.0" 200 12217 "https://dks.riat.ru/izhevsk/termopaneli/foto-obektov" "Mozilla/5.0 (compatible; SEOkicks; +https://www.seokicks.de/robot.html)"
85.208.96.207 - - [14/Apr/2026:09:15:30 +0300] "GET /sitemap.xml HTTP/1.0" 200 625 "-" "Mozilla/5.0 (compatible; SemrushBot/7~bl; +http://www.semrush.com/bot.html)"
65.108.72.210 - - [14/Apr/2026:09:15:42 +0300] "GET /izhevsk/component/speasyimagegallery/album/g-salavat-bashkortostan HTTP/1.0" 200 12342 "https://dks.riat.ru/izhevsk/termopaneli/foto-obektov" "Mozilla/5.0 (compatible; SEOkicks; +https://www.seokicks.de/robot.html)"
65.108.72.210 - - [14/Apr/2026:09:15:49 +0300] "GET /izhevsk/component/speasyimagegallery/album/s-smylovka-nizhnekamskij-rajon HTTP/1.0" 200 12381 "https://dks.riat.ru/izhevsk/termopaneli/foto-obektov" "Mozilla/5.0 (compatible; SEOkicks; +https://www.seokicks.de/robot.html)"
65.108.72.210 - - [14/Apr/2026:09:15:56 +0300] "GET /izhevsk/component/search/?Itemid=126&format=opensearch HTTP/1.0" 200 875 "https://dks.riat.ru/izhevsk/o-kompanii" "Mozilla/5.0 (compatible; SEOkicks; +https://www.seokicks.de/robot.html)"
95.183.21.128 - - [14/Apr/2026:09:16:02 +0300] "GET /images/2023/03/01/nadezhnost.jpg HTTP/1.1" 200 167347 "https://dks.riat.ru/termopaneli/?utm_source=yandex&utm_medium=rsi&utm_campaign=703984543&utm_content=17342528461&utm_term=---autotargeting&yclid=15572842464496058367" "Mozilla/5.0 (Windows NT 10.0; Win64; x64) AppleWebKit/537.36 (KHTML, like Gecko) Chrome/128.0.0.0 YaBrowser/24.10.0.0 Safari/537.36"
65.108.72.210 - - [14/Apr/2026:09:16:01 +0300] "GET /izhevsk/component/search/?Itemid=127&format=opensearch HTTP/1.0" 200 875 "https://dks.riat.ru/izhevsk/kontakty" "Mozilla/5.0 (compatible; SEOkicks; +https://www.seokicks.de/robot.html)"
95.183.21.128 - - [14/Apr/2026:09:16:05 +0300] "GET /images/2021/07/21/riat.jpg HTTP/1.1" 200 146508 "https://dks.riat.ru/termopaneli/?utm_source=yandex&utm_medium=rsi&utm_campaign=703984543&utm_content=17342528461&utm_term=---autotargeting&yclid=15572842464496058367" "Mozilla/5.0 (Windows NT 10.0; Win64; x64) AppleWebKit/537.36 (KHTML, like Gecko) Chrome/128.0.0.0 YaBrowser/24.10.0.0 Safari/537.36"
65.108.72.210 - - [14/Apr/2026:09:16:05 +0300] "GET /izhevsk/component/search/?id=1&Itemid=101&format=opensearch HTTP/1.0" 200 884 "https://dks.riat.ru/izhevsk/" "Mozilla/5.0 (compatible; SEOkicks; +https://www.seokicks.de/robot.html)"
65.108.72.210 - - [14/Apr/2026:09:16:09 +0300] "GET /izhevsk/component/search/?Itemid=161&format=opensearch HTTP/1.0" 200 875 "https://dks.riat.ru/izhevsk/polzovatelskoe-soglashenie" "Mozilla/5.0 (compatible; SEOkicks; +https://www.seokicks.de/robot.html)"
65.108.72.210 - - [14/Apr/2026:09:16:12 +0300] "GET /izhevsk/component/search/?Itemid=162&format=opensearch HTTP/1.0" 200 875 "https://dks.riat.ru/izhevsk/politika-konfidentsialnosti" "Mozilla/5.0 (compatible; SEOkicks; +https://www.seokicks.de/robot.html)"
65.108.72.210 - - [14/Apr/2026:09:16:17 +0300] "GET /izhevsk/component/search/?Itemid=166&format=opensearch HTTP/1.0" 200 875 "https://dks.riat.ru/izhevsk/karta-sajta" "Mozilla/5.0 (compatible; SEOkicks; +https://www.seokicks.de/robot.html)"
65.108.72.210 - - [14/Apr/2026:09:16:21 +0300] "GET /joshkar-ola/component/search/?Itemid=220&format=opensearch HTTP/1.0" 200 879 "https://dks.riat.ru/joshkar-ola/termopaneli/foto-obektov" "Mozilla/5.0 (compatible; SEOkicks; +https://www.seokicks.de/robot.html)"
65.108.72.210 - - [14/Apr/2026:09:16:26 +0300] "GET /joshkar-ola/component/speasyimagegallery/album/novotroitsk HTTP/1.0" 200 12110 "https://dks.riat.ru/joshkar-ola/termopaneli/foto-obektov" "Mozilla/5.0 (compatible; SEOkicks; +https://www.seokicks.de/robot.html)"
95.183.21.128 - - [14/Apr/2026:09:16:30 +0300] "GET /images/2019/02/28/galka.png HTTP/1.1" 200 1360 "https://dks.riat.ru/termopaneli/?utm_source=yandex&utm_medium=rsi&utm_campaign=703984543&utm_content=17342528461&utm_term=---autotargeting&yclid=15572842464496058367" "Mozilla/5.0 (Windows NT 10.0; Win64; x64) AppleWebKit/537.36 (KHTML, like Gecko) Chrome/128.0.0.0 YaBrowser/24.10.0.0 Safari/537.36"
95.183.21.128 - - [14/Apr/2026:09:16:30 +0300] "GET /images/2019/02/28/sertif-1.jpg HTTP/1.1" 200 145077 "https://dks.riat.ru/termopaneli/?utm_source=yandex&utm_medium=rsi&utm_campaign=703984543&utm_content=17342528461&utm_term=---autotargeting&yclid=15572842464496058367" "Mozilla/5.0 (Windows NT 10.0; Win64; x64) AppleWebKit/537.36 (KHTML, like Gecko) Chrome/128.0.0.0 YaBrowser/24.10.0.0 Safari/537.36"
95.183.21.128 - - [14/Apr/2026:09:16:30 +0300] "GET /images/2019/02/28/sertif-3-1.jpg HTTP/1.1" 200 57423 "https://dks.riat.ru/termopaneli/?utm_source=yandex&utm_medium=rsi&utm_campaign=703984543&utm_content=17342528461&utm_term=---autotargeting&yclid=15572842464496058367" "Mozilla/5.0 (Windows NT 10.0; Win64; x64) AppleWebKit/537.36 (KHTML, like Gecko) Chrome/128.0.0.0 YaBrowser/24.10.0.0 Safari/537.36"
95.183.21.128 - - [14/Apr/2026:09:16:30 +0300] "GET /images/2019/02/28/sertif-2.jpg HTTP/1.1" 200 108420 "https://dks.riat.ru/termopaneli/?utm_source=yandex&utm_medium=rsi&utm_campaign=703984543&utm_content=17342528461&utm_term=---autotargeting&yclid=15572842464496058367" "Mozilla/5.0 (Windows NT 10.0; Win64; x64) AppleWebKit/537.36 (KHTML, like Gecko) Chrome/128.0.0.0 YaBrowser/24.10.0.0 Safari/537.36"
65.108.72.210 - - [14/Apr/2026:09:16:32 +0300] "GET /joshkar-ola/component/speasyimagegallery/album/volgograd HTTP/1.0" 200 12333 "https://dks.riat.ru/joshkar-ola/termopaneli/foto-obektov" "Mozilla/5.0 (compatible; SEOkicks; +https://www.seokicks.de/robot.html)"
65.108.72.210 - - [14/Apr/2026:09:16:40 +0300] "GET /joshkar-ola/component/speasyimagegallery/album/elabuga HTTP/1.0" 200 12078 "https://dks.riat.ru/joshkar-ola/termopaneli/foto-obektov" "Mozilla/5.0 (compatible; SEOkicks; +https://www.seokicks.de/robot.html)"
95.183.21.128 - - [14/Apr/2026:09:16:48 +0300] "GET /images/2025/12/21/thickness.png HTTP/1.1" 200 852 "https://dks.riat.ru/termopaneli/?utm_source=yandex&utm_medium=rsi&utm_campaign=703984543&utm_content=17342528461&utm_term=---autotargeting&yclid=15572842464496058367" "Mozilla/5.0 (Windows NT 10.0; Win64; x64) AppleWebKit/537.36 (KHTML, like Gecko) Chrome/128.0.0.0 YaBrowser/24.10.0.0 Safari/537.36"
95.183.21.128 - - [14/Apr/2026:09:16:48 +0300] "GET /images/2025/12/21/dimensions.png HTTP/1.1" 200 1466 "https://dks.riat.ru/termopaneli/?utm_source=yandex&utm_medium=rsi&utm_campaign=703984543&utm_content=17342528461&utm_term=---autotargeting&yclid=15572842464496058367" "Mozilla/5.0 (Windows NT 10.0; Win64; x64) AppleWebKit/537.36 (KHTML, like Gecko) Chrome/128.0.0.0 YaBrowser/24.10.0.0 Safari/537.36"
95.183.21.128 - - [14/Apr/2026:09:16:48 +0300] "GET /images/2025/12/21/calculator.png HTTP/1.1" 200 1781 "https://dks.riat.ru/termopaneli/?utm_source=yandex&utm_medium=rsi&utm_campaign=703984543&utm_content=17342528461&utm_term=---autotargeting&yclid=15572842464496058367" "Mozilla/5.0 (Windows NT 10.0; Win64; x64) AppleWebKit/537.36 (KHTML, like Gecko) Chrome/128.0.0.0 YaBrowser/24.10.0.0 Safari/537.36"
95.183.21.128 - - [14/Apr/2026:09:16:50 +0300] "GET /images/2025/12/21/contract-1.png HTTP/1.1" 200 2326 "https://dks.riat.ru/termopaneli/?utm_source=yandex&utm_medium=rsi&utm_campaign=703984543&utm_content=17342528461&utm_term=---autotargeting&yclid=15572842464496058367" "Mozilla/5.0 (Windows NT 10.0; Win64; x64) AppleWebKit/537.36 (KHTML, like Gecko) Chrome/128.0.0.0 YaBrowser/24.10.0.0 Safari/537.36"
95.183.21.128 - - [14/Apr/2026:09:16:50 +0300] "GET /images/2025/12/21/credit-card.png HTTP/1.1" 200 1831 "https://dks.riat.ru/termopaneli/?utm_source=yandex&utm_medium=rsi&utm_campaign=703984543&utm_content=17342528461&utm_term=---autotargeting&yclid=15572842464496058367" "Mozilla/5.0 (Windows NT 10.0; Win64; x64) AppleWebKit/537.36 (KHTML, like Gecko) Chrome/128.0.0.0 YaBrowser/24.10.0.0 Safari/537.36"
65.108.72.210 - - [14/Apr/2026:09:16:47 +0300] "GET /joshkar-ola/component/speasyimagegallery/album/p-kozlovka HTTP/1.0" 200 12221 "https://dks.riat.ru/joshkar-ola/termopaneli/foto-obektov" "Mozilla/5.0 (compatible; SEOkicks; +https://www.seokicks.de/robot.html)"
95.183.21.128 - - [14/Apr/2026:09:16:53 +0300] "GET /images/2025/12/21/clarity-eps-00.webp HTTP/1.0" 200 159310 "https://dks.riat.ru/termopaneli/?utm_source=yandex&utm_medium=rsi&utm_campaign=703984543&utm_content=17342528461&utm_term=---autotargeting&yclid=15572842464496058367" "Mozilla/5.0 (Windows NT 10.0; Win64; x64) AppleWebKit/537.36 (KHTML, like Gecko) Chrome/128.0.0.0 YaBrowser/24.10.0.0 Safari/537.36"
95.183.21.128 - - [14/Apr/2026:09:16:58 +0300] "GET /images/2019/03/21/panel.jpg HTTP/1.1" 200 219062 "https://dks.riat.ru/termopaneli/?utm_source=yandex&utm_medium=rsi&utm_campaign=703984543&utm_content=17342528461&utm_term=---autotargeting&yclid=15572842464496058367" "Mozilla/5.0 (Windows NT 10.0; Win64; x64) AppleWebKit/537.36 (KHTML, like Gecko) Chrome/128.0.0.0 YaBrowser/24.10.0.0 Safari/537.36"
65.108.72.210 - - [14/Apr/2026:09:16:55 +0300] "GET /joshkar-ola/component/speasyimagegallery/album/p-alan HTTP/1.0" 200 12190 "https://dks.riat.ru/joshkar-ola/termopaneli/foto-obektov" "Mozilla/5.0 (compatible; SEOkicks; +https://www.seokicks.de/robot.html)"
95.183.21.128 - - [14/Apr/2026:09:17:02 +0300] "GET /images/2019/03/18/srav-table.jpg HTTP/1.1" 200 69186 "https://dks.riat.ru/termopaneli/?utm_source=yandex&utm_medium=rsi&utm_campaign=703984543&utm_content=17342528461&utm_term=---autotargeting&yclid=15572842464496058367" "Mozilla/5.0 (Windows NT 10.0; Win64; x64) AppleWebKit/537.36 (KHTML, like Gecko) Chrome/128.0.0.0 YaBrowser/24.10.0.0 Safari/537.36"
65.108.72.210 - - [14/Apr/2026:09:17:02 +0300] "GET /joshkar-ola/component/speasyimagegallery/album/p-ryabinka HTTP/1.0" 200 12230 "https://dks.riat.ru/joshkar-ola/termopaneli/foto-obektov" "Mozilla/5.0 (compatible; SEOkicks; +https://www.seokicks.de/robot.html)"
95.183.21.128 - - [14/Apr/2026:09:17:07 +0300] "GET /images/2019/01/29/timetable.png HTTP/1.1" 200 1560 "https://dks.riat.ru/termopaneli/?utm_source=yandex&utm_medium=rsi&utm_campaign=703984543&utm_content=17342528461&utm_term=---autotargeting&yclid=15572842464496058367" "Mozilla/5.0 (Windows NT 10.0; Win64; x64) AppleWebKit/537.36 (KHTML, like Gecko) Chrome/128.0.0.0 YaBrowser/24.10.0.0 Safari/537.36"
95.183.21.128 - - [14/Apr/2026:09:17:07 +0300] "GET /images/2019/01/29/no-rodents.png HTTP/1.1" 200 1939 "https://dks.riat.ru/termopaneli/?utm_source=yandex&utm_medium=rsi&utm_campaign=703984543&utm_content=17342528461&utm_term=---autotargeting&yclid=15572842464496058367" "Mozilla/5.0 (Windows NT 10.0; Win64; x64) AppleWebKit/537.36 (KHTML, like Gecko) Chrome/128.0.0.0 YaBrowser/24.10.0.0 Safari/537.36"
95.183.21.128 - - [14/Apr/2026:09:17:07 +0300] "GET /images/2019/01/29/no-fire.png HTTP/1.1" 200 1934 "https://dks.riat.ru/termopaneli/?utm_source=yandex&utm_medium=rsi&utm_campaign=703984543&utm_content=17342528461&utm_term=---autotargeting&yclid=15572842464496058367" "Mozilla/5.0 (Windows NT 10.0; Win64; x64) AppleWebKit/537.36 (KHTML, like Gecko) Chrome/128.0.0.0 YaBrowser/24.10.0.0 Safari/537.36"
95.183.21.128 - - [14/Apr/2026:09:17:07 +0300] "GET /images/2019/01/29/security.png HTTP/1.1" 200 1400 "https://dks.riat.ru/termopaneli/?utm_source=yandex&utm_medium=rsi&utm_campaign=703984543&utm_content=17342528461&utm_term=---autotargeting&yclid=15572842464496058367" "Mozilla/5.0 (Windows NT 10.0; Win64; x64) AppleWebKit/537.36 (KHTML, like Gecko) Chrome/128.0.0.0 YaBrowser/24.10.0.0 Safari/537.36"
95.183.21.128 - - [14/Apr/2026:09:17:07 +0300] "GET /images/2019/01/29/leaf.png HTTP/1.1" 200 1434 "https://dks.riat.ru/termopaneli/?utm_source=yandex&utm_medium=rsi&utm_campaign=703984543&utm_content=17342528461&utm_term=---autotargeting&yclid=15572842464496058367" "Mozilla/5.0 (Windows NT 10.0; Win64; x64) AppleWebKit/537.36 (KHTML, like Gecko) Chrome/128.0.0.0 YaBrowser/24.10.0.0 Safari/537.36"
65.108.72.210 - - [14/Apr/2026:09:17:17 +0300] "GET /joshkar-ola/component/speasyimagegallery/album/p-taulyk HTTP/1.0" 200 12174 "https://dks.riat.ru/joshkar-ola/termopaneli/foto-obektov" "Mozilla/5.0 (compatible; SEOkicks; +https://www.seokicks.de/robot.html)"
65.108.72.210 - - [14/Apr/2026:09:17:23 +0300] "GET /joshkar-ola/component/speasyimagegallery/album/almetevsk HTTP/1.0" 200 12154 "https://dks.riat.ru/joshkar-ola/termopaneli/foto-obektov" "Mozilla/5.0 (compatible; SEOkicks; +https://www.seokicks.de/robot.html)"
65.108.72.210 - - [14/Apr/2026:09:17:29 +0300] "GET /joshkar-ola/component/speasyimagegallery/album/almetevsk-2 HTTP/1.0" 200 12194 "https://dks.riat.ru/joshkar-ola/termopaneli/foto-obektov" "Mozilla/5.0 (compatible; SEOkicks; +https://www.seokicks.de/robot.html)"
65.108.72.210 - - [14/Apr/2026:09:17:35 +0300] "GET /joshkar-ola/component/speasyimagegallery/album/g-naberezhnye-chelny HTTP/1.0" 200 12276 "https://dks.riat.ru/joshkar-ola/termopaneli/foto-obektov" "Mozilla/5.0 (compatible; SEOkicks; +https://www.seokicks.de/robot.html)"
65.108.72.210 - - [14/Apr/2026:09:17:41 +0300] "GET /joshkar-ola/component/speasyimagegallery/album/kalmiya HTTP/1.0" 200 12479 "https://dks.riat.ru/joshkar-ola/termopaneli/foto-obektov" "Mozilla/5.0 (compatible; SEOkicks; +https://www.seokicks.de/robot.html)"
65.108.72.210 - - [14/Apr/2026:09:17:47 +0300] "GET /joshkar-ola/component/speasyimagegallery/album/g-naberezhnye-chelny-2 HTTP/1.0" 200 12203 "https://dks.riat.ru/joshkar-ola/termopaneli/foto-obektov" "Mozilla/5.0 (compatible; SEOkicks; +https://www.seokicks.de/robot.html)"
65.108.72.210 - - [14/Apr/2026:09:17:54 +0300] "GET /joshkar-ola/component/speasyimagegallery/album/g-nizhnekamsk HTTP/1.0" 200 12913 "https://dks.riat.ru/joshkar-ola/termopaneli/foto-obektov" "Mozilla/5.0 (compatible; SEOkicks; +https://www.seokicks.de/robot.html)"
65.108.72.210 - - [14/Apr/2026:09:17:59 +0300] "GET /joshkar-ola/component/speasyimagegallery/album/g-orenburg HTTP/1.0" 200 12075 "https://dks.riat.ru/joshkar-ola/termopaneli/foto-obektov" "Mozilla/5.0 (compatible; SEOkicks; +https://www.seokicks.de/robot.html)"
65.108.72.210 - - [14/Apr/2026:09:18:05 +0300] "GET /joshkar-ola/component/speasyimagegallery/album/p-sosnovyj-bor HTTP/1.0" 200 12288 "https://dks.riat.ru/joshkar-ola/termopaneli/foto-obektov" "Mozilla/5.0 (compatible; SEOkicks; +https://www.seokicks.de/robot.html)"
65.108.72.210 - - [14/Apr/2026:09:18:10 +0300] "GET /joshkar-ola/component/speasyimagegallery/album/p-shilna HTTP/1.0" 200 12901 "https://dks.riat.ru/joshkar-ola/termopaneli/foto-obektov" "Mozilla/5.0 (compatible; SEOkicks; +https://www.seokicks.de/robot.html)"
87.250.224.74 - - [14/Apr/2026:09:18:17 +0300] "GET /ehlista/component/speasyimagegallery/album/p-shilna HTTP/1.0" 200 12982 "-" "Mozilla/5.0 (compatible; YandexBot/3.0; +http://yandex.com/bots) AppleWebKit/537.36 (KHTML, like Gecko) Chrome/108.0.0.0"
65.108.72.210 - - [14/Apr/2026:09:18:17 +0300] "GET /joshkar-ola/component/speasyimagegallery/album/elabuga-2 HTTP/1.0" 200 12196 "https://dks.riat.ru/joshkar-ola/termopaneli/foto-obektov" "Mozilla/5.0 (compatible; SEOkicks; +https://www.seokicks.de/robot.html)"
95.108.213.224 - - [14/Apr/2026:09:18:21 +0300] "GET /modules/mod_vertical_menu/js/perfect-scrollbar.js?_=1776147498 HTTP/1.1" 200 15151 "https://dks.riat.ru/ehlista/component/speasyimagegallery/album/p-shilna" "Mozilla/5.0 (compatible; YandexRenderResourcesBot/1.0; +http://yandex.com/bots) AppleWebKit/537.36 (KHTML, like Gecko) Chrome/108.0.0.0"
5.255.231.64 - - [14/Apr/2026:09:18:22 +0300] "GET /modules/mod_vertical_menu/js/mod_vertical_menu.js?_=1776147498 HTTP/1.1" 200 57188 "https://dks.riat.ru/ehlista/component/speasyimagegallery/album/p-shilna" "Mozilla/5.0 (compatible; YandexRenderResourcesBot/1.0; +http://yandex.com/bots) AppleWebKit/537.36 (KHTML, like Gecko) Chrome/108.0.0.0"
65.108.72.210 - - [14/Apr/2026:09:18:23 +0300] "GET /joshkar-ola/component/speasyimagegallery/album/elabuga-3 HTTP/1.0" 200 12272 "https://dks.riat.ru/joshkar-ola/termopaneli/foto-obektov" "Mozilla/5.0 (compatible; SEOkicks; +https://www.seokicks.de/robot.html)"
65.108.72.210 - - [14/Apr/2026:09:18:28 +0300] "GET /joshkar-ola/component/speasyimagegallery/album/samara HTTP/1.0" 200 12152 "https://dks.riat.ru/joshkar-ola/termopaneli/foto-obektov" "Mozilla/5.0 (compatible; SEOkicks; +https://www.seokicks.de/robot.html)"
65.108.72.210 - - [14/Apr/2026:09:18:35 +0300] "GET /joshkar-ola/component/speasyimagegallery/album/starye-erykly HTTP/1.0" 200 12215 "https://dks.riat.ru/joshkar-ola/termopaneli/foto-obektov" "Mozilla/5.0 (compatible; SEOkicks; +https://www.seokicks.de/robot.html)"
65.108.72.210 - - [14/Apr/2026:09:18:41 +0300] "GET /joshkar-ola/component/speasyimagegallery/album/kazan HTTP/1.0" 200 12228 "https://dks.riat.ru/joshkar-ola/termopaneli/foto-obektov" "Mozilla/5.0 (compatible; SEOkicks; +https://www.seokicks.de/robot.html)"
65.108.72.210 - - [14/Apr/2026:09:18:48 +0300] "GET /joshkar-ola/component/speasyimagegallery/album/g-salavat-bashkortostan HTTP/1.0" 200 12352 "https://dks.riat.ru/joshkar-ola/termopaneli/foto-obektov" "Mozilla/5.0 (compatible; SEOkicks; +https://www.seokicks.de/robot.html)"
65.108.72.210 - - [14/Apr/2026:09:18:55 +0300] "GET /joshkar-ola/component/speasyimagegallery/album/s-smylovka-nizhnekamskij-rajon HTTP/1.0" 200 12397 "https://dks.riat.ru/joshkar-ola/termopaneli/foto-obektov" "Mozilla/5.0 (compatible; SEOkicks; +https://www.seokicks.de/robot.html)"
65.108.72.210 - - [14/Apr/2026:09:19:02 +0300] "GET /joshkar-ola/component/search/?Itemid=126&format=opensearch HTTP/1.0" 200 879 "https://dks.riat.ru/joshkar-ola/o-kompanii" "Mozilla/5.0 (compatible; SEOkicks; +https://www.seokicks.de/robot.html)"
65.108.72.210 - - [14/Apr/2026:09:19:05 +0300] "GET /joshkar-ola/component/search/?Itemid=127&format=opensearch HTTP/1.0" 200 879 "https://dks.riat.ru/joshkar-ola/kontakty" "Mozilla/5.0 (compatible; SEOkicks; +https://www.seokicks.de/robot.html)"
65.108.72.210 - - [14/Apr/2026:09:19:10 +0300] "GET /joshkar-ola/component/search/?id=1&Itemid=101&format=opensearch HTTP/1.0" 200 888 "https://dks.riat.ru/joshkar-ola/" "Mozilla/5.0 (compatible; SEOkicks; +https://www.seokicks.de/robot.html)"
65.108.72.210 - - [14/Apr/2026:09:19:14 +0300] "GET /joshkar-ola/component/search/?Itemid=161&format=opensearch HTTP/1.0" 200 879 "https://dks.riat.ru/joshkar-ola/polzovatelskoe-soglashenie" "Mozilla/5.0 (compatible; SEOkicks; +https://www.seokicks.de/robot.html)"
65.108.72.210 - - [14/Apr/2026:09:19:18 +0300] "GET /joshkar-ola/component/search/?Itemid=162&format=opensearch HTTP/1.0" 200 879 "https://dks.riat.ru/joshkar-ola/politika-konfidentsialnosti" "Mozilla/5.0 (compatible; SEOkicks; +https://www.seokicks.de/robot.html)"
65.108.72.210 - - [14/Apr/2026:09:19:22 +0300] "GET /joshkar-ola/component/search/?Itemid=166&format=opensearch HTTP/1.0" 200 879 "https://dks.riat.ru/joshkar-ola/karta-sajta" "Mozilla/5.0 (compatible; SEOkicks; +https://www.seokicks.de/robot.html)"
65.108.72.210 - - [14/Apr/2026:09:19:26 +0300] "GET /kazan/component/search/?Itemid=220&format=opensearch HTTP/1.0" 200 873 "https://dks.riat.ru/kazan/termopaneli/foto-obektov" "Mozilla/5.0 (compatible; SEOkicks; +https://www.seokicks.de/robot.html)"
65.108.72.210 - - [14/Apr/2026:09:19:31 +0300] "GET /kazan/component/speasyimagegallery/album/novotroitsk HTTP/1.0" 200 12111 "https://dks.riat.ru/kazan/termopaneli/foto-obektov" "Mozilla/5.0 (compatible; SEOkicks; +https://www.seokicks.de/robot.html)"
94.154.35.236 - - [14/Apr/2026:09:19:36 +0300] "HEAD /forum.tar.bz2 HTTP/1.1" 301 0 "-" "Mozilla/5.0 (Windows NT 10.0; Win64; x64) AppleWebKit/537.36 (KHTML, like Gecko) Chrome/101.0.4951.67 Safari/537.36"
94.154.35.236 - - [14/Apr/2026:09:19:37 +0300] "HEAD /forum.tar.bz2 HTTP/1.0" 404 294 "-" "Mozilla/5.0 (Windows NT 10.0; Win64; x64) AppleWebKit/537.36 (KHTML, like Gecko) Chrome/101.0.4951.67 Safari/537.36"
51.75.236.134 - - [14/Apr/2026:09:19:36 +0300] "GET /bugulma/politika-konfidentsialnosti HTTP/1.0" 200 16542 "-" "Mozilla/5.0 (compatible; AhrefsBot/7.0; +http://ahrefs.com/robot/)"
65.108.72.210 - - [14/Apr/2026:09:19:39 +0300] "GET /kazan/component/speasyimagegallery/album/volgograd HTTP/1.0" 200 12335 "https://dks.riat.ru/kazan/termopaneli/foto-obektov" "Mozilla/5.0 (compatible; SEOkicks; +https://www.seokicks.de/robot.html)"
116.179.32.99 - - [14/Apr/2026:09:19:47 +0300] "GET /salavat/component/search/?id=3&format=opensearch HTTP/1.0" 200 966 "-" "Mozilla/5.0 (compatible; Baiduspider/2.0; +http://www.baidu.com/search/spider.html)"
65.108.72.210 - - [14/Apr/2026:09:19:46 +0300] "GET /kazan/component/speasyimagegallery/album/elabuga HTTP/1.0" 200 12079 "https://dks.riat.ru/kazan/termopaneli/foto-obektov" "Mozilla/5.0 (compatible; SEOkicks; +https://www.seokicks.de/robot.html)"
87.250.224.94 - - [14/Apr/2026:09:21:26 +0300] "GET /?yclid=7710547526903176844 HTTP/1.0" 200 16325 "-" "Mozilla/5.0 (compatible; YandexMetrika/2.0; +http://yandex.com/bots yabs01)"
121.29.51.28 - - [14/Apr/2026:09:21:30 +0300] "GET /favicon.ico HTTP/1.0" 404 1269 "-" "Dalvik/2.1.0 (Linux; U; Android 9.0; ZTE BA520 Build/MRA58K)"
121.29.51.28 - - [14/Apr/2026:09:21:39 +0300] "GET /favicon.ico HTTP/1.1" 301 196 "-" "Dalvik/2.1.0 (Linux; U; Android 9.0; ZTE BA520 Build/MRA58K)"
14.243.9.220 - - [14/Apr/2026:09:21:35 +0300] "GET /severodvinsk/polzovatelskoe-soglashenie HTTP/1.0" 200 13946 "-" "Mozilla/5.0 (Macintosh; Intel Mac OS X 10_7_3) AppleWebKit/537.36 (KHTML, like Gecko, Mediapartners-Google) Chrome/85.0.4183.122 Safari/537.36"
121.29.51.28 - - [14/Apr/2026:09:21:43 +0300] "GET /favicon.ico HTTP/1.0" 404 1269 "-" "Dalvik/2.1.0 (Linux; U; Android 9.0; ZTE BA520 Build/MRA58K)"
81.195.180.83 - - [14/Apr/2026:09:21:48 +0300] "GET /termopaneli/?utm_source=yandex&utm_medium=rsi&utm_campaign=703984543&utm_content=17342528464&utm_term=---autotargeting&yclid=17867011283635929087 HTTP/1.0" 200 42131 "-" "Mozilla/5.0 (Linux; Android 10; K) AppleWebKit/537.36 (KHTML, like Gecko) Chrome/146.0.0.0 Mobile Safari/537.36"
81.195.180.83 - - [14/Apr/2026:09:21:55 +0300] "GET /components/com_sppagebuilder/assets/css/font-awesome-v4-shims.css HTTP/1.1" 200 26704 "https://dks.riat.ru/termopaneli/?utm_source=yandex&utm_medium=rsi&utm_campaign=703984543&utm_content=17342528464&utm_term=---autotargeting&yclid=17867011283635929087" "Mozilla/5.0 (Linux; Android 10; K) AppleWebKit/537.36 (KHTML, like Gecko) Chrome/146.0.0.0 Mobile Safari/537.36"
81.195.180.83 - - [14/Apr/2026:09:21:56 +0300] "GET /components/com_sppagebuilder/assets/css/font-awesome-5.min.css HTTP/1.1" 200 56160 "https://dks.riat.ru/termopaneli/?utm_source=yandex&utm_medium=rsi&utm_campaign=703984543&utm_content=17342528464&utm_term=---autotargeting&yclid=17867011283635929087" "Mozilla/5.0 (Linux; Android 10; K) AppleWebKit/537.36 (KHTML, like Gecko) Chrome/146.0.0.0 Mobile Safari/537.36"
81.195.180.83 - - [14/Apr/2026:09:21:57 +0300] "GET /components/com_sppagebuilder/assets/css/sppagecontainer.css HTTP/1.1" 200 268 "https://dks.riat.ru/termopaneli/?utm_source=yandex&utm_medium=rsi&utm_campaign=703984543&utm_content=17342528464&utm_term=---autotargeting&yclid=17867011283635929087" "Mozilla/5.0 (Linux; Android 10; K) AppleWebKit/537.36 (KHTML, like Gecko) Chrome/146.0.0.0 Mobile Safari/537.36"
81.195.180.83 - - [14/Apr/2026:09:21:57 +0300] "GET /components/com_sppagebuilder/assets/css/animate.min.css HTTP/1.1" 200 53436 "https://dks.riat.ru/termopaneli/?utm_source=yandex&utm_medium=rsi&utm_campaign=703984543&utm_content=17342528464&utm_term=---autotargeting&yclid=17867011283635929087" "Mozilla/5.0 (Linux; Android 10; K) AppleWebKit/537.36 (KHTML, like Gecko) Chrome/146.0.0.0 Mobile Safari/537.36"
81.195.180.83 - - [14/Apr/2026:09:21:58 +0300] "GET /components/com_jshopping/css/default.css HTTP/1.1" 200 25375 "https://dks.riat.ru/termopaneli/?utm_source=yandex&utm_medium=rsi&utm_campaign=703984543&utm_content=17342528464&utm_term=---autotargeting&yclid=17867011283635929087" "Mozilla/5.0 (Linux; Android 10; K) AppleWebKit/537.36 (KHTML, like Gecko) Chrome/146.0.0.0 Mobile Safari/537.36"
81.195.180.83 - - [14/Apr/2026:09:21:58 +0300] "GET /media/plg_quick_view/css/quick.css HTTP/1.1" 200 9806 "https://dks.riat.ru/termopaneli/?utm_source=yandex&utm_medium=rsi&utm_campaign=703984543&utm_content=17342528464&utm_term=---autotargeting&yclid=17867011283635929087" "Mozilla/5.0 (Linux; Android 10; K) AppleWebKit/537.36 (KHTML, like Gecko) Chrome/146.0.0.0 Mobile Safari/537.36"
81.195.180.83 - - [14/Apr/2026:09:21:58 +0300] "GET //components/com_sppagebuilder/assets/css/magnific-popup.css HTTP/1.1" 200 5920 "https://dks.riat.ru/termopaneli/?utm_source=yandex&utm_medium=rsi&utm_campaign=703984543&utm_content=17342528464&utm_term=---autotargeting&yclid=17867011283635929087" "Mozilla/5.0 (Linux; Android 10; K) AppleWebKit/537.36 (KHTML, like Gecko) Chrome/146.0.0.0 Mobile Safari/537.36"
81.195.180.83 - - [14/Apr/2026:09:21:58 +0300] "GET /modules/mod_contactus/css/contactus_lightbox.css HTTP/1.1" 200 8923 "https://dks.riat.ru/termopaneli/?utm_source=yandex&utm_medium=rsi&utm_campaign=703984543&utm_content=17342528464&utm_term=---autotargeting&yclid=17867011283635929087" "Mozilla/5.0 (Linux; Android 10; K) AppleWebKit/537.36 (KHTML, like Gecko) Chrome/146.0.0.0 Mobile Safari/537.36"
81.195.180.83 - - [14/Apr/2026:09:21:59 +0300] "GET /components/com_sppagebuilder/assets/css/sppagebuilder.css HTTP/1.1" 200 181962 "https://dks.riat.ru/termopaneli/?utm_source=yandex&utm_medium=rsi&utm_campaign=703984543&utm_content=17342528464&utm_term=---autotargeting&yclid=17867011283635929087" "Mozilla/5.0 (Linux; Android 10; K) AppleWebKit/537.36 (KHTML, like Gecko) Chrome/146.0.0.0 Mobile Safari/537.36"
81.195.180.83 - - [14/Apr/2026:09:21:59 +0300] "GET /plugins/system/helixultimate/assets/css/system-j3.min.css HTTP/1.1" 200 2180 "https://dks.riat.ru/termopaneli/?utm_source=yandex&utm_medium=rsi&utm_campaign=703984543&utm_content=17342528464&utm_term=---autotargeting&yclid=17867011283635929087" "Mozilla/5.0 (Linux; Android 10; K) AppleWebKit/537.36 (KHTML, like Gecko) Chrome/146.0.0.0 Mobile Safari/537.36"
81.195.180.83 - - [14/Apr/2026:09:21:59 +0300] "GET /templates/shaper_helixultimate/css/font-awesome.min.css HTTP/1.1" 200 31000 "https://dks.riat.ru/termopaneli/?utm_source=yandex&utm_medium=rsi&utm_campaign=703984543&utm_content=17342528464&utm_term=---autotargeting&yclid=17867011283635929087" "Mozilla/5.0 (Linux; Android 10; K) AppleWebKit/537.36 (KHTML, like Gecko) Chrome/146.0.0.0 Mobile Safari/537.36"
81.195.180.83 - - [14/Apr/2026:09:21:59 +0300] "GET /templates/shaper_helixultimate/css/template.css HTTP/1.1" 200 31637 "https://dks.riat.ru/termopaneli/?utm_source=yandex&utm_medium=rsi&utm_campaign=703984543&utm_content=17342528464&utm_term=---autotargeting&yclid=17867011283635929087" "Mozilla/5.0 (Linux; Android 10; K) AppleWebKit/537.36 (KHTML, like Gecko) Chrome/146.0.0.0 Mobile Safari/537.36"
81.195.180.83 - - [14/Apr/2026:09:21:59 +0300] "GET /templates/shaper_helixultimate/css/bootstrap.min.css HTTP/1.1" 200 144877 "https://dks.riat.ru/termopaneli/?utm_source=yandex&utm_medium=rsi&utm_campaign=703984543&utm_content=17342528464&utm_term=---autotargeting&yclid=17867011283635929087" "Mozilla/5.0 (Linux; Android 10; K) AppleWebKit/537.36 (KHTML, like Gecko) Chrome/146.0.0.0 Mobile Safari/537.36"
81.195.180.83 - - [14/Apr/2026:09:22:00 +0300] "GET /templates/shaper_helixultimate/css/presets/default.css HTTP/1.1" 200 3364 "https://dks.riat.ru/termopaneli/?utm_source=yandex&utm_medium=rsi&utm_campaign=703984543&utm_content=17342528464&utm_term=---autotargeting&yclid=17867011283635929087" "Mozilla/5.0 (Linux; Android 10; K) AppleWebKit/537.36 (KHTML, like Gecko) Chrome/146.0.0.0 Mobile Safari/537.36"
81.195.180.83 - - [14/Apr/2026:09:22:00 +0300] "GET /modules/mod_vertical_menu/cache/95/c6b4b71efc7b369aae9ee9e754ca2edd.css HTTP/1.1" 200 24089 "https://dks.riat.ru/termopaneli/?utm_source=yandex&utm_medium=rsi&utm_campaign=703984543&utm_content=17342528464&utm_term=---autotargeting&yclid=17867011283635929087" "Mozilla/5.0 (Linux; Android 10; K) AppleWebKit/537.36 (KHTML, like Gecko) Chrome/146.0.0.0 Mobile Safari/537.36"
81.195.180.83 - - [14/Apr/2026:09:22:00 +0300] "GET /css/style.css HTTP/1.1" 200 204 "https://dks.riat.ru/termopaneli/?utm_source=yandex&utm_medium=rsi&utm_campaign=703984543&utm_content=17342528464&utm_term=---autotargeting&yclid=17867011283635929087" "Mozilla/5.0 (Linux; Android 10; K) AppleWebKit/537.36 (KHTML, like Gecko) Chrome/146.0.0.0 Mobile Safari/537.36"
81.195.180.83 - - [14/Apr/2026:09:22:00 +0300] "GET /css/twentytwenty.css HTTP/1.1" 200 6537 "https://dks.riat.ru/termopaneli/?utm_source=yandex&utm_medium=rsi&utm_campaign=703984543&utm_content=17342528464&utm_term=---autotargeting&yclid=17867011283635929087" "Mozilla/5.0 (Linux; Android 10; K) AppleWebKit/537.36 (KHTML, like Gecko) Chrome/146.0.0.0 Mobile Safari/537.36"
81.195.180.83 - - [14/Apr/2026:09:22:01 +0300] "GET /media/jui/js/jquery.min.js?6260d104c5cf197fea2482e7036b2c2e HTTP/1.1" 200 97646 "https://dks.riat.ru/termopaneli/?utm_source=yandex&utm_medium=rsi&utm_campaign=703984543&utm_content=17342528464&utm_term=---autotargeting&yclid=17867011283635929087" "Mozilla/5.0 (Linux; Android 10; K) AppleWebKit/537.36 (KHTML, like Gecko) Chrome/146.0.0.0 Mobile Safari/537.36"
81.195.180.83 - - [14/Apr/2026:09:22:01 +0300] "GET /media/jui/js/jquery-noconflict.js?6260d104c5cf197fea2482e7036b2c2e HTTP/1.1" 200 21 "https://dks.riat.ru/termopaneli/?utm_source=yandex&utm_medium=rsi&utm_campaign=703984543&utm_content=17342528464&utm_term=---autotargeting&yclid=17867011283635929087" "Mozilla/5.0 (Linux; Android 10; K) AppleWebKit/537.36 (KHTML, like Gecko) Chrome/146.0.0.0 Mobile Safari/537.36"
81.195.180.83 - - [14/Apr/2026:09:22:02 +0300] "GET /components/com_sppagebuilder/assets/js/sppagebuilder.js HTTP/1.1" 200 73269 "https://dks.riat.ru/termopaneli/?utm_source=yandex&utm_medium=rsi&utm_campaign=703984543&utm_content=17342528464&utm_term=---autotargeting&yclid=17867011283635929087" "Mozilla/5.0 (Linux; Android 10; K) AppleWebKit/537.36 (KHTML, like Gecko) Chrome/146.0.0.0 Mobile Safari/537.36"
81.195.180.83 - - [14/Apr/2026:09:22:02 +0300] "GET /plugins/system/offlajnparams/compat/greensock.js HTTP/1.1" 200 111645 "https://dks.riat.ru/termopaneli/?utm_source=yandex&utm_medium=rsi&utm_campaign=703984543&utm_content=17342528464&utm_term=---autotargeting&yclid=17867011283635929087" "Mozilla/5.0 (Linux; Android 10; K) AppleWebKit/537.36 (KHTML, like Gecko) Chrome/146.0.0.0 Mobile Safari/537.36"
81.195.180.83 - - [14/Apr/2026:09:22:03 +0300] "GET /components/com_sppagebuilder/assets/js/jquery.magnific-popup.min.js HTTP/1.1" 200 20003 "https://dks.riat.ru/termopaneli/?utm_source=yandex&utm_medium=rsi&utm_campaign=703984543&utm_content=17342528464&utm_term=---autotargeting&yclid=17867011283635929087" "Mozilla/5.0 (Linux; Android 10; K) AppleWebKit/537.36 (KHTML, like Gecko) Chrome/146.0.0.0 Mobile Safari/537.36"
81.195.180.83 - - [14/Apr/2026:09:22:03 +0300] "GET /components/com_sppagebuilder/assets/js/jquery.parallax.js HTTP/1.1" 200 892 "https://dks.riat.ru/termopaneli/?utm_source=yandex&utm_medium=rsi&utm_campaign=703984543&utm_content=17342528464&utm_term=---autotargeting&yclid=17867011283635929087" "Mozilla/5.0 (Linux; Android 10; K) AppleWebKit/537.36 (KHTML, like Gecko) Chrome/146.0.0.0 Mobile Safari/537.36"
81.195.180.83 - - [14/Apr/2026:09:22:03 +0300] "GET /media/plg_quick_view/js/quickLive.js HTTP/1.1" 200 17735 "https://dks.riat.ru/termopaneli/?utm_source=yandex&utm_medium=rsi&utm_campaign=703984543&utm_content=17342528464&utm_term=---autotargeting&yclid=17867011283635929087" "Mozilla/5.0 (Linux; Android 10; K) AppleWebKit/537.36 (KHTML, like Gecko) Chrome/146.0.0.0 Mobile Safari/537.36"
81.195.180.83 - - [14/Apr/2026:09:22:03 +0300] "GET //components/com_sppagebuilder/assets/js/jquery.magnific-popup.min.js HTTP/1.1" 200 20003 "https://dks.riat.ru/termopaneli/?utm_source=yandex&utm_medium=rsi&utm_campaign=703984543&utm_content=17342528464&utm_term=---autotargeting&yclid=17867011283635929087" "Mozilla/5.0 (Linux; Android 10; K) AppleWebKit/537.36 (KHTML, like Gecko) Chrome/146.0.0.0 Mobile Safari/537.36"
81.195.180.83 - - [14/Apr/2026:09:22:03 +0300] "GET /modules/mod_contactus/js/contactus_common.js HTTP/1.1" 200 5018 "https://dks.riat.ru/termopaneli/?utm_source=yandex&utm_medium=rsi&utm_campaign=703984543&utm_content=17342528464&utm_term=---autotargeting&yclid=17867011283635929087" "Mozilla/5.0 (Linux; Android 10; K) AppleWebKit/537.36 (KHTML, like Gecko) Chrome/146.0.0.0 Mobile Safari/537.36"
81.195.180.83 - - [14/Apr/2026:09:22:04 +0300] "GET /modules/mod_contactus/js/contactus_lightbox.js HTTP/1.1" 200 4279 "https://dks.riat.ru/termopaneli/?utm_source=yandex&utm_medium=rsi&utm_campaign=703984543&utm_content=17342528464&utm_term=---autotargeting&yclid=17867011283635929087" "Mozilla/5.0 (Linux; Android 10; K) AppleWebKit/537.36 (KHTML, like Gecko) Chrome/146.0.0.0 Mobile Safari/537.36"
81.195.180.83 - - [14/Apr/2026:09:22:04 +0300] "GET /templates/shaper_helixultimate/js/popper.min.js HTTP/1.1" 200 19236 "https://dks.riat.ru/termopaneli/?utm_source=yandex&utm_medium=rsi&utm_campaign=703984543&utm_content=17342528464&utm_term=---autotargeting&yclid=17867011283635929087" "Mozilla/5.0 (Linux; Android 10; K) AppleWebKit/537.36 (KHTML, like Gecko) Chrome/146.0.0.0 Mobile Safari/537.36"
81.195.180.83 - - [14/Apr/2026:09:22:04 +0300] "GET /media/plg_quick_view/js/jquery.livequery.min.js HTTP/1.1" 200 2300 "https://dks.riat.ru/termopaneli/?utm_source=yandex&utm_medium=rsi&utm_campaign=703984543&utm_content=17342528464&utm_term=---autotargeting&yclid=17867011283635929087" "Mozilla/5.0 (Linux; Android 10; K) AppleWebKit/537.36 (KHTML, like Gecko) Chrome/146.0.0.0 Mobile Safari/537.36"
81.195.180.83 - - [14/Apr/2026:09:22:04 +0300] "GET /templates/shaper_helixultimate/js/bootstrap.min.js HTTP/1.1" 200 48944 "https://dks.riat.ru/termopaneli/?utm_source=yandex&utm_medium=rsi&utm_campaign=703984543&utm_content=17342528464&utm_term=---autotargeting&yclid=17867011283635929087" "Mozilla/5.0 (Linux; Android 10; K) AppleWebKit/537.36 (KHTML, like Gecko) Chrome/146.0.0.0 Mobile Safari/537.36"
81.195.180.83 - - [14/Apr/2026:09:22:04 +0300] "GET /templates/shaper_helixultimate/js/main.js HTTP/1.1" 200 3791 "https://dks.riat.ru/termopaneli/?utm_source=yandex&utm_medium=rsi&utm_campaign=703984543&utm_content=17342528464&utm_term=---autotargeting&yclid=17867011283635929087" "Mozilla/5.0 (Linux; Android 10; K) AppleWebKit/537.36 (KHTML, like Gecko) Chrome/146.0.0.0 Mobile Safari/537.36"
81.195.180.83 - - [14/Apr/2026:09:22:04 +0300] "GET /modules/mod_vertical_menu/js/perfect-scrollbar.js?_=1776147714 HTTP/1.1" 200 15151 "https://dks.riat.ru/termopaneli/?utm_source=yandex&utm_medium=rsi&utm_campaign=703984543&utm_content=17342528464&utm_term=---autotargeting&yclid=17867011283635929087" "Mozilla/5.0 (Linux; Android 10; K) AppleWebKit/537.36 (KHTML, like Gecko) Chrome/146.0.0.0 Mobile Safari/537.36"
81.195.180.83 - - [14/Apr/2026:09:22:04 +0300] "GET /modules/mod_vertical_menu/js/mod_vertical_menu.js?_=1776147714 HTTP/1.1" 200 57188 "https://dks.riat.ru/termopaneli/?utm_source=yandex&utm_medium=rsi&utm_campaign=703984543&utm_content=17342528464&utm_term=---autotargeting&yclid=17867011283635929087" "Mozilla/5.0 (Linux; Android 10; K) AppleWebKit/537.36 (KHTML, like Gecko) Chrome/146.0.0.0 Mobile Safari/537.36"
81.195.180.83 - - [14/Apr/2026:09:22:05 +0300] "GET /media/system/js/core.js?6260d104c5cf197fea2482e7036b2c2e HTTP/1.1" 200 8808 "https://dks.riat.ru/termopaneli/?utm_source=yandex&utm_medium=rsi&utm_campaign=703984543&utm_content=17342528464&utm_term=---autotargeting&yclid=17867011283635929087" "Mozilla/5.0 (Linux; Android 10; K) AppleWebKit/537.36 (KHTML, like Gecko) Chrome/146.0.0.0 Mobile Safari/537.36"
81.195.180.83 - - [14/Apr/2026:09:22:05 +0300] "GET /media/plg_quick_view/js/carousel.js HTTP/1.1" 200 16117 "https://dks.riat.ru/termopaneli/?utm_source=yandex&utm_medium=rsi&utm_campaign=703984543&utm_content=17342528464&utm_term=---autotargeting&yclid=17867011283635929087" "Mozilla/5.0 (Linux; Android 10; K) AppleWebKit/537.36 (KHTML, like Gecko) Chrome/146.0.0.0 Mobile Safari/537.36"
81.195.180.83 - - [14/Apr/2026:09:22:05 +0300] "GET /media/jui/js/jquery-migrate.min.js?6260d104c5cf197fea2482e7036b2c2e HTTP/1.1" 200 10056 "https://dks.riat.ru/termopaneli/?utm_source=yandex&utm_medium=rsi&utm_campaign=703984543&utm_content=17342528464&utm_term=---autotargeting&yclid=17867011283635929087" "Mozilla/5.0 (Linux; Android 10; K) AppleWebKit/537.36 (KHTML, like Gecko) Chrome/146.0.0.0 Mobile Safari/537.36"
81.195.180.83 - - [14/Apr/2026:09:22:05 +0300] "GET /components/com_sppagebuilder/assets/css/magnific-popup.css HTTP/1.1" 200 5920 "https://dks.riat.ru/termopaneli/?utm_source=yandex&utm_medium=rsi&utm_campaign=703984543&utm_content=17342528464&utm_term=---autotargeting&yclid=17867011283635929087" "Mozilla/5.0 (Linux; Android 10; K) AppleWebKit/537.36 (KHTML, like Gecko) Chrome/146.0.0.0 Mobile Safari/537.36"
81.195.180.83 - - [14/Apr/2026:09:22:05 +0300] "GET /images/logo.png HTTP/1.1" 200 11737 "https://dks.riat.ru/termopaneli/?utm_source=yandex&utm_medium=rsi&utm_campaign=703984543&utm_content=17342528464&utm_term=---autotargeting&yclid=17867011283635929087" "Mozilla/5.0 (Linux; Android 10; K) AppleWebKit/537.36 (KHTML, like Gecko) Chrome/146.0.0.0 Mobile Safari/537.36"
81.195.180.83 - - [14/Apr/2026:09:22:05 +0300] "GET /images/2025/05/27/sl25-1.jpg HTTP/1.1" 200 110793 "https://dks.riat.ru/termopaneli/?utm_source=yandex&utm_medium=rsi&utm_campaign=703984543&utm_content=17342528464&utm_term=---autotargeting&yclid=17867011283635929087" "Mozilla/5.0 (Linux; Android 10; K) AppleWebKit/537.36 (KHTML, like Gecko) Chrome/146.0.0.0 Mobile Safari/537.36"
