178.178.211.69 - - [14/Apr/2026:10:43:47 +0300] "GET /images/2021/12/09/vk.png HTTP/1.1" 200 1282 "https://dks.riat.ru/termopaneli/" "Mozilla/5.0 (Windows NT 10.0; Win64; x64) AppleWebKit/537.36 (KHTML, like Gecko) Chrome/144.0.0.0 YaBrowser/26.3.0.0 Safari/537.36"
178.178.211.69 - - [14/Apr/2026:10:43:47 +0300] "GET /components/com_jshopping/files/img_products/thumb_Loft_Brick_salt.jpg HTTP/1.1" 200 22588 "https://dks.riat.ru/termopaneli/" "Mozilla/5.0 (Windows NT 10.0; Win64; x64) AppleWebKit/537.36 (KHTML, like Gecko) Chrome/144.0.0.0 YaBrowser/26.3.0.0 Safari/537.36"
178.178.211.69 - - [14/Apr/2026:10:43:47 +0300] "GET /components/com_jshopping/files/img_products/thumb_Loft_Brick_pepper.jpg HTTP/1.1" 200 22634 "https://dks.riat.ru/termopaneli/" "Mozilla/5.0 (Windows NT 10.0; Win64; x64) AppleWebKit/537.36 (KHTML, like Gecko) Chrome/144.0.0.0 YaBrowser/26.3.0.0 Safari/537.36"
178.178.211.69 - - [14/Apr/2026:10:43:47 +0300] "GET /components/com_jshopping/files/img_products/thumb_Loft_Brick_masala.jpg HTTP/1.1" 200 24029 "https://dks.riat.ru/termopaneli/" "Mozilla/5.0 (Windows NT 10.0; Win64; x64) AppleWebKit/537.36 (KHTML, like Gecko) Chrome/144.0.0.0 YaBrowser/26.3.0.0 Safari/537.36"
178.178.211.69 - - [14/Apr/2026:10:43:47 +0300] "GET /components/com_jshopping/files/img_products/thumb_Loft_Brick_curry.jpg HTTP/1.1" 200 22962 "https://dks.riat.ru/termopaneli/" "Mozilla/5.0 (Windows NT 10.0; Win64; x64) AppleWebKit/537.36 (KHTML, like Gecko) Chrome/144.0.0.0 YaBrowser/26.3.0.0 Safari/537.36"
178.178.211.69 - - [14/Apr/2026:10:43:47 +0300] "GET /components/com_jshopping/files/img_products/thumb_Loft_Brick_chili.jpg HTTP/1.1" 200 24222 "https://dks.riat.ru/termopaneli/" "Mozilla/5.0 (Windows NT 10.0; Win64; x64) AppleWebKit/537.36 (KHTML, like Gecko) Chrome/144.0.0.0 YaBrowser/26.3.0.0 Safari/537.36"
178.178.211.69 - - [14/Apr/2026:10:43:47 +0300] "GET /components/com_jshopping/files/img_products/thumb_Loft_Brick_cardamone.jpg HTTP/1.1" 200 24497 "https://dks.riat.ru/termopaneli/" "Mozilla/5.0 (Windows NT 10.0; Win64; x64) AppleWebKit/537.36 (KHTML, like Gecko) Chrome/144.0.0.0 YaBrowser/26.3.0.0 Safari/537.36"
178.178.211.69 - - [14/Apr/2026:10:43:47 +0300] "GET /components/com_jshopping/files/img_products/thumb_Foggia-gris-2.jpg HTTP/1.1" 200 19035 "https://dks.riat.ru/termopaneli/" "Mozilla/5.0 (Windows NT 10.0; Win64; x64) AppleWebKit/537.36 (KHTML, like Gecko) Chrome/144.0.0.0 YaBrowser/26.3.0.0 Safari/537.36"
178.178.211.69 - - [14/Apr/2026:10:43:49 +0300] "GET /components/com_jshopping/files/img_products/thumb_Foggia-bianco-2.jpg HTTP/1.1" 200 20050 "https://dks.riat.ru/termopaneli/" "Mozilla/5.0 (Windows NT 10.0; Win64; x64) AppleWebKit/537.36 (KHTML, like Gecko) Chrome/144.0.0.0 YaBrowser/26.3.0.0 Safari/537.36"
178.178.211.69 - - [14/Apr/2026:10:43:49 +0300] "GET /components/com_jshopping/files/img_products/thumb_Elewacja_szkliwiona_miodowa.jpg HTTP/1.1" 200 16513 "https://dks.riat.ru/termopaneli/" "Mozilla/5.0 (Windows NT 10.0; Win64; x64) AppleWebKit/537.36 (KHTML, like Gecko) Chrome/144.0.0.0 YaBrowser/26.3.0.0 Safari/537.36"
178.178.211.69 - - [14/Apr/2026:10:43:49 +0300] "GET /components/com_jshopping/files/img_products/thumb_Elewacja_szkliwiona_braz.jpg HTTP/1.1" 200 13056 "https://dks.riat.ru/termopaneli/" "Mozilla/5.0 (Windows NT 10.0; Win64; x64) AppleWebKit/537.36 (KHTML, like Gecko) Chrome/144.0.0.0 YaBrowser/26.3.0.0 Safari/537.36"
178.178.211.69 - - [14/Apr/2026:10:43:49 +0300] "GET /components/com_jshopping/files/img_products/thumb_Elewacja_rustico_wisnia.jpg HTTP/1.1" 200 18752 "https://dks.riat.ru/termopaneli/" "Mozilla/5.0 (Windows NT 10.0; Win64; x64) AppleWebKit/537.36 (KHTML, like Gecko) Chrome/144.0.0.0 YaBrowser/26.3.0.0 Safari/537.36"
178.178.211.69 - - [14/Apr/2026:10:43:49 +0300] "GET /components/com_jshopping/files/img_products/thumb_Elewacja_rustico_rott.jpg HTTP/1.1" 200 18817 "https://dks.riat.ru/termopaneli/" "Mozilla/5.0 (Windows NT 10.0; Win64; x64) AppleWebKit/537.36 (KHTML, like Gecko) Chrome/144.0.0.0 YaBrowser/26.3.0.0 Safari/537.36"
178.178.211.69 - - [14/Apr/2026:10:43:49 +0300] "GET /components/com_jshopping/files/img_products/thumb_Elewacja_rustico_piaskowa.jpg HTTP/1.1" 200 17519 "https://dks.riat.ru/termopaneli/" "Mozilla/5.0 (Windows NT 10.0; Win64; x64) AppleWebKit/537.36 (KHTML, like Gecko) Chrome/144.0.0.0 YaBrowser/26.3.0.0 Safari/537.36"
178.178.211.69 - - [14/Apr/2026:10:43:49 +0300] "GET /components/com_jshopping/files/img_products/thumb_Elewacja_rustico_krem.jpg HTTP/1.1" 200 22724 "https://dks.riat.ru/termopaneli/" "Mozilla/5.0 (Windows NT 10.0; Win64; x64) AppleWebKit/537.36 (KHTML, like Gecko) Chrome/144.0.0.0 YaBrowser/26.3.0.0 Safari/537.36"
178.178.211.69 - - [14/Apr/2026:10:43:49 +0300] "GET /components/com_jshopping/files/img_products/thumb_Elewacja_rustico_gobi.jpg HTTP/1.1" 200 20674 "https://dks.riat.ru/termopaneli/" "Mozilla/5.0 (Windows NT 10.0; Win64; x64) AppleWebKit/537.36 (KHTML, like Gecko) Chrome/144.0.0.0 YaBrowser/26.3.0.0 Safari/537.36"
178.178.211.69 - - [14/Apr/2026:10:43:49 +0300] "GET /components/com_jshopping/files/img_products/thumb_Elewacja_rustico_dakota.jpg HTTP/1.1" 200 24093 "https://dks.riat.ru/termopaneli/" "Mozilla/5.0 (Windows NT 10.0; Win64; x64) AppleWebKit/537.36 (KHTML, like Gecko) Chrome/144.0.0.0 YaBrowser/26.3.0.0 Safari/537.36"
178.178.211.69 - - [14/Apr/2026:10:43:49 +0300] "GET /components/com_jshopping/files/img_products/thumb_Elewacja_rustico_burgund.jpg HTTP/1.1" 200 17692 "https://dks.riat.ru/termopaneli/" "Mozilla/5.0 (Windows NT 10.0; Win64; x64) AppleWebKit/537.36 (KHTML, like Gecko) Chrome/144.0.0.0 YaBrowser/26.3.0.0 Safari/537.36"
178.178.211.69 - - [14/Apr/2026:10:43:49 +0300] "GET /components/com_jshopping/files/img_products/thumb_Elewacja_rustico_brazowa.jpg HTTP/1.1" 200 19258 "https://dks.riat.ru/termopaneli/" "Mozilla/5.0 (Windows NT 10.0; Win64; x64) AppleWebKit/537.36 (KHTML, like Gecko) Chrome/144.0.0.0 YaBrowser/26.3.0.0 Safari/537.36"
178.178.211.69 - - [14/Apr/2026:10:43:49 +0300] "GET /components/com_jshopping/files/img_products/thumb_Elewacja_rustico_alaska.jpg HTTP/1.1" 200 23875 "https://dks.riat.ru/termopaneli/" "Mozilla/5.0 (Windows NT 10.0; Win64; x64) AppleWebKit/537.36 (KHTML, like Gecko) Chrome/144.0.0.0 YaBrowser/26.3.0.0 Safari/537.36"
178.178.211.69 - - [14/Apr/2026:10:43:49 +0300] "GET /components/com_jshopping/files/img_products/thumb_Elewacja_gladka_country_wisnia.jpg HTTP/1.1" 200 14701 "https://dks.riat.ru/termopaneli/" "Mozilla/5.0 (Windows NT 10.0; Win64; x64) AppleWebKit/537.36 (KHTML, like Gecko) Chrome/144.0.0.0 YaBrowser/26.3.0.0 Safari/537.36"
178.178.211.69 - - [14/Apr/2026:10:43:49 +0300] "GET /components/com_jshopping/files/img_products/thumb_Elewacja_gladka_rott.jpg HTTP/1.1" 200 13503 "https://dks.riat.ru/termopaneli/" "Mozilla/5.0 (Windows NT 10.0; Win64; x64) AppleWebKit/537.36 (KHTML, like Gecko) Chrome/144.0.0.0 YaBrowser/26.3.0.0 Safari/537.36"
178.178.211.69 - - [14/Apr/2026:10:43:49 +0300] "GET /components/com_jshopping/files/img_products/thumb_Elewacja_gladka_piaskowa.jpg HTTP/1.1" 200 14914 "https://dks.riat.ru/termopaneli/" "Mozilla/5.0 (Windows NT 10.0; Win64; x64) AppleWebKit/537.36 (KHTML, like Gecko) Chrome/144.0.0.0 YaBrowser/26.3.0.0 Safari/537.36"
178.178.211.69 - - [14/Apr/2026:10:43:49 +0300] "GET /components/com_jshopping/files/img_products/thumb_Elewacja_gladka_krem.jpg HTTP/1.1" 200 15044 "https://dks.riat.ru/termopaneli/" "Mozilla/5.0 (Windows NT 10.0; Win64; x64) AppleWebKit/537.36 (KHTML, like Gecko) Chrome/144.0.0.0 YaBrowser/26.3.0.0 Safari/537.36"
178.178.211.69 - - [14/Apr/2026:10:43:49 +0300] "GET /components/com_jshopping/files/img_products/thumb_Elewacja_gladka_burgund.jpg HTTP/1.1" 200 12815 "https://dks.riat.ru/termopaneli/" "Mozilla/5.0 (Windows NT 10.0; Win64; x64) AppleWebKit/537.36 (KHTML, like Gecko) Chrome/144.0.0.0 YaBrowser/26.3.0.0 Safari/537.36"
178.178.211.69 - - [14/Apr/2026:10:43:49 +0300] "GET /components/com_jshopping/files/img_products/thumb_Elewacja_gladka_brazowa.jpg HTTP/1.1" 200 13942 "https://dks.riat.ru/termopaneli/" "Mozilla/5.0 (Windows NT 10.0; Win64; x64) AppleWebKit/537.36 (KHTML, like Gecko) Chrome/144.0.0.0 YaBrowser/26.3.0.0 Safari/537.36"
178.178.211.69 - - [14/Apr/2026:10:43:49 +0300] "GET /components/com_jshopping/files/img_products/thumb_Semir_grafit_strukt.jpg HTTP/1.1" 200 8494 "https://dks.riat.ru/termopaneli/" "Mozilla/5.0 (Windows NT 10.0; Win64; x64) AppleWebKit/537.36 (KHTML, like Gecko) Chrome/144.0.0.0 YaBrowser/26.3.0.0 Safari/537.36"
178.178.211.69 - - [14/Apr/2026:10:43:49 +0300] "GET /components/com_jshopping/files/img_products/thumb_Semir_beige_strukt.jpg HTTP/1.1" 200 7897 "https://dks.riat.ru/termopaneli/" "Mozilla/5.0 (Windows NT 10.0; Win64; x64) AppleWebKit/537.36 (KHTML, like Gecko) Chrome/144.0.0.0 YaBrowser/26.3.0.0 Safari/537.36"
178.178.211.69 - - [14/Apr/2026:10:43:49 +0300] "GET /components/com_jshopping/files/img_products/thumb_Semir_brown_strukt.jpg HTTP/1.1" 200 7893 "https://dks.riat.ru/termopaneli/" "Mozilla/5.0 (Windows NT 10.0; Win64; x64) AppleWebKit/537.36 (KHTML, like Gecko) Chrome/144.0.0.0 YaBrowser/26.3.0.0 Safari/537.36"
178.178.211.69 - - [14/Apr/2026:10:43:49 +0300] "GET /components/com_jshopping/files/img_products/thumb_Paradyz_Scandiano_ochre.jpg HTTP/1.1" 200 10091 "https://dks.riat.ru/termopaneli/" "Mozilla/5.0 (Windows NT 10.0; Win64; x64) AppleWebKit/537.36 (KHTML, like Gecko) Chrome/144.0.0.0 YaBrowser/26.3.0.0 Safari/537.36"
178.178.211.69 - - [14/Apr/2026:10:43:49 +0300] "GET /components/com_jshopping/files/img_products/thumb_Paradyz_Scandiano_beige.jpg HTTP/1.1" 200 8870 "https://dks.riat.ru/termopaneli/" "Mozilla/5.0 (Windows NT 10.0; Win64; x64) AppleWebKit/537.36 (KHTML, like Gecko) Chrome/144.0.0.0 YaBrowser/26.3.0.0 Safari/537.36"
178.178.211.69 - - [14/Apr/2026:10:43:50 +0300] "GET /components/com_jshopping/files/img_products/thumb_Paradyz-Octane-ochre-2.jpg HTTP/1.1" 200 11654 "https://dks.riat.ru/termopaneli/" "Mozilla/5.0 (Windows NT 10.0; Win64; x64) AppleWebKit/537.36 (KHTML, like Gecko) Chrome/144.0.0.0 YaBrowser/26.3.0.0 Safari/537.36"
178.178.211.69 - - [14/Apr/2026:10:43:50 +0300] "GET /components/com_jshopping/files/img_products/thumb_Paradyz-Octane-grafit-2.jpg HTTP/1.1" 200 9382 "https://dks.riat.ru/termopaneli/" "Mozilla/5.0 (Windows NT 10.0; Win64; x64) AppleWebKit/537.36 (KHTML, like Gecko) Chrome/144.0.0.0 YaBrowser/26.3.0.0 Safari/537.36"
178.178.211.69 - - [14/Apr/2026:10:43:50 +0300] "GET /components/com_jshopping/files/img_products/thumb_Natural_rosa_gladka.jpg HTTP/1.1" 200 662 "https://dks.riat.ru/termopaneli/" "Mozilla/5.0 (Windows NT 10.0; Win64; x64) AppleWebKit/537.36 (KHTML, like Gecko) Chrome/144.0.0.0 YaBrowser/26.3.0.0 Safari/537.36"
178.178.211.69 - - [14/Apr/2026:10:43:50 +0300] "GET /components/com_jshopping/files/img_products/thumb_Elewacja_natural_brown.jpg HTTP/1.1" 200 1905 "https://dks.riat.ru/termopaneli/" "Mozilla/5.0 (Windows NT 10.0; Win64; x64) AppleWebKit/537.36 (KHTML, like Gecko) Chrome/144.0.0.0 YaBrowser/26.3.0.0 Safari/537.36"
178.178.211.69 - - [14/Apr/2026:10:43:50 +0300] "GET /components/com_jshopping/files/img_products/thumb_Gladka-cloud-rosa-2.jpg HTTP/1.1" 200 4450 "https://dks.riat.ru/termopaneli/" "Mozilla/5.0 (Windows NT 10.0; Win64; x64) AppleWebKit/537.36 (KHTML, like Gecko) Chrome/144.0.0.0 YaBrowser/26.3.0.0 Safari/537.36"
178.178.211.69 - - [14/Apr/2026:10:43:50 +0300] "GET /components/com_jshopping/files/img_products/thumb_Gladka_cloud_brown.jpg HTTP/1.1" 200 3794 "https://dks.riat.ru/termopaneli/" "Mozilla/5.0 (Windows NT 10.0; Win64; x64) AppleWebKit/537.36 (KHTML, like Gecko) Chrome/144.0.0.0 YaBrowser/26.3.0.0 Safari/537.36"
178.178.211.69 - - [14/Apr/2026:10:43:50 +0300] "GET /components/com_jshopping/files/img_products/thumb_Paradyz_aquariuse_beige.jpg HTTP/1.1" 200 8579 "https://dks.riat.ru/termopaneli/" "Mozilla/5.0 (Windows NT 10.0; Win64; x64) AppleWebKit/537.36 (KHTML, like Gecko) Chrome/144.0.0.0 YaBrowser/26.3.0.0 Safari/537.36"
178.178.211.69 - - [14/Apr/2026:10:43:50 +0300] "GET /components/com_jshopping/files/img_products/thumb_Cloud-broun-duro-strukt-3.jpg HTTP/1.1" 200 6157 "https://dks.riat.ru/termopaneli/" "Mozilla/5.0 (Windows NT 10.0; Win64; x64) AppleWebKit/537.36 (KHTML, like Gecko) Chrome/144.0.0.0 YaBrowser/26.3.0.0 Safari/537.36"
178.178.211.69 - - [14/Apr/2026:10:43:50 +0300] "GET /components/com_jshopping/files/img_products/thumb_Elewacja_cloud_brown_duro_strukt.jpg HTTP/1.1" 200 8009 "https://dks.riat.ru/termopaneli/" "Mozilla/5.0 (Windows NT 10.0; Win64; x64) AppleWebKit/537.36 (KHTML, like Gecko) Chrome/144.0.0.0 YaBrowser/26.3.0.0 Safari/537.36"
178.178.211.69 - - [14/Apr/2026:10:43:50 +0300] "GET /components/com_jshopping/files/img_products/thumb_554_0.jpg HTTP/1.1" 200 8338 "https://dks.riat.ru/termopaneli/" "Mozilla/5.0 (Windows NT 10.0; Win64; x64) AppleWebKit/537.36 (KHTML, like Gecko) Chrome/144.0.0.0 YaBrowser/26.3.0.0 Safari/537.36"
178.178.211.69 - - [14/Apr/2026:10:43:50 +0300] "GET /components/com_jshopping/files/img_products/thumb_556_0.jpg HTTP/1.1" 200 9662 "https://dks.riat.ru/termopaneli/" "Mozilla/5.0 (Windows NT 10.0; Win64; x64) AppleWebKit/537.36 (KHTML, like Gecko) Chrome/144.0.0.0 YaBrowser/26.3.0.0 Safari/537.36"
178.178.211.69 - - [14/Apr/2026:10:43:50 +0300] "GET /components/com_jshopping/files/img_products/thumb_561_0.jpg HTTP/1.1" 200 9921 "https://dks.riat.ru/termopaneli/" "Mozilla/5.0 (Windows NT 10.0; Win64; x64) AppleWebKit/537.36 (KHTML, like Gecko) Chrome/144.0.0.0 YaBrowser/26.3.0.0 Safari/537.36"
178.178.211.69 - - [14/Apr/2026:10:43:50 +0300] "GET /components/com_jshopping/files/img_products/thumb_560_0.jpg HTTP/1.1" 200 9384 "https://dks.riat.ru/termopaneli/" "Mozilla/5.0 (Windows NT 10.0; Win64; x64) AppleWebKit/537.36 (KHTML, like Gecko) Chrome/144.0.0.0 YaBrowser/26.3.0.0 Safari/537.36"
178.178.211.69 - - [14/Apr/2026:10:43:50 +0300] "GET /components/com_jshopping/files/img_products/thumb_evia-th.jpg HTTP/1.1" 200 9717 "https://dks.riat.ru/termopaneli/" "Mozilla/5.0 (Windows NT 10.0; Win64; x64) AppleWebKit/537.36 (KHTML, like Gecko) Chrome/144.0.0.0 YaBrowser/26.3.0.0 Safari/537.36"
178.178.211.69 - - [14/Apr/2026:10:43:50 +0300] "GET /components/com_jshopping/files/img_products/thumb_beria-th.jpg HTTP/1.1" 200 9195 "https://dks.riat.ru/termopaneli/" "Mozilla/5.0 (Windows NT 10.0; Win64; x64) AppleWebKit/537.36 (KHTML, like Gecko) Chrome/144.0.0.0 YaBrowser/26.3.0.0 Safari/537.36"
178.178.211.69 - - [14/Apr/2026:10:43:50 +0300] "GET /components/com_jshopping/files/img_products/thumb_arfak-th.jpg HTTP/1.1" 200 9865 "https://dks.riat.ru/termopaneli/" "Mozilla/5.0 (Windows NT 10.0; Win64; x64) AppleWebKit/537.36 (KHTML, like Gecko) Chrome/144.0.0.0 YaBrowser/26.3.0.0 Safari/537.36"
178.178.211.69 - - [14/Apr/2026:10:43:50 +0300] "GET /components/com_jshopping/files/img_products/thumb_akita-th.jpg HTTP/1.1" 200 9170 "https://dks.riat.ru/termopaneli/" "Mozilla/5.0 (Windows NT 10.0; Win64; x64) AppleWebKit/537.36 (KHTML, like Gecko) Chrome/144.0.0.0 YaBrowser/26.3.0.0 Safari/537.36"
178.178.211.69 - - [14/Apr/2026:10:43:50 +0300] "GET /components/com_jshopping/files/img_products/thumb_aidaho4-th2.jpg HTTP/1.1" 200 10975 "https://dks.riat.ru/termopaneli/" "Mozilla/5.0 (Windows NT 10.0; Win64; x64) AppleWebKit/537.36 (KHTML, like Gecko) Chrome/144.0.0.0 YaBrowser/26.3.0.0 Safari/537.36"
178.178.211.69 - - [14/Apr/2026:10:43:50 +0300] "GET /components/com_jshopping/files/img_products/thumb_aidaho3-th.jpg HTTP/1.1" 200 9552 "https://dks.riat.ru/termopaneli/" "Mozilla/5.0 (Windows NT 10.0; Win64; x64) AppleWebKit/537.36 (KHTML, like Gecko) Chrome/144.0.0.0 YaBrowser/26.3.0.0 Safari/537.36"
178.178.211.69 - - [14/Apr/2026:10:43:50 +0300] "GET /components/com_jshopping/files/img_products/thumb_aidaho2-th.jpg HTTP/1.1" 200 10442 "https://dks.riat.ru/termopaneli/" "Mozilla/5.0 (Windows NT 10.0; Win64; x64) AppleWebKit/537.36 (KHTML, like Gecko) Chrome/144.0.0.0 YaBrowser/26.3.0.0 Safari/537.36"
178.178.211.69 - - [14/Apr/2026:10:43:50 +0300] "GET /components/com_jshopping/files/img_products/thumb________4.jpg HTTP/1.1" 200 10188 "https://dks.riat.ru/termopaneli/" "Mozilla/5.0 (Windows NT 10.0; Win64; x64) AppleWebKit/537.36 (KHTML, like Gecko) Chrome/144.0.0.0 YaBrowser/26.3.0.0 Safari/537.36"
178.178.211.69 - - [14/Apr/2026:10:43:50 +0300] "GET /components/com_jshopping/files/img_products/thumb__________________5.jpg HTTP/1.1" 200 9670 "https://dks.riat.ru/termopaneli/" "Mozilla/5.0 (Windows NT 10.0; Win64; x64) AppleWebKit/537.36 (KHTML, like Gecko) Chrome/144.0.0.0 YaBrowser/26.3.0.0 Safari/537.36"
178.178.211.69 - - [14/Apr/2026:10:43:50 +0300] "GET /components/com_jshopping/files/img_products/thumb__________________4.jpg HTTP/1.1" 200 11159 "https://dks.riat.ru/termopaneli/" "Mozilla/5.0 (Windows NT 10.0; Win64; x64) AppleWebKit/537.36 (KHTML, like Gecko) Chrome/144.0.0.0 YaBrowser/26.3.0.0 Safari/537.36"
178.178.211.69 - - [14/Apr/2026:10:43:50 +0300] "GET /components/com_jshopping/files/img_products/thumb__________________3.jpg HTTP/1.1" 200 9807 "https://dks.riat.ru/termopaneli/" "Mozilla/5.0 (Windows NT 10.0; Win64; x64) AppleWebKit/537.36 (KHTML, like Gecko) Chrome/144.0.0.0 YaBrowser/26.3.0.0 Safari/537.36"
178.178.211.69 - - [14/Apr/2026:10:43:50 +0300] "GET /components/com_jshopping/files/img_products/thumb__________________2.jpg HTTP/1.1" 200 9182 "https://dks.riat.ru/termopaneli/" "Mozilla/5.0 (Windows NT 10.0; Win64; x64) AppleWebKit/537.36 (KHTML, like Gecko) Chrome/144.0.0.0 YaBrowser/26.3.0.0 Safari/537.36"
178.178.211.69 - - [14/Apr/2026:10:43:50 +0300] "GET /components/com_jshopping/files/img_products/thumb__________________1.jpg HTTP/1.1" 200 9084 "https://dks.riat.ru/termopaneli/" "Mozilla/5.0 (Windows NT 10.0; Win64; x64) AppleWebKit/537.36 (KHTML, like Gecko) Chrome/144.0.0.0 YaBrowser/26.3.0.0 Safari/537.36"
178.178.211.69 - - [14/Apr/2026:10:43:50 +0300] "GET /components/com_jshopping/files/img_products/thumb____________________7.jpg HTTP/1.1" 200 4272 "https://dks.riat.ru/termopaneli/" "Mozilla/5.0 (Windows NT 10.0; Win64; x64) AppleWebKit/537.36 (KHTML, like Gecko) Chrome/144.0.0.0 YaBrowser/26.3.0.0 Safari/537.36"
178.178.211.69 - - [14/Apr/2026:10:43:50 +0300] "GET /components/com_jshopping/files/img_products/thumb____________________4_____________.jpg HTTP/1.1" 200 9070 "https://dks.riat.ru/termopaneli/" "Mozilla/5.0 (Windows NT 10.0; Win64; x64) AppleWebKit/537.36 (KHTML, like Gecko) Chrome/144.0.0.0 YaBrowser/26.3.0.0 Safari/537.36"
178.178.211.69 - - [14/Apr/2026:10:43:50 +0300] "GET /components/com_jshopping/files/img_products/thumb____________________4.jpg HTTP/1.1" 200 6948 "https://dks.riat.ru/termopaneli/" "Mozilla/5.0 (Windows NT 10.0; Win64; x64) AppleWebKit/537.36 (KHTML, like Gecko) Chrome/144.0.0.0 YaBrowser/26.3.0.0 Safari/537.36"
178.178.211.69 - - [14/Apr/2026:10:43:51 +0300] "GET /components/com_jshopping/files/img_products/thumb_amster-2.jpg HTTP/1.1" 200 5502 "https://dks.riat.ru/termopaneli/" "Mozilla/5.0 (Windows NT 10.0; Win64; x64) AppleWebKit/537.36 (KHTML, like Gecko) Chrome/144.0.0.0 YaBrowser/26.3.0.0 Safari/537.36"
178.178.211.69 - - [14/Apr/2026:10:43:51 +0300] "GET /components/com_jshopping/files/img_products/thumb_536_0.jpg HTTP/1.1" 200 31065 "https://dks.riat.ru/termopaneli/" "Mozilla/5.0 (Windows NT 10.0; Win64; x64) AppleWebKit/537.36 (KHTML, like Gecko) Chrome/144.0.0.0 YaBrowser/26.3.0.0 Safari/537.36"
178.178.211.69 - - [14/Apr/2026:10:43:51 +0300] "GET /components/com_jshopping/files/img_products/thumb_6185_0.jpg HTTP/1.1" 200 37614 "https://dks.riat.ru/termopaneli/" "Mozilla/5.0 (Windows NT 10.0; Win64; x64) AppleWebKit/537.36 (KHTML, like Gecko) Chrome/144.0.0.0 YaBrowser/26.3.0.0 Safari/537.36"
178.178.211.69 - - [14/Apr/2026:10:43:51 +0300] "GET /components/com_jshopping/files/img_products/thumb_533_4.jpg HTTP/1.1" 200 23877 "https://dks.riat.ru/termopaneli/" "Mozilla/5.0 (Windows NT 10.0; Win64; x64) AppleWebKit/537.36 (KHTML, like Gecko) Chrome/144.0.0.0 YaBrowser/26.3.0.0 Safari/537.36"
178.178.211.69 - - [14/Apr/2026:10:43:51 +0300] "GET /images/2026/tp-do2.jpg HTTP/1.1" 200 192602 "https://dks.riat.ru/termopaneli/" "Mozilla/5.0 (Windows NT 10.0; Win64; x64) AppleWebKit/537.36 (KHTML, like Gecko) Chrome/144.0.0.0 YaBrowser/26.3.0.0 Safari/537.36"
65.108.72.210 - - [14/Apr/2026:10:43:49 +0300] "GET /kazan/component/speasyimagegallery/album/p-ryabinka HTTP/1.0" 200 12228 "https://dks.riat.ru/kazan/termopaneli/foto-obektov" "Mozilla/5.0 (compatible; SEOkicks; +https://www.seokicks.de/robot.html)"
178.178.211.69 - - [14/Apr/2026:10:43:51 +0300] "GET /images/2026/tp-do1.jpg HTTP/1.1" 200 223496 "https://dks.riat.ru/termopaneli/" "Mozilla/5.0 (Windows NT 10.0; Win64; x64) AppleWebKit/537.36 (KHTML, like Gecko) Chrome/144.0.0.0 YaBrowser/26.3.0.0 Safari/537.36"
178.178.211.69 - - [14/Apr/2026:10:43:52 +0300] "GET /images/2026/tp-posle2.jpg HTTP/1.1" 200 226140 "https://dks.riat.ru/termopaneli/" "Mozilla/5.0 (Windows NT 10.0; Win64; x64) AppleWebKit/537.36 (KHTML, like Gecko) Chrome/144.0.0.0 YaBrowser/26.3.0.0 Safari/537.36"
178.178.211.69 - - [14/Apr/2026:10:43:52 +0300] "GET /images/2019/02/28/bluefon-final.jpg HTTP/1.1" 200 212489 "https://dks.riat.ru/termopaneli/" "Mozilla/5.0 (Windows NT 10.0; Win64; x64) AppleWebKit/537.36 (KHTML, like Gecko) Chrome/144.0.0.0 YaBrowser/26.3.0.0 Safari/537.36"
178.178.211.69 - - [14/Apr/2026:10:43:52 +0300] "GET /images/2026/tp-posle1.jpg HTTP/1.1" 200 250725 "https://dks.riat.ru/termopaneli/" "Mozilla/5.0 (Windows NT 10.0; Win64; x64) AppleWebKit/537.36 (KHTML, like Gecko) Chrome/144.0.0.0 YaBrowser/26.3.0.0 Safari/537.36"
178.178.211.69 - - [14/Apr/2026:10:43:53 +0300] "GET /images/2021/07/21/paneli2.jpg HTTP/1.1" 200 168236 "https://dks.riat.ru/termopaneli/" "Mozilla/5.0 (Windows NT 10.0; Win64; x64) AppleWebKit/537.36 (KHTML, like Gecko) Chrome/144.0.0.0 YaBrowser/26.3.0.0 Safari/537.36"
178.178.211.69 - - [14/Apr/2026:10:43:53 +0300] "GET /images/2019/02/28/riat-fon.jpg HTTP/1.1" 200 64886 "https://dks.riat.ru/termopaneli/" "Mozilla/5.0 (Windows NT 10.0; Win64; x64) AppleWebKit/537.36 (KHTML, like Gecko) Chrome/144.0.0.0 YaBrowser/26.3.0.0 Safari/537.36"
178.178.211.69 - - [14/Apr/2026:10:43:53 +0300] "GET /images/2023/05/28/chertezh-65.jpg HTTP/1.1" 200 43552 "https://dks.riat.ru/termopaneli/" "Mozilla/5.0 (Windows NT 10.0; Win64; x64) AppleWebKit/537.36 (KHTML, like Gecko) Chrome/144.0.0.0 YaBrowser/26.3.0.0 Safari/537.36"
178.178.211.69 - - [14/Apr/2026:10:43:53 +0300] "GET /images/2023/05/28/char-65-22.jpg HTTP/1.1" 200 72594 "https://dks.riat.ru/termopaneli/" "Mozilla/5.0 (Windows NT 10.0; Win64; x64) AppleWebKit/537.36 (KHTML, like Gecko) Chrome/144.0.0.0 YaBrowser/26.3.0.0 Safari/537.36"
178.178.211.69 - - [14/Apr/2026:10:43:53 +0300] "GET /images/2021/05/31/tp-fon.jpg HTTP/1.1" 200 161019 "https://dks.riat.ru/termopaneli/" "Mozilla/5.0 (Windows NT 10.0; Win64; x64) AppleWebKit/537.36 (KHTML, like Gecko) Chrome/144.0.0.0 YaBrowser/26.3.0.0 Safari/537.36"
178.178.211.69 - - [14/Apr/2026:10:43:53 +0300] "GET /videoplayback.mp4 HTTP/1.0" 206 6305166 "https://dks.riat.ru/termopaneli/" "Mozilla/5.0 (Windows NT 10.0; Win64; x64) AppleWebKit/537.36 (KHTML, like Gecko) Chrome/144.0.0.0 YaBrowser/26.3.0.0 Safari/537.36"
178.178.211.69 - - [14/Apr/2026:10:43:54 +0300] "GET /images/2019/03/15/top-panel.png HTTP/1.1" 200 299581 "https://dks.riat.ru/termopaneli/" "Mozilla/5.0 (Windows NT 10.0; Win64; x64) AppleWebKit/537.36 (KHTML, like Gecko) Chrome/144.0.0.0 YaBrowser/26.3.0.0 Safari/537.36"
178.178.211.69 - - [14/Apr/2026:10:43:54 +0300] "GET /videoplayback2.mp4 HTTP/1.0" 206 19441294 "https://dks.riat.ru/termopaneli/" "Mozilla/5.0 (Windows NT 10.0; Win64; x64) AppleWebKit/537.36 (KHTML, like Gecko) Chrome/144.0.0.0 YaBrowser/26.3.0.0 Safari/537.36"
178.178.211.69 - - [14/Apr/2026:10:43:54 +0300] "GET /images/logo-bottom.png HTTP/1.1" 200 11304 "https://dks.riat.ru/termopaneli/" "Mozilla/5.0 (Windows NT 10.0; Win64; x64) AppleWebKit/537.36 (KHTML, like Gecko) Chrome/144.0.0.0 YaBrowser/26.3.0.0 Safari/537.36"
178.178.211.69 - - [14/Apr/2026:10:43:54 +0300] "GET /images/2021/termopaneli/n-kam/0d1d782a-e0a9-4318-9c70-c2d965e17e8f.jpg HTTP/1.1" 200 169962 "https://dks.riat.ru/termopaneli/" "Mozilla/5.0 (Windows NT 10.0; Win64; x64) AppleWebKit/537.36 (KHTML, like Gecko) Chrome/144.0.0.0 YaBrowser/26.3.0.0 Safari/537.36"
178.178.211.69 - - [14/Apr/2026:10:43:54 +0300] "GET /images/2019/03/01/form-fon.jpg HTTP/1.1" 200 34838 "https://dks.riat.ru/termopaneli/" "Mozilla/5.0 (Windows NT 10.0; Win64; x64) AppleWebKit/537.36 (KHTML, like Gecko) Chrome/144.0.0.0 YaBrowser/26.3.0.0 Safari/537.36"
178.178.211.69 - - [14/Apr/2026:10:43:55 +0300] "GET /images/2019/01/28/tab-fon.jpg HTTP/1.1" 200 282232 "https://dks.riat.ru/termopaneli/" "Mozilla/5.0 (Windows NT 10.0; Win64; x64) AppleWebKit/537.36 (KHTML, like Gecko) Chrome/144.0.0.0 YaBrowser/26.3.0.0 Safari/537.36"
178.178.211.69 - - [14/Apr/2026:10:43:55 +0300] "GET /modules/mod_mycityselector/tmpl/webpack/mcs-modal/dist/build.js HTTP/1.1" 200 215291 "https://dks.riat.ru/termopaneli/" "Mozilla/5.0 (Windows NT 10.0; Win64; x64) AppleWebKit/537.36 (KHTML, like Gecko) Chrome/144.0.0.0 YaBrowser/26.3.0.0 Safari/537.36"
65.108.72.210 - - [14/Apr/2026:10:43:55 +0300] "GET /kazan/component/speasyimagegallery/album/p-taulyk HTTP/1.0" 200 12173 "https://dks.riat.ru/kazan/termopaneli/foto-obektov" "Mozilla/5.0 (compatible; SEOkicks; +https://www.seokicks.de/robot.html)"
114.119.134.121 - - [14/Apr/2026:10:43:56 +0300] "GET /surgut HTTP/1.0" 200 16138 "https://dks.riat.ru/surgut" "Mozilla/5.0 (Linux; Android 7.0;) AppleWebKit/537.36 (KHTML, like Gecko) Mobile Safari/537.36 (compatible; PetalBot;+https://webmaster.petalsearch.com/site/petalbot)"
176.59.131.210 - - [14/Apr/2026:10:43:54 +0300] "GET /krasnoyarsk/termopaneli HTTP/1.0" 200 41205 "https://www.google.com/" "Mozilla/5.0 (Linux; Android 10; K) AppleWebKit/537.36 (KHTML, like Gecko) Chrome/146.0.0.0 Mobile Safari/537.36"
178.178.211.69 - - [14/Apr/2026:10:44:00 +0300] "GET /images/logo-riat.png HTTP/1.1" 200 6322 "https://dks.riat.ru/termopaneli/" "Mozilla/5.0 (Windows NT 10.0; Win64; x64) AppleWebKit/537.36 (KHTML, like Gecko) Chrome/144.0.0.0 YaBrowser/26.3.0.0 Safari/537.36"
176.59.131.210 - - [14/Apr/2026:10:44:00 +0300] "GET /modules/mod_vertical_menu/js/perfect-scrollbar.js?_=1776152639 HTTP/1.1" 200 15151 "https://dks.riat.ru/krasnoyarsk/termopaneli" "Mozilla/5.0 (Linux; Android 10; K) AppleWebKit/537.36 (KHTML, like Gecko) Chrome/146.0.0.0 Mobile Safari/537.36"
176.59.131.210 - - [14/Apr/2026:10:44:00 +0300] "GET /modules/mod_vertical_menu/js/mod_vertical_menu.js?_=1776152639 HTTP/1.1" 200 57188 "https://dks.riat.ru/krasnoyarsk/termopaneli" "Mozilla/5.0 (Linux; Android 10; K) AppleWebKit/537.36 (KHTML, like Gecko) Chrome/146.0.0.0 Mobile Safari/537.36"
176.59.131.210 - - [14/Apr/2026:10:44:01 +0300] "GET /videoplayback.mp4 HTTP/1.0" 206 4863683 "https://dks.riat.ru/krasnoyarsk/termopaneli" "Mozilla/5.0 (Linux; Android 10; K) AppleWebKit/537.36 (KHTML, like Gecko) Chrome/146.0.0.0 Mobile Safari/537.36"
176.59.131.210 - - [14/Apr/2026:10:44:01 +0300] "GET /videoplayback2.mp4 HTTP/1.0" 206 18065351 "https://dks.riat.ru/krasnoyarsk/termopaneli" "Mozilla/5.0 (Linux; Android 10; K) AppleWebKit/537.36 (KHTML, like Gecko) Chrome/146.0.0.0 Mobile Safari/537.36"
65.108.72.210 - - [14/Apr/2026:10:44:03 +0300] "GET /kazan/component/speasyimagegallery/album/almetevsk HTTP/1.0" 200 12154 "https://dks.riat.ru/kazan/termopaneli/foto-obektov" "Mozilla/5.0 (compatible; SEOkicks; +https://www.seokicks.de/robot.html)"
65.108.72.210 - - [14/Apr/2026:10:44:09 +0300] "GET /kazan/component/speasyimagegallery/album/almetevsk-2 HTTP/1.0" 200 12194 "https://dks.riat.ru/kazan/termopaneli/foto-obektov" "Mozilla/5.0 (compatible; SEOkicks; +https://www.seokicks.de/robot.html)"
65.108.72.210 - - [14/Apr/2026:10:44:15 +0300] "GET /kazan/component/speasyimagegallery/album/g-naberezhnye-chelny HTTP/1.0" 200 12277 "https://dks.riat.ru/kazan/termopaneli/foto-obektov" "Mozilla/5.0 (compatible; SEOkicks; +https://www.seokicks.de/robot.html)"
178.178.211.69 - - [14/Apr/2026:10:44:22 +0300] "GET /images/2019/01/29/timetable.png HTTP/1.1" 200 1560 "https://dks.riat.ru/termopaneli/" "Mozilla/5.0 (Windows NT 10.0; Win64; x64) AppleWebKit/537.36 (KHTML, like Gecko) Chrome/144.0.0.0 YaBrowser/26.3.0.0 Safari/537.36"
178.178.211.69 - - [14/Apr/2026:10:44:22 +0300] "GET /images/2019/01/29/no-rodents.png HTTP/1.1" 200 1939 "https://dks.riat.ru/termopaneli/" "Mozilla/5.0 (Windows NT 10.0; Win64; x64) AppleWebKit/537.36 (KHTML, like Gecko) Chrome/144.0.0.0 YaBrowser/26.3.0.0 Safari/537.36"
178.178.211.69 - - [14/Apr/2026:10:44:22 +0300] "GET /images/2019/01/29/no-fire.png HTTP/1.1" 200 1934 "https://dks.riat.ru/termopaneli/" "Mozilla/5.0 (Windows NT 10.0; Win64; x64) AppleWebKit/537.36 (KHTML, like Gecko) Chrome/144.0.0.0 YaBrowser/26.3.0.0 Safari/537.36"
178.178.211.69 - - [14/Apr/2026:10:44:22 +0300] "GET /images/2019/01/29/security.png HTTP/1.1" 200 1400 "https://dks.riat.ru/termopaneli/" "Mozilla/5.0 (Windows NT 10.0; Win64; x64) AppleWebKit/537.36 (KHTML, like Gecko) Chrome/144.0.0.0 YaBrowser/26.3.0.0 Safari/537.36"
178.178.211.69 - - [14/Apr/2026:10:44:22 +0300] "GET /images/2019/01/29/leaf.png HTTP/1.1" 200 1434 "https://dks.riat.ru/termopaneli/" "Mozilla/5.0 (Windows NT 10.0; Win64; x64) AppleWebKit/537.36 (KHTML, like Gecko) Chrome/144.0.0.0 YaBrowser/26.3.0.0 Safari/537.36"
178.178.211.69 - - [14/Apr/2026:10:44:22 +0300] "GET /images/2019/03/18/srav-table.jpg HTTP/1.1" 200 69186 "https://dks.riat.ru/termopaneli/" "Mozilla/5.0 (Windows NT 10.0; Win64; x64) AppleWebKit/537.36 (KHTML, like Gecko) Chrome/144.0.0.0 YaBrowser/26.3.0.0 Safari/537.36"
65.108.72.210 - - [14/Apr/2026:10:44:22 +0300] "GET /kazan/component/speasyimagegallery/album/kalmiya HTTP/1.0" 200 12478 "https://dks.riat.ru/kazan/termopaneli/foto-obektov" "Mozilla/5.0 (compatible; SEOkicks; +https://www.seokicks.de/robot.html)"
65.108.72.210 - - [14/Apr/2026:10:44:29 +0300] "GET /kazan/component/speasyimagegallery/album/g-naberezhnye-chelny-2 HTTP/1.0" 200 12202 "https://dks.riat.ru/kazan/termopaneli/foto-obektov" "Mozilla/5.0 (compatible; SEOkicks; +https://www.seokicks.de/robot.html)"
65.108.72.210 - - [14/Apr/2026:10:44:36 +0300] "GET /kazan/component/speasyimagegallery/album/g-nizhnekamsk HTTP/1.0" 200 12912 "https://dks.riat.ru/kazan/termopaneli/foto-obektov" "Mozilla/5.0 (compatible; SEOkicks; +https://www.seokicks.de/robot.html)"
65.108.72.210 - - [14/Apr/2026:10:44:43 +0300] "GET /kazan/component/speasyimagegallery/album/g-orenburg HTTP/1.0" 200 12074 "https://dks.riat.ru/kazan/termopaneli/foto-obektov" "Mozilla/5.0 (compatible; SEOkicks; +https://www.seokicks.de/robot.html)"
65.108.72.210 - - [14/Apr/2026:10:44:59 +0300] "GET /kazan/component/speasyimagegallery/album/p-sosnovyj-bor HTTP/1.0" 200 12287 "https://dks.riat.ru/kazan/termopaneli/foto-obektov" "Mozilla/5.0 (compatible; SEOkicks; +https://www.seokicks.de/robot.html)"
104.239.74.10 - - [14/Apr/2026:10:45:06 +0300] "GET /termopaneli/ HTTP/1.0" 301 185 "http://dks.riat.ru/termopaneli/" "Mozilla/5.0 (Windows NT 6.3; Win64; x64) AppleWebKit/537.36 (KHTML, like Gecko) Chrome/103.0.5060.66 Safari/537.36"
65.108.72.210 - - [14/Apr/2026:10:45:05 +0300] "GET /kazan/component/speasyimagegallery/album/p-shilna HTTP/1.0" 200 12899 "https://dks.riat.ru/kazan/termopaneli/foto-obektov" "Mozilla/5.0 (compatible; SEOkicks; +https://www.seokicks.de/robot.html)"
104.239.74.10 - - [14/Apr/2026:10:45:07 +0300] "GET /termopaneli/ HTTP/1.0" 200 327860 "https://dks.riat.ru/termopaneli/" "Mozilla/5.0 (Windows NT 6.3; Win64; x64) AppleWebKit/537.36 (KHTML, like Gecko) Chrome/103.0.5060.66 Safari/537.36"
65.108.72.210 - - [14/Apr/2026:10:45:13 +0300] "GET /kazan/component/speasyimagegallery/album/elabuga-2 HTTP/1.0" 200 12196 "https://dks.riat.ru/kazan/termopaneli/foto-obektov" "Mozilla/5.0 (compatible; SEOkicks; +https://www.seokicks.de/robot.html)"
104.239.74.10 - - [14/Apr/2026:10:45:13 +0300] "GET /component/users/?view=login HTTP/1.0" 200 99293 "https://dks.riat.ru/component/users/?view=login" "Mozilla/5.0 (Windows NT 6.3; Win64; x64) AppleWebKit/537.36 (KHTML, like Gecko) Chrome/103.0.5060.66 Safari/537.36"
37.59.204.153 - - [14/Apr/2026:10:45:16 +0300] "GET /makhachkala/component/speasyimagegallery/album/p-alan HTTP/1.0" 200 12288 "-" "Mozilla/5.0 (compatible; AhrefsBot/7.0; +http://ahrefs.com/robot/)"
104.239.74.10 - - [14/Apr/2026:10:45:17 +0300] "POST /component/users/?task=user.login&Itemid=101 HTTP/1.0" 303 407 "https://dks.riat.ru/component/users/?view=login" "Mozilla/5.0 (Windows NT 6.3; Win64; x64) AppleWebKit/537.36 (KHTML, like Gecko) Chrome/103.0.5060.66 Safari/537.36"
85.208.96.210 - - [14/Apr/2026:10:45:18 +0300] "GET /nizhnevartovsk/component/speasyimagegallery/album/g-orenburg HTTP/1.0" 200 12185 "-" "Mozilla/5.0 (compatible; SemrushBot/7~bl; +http://www.semrush.com/bot.html)"
65.108.72.210 - - [14/Apr/2026:10:45:19 +0300] "GET /kazan/component/speasyimagegallery/album/elabuga-3 HTTP/1.0" 200 12272 "https://dks.riat.ru/kazan/termopaneli/foto-obektov" "Mozilla/5.0 (compatible; SEOkicks; +https://www.seokicks.de/robot.html)"
104.239.74.10 - - [14/Apr/2026:10:45:20 +0300] "GET /component/users/?view=login&Itemid=101 HTTP/1.0" 200 103868 "https://dks.riat.ru/?view=login&Itemid=101" "Mozilla/5.0 (Windows NT 6.3; Win64; x64) AppleWebKit/537.36 (KHTML, like Gecko) Chrome/103.0.5060.66 Safari/537.36"
65.108.72.210 - - [14/Apr/2026:10:45:26 +0300] "GET /kazan/component/speasyimagegallery/album/samara HTTP/1.0" 200 12150 "https://dks.riat.ru/kazan/termopaneli/foto-obektov" "Mozilla/5.0 (compatible; SEOkicks; +https://www.seokicks.de/robot.html)"
104.239.74.10 - - [14/Apr/2026:10:45:23 +0300] "GET /termopaneli/ HTTP/1.0" 200 327763 "https://dks.riat.ru/termopaneli/" "Mozilla/5.0 (Windows NT 6.3; Win64; x64) AppleWebKit/537.36 (KHTML, like Gecko) Chrome/103.0.5060.66 Safari/537.36"
178.178.211.69 - - [14/Apr/2026:10:45:29 +0300] "GET /images/2019/03/21/panel.jpg HTTP/1.1" 200 219062 "https://dks.riat.ru/termopaneli/" "Mozilla/5.0 (Windows NT 10.0; Win64; x64) AppleWebKit/537.36 (KHTML, like Gecko) Chrome/144.0.0.0 YaBrowser/26.3.0.0 Safari/537.36"
178.178.211.69 - - [14/Apr/2026:10:45:30 +0300] "GET /images/2025/12/21/clarity-eps-00.webp HTTP/1.0" 200 159310 "https://dks.riat.ru/termopaneli/" "Mozilla/5.0 (Windows NT 10.0; Win64; x64) AppleWebKit/537.36 (KHTML, like Gecko) Chrome/144.0.0.0 YaBrowser/26.3.0.0 Safari/537.36"
104.239.74.10 - - [14/Apr/2026:10:45:32 +0300] "POST /termopaneli/ HTTP/1.0" 303 678 "https://dks.riat.ru/termopaneli/" "Mozilla/5.0 (Windows NT 6.3; Win64; x64) AppleWebKit/537.36 (KHTML, like Gecko) Chrome/103.0.5060.66 Safari/537.36"
65.108.72.210 - - [14/Apr/2026:10:45:34 +0300] "GET /kazan/component/speasyimagegallery/album/starye-erykly HTTP/1.0" 200 12214 "https://dks.riat.ru/kazan/termopaneli/foto-obektov" "Mozilla/5.0 (compatible; SEOkicks; +https://www.seokicks.de/robot.html)"
178.178.211.69 - - [14/Apr/2026:10:45:39 +0300] "GET /images/2025/12/21/contract-1.png HTTP/1.1" 200 2326 "https://dks.riat.ru/termopaneli/" "Mozilla/5.0 (Windows NT 10.0; Win64; x64) AppleWebKit/537.36 (KHTML, like Gecko) Chrome/144.0.0.0 YaBrowser/26.3.0.0 Safari/537.36"
178.178.211.69 - - [14/Apr/2026:10:45:39 +0300] "GET /images/2025/12/21/credit-card.png HTTP/1.1" 200 1831 "https://dks.riat.ru/termopaneli/" "Mozilla/5.0 (Windows NT 10.0; Win64; x64) AppleWebKit/537.36 (KHTML, like Gecko) Chrome/144.0.0.0 YaBrowser/26.3.0.0 Safari/537.36"
104.239.74.10 - - [14/Apr/2026:10:45:36 +0300] "GET /termopaneli/ HTTP/1.0" 200 327763 "https://dks.riat.ru/termopaneli/" "Mozilla/5.0 (Windows NT 6.3; Win64; x64) AppleWebKit/537.36 (KHTML, like Gecko) Chrome/103.0.5060.66 Safari/537.36"
178.178.211.69 - - [14/Apr/2026:10:45:42 +0300] "GET /images/2025/12/21/thickness.png HTTP/1.1" 200 852 "https://dks.riat.ru/termopaneli/" "Mozilla/5.0 (Windows NT 10.0; Win64; x64) AppleWebKit/537.36 (KHTML, like Gecko) Chrome/144.0.0.0 YaBrowser/26.3.0.0 Safari/537.36"
178.178.211.69 - - [14/Apr/2026:10:45:42 +0300] "GET /images/2025/12/21/dimensions.png HTTP/1.1" 200 1466 "https://dks.riat.ru/termopaneli/" "Mozilla/5.0 (Windows NT 10.0; Win64; x64) AppleWebKit/537.36 (KHTML, like Gecko) Chrome/144.0.0.0 YaBrowser/26.3.0.0 Safari/537.36"
178.178.211.69 - - [14/Apr/2026:10:45:42 +0300] "GET /images/2025/12/21/calculator.png HTTP/1.1" 200 1781 "https://dks.riat.ru/termopaneli/" "Mozilla/5.0 (Windows NT 10.0; Win64; x64) AppleWebKit/537.36 (KHTML, like Gecko) Chrome/144.0.0.0 YaBrowser/26.3.0.0 Safari/537.36"
65.108.72.210 - - [14/Apr/2026:10:45:40 +0300] "GET /kazan/component/speasyimagegallery/album/kazan HTTP/1.0" 200 12224 "https://dks.riat.ru/kazan/termopaneli/foto-obektov" "Mozilla/5.0 (compatible; SEOkicks; +https://www.seokicks.de/robot.html)"
65.108.72.210 - - [14/Apr/2026:10:45:46 +0300] "GET /kazan/component/speasyimagegallery/album/g-salavat-bashkortostan HTTP/1.0" 200 12353 "https://dks.riat.ru/kazan/termopaneli/foto-obektov" "Mozilla/5.0 (compatible; SEOkicks; +https://www.seokicks.de/robot.html)"
114.119.138.98 - - [14/Apr/2026:10:45:48 +0300] "GET /pskov/component/speasyimagegallery/album/p-kozlovka HTTP/1.0" 200 12298 "https://dks.riat.ru/pskov/component/speasyimagegallery/album/p-kozlovka" "Mozilla/5.0 (Linux; Android 7.0;) AppleWebKit/537.36 (KHTML, like Gecko) Mobile Safari/537.36 (compatible; PetalBot;+https://webmaster.petalsearch.com/site/petalbot)"
77.238.254.64 - - [14/Apr/2026:10:45:48 +0300] "POST /termopaneli/ HTTP/1.0" 303 678 "https://dks.riat.ru/termopaneli/" "Mozilla/5.0 (Windows NT 10.0; Win64; x64) AppleWebKit/537.36 (KHTML, like Gecko) Chrome/130.0.0.0 Safari/537.36 CCleaner/130.0.0.0"
77.238.254.64 - - [14/Apr/2026:10:45:52 +0300] "GET /termopaneli/ HTTP/1.0" 200 327763 "https://dks.riat.ru/termopaneli/" "Mozilla/5.0 (Windows NT 10.0; Win64; x64) AppleWebKit/537.36 (KHTML, like Gecko) Chrome/130.0.0.0 Safari/537.36 CCleaner/130.0.0.0"
65.108.72.210 - - [14/Apr/2026:10:46:00 +0300] "GET /kazan/component/speasyimagegallery/album/s-smylovka-nizhnekamskij-rajon HTTP/1.0" 200 12390 "https://dks.riat.ru/kazan/termopaneli/foto-obektov" "Mozilla/5.0 (compatible; SEOkicks; +https://www.seokicks.de/robot.html)"
178.178.211.69 - - [14/Apr/2026:10:46:07 +0300] "GET /images/2019/02/28/galka.png HTTP/1.1" 200 1360 "https://dks.riat.ru/termopaneli/" "Mozilla/5.0 (Windows NT 10.0; Win64; x64) AppleWebKit/537.36 (KHTML, like Gecko) Chrome/144.0.0.0 YaBrowser/26.3.0.0 Safari/537.36"
65.108.72.210 - - [14/Apr/2026:10:46:07 +0300] "GET /kazan/component/search/?Itemid=126&format=opensearch HTTP/1.0" 200 873 "https://dks.riat.ru/kazan/o-kompanii" "Mozilla/5.0 (compatible; SEOkicks; +https://www.seokicks.de/robot.html)"
136.169.174.141 - - [14/Apr/2026:10:46:03 +0300] "GET /termopaneli/?utm_source=yandex&utm_medium=rsi&utm_campaign=703984543&utm_content=17342528461&utm_term=---autotargeting&yclid=18021587318086041599 HTTP/1.0" 200 21888 "https://smartmedia.mail.ru/" "Mozilla/5.0 (Linux; Android 10; MOA-LX9N Build/HONORMOA-LX9N; wv) AppleWebKit/537.36 (KHTML, like Gecko) Version/4.0 Chrome/92.0.4515.105 Mobile Safari/537.36"
136.169.174.141 - - [14/Apr/2026:10:46:04 +0300] "GET /termopaneli/?utm_source=yandex&utm_medium=rsi&utm_campaign=703984543&utm_content=17342528461&utm_term=---autotargeting&yclid=18021587318086041599 HTTP/1.0" 200 21888 "https://smartmedia.mail.ru/" "Mozilla/5.0 (Linux; Android 10; MOA-LX9N Build/HONORMOA-LX9N; wv) AppleWebKit/537.36 (KHTML, like Gecko) Version/4.0 Chrome/92.0.4515.105 Mobile Safari/537.36"
65.108.72.210 - - [14/Apr/2026:10:46:11 +0300] "GET /kazan/component/search/?Itemid=127&format=opensearch HTTP/1.0" 200 873 "https://dks.riat.ru/kazan/kontakty" "Mozilla/5.0 (compatible; SEOkicks; +https://www.seokicks.de/robot.html)"
136.169.174.141 - - [14/Apr/2026:10:46:05 +0300] "GET /termopaneli/?utm_source=yandex&utm_medium=rsi&utm_campaign=703984543&utm_content=17342528461&utm_term=---autotargeting&yclid=18021587318086041599 HTTP/1.0" 200 21888 "https://smartmedia.mail.ru/" "Mozilla/5.0 (Linux; Android 10; MOA-LX9N Build/HONORMOA-LX9N; wv) AppleWebKit/537.36 (KHTML, like Gecko) Version/4.0 Chrome/92.0.4515.105 Mobile Safari/537.36"
136.169.174.141 - - [14/Apr/2026:10:46:06 +0300] "GET /termopaneli/?utm_source=yandex&utm_medium=rsi&utm_campaign=703984543&utm_content=17342528461&utm_term=---autotargeting&yclid=18021587318086041599 HTTP/1.0" 200 21888 "https://smartmedia.mail.ru/" "Mozilla/5.0 (Linux; Android 10; MOA-LX9N Build/HONORMOA-LX9N; wv) AppleWebKit/537.36 (KHTML, like Gecko) Version/4.0 Chrome/92.0.4515.105 Mobile Safari/537.36"
136.169.174.141 - - [14/Apr/2026:10:46:07 +0300] "GET /termopaneli/?utm_source=yandex&utm_medium=rsi&utm_campaign=703984543&utm_content=17342528461&utm_term=---autotargeting&yclid=18021587318086041599 HTTP/1.0" 200 21888 "https://smartmedia.mail.ru/" "Mozilla/5.0 (Linux; Android 10; MOA-LX9N Build/HONORMOA-LX9N; wv) AppleWebKit/537.36 (KHTML, like Gecko) Version/4.0 Chrome/92.0.4515.105 Mobile Safari/537.36"
136.169.174.141 - - [14/Apr/2026:10:46:07 +0300] "GET /termopaneli/?utm_source=yandex&utm_medium=rsi&utm_campaign=703984543&utm_content=17342528461&utm_term=---autotargeting&yclid=18021587318086041599 HTTP/1.0" 200 21888 "https://smartmedia.mail.ru/" "Mozilla/5.0 (Linux; Android 10; MOA-LX9N Build/HONORMOA-LX9N; wv) AppleWebKit/537.36 (KHTML, like Gecko) Version/4.0 Chrome/92.0.4515.105 Mobile Safari/537.36"
136.169.174.141 - - [14/Apr/2026:10:46:08 +0300] "GET /termopaneli/?utm_source=yandex&utm_medium=rsi&utm_campaign=703984543&utm_content=17342528461&utm_term=---autotargeting&yclid=18021587318086041599 HTTP/1.0" 200 21888 "https://smartmedia.mail.ru/" "Mozilla/5.0 (Linux; Android 10; MOA-LX9N Build/HONORMOA-LX9N; wv) AppleWebKit/537.36 (KHTML, like Gecko) Version/4.0 Chrome/92.0.4515.105 Mobile Safari/537.36"
65.108.72.210 - - [14/Apr/2026:10:46:16 +0300] "GET /kazan/component/search/?id=1&Itemid=101&format=opensearch HTTP/1.0" 200 882 "https://dks.riat.ru/kazan/" "Mozilla/5.0 (compatible; SEOkicks; +https://www.seokicks.de/robot.html)"
65.108.72.210 - - [14/Apr/2026:10:46:20 +0300] "GET /kazan/component/search/?Itemid=161&format=opensearch HTTP/1.0" 200 873 "https://dks.riat.ru/kazan/polzovatelskoe-soglashenie" "Mozilla/5.0 (compatible; SEOkicks; +https://www.seokicks.de/robot.html)"
65.108.72.210 - - [14/Apr/2026:10:46:23 +0300] "GET /kazan/component/search/?Itemid=162&format=opensearch HTTP/1.0" 200 873 "https://dks.riat.ru/kazan/politika-konfidentsialnosti" "Mozilla/5.0 (compatible; SEOkicks; +https://www.seokicks.de/robot.html)"
65.108.72.210 - - [14/Apr/2026:10:46:26 +0300] "GET /kazan/component/search/?Itemid=166&format=opensearch HTTP/1.0" 200 873 "https://dks.riat.ru/kazan/karta-sajta" "Mozilla/5.0 (compatible; SEOkicks; +https://www.seokicks.de/robot.html)"
65.108.72.210 - - [14/Apr/2026:10:46:28 +0300] "GET /kemerovo/component/search/?Itemid=220&format=opensearch HTTP/1.0" 200 876 "https://dks.riat.ru/kemerovo/termopaneli/foto-obektov" "Mozilla/5.0 (compatible; SEOkicks; +https://www.seokicks.de/robot.html)"
65.108.72.210 - - [14/Apr/2026:10:46:32 +0300] "GET /kemerovo/component/speasyimagegallery/album/novotroitsk HTTP/1.0" 200 12099 "https://dks.riat.ru/kemerovo/termopaneli/foto-obektov" "Mozilla/5.0 (compatible; SEOkicks; +https://www.seokicks.de/robot.html)"
65.108.72.210 - - [14/Apr/2026:10:46:40 +0300] "GET /kemerovo/component/speasyimagegallery/album/volgograd HTTP/1.0" 200 12322 "https://dks.riat.ru/kemerovo/termopaneli/foto-obektov" "Mozilla/5.0 (compatible; SEOkicks; +https://www.seokicks.de/robot.html)"
65.108.72.210 - - [14/Apr/2026:10:46:51 +0300] "GET /kemerovo/component/speasyimagegallery/album/elabuga HTTP/1.0" 200 12067 "https://dks.riat.ru/kemerovo/termopaneli/foto-obektov" "Mozilla/5.0 (compatible; SEOkicks; +https://www.seokicks.de/robot.html)"
65.108.72.210 - - [14/Apr/2026:10:46:57 +0300] "GET /kemerovo/component/speasyimagegallery/album/p-kozlovka HTTP/1.0" 200 12209 "https://dks.riat.ru/kemerovo/termopaneli/foto-obektov" "Mozilla/5.0 (compatible; SEOkicks; +https://www.seokicks.de/robot.html)"
178.178.211.69 - - [14/Apr/2026:10:47:03 +0300] "GET /images/2019/02/28/sertif-1.jpg HTTP/1.1" 200 145077 "https://dks.riat.ru/termopaneli/" "Mozilla/5.0 (Windows NT 10.0; Win64; x64) AppleWebKit/537.36 (KHTML, like Gecko) Chrome/144.0.0.0 YaBrowser/26.3.0.0 Safari/537.36"
178.178.211.69 - - [14/Apr/2026:10:47:03 +0300] "GET /images/2019/02/28/sertif-3-1.jpg HTTP/1.1" 200 57423 "https://dks.riat.ru/termopaneli/" "Mozilla/5.0 (Windows NT 10.0; Win64; x64) AppleWebKit/537.36 (KHTML, like Gecko) Chrome/144.0.0.0 YaBrowser/26.3.0.0 Safari/537.36"
178.178.211.69 - - [14/Apr/2026:10:47:03 +0300] "GET /images/2019/02/28/sertif-2.jpg HTTP/1.1" 200 108420 "https://dks.riat.ru/termopaneli/" "Mozilla/5.0 (Windows NT 10.0; Win64; x64) AppleWebKit/537.36 (KHTML, like Gecko) Chrome/144.0.0.0 YaBrowser/26.3.0.0 Safari/537.36"
65.108.72.210 - - [14/Apr/2026:10:47:04 +0300] "GET /kemerovo/component/speasyimagegallery/album/p-alan HTTP/1.0" 200 12180 "https://dks.riat.ru/kemerovo/termopaneli/foto-obektov" "Mozilla/5.0 (compatible; SEOkicks; +https://www.seokicks.de/robot.html)"
65.108.72.210 - - [14/Apr/2026:10:47:11 +0300] "GET /kemerovo/component/speasyimagegallery/album/p-ryabinka HTTP/1.0" 200 12218 "https://dks.riat.ru/kemerovo/termopaneli/foto-obektov" "Mozilla/5.0 (compatible; SEOkicks; +https://www.seokicks.de/robot.html)"
65.108.72.210 - - [14/Apr/2026:10:47:18 +0300] "GET /kemerovo/component/speasyimagegallery/album/p-taulyk HTTP/1.0" 200 12163 "https://dks.riat.ru/kemerovo/termopaneli/foto-obektov" "Mozilla/5.0 (compatible; SEOkicks; +https://www.seokicks.de/robot.html)"
65.108.72.210 - - [14/Apr/2026:10:47:27 +0300] "GET /kemerovo/component/speasyimagegallery/album/almetevsk HTTP/1.0" 200 12144 "https://dks.riat.ru/kemerovo/termopaneli/foto-obektov" "Mozilla/5.0 (compatible; SEOkicks; +https://www.seokicks.de/robot.html)"
14.191.193.173 - - [14/Apr/2026:10:47:32 +0300] "GET /kazan/polzovatelskoe-soglashenie HTTP/1.0" 200 13946 "-" "Mozilla/5.0 (Windows NT 6.1) AppleWebKit/537.36 (KHTML, like Gecko) Chrome/87.0.4280.107 Safari/537.36"
65.108.72.210 - - [14/Apr/2026:10:47:36 +0300] "GET /kemerovo/component/speasyimagegallery/album/almetevsk-2 HTTP/1.0" 200 12183 "https://dks.riat.ru/kemerovo/termopaneli/foto-obektov" "Mozilla/5.0 (compatible; SEOkicks; +https://www.seokicks.de/robot.html)"
65.108.72.210 - - [14/Apr/2026:10:47:44 +0300] "GET /kemerovo/component/speasyimagegallery/album/g-naberezhnye-chelny HTTP/1.0" 200 12266 "https://dks.riat.ru/kemerovo/termopaneli/foto-obektov" "Mozilla/5.0 (compatible; SEOkicks; +https://www.seokicks.de/robot.html)"
65.108.72.210 - - [14/Apr/2026:10:47:54 +0300] "GET /kemerovo/component/speasyimagegallery/album/kalmiya HTTP/1.0" 200 12467 "https://dks.riat.ru/kemerovo/termopaneli/foto-obektov" "Mozilla/5.0 (compatible; SEOkicks; +https://www.seokicks.de/robot.html)"
185.191.171.19 - - [14/Apr/2026:10:48:00 +0300] "GET /ulyanovsk/22 HTTP/1.0" 404 1269 "-" "Mozilla/5.0 (compatible; SemrushBot/7~bl; +http://www.semrush.com/bot.html)"
65.108.72.210 - - [14/Apr/2026:10:48:01 +0300] "GET /kemerovo/component/speasyimagegallery/album/g-naberezhnye-chelny-2 HTTP/1.0" 200 12192 "https://dks.riat.ru/kemerovo/termopaneli/foto-obektov" "Mozilla/5.0 (compatible; SEOkicks; +https://www.seokicks.de/robot.html)"
65.108.72.210 - - [14/Apr/2026:10:48:08 +0300] "GET /kemerovo/component/speasyimagegallery/album/g-nizhnekamsk HTTP/1.0" 200 12901 "https://dks.riat.ru/kemerovo/termopaneli/foto-obektov" "Mozilla/5.0 (compatible; SEOkicks; +https://www.seokicks.de/robot.html)"
178.178.211.69 - - [14/Apr/2026:10:48:10 +0300] "GET /images/2021/07/21/riat.jpg HTTP/1.1" 200 146508 "https://dks.riat.ru/termopaneli/" "Mozilla/5.0 (Windows NT 10.0; Win64; x64) AppleWebKit/537.36 (KHTML, like Gecko) Chrome/144.0.0.0 YaBrowser/26.3.0.0 Safari/537.36"
144.76.32.187 - - [14/Apr/2026:10:48:13 +0300] "GET /robots.txt HTTP/1.1" 301 196 "-" "Mozilla/5.0 (compatible; SERankingBacklinksBot/1.0; +https://seranking.com/backlinks-crawler)"
144.76.32.187 - - [14/Apr/2026:10:48:14 +0300] "GET /robots.txt HTTP/1.0" 200 693 "-" "Mozilla/5.0 (compatible; SERankingBacklinksBot/1.0; +https://seranking.com/backlinks-crawler)"
144.76.32.187 - - [14/Apr/2026:10:48:14 +0300] "GET /achievements/41-postavka-i-montazh-oborudovaniya-za-2015-god HTTP/1.1" 301 196 "-" "Mozilla/5.0 (compatible; SERankingBacklinksBot/1.0; +https://seranking.com/backlinks-crawler)"
144.76.32.187 - - [14/Apr/2026:10:48:14 +0300] "GET /achievements/41-postavka-i-montazh-oborudovaniya-za-2015-god HTTP/1.0" 404 1269 "-" "Mozilla/5.0 (compatible; SERankingBacklinksBot/1.0; +https://seranking.com/backlinks-crawler)"
95.108.213.126 - - [14/Apr/2026:10:48:12 +0300] "GET /?yclid=7710547526903176844 HTTP/1.0" 200 16325 "-" "Mozilla/5.0 (compatible; YandexMetrika/2.0; +http://yandex.com/bots yabs01)"
65.108.72.210 - - [14/Apr/2026:10:48:14 +0300] "GET /kemerovo/component/speasyimagegallery/album/g-orenburg HTTP/1.0" 200 12064 "https://dks.riat.ru/kemerovo/termopaneli/foto-obektov" "Mozilla/5.0 (compatible; SEOkicks; +https://www.seokicks.de/robot.html)"
65.108.72.210 - - [14/Apr/2026:10:48:23 +0300] "GET /kemerovo/component/speasyimagegallery/album/p-sosnovyj-bor HTTP/1.0" 200 12276 "https://dks.riat.ru/kemerovo/termopaneli/foto-obektov" "Mozilla/5.0 (compatible; SEOkicks; +https://www.seokicks.de/robot.html)"
220.181.108.177 - - [14/Apr/2026:10:48:26 +0300] "GET /chelyabinsk/component/speasyimagegallery/album/elabuga-2 HTTP/1.0" 200 12294 "-" "Mozilla/5.0 (compatible; Baiduspider/2.0; +http://www.baidu.com/search/spider.html)"
