uawdijnntqw1x1x1
IP : 216.73.216.103
Hostname : dsru51-17647.fornex.org
Kernel : Linux dsru51-17647.fornex.org 4.9.0-4-amd64 #1 SMP Debian 4.9.65-3+deb9u1 (2017-12-23) x86_64
Disable Function : pcntl_alarm,pcntl_fork,pcntl_waitpid,pcntl_wait,pcntl_wifexited,pcntl_wifstopped,pcntl_wifsignaled,pcntl_wexitstatus,pcntl_wtermsig,pcntl_wstopsig,pcntl_signal,pcntl_signal_dispatch,pcntl_get_last_error,pcntl_strerror,pcntl_sigprocmask,pcntl_sigwaitinfo,pcntl_sigtimedwait,pcntl_exec,pcntl_getpriority,pcntl_setpriority,
OS : Linux
PATH:
/
var
/
www
/
rustam
/
data
/
www
/
chehun.ru
/
..
/
..
/
webdav
/
.
/
logs
/
.
/
xn----jtbybqkejng.xn--p1ai.access.log
/
/
5.255.231.116 - - [14/Apr/2026:06:28:48 +0300] "GET / HTTP/1.0" 200 16942 "-" "Mozilla/5.0 (compatible; YandexBot/3.0; +http://yandex.com/bots)"
213.180.203.122 - - [14/Apr/2026:06:28:52 +0300] "GET / HTTP/1.0" 200 16942 "-" "Mozilla/5.0 (compatible; YandexBot/3.0; +http://yandex.com/bots)"
213.180.203.223 - - [14/Apr/2026:06:31:24 +0300] "GET /krasnodar?ysclid=123 HTTP/1.0" 200 17004 "-" "Mozilla/5.0 (compatible; YandexBot/3.0; +http://yandex.com/bots)"
43.173.173.169 - - [14/Apr/2026:06:32:22 +0300] "GET /belgorod/zvukovoe-oborudovanie HTTP/1.0" 200 21485 "-" "Mozilla/5.0 (Windows NT 10.0; Win64; x64) AppleWebKit/537.36 (KHTML, like Gecko) Chrome/107.0.0.0 Safari/537.36"
66.249.76.69 - - [14/Apr/2026:06:32:33 +0300] "GET /index.php?etc/commercial-transaction-law HTTP/1.0" 200 75524 "-" "Mozilla/5.0 (Linux; Android 6.0.1; Nexus 5X Build/MMB29P) AppleWebKit/537.36 (KHTML, like Gecko) Chrome/146.0.7680.177 Mobile Safari/537.36 (compatible; Googlebot/2.1; +http://www.google.com/bot.html)"
43.173.180.127 - - [14/Apr/2026:06:32:31 +0300] "GET /?option=com_mycityselector&task=ipgeo.getlocation HTTP/1.0" 200 633 "https://xn----jtbybqkejng.xn--p1ai/belgorod/zvukovoe-oborudovanie" "Mozilla/5.0 (Windows NT 10.0; Win64; x64) AppleWebKit/537.36 (KHTML, like Gecko) Chrome/107.0.0.0 Safari/537.36"
66.249.76.70 - - [14/Apr/2026:06:32:49 +0300] "GET /rakuraku/IsAlive.htm?1775520000000&_=1775520000000 HTTP/1.0" 200 74376 "https://xn----jtbybqkejng.xn--p1ai/index.php?etc/commercial-transaction-law" "Mozilla/5.0 (Linux; Android 6.0.1; Nexus 5X Build/MMB29P) AppleWebKit/537.36 (KHTML, like Gecko) Chrome/146.0.7680.177 Mobile Safari/537.36 (compatible; Googlebot/2.1; +http://www.google.com/bot.html)"
66.249.76.69 - - [14/Apr/2026:06:32:57 +0300] "POST /kaunet/categoryshop/office/sitemap/KWf_CSfSpookUrlCreateAjaxAction.jsp HTTP/1.0" 200 73967 "https://xn----jtbybqkejng.xn--p1ai/index.php?etc/commercial-transaction-law" "Mozilla/5.0 (Linux; Android 6.0.1; Nexus 5X Build/MMB29P) AppleWebKit/537.36 (KHTML, like Gecko) Chrome/146.0.7680.177 Mobile Safari/537.36 (compatible; Googlebot/2.1; +http://www.google.com/bot.html)"
87.250.224.73 - - [14/Apr/2026:06:32:57 +0300] "GET /belgorod/zvukovoe-oborudovanie HTTP/1.0" 200 21485 "-" "Mozilla/5.0 (compatible; YandexBot/3.0; +http://yandex.com/bots) AppleWebKit/537.36 (KHTML, like Gecko) Chrome/108.0.0.0"
95.108.213.238 - - [14/Apr/2026:06:33:01 +0300] "GET /belgorod/zvukovoe-oborudovanie HTTP/1.0" 200 21487 "-" "Mozilla/5.0 (compatible; YandexBot/3.0; +http://yandex.com/bots) AppleWebKit/537.36 (KHTML, like Gecko) Chrome/108.0.0.0"
5.255.231.33 - - [14/Apr/2026:06:33:07 +0300] "GET /media/vendor/bootstrap/js/button.min.js?5.1.3 HTTP/1.1" 200 588 "https://xn----jtbybqkejng.xn--p1ai/belgorod/zvukovoe-oborudovanie" "Mozilla/5.0 (compatible; YandexRenderResourcesBot/1.0; +http://yandex.com/bots) AppleWebKit/537.36 (KHTML, like Gecko) Chrome/108.0.0.0"
213.180.203.152 - - [14/Apr/2026:06:33:08 +0300] "GET /media/mod_wedal_joomla_callback/js/wjcallback.js?14060d5cc8c8f569e3907ce56c3fbe0b HTTP/1.1" 200 1429 "https://xn----jtbybqkejng.xn--p1ai/belgorod/zvukovoe-oborudovanie" "Mozilla/5.0 (compatible; YandexRenderResourcesBot/1.0; +http://yandex.com/bots) AppleWebKit/537.36 (KHTML, like Gecko) Chrome/108.0.0.0"
95.108.213.165 - - [14/Apr/2026:06:33:09 +0300] "GET /?option=com_mycityselector&task=ipgeo.getlocation HTTP/1.0" 200 626 "https://xn----jtbybqkejng.xn--p1ai/belgorod/zvukovoe-oborudovanie" "Mozilla/5.0 (compatible; YandexRenderResourcesBot/1.0; +http://yandex.com/bots) AppleWebKit/537.36 (KHTML, like Gecko) Chrome/108.0.0.0"
213.180.203.46 - - [14/Apr/2026:06:34:01 +0300] "GET /orel/odezhda-stseny?ysclid=123 HTTP/1.0" 200 21888 "-" "Mozilla/5.0 (compatible; YandexBot/3.0; +http://yandex.com/bots)"
95.108.213.170 - - [14/Apr/2026:06:34:05 +0300] "GET /orel/odezhda-stseny?ysclid=123 HTTP/1.0" 200 21888 "-" "Mozilla/5.0 (compatible; YandexBot/3.0; +http://yandex.com/bots)"
213.180.203.17 - - [14/Apr/2026:06:34:10 +0300] "GET /orel/odezhda-stseny?ysclid=123 HTTP/1.0" 200 21888 "-" "Mozilla/5.0 (compatible; YandexBot/3.0; +http://yandex.com/bots)"
5.255.231.110 - - [14/Apr/2026:06:34:15 +0300] "GET /orel/odezhda-stseny?ysclid=123 HTTP/1.0" 200 21888 "-" "Mozilla/5.0 (compatible; YandexBot/3.0; +http://yandex.com/bots)"
213.180.203.121 - - [14/Apr/2026:06:34:16 +0300] "GET /ulyanovsk/odezhda-stseny?ysclid=123 HTTP/1.0" 200 21888 "-" "Mozilla/5.0 (compatible; YandexBot/3.0; +http://yandex.com/bots)"
5.255.231.105 - - [14/Apr/2026:06:34:21 +0300] "GET /ulyanovsk/odezhda-stseny?ysclid=123 HTTP/1.0" 200 21888 "-" "Mozilla/5.0 (compatible; YandexBot/3.0; +http://yandex.com/bots)"
5.255.231.165 - - [14/Apr/2026:06:34:25 +0300] "GET /ulyanovsk/odezhda-stseny?ysclid=123 HTTP/1.0" 200 21888 "-" "Mozilla/5.0 (compatible; YandexBot/3.0; +http://yandex.com/bots)"
5.255.231.184 - - [14/Apr/2026:06:34:30 +0300] "GET /ulyanovsk/odezhda-stseny?ysclid=123 HTTP/1.0" 200 21888 "-" "Mozilla/5.0 (compatible; YandexBot/3.0; +http://yandex.com/bots)"
213.180.203.83 - - [14/Apr/2026:06:37:47 +0300] "GET /ekaterinburg/odezhda-stseny?ysclid=123 HTTP/1.0" 200 21888 "-" "Mozilla/5.0 (compatible; YandexBot/3.0; +http://yandex.com/bots)"
213.180.203.252 - - [14/Apr/2026:06:37:51 +0300] "GET /ekaterinburg/odezhda-stseny?ysclid=123 HTTP/1.0" 200 21888 "-" "Mozilla/5.0 (compatible; YandexBot/3.0; +http://yandex.com/bots)"
94.154.35.236 - - [14/Apr/2026:06:38:20 +0300] "HEAD /blog.gz HTTP/1.1" 301 0 "-" "Mozilla/5.0 (Windows NT 10.0; Win64; x64) AppleWebKit/537.36 (KHTML, like Gecko) Chrome/101.0.4951.67 Safari/537.36"
94.154.35.236 - - [14/Apr/2026:06:38:21 +0300] "HEAD /blog.gz HTTP/1.0" 404 554 "-" "Mozilla/5.0 (Windows NT 10.0; Win64; x64) AppleWebKit/537.36 (KHTML, like Gecko) Chrome/101.0.4951.67 Safari/537.36"
216.73.216.191 - - [14/Apr/2026:06:39:35 +0300] "GET /shopping/2497918889.html HTTP/1.0" 404 2188 "-" "Mozilla/5.0 AppleWebKit/537.36 (KHTML, like Gecko; compatible; ClaudeBot/1.0; +claudebot@anthropic.com)"
216.73.216.191 - - [14/Apr/2026:06:39:55 +0300] "GET /shopping/110808420.html HTTP/1.0" 404 2091 "-" "Mozilla/5.0 AppleWebKit/537.36 (KHTML, like Gecko; compatible; ClaudeBot/1.0; +claudebot@anthropic.com)"
216.73.216.191 - - [14/Apr/2026:06:40:15 +0300] "GET /shopping/656244028.html HTTP/1.0" 404 2091 "-" "Mozilla/5.0 AppleWebKit/537.36 (KHTML, like Gecko; compatible; ClaudeBot/1.0; +claudebot@anthropic.com)"
216.73.216.191 - - [14/Apr/2026:06:40:35 +0300] "GET /shopping/147386440.html HTTP/1.0" 404 2091 "-" "Mozilla/5.0 AppleWebKit/537.36 (KHTML, like Gecko; compatible; ClaudeBot/1.0; +claudebot@anthropic.com)"
216.73.216.191 - - [14/Apr/2026:06:40:55 +0300] "GET /shopping/776697575.html HTTP/1.0" 404 2091 "-" "Mozilla/5.0 AppleWebKit/537.36 (KHTML, like Gecko; compatible; ClaudeBot/1.0; +claudebot@anthropic.com)"
216.73.216.191 - - [14/Apr/2026:06:41:18 +0300] "GET /shopping/2306159560.html HTTP/1.0" 404 2188 "-" "Mozilla/5.0 AppleWebKit/537.36 (KHTML, like Gecko; compatible; ClaudeBot/1.0; +claudebot@anthropic.com)"
216.73.216.191 - - [14/Apr/2026:06:41:38 +0300] "GET /shopping/2967323299.html HTTP/1.0" 404 2091 "-" "Mozilla/5.0 AppleWebKit/537.36 (KHTML, like Gecko; compatible; ClaudeBot/1.0; +claudebot@anthropic.com)"
216.73.216.191 - - [14/Apr/2026:06:41:58 +0300] "GET /shopping/2814765661.html HTTP/1.0" 404 2091 "-" "Mozilla/5.0 AppleWebKit/537.36 (KHTML, like Gecko; compatible; ClaudeBot/1.0; +claudebot@anthropic.com)"
216.73.216.191 - - [14/Apr/2026:06:42:17 +0300] "GET /shopping/4004763399.html HTTP/1.0" 404 2091 "-" "Mozilla/5.0 AppleWebKit/537.36 (KHTML, like Gecko; compatible; ClaudeBot/1.0; +claudebot@anthropic.com)"
216.73.216.191 - - [14/Apr/2026:06:42:35 +0300] "GET /shopping/3082013278.html HTTP/1.0" 404 2188 "-" "Mozilla/5.0 AppleWebKit/537.36 (KHTML, like Gecko; compatible; ClaudeBot/1.0; +claudebot@anthropic.com)"
216.73.216.191 - - [14/Apr/2026:06:42:55 +0300] "GET /shopping/75374184.html HTTP/1.0" 404 2091 "-" "Mozilla/5.0 AppleWebKit/537.36 (KHTML, like Gecko; compatible; ClaudeBot/1.0; +claudebot@anthropic.com)"
216.73.216.191 - - [14/Apr/2026:06:43:05 +0300] "GET /shopping/1025034285.html HTTP/1.0" 404 2188 "-" "Mozilla/5.0 AppleWebKit/537.36 (KHTML, like Gecko; compatible; ClaudeBot/1.0; +claudebot@anthropic.com)"
213.180.203.232 - - [14/Apr/2026:06:43:21 +0300] "GET /perm/odezhda-stseny?ysclid=123 HTTP/1.0" 200 22364 "-" "Mozilla/5.0 (compatible; YandexBot/3.0; +http://yandex.com/bots)"
216.73.216.191 - - [14/Apr/2026:06:43:25 +0300] "GET /shopping/2968698921.html HTTP/1.0" 404 2091 "-" "Mozilla/5.0 AppleWebKit/537.36 (KHTML, like Gecko; compatible; ClaudeBot/1.0; +claudebot@anthropic.com)"
213.180.203.145 - - [14/Apr/2026:06:43:29 +0300] "GET /media/vendor/bootstrap/js/button.min.js?5.1.3 HTTP/1.1" 200 588 "https://xn----jtbybqkejng.xn--p1ai/perm/odezhda-stseny?ysclid=123" "Mozilla/5.0 (compatible; YandexBot/3.0; +http://yandex.com/bots)"
87.250.224.89 - - [14/Apr/2026:06:43:31 +0300] "GET /?option=com_mycityselector&task=ipgeo.getlocation HTTP/1.0" 200 626 "https://xn----jtbybqkejng.xn--p1ai/perm/odezhda-stseny?ysclid=123" "Mozilla/5.0 (compatible; YandexBot/3.0; +http://yandex.com/bots)"
216.73.216.191 - - [14/Apr/2026:06:43:37 +0300] "GET /shopping/3749806462.html HTTP/1.0" 404 2188 "-" "Mozilla/5.0 AppleWebKit/537.36 (KHTML, like Gecko; compatible; ClaudeBot/1.0; +claudebot@anthropic.com)"
216.73.216.191 - - [14/Apr/2026:06:43:57 +0300] "GET /shopping/949346857.html HTTP/1.0" 404 2091 "-" "Mozilla/5.0 AppleWebKit/537.36 (KHTML, like Gecko; compatible; ClaudeBot/1.0; +claudebot@anthropic.com)"
216.73.216.191 - - [14/Apr/2026:06:44:07 +0300] "GET /shopping/2434561952.html HTTP/1.0" 404 2091 "-" "Mozilla/5.0 AppleWebKit/537.36 (KHTML, like Gecko; compatible; ClaudeBot/1.0; +claudebot@anthropic.com)"
216.73.216.191 - - [14/Apr/2026:06:44:27 +0300] "GET /shopping/3814368313.html HTTP/1.0" 404 2091 "-" "Mozilla/5.0 AppleWebKit/537.36 (KHTML, like Gecko; compatible; ClaudeBot/1.0; +claudebot@anthropic.com)"
216.73.216.191 - - [14/Apr/2026:06:44:39 +0300] "GET /shopping/4003387793.html HTTP/1.0" 404 2091 "-" "Mozilla/5.0 AppleWebKit/537.36 (KHTML, like Gecko; compatible; ClaudeBot/1.0; +claudebot@anthropic.com)"
216.73.216.191 - - [14/Apr/2026:06:45:00 +0300] "GET /shopping/3612030547.html HTTP/1.0" 404 2188 "-" "Mozilla/5.0 AppleWebKit/537.36 (KHTML, like Gecko; compatible; ClaudeBot/1.0; +claudebot@anthropic.com)"
216.73.216.191 - - [14/Apr/2026:06:45:08 +0300] "GET /shopping/1559262282.html HTTP/1.0" 404 2188 "-" "Mozilla/5.0 AppleWebKit/537.36 (KHTML, like Gecko; compatible; ClaudeBot/1.0; +claudebot@anthropic.com)"
216.73.216.191 - - [14/Apr/2026:06:45:28 +0300] "GET /shopping/725706821.html HTTP/1.0" 404 2091 "-" "Mozilla/5.0 AppleWebKit/537.36 (KHTML, like Gecko; compatible; ClaudeBot/1.0; +claudebot@anthropic.com)"
216.73.216.191 - - [14/Apr/2026:06:45:40 +0300] "GET /shopping/3576975097.html HTTP/1.0" 404 2188 "-" "Mozilla/5.0 AppleWebKit/537.36 (KHTML, like Gecko; compatible; ClaudeBot/1.0; +claudebot@anthropic.com)"
91.231.89.18 - - [14/Apr/2026:06:45:49 +0300] "GET / HTTP/1.1" 301 196 "-" "Mozilla/5.0 (X11; Ubuntu; Linux x86_64; rv:134.0) Gecko/20100101 Firefox/134.0"
216.73.216.191 - - [14/Apr/2026:06:46:00 +0300] "GET /shopping/3542315682.html HTTP/1.0" 404 2091 "-" "Mozilla/5.0 AppleWebKit/537.36 (KHTML, like Gecko; compatible; ClaudeBot/1.0; +claudebot@anthropic.com)"
216.73.216.191 - - [14/Apr/2026:06:46:10 +0300] "GET /shopping/2500505900.html HTTP/1.0" 404 2091 "-" "Mozilla/5.0 AppleWebKit/537.36 (KHTML, like Gecko; compatible; ClaudeBot/1.0; +claudebot@anthropic.com)"
216.73.216.191 - - [14/Apr/2026:06:46:30 +0300] "GET /shopping/3130008821.html HTTP/1.0" 404 2091 "-" "Mozilla/5.0 AppleWebKit/537.36 (KHTML, like Gecko; compatible; ClaudeBot/1.0; +claudebot@anthropic.com)"
216.73.216.191 - - [14/Apr/2026:06:46:41 +0300] "GET /shopping/1522971739.html HTTP/1.0" 404 2188 "-" "Mozilla/5.0 AppleWebKit/537.36 (KHTML, like Gecko; compatible; ClaudeBot/1.0; +claudebot@anthropic.com)"
216.73.216.191 - - [14/Apr/2026:06:47:02 +0300] "GET /shopping/2544532510.html HTTP/1.0" 404 2091 "-" "Mozilla/5.0 AppleWebKit/537.36 (KHTML, like Gecko; compatible; ClaudeBot/1.0; +claudebot@anthropic.com)"
216.73.216.191 - - [14/Apr/2026:06:47:13 +0300] "GET /shopping/3661102665.html HTTP/1.0" 404 2188 "-" "Mozilla/5.0 AppleWebKit/537.36 (KHTML, like Gecko; compatible; ClaudeBot/1.0; +claudebot@anthropic.com)"
91.231.89.103 - - [14/Apr/2026:06:47:18 +0300] "GET / HTTP/1.0" 200 21888 "-" "Mozilla/5.0 (X11; Ubuntu; Linux x86_64; rv:134.0) Gecko/20100101 Firefox/134.0"
216.73.216.191 - - [14/Apr/2026:06:47:32 +0300] "GET /shopping/3415183620.html HTTP/1.0" 404 2091 "-" "Mozilla/5.0 AppleWebKit/537.36 (KHTML, like Gecko; compatible; ClaudeBot/1.0; +claudebot@anthropic.com)"
216.73.216.191 - - [14/Apr/2026:06:47:42 +0300] "GET /shopping/450971578.html HTTP/1.0" 404 2188 "-" "Mozilla/5.0 AppleWebKit/537.36 (KHTML, like Gecko; compatible; ClaudeBot/1.0; +claudebot@anthropic.com)"
216.73.216.191 - - [14/Apr/2026:06:47:51 +0300] "GET /shopping/3511372943.html HTTP/1.0" 404 2188 "-" "Mozilla/5.0 AppleWebKit/537.36 (KHTML, like Gecko; compatible; ClaudeBot/1.0; +claudebot@anthropic.com)"
216.73.216.191 - - [14/Apr/2026:06:47:59 +0300] "GET /shopping/265902392.html HTTP/1.0" 404 2091 "-" "Mozilla/5.0 AppleWebKit/537.36 (KHTML, like Gecko; compatible; ClaudeBot/1.0; +claudebot@anthropic.com)"
216.73.216.191 - - [14/Apr/2026:06:48:19 +0300] "GET /shopping/2648260550.html HTTP/1.0" 404 2091 "-" "Mozilla/5.0 AppleWebKit/537.36 (KHTML, like Gecko; compatible; ClaudeBot/1.0; +claudebot@anthropic.com)"
216.73.216.191 - - [14/Apr/2026:06:48:32 +0300] "GET /shopping/1139062258.html HTTP/1.0" 404 2188 "-" "Mozilla/5.0 AppleWebKit/537.36 (KHTML, like Gecko; compatible; ClaudeBot/1.0; +claudebot@anthropic.com)"
216.73.216.191 - - [14/Apr/2026:06:48:38 +0300] "GET /shopping/1143462926.html HTTP/1.0" 404 2188 "-" "Mozilla/5.0 AppleWebKit/537.36 (KHTML, like Gecko; compatible; ClaudeBot/1.0; +claudebot@anthropic.com)"
216.73.216.191 - - [14/Apr/2026:06:48:49 +0300] "GET /shopping/3850781020.html HTTP/1.0" 404 2188 "-" "Mozilla/5.0 AppleWebKit/537.36 (KHTML, like Gecko; compatible; ClaudeBot/1.0; +claudebot@anthropic.com)"
216.73.216.191 - - [14/Apr/2026:06:49:00 +0300] "GET /shopping/1524183838.html HTTP/1.0" 404 2091 "-" "Mozilla/5.0 AppleWebKit/537.36 (KHTML, like Gecko; compatible; ClaudeBot/1.0; +claudebot@anthropic.com)"
216.73.216.191 - - [14/Apr/2026:06:49:21 +0300] "GET /shopping/3120459839.html HTTP/1.0" 404 2091 "-" "Mozilla/5.0 AppleWebKit/537.36 (KHTML, like Gecko; compatible; ClaudeBot/1.0; +claudebot@anthropic.com)"
216.73.216.191 - - [14/Apr/2026:06:49:41 +0300] "GET /shopping/3415104639.html HTTP/1.0" 404 2091 "-" "Mozilla/5.0 AppleWebKit/537.36 (KHTML, like Gecko; compatible; ClaudeBot/1.0; +claudebot@anthropic.com)"
216.73.216.191 - - [14/Apr/2026:06:50:01 +0300] "GET /robots.txt HTTP/1.0" 200 402 "-" ""
216.73.216.191 - - [14/Apr/2026:06:50:03 +0300] "GET /shopping/1029702054.html HTTP/1.0" 404 2188 "-" "Mozilla/5.0 AppleWebKit/537.36 (KHTML, like Gecko; compatible; ClaudeBot/1.0; +claudebot@anthropic.com)"
216.73.216.191 - - [14/Apr/2026:06:50:10 +0300] "GET /shopping/1481158793.html HTTP/1.0" 404 2188 "-" "Mozilla/5.0 AppleWebKit/537.36 (KHTML, like Gecko; compatible; ClaudeBot/1.0; +claudebot@anthropic.com)"
216.73.216.191 - - [14/Apr/2026:06:51:24 +0300] "GET /shopping/4228953139.html HTTP/1.0" 404 2188 "-" "Mozilla/5.0 AppleWebKit/537.36 (KHTML, like Gecko; compatible; ClaudeBot/1.0; +claudebot@anthropic.com)"
216.73.216.191 - - [14/Apr/2026:06:51:33 +0300] "GET /shopping/2142523358.html HTTP/1.0" 404 2188 "-" "Mozilla/5.0 AppleWebKit/537.36 (KHTML, like Gecko; compatible; ClaudeBot/1.0; +claudebot@anthropic.com)"
216.73.216.191 - - [14/Apr/2026:06:51:42 +0300] "GET /shopping/1463887030.html HTTP/1.0" 404 2188 "-" "Mozilla/5.0 AppleWebKit/537.36 (KHTML, like Gecko; compatible; ClaudeBot/1.0; +claudebot@anthropic.com)"
216.73.216.191 - - [14/Apr/2026:06:53:01 +0300] "GET /shopping/1269251164.html HTTP/1.0" 404 2188 "-" "Mozilla/5.0 AppleWebKit/537.36 (KHTML, like Gecko; compatible; ClaudeBot/1.0; +claudebot@anthropic.com)"
216.73.216.191 - - [14/Apr/2026:06:53:10 +0300] "GET /shopping/2765865798.html HTTP/1.0" 404 2188 "-" "Mozilla/5.0 AppleWebKit/537.36 (KHTML, like Gecko; compatible; ClaudeBot/1.0; +claudebot@anthropic.com)"
213.180.203.145 - - [14/Apr/2026:06:54:11 +0300] "GET /tolyatti/odezhda-stseny HTTP/1.0" 200 21888 "-" "Mozilla/5.0 (compatible; YandexBot/3.0; +http://yandex.com/bots)"
216.73.216.191 - - [14/Apr/2026:06:54:18 +0300] "GET /shopping/115181945.html HTTP/1.0" 404 2188 "-" "Mozilla/5.0 AppleWebKit/537.36 (KHTML, like Gecko; compatible; ClaudeBot/1.0; +claudebot@anthropic.com)"
5.255.231.143 - - [14/Apr/2026:06:54:16 +0300] "GET /tolyatti/odezhda-stseny HTTP/1.0" 200 21888 "-" "Mozilla/5.0 (compatible; YandexBot/3.0; +http://yandex.com/bots)"
216.73.216.191 - - [14/Apr/2026:06:54:24 +0300] "GET /shopping/2458549018.html HTTP/1.0" 404 2091 "-" "Mozilla/5.0 AppleWebKit/537.36 (KHTML, like Gecko; compatible; ClaudeBot/1.0; +claudebot@anthropic.com)"
216.73.216.191 - - [14/Apr/2026:06:54:32 +0300] "GET /shopping/259903346.html HTTP/1.0" 404 2188 "-" "Mozilla/5.0 AppleWebKit/537.36 (KHTML, like Gecko; compatible; ClaudeBot/1.0; +claudebot@anthropic.com)"
216.73.216.191 - - [14/Apr/2026:06:54:37 +0300] "GET /shopping/1092652403.html HTTP/1.0" 404 2091 "-" "Mozilla/5.0 AppleWebKit/537.36 (KHTML, like Gecko; compatible; ClaudeBot/1.0; +claudebot@anthropic.com)"
216.73.216.191 - - [14/Apr/2026:06:54:41 +0300] "GET /shopping/1892728519.html HTTP/1.0" 404 2188 "-" "Mozilla/5.0 AppleWebKit/537.36 (KHTML, like Gecko; compatible; ClaudeBot/1.0; +claudebot@anthropic.com)"
216.73.216.191 - - [14/Apr/2026:06:54:47 +0300] "GET /shopping/4267102035.html HTTP/1.0" 404 2091 "-" "Mozilla/5.0 AppleWebKit/537.36 (KHTML, like Gecko; compatible; ClaudeBot/1.0; +claudebot@anthropic.com)"
216.73.216.191 - - [14/Apr/2026:06:55:31 +0300] "GET /shopping/3004253197.html HTTP/1.0" 404 2188 "-" "Mozilla/5.0 AppleWebKit/537.36 (KHTML, like Gecko; compatible; ClaudeBot/1.0; +claudebot@anthropic.com)"
216.73.216.191 - - [14/Apr/2026:06:55:36 +0300] "GET /shopping/1149263797.html HTTP/1.0" 404 2091 "-" "Mozilla/5.0 AppleWebKit/537.36 (KHTML, like Gecko; compatible; ClaudeBot/1.0; +claudebot@anthropic.com)"
213.180.203.46 - - [14/Apr/2026:06:55:34 +0300] "GET /tomsk/odezhda-stseny?ysclid=123 HTTP/1.0" 200 21888 "-" "Mozilla/5.0 (compatible; YandexBot/3.0; +http://yandex.com/bots)"
5.255.231.37 - - [14/Apr/2026:06:55:39 +0300] "GET /tomsk/odezhda-stseny?ysclid=123 HTTP/1.0" 200 21888 "-" "Mozilla/5.0 (compatible; YandexBot/3.0; +http://yandex.com/bots)"
216.73.216.191 - - [14/Apr/2026:06:55:47 +0300] "GET /shopping/4053612921.html HTTP/1.0" 404 2188 "-" "Mozilla/5.0 AppleWebKit/537.36 (KHTML, like Gecko; compatible; ClaudeBot/1.0; +claudebot@anthropic.com)"
216.73.216.191 - - [14/Apr/2026:06:55:53 +0300] "GET /shopping/2300195166.html HTTP/1.0" 404 2091 "-" "Mozilla/5.0 AppleWebKit/537.36 (KHTML, like Gecko; compatible; ClaudeBot/1.0; +claudebot@anthropic.com)"
216.73.216.191 - - [14/Apr/2026:06:56:59 +0300] "GET /shopping/3371206884.html HTTP/1.0" 404 2188 "-" "Mozilla/5.0 AppleWebKit/537.36 (KHTML, like Gecko; compatible; ClaudeBot/1.0; +claudebot@anthropic.com)"
216.73.216.191 - - [14/Apr/2026:06:57:05 +0300] "GET /shopping/3123342155.html HTTP/1.0" 404 2091 "-" "Mozilla/5.0 AppleWebKit/537.36 (KHTML, like Gecko; compatible; ClaudeBot/1.0; +claudebot@anthropic.com)"
216.73.216.191 - - [14/Apr/2026:06:57:13 +0300] "GET /shopping/1087031401.html HTTP/1.0" 404 2188 "-" "Mozilla/5.0 AppleWebKit/537.36 (KHTML, like Gecko; compatible; ClaudeBot/1.0; +claudebot@anthropic.com)"
216.73.216.191 - - [14/Apr/2026:06:57:18 +0300] "GET /shopping/2185109184.html HTTP/1.0" 404 2091 "-" "Mozilla/5.0 AppleWebKit/537.36 (KHTML, like Gecko; compatible; ClaudeBot/1.0; +claudebot@anthropic.com)"
216.73.216.191 - - [14/Apr/2026:06:58:15 +0300] "GET /shopping/3006591121.html HTTP/1.0" 404 2188 "-" "Mozilla/5.0 AppleWebKit/537.36 (KHTML, like Gecko; compatible; ClaudeBot/1.0; +claudebot@anthropic.com)"
216.73.216.191 - - [14/Apr/2026:06:58:20 +0300] "GET /shopping/1211198526.html HTTP/1.0" 404 2091 "-" "Mozilla/5.0 AppleWebKit/537.36 (KHTML, like Gecko; compatible; ClaudeBot/1.0; +claudebot@anthropic.com)"
216.73.216.191 - - [14/Apr/2026:06:59:27 +0300] "GET /shopping/728122914.html HTTP/1.0" 404 2188 "-" "Mozilla/5.0 AppleWebKit/537.36 (KHTML, like Gecko; compatible; ClaudeBot/1.0; +claudebot@anthropic.com)"
216.73.216.191 - - [14/Apr/2026:06:59:33 +0300] "GET /shopping/3883441145.html HTTP/1.0" 404 2091 "-" "Mozilla/5.0 AppleWebKit/537.36 (KHTML, like Gecko; compatible; ClaudeBot/1.0; +claudebot@anthropic.com)"
216.73.216.191 - - [14/Apr/2026:06:59:49 +0300] "GET /shopping/3837420399.html HTTP/1.0" 404 2188 "-" "Mozilla/5.0 AppleWebKit/537.36 (KHTML, like Gecko; compatible; ClaudeBot/1.0; +claudebot@anthropic.com)"
216.73.216.191 - - [14/Apr/2026:06:59:54 +0300] "GET /shopping/1573577884.html HTTP/1.0" 404 2091 "-" "Mozilla/5.0 AppleWebKit/537.36 (KHTML, like Gecko; compatible; ClaudeBot/1.0; +claudebot@anthropic.com)"
185.191.171.18 - - [14/Apr/2026:07:00:06 +0300] "GET /robots.txt HTTP/1.0" 200 402 "-" "Mozilla/5.0 (compatible; SemrushBot/7~bl; +http://www.semrush.com/bot.html)"
85.208.96.212 - - [14/Apr/2026:07:00:07 +0300] "GET /svetovoe-oborudovanie HTTP/1.0" 200 22481 "-" "Mozilla/5.0 (compatible; SemrushBot/7~bl; +http://www.semrush.com/bot.html)"
216.73.216.191 - - [14/Apr/2026:07:00:45 +0300] "GET /shopping/2771830224.html HTTP/1.0" 404 2188 "-" "Mozilla/5.0 AppleWebKit/537.36 (KHTML, like Gecko; compatible; ClaudeBot/1.0; +claudebot@anthropic.com)"
216.73.216.191 - - [14/Apr/2026:07:00:51 +0300] "GET /shopping/1522524973.html HTTP/1.0" 404 2091 "-" "Mozilla/5.0 AppleWebKit/537.36 (KHTML, like Gecko; compatible; ClaudeBot/1.0; +claudebot@anthropic.com)"
216.73.216.191 - - [14/Apr/2026:07:00:57 +0300] "GET /shopping/2154073240.html HTTP/1.0" 404 2091 "-" "Mozilla/5.0 AppleWebKit/537.36 (KHTML, like Gecko; compatible; ClaudeBot/1.0; +claudebot@anthropic.com)"
216.73.216.191 - - [14/Apr/2026:07:01:07 +0300] "GET /shopping/2387849281.html HTTP/1.0" 404 2188 "-" "Mozilla/5.0 AppleWebKit/537.36 (KHTML, like Gecko; compatible; ClaudeBot/1.0; +claudebot@anthropic.com)"
216.73.216.191 - - [14/Apr/2026:07:01:12 +0300] "GET /shopping/2661944671.html HTTP/1.0" 404 2091 "-" "Mozilla/5.0 AppleWebKit/537.36 (KHTML, like Gecko; compatible; ClaudeBot/1.0; +claudebot@anthropic.com)"
216.73.216.191 - - [14/Apr/2026:07:01:18 +0300] "GET /shopping/3443097388.html HTTP/1.0" 404 2091 "-" "Mozilla/5.0 AppleWebKit/537.36 (KHTML, like Gecko; compatible; ClaudeBot/1.0; +claudebot@anthropic.com)"
216.73.216.191 - - [14/Apr/2026:07:02:33 +0300] "GET /shopping/214035090.html HTTP/1.0" 404 2188 "-" "Mozilla/5.0 AppleWebKit/537.36 (KHTML, like Gecko; compatible; ClaudeBot/1.0; +claudebot@anthropic.com)"
216.73.216.191 - - [14/Apr/2026:07:02:39 +0300] "GET /shopping/1717631900.html HTTP/1.0" 404 2091 "-" "Mozilla/5.0 AppleWebKit/537.36 (KHTML, like Gecko; compatible; ClaudeBot/1.0; +claudebot@anthropic.com)"
216.73.216.191 - - [14/Apr/2026:07:02:45 +0300] "GET /shopping/2355749847.html HTTP/1.0" 404 2091 "-" "Mozilla/5.0 AppleWebKit/537.36 (KHTML, like Gecko; compatible; ClaudeBot/1.0; +claudebot@anthropic.com)"
5.255.231.12 - - [14/Apr/2026:07:02:51 +0300] "GET /orenburg/zvukovoe-oborudovanie?ysclid=123 HTTP/1.0" 200 21555 "-" "Mozilla/5.0 (compatible; YandexBot/3.0; +http://yandex.com/bots)"
213.180.203.53 - - [14/Apr/2026:07:02:52 +0300] "GET /vladimir/odezhda-stseny?ysclid=123 HTTP/1.0" 200 22399 "-" "Mozilla/5.0 (compatible; YandexBot/3.0; +http://yandex.com/bots)"
213.180.203.136 - - [14/Apr/2026:07:02:53 +0300] "GET /novosibirsk?ysclid=123 HTTP/1.0" 200 17007 "-" "Mozilla/5.0 (compatible; YandexBot/3.0; +http://yandex.com/bots)"
213.180.203.102 - - [14/Apr/2026:07:02:55 +0300] "GET /orenburg/zvukovoe-oborudovanie?ysclid=123 HTTP/1.0" 200 21553 "-" "Mozilla/5.0 (compatible; YandexBot/3.0; +http://yandex.com/bots)"
5.255.231.22 - - [14/Apr/2026:07:02:57 +0300] "GET /?option=com_mycityselector&task=ipgeo.getlocation HTTP/1.0" 200 626 "https://xn----jtbybqkejng.xn--p1ai/vladimir/odezhda-stseny?ysclid=123" "Mozilla/5.0 (compatible; YandexBot/3.0; +http://yandex.com/bots)"
216.73.216.191 - - [14/Apr/2026:07:03:24 +0300] "GET /shopping/3877390477.html HTTP/1.0" 404 2188 "-" "Mozilla/5.0 AppleWebKit/537.36 (KHTML, like Gecko; compatible; ClaudeBot/1.0; +claudebot@anthropic.com)"
216.73.216.191 - - [14/Apr/2026:07:03:30 +0300] "GET /shopping/536924190.html HTTP/1.0" 404 2091 "-" "Mozilla/5.0 AppleWebKit/537.36 (KHTML, like Gecko; compatible; ClaudeBot/1.0; +claudebot@anthropic.com)"
216.73.216.191 - - [14/Apr/2026:07:03:36 +0300] "GET /shopping/2152440484.html HTTP/1.0" 404 2091 "-" "Mozilla/5.0 AppleWebKit/537.36 (KHTML, like Gecko; compatible; ClaudeBot/1.0; +claudebot@anthropic.com)"
95.108.213.103 - - [14/Apr/2026:07:03:40 +0300] "GET /components/com_sppagebuilder/assets/css/font-awesome-5.min.css?4c712525bbbcd041da9d1cec623f871f HTTP/1.1" 200 12728 "https://xn----jtbybqkejng.xn--p1ai/orenburg/zvukovoe-oborudovanie?ysclid=123" "Mozilla/5.0 (compatible; YandexBot/3.0; +http://yandex.com/bots)"
216.73.216.191 - - [14/Apr/2026:07:03:44 +0300] "GET /shopping/3368619179.html HTTP/1.0" 404 2188 "-" "Mozilla/5.0 AppleWebKit/537.36 (KHTML, like Gecko; compatible; ClaudeBot/1.0; +claudebot@anthropic.com)"
213.180.203.188 - - [14/Apr/2026:07:03:42 +0300] "GET /?option=com_mycityselector&task=ipgeo.getlocation HTTP/1.0" 200 626 "https://xn----jtbybqkejng.xn--p1ai/orenburg/zvukovoe-oborudovanie?ysclid=123" "Mozilla/5.0 (compatible; YandexBot/3.0; +http://yandex.com/bots)"
216.73.216.191 - - [14/Apr/2026:07:03:50 +0300] "GET /shopping/864207100.html HTTP/1.0" 404 2091 "-" "Mozilla/5.0 AppleWebKit/537.36 (KHTML, like Gecko; compatible; ClaudeBot/1.0; +claudebot@anthropic.com)"
213.180.203.223 - - [14/Apr/2026:07:03:51 +0300] "GET /ufa/odezhda-stseny HTTP/1.0" 200 21888 "-" "Mozilla/5.0 (compatible; YandexBot/3.0; +http://yandex.com/bots)"
216.73.216.191 - - [14/Apr/2026:07:03:56 +0300] "GET /shopping/432489493.html HTTP/1.0" 404 2091 "-" "Mozilla/5.0 AppleWebKit/537.36 (KHTML, like Gecko; compatible; ClaudeBot/1.0; +claudebot@anthropic.com)"
87.250.224.27 - - [14/Apr/2026:07:03:55 +0300] "GET /ufa/odezhda-stseny HTTP/1.0" 200 21888 "-" "Mozilla/5.0 (compatible; YandexBot/3.0; +http://yandex.com/bots)"
213.180.203.215 - - [14/Apr/2026:07:04:00 +0300] "GET /ufa/odezhda-stseny HTTP/1.0" 200 21888 "-" "Mozilla/5.0 (compatible; YandexBot/3.0; +http://yandex.com/bots)"
213.180.203.232 - - [14/Apr/2026:07:04:35 +0300] "GET /?option=com_mycityselector&task=ipgeo.getlocation HTTP/1.0" 200 626 "https://xn----jtbybqkejng.xn--p1ai/novosibirsk?ysclid=123" "Mozilla/5.0 (compatible; YandexBot/3.0; +http://yandex.com/bots)"
216.73.216.191 - - [14/Apr/2026:07:04:38 +0300] "GET /shopping/1705657060.html HTTP/1.0" 404 2188 "-" "Mozilla/5.0 AppleWebKit/537.36 (KHTML, like Gecko; compatible; ClaudeBot/1.0; +claudebot@anthropic.com)"
216.73.216.191 - - [14/Apr/2026:07:04:44 +0300] "GET /shopping/3270272965.html HTTP/1.0" 404 2091 "-" "Mozilla/5.0 AppleWebKit/537.36 (KHTML, like Gecko; compatible; ClaudeBot/1.0; +claudebot@anthropic.com)"
216.73.216.191 - - [14/Apr/2026:07:04:50 +0300] "GET /shopping/1445860794.html HTTP/1.0" 404 2091 "-" "Mozilla/5.0 AppleWebKit/537.36 (KHTML, like Gecko; compatible; ClaudeBot/1.0; +claudebot@anthropic.com)"
216.73.216.191 - - [14/Apr/2026:07:04:57 +0300] "GET /shopping/1624520306.html HTTP/1.0" 404 2188 "-" "Mozilla/5.0 AppleWebKit/537.36 (KHTML, like Gecko; compatible; ClaudeBot/1.0; +claudebot@anthropic.com)"
216.73.216.191 - - [14/Apr/2026:07:05:02 +0300] "GET /shopping/2841060728.html HTTP/1.0" 404 2091 "-" "Mozilla/5.0 AppleWebKit/537.36 (KHTML, like Gecko; compatible; ClaudeBot/1.0; +claudebot@anthropic.com)"
216.73.216.191 - - [14/Apr/2026:07:05:08 +0300] "GET /shopping/3981787359.html HTTP/1.0" 404 2091 "-" "Mozilla/5.0 AppleWebKit/537.36 (KHTML, like Gecko; compatible; ClaudeBot/1.0; +claudebot@anthropic.com)"
94.154.35.236 - - [14/Apr/2026:07:05:32 +0300] "HEAD /blog.7z HTTP/1.1" 301 0 "-" "Mozilla/5.0 (Windows NT 10.0; Win64; x64) AppleWebKit/537.36 (KHTML, like Gecko) Chrome/101.0.4951.67 Safari/537.36"
94.154.35.236 - - [14/Apr/2026:07:05:32 +0300] "HEAD /blog.7z HTTP/1.0" 404 554 "-" "Mozilla/5.0 (Windows NT 10.0; Win64; x64) AppleWebKit/537.36 (KHTML, like Gecko) Chrome/101.0.4951.67 Safari/537.36"
216.73.216.191 - - [14/Apr/2026:07:05:45 +0300] "GET /shopping/3555142825.html HTTP/1.0" 404 2188 "-" "Mozilla/5.0 AppleWebKit/537.36 (KHTML, like Gecko; compatible; ClaudeBot/1.0; +claudebot@anthropic.com)"
216.73.216.191 - - [14/Apr/2026:07:05:50 +0300] "GET /shopping/3984211541.html HTTP/1.0" 404 2091 "-" "Mozilla/5.0 AppleWebKit/537.36 (KHTML, like Gecko; compatible; ClaudeBot/1.0; +claudebot@anthropic.com)"
216.73.216.191 - - [14/Apr/2026:07:06:06 +0300] "GET /shopping/216115864.html HTTP/1.0" 404 2188 "-" "Mozilla/5.0 AppleWebKit/537.36 (KHTML, like Gecko; compatible; ClaudeBot/1.0; +claudebot@anthropic.com)"
216.73.216.191 - - [14/Apr/2026:07:06:11 +0300] "GET /shopping/582792446.html HTTP/1.0" 404 2091 "-" "Mozilla/5.0 AppleWebKit/537.36 (KHTML, like Gecko; compatible; ClaudeBot/1.0; +claudebot@anthropic.com)"
216.73.216.191 - - [14/Apr/2026:07:06:17 +0300] "GET /shopping/972153989.html HTTP/1.0" 404 2091 "-" "Mozilla/5.0 AppleWebKit/537.36 (KHTML, like Gecko; compatible; ClaudeBot/1.0; +claudebot@anthropic.com)"
216.73.216.191 - - [14/Apr/2026:07:06:27 +0300] "GET /shopping/2442243762.html HTTP/1.0" 404 2188 "-" "Mozilla/5.0 AppleWebKit/537.36 (KHTML, like Gecko; compatible; ClaudeBot/1.0; +claudebot@anthropic.com)"
216.73.216.191 - - [14/Apr/2026:07:06:33 +0300] "GET /shopping/3552718627.html HTTP/1.0" 404 2091 "-" "Mozilla/5.0 AppleWebKit/537.36 (KHTML, like Gecko; compatible; ClaudeBot/1.0; +claudebot@anthropic.com)"
216.73.216.191 - - [14/Apr/2026:07:06:39 +0300] "GET /shopping/2193718700.html HTTP/1.0" 404 2091 "-" "Mozilla/5.0 AppleWebKit/537.36 (KHTML, like Gecko; compatible; ClaudeBot/1.0; +claudebot@anthropic.com)"
216.73.216.191 - - [14/Apr/2026:07:07:02 +0300] "GET /shopping/4293096238.html HTTP/1.0" 404 2188 "-" "Mozilla/5.0 AppleWebKit/537.36 (KHTML, like Gecko; compatible; ClaudeBot/1.0; +claudebot@anthropic.com)"
216.73.216.191 - - [14/Apr/2026:07:07:07 +0300] "GET /shopping/2420648713.html HTTP/1.0" 404 2091 "-" "Mozilla/5.0 AppleWebKit/537.36 (KHTML, like Gecko; compatible; ClaudeBot/1.0; +claudebot@anthropic.com)"
216.73.216.191 - - [14/Apr/2026:07:07:13 +0300] "GET /shopping/2422204236.html HTTP/1.0" 404 2091 "-" "Mozilla/5.0 AppleWebKit/537.36 (KHTML, like Gecko; compatible; ClaudeBot/1.0; +claudebot@anthropic.com)"
216.73.216.191 - - [14/Apr/2026:07:07:19 +0300] "GET /shopping/141905822.html HTTP/1.0" 404 2091 "-" "Mozilla/5.0 AppleWebKit/537.36 (KHTML, like Gecko; compatible; ClaudeBot/1.0; +claudebot@anthropic.com)"
216.73.216.191 - - [14/Apr/2026:07:07:25 +0300] "GET /shopping/1672630401.html HTTP/1.0" 404 2091 "-" "Mozilla/5.0 AppleWebKit/537.36 (KHTML, like Gecko; compatible; ClaudeBot/1.0; +claudebot@anthropic.com)"
216.73.216.191 - - [14/Apr/2026:07:07:32 +0300] "GET /shopping/3788687770.html HTTP/1.0" 404 2091 "-" "Mozilla/5.0 AppleWebKit/537.36 (KHTML, like Gecko; compatible; ClaudeBot/1.0; +claudebot@anthropic.com)"
5.255.231.128 - - [14/Apr/2026:07:07:24 +0300] "GET /kazan/odezhda-stseny HTTP/1.0" 200 21888 "-" "Mozilla/5.0 (compatible; YandexBot/3.0; +http://yandex.com/bots)"
216.73.216.191 - - [14/Apr/2026:07:07:38 +0300] "GET /shopping/2005638867.html HTTP/1.0" 404 2091 "-" "Mozilla/5.0 AppleWebKit/537.36 (KHTML, like Gecko; compatible; ClaudeBot/1.0; +claudebot@anthropic.com)"
216.73.216.191 - - [14/Apr/2026:07:07:44 +0300] "GET /shopping/833653742.html HTTP/1.0" 404 2188 "-" "Mozilla/5.0 AppleWebKit/537.36 (KHTML, like Gecko; compatible; ClaudeBot/1.0; +claudebot@anthropic.com)"
216.73.216.191 - - [14/Apr/2026:07:08:38 +0300] "GET /shopping/1675594538.html HTTP/1.0" 404 2188 "-" "Mozilla/5.0 AppleWebKit/537.36 (KHTML, like Gecko; compatible; ClaudeBot/1.0; +claudebot@anthropic.com)"
216.73.216.191 - - [14/Apr/2026:07:08:43 +0300] "GET /shopping/2992946107.html HTTP/1.0" 404 2091 "-" "Mozilla/5.0 AppleWebKit/537.36 (KHTML, like Gecko; compatible; ClaudeBot/1.0; +claudebot@anthropic.com)"
216.73.216.191 - - [14/Apr/2026:07:08:48 +0300] "GET /shopping/1619768417.html HTTP/1.0" 404 2091 "-" "Mozilla/5.0 AppleWebKit/537.36 (KHTML, like Gecko; compatible; ClaudeBot/1.0; +claudebot@anthropic.com)"
216.73.216.191 - - [14/Apr/2026:07:08:53 +0300] "GET /shopping/2429997949.html HTTP/1.0" 404 2091 "-" "Mozilla/5.0 AppleWebKit/537.36 (KHTML, like Gecko; compatible; ClaudeBot/1.0; +claudebot@anthropic.com)"
216.73.216.191 - - [14/Apr/2026:07:08:58 +0300] "GET /shopping/1032477373.html HTTP/1.0" 404 2091 "-" "Mozilla/5.0 AppleWebKit/537.36 (KHTML, like Gecko; compatible; ClaudeBot/1.0; +claudebot@anthropic.com)"
216.73.216.191 - - [14/Apr/2026:07:09:03 +0300] "GET /shopping/4228160069.html HTTP/1.0" 404 2091 "-" "Mozilla/5.0 AppleWebKit/537.36 (KHTML, like Gecko; compatible; ClaudeBot/1.0; +claudebot@anthropic.com)"
216.73.216.191 - - [14/Apr/2026:07:09:08 +0300] "GET /shopping/2093114874.html HTTP/1.0" 404 2188 "-" "Mozilla/5.0 AppleWebKit/537.36 (KHTML, like Gecko; compatible; ClaudeBot/1.0; +claudebot@anthropic.com)"
216.73.216.191 - - [14/Apr/2026:07:09:14 +0300] "GET /shopping/2663773958.html HTTP/1.0" 404 2091 "-" "Mozilla/5.0 AppleWebKit/537.36 (KHTML, like Gecko; compatible; ClaudeBot/1.0; +claudebot@anthropic.com)"
216.73.216.191 - - [14/Apr/2026:07:09:22 +0300] "GET /shopping/1258105547.html HTTP/1.0" 404 2188 "-" "Mozilla/5.0 AppleWebKit/537.36 (KHTML, like Gecko; compatible; ClaudeBot/1.0; +claudebot@anthropic.com)"
216.73.216.191 - - [14/Apr/2026:07:09:28 +0300] "GET /shopping/2735538021.html HTTP/1.0" 404 2091 "-" "Mozilla/5.0 AppleWebKit/537.36 (KHTML, like Gecko; compatible; ClaudeBot/1.0; +claudebot@anthropic.com)"
216.73.216.191 - - [14/Apr/2026:07:09:33 +0300] "GET /shopping/329142393.html HTTP/1.0" 404 2091 "-" "Mozilla/5.0 AppleWebKit/537.36 (KHTML, like Gecko; compatible; ClaudeBot/1.0; +claudebot@anthropic.com)"
216.73.216.191 - - [14/Apr/2026:07:09:38 +0300] "GET /shopping/1899398113.html HTTP/1.0" 404 2091 "-" "Mozilla/5.0 AppleWebKit/537.36 (KHTML, like Gecko; compatible; ClaudeBot/1.0; +claudebot@anthropic.com)"
216.73.216.191 - - [14/Apr/2026:07:09:43 +0300] "GET /shopping/4071131498.html HTTP/1.0" 404 2091 "-" "Mozilla/5.0 AppleWebKit/537.36 (KHTML, like Gecko; compatible; ClaudeBot/1.0; +claudebot@anthropic.com)"
216.73.216.191 - - [14/Apr/2026:07:09:48 +0300] "GET /shopping/3314417534.html HTTP/1.0" 404 2091 "-" "Mozilla/5.0 AppleWebKit/537.36 (KHTML, like Gecko; compatible; ClaudeBot/1.0; +claudebot@anthropic.com)"
216.73.216.191 - - [14/Apr/2026:07:10:06 +0300] "GET /shopping/2930013638.html HTTP/1.0" 404 2188 "-" "Mozilla/5.0 AppleWebKit/537.36 (KHTML, like Gecko; compatible; ClaudeBot/1.0; +claudebot@anthropic.com)"
216.73.216.191 - - [14/Apr/2026:07:10:11 +0300] "GET /shopping/2324475226.html HTTP/1.0" 404 2091 "-" "Mozilla/5.0 AppleWebKit/537.36 (KHTML, like Gecko; compatible; ClaudeBot/1.0; +claudebot@anthropic.com)"
216.73.216.191 - - [14/Apr/2026:07:10:16 +0300] "GET /shopping/3859181444.html HTTP/1.0" 404 2091 "-" "Mozilla/5.0 AppleWebKit/537.36 (KHTML, like Gecko; compatible; ClaudeBot/1.0; +claudebot@anthropic.com)"
216.73.216.191 - - [14/Apr/2026:07:10:21 +0300] "GET /shopping/2517231407.html HTTP/1.0" 404 2091 "-" "Mozilla/5.0 AppleWebKit/537.36 (KHTML, like Gecko; compatible; ClaudeBot/1.0; +claudebot@anthropic.com)"
216.73.216.191 - - [14/Apr/2026:07:10:26 +0300] "GET /shopping/2906694190.html HTTP/1.0" 404 2091 "-" "Mozilla/5.0 AppleWebKit/537.36 (KHTML, like Gecko; compatible; ClaudeBot/1.0; +claudebot@anthropic.com)"
51.195.215.105 - - [14/Apr/2026:07:10:27 +0300] "GET /sitemap.xml HTTP/1.0" 200 7085 "-" "Mozilla/5.0 (compatible; AhrefsBot/7.0; +http://ahrefs.com/robot/)"
216.73.216.191 - - [14/Apr/2026:07:10:31 +0300] "GET /shopping/1858296753.html HTTP/1.0" 404 2091 "-" "Mozilla/5.0 AppleWebKit/537.36 (KHTML, like Gecko; compatible; ClaudeBot/1.0; +claudebot@anthropic.com)"
216.73.216.191 - - [14/Apr/2026:07:11:15 +0300] "GET /shopping/1410459056.html HTTP/1.0" 404 2188 "-" "Mozilla/5.0 AppleWebKit/537.36 (KHTML, like Gecko; compatible; ClaudeBot/1.0; +claudebot@anthropic.com)"
216.73.216.191 - - [14/Apr/2026:07:11:20 +0300] "GET /shopping/1763132456.html HTTP/1.0" 404 2091 "-" "Mozilla/5.0 AppleWebKit/537.36 (KHTML, like Gecko; compatible; ClaudeBot/1.0; +claudebot@anthropic.com)"
216.73.216.191 - - [14/Apr/2026:07:11:25 +0300] "GET /shopping/1075887834.html HTTP/1.0" 404 2091 "-" "Mozilla/5.0 AppleWebKit/537.36 (KHTML, like Gecko; compatible; ClaudeBot/1.0; +claudebot@anthropic.com)"
216.73.216.191 - - [14/Apr/2026:07:11:30 +0300] "GET /shopping/126868725.html HTTP/1.0" 404 2091 "-" "Mozilla/5.0 AppleWebKit/537.36 (KHTML, like Gecko; compatible; ClaudeBot/1.0; +claudebot@anthropic.com)"
216.73.216.191 - - [14/Apr/2026:07:11:35 +0300] "GET /shopping/859867325.html HTTP/1.0" 404 2091 "-" "Mozilla/5.0 AppleWebKit/537.36 (KHTML, like Gecko; compatible; ClaudeBot/1.0; +claudebot@anthropic.com)"
216.73.216.191 - - [14/Apr/2026:07:12:02 +0300] "GET /shopping/3412226744.html HTTP/1.0" 404 2188 "-" "Mozilla/5.0 AppleWebKit/537.36 (KHTML, like Gecko; compatible; ClaudeBot/1.0; +claudebot@anthropic.com)"
216.73.216.191 - - [14/Apr/2026:07:12:07 +0300] "GET /shopping/1399809513.html HTTP/1.0" 404 2091 "-" "Mozilla/5.0 AppleWebKit/537.36 (KHTML, like Gecko; compatible; ClaudeBot/1.0; +claudebot@anthropic.com)"
216.73.216.191 - - [14/Apr/2026:07:12:12 +0300] "GET /shopping/2198212671.html HTTP/1.0" 404 2091 "-" "Mozilla/5.0 AppleWebKit/537.36 (KHTML, like Gecko; compatible; ClaudeBot/1.0; +claudebot@anthropic.com)"
216.73.216.191 - - [14/Apr/2026:07:12:17 +0300] "GET /shopping/3880510032.html HTTP/1.0" 404 2091 "-" "Mozilla/5.0 AppleWebKit/537.36 (KHTML, like Gecko; compatible; ClaudeBot/1.0; +claudebot@anthropic.com)"
216.73.216.191 - - [14/Apr/2026:07:12:22 +0300] "GET /shopping/2230802313.html HTTP/1.0" 404 2091 "-" "Mozilla/5.0 AppleWebKit/537.36 (KHTML, like Gecko; compatible; ClaudeBot/1.0; +claudebot@anthropic.com)"
216.73.216.191 - - [14/Apr/2026:07:12:31 +0300] "GET /shopping/1438687849.html HTTP/1.0" 404 2188 "-" "Mozilla/5.0 AppleWebKit/537.36 (KHTML, like Gecko; compatible; ClaudeBot/1.0; +claudebot@anthropic.com)"
216.73.216.191 - - [14/Apr/2026:07:12:36 +0300] "GET /shopping/2614183671.html HTTP/1.0" 404 2091 "-" "Mozilla/5.0 AppleWebKit/537.36 (KHTML, like Gecko; compatible; ClaudeBot/1.0; +claudebot@anthropic.com)"
216.73.216.191 - - [14/Apr/2026:07:12:41 +0300] "GET /shopping/254102881.html HTTP/1.0" 404 2091 "-" "Mozilla/5.0 AppleWebKit/537.36 (KHTML, like Gecko; compatible; ClaudeBot/1.0; +claudebot@anthropic.com)"
216.73.216.191 - - [14/Apr/2026:07:12:46 +0300] "GET /shopping/1717718580.html HTTP/1.0" 404 2091 "-" "Mozilla/5.0 AppleWebKit/537.36 (KHTML, like Gecko; compatible; ClaudeBot/1.0; +claudebot@anthropic.com)"
216.244.66.246 - - [14/Apr/2026:07:12:52 +0300] "GET /robots.txt HTTP/1.1" 301 196 "-" "Mozilla/5.0 (compatible; DotBot/1.2; +https://opensiteexplorer.org/dotbot; help@moz.com)"
216.244.66.246 - - [14/Apr/2026:07:12:52 +0300] "GET /robots.txt HTTP/1.0" 200 361 "-" "Mozilla/5.0 (compatible; DotBot/1.2; +https://opensiteexplorer.org/dotbot; help@moz.com)"
216.73.216.191 - - [14/Apr/2026:07:12:51 +0300] "GET /shopping/1430583650.html HTTP/1.0" 404 2091 "-" "Mozilla/5.0 AppleWebKit/537.36 (KHTML, like Gecko; compatible; ClaudeBot/1.0; +claudebot@anthropic.com)"
216.73.216.191 - - [14/Apr/2026:07:12:56 +0300] "GET /shopping/3227705719.html HTTP/1.0" 404 2091 "-" "Mozilla/5.0 AppleWebKit/537.36 (KHTML, like Gecko; compatible; ClaudeBot/1.0; +claudebot@anthropic.com)"
216.73.216.191 - - [14/Apr/2026:07:13:03 +0300] "GET /shopping/680442485.html HTTP/1.0" 404 2188 "-" "Mozilla/5.0 AppleWebKit/537.36 (KHTML, like Gecko; compatible; ClaudeBot/1.0; +claudebot@anthropic.com)"
216.73.216.191 - - [14/Apr/2026:07:13:09 +0300] "GET /shopping/763298301.html HTTP/1.0" 404 2091 "-" "Mozilla/5.0 AppleWebKit/537.36 (KHTML, like Gecko; compatible; ClaudeBot/1.0; +claudebot@anthropic.com)"
216.73.216.191 - - [14/Apr/2026:07:13:14 +0300] "GET /shopping/3393348901.html HTTP/1.0" 404 2091 "-" "Mozilla/5.0 AppleWebKit/537.36 (KHTML, like Gecko; compatible; ClaudeBot/1.0; +claudebot@anthropic.com)"
216.73.216.191 - - [14/Apr/2026:07:13:19 +0300] "GET /shopping/150415356.html HTTP/1.0" 404 2091 "-" "Mozilla/5.0 AppleWebKit/537.36 (KHTML, like Gecko; compatible; ClaudeBot/1.0; +claudebot@anthropic.com)"
216.73.216.191 - - [14/Apr/2026:07:13:24 +0300] "GET /shopping/3992634817.html HTTP/1.0" 404 2091 "-" "Mozilla/5.0 AppleWebKit/537.36 (KHTML, like Gecko; compatible; ClaudeBot/1.0; +claudebot@anthropic.com)"
216.73.216.191 - - [14/Apr/2026:07:13:29 +0300] "GET /shopping/1601238751.html HTTP/1.0" 404 2091 "-" "Mozilla/5.0 AppleWebKit/537.36 (KHTML, like Gecko; compatible; ClaudeBot/1.0; +claudebot@anthropic.com)"
216.73.216.191 - - [14/Apr/2026:07:13:34 +0300] "GET /shopping/779604779.html HTTP/1.0" 404 2091 "-" "Mozilla/5.0 AppleWebKit/537.36 (KHTML, like Gecko; compatible; ClaudeBot/1.0; +claudebot@anthropic.com)"
216.73.216.191 - - [14/Apr/2026:07:13:39 +0300] "GET /shopping/109897014.html HTTP/1.0" 404 2091 "-" "Mozilla/5.0 AppleWebKit/537.36 (KHTML, like Gecko; compatible; ClaudeBot/1.0; +claudebot@anthropic.com)"
216.73.216.191 - - [14/Apr/2026:07:13:44 +0300] "GET /shopping/74841580.html HTTP/1.0" 404 2091 "-" "Mozilla/5.0 AppleWebKit/537.36 (KHTML, like Gecko; compatible; ClaudeBot/1.0; +claudebot@anthropic.com)"
216.73.216.191 - - [14/Apr/2026:07:13:49 +0300] "GET /shopping/1201565962.html HTTP/1.0" 404 2091 "-" "Mozilla/5.0 AppleWebKit/537.36 (KHTML, like Gecko; compatible; ClaudeBot/1.0; +claudebot@anthropic.com)"
216.73.216.191 - - [14/Apr/2026:07:13:54 +0300] "GET /shopping/1186366227.html HTTP/1.0" 404 2091 "-" "Mozilla/5.0 AppleWebKit/537.36 (KHTML, like Gecko; compatible; ClaudeBot/1.0; +claudebot@anthropic.com)"
216.73.216.191 - - [14/Apr/2026:07:13:59 +0300] "GET /shopping/4288601045.html HTTP/1.0" 404 2091 "-" "Mozilla/5.0 AppleWebKit/537.36 (KHTML, like Gecko; compatible; ClaudeBot/1.0; +claudebot@anthropic.com)"
216.73.216.191 - - [14/Apr/2026:07:14:04 +0300] "GET /shopping/1044100232.html HTTP/1.0" 404 2091 "-" "Mozilla/5.0 AppleWebKit/537.36 (KHTML, like Gecko; compatible; ClaudeBot/1.0; +claudebot@anthropic.com)"
216.73.216.191 - - [14/Apr/2026:07:14:09 +0300] "GET /shopping/1072811609.html HTTP/1.0" 404 2091 "-" "Mozilla/5.0 AppleWebKit/537.36 (KHTML, like Gecko; compatible; ClaudeBot/1.0; +claudebot@anthropic.com)"
216.73.216.191 - - [14/Apr/2026:07:14:14 +0300] "GET /shopping/537440146.html HTTP/1.0" 404 2091 "-" "Mozilla/5.0 AppleWebKit/537.36 (KHTML, like Gecko; compatible; ClaudeBot/1.0; +claudebot@anthropic.com)"
216.73.216.191 - - [14/Apr/2026:07:14:19 +0300] "GET /shopping/954615124.html HTTP/1.0" 404 2091 "-" "Mozilla/5.0 AppleWebKit/537.36 (KHTML, like Gecko; compatible; ClaudeBot/1.0; +claudebot@anthropic.com)"
216.73.216.191 - - [14/Apr/2026:07:14:24 +0300] "GET /shopping/487126367.html HTTP/1.0" 404 2091 "-" "Mozilla/5.0 AppleWebKit/537.36 (KHTML, like Gecko; compatible; ClaudeBot/1.0; +claudebot@anthropic.com)"
216.73.216.191 - - [14/Apr/2026:07:14:29 +0300] "GET /shopping/2249694520.html HTTP/1.0" 404 2091 "-" "Mozilla/5.0 AppleWebKit/537.36 (KHTML, like Gecko; compatible; ClaudeBot/1.0; +claudebot@anthropic.com)"
216.73.216.191 - - [14/Apr/2026:07:14:34 +0300] "GET /shopping/2321769895.html HTTP/1.0" 404 2091 "-" "Mozilla/5.0 AppleWebKit/537.36 (KHTML, like Gecko; compatible; ClaudeBot/1.0; +claudebot@anthropic.com)"
216.73.216.191 - - [14/Apr/2026:07:14:41 +0300] "GET /shopping/2916740019.html HTTP/1.0" 404 2188 "-" "Mozilla/5.0 AppleWebKit/537.36 (KHTML, like Gecko; compatible; ClaudeBot/1.0; +claudebot@anthropic.com)"
216.244.66.246 - - [14/Apr/2026:07:14:47 +0300] "GET /images/speasyimagegallery/albums/1/images/bf2a9f40-fc14-4790-a490-63766d91e74f.jpeg HTTP/1.1" 200 149574 "-" "Mozilla/5.0 (compatible; DotBot/1.2; +https://opensiteexplorer.org/dotbot; help@moz.com)"
216.73.216.191 - - [14/Apr/2026:07:14:46 +0300] "GET /shopping/683657659.html HTTP/1.0" 404 2091 "-" "Mozilla/5.0 AppleWebKit/537.36 (KHTML, like Gecko; compatible; ClaudeBot/1.0; +claudebot@anthropic.com)"
66.249.78.1 - - [14/Apr/2026:07:14:53 +0300] "GET /robots.txt HTTP/1.0" 200 402 "-" "Mozilla/5.0 (compatible; Googlebot/2.1; +http://www.google.com/bot.html)"
216.73.216.191 - - [14/Apr/2026:07:14:51 +0300] "GET /shopping/1247303758.html HTTP/1.0" 404 2091 "-" "Mozilla/5.0 AppleWebKit/537.36 (KHTML, like Gecko; compatible; ClaudeBot/1.0; +claudebot@anthropic.com)"
216.73.216.191 - - [14/Apr/2026:07:14:56 +0300] "GET /shopping/3905601137.html HTTP/1.0" 404 2091 "-" "Mozilla/5.0 AppleWebKit/537.36 (KHTML, like Gecko; compatible; ClaudeBot/1.0; +claudebot@anthropic.com)"
216.73.216.191 - - [14/Apr/2026:07:15:01 +0300] "GET /shopping/3105023577.html HTTP/1.0" 404 2091 "-" "Mozilla/5.0 AppleWebKit/537.36 (KHTML, like Gecko; compatible; ClaudeBot/1.0; +claudebot@anthropic.com)"
216.73.216.191 - - [14/Apr/2026:07:15:06 +0300] "GET /shopping/4170527478.html HTTP/1.0" 404 2091 "-" "Mozilla/5.0 AppleWebKit/537.36 (KHTML, like Gecko; compatible; ClaudeBot/1.0; +claudebot@anthropic.com)"
216.73.216.191 - - [14/Apr/2026:07:15:11 +0300] "GET /shopping/3089660335.html HTTP/1.0" 404 2188 "-" "Mozilla/5.0 AppleWebKit/537.36 (KHTML, like Gecko; compatible; ClaudeBot/1.0; +claudebot@anthropic.com)"
216.73.216.191 - - [14/Apr/2026:07:15:17 +0300] "GET /shopping/3055228115.html HTTP/1.0" 404 2091 "-" "Mozilla/5.0 AppleWebKit/537.36 (KHTML, like Gecko; compatible; ClaudeBot/1.0; +claudebot@anthropic.com)"
216.73.216.191 - - [14/Apr/2026:07:15:22 +0300] "GET /shopping/1752159403.html HTTP/1.0" 404 2091 "-" "Mozilla/5.0 AppleWebKit/537.36 (KHTML, like Gecko; compatible; ClaudeBot/1.0; +claudebot@anthropic.com)"
216.73.216.191 - - [14/Apr/2026:07:15:29 +0300] "GET /robots.txt HTTP/1.0" 200 402 "-" "Mozilla/5.0 AppleWebKit/537.36 (KHTML, like Gecko; compatible; ClaudeBot/1.0; +claudebot@anthropic.com)"
216.73.216.191 - - [14/Apr/2026:07:15:27 +0300] "GET /shopping/2427129079.html HTTP/1.0" 404 2091 "-" "Mozilla/5.0 AppleWebKit/537.36 (KHTML, like Gecko; compatible; ClaudeBot/1.0; +claudebot@anthropic.com)"
216.73.216.191 - - [14/Apr/2026:07:15:33 +0300] "GET /shopping/773640369.html HTTP/1.0" 404 2188 "-" "Mozilla/5.0 AppleWebKit/537.36 (KHTML, like Gecko; compatible; ClaudeBot/1.0; +claudebot@anthropic.com)"
216.73.216.191 - - [14/Apr/2026:07:15:39 +0300] "GET /shopping/3374756121.html HTTP/1.0" 404 2091 "-" "Mozilla/5.0 AppleWebKit/537.36 (KHTML, like Gecko; compatible; ClaudeBot/1.0; +claudebot@anthropic.com)"
216.73.216.191 - - [14/Apr/2026:07:15:44 +0300] "GET /shopping/1094380458.html HTTP/1.0" 404 2091 "-" "Mozilla/5.0 AppleWebKit/537.36 (KHTML, like Gecko; compatible; ClaudeBot/1.0; +claudebot@anthropic.com)"
216.73.216.191 - - [14/Apr/2026:07:15:49 +0300] "GET /shopping/3986548679.html HTTP/1.0" 404 2091 "-" "Mozilla/5.0 AppleWebKit/537.36 (KHTML, like Gecko; compatible; ClaudeBot/1.0; +claudebot@anthropic.com)"
216.73.216.191 - - [14/Apr/2026:07:15:54 +0300] "GET /shopping/3298091958.html HTTP/1.0" 404 2091 "-" "Mozilla/5.0 AppleWebKit/537.36 (KHTML, like Gecko; compatible; ClaudeBot/1.0; +claudebot@anthropic.com)"
216.73.216.191 - - [14/Apr/2026:07:15:59 +0300] "GET /shopping/3130680179.html HTTP/1.0" 404 2091 "-" "Mozilla/5.0 AppleWebKit/537.36 (KHTML, like Gecko; compatible; ClaudeBot/1.0; +claudebot@anthropic.com)"
216.73.216.191 - - [14/Apr/2026:07:16:04 +0300] "GET /shopping/2010812333.html HTTP/1.0" 404 2091 "-" "Mozilla/5.0 AppleWebKit/537.36 (KHTML, like Gecko; compatible; ClaudeBot/1.0; +claudebot@anthropic.com)"
216.73.216.191 - - [14/Apr/2026:07:16:09 +0300] "GET /shopping/22663556.html HTTP/1.0" 404 2091 "-" "Mozilla/5.0 AppleWebKit/537.36 (KHTML, like Gecko; compatible; ClaudeBot/1.0; +claudebot@anthropic.com)"
216.73.216.191 - - [14/Apr/2026:07:16:15 +0300] "GET /shopping/2269397975.html HTTP/1.0" 404 2188 "-" "Mozilla/5.0 AppleWebKit/537.36 (KHTML, like Gecko; compatible; ClaudeBot/1.0; +claudebot@anthropic.com)"
216.73.216.191 - - [14/Apr/2026:07:16:21 +0300] "GET /shopping/897903023.html HTTP/1.0" 404 2091 "-" "Mozilla/5.0 AppleWebKit/537.36 (KHTML, like Gecko; compatible; ClaudeBot/1.0; +claudebot@anthropic.com)"
216.73.216.191 - - [14/Apr/2026:07:16:26 +0300] "GET /shopping/2811217328.html HTTP/1.0" 404 2091 "-" "Mozilla/5.0 AppleWebKit/537.36 (KHTML, like Gecko; compatible; ClaudeBot/1.0; +claudebot@anthropic.com)"
216.73.216.191 - - [14/Apr/2026:07:16:31 +0300] "GET /shopping/636459173.html HTTP/1.0" 404 2091 "-" "Mozilla/5.0 AppleWebKit/537.36 (KHTML, like Gecko; compatible; ClaudeBot/1.0; +claudebot@anthropic.com)"
