216.73.216.191 - - [14/Apr/2026:07:16:36 +0300] "GET /shopping/2938847384.html HTTP/1.0" 404 2091 "-" "Mozilla/5.0 AppleWebKit/537.36 (KHTML, like Gecko; compatible; ClaudeBot/1.0; +claudebot@anthropic.com)"
216.73.216.191 - - [14/Apr/2026:07:16:41 +0300] "GET /shopping/2740290348.html HTTP/1.0" 404 2091 "-" "Mozilla/5.0 AppleWebKit/537.36 (KHTML, like Gecko; compatible; ClaudeBot/1.0; +claudebot@anthropic.com)"
216.73.216.191 - - [14/Apr/2026:07:16:45 +0300] "GET /shopping/1200353863.html HTTP/1.0" 404 2188 "-" "Mozilla/5.0 AppleWebKit/537.36 (KHTML, like Gecko; compatible; ClaudeBot/1.0; +claudebot@anthropic.com)"
216.73.216.191 - - [14/Apr/2026:07:16:51 +0300] "GET /shopping/410200309.html HTTP/1.0" 404 2091 "-" "Mozilla/5.0 AppleWebKit/537.36 (KHTML, like Gecko; compatible; ClaudeBot/1.0; +claudebot@anthropic.com)"
216.73.216.191 - - [14/Apr/2026:07:16:56 +0300] "GET /shopping/2133517530.html HTTP/1.0" 404 2091 "-" "Mozilla/5.0 AppleWebKit/537.36 (KHTML, like Gecko; compatible; ClaudeBot/1.0; +claudebot@anthropic.com)"
216.73.216.191 - - [14/Apr/2026:07:17:01 +0300] "GET /shopping/4291720600.html HTTP/1.0" 404 2091 "-" "Mozilla/5.0 AppleWebKit/537.36 (KHTML, like Gecko; compatible; ClaudeBot/1.0; +claudebot@anthropic.com)"
216.73.216.191 - - [14/Apr/2026:07:17:06 +0300] "GET /shopping/1868342582.html HTTP/1.0" 404 2091 "-" "Mozilla/5.0 AppleWebKit/537.36 (KHTML, like Gecko; compatible; ClaudeBot/1.0; +claudebot@anthropic.com)"
216.73.216.191 - - [14/Apr/2026:07:17:11 +0300] "GET /shopping/3034074043.html HTTP/1.0" 404 2091 "-" "Mozilla/5.0 AppleWebKit/537.36 (KHTML, like Gecko; compatible; ClaudeBot/1.0; +claudebot@anthropic.com)"
216.73.216.191 - - [14/Apr/2026:07:17:16 +0300] "GET /shopping/2425401040.html HTTP/1.0" 404 2091 "-" "Mozilla/5.0 AppleWebKit/537.36 (KHTML, like Gecko; compatible; ClaudeBot/1.0; +claudebot@anthropic.com)"
216.73.216.191 - - [14/Apr/2026:07:17:21 +0300] "GET /shopping/4080215463.html HTTP/1.0" 404 2091 "-" "Mozilla/5.0 AppleWebKit/537.36 (KHTML, like Gecko; compatible; ClaudeBot/1.0; +claudebot@anthropic.com)"
216.73.216.191 - - [14/Apr/2026:07:17:26 +0300] "GET /shopping/3751018561.html HTTP/1.0" 404 2091 "-" "Mozilla/5.0 AppleWebKit/537.36 (KHTML, like Gecko; compatible; ClaudeBot/1.0; +claudebot@anthropic.com)"
216.73.216.191 - - [14/Apr/2026:07:17:31 +0300] "GET /shopping/407269196.html HTTP/1.0" 404 2091 "-" "Mozilla/5.0 AppleWebKit/537.36 (KHTML, like Gecko; compatible; ClaudeBot/1.0; +claudebot@anthropic.com)"
216.73.216.191 - - [14/Apr/2026:07:17:39 +0300] "GET /shopping/1593940530.html HTTP/1.0" 404 2188 "-" "Mozilla/5.0 AppleWebKit/537.36 (KHTML, like Gecko; compatible; ClaudeBot/1.0; +claudebot@anthropic.com)"
216.73.216.191 - - [14/Apr/2026:07:17:45 +0300] "GET /shopping/3467953989.html HTTP/1.0" 404 2091 "-" "Mozilla/5.0 AppleWebKit/537.36 (KHTML, like Gecko; compatible; ClaudeBot/1.0; +claudebot@anthropic.com)"
77.79.183.90 - - [14/Apr/2026:07:17:46 +0300] "GET /ufa/odezhda-stseny HTTP/1.0" 200 22362 "https://yandex.ru/" "Mozilla/5.0 (Windows NT 10.0; Win64; x64) AppleWebKit/537.36 (KHTML, like Gecko) Chrome/144.0.0.0 YaBrowser/26.3.0.0 Safari/537.36"
77.79.183.90 - - [14/Apr/2026:07:17:51 +0300] "GET /media/mod_wedal_joomla_callback/css/wjcallback.css?14060d5cc8c8f569e3907ce56c3fbe0b HTTP/1.1" 200 958 "https://xn----jtbybqkejng.xn--p1ai/ufa/odezhda-stseny" "Mozilla/5.0 (Windows NT 10.0; Win64; x64) AppleWebKit/537.36 (KHTML, like Gecko) Chrome/144.0.0.0 YaBrowser/26.3.0.0 Safari/537.36"
77.79.183.90 - - [14/Apr/2026:07:17:51 +0300] "GET /media/vendor/joomla-custom-elements/css/joomla-alert.min.css?0.2.0 HTTP/1.1" 200 970 "https://xn----jtbybqkejng.xn--p1ai/ufa/odezhda-stseny" "Mozilla/5.0 (Windows NT 10.0; Win64; x64) AppleWebKit/537.36 (KHTML, like Gecko) Chrome/144.0.0.0 YaBrowser/26.3.0.0 Safari/537.36"
77.79.183.90 - - [14/Apr/2026:07:17:51 +0300] "GET /components/com_sppagebuilder/assets/css/font-awesome-5.min.css?4c712525bbbcd041da9d1cec623f871f HTTP/1.1" 200 12728 "https://xn----jtbybqkejng.xn--p1ai/ufa/odezhda-stseny" "Mozilla/5.0 (Windows NT 10.0; Win64; x64) AppleWebKit/537.36 (KHTML, like Gecko) Chrome/144.0.0.0 YaBrowser/26.3.0.0 Safari/537.36"
77.79.183.90 - - [14/Apr/2026:07:17:51 +0300] "GET /components/com_sppagebuilder/assets/css/font-awesome-v4-shims.css?4c712525bbbcd041da9d1cec623f871f HTTP/1.1" 200 4273 "https://xn----jtbybqkejng.xn--p1ai/ufa/odezhda-stseny" "Mozilla/5.0 (Windows NT 10.0; Win64; x64) AppleWebKit/537.36 (KHTML, like Gecko) Chrome/144.0.0.0 YaBrowser/26.3.0.0 Safari/537.36"
77.79.183.90 - - [14/Apr/2026:07:17:51 +0300] "GET /components/com_sppagebuilder/assets/css/animate.min.css?4c712525bbbcd041da9d1cec623f871f HTTP/1.1" 200 3867 "https://xn----jtbybqkejng.xn--p1ai/ufa/odezhda-stseny" "Mozilla/5.0 (Windows NT 10.0; Win64; x64) AppleWebKit/537.36 (KHTML, like Gecko) Chrome/144.0.0.0 YaBrowser/26.3.0.0 Safari/537.36"
77.79.183.90 - - [14/Apr/2026:07:17:51 +0300] "GET /components/com_sppagebuilder/assets/css/sppagebuilder.css?4c712525bbbcd041da9d1cec623f871f HTTP/1.1" 200 28453 "https://xn----jtbybqkejng.xn--p1ai/ufa/odezhda-stseny" "Mozilla/5.0 (Windows NT 10.0; Win64; x64) AppleWebKit/537.36 (KHTML, like Gecko) Chrome/144.0.0.0 YaBrowser/26.3.0.0 Safari/537.36"
77.79.183.90 - - [14/Apr/2026:07:17:51 +0300] "GET /components/com_sppagebuilder/assets/css/magnific-popup.css HTTP/1.1" 200 1730 "https://xn----jtbybqkejng.xn--p1ai/ufa/odezhda-stseny" "Mozilla/5.0 (Windows NT 10.0; Win64; x64) AppleWebKit/537.36 (KHTML, like Gecko) Chrome/144.0.0.0 YaBrowser/26.3.0.0 Safari/537.36"
77.79.183.90 - - [14/Apr/2026:07:17:52 +0300] "GET /components/com_speasyimagegallery/assets/css/style-min.css HTTP/1.1" 200 2881 "https://xn----jtbybqkejng.xn--p1ai/ufa/odezhda-stseny" "Mozilla/5.0 (Windows NT 10.0; Win64; x64) AppleWebKit/537.36 (KHTML, like Gecko) Chrome/144.0.0.0 YaBrowser/26.3.0.0 Safari/537.36"
77.79.183.90 - - [14/Apr/2026:07:17:52 +0300] "GET /templates/shaper_helixultimate/css/bootstrap.min.css HTTP/1.1" 200 28086 "https://xn----jtbybqkejng.xn--p1ai/ufa/odezhda-stseny" "Mozilla/5.0 (Windows NT 10.0; Win64; x64) AppleWebKit/537.36 (KHTML, like Gecko) Chrome/144.0.0.0 YaBrowser/26.3.0.0 Safari/537.36"
77.79.183.90 - - [14/Apr/2026:07:17:52 +0300] "GET /plugins/system/helixultimate/assets/css/system-j4.min.css HTTP/1.1" 200 1587 "https://xn----jtbybqkejng.xn--p1ai/ufa/odezhda-stseny" "Mozilla/5.0 (Windows NT 10.0; Win64; x64) AppleWebKit/537.36 (KHTML, like Gecko) Chrome/144.0.0.0 YaBrowser/26.3.0.0 Safari/537.36"
77.79.183.90 - - [14/Apr/2026:07:17:52 +0300] "GET /media/system/css/joomla-fontawesome.min.css?14060d5cc8c8f569e3907ce56c3fbe0b HTTP/1.1" 200 15691 "https://xn----jtbybqkejng.xn--p1ai/ufa/odezhda-stseny" "Mozilla/5.0 (Windows NT 10.0; Win64; x64) AppleWebKit/537.36 (KHTML, like Gecko) Chrome/144.0.0.0 YaBrowser/26.3.0.0 Safari/537.36"
77.79.183.90 - - [14/Apr/2026:07:17:52 +0300] "GET /templates/shaper_helixultimate/css/template.css HTTP/1.1" 200 13483 "https://xn----jtbybqkejng.xn--p1ai/ufa/odezhda-stseny" "Mozilla/5.0 (Windows NT 10.0; Win64; x64) AppleWebKit/537.36 (KHTML, like Gecko) Chrome/144.0.0.0 YaBrowser/26.3.0.0 Safari/537.36"
77.79.183.90 - - [14/Apr/2026:07:17:52 +0300] "GET /templates/shaper_helixultimate/css/presets/preset1.css HTTP/1.1" 200 891 "https://xn----jtbybqkejng.xn--p1ai/ufa/odezhda-stseny" "Mozilla/5.0 (Windows NT 10.0; Win64; x64) AppleWebKit/537.36 (KHTML, like Gecko) Chrome/144.0.0.0 YaBrowser/26.3.0.0 Safari/537.36"
77.79.183.90 - - [14/Apr/2026:07:17:52 +0300] "GET /plugins/system/spcookieconsent/assets/css/style.css HTTP/1.1" 200 794 "https://xn----jtbybqkejng.xn--p1ai/ufa/odezhda-stseny" "Mozilla/5.0 (Windows NT 10.0; Win64; x64) AppleWebKit/537.36 (KHTML, like Gecko) Chrome/144.0.0.0 YaBrowser/26.3.0.0 Safari/537.36"
77.79.183.90 - - [14/Apr/2026:07:17:52 +0300] "GET /modules/mod_djmegamenu/themes/default/css/djmegamenu.css?4.4.1.pro HTTP/1.1" 200 3178 "https://xn----jtbybqkejng.xn--p1ai/ufa/odezhda-stseny" "Mozilla/5.0 (Windows NT 10.0; Win64; x64) AppleWebKit/537.36 (KHTML, like Gecko) Chrome/144.0.0.0 YaBrowser/26.3.0.0 Safari/537.36"
77.79.183.90 - - [14/Apr/2026:07:17:52 +0300] "GET /modules/mod_djmegamenu/assets/css/offcanvas.min.css?4.4.1.pro HTTP/1.1" 200 1174 "https://xn----jtbybqkejng.xn--p1ai/ufa/odezhda-stseny" "Mozilla/5.0 (Windows NT 10.0; Win64; x64) AppleWebKit/537.36 (KHTML, like Gecko) Chrome/144.0.0.0 YaBrowser/26.3.0.0 Safari/537.36"
77.79.183.90 - - [14/Apr/2026:07:17:52 +0300] "GET /modules/mod_djmegamenu/mobilethemes/dark/djmobilemenu.css?4.4.1.pro HTTP/1.1" 200 2370 "https://xn----jtbybqkejng.xn--p1ai/ufa/odezhda-stseny" "Mozilla/5.0 (Windows NT 10.0; Win64; x64) AppleWebKit/537.36 (KHTML, like Gecko) Chrome/144.0.0.0 YaBrowser/26.3.0.0 Safari/537.36"
77.79.183.90 - - [14/Apr/2026:07:17:52 +0300] "GET /media/vendor/jquery/js/jquery.min.js?3.6.0 HTTP/1.1" 200 31155 "https://xn----jtbybqkejng.xn--p1ai/ufa/odezhda-stseny" "Mozilla/5.0 (Windows NT 10.0; Win64; x64) AppleWebKit/537.36 (KHTML, like Gecko) Chrome/144.0.0.0 YaBrowser/26.3.0.0 Safari/537.36"
77.79.183.90 - - [14/Apr/2026:07:17:52 +0300] "GET /media/legacy/js/jquery-noconflict.min.js?04499b98c0305b16b373dff09fe79d1290976288 HTTP/1.1" 200 57 "https://xn----jtbybqkejng.xn--p1ai/ufa/odezhda-stseny" "Mozilla/5.0 (Windows NT 10.0; Win64; x64) AppleWebKit/537.36 (KHTML, like Gecko) Chrome/144.0.0.0 YaBrowser/26.3.0.0 Safari/537.36"
77.79.183.90 - - [14/Apr/2026:07:17:52 +0300] "GET /media/system/js/core.min.js?3b2c7481f479d57ca6a59403341a2e378a288779 HTTP/1.1" 200 3171 "https://xn----jtbybqkejng.xn--p1ai/ufa/odezhda-stseny" "Mozilla/5.0 (Windows NT 10.0; Win64; x64) AppleWebKit/537.36 (KHTML, like Gecko) Chrome/144.0.0.0 YaBrowser/26.3.0.0 Safari/537.36"
77.79.183.90 - - [14/Apr/2026:07:17:52 +0300] "GET /media/vendor/bootstrap/js/alert.min.js?5.1.3 HTTP/1.1" 200 676 "https://xn----jtbybqkejng.xn--p1ai/ufa/odezhda-stseny" "Mozilla/5.0 (Windows NT 10.0; Win64; x64) AppleWebKit/537.36 (KHTML, like Gecko) Chrome/144.0.0.0 YaBrowser/26.3.0.0 Safari/537.36"
77.79.183.90 - - [14/Apr/2026:07:17:52 +0300] "GET /media/vendor/bootstrap/js/button.min.js?5.1.3 HTTP/1.1" 200 588 "https://xn----jtbybqkejng.xn--p1ai/ufa/odezhda-stseny" "Mozilla/5.0 (Windows NT 10.0; Win64; x64) AppleWebKit/537.36 (KHTML, like Gecko) Chrome/144.0.0.0 YaBrowser/26.3.0.0 Safari/537.36"
77.79.183.90 - - [14/Apr/2026:07:17:52 +0300] "GET /media/vendor/bootstrap/js/carousel.min.js?5.1.3 HTTP/1.1" 200 3159 "https://xn----jtbybqkejng.xn--p1ai/ufa/odezhda-stseny" "Mozilla/5.0 (Windows NT 10.0; Win64; x64) AppleWebKit/537.36 (KHTML, like Gecko) Chrome/144.0.0.0 YaBrowser/26.3.0.0 Safari/537.36"
77.79.183.90 - - [14/Apr/2026:07:17:52 +0300] "GET /media/vendor/bootstrap/js/collapse.min.js?5.1.3 HTTP/1.1" 200 1889 "https://xn----jtbybqkejng.xn--p1ai/ufa/odezhda-stseny" "Mozilla/5.0 (Windows NT 10.0; Win64; x64) AppleWebKit/537.36 (KHTML, like Gecko) Chrome/144.0.0.0 YaBrowser/26.3.0.0 Safari/537.36"
77.79.183.90 - - [14/Apr/2026:07:17:52 +0300] "GET /media/vendor/bootstrap/js/dropdown.min.js?5.1.3 HTTP/1.1" 200 2956 "https://xn----jtbybqkejng.xn--p1ai/ufa/odezhda-stseny" "Mozilla/5.0 (Windows NT 10.0; Win64; x64) AppleWebKit/537.36 (KHTML, like Gecko) Chrome/144.0.0.0 YaBrowser/26.3.0.0 Safari/537.36"
77.79.183.90 - - [14/Apr/2026:07:17:52 +0300] "GET /media/vendor/bootstrap/js/modal.min.js?5.1.3 HTTP/1.1" 200 3003 "https://xn----jtbybqkejng.xn--p1ai/ufa/odezhda-stseny" "Mozilla/5.0 (Windows NT 10.0; Win64; x64) AppleWebKit/537.36 (KHTML, like Gecko) Chrome/144.0.0.0 YaBrowser/26.3.0.0 Safari/537.36"
77.79.183.90 - - [14/Apr/2026:07:17:52 +0300] "GET /media/vendor/bootstrap/js/offcanvas.min.js?5.1.3 HTTP/1.1" 200 1630 "https://xn----jtbybqkejng.xn--p1ai/ufa/odezhda-stseny" "Mozilla/5.0 (Windows NT 10.0; Win64; x64) AppleWebKit/537.36 (KHTML, like Gecko) Chrome/144.0.0.0 YaBrowser/26.3.0.0 Safari/537.36"
77.79.183.90 - - [14/Apr/2026:07:17:52 +0300] "GET /media/vendor/bootstrap/js/popover.min.js?5.1.3 HTTP/1.1" 200 4324 "https://xn----jtbybqkejng.xn--p1ai/ufa/odezhda-stseny" "Mozilla/5.0 (Windows NT 10.0; Win64; x64) AppleWebKit/537.36 (KHTML, like Gecko) Chrome/144.0.0.0 YaBrowser/26.3.0.0 Safari/537.36"
77.79.183.90 - - [14/Apr/2026:07:17:52 +0300] "GET /media/vendor/bootstrap/js/scrollspy.min.js?5.1.3 HTTP/1.1" 200 1815 "https://xn----jtbybqkejng.xn--p1ai/ufa/odezhda-stseny" "Mozilla/5.0 (Windows NT 10.0; Win64; x64) AppleWebKit/537.36 (KHTML, like Gecko) Chrome/144.0.0.0 YaBrowser/26.3.0.0 Safari/537.36"
77.79.183.90 - - [14/Apr/2026:07:17:52 +0300] "GET /media/vendor/bootstrap/js/tab.min.js?5.1.3 HTTP/1.1" 200 1647 "https://xn----jtbybqkejng.xn--p1ai/ufa/odezhda-stseny" "Mozilla/5.0 (Windows NT 10.0; Win64; x64) AppleWebKit/537.36 (KHTML, like Gecko) Chrome/144.0.0.0 YaBrowser/26.3.0.0 Safari/537.36"
77.79.183.90 - - [14/Apr/2026:07:17:52 +0300] "GET /media/vendor/bootstrap/js/toast.min.js?5.1.3 HTTP/1.1" 200 1318 "https://xn----jtbybqkejng.xn--p1ai/ufa/odezhda-stseny" "Mozilla/5.0 (Windows NT 10.0; Win64; x64) AppleWebKit/537.36 (KHTML, like Gecko) Chrome/144.0.0.0 YaBrowser/26.3.0.0 Safari/537.36"
216.73.216.191 - - [14/Apr/2026:07:17:50 +0300] "GET /shopping/955827223.html HTTP/1.0" 404 2091 "-" "Mozilla/5.0 AppleWebKit/537.36 (KHTML, like Gecko; compatible; ClaudeBot/1.0; +claudebot@anthropic.com)"
77.79.183.90 - - [14/Apr/2026:07:17:52 +0300] "GET /media/system/js/showon.min.js?bfc733e48a923aaffb3d959cd04f176bad7d7d52 HTTP/1.1" 200 1271 "https://xn----jtbybqkejng.xn--p1ai/ufa/odezhda-stseny" "Mozilla/5.0 (Windows NT 10.0; Win64; x64) AppleWebKit/537.36 (KHTML, like Gecko) Chrome/144.0.0.0 YaBrowser/26.3.0.0 Safari/537.36"
77.79.183.90 - - [14/Apr/2026:07:17:53 +0300] "GET /media/system/js/messages.min.js?7425e8d1cb9e4f061d5e30271d6d99b085344117 HTTP/1.1" 200 1727 "https://xn----jtbybqkejng.xn--p1ai/ufa/odezhda-stseny" "Mozilla/5.0 (Windows NT 10.0; Win64; x64) AppleWebKit/537.36 (KHTML, like Gecko) Chrome/144.0.0.0 YaBrowser/26.3.0.0 Safari/537.36"
77.79.183.90 - - [14/Apr/2026:07:17:53 +0300] "GET /components/com_sppagebuilder/assets/js/jquery.parallax.js?4c712525bbbcd041da9d1cec623f871f HTTP/1.1" 200 440 "https://xn----jtbybqkejng.xn--p1ai/ufa/odezhda-stseny" "Mozilla/5.0 (Windows NT 10.0; Win64; x64) AppleWebKit/537.36 (KHTML, like Gecko) Chrome/144.0.0.0 YaBrowser/26.3.0.0 Safari/537.36"
77.79.183.90 - - [14/Apr/2026:07:17:53 +0300] "GET /components/com_sppagebuilder/assets/js/jquery.magnific-popup.min.js HTTP/1.1" 200 7344 "https://xn----jtbybqkejng.xn--p1ai/ufa/odezhda-stseny" "Mozilla/5.0 (Windows NT 10.0; Win64; x64) AppleWebKit/537.36 (KHTML, like Gecko) Chrome/144.0.0.0 YaBrowser/26.3.0.0 Safari/537.36"
77.79.183.90 - - [14/Apr/2026:07:17:53 +0300] "GET /components/com_speasyimagegallery/assets/js/script-min.js HTTP/1.1" 200 1290 "https://xn----jtbybqkejng.xn--p1ai/ufa/odezhda-stseny" "Mozilla/5.0 (Windows NT 10.0; Win64; x64) AppleWebKit/537.36 (KHTML, like Gecko) Chrome/144.0.0.0 YaBrowser/26.3.0.0 Safari/537.36"
77.79.183.90 - - [14/Apr/2026:07:17:53 +0300] "GET /components/com_speasyimagegallery/assets/js/speasygallery-main.js HTTP/1.1" 200 349 "https://xn----jtbybqkejng.xn--p1ai/ufa/odezhda-stseny" "Mozilla/5.0 (Windows NT 10.0; Win64; x64) AppleWebKit/537.36 (KHTML, like Gecko) Chrome/144.0.0.0 YaBrowser/26.3.0.0 Safari/537.36"
77.79.183.90 - - [14/Apr/2026:07:17:53 +0300] "GET /templates/shaper_helixultimate/js/main.js HTTP/1.1" 200 3204 "https://xn----jtbybqkejng.xn--p1ai/ufa/odezhda-stseny" "Mozilla/5.0 (Windows NT 10.0; Win64; x64) AppleWebKit/537.36 (KHTML, like Gecko) Chrome/144.0.0.0 YaBrowser/26.3.0.0 Safari/537.36"
77.79.183.90 - - [14/Apr/2026:07:17:53 +0300] "GET /plugins/system/spcookieconsent/assets/js/script.js HTTP/1.1" 200 410 "https://xn----jtbybqkejng.xn--p1ai/ufa/odezhda-stseny" "Mozilla/5.0 (Windows NT 10.0; Win64; x64) AppleWebKit/537.36 (KHTML, like Gecko) Chrome/144.0.0.0 YaBrowser/26.3.0.0 Safari/537.36"
77.79.183.90 - - [14/Apr/2026:07:17:53 +0300] "GET /media/vendor/bootstrap/js/dom.min.js?5.1.3 HTTP/1.1" 200 6276 "https://xn----jtbybqkejng.xn--p1ai/media/vendor/bootstrap/js/alert.min.js?5.1.3" "Mozilla/5.0 (Windows NT 10.0; Win64; x64) AppleWebKit/537.36 (KHTML, like Gecko) Chrome/144.0.0.0 YaBrowser/26.3.0.0 Safari/537.36"
77.79.183.90 - - [14/Apr/2026:07:17:53 +0300] "GET /media/vendor/bootstrap/js/popper.min.js?5.1.3 HTTP/1.1" 200 7893 "https://xn----jtbybqkejng.xn--p1ai/media/vendor/bootstrap/js/dropdown.min.js?5.1.3" "Mozilla/5.0 (Windows NT 10.0; Win64; x64) AppleWebKit/537.36 (KHTML, like Gecko) Chrome/144.0.0.0 YaBrowser/26.3.0.0 Safari/537.36"
77.79.183.90 - - [14/Apr/2026:07:17:53 +0300] "GET /media/mod_wedal_joomla_callback/js/wjcallback.js?14060d5cc8c8f569e3907ce56c3fbe0b HTTP/1.1" 200 1429 "https://xn----jtbybqkejng.xn--p1ai/ufa/odezhda-stseny" "Mozilla/5.0 (Windows NT 10.0; Win64; x64) AppleWebKit/537.36 (KHTML, like Gecko) Chrome/144.0.0.0 YaBrowser/26.3.0.0 Safari/537.36"
77.79.183.90 - - [14/Apr/2026:07:17:53 +0300] "GET /media/mod_wedal_joomla_callback/js/maska.js?14060d5cc8c8f569e3907ce56c3fbe0b HTTP/1.1" 200 2452 "https://xn----jtbybqkejng.xn--p1ai/ufa/odezhda-stseny" "Mozilla/5.0 (Windows NT 10.0; Win64; x64) AppleWebKit/537.36 (KHTML, like Gecko) Chrome/144.0.0.0 YaBrowser/26.3.0.0 Safari/537.36"
77.79.183.90 - - [14/Apr/2026:07:17:53 +0300] "GET /components/com_sppagebuilder/assets/js/sppagebuilder.js?4c712525bbbcd041da9d1cec623f871f HTTP/1.1" 200 19744 "https://xn----jtbybqkejng.xn--p1ai/ufa/odezhda-stseny" "Mozilla/5.0 (Windows NT 10.0; Win64; x64) AppleWebKit/537.36 (KHTML, like Gecko) Chrome/144.0.0.0 YaBrowser/26.3.0.0 Safari/537.36"
77.79.183.90 - - [14/Apr/2026:07:17:53 +0300] "GET /modules/mod_djmegamenu/assets/js/jquery.djmegamenu.min.js?4.4.1.pro HTTP/1.1" 200 3856 "https://xn----jtbybqkejng.xn--p1ai/ufa/odezhda-stseny" "Mozilla/5.0 (Windows NT 10.0; Win64; x64) AppleWebKit/537.36 (KHTML, like Gecko) Chrome/144.0.0.0 YaBrowser/26.3.0.0 Safari/537.36"
77.79.183.90 - - [14/Apr/2026:07:17:53 +0300] "GET /images/2025/01/24/logo25-2.png HTTP/1.1" 200 12215 "https://xn----jtbybqkejng.xn--p1ai/ufa/odezhda-stseny" "Mozilla/5.0 (Windows NT 10.0; Win64; x64) AppleWebKit/537.36 (KHTML, like Gecko) Chrome/144.0.0.0 YaBrowser/26.3.0.0 Safari/537.36"
77.79.183.90 - - [14/Apr/2026:07:17:53 +0300] "GET /modules/mod_djmegamenu/assets/js/jquery.djmobilemenu.min.js?4.4.1.pro HTTP/1.1" 200 2718 "https://xn----jtbybqkejng.xn--p1ai/ufa/odezhda-stseny" "Mozilla/5.0 (Windows NT 10.0; Win64; x64) AppleWebKit/537.36 (KHTML, like Gecko) Chrome/144.0.0.0 YaBrowser/26.3.0.0 Safari/537.36"
77.79.183.90 - - [14/Apr/2026:07:17:53 +0300] "GET /images/2025/12/08/max_logo.png HTTP/1.1" 200 2821 "https://xn----jtbybqkejng.xn--p1ai/ufa/odezhda-stseny" "Mozilla/5.0 (Windows NT 10.0; Win64; x64) AppleWebKit/537.36 (KHTML, like Gecko) Chrome/144.0.0.0 YaBrowser/26.3.0.0 Safari/537.36"
77.79.183.90 - - [14/Apr/2026:07:17:53 +0300] "GET /images/2025/12/08/phone_logo.png HTTP/1.1" 200 1517 "https://xn----jtbybqkejng.xn--p1ai/ufa/odezhda-stseny" "Mozilla/5.0 (Windows NT 10.0; Win64; x64) AppleWebKit/537.36 (KHTML, like Gecko) Chrome/144.0.0.0 YaBrowser/26.3.0.0 Safari/537.36"
77.79.183.90 - - [14/Apr/2026:07:17:53 +0300] "GET /odezhda-sceny.mp4 HTTP/1.0" 206 17316017 "https://xn----jtbybqkejng.xn--p1ai/ufa/odezhda-stseny" "Mozilla/5.0 (Windows NT 10.0; Win64; x64) AppleWebKit/537.36 (KHTML, like Gecko) Chrome/144.0.0.0 YaBrowser/26.3.0.0 Safari/537.36"
77.79.183.90 - - [14/Apr/2026:07:17:53 +0300] "GET /images/2025/12/08/pic25-1-11.jpg HTTP/1.1" 200 147326 "https://xn----jtbybqkejng.xn--p1ai/ufa/odezhda-stseny" "Mozilla/5.0 (Windows NT 10.0; Win64; x64) AppleWebKit/537.36 (KHTML, like Gecko) Chrome/144.0.0.0 YaBrowser/26.3.0.0 Safari/537.36"
77.79.183.90 - - [14/Apr/2026:07:17:53 +0300] "GET /images/2025/12/08/pic25-2-2222.jpg HTTP/1.1" 200 70508 "https://xn----jtbybqkejng.xn--p1ai/ufa/odezhda-stseny" "Mozilla/5.0 (Windows NT 10.0; Win64; x64) AppleWebKit/537.36 (KHTML, like Gecko) Chrome/144.0.0.0 YaBrowser/26.3.0.0 Safari/537.36"
77.79.183.90 - - [14/Apr/2026:07:17:53 +0300] "GET /images/2025/05/06/od-sc.jpg HTTP/1.1" 200 117376 "https://xn----jtbybqkejng.xn--p1ai/ufa/odezhda-stseny" "Mozilla/5.0 (Windows NT 10.0; Win64; x64) AppleWebKit/537.36 (KHTML, like Gecko) Chrome/144.0.0.0 YaBrowser/26.3.0.0 Safari/537.36"
77.79.183.90 - - [14/Apr/2026:07:17:53 +0300] "GET /images/speasyimagegallery/albums/1/images/Izobrazenie-whatsapp-2025-06-23-v-16-55-43-a1478e8a_thumb.jpg HTTP/1.1" 200 22648 "https://xn----jtbybqkejng.xn--p1ai/ufa/odezhda-stseny" "Mozilla/5.0 (Windows NT 10.0; Win64; x64) AppleWebKit/537.36 (KHTML, like Gecko) Chrome/144.0.0.0 YaBrowser/26.3.0.0 Safari/537.36"
77.79.183.90 - - [14/Apr/2026:07:17:53 +0300] "GET /images/speasyimagegallery/albums/1/images/Izobrazenie-whatsapp-2025-06-12-v-18-46-57-8baf3c38_thumb.jpg HTTP/1.1" 200 30462 "https://xn----jtbybqkejng.xn--p1ai/ufa/odezhda-stseny" "Mozilla/5.0 (Windows NT 10.0; Win64; x64) AppleWebKit/537.36 (KHTML, like Gecko) Chrome/144.0.0.0 YaBrowser/26.3.0.0 Safari/537.36"
77.79.183.90 - - [14/Apr/2026:07:17:53 +0300] "GET /images/speasyimagegallery/albums/1/images/whatsapp-image-2025-11-28-at-20.53.21_thumb.jpeg HTTP/1.1" 200 25271 "https://xn----jtbybqkejng.xn--p1ai/ufa/odezhda-stseny" "Mozilla/5.0 (Windows NT 10.0; Win64; x64) AppleWebKit/537.36 (KHTML, like Gecko) Chrome/144.0.0.0 YaBrowser/26.3.0.0 Safari/537.36"
77.79.183.90 - - [14/Apr/2026:07:17:54 +0300] "GET /images/speasyimagegallery/albums/1/images/Izobrazenie-whatsapp-2025-06-12-v-18-46-57-6ac2b243_thumb.jpg HTTP/1.1" 200 28921 "https://xn----jtbybqkejng.xn--p1ai/ufa/odezhda-stseny" "Mozilla/5.0 (Windows NT 10.0; Win64; x64) AppleWebKit/537.36 (KHTML, like Gecko) Chrome/144.0.0.0 YaBrowser/26.3.0.0 Safari/537.36"
77.79.183.90 - - [14/Apr/2026:07:17:54 +0300] "GET /images/speasyimagegallery/albums/1/images/Izobrazenie-whatsapp-2025-06-13-v-21-33-23-c34574e8_thumb.jpg HTTP/1.1" 200 24605 "https://xn----jtbybqkejng.xn--p1ai/ufa/odezhda-stseny" "Mozilla/5.0 (Windows NT 10.0; Win64; x64) AppleWebKit/537.36 (KHTML, like Gecko) Chrome/144.0.0.0 YaBrowser/26.3.0.0 Safari/537.36"
77.79.183.90 - - [14/Apr/2026:07:17:54 +0300] "GET /images/speasyimagegallery/albums/1/images/img-9690_thumb.jpg HTTP/1.1" 200 31594 "https://xn----jtbybqkejng.xn--p1ai/ufa/odezhda-stseny" "Mozilla/5.0 (Windows NT 10.0; Win64; x64) AppleWebKit/537.36 (KHTML, like Gecko) Chrome/144.0.0.0 YaBrowser/26.3.0.0 Safari/537.36"
77.79.183.90 - - [14/Apr/2026:07:17:54 +0300] "GET /images/2025/01/21/logo251.png HTTP/1.1" 200 12040 "https://xn----jtbybqkejng.xn--p1ai/ufa/odezhda-stseny" "Mozilla/5.0 (Windows NT 10.0; Win64; x64) AppleWebKit/537.36 (KHTML, like Gecko) Chrome/144.0.0.0 YaBrowser/26.3.0.0 Safari/537.36"
77.79.183.90 - - [14/Apr/2026:07:17:54 +0300] "GET /modules/mod_mycityselector/tmpl/webpack/mcs-modal/dist/build.js HTTP/1.1" 200 73836 "https://xn----jtbybqkejng.xn--p1ai/ufa/odezhda-stseny" "Mozilla/5.0 (Windows NT 10.0; Win64; x64) AppleWebKit/537.36 (KHTML, like Gecko) Chrome/144.0.0.0 YaBrowser/26.3.0.0 Safari/537.36"
77.79.183.90 - - [14/Apr/2026:07:17:54 +0300] "GET /images/2025/12/08/blue-velvet-curtain-on-stage-closed-curtain-in-circus-theater-or-cinema-background-with-spotlight-illustration-vector.jpg HTTP/1.1" 200 49664 "https://xn----jtbybqkejng.xn--p1ai/ufa/odezhda-stseny" "Mozilla/5.0 (Windows NT 10.0; Win64; x64) AppleWebKit/537.36 (KHTML, like Gecko) Chrome/144.0.0.0 YaBrowser/26.3.0.0 Safari/537.36"
77.79.183.90 - - [14/Apr/2026:07:17:54 +0300] "GET /odezhda-sceny.mp4 HTTP/1.0" 206 14517 "https://xn----jtbybqkejng.xn--p1ai/ufa/odezhda-stseny" "Mozilla/5.0 (Windows NT 10.0; Win64; x64) AppleWebKit/537.36 (KHTML, like Gecko) Chrome/144.0.0.0 YaBrowser/26.3.0.0 Safari/537.36"
77.79.183.90 - - [14/Apr/2026:07:17:54 +0300] "GET /odezhda-sceny.mp4 HTTP/1.0" 206 17023600 "https://xn----jtbybqkejng.xn--p1ai/ufa/odezhda-stseny" "Mozilla/5.0 (Windows NT 10.0; Win64; x64) AppleWebKit/537.36 (KHTML, like Gecko) Chrome/144.0.0.0 YaBrowser/26.3.0.0 Safari/537.36"
77.79.183.90 - - [14/Apr/2026:07:17:53 +0300] "GET / HTTP/1.0" 200 16848 "https://xn----jtbybqkejng.xn--p1ai/ufa/odezhda-stseny" "Mozilla/5.0 (Windows NT 10.0; Win64; x64) AppleWebKit/537.36 (KHTML, like Gecko) Chrome/144.0.0.0 YaBrowser/26.3.0.0 Safari/537.36"
77.79.183.90 - - [14/Apr/2026:07:17:57 +0300] "GET /images/fav.png HTTP/1.1" 200 3683 "https://xn----jtbybqkejng.xn--p1ai/ufa/odezhda-stseny" "Mozilla/5.0 (Windows NT 10.0; Win64; x64) AppleWebKit/537.36 (KHTML, like Gecko) Chrome/144.0.0.0 YaBrowser/26.3.0.0 Safari/537.36"
216.73.216.191 - - [14/Apr/2026:07:17:55 +0300] "GET /shopping/1896277772.html HTTP/1.0" 404 2091 "-" "Mozilla/5.0 AppleWebKit/537.36 (KHTML, like Gecko; compatible; ClaudeBot/1.0; +claudebot@anthropic.com)"
77.79.183.90 - - [14/Apr/2026:07:17:54 +0300] "GET /?option=com_mycityselector&task=ipgeo.getlocation HTTP/1.0" 200 663 "https://xn----jtbybqkejng.xn--p1ai/ufa/odezhda-stseny" "Mozilla/5.0 (Windows NT 10.0; Win64; x64) AppleWebKit/537.36 (KHTML, like Gecko) Chrome/144.0.0.0 YaBrowser/26.3.0.0 Safari/537.36"
216.73.216.191 - - [14/Apr/2026:07:18:04 +0300] "GET /shopping/3766235063.html HTTP/1.0" 404 2091 "-" "Mozilla/5.0 AppleWebKit/537.36 (KHTML, like Gecko; compatible; ClaudeBot/1.0; +claudebot@anthropic.com)"
216.73.216.191 - - [14/Apr/2026:07:18:09 +0300] "GET /shopping/2317970877.html HTTP/1.0" 404 2091 "-" "Mozilla/5.0 AppleWebKit/537.36 (KHTML, like Gecko; compatible; ClaudeBot/1.0; +claudebot@anthropic.com)"
87.250.224.57 - - [14/Apr/2026:07:18:11 +0300] "GET /ufa/odezhda-stseny HTTP/1.0" 200 21888 "-" "Mozilla/5.0 (compatible; YandexBot/3.0; +http://yandex.com/bots) AppleWebKit/537.36 (KHTML, like Gecko) Chrome/108.0.0.0"
216.73.216.191 - - [14/Apr/2026:07:18:14 +0300] "GET /shopping/3162495541.html HTTP/1.0" 404 2091 "-" "Mozilla/5.0 AppleWebKit/537.36 (KHTML, like Gecko; compatible; ClaudeBot/1.0; +claudebot@anthropic.com)"
216.73.216.191 - - [14/Apr/2026:07:18:19 +0300] "GET /shopping/3878440243.html HTTP/1.0" 404 2091 "-" "Mozilla/5.0 AppleWebKit/537.36 (KHTML, like Gecko; compatible; ClaudeBot/1.0; +claudebot@anthropic.com)"
216.73.216.191 - - [14/Apr/2026:07:18:24 +0300] "GET /shopping/3457064736.html HTTP/1.0" 404 2091 "-" "Mozilla/5.0 AppleWebKit/537.36 (KHTML, like Gecko; compatible; ClaudeBot/1.0; +claudebot@anthropic.com)"
77.79.183.90 - - [14/Apr/2026:07:18:29 +0300] "GET /images/2024/04/16/des2_03.png HTTP/1.1" 200 4985 "https://xn----jtbybqkejng.xn--p1ai/ufa/odezhda-stseny" "Mozilla/5.0 (Windows NT 10.0; Win64; x64) AppleWebKit/537.36 (KHTML, like Gecko) Chrome/144.0.0.0 YaBrowser/26.3.0.0 Safari/537.36"
77.79.183.90 - - [14/Apr/2026:07:18:29 +0300] "GET /images/2024/04/16/des2_05.png HTTP/1.1" 200 5503 "https://xn----jtbybqkejng.xn--p1ai/ufa/odezhda-stseny" "Mozilla/5.0 (Windows NT 10.0; Win64; x64) AppleWebKit/537.36 (KHTML, like Gecko) Chrome/144.0.0.0 YaBrowser/26.3.0.0 Safari/537.36"
77.79.183.90 - - [14/Apr/2026:07:18:29 +0300] "GET /images/2024/04/16/des2_07.png HTTP/1.1" 200 4499 "https://xn----jtbybqkejng.xn--p1ai/ufa/odezhda-stseny" "Mozilla/5.0 (Windows NT 10.0; Win64; x64) AppleWebKit/537.36 (KHTML, like Gecko) Chrome/144.0.0.0 YaBrowser/26.3.0.0 Safari/537.36"
216.73.216.191 - - [14/Apr/2026:07:18:29 +0300] "GET /shopping/839492512.html HTTP/1.0" 404 2091 "-" "Mozilla/5.0 AppleWebKit/537.36 (KHTML, like Gecko; compatible; ClaudeBot/1.0; +claudebot@anthropic.com)"
216.73.216.191 - - [14/Apr/2026:07:18:34 +0300] "GET /shopping/3242364713.html HTTP/1.0" 404 2091 "-" "Mozilla/5.0 AppleWebKit/537.36 (KHTML, like Gecko; compatible; ClaudeBot/1.0; +claudebot@anthropic.com)"
216.73.216.191 - - [14/Apr/2026:07:18:39 +0300] "GET /shopping/969471467.html HTTP/1.0" 404 2091 "-" "Mozilla/5.0 AppleWebKit/537.36 (KHTML, like Gecko; compatible; ClaudeBot/1.0; +claudebot@anthropic.com)"
216.73.216.191 - - [14/Apr/2026:07:18:44 +0300] "GET /shopping/380270635.html HTTP/1.0" 404 2091 "-" "Mozilla/5.0 AppleWebKit/537.36 (KHTML, like Gecko; compatible; ClaudeBot/1.0; +claudebot@anthropic.com)"
216.73.216.191 - - [14/Apr/2026:07:18:49 +0300] "GET /shopping/2537854811.html HTTP/1.0" 404 2091 "-" "Mozilla/5.0 AppleWebKit/537.36 (KHTML, like Gecko; compatible; ClaudeBot/1.0; +claudebot@anthropic.com)"
216.73.216.191 - - [14/Apr/2026:07:18:54 +0300] "GET /shopping/722665435.html HTTP/1.0" 404 2091 "-" "Mozilla/5.0 AppleWebKit/537.36 (KHTML, like Gecko; compatible; ClaudeBot/1.0; +claudebot@anthropic.com)"
77.79.183.90 - - [14/Apr/2026:07:19:01 +0300] "GET /odezhda-sceny.mp4 HTTP/1.0" 206 9503037 "https://xn----jtbybqkejng.xn--p1ai/ufa/odezhda-stseny" "Mozilla/5.0 (Windows NT 10.0; Win64; x64) AppleWebKit/537.36 (KHTML, like Gecko) Chrome/144.0.0.0 YaBrowser/26.3.0.0 Safari/537.36"
216.73.216.191 - - [14/Apr/2026:07:19:01 +0300] "GET /shopping/3535104505.html HTTP/1.0" 404 2188 "-" "Mozilla/5.0 AppleWebKit/537.36 (KHTML, like Gecko; compatible; ClaudeBot/1.0; +claudebot@anthropic.com)"
216.73.216.191 - - [14/Apr/2026:07:19:07 +0300] "GET /shopping/1775651661.html HTTP/1.0" 404 2091 "-" "Mozilla/5.0 AppleWebKit/537.36 (KHTML, like Gecko; compatible; ClaudeBot/1.0; +claudebot@anthropic.com)"
216.73.216.191 - - [14/Apr/2026:07:19:12 +0300] "GET /shopping/758450675.html HTTP/1.0" 404 2091 "-" "Mozilla/5.0 AppleWebKit/537.36 (KHTML, like Gecko; compatible; ClaudeBot/1.0; +claudebot@anthropic.com)"
216.73.216.191 - - [14/Apr/2026:07:19:17 +0300] "GET /shopping/3837582716.html HTTP/1.0" 404 2091 "-" "Mozilla/5.0 AppleWebKit/537.36 (KHTML, like Gecko; compatible; ClaudeBot/1.0; +claudebot@anthropic.com)"
77.79.183.90 - - [14/Apr/2026:07:19:18 +0300] "GET / HTTP/1.0" 200 16811 "https://xn----jtbybqkejng.xn--p1ai/ufa/odezhda-stseny" "Mozilla/5.0 (Windows NT 10.0; Win64; x64) AppleWebKit/537.36 (KHTML, like Gecko) Chrome/144.0.0.0 YaBrowser/26.3.0.0 Safari/537.36"
216.73.216.191 - - [14/Apr/2026:07:19:22 +0300] "GET /shopping/2534314583.html HTTP/1.0" 404 2091 "-" "Mozilla/5.0 AppleWebKit/537.36 (KHTML, like Gecko; compatible; ClaudeBot/1.0; +claudebot@anthropic.com)"
77.79.183.90 - - [14/Apr/2026:07:19:23 +0300] "GET /ufa/odezhda-stseny HTTP/1.0" 200 22265 "https://xn----jtbybqkejng.xn--p1ai/ufa/odezhda-stseny" "Mozilla/5.0 (Windows NT 10.0; Win64; x64) AppleWebKit/537.36 (KHTML, like Gecko) Chrome/144.0.0.0 YaBrowser/26.3.0.0 Safari/537.36"
216.73.216.191 - - [14/Apr/2026:07:19:27 +0300] "GET /shopping/1067258123.html HTTP/1.0" 404 2091 "-" "Mozilla/5.0 AppleWebKit/537.36 (KHTML, like Gecko; compatible; ClaudeBot/1.0; +claudebot@anthropic.com)"
77.79.183.90 - - [14/Apr/2026:07:19:27 +0300] "GET /?option=com_mycityselector&task=ipgeo.getlocation HTTP/1.0" 200 317 "https://xn----jtbybqkejng.xn--p1ai/ufa/odezhda-stseny" "Mozilla/5.0 (Windows NT 10.0; Win64; x64) AppleWebKit/537.36 (KHTML, like Gecko) Chrome/144.0.0.0 YaBrowser/26.3.0.0 Safari/537.36"
77.79.183.90 - - [14/Apr/2026:07:19:27 +0300] "GET / HTTP/1.0" 200 16811 "https://xn----jtbybqkejng.xn--p1ai/ufa/odezhda-stseny" "Mozilla/5.0 (Windows NT 10.0; Win64; x64) AppleWebKit/537.36 (KHTML, like Gecko) Chrome/144.0.0.0 YaBrowser/26.3.0.0 Safari/537.36"
216.73.216.191 - - [14/Apr/2026:07:19:32 +0300] "GET /shopping/1175476974.html HTTP/1.0" 404 2091 "-" "Mozilla/5.0 AppleWebKit/537.36 (KHTML, like Gecko; compatible; ClaudeBot/1.0; +claudebot@anthropic.com)"
216.73.216.191 - - [14/Apr/2026:07:19:37 +0300] "GET /shopping/3314255217.html HTTP/1.0" 404 2091 "-" "Mozilla/5.0 AppleWebKit/537.36 (KHTML, like Gecko; compatible; ClaudeBot/1.0; +claudebot@anthropic.com)"
216.73.216.191 - - [14/Apr/2026:07:19:42 +0300] "GET /shopping/1165212155.html HTTP/1.0" 404 2091 "-" "Mozilla/5.0 AppleWebKit/537.36 (KHTML, like Gecko; compatible; ClaudeBot/1.0; +claudebot@anthropic.com)"
216.73.216.191 - - [14/Apr/2026:07:19:47 +0300] "GET /shopping/1586764791.html HTTP/1.0" 404 2091 "-" "Mozilla/5.0 AppleWebKit/537.36 (KHTML, like Gecko; compatible; ClaudeBot/1.0; +claudebot@anthropic.com)"
216.73.216.191 - - [14/Apr/2026:07:19:52 +0300] "GET /shopping/1842953361.html HTTP/1.0" 404 2091 "-" "Mozilla/5.0 AppleWebKit/537.36 (KHTML, like Gecko; compatible; ClaudeBot/1.0; +claudebot@anthropic.com)"
91.231.89.121 - - [14/Apr/2026:07:19:50 +0300] "GET / HTTP/1.0" 200 21888 "-" "Mozilla/5.0 (X11; Ubuntu; Linux x86_64; rv:134.0) Gecko/20100101 Firefox/134.0"
216.73.216.191 - - [14/Apr/2026:07:19:57 +0300] "GET /shopping/600836234.html HTTP/1.0" 404 2091 "-" "Mozilla/5.0 AppleWebKit/537.36 (KHTML, like Gecko; compatible; ClaudeBot/1.0; +claudebot@anthropic.com)"
216.73.216.191 - - [14/Apr/2026:07:20:02 +0300] "GET /shopping/3265597919.html HTTP/1.0" 404 2091 "-" "Mozilla/5.0 AppleWebKit/537.36 (KHTML, like Gecko; compatible; ClaudeBot/1.0; +claudebot@anthropic.com)"
216.73.216.191 - - [14/Apr/2026:07:20:07 +0300] "GET /shopping/2316596461.html HTTP/1.0" 404 2091 "-" "Mozilla/5.0 AppleWebKit/537.36 (KHTML, like Gecko; compatible; ClaudeBot/1.0; +claudebot@anthropic.com)"
216.73.216.191 - - [14/Apr/2026:07:20:12 +0300] "GET /shopping/3588169516.html HTTP/1.0" 404 2091 "-" "Mozilla/5.0 AppleWebKit/537.36 (KHTML, like Gecko; compatible; ClaudeBot/1.0; +claudebot@anthropic.com)"
216.73.216.191 - - [14/Apr/2026:07:20:17 +0300] "GET /shopping/3175864299.html HTTP/1.0" 404 2091 "-" "Mozilla/5.0 AppleWebKit/537.36 (KHTML, like Gecko; compatible; ClaudeBot/1.0; +claudebot@anthropic.com)"
216.73.216.191 - - [14/Apr/2026:07:20:22 +0300] "GET /shopping/1308052193.html HTTP/1.0" 404 2091 "-" "Mozilla/5.0 AppleWebKit/537.36 (KHTML, like Gecko; compatible; ClaudeBot/1.0; +claudebot@anthropic.com)"
216.73.216.191 - - [14/Apr/2026:07:20:27 +0300] "GET /shopping/3932460813.html HTTP/1.0" 404 2091 "-" "Mozilla/5.0 AppleWebKit/537.36 (KHTML, like Gecko; compatible; ClaudeBot/1.0; +claudebot@anthropic.com)"
216.73.216.191 - - [14/Apr/2026:07:20:34 +0300] "GET /shopping/1954874277.html HTTP/1.0" 404 2188 "-" "Mozilla/5.0 AppleWebKit/537.36 (KHTML, like Gecko; compatible; ClaudeBot/1.0; +claudebot@anthropic.com)"
216.73.216.191 - - [14/Apr/2026:07:20:40 +0300] "GET /shopping/2380713886.html HTTP/1.0" 404 2091 "-" "Mozilla/5.0 AppleWebKit/537.36 (KHTML, like Gecko; compatible; ClaudeBot/1.0; +claudebot@anthropic.com)"
216.73.216.191 - - [14/Apr/2026:07:20:45 +0300] "GET /shopping/1595772367.html HTTP/1.0" 404 2091 "-" "Mozilla/5.0 AppleWebKit/537.36 (KHTML, like Gecko; compatible; ClaudeBot/1.0; +claudebot@anthropic.com)"
216.73.216.191 - - [14/Apr/2026:07:20:50 +0300] "GET /shopping/3653575719.html HTTP/1.0" 404 2091 "-" "Mozilla/5.0 AppleWebKit/537.36 (KHTML, like Gecko; compatible; ClaudeBot/1.0; +claudebot@anthropic.com)"
216.73.216.191 - - [14/Apr/2026:07:20:55 +0300] "GET /shopping/2479319763.html HTTP/1.0" 404 2091 "-" "Mozilla/5.0 AppleWebKit/537.36 (KHTML, like Gecko; compatible; ClaudeBot/1.0; +claudebot@anthropic.com)"
216.73.216.191 - - [14/Apr/2026:07:21:00 +0300] "GET /shopping/1306960540.html HTTP/1.0" 404 2091 "-" "Mozilla/5.0 AppleWebKit/537.36 (KHTML, like Gecko; compatible; ClaudeBot/1.0; +claudebot@anthropic.com)"
216.73.216.191 - - [14/Apr/2026:07:21:05 +0300] "GET /shopping/4027687456.html HTTP/1.0" 404 2091 "-" "Mozilla/5.0 AppleWebKit/537.36 (KHTML, like Gecko; compatible; ClaudeBot/1.0; +claudebot@anthropic.com)"
216.73.216.191 - - [14/Apr/2026:07:21:10 +0300] "GET /shopping/806268113.html HTTP/1.0" 404 2091 "-" "Mozilla/5.0 AppleWebKit/537.36 (KHTML, like Gecko; compatible; ClaudeBot/1.0; +claudebot@anthropic.com)"
216.73.216.191 - - [14/Apr/2026:07:21:15 +0300] "GET /shopping/1013211661.html HTTP/1.0" 404 2091 "-" "Mozilla/5.0 AppleWebKit/537.36 (KHTML, like Gecko; compatible; ClaudeBot/1.0; +claudebot@anthropic.com)"
216.73.216.191 - - [14/Apr/2026:07:21:20 +0300] "GET /shopping/1757444334.html HTTP/1.0" 404 2091 "-" "Mozilla/5.0 AppleWebKit/537.36 (KHTML, like Gecko; compatible; ClaudeBot/1.0; +claudebot@anthropic.com)"
216.73.216.191 - - [14/Apr/2026:07:21:25 +0300] "GET /shopping/4262349740.html HTTP/1.0" 404 2091 "-" "Mozilla/5.0 AppleWebKit/537.36 (KHTML, like Gecko; compatible; ClaudeBot/1.0; +claudebot@anthropic.com)"
216.73.216.191 - - [14/Apr/2026:07:21:30 +0300] "GET /shopping/1307088685.html HTTP/1.0" 404 2091 "-" "Mozilla/5.0 AppleWebKit/537.36 (KHTML, like Gecko; compatible; ClaudeBot/1.0; +claudebot@anthropic.com)"
216.73.216.191 - - [14/Apr/2026:07:21:35 +0300] "GET /shopping/2893495886.html HTTP/1.0" 404 2091 "-" "Mozilla/5.0 AppleWebKit/537.36 (KHTML, like Gecko; compatible; ClaudeBot/1.0; +claudebot@anthropic.com)"
216.73.216.191 - - [14/Apr/2026:07:21:40 +0300] "GET /shopping/3981538768.html HTTP/1.0" 404 2091 "-" "Mozilla/5.0 AppleWebKit/537.36 (KHTML, like Gecko; compatible; ClaudeBot/1.0; +claudebot@anthropic.com)"
216.73.216.191 - - [14/Apr/2026:07:21:45 +0300] "GET /shopping/1169630927.html HTTP/1.0" 404 2091 "-" "Mozilla/5.0 AppleWebKit/537.36 (KHTML, like Gecko; compatible; ClaudeBot/1.0; +claudebot@anthropic.com)"
216.73.216.191 - - [14/Apr/2026:07:21:51 +0300] "GET /shopping/2353412783.html HTTP/1.0" 404 2188 "-" "Mozilla/5.0 AppleWebKit/537.36 (KHTML, like Gecko; compatible; ClaudeBot/1.0; +claudebot@anthropic.com)"
216.73.216.191 - - [14/Apr/2026:07:21:56 +0300] "GET /shopping/2336215738.html HTTP/1.0" 404 2091 "-" "Mozilla/5.0 AppleWebKit/537.36 (KHTML, like Gecko; compatible; ClaudeBot/1.0; +claudebot@anthropic.com)"
216.73.216.191 - - [14/Apr/2026:07:22:01 +0300] "GET /shopping/1306840094.html HTTP/1.0" 404 2091 "-" "Mozilla/5.0 AppleWebKit/537.36 (KHTML, like Gecko; compatible; ClaudeBot/1.0; +claudebot@anthropic.com)"
216.73.216.191 - - [14/Apr/2026:07:22:07 +0300] "GET /shopping/635659188.html HTTP/1.0" 404 2188 "-" "Mozilla/5.0 AppleWebKit/537.36 (KHTML, like Gecko; compatible; ClaudeBot/1.0; +claudebot@anthropic.com)"
216.73.216.191 - - [14/Apr/2026:07:22:13 +0300] "GET /shopping/2983194392.html HTTP/1.0" 404 2091 "-" "Mozilla/5.0 AppleWebKit/537.36 (KHTML, like Gecko; compatible; ClaudeBot/1.0; +claudebot@anthropic.com)"
216.73.216.191 - - [14/Apr/2026:07:22:20 +0300] "GET /shopping/2684244856.html HTTP/1.0" 404 2188 "-" "Mozilla/5.0 AppleWebKit/537.36 (KHTML, like Gecko; compatible; ClaudeBot/1.0; +claudebot@anthropic.com)"
216.73.216.191 - - [14/Apr/2026:07:22:29 +0300] "GET /shopping/3986032723.html HTTP/1.0" 404 2091 "-" "Mozilla/5.0 AppleWebKit/537.36 (KHTML, like Gecko; compatible; ClaudeBot/1.0; +claudebot@anthropic.com)"
216.73.216.191 - - [14/Apr/2026:07:22:34 +0300] "GET /shopping/1420987469.html HTTP/1.0" 404 2091 "-" "Mozilla/5.0 AppleWebKit/537.36 (KHTML, like Gecko; compatible; ClaudeBot/1.0; +claudebot@anthropic.com)"
216.73.216.191 - - [14/Apr/2026:07:22:39 +0300] "GET /shopping/2051625238.html HTTP/1.0" 404 2091 "-" "Mozilla/5.0 AppleWebKit/537.36 (KHTML, like Gecko; compatible; ClaudeBot/1.0; +claudebot@anthropic.com)"
216.73.216.191 - - [14/Apr/2026:07:22:44 +0300] "GET /shopping/3110824480.html HTTP/1.0" 404 2091 "-" "Mozilla/5.0 AppleWebKit/537.36 (KHTML, like Gecko; compatible; ClaudeBot/1.0; +claudebot@anthropic.com)"
216.73.216.191 - - [14/Apr/2026:07:22:49 +0300] "GET /shopping/3250589798.html HTTP/1.0" 404 2091 "-" "Mozilla/5.0 AppleWebKit/537.36 (KHTML, like Gecko; compatible; ClaudeBot/1.0; +claudebot@anthropic.com)"
216.73.216.191 - - [14/Apr/2026:07:22:54 +0300] "GET /shopping/457826628.html HTTP/1.0" 404 2188 "-" "Mozilla/5.0 AppleWebKit/537.36 (KHTML, like Gecko; compatible; ClaudeBot/1.0; +claudebot@anthropic.com)"
216.73.216.191 - - [14/Apr/2026:07:23:00 +0300] "GET /shopping/1624392161.html HTTP/1.0" 404 2091 "-" "Mozilla/5.0 AppleWebKit/537.36 (KHTML, like Gecko; compatible; ClaudeBot/1.0; +claudebot@anthropic.com)"
216.73.216.191 - - [14/Apr/2026:07:23:05 +0300] "GET /shopping/3835116631.html HTTP/1.0" 404 2091 "-" "Mozilla/5.0 AppleWebKit/537.36 (KHTML, like Gecko; compatible; ClaudeBot/1.0; +claudebot@anthropic.com)"
216.73.216.191 - - [14/Apr/2026:07:23:10 +0300] "GET /shopping/1570296012.html HTTP/1.0" 404 2091 "-" "Mozilla/5.0 AppleWebKit/537.36 (KHTML, like Gecko; compatible; ClaudeBot/1.0; +claudebot@anthropic.com)"
158.173.156.65 - - [14/Apr/2026:07:23:17 +0300] "GET / HTTP/1.1" 301 196 "-" "Mozilla/5.0 (X11; Linux x86_64) AppleWebKit/537.36 (KHTML, like Gecko) Chrome/137.0.0.0 Safari/537.36"
158.173.156.65 - - [14/Apr/2026:07:23:17 +0300] "GET /favicon.ico HTTP/1.1" 301 196 "-" "Mozilla/5.0 (X11; Linux x86_64) AppleWebKit/537.36 (KHTML, like Gecko) Chrome/136.0.0.0 Safari/537.36"
216.73.216.191 - - [14/Apr/2026:07:23:15 +0300] "GET /shopping/3957534207.html HTTP/1.0" 404 2091 "-" "Mozilla/5.0 AppleWebKit/537.36 (KHTML, like Gecko; compatible; ClaudeBot/1.0; +claudebot@anthropic.com)"
181.214.218.177 - - [14/Apr/2026:07:23:18 +0300] "GET / HTTP/1.0" 200 16959 "-" "Mozilla/5.0 (X11; Linux x86_64) AppleWebKit/537.36 (KHTML, like Gecko) Chrome/137.0.0.0 Safari/537.36"
216.73.216.191 - - [14/Apr/2026:07:23:20 +0300] "GET /shopping/1622416783.html HTTP/1.0" 404 2091 "-" "Mozilla/5.0 AppleWebKit/537.36 (KHTML, like Gecko; compatible; ClaudeBot/1.0; +claudebot@anthropic.com)"
216.73.216.191 - - [14/Apr/2026:07:23:24 +0300] "GET /shopping/4222005719.html HTTP/1.0" 404 2091 "-" "Mozilla/5.0 AppleWebKit/537.36 (KHTML, like Gecko; compatible; ClaudeBot/1.0; +claudebot@anthropic.com)"
216.73.216.191 - - [14/Apr/2026:07:23:29 +0300] "GET /shopping/166577317.html HTTP/1.0" 404 2091 "-" "Mozilla/5.0 AppleWebKit/537.36 (KHTML, like Gecko; compatible; ClaudeBot/1.0; +claudebot@anthropic.com)"
216.73.216.191 - - [14/Apr/2026:07:23:34 +0300] "GET /shopping/2315632937.html HTTP/1.0" 404 2091 "-" "Mozilla/5.0 AppleWebKit/537.36 (KHTML, like Gecko; compatible; ClaudeBot/1.0; +claudebot@anthropic.com)"
216.73.216.191 - - [14/Apr/2026:07:23:39 +0300] "GET /shopping/3798481838.html HTTP/1.0" 404 2091 "-" "Mozilla/5.0 AppleWebKit/537.36 (KHTML, like Gecko; compatible; ClaudeBot/1.0; +claudebot@anthropic.com)"
216.73.216.191 - - [14/Apr/2026:07:23:44 +0300] "GET /shopping/1196977612.html HTTP/1.0" 404 2091 "-" "Mozilla/5.0 AppleWebKit/537.36 (KHTML, like Gecko; compatible; ClaudeBot/1.0; +claudebot@anthropic.com)"
216.73.216.191 - - [14/Apr/2026:07:23:49 +0300] "GET /shopping/3805337656.html HTTP/1.0" 404 2091 "-" "Mozilla/5.0 AppleWebKit/537.36 (KHTML, like Gecko; compatible; ClaudeBot/1.0; +claudebot@anthropic.com)"
216.73.216.191 - - [14/Apr/2026:07:23:54 +0300] "GET /shopping/1706000468.html HTTP/1.0" 404 2091 "-" "Mozilla/5.0 AppleWebKit/537.36 (KHTML, like Gecko; compatible; ClaudeBot/1.0; +claudebot@anthropic.com)"
216.73.216.191 - - [14/Apr/2026:07:23:59 +0300] "GET /shopping/1950200483.html HTTP/1.0" 404 2091 "-" "Mozilla/5.0 AppleWebKit/537.36 (KHTML, like Gecko; compatible; ClaudeBot/1.0; +claudebot@anthropic.com)"
216.73.216.191 - - [14/Apr/2026:07:24:04 +0300] "GET /shopping/576036594.html HTTP/1.0" 404 2091 "-" "Mozilla/5.0 AppleWebKit/537.36 (KHTML, like Gecko; compatible; ClaudeBot/1.0; +claudebot@anthropic.com)"
95.108.213.85 - - [14/Apr/2026:07:24:05 +0300] "GET /angarsk/odezhda-stseny HTTP/1.0" 200 21888 "-" "Mozilla/5.0 (compatible; YandexBot/3.0; +http://yandex.com/bots)"
216.73.216.191 - - [14/Apr/2026:07:24:09 +0300] "GET /shopping/1843202358.html HTTP/1.0" 404 2091 "-" "Mozilla/5.0 AppleWebKit/537.36 (KHTML, like Gecko; compatible; ClaudeBot/1.0; +claudebot@anthropic.com)"
216.73.216.191 - - [14/Apr/2026:07:24:14 +0300] "GET /shopping/2842779774.html HTTP/1.0" 404 2091 "-" "Mozilla/5.0 AppleWebKit/537.36 (KHTML, like Gecko; compatible; ClaudeBot/1.0; +claudebot@anthropic.com)"
216.73.216.191 - - [14/Apr/2026:07:24:19 +0300] "GET /shopping/3609571713.html HTTP/1.0" 404 2091 "-" "Mozilla/5.0 AppleWebKit/537.36 (KHTML, like Gecko; compatible; ClaudeBot/1.0; +claudebot@anthropic.com)"
216.73.216.191 - - [14/Apr/2026:07:24:24 +0300] "GET /shopping/2678753643.html HTTP/1.0" 404 2091 "-" "Mozilla/5.0 AppleWebKit/537.36 (KHTML, like Gecko; compatible; ClaudeBot/1.0; +claudebot@anthropic.com)"
216.73.216.191 - - [14/Apr/2026:07:24:29 +0300] "GET /shopping/3714674607.html HTTP/1.0" 404 2091 "-" "Mozilla/5.0 AppleWebKit/537.36 (KHTML, like Gecko; compatible; ClaudeBot/1.0; +claudebot@anthropic.com)"
216.73.216.191 - - [14/Apr/2026:07:24:34 +0300] "GET /shopping/1358789653.html HTTP/1.0" 404 2091 "-" "Mozilla/5.0 AppleWebKit/537.36 (KHTML, like Gecko; compatible; ClaudeBot/1.0; +claudebot@anthropic.com)"
216.73.216.191 - - [14/Apr/2026:07:24:39 +0300] "GET /shopping/1110514388.html HTTP/1.0" 404 2091 "-" "Mozilla/5.0 AppleWebKit/537.36 (KHTML, like Gecko; compatible; ClaudeBot/1.0; +claudebot@anthropic.com)"
216.73.216.191 - - [14/Apr/2026:07:24:44 +0300] "GET /shopping/3822146628.html HTTP/1.0" 404 2091 "-" "Mozilla/5.0 AppleWebKit/537.36 (KHTML, like Gecko; compatible; ClaudeBot/1.0; +claudebot@anthropic.com)"
213.180.203.73 - - [14/Apr/2026:07:25:29 +0300] "GET /novosibirsk HTTP/1.0" 200 16912 "-" "Mozilla/5.0 (compatible; YandexBot/3.0; +http://yandex.com/bots)"
5.255.231.117 - - [14/Apr/2026:07:25:33 +0300] "GET /novosibirsk HTTP/1.0" 200 16912 "-" "Mozilla/5.0 (compatible; YandexBot/3.0; +http://yandex.com/bots)"
5.255.231.189 - - [14/Apr/2026:07:25:38 +0300] "GET /novosibirsk HTTP/1.0" 200 16912 "-" "Mozilla/5.0 (compatible; YandexBot/3.0; +http://yandex.com/bots)"
5.255.231.2 - - [14/Apr/2026:07:25:43 +0300] "GET /novosibirsk HTTP/1.0" 200 16910 "-" "Mozilla/5.0 (compatible; YandexBot/3.0; +http://yandex.com/bots)"
87.250.224.114 - - [14/Apr/2026:07:25:58 +0300] "GET /?option=com_mycityselector&task=ipgeo.getlocation HTTP/1.0" 200 626 "https://xn----jtbybqkejng.xn--p1ai/novosibirsk" "Mozilla/5.0 (compatible; YandexBot/3.0; +http://yandex.com/bots)"
5.255.231.182 - - [14/Apr/2026:07:26:16 +0300] "GET /robots.txt HTTP/1.0" 200 361 "-" "Mozilla/5.0 (compatible; YandexBot/3.0; +http://yandex.com/bots)"
103.4.250.171 - - [14/Apr/2026:07:27:51 +0300] "GET / HTTP/1.0" 200 16943 "-" "Mozilla/5.0 (Windows NT 10.0; Win64; x64) AppleWebKit/537.36 (KHTML, like Gecko) Chrome/116.0.0.0 Safari/537.36"
103.196.9.86 - - [14/Apr/2026:07:27:52 +0300] "GET / HTTP/1.0" 200 16943 "-" "Mozilla/5.0 (Macintosh; Intel Mac OS X 10_15_7) AppleWebKit/537.36 (KHTML, like Gecko) Chrome/117.0.0.0 Safari/537.36"
103.4.250.171 - - [14/Apr/2026:07:27:59 +0300] "GET / HTTP/1.0" 200 16943 "-" "Mozilla/5.0 (Macintosh; Intel Mac OS X 10_15_7) AppleWebKit/537.36 (KHTML, like Gecko) Chrome/116.0.0.0 Safari/537.36"
103.196.9.86 - - [14/Apr/2026:07:27:59 +0300] "GET / HTTP/1.0" 200 16939 "-" "Mozilla/5.0 (Windows NT 10.0; Win64; x64) AppleWebKit/537.36 (KHTML, like Gecko) Chrome/117.0.0.0 Safari/537.36"
5.255.231.69 - - [14/Apr/2026:07:29:35 +0300] "GET /balakovo/svetovoe-oborudovanie HTTP/1.0" 200 21888 "-" "Mozilla/5.0 (compatible; YandexBot/3.0; +http://yandex.com/bots)"
213.180.203.4 - - [14/Apr/2026:07:29:35 +0300] "GET /balakovo/svetovoe-oborudovanie HTTP/1.0" 200 21888 "-" "Mozilla/5.0 (compatible; YandexBot/3.0; +http://yandex.com/bots)"
5.255.231.43 - - [14/Apr/2026:07:29:39 +0300] "GET /balakovo/svetovoe-oborudovanie HTTP/1.0" 200 21888 "-" "Mozilla/5.0 (compatible; YandexBot/3.0; +http://yandex.com/bots)"
5.255.231.165 - - [14/Apr/2026:07:29:45 +0300] "GET /kazan/odezhda-stseny?ysclid=123 HTTP/1.0" 200 21888 "-" "Mozilla/5.0 (compatible; YandexBot/3.0; +http://yandex.com/bots)"
192.178.4.101 - - [14/Apr/2026:07:31:13 +0300] "GET /review/goods/X293780960 HTTP/1.0" 200 77104 "-" "Mozilla/5.0 (Linux; Android 6.0.1; Nexus 5X Build/MMB29P) AppleWebKit/537.36 (KHTML, like Gecko) Chrome/146.0.7680.177 Mobile Safari/537.36 (compatible; Googlebot/2.1; +http://www.google.com/bot.html)"
66.249.76.69 - - [14/Apr/2026:07:31:21 +0300] "GET /rakuraku/IsAlive.htm?1775520000000&_=1775520000000 HTTP/1.0" 200 74376 "https://xn----jtbybqkejng.xn--p1ai/review/goods/X293780960" "Mozilla/5.0 (Linux; Android 6.0.1; Nexus 5X Build/MMB29P) AppleWebKit/537.36 (KHTML, like Gecko) Chrome/146.0.7680.177 Mobile Safari/537.36 (compatible; Googlebot/2.1; +http://www.google.com/bot.html)"
94.154.35.236 - - [14/Apr/2026:07:32:32 +0300] "HEAD /forum.tar.gz HTTP/1.1" 301 0 "-" "Mozilla/5.0 (Windows NT 10.0; Win64; x64) AppleWebKit/537.36 (KHTML, like Gecko) Chrome/101.0.4951.67 Safari/537.36"
94.154.35.236 - - [14/Apr/2026:07:32:32 +0300] "HEAD /forum.tar.gz HTTP/1.0" 404 554 "-" "Mozilla/5.0 (Windows NT 10.0; Win64; x64) AppleWebKit/537.36 (KHTML, like Gecko) Chrome/101.0.4951.67 Safari/537.36"
66.249.76.69 - - [14/Apr/2026:07:34:25 +0300] "GET /shopping/1392787140.html HTTP/1.0" 200 75286 "-" "Mozilla/5.0 (Linux; Android 6.0.1; Nexus 5X Build/MMB29P) AppleWebKit/537.36 (KHTML, like Gecko) Chrome/146.0.7680.177 Mobile Safari/537.36 (compatible; Googlebot/2.1; +http://www.google.com/bot.html)"
91.231.89.36 - - [14/Apr/2026:07:34:32 +0300] "GET / HTTP/1.1" 301 196 "-" "Mozilla/5.0 (X11; Ubuntu; Linux x86_64; rv:134.0) Gecko/20100101 Firefox/134.0"
192.178.4.102 - - [14/Apr/2026:07:34:34 +0300] "GET /kaunet/js/search.js HTTP/1.0" 404 2188 "https://xn----jtbybqkejng.xn--p1ai/shopping/1392787140.html" "Mozilla/5.0 (Linux; Android 6.0.1; Nexus 5X Build/MMB29P) AppleWebKit/537.36 (KHTML, like Gecko) Chrome/146.0.7680.177 Mobile Safari/537.36 (compatible; Googlebot/2.1; +http://www.google.com/bot.html)"
66.249.76.69 - - [14/Apr/2026:07:34:48 +0300] "POST /kaunet/categoryshop/office/sitemap/KWf_CSfSpookUrlCreateAjaxAction.jsp HTTP/1.0" 200 73967 "https://xn----jtbybqkejng.xn--p1ai/shopping/1392787140.html" "Mozilla/5.0 (Linux; Android 6.0.1; Nexus 5X Build/MMB29P) AppleWebKit/537.36 (KHTML, like Gecko) Chrome/146.0.7680.177 Mobile Safari/537.36 (compatible; Googlebot/2.1; +http://www.google.com/bot.html)"
192.178.4.101 - - [14/Apr/2026:07:34:56 +0300] "GET /index.php?shopping/2665340556.html HTTP/1.0" 200 73909 "-" "Mozilla/5.0 (Linux; Android 6.0.1; Nexus 5X Build/MMB29P) AppleWebKit/537.36 (KHTML, like Gecko) Chrome/146.0.7680.177 Mobile Safari/537.36 (compatible; Googlebot/2.1; +http://www.google.com/bot.html)"
