5.167.50.30 - - [01/Dec/2021:07:59:41 +0300] "GET /templates/shaper_helix3/css/legacy.css HTTP/1.1" 200 27359 "http://addcatalogs.manyweb.ru/review/kamdvig.ru.html" "Mozilla/5.0 (iPhone; CPU iPhone OS 13_6_1 like Mac OS X) AppleWebKit/605.1.15 (KHTML, like Gecko) Version/13.1.2 Mobile/15E148 Safari/604.1"
5.167.50.30 - - [01/Dec/2021:07:59:41 +0300] "GET /templates/shaper_helix3/css/bootstrap.min.css HTTP/1.1" 200 121199 "http://addcatalogs.manyweb.ru/review/kamdvig.ru.html" "Mozilla/5.0 (iPhone; CPU iPhone OS 13_6_1 like Mac OS X) AppleWebKit/605.1.15 (KHTML, like Gecko) Version/13.1.2 Mobile/15E148 Safari/604.1"
5.167.50.30 - - [01/Dec/2021:07:59:41 +0300] "GET /templates/shaper_helix3/css/template.css HTTP/1.1" 200 74903 "http://addcatalogs.manyweb.ru/review/kamdvig.ru.html" "Mozilla/5.0 (iPhone; CPU iPhone OS 13_6_1 like Mac OS X) AppleWebKit/605.1.15 (KHTML, like Gecko) Version/13.1.2 Mobile/15E148 Safari/604.1"
5.167.50.30 - - [01/Dec/2021:07:59:41 +0300] "GET /templates/shaper_helix3/css/frontend-edit.css HTTP/1.1" 200 3030 "http://addcatalogs.manyweb.ru/review/kamdvig.ru.html" "Mozilla/5.0 (iPhone; CPU iPhone OS 13_6_1 like Mac OS X) AppleWebKit/605.1.15 (KHTML, like Gecko) Version/13.1.2 Mobile/15E148 Safari/604.1"
5.167.50.30 - - [01/Dec/2021:07:59:41 +0300] "GET /modules/mod_sj_flat_menu/assets/css/styles-responsive.css HTTP/1.1" 200 2389 "http://addcatalogs.manyweb.ru/review/kamdvig.ru.html" "Mozilla/5.0 (iPhone; CPU iPhone OS 13_6_1 like Mac OS X) AppleWebKit/605.1.15 (KHTML, like Gecko) Version/13.1.2 Mobile/15E148 Safari/604.1"
5.167.50.30 - - [01/Dec/2021:07:59:41 +0300] "GET /modules/mod_sj_flat_menu/assets/css/styles.css HTTP/1.1" 200 2436 "http://addcatalogs.manyweb.ru/review/kamdvig.ru.html" "Mozilla/5.0 (iPhone; CPU iPhone OS 13_6_1 like Mac OS X) AppleWebKit/605.1.15 (KHTML, like Gecko) Version/13.1.2 Mobile/15E148 Safari/604.1"
5.167.50.30 - - [01/Dec/2021:07:59:41 +0300] "GET /components/com_jshopping/css/default.css HTTP/1.1" 200 25245 "http://addcatalogs.manyweb.ru/review/kamdvig.ru.html" "Mozilla/5.0 (iPhone; CPU iPhone OS 13_6_1 like Mac OS X) AppleWebKit/605.1.15 (KHTML, like Gecko) Version/13.1.2 Mobile/15E148 Safari/604.1"
5.167.50.30 - - [01/Dec/2021:07:59:41 +0300] "GET /modules/mod_joomly_callback/css/callback_default.css HTTP/1.1" 200 4709 "http://addcatalogs.manyweb.ru/review/kamdvig.ru.html" "Mozilla/5.0 (iPhone; CPU iPhone OS 13_6_1 like Mac OS X) AppleWebKit/605.1.15 (KHTML, like Gecko) Version/13.1.2 Mobile/15E148 Safari/604.1"
138.199.36.196 - - [01/Dec/2021:08:07:18 +0300] "GET / HTTP/1.0" 200 5988 "http://kamdvig.ru" "Mozilla/5.0 (X11; Linux i686 (x86_64)) AppleWebKit/537.36 (KHTML, like Gecko) Chrome/67.0.3396.0 Safari/537.36"
138.199.36.196 - - [01/Dec/2021:08:07:22 +0300] "GET /index.php?option=com_easyblog&view=dashboard&layout=write HTTP/1.0" 404 1684 "http://kamdvig.ru" "Mozilla/5.0 (X11; Linux i686 (x86_64)) AppleWebKit/537.36 (KHTML, like Gecko) Chrome/67.0.3396.0 Safari/537.36"
185.31.210.156 - - [01/Dec/2021:08:13:22 +0300] "GET /administrator/index.php HTTP/1.0" 200 7442 "http://KAMDVIG.ru/administrator/index.php" "Mozilla/5.0 (Windows NT 10.0; WOW64) AppleWebKit/537.36 (KHTML, like Gecko) Chrome/62.0.3198.0 Safari/537.36 OPR/49.0.2711.0"
185.31.210.156 - - [01/Dec/2021:08:13:22 +0300] "POST /administrator/index.php HTTP/1.0" 200 7736 "http://KAMDVIG.ru/administrator/index.php" "Mozilla/5.0 (Windows NT 10.0; WOW64) AppleWebKit/537.36 (KHTML, like Gecko) Chrome/62.0.3198.0 Safari/537.36 OPR/49.0.2711.0"
185.31.210.156 - - [01/Dec/2021:08:27:31 +0300] "GET /administrator/index.php HTTP/1.0" 200 7442 "http://KAMDVIG.ru/administrator/index.php" "Mozilla/5.0 (Windows NT 10.0; WOW64) AppleWebKit/537.36 (KHTML, like Gecko) Chrome/62.0.3198.0 Safari/537.36 OPR/49.0.2711.0"
185.31.210.156 - - [01/Dec/2021:08:27:32 +0300] "POST /administrator/index.php HTTP/1.0" 200 7736 "http://KAMDVIG.ru/administrator/index.php" "Mozilla/5.0 (Windows NT 10.0; WOW64) AppleWebKit/537.36 (KHTML, like Gecko) Chrome/62.0.3198.0 Safari/537.36 OPR/49.0.2711.0"
185.31.210.156 - - [01/Dec/2021:08:41:42 +0300] "GET /administrator/index.php HTTP/1.0" 200 7442 "http://KAMDVIG.ru/administrator/index.php" "Mozilla/5.0 (Windows NT 10.0; WOW64) AppleWebKit/537.36 (KHTML, like Gecko) Chrome/62.0.3198.0 Safari/537.36 OPR/49.0.2711.0"
185.31.210.156 - - [01/Dec/2021:08:41:42 +0300] "POST /administrator/index.php HTTP/1.0" 200 7736 "http://KAMDVIG.ru/administrator/index.php" "Mozilla/5.0 (Windows NT 10.0; WOW64) AppleWebKit/537.36 (KHTML, like Gecko) Chrome/62.0.3198.0 Safari/537.36 OPR/49.0.2711.0"
185.31.210.156 - - [01/Dec/2021:08:56:01 +0300] "GET /administrator/index.php HTTP/1.0" 200 7442 "http://KAMDVIG.ru/administrator/index.php" "Mozilla/5.0 (Windows NT 10.0; WOW64) AppleWebKit/537.36 (KHTML, like Gecko) Chrome/62.0.3198.0 Safari/537.36 OPR/49.0.2711.0"
185.31.210.156 - - [01/Dec/2021:08:56:02 +0300] "POST /administrator/index.php HTTP/1.0" 200 7736 "http://KAMDVIG.ru/administrator/index.php" "Mozilla/5.0 (Windows NT 10.0; WOW64) AppleWebKit/537.36 (KHTML, like Gecko) Chrome/62.0.3198.0 Safari/537.36 OPR/49.0.2711.0"
138.199.5.97 - - [01/Dec/2021:09:04:11 +0300] "GET /administrator/index.php HTTP/1.0" 200 7442 "-" "Mozilla/5.0 (Windows NT 6.1) AppleWebKit/537.36 (KHTML, like Gecko) Chrome/45.0.2454.85 Safari/537.36 OPR/32.0.1948.45"
138.199.5.97 - - [01/Dec/2021:09:04:13 +0300] "POST /administrator/index.php HTTP/1.0" 200 7736 "-" "Mozilla/5.0 (Windows NT 6.1) AppleWebKit/537.36 (KHTML, like Gecko) Chrome/45.0.2454.85 Safari/537.36 OPR/32.0.1948.45"
185.31.210.156 - - [01/Dec/2021:09:10:15 +0300] "GET /administrator/index.php HTTP/1.0" 200 7442 "http://KAMDVIG.ru/administrator/index.php" "Mozilla/5.0 (Windows NT 10.0; WOW64) AppleWebKit/537.36 (KHTML, like Gecko) Chrome/62.0.3198.0 Safari/537.36 OPR/49.0.2711.0"
185.31.210.156 - - [01/Dec/2021:09:10:16 +0300] "POST /administrator/index.php HTTP/1.0" 200 7736 "http://KAMDVIG.ru/administrator/index.php" "Mozilla/5.0 (Windows NT 10.0; WOW64) AppleWebKit/537.36 (KHTML, like Gecko) Chrome/62.0.3198.0 Safari/537.36 OPR/49.0.2711.0"
185.31.210.156 - - [01/Dec/2021:09:24:36 +0300] "GET /administrator/index.php HTTP/1.0" 200 7442 "http://KAMDVIG.ru/administrator/index.php" "Mozilla/5.0 (Windows NT 10.0; WOW64) AppleWebKit/537.36 (KHTML, like Gecko) Chrome/62.0.3198.0 Safari/537.36 OPR/49.0.2711.0"
185.31.210.156 - - [01/Dec/2021:09:24:36 +0300] "POST /administrator/index.php HTTP/1.0" 200 7736 "http://KAMDVIG.ru/administrator/index.php" "Mozilla/5.0 (Windows NT 10.0; WOW64) AppleWebKit/537.36 (KHTML, like Gecko) Chrome/62.0.3198.0 Safari/537.36 OPR/49.0.2711.0"
54.36.149.69 - - [01/Dec/2021:09:33:53 +0300] "GET /prodazha HTTP/1.0" 200 5553 "-" "Mozilla/5.0 (compatible; AhrefsBot/7.0; +http://ahrefs.com/robot/)"
66.249.66.146 - - [01/Dec/2021:09:38:47 +0300] "GET /robots.txt HTTP/1.0" 200 696 "-" "Mozilla/5.0 (compatible; Googlebot/2.1; +http://www.google.com/bot.html)"
66.249.66.212 - - [01/Dec/2021:09:38:48 +0300] "GET /prodazha/product/view/1/4 HTTP/1.0" 200 6922 "-" "Mozilla/5.0 (Linux; Android 6.0.1; Nexus 5X Build/MMB29P) AppleWebKit/537.36 (KHTML, like Gecko) Chrome/96.0.4664.45 Mobile Safari/537.36 (compatible; Googlebot/2.1; +http://www.google.com/bot.html)"
185.31.210.156 - - [01/Dec/2021:09:38:52 +0300] "GET /administrator/index.php HTTP/1.0" 200 7442 "http://KAMDVIG.ru/administrator/index.php" "Mozilla/5.0 (Windows NT 10.0; WOW64) AppleWebKit/537.36 (KHTML, like Gecko) Chrome/62.0.3198.0 Safari/537.36 OPR/49.0.2711.0"
185.31.210.156 - - [01/Dec/2021:09:38:52 +0300] "POST /administrator/index.php HTTP/1.0" 200 7736 "http://KAMDVIG.ru/administrator/index.php" "Mozilla/5.0 (Windows NT 10.0; WOW64) AppleWebKit/537.36 (KHTML, like Gecko) Chrome/62.0.3198.0 Safari/537.36 OPR/49.0.2711.0"
185.31.210.156 - - [01/Dec/2021:09:53:19 +0300] "GET /administrator/index.php HTTP/1.0" 200 7442 "http://KAMDVIG.ru/administrator/index.php" "Mozilla/5.0 (Windows NT 10.0; WOW64) AppleWebKit/537.36 (KHTML, like Gecko) Chrome/62.0.3198.0 Safari/537.36 OPR/49.0.2711.0"
185.31.210.156 - - [01/Dec/2021:09:53:20 +0300] "POST /administrator/index.php HTTP/1.0" 200 7736 "http://KAMDVIG.ru/administrator/index.php" "Mozilla/5.0 (Windows NT 10.0; WOW64) AppleWebKit/537.36 (KHTML, like Gecko) Chrome/62.0.3198.0 Safari/537.36 OPR/49.0.2711.0"
185.31.210.156 - - [01/Dec/2021:10:07:33 +0300] "GET /administrator/index.php HTTP/1.0" 200 7442 "http://KAMDVIG.ru/administrator/index.php" "Mozilla/5.0 (Windows NT 10.0; WOW64) AppleWebKit/537.36 (KHTML, like Gecko) Chrome/62.0.3198.0 Safari/537.36 OPR/49.0.2711.0"
185.31.210.156 - - [01/Dec/2021:10:07:34 +0300] "POST /administrator/index.php HTTP/1.0" 200 7736 "http://KAMDVIG.ru/administrator/index.php" "Mozilla/5.0 (Windows NT 10.0; WOW64) AppleWebKit/537.36 (KHTML, like Gecko) Chrome/62.0.3198.0 Safari/537.36 OPR/49.0.2711.0"
185.31.210.156 - - [01/Dec/2021:10:21:43 +0300] "GET /administrator/index.php HTTP/1.0" 200 7442 "http://KAMDVIG.ru/administrator/index.php" "Mozilla/5.0 (Windows NT 10.0; WOW64) AppleWebKit/537.36 (KHTML, like Gecko) Chrome/62.0.3198.0 Safari/537.36 OPR/49.0.2711.0"
185.31.210.156 - - [01/Dec/2021:10:21:43 +0300] "POST /administrator/index.php HTTP/1.0" 200 7736 "http://KAMDVIG.ru/administrator/index.php" "Mozilla/5.0 (Windows NT 10.0; WOW64) AppleWebKit/537.36 (KHTML, like Gecko) Chrome/62.0.3198.0 Safari/537.36 OPR/49.0.2711.0"
185.31.210.156 - - [01/Dec/2021:10:35:54 +0300] "GET /administrator/index.php HTTP/1.0" 200 7442 "http://KAMDVIG.ru/administrator/index.php" "Mozilla/5.0 (Windows NT 10.0; WOW64) AppleWebKit/537.36 (KHTML, like Gecko) Chrome/62.0.3198.0 Safari/537.36 OPR/49.0.2711.0"
185.31.210.156 - - [01/Dec/2021:10:35:55 +0300] "POST /administrator/index.php HTTP/1.0" 200 7736 "http://KAMDVIG.ru/administrator/index.php" "Mozilla/5.0 (Windows NT 10.0; WOW64) AppleWebKit/537.36 (KHTML, like Gecko) Chrome/62.0.3198.0 Safari/537.36 OPR/49.0.2711.0"
185.31.210.156 - - [01/Dec/2021:10:50:16 +0300] "GET /administrator/index.php HTTP/1.0" 200 7442 "http://KAMDVIG.ru/administrator/index.php" "Mozilla/5.0 (Windows NT 10.0; WOW64) AppleWebKit/537.36 (KHTML, like Gecko) Chrome/62.0.3198.0 Safari/537.36 OPR/49.0.2711.0"
185.31.210.156 - - [01/Dec/2021:10:50:17 +0300] "POST /administrator/index.php HTTP/1.0" 200 7736 "http://KAMDVIG.ru/administrator/index.php" "Mozilla/5.0 (Windows NT 10.0; WOW64) AppleWebKit/537.36 (KHTML, like Gecko) Chrome/62.0.3198.0 Safari/537.36 OPR/49.0.2711.0"
185.31.210.156 - - [01/Dec/2021:11:04:52 +0300] "GET /administrator/index.php HTTP/1.0" 200 7442 "http://KAMDVIG.ru/administrator/index.php" "Mozilla/5.0 (Windows NT 10.0; WOW64) AppleWebKit/537.36 (KHTML, like Gecko) Chrome/62.0.3198.0 Safari/537.36 OPR/49.0.2711.0"
185.31.210.156 - - [01/Dec/2021:11:04:52 +0300] "POST /administrator/index.php HTTP/1.0" 200 7736 "http://KAMDVIG.ru/administrator/index.php" "Mozilla/5.0 (Windows NT 10.0; WOW64) AppleWebKit/537.36 (KHTML, like Gecko) Chrome/62.0.3198.0 Safari/537.36 OPR/49.0.2711.0"
176.113.43.208 - - [01/Dec/2021:11:13:58 +0300] "GET / HTTP/1.0" 200 5987 "-" "Mozilla/5.0 (Windows NT 10.0; Win64; x64) AppleWebKit/537.36 (KHTML, like Gecko) Chrome/94.0.4606.61 Safari/537.36"
176.113.43.208 - - [01/Dec/2021:11:14:02 +0300] "GET /favicon.ico HTTP/1.0" 404 1782 "-" "Mozilla/5.0 (Windows NT 10.0; Win64; x64) AppleWebKit/537.36 (KHTML, like Gecko) Chrome/94.0.4606.61 Safari/537.36"
185.31.210.156 - - [01/Dec/2021:11:19:01 +0300] "GET /administrator/index.php HTTP/1.0" 200 7442 "http://KAMDVIG.ru/administrator/index.php" "Mozilla/5.0 (Windows NT 10.0; WOW64) AppleWebKit/537.36 (KHTML, like Gecko) Chrome/62.0.3198.0 Safari/537.36 OPR/49.0.2711.0"
185.31.210.156 - - [01/Dec/2021:11:19:02 +0300] "POST /administrator/index.php HTTP/1.0" 200 7736 "http://KAMDVIG.ru/administrator/index.php" "Mozilla/5.0 (Windows NT 10.0; WOW64) AppleWebKit/537.36 (KHTML, like Gecko) Chrome/62.0.3198.0 Safari/537.36 OPR/49.0.2711.0"
185.31.210.156 - - [01/Dec/2021:11:33:16 +0300] "GET /administrator/index.php HTTP/1.0" 200 7442 "http://KAMDVIG.ru/administrator/index.php" "Mozilla/5.0 (Windows NT 10.0; WOW64) AppleWebKit/537.36 (KHTML, like Gecko) Chrome/62.0.3198.0 Safari/537.36 OPR/49.0.2711.0"
185.31.210.156 - - [01/Dec/2021:11:33:16 +0300] "POST /administrator/index.php HTTP/1.0" 200 7736 "http://KAMDVIG.ru/administrator/index.php" "Mozilla/5.0 (Windows NT 10.0; WOW64) AppleWebKit/537.36 (KHTML, like Gecko) Chrome/62.0.3198.0 Safari/537.36 OPR/49.0.2711.0"
131.220.6.152 - - [01/Dec/2021:11:39:30 +0300] "GET / HTTP/1.0" 200 5982 "-" "Mozilla/5.0 (X11; Linux x86_64) AppleWebKit/537.36 (KHTML, like Gecko) Chrome/79.0.3945.79 Safari/537.36"
185.31.210.156 - - [01/Dec/2021:11:47:40 +0300] "GET /administrator/index.php HTTP/1.0" 200 7442 "http://KAMDVIG.ru/administrator/index.php" "Mozilla/5.0 (Windows NT 10.0; WOW64) AppleWebKit/537.36 (KHTML, like Gecko) Chrome/62.0.3198.0 Safari/537.36 OPR/49.0.2711.0"
185.31.210.156 - - [01/Dec/2021:11:47:41 +0300] "POST /administrator/index.php HTTP/1.0" 200 7736 "http://KAMDVIG.ru/administrator/index.php" "Mozilla/5.0 (Windows NT 10.0; WOW64) AppleWebKit/537.36 (KHTML, like Gecko) Chrome/62.0.3198.0 Safari/537.36 OPR/49.0.2711.0"
185.31.210.156 - - [01/Dec/2021:12:02:04 +0300] "GET /administrator/index.php HTTP/1.0" 200 7442 "http://KAMDVIG.ru/administrator/index.php" "Mozilla/5.0 (Windows NT 10.0; WOW64) AppleWebKit/537.36 (KHTML, like Gecko) Chrome/62.0.3198.0 Safari/537.36 OPR/49.0.2711.0"
185.31.210.156 - - [01/Dec/2021:12:02:04 +0300] "POST /administrator/index.php HTTP/1.0" 200 7736 "http://KAMDVIG.ru/administrator/index.php" "Mozilla/5.0 (Windows NT 10.0; WOW64) AppleWebKit/537.36 (KHTML, like Gecko) Chrome/62.0.3198.0 Safari/537.36 OPR/49.0.2711.0"
185.31.210.156 - - [01/Dec/2021:12:16:25 +0300] "GET /administrator/index.php HTTP/1.0" 200 7442 "http://KAMDVIG.ru/administrator/index.php" "Mozilla/5.0 (Windows NT 10.0; WOW64) AppleWebKit/537.36 (KHTML, like Gecko) Chrome/62.0.3198.0 Safari/537.36 OPR/49.0.2711.0"
185.31.210.156 - - [01/Dec/2021:12:16:25 +0300] "POST /administrator/index.php HTTP/1.0" 200 7736 "http://KAMDVIG.ru/administrator/index.php" "Mozilla/5.0 (Windows NT 10.0; WOW64) AppleWebKit/537.36 (KHTML, like Gecko) Chrome/62.0.3198.0 Safari/537.36 OPR/49.0.2711.0"
185.31.210.156 - - [01/Dec/2021:12:30:43 +0300] "GET /administrator/index.php HTTP/1.0" 200 7442 "http://KAMDVIG.ru/administrator/index.php" "Mozilla/5.0 (Windows NT 10.0; WOW64) AppleWebKit/537.36 (KHTML, like Gecko) Chrome/62.0.3198.0 Safari/537.36 OPR/49.0.2711.0"
185.31.210.156 - - [01/Dec/2021:12:30:43 +0300] "POST /administrator/index.php HTTP/1.0" 200 7736 "http://KAMDVIG.ru/administrator/index.php" "Mozilla/5.0 (Windows NT 10.0; WOW64) AppleWebKit/537.36 (KHTML, like Gecko) Chrome/62.0.3198.0 Safari/537.36 OPR/49.0.2711.0"
185.31.210.156 - - [01/Dec/2021:12:45:07 +0300] "GET /administrator/index.php HTTP/1.0" 200 7442 "http://KAMDVIG.ru/administrator/index.php" "Mozilla/5.0 (Windows NT 10.0; WOW64) AppleWebKit/537.36 (KHTML, like Gecko) Chrome/62.0.3198.0 Safari/537.36 OPR/49.0.2711.0"
185.31.210.156 - - [01/Dec/2021:12:45:08 +0300] "POST /administrator/index.php HTTP/1.0" 200 7736 "http://KAMDVIG.ru/administrator/index.php" "Mozilla/5.0 (Windows NT 10.0; WOW64) AppleWebKit/537.36 (KHTML, like Gecko) Chrome/62.0.3198.0 Safari/537.36 OPR/49.0.2711.0"
66.249.66.77 - - [01/Dec/2021:12:54:00 +0300] "GET /prodazha/product/view/1/10 HTTP/1.0" 200 6946 "-" "Mozilla/5.0 (compatible; Googlebot/2.1; +http://www.google.com/bot.html)"
185.31.210.156 - - [01/Dec/2021:12:59:32 +0300] "GET /administrator/index.php HTTP/1.0" 200 7442 "http://KAMDVIG.ru/administrator/index.php" "Mozilla/5.0 (Windows NT 10.0; WOW64) AppleWebKit/537.36 (KHTML, like Gecko) Chrome/62.0.3198.0 Safari/537.36 OPR/49.0.2711.0"
185.31.210.156 - - [01/Dec/2021:12:59:32 +0300] "POST /administrator/index.php HTTP/1.0" 200 7736 "http://KAMDVIG.ru/administrator/index.php" "Mozilla/5.0 (Windows NT 10.0; WOW64) AppleWebKit/537.36 (KHTML, like Gecko) Chrome/62.0.3198.0 Safari/537.36 OPR/49.0.2711.0"
185.31.210.156 - - [01/Dec/2021:13:14:02 +0300] "GET /administrator/index.php HTTP/1.0" 200 7442 "http://KAMDVIG.ru/administrator/index.php" "Mozilla/5.0 (Windows NT 10.0; WOW64) AppleWebKit/537.36 (KHTML, like Gecko) Chrome/62.0.3198.0 Safari/537.36 OPR/49.0.2711.0"
185.31.210.156 - - [01/Dec/2021:13:14:02 +0300] "POST /administrator/index.php HTTP/1.0" 200 7736 "http://KAMDVIG.ru/administrator/index.php" "Mozilla/5.0 (Windows NT 10.0; WOW64) AppleWebKit/537.36 (KHTML, like Gecko) Chrome/62.0.3198.0 Safari/537.36 OPR/49.0.2711.0"
185.31.210.156 - - [01/Dec/2021:13:28:16 +0300] "GET /administrator/index.php HTTP/1.0" 200 7442 "http://KAMDVIG.ru/administrator/index.php" "Mozilla/5.0 (Windows NT 10.0; WOW64) AppleWebKit/537.36 (KHTML, like Gecko) Chrome/62.0.3198.0 Safari/537.36 OPR/49.0.2711.0"
185.31.210.156 - - [01/Dec/2021:13:28:16 +0300] "POST /administrator/index.php HTTP/1.0" 200 7736 "http://KAMDVIG.ru/administrator/index.php" "Mozilla/5.0 (Windows NT 10.0; WOW64) AppleWebKit/537.36 (KHTML, like Gecko) Chrome/62.0.3198.0 Safari/537.36 OPR/49.0.2711.0"
185.31.210.156 - - [01/Dec/2021:13:42:39 +0300] "GET /administrator/index.php HTTP/1.0" 200 7442 "http://KAMDVIG.ru/administrator/index.php" "Mozilla/5.0 (Windows NT 10.0; WOW64) AppleWebKit/537.36 (KHTML, like Gecko) Chrome/62.0.3198.0 Safari/537.36 OPR/49.0.2711.0"
185.31.210.156 - - [01/Dec/2021:13:42:40 +0300] "POST /administrator/index.php HTTP/1.0" 200 7736 "http://KAMDVIG.ru/administrator/index.php" "Mozilla/5.0 (Windows NT 10.0; WOW64) AppleWebKit/537.36 (KHTML, like Gecko) Chrome/62.0.3198.0 Safari/537.36 OPR/49.0.2711.0"
138.199.5.97 - - [01/Dec/2021:13:44:19 +0300] "GET /administrator/index.php HTTP/1.0" 200 7442 "-" "Mozilla/5.0 (Windows NT 6.1) AppleWebKit/537.36 (KHTML, like Gecko) Chrome/45.0.2454.85 Safari/537.36 OPR/32.0.1948.45"
138.199.5.97 - - [01/Dec/2021:13:44:20 +0300] "POST /administrator/index.php HTTP/1.0" 200 7736 "-" "Mozilla/5.0 (Windows NT 6.1) AppleWebKit/537.36 (KHTML, like Gecko) Chrome/45.0.2454.85 Safari/537.36 OPR/32.0.1948.45"
185.31.210.156 - - [01/Dec/2021:13:56:58 +0300] "GET /administrator/index.php HTTP/1.0" 200 7442 "http://KAMDVIG.ru/administrator/index.php" "Mozilla/5.0 (Windows NT 10.0; WOW64) AppleWebKit/537.36 (KHTML, like Gecko) Chrome/62.0.3198.0 Safari/537.36 OPR/49.0.2711.0"
185.31.210.156 - - [01/Dec/2021:13:56:58 +0300] "POST /administrator/index.php HTTP/1.0" 200 7736 "http://KAMDVIG.ru/administrator/index.php" "Mozilla/5.0 (Windows NT 10.0; WOW64) AppleWebKit/537.36 (KHTML, like Gecko) Chrome/62.0.3198.0 Safari/537.36 OPR/49.0.2711.0"
185.31.210.156 - - [01/Dec/2021:14:11:18 +0300] "GET /administrator/index.php HTTP/1.0" 200 7442 "http://KAMDVIG.ru/administrator/index.php" "Mozilla/5.0 (Windows NT 10.0; WOW64) AppleWebKit/537.36 (KHTML, like Gecko) Chrome/62.0.3198.0 Safari/537.36 OPR/49.0.2711.0"
185.31.210.156 - - [01/Dec/2021:14:11:18 +0300] "POST /administrator/index.php HTTP/1.0" 200 7736 "http://KAMDVIG.ru/administrator/index.php" "Mozilla/5.0 (Windows NT 10.0; WOW64) AppleWebKit/537.36 (KHTML, like Gecko) Chrome/62.0.3198.0 Safari/537.36 OPR/49.0.2711.0"
185.31.210.156 - - [01/Dec/2021:14:25:34 +0300] "GET /administrator/index.php HTTP/1.0" 200 7442 "http://KAMDVIG.ru/administrator/index.php" "Mozilla/5.0 (Windows NT 10.0; WOW64) AppleWebKit/537.36 (KHTML, like Gecko) Chrome/62.0.3198.0 Safari/537.36 OPR/49.0.2711.0"
185.31.210.156 - - [01/Dec/2021:14:25:35 +0300] "POST /administrator/index.php HTTP/1.0" 200 7736 "http://KAMDVIG.ru/administrator/index.php" "Mozilla/5.0 (Windows NT 10.0; WOW64) AppleWebKit/537.36 (KHTML, like Gecko) Chrome/62.0.3198.0 Safari/537.36 OPR/49.0.2711.0"
66.249.66.76 - - [01/Dec/2021:14:27:05 +0300] "GET /prodazha/product/view/1/13 HTTP/1.0" 200 6889 "-" "Mozilla/5.0 (compatible; Googlebot/2.1; +http://www.google.com/bot.html)"
185.31.210.156 - - [01/Dec/2021:14:39:48 +0300] "GET /administrator/index.php HTTP/1.0" 200 7442 "http://KAMDVIG.ru/administrator/index.php" "Mozilla/5.0 (Windows NT 10.0; WOW64) AppleWebKit/537.36 (KHTML, like Gecko) Chrome/62.0.3198.0 Safari/537.36 OPR/49.0.2711.0"
185.31.210.156 - - [01/Dec/2021:14:39:48 +0300] "POST /administrator/index.php HTTP/1.0" 200 7736 "http://KAMDVIG.ru/administrator/index.php" "Mozilla/5.0 (Windows NT 10.0; WOW64) AppleWebKit/537.36 (KHTML, like Gecko) Chrome/62.0.3198.0 Safari/537.36 OPR/49.0.2711.0"
185.31.210.156 - - [01/Dec/2021:14:53:51 +0300] "GET /administrator/index.php HTTP/1.0" 200 7442 "http://KAMDVIG.ru/administrator/index.php" "Mozilla/5.0 (Windows NT 10.0; WOW64) AppleWebKit/537.36 (KHTML, like Gecko) Chrome/62.0.3198.0 Safari/537.36 OPR/49.0.2711.0"
185.31.210.156 - - [01/Dec/2021:14:53:51 +0300] "POST /administrator/index.php HTTP/1.0" 200 7736 "http://KAMDVIG.ru/administrator/index.php" "Mozilla/5.0 (Windows NT 10.0; WOW64) AppleWebKit/537.36 (KHTML, like Gecko) Chrome/62.0.3198.0 Safari/537.36 OPR/49.0.2711.0"
185.31.210.156 - - [01/Dec/2021:15:08:01 +0300] "GET /administrator/index.php HTTP/1.0" 200 7442 "http://KAMDVIG.ru/administrator/index.php" "Mozilla/5.0 (Windows NT 10.0; WOW64) AppleWebKit/537.36 (KHTML, like Gecko) Chrome/62.0.3198.0 Safari/537.36 OPR/49.0.2711.0"
185.31.210.156 - - [01/Dec/2021:15:08:02 +0300] "POST /administrator/index.php HTTP/1.0" 200 7736 "http://KAMDVIG.ru/administrator/index.php" "Mozilla/5.0 (Windows NT 10.0; WOW64) AppleWebKit/537.36 (KHTML, like Gecko) Chrome/62.0.3198.0 Safari/537.36 OPR/49.0.2711.0"
89.107.142.114 - - [01/Dec/2021:15:18:17 +0300] "GET / HTTP/1.0" 200 5877 "-" "Mozilla/5.0 (Windows NT 10.0; Win64; x64) AppleWebKit/537.36 (KHTML, like Gecko) Chrome/96.0.4664.45 Safari/537.36"
89.107.142.114 - - [01/Dec/2021:15:18:18 +0300] "GET /templates/shaper_helix3/css/font-awesome.min.css HTTP/1.1" 200 31000 "http://kamdvig.ru/" "Mozilla/5.0 (Windows NT 10.0; Win64; x64) AppleWebKit/537.36 (KHTML, like Gecko) Chrome/96.0.4664.45 Safari/537.36"
89.107.142.114 - - [01/Dec/2021:15:18:18 +0300] "GET /templates/shaper_helix3/css/legacy.css HTTP/1.1" 200 27359 "http://kamdvig.ru/" "Mozilla/5.0 (Windows NT 10.0; Win64; x64) AppleWebKit/537.36 (KHTML, like Gecko) Chrome/96.0.4664.45 Safari/537.36"
89.107.142.114 - - [01/Dec/2021:15:18:18 +0300] "GET /templates/shaper_helix3/css/template.css HTTP/1.1" 200 74903 "http://kamdvig.ru/" "Mozilla/5.0 (Windows NT 10.0; Win64; x64) AppleWebKit/537.36 (KHTML, like Gecko) Chrome/96.0.4664.45 Safari/537.36"
89.107.142.114 - - [01/Dec/2021:15:18:18 +0300] "GET /templates/shaper_helix3/css/presets/preset2.css HTTP/1.1" 200 2159 "http://kamdvig.ru/" "Mozilla/5.0 (Windows NT 10.0; Win64; x64) AppleWebKit/537.36 (KHTML, like Gecko) Chrome/96.0.4664.45 Safari/537.36"
89.107.142.114 - - [01/Dec/2021:15:18:18 +0300] "GET /templates/shaper_helix3/css/frontend-edit.css HTTP/1.1" 200 3030 "http://kamdvig.ru/" "Mozilla/5.0 (Windows NT 10.0; Win64; x64) AppleWebKit/537.36 (KHTML, like Gecko) Chrome/96.0.4664.45 Safari/537.36"
89.107.142.114 - - [01/Dec/2021:15:18:18 +0300] "GET /modules/mod_sj_flat_menu/assets/css/styles-responsive.css HTTP/1.1" 200 2389 "http://kamdvig.ru/" "Mozilla/5.0 (Windows NT 10.0; Win64; x64) AppleWebKit/537.36 (KHTML, like Gecko) Chrome/96.0.4664.45 Safari/537.36"
89.107.142.114 - - [01/Dec/2021:15:18:18 +0300] "GET /modules/mod_sj_flat_menu/assets/css/styles.css HTTP/1.1" 200 2436 "http://kamdvig.ru/" "Mozilla/5.0 (Windows NT 10.0; Win64; x64) AppleWebKit/537.36 (KHTML, like Gecko) Chrome/96.0.4664.45 Safari/537.36"
89.107.142.114 - - [01/Dec/2021:15:18:18 +0300] "GET /templates/shaper_helix3/css/bootstrap.min.css HTTP/1.1" 200 121199 "http://kamdvig.ru/" "Mozilla/5.0 (Windows NT 10.0; Win64; x64) AppleWebKit/537.36 (KHTML, like Gecko) Chrome/96.0.4664.45 Safari/537.36"
89.107.142.114 - - [01/Dec/2021:15:18:18 +0300] "GET /components/com_jshopping/css/default.css HTTP/1.1" 200 25245 "http://kamdvig.ru/" "Mozilla/5.0 (Windows NT 10.0; Win64; x64) AppleWebKit/537.36 (KHTML, like Gecko) Chrome/96.0.4664.45 Safari/537.36"
89.107.142.114 - - [01/Dec/2021:15:18:18 +0300] "GET /modules/mod_joomly_callback/css/callback_default.css HTTP/1.1" 200 4709 "http://kamdvig.ru/" "Mozilla/5.0 (Windows NT 10.0; Win64; x64) AppleWebKit/537.36 (KHTML, like Gecko) Chrome/96.0.4664.45 Safari/537.36"
89.107.142.114 - - [01/Dec/2021:15:18:18 +0300] "GET /media/jui/js/jquery-noconflict.js?fdf1d644b85a9f3ccfc9ec626a9b1c38 HTTP/1.1" 200 21 "http://kamdvig.ru/" "Mozilla/5.0 (Windows NT 10.0; Win64; x64) AppleWebKit/537.36 (KHTML, like Gecko) Chrome/96.0.4664.45 Safari/537.36"
89.107.142.114 - - [01/Dec/2021:15:18:18 +0300] "GET /media/jui/js/jquery-migrate.min.js?fdf1d644b85a9f3ccfc9ec626a9b1c38 HTTP/1.1" 200 10056 "http://kamdvig.ru/" "Mozilla/5.0 (Windows NT 10.0; Win64; x64) AppleWebKit/537.36 (KHTML, like Gecko) Chrome/96.0.4664.45 Safari/537.36"
89.107.142.114 - - [01/Dec/2021:15:18:18 +0300] "GET /media/system/js/caption.js?fdf1d644b85a9f3ccfc9ec626a9b1c38 HTTP/1.1" 200 491 "http://kamdvig.ru/" "Mozilla/5.0 (Windows NT 10.0; Win64; x64) AppleWebKit/537.36 (KHTML, like Gecko) Chrome/96.0.4664.45 Safari/537.36"
89.107.142.114 - - [01/Dec/2021:15:18:18 +0300] "GET /templates/shaper_helix3/js/bootstrap.min.js HTTP/1.1" 200 37045 "http://kamdvig.ru/" "Mozilla/5.0 (Windows NT 10.0; Win64; x64) AppleWebKit/537.36 (KHTML, like Gecko) Chrome/96.0.4664.45 Safari/537.36"
89.107.142.114 - - [01/Dec/2021:15:18:18 +0300] "GET /templates/shaper_helix3/js/jquery.sticky.js HTTP/1.1" 200 5739 "http://kamdvig.ru/" "Mozilla/5.0 (Windows NT 10.0; Win64; x64) AppleWebKit/537.36 (KHTML, like Gecko) Chrome/96.0.4664.45 Safari/537.36"
89.107.142.114 - - [01/Dec/2021:15:18:18 +0300] "GET /templates/shaper_helix3/js/main.js HTTP/1.1" 200 8773 "http://kamdvig.ru/" "Mozilla/5.0 (Windows NT 10.0; Win64; x64) AppleWebKit/537.36 (KHTML, like Gecko) Chrome/96.0.4664.45 Safari/537.36"
89.107.142.114 - - [01/Dec/2021:15:18:18 +0300] "GET /media/jui/js/jquery.min.js?fdf1d644b85a9f3ccfc9ec626a9b1c38 HTTP/1.1" 200 97163 "http://kamdvig.ru/" "Mozilla/5.0 (Windows NT 10.0; Win64; x64) AppleWebKit/537.36 (KHTML, like Gecko) Chrome/96.0.4664.45 Safari/537.36"
89.107.142.114 - - [01/Dec/2021:15:18:18 +0300] "GET /templates/shaper_helix3/js/frontend-edit.js HTTP/1.1" 200 1948 "http://kamdvig.ru/" "Mozilla/5.0 (Windows NT 10.0; Win64; x64) AppleWebKit/537.36 (KHTML, like Gecko) Chrome/96.0.4664.45 Safari/537.36"
89.107.142.114 - - [01/Dec/2021:15:18:18 +0300] "GET /modules/mod_joomly_callback/js/callback_default.js HTTP/1.1" 200 7358 "http://kamdvig.ru/" "Mozilla/5.0 (Windows NT 10.0; Win64; x64) AppleWebKit/537.36 (KHTML, like Gecko) Chrome/96.0.4664.45 Safari/537.36"
89.107.142.114 - - [01/Dec/2021:15:18:19 +0300] "GET /templates/shaper_helix3/images/favicon.ico HTTP/1.0" 200 1414 "http://kamdvig.ru/" "Mozilla/5.0 (Windows NT 10.0; Win64; x64) AppleWebKit/537.36 (KHTML, like Gecko) Chrome/96.0.4664.45 Safari/537.36"
185.31.210.156 - - [01/Dec/2021:15:22:16 +0300] "GET /administrator/index.php HTTP/1.0" 200 7442 "http://KAMDVIG.ru/administrator/index.php" "Mozilla/5.0 (Windows NT 10.0; WOW64) AppleWebKit/537.36 (KHTML, like Gecko) Chrome/62.0.3198.0 Safari/537.36 OPR/49.0.2711.0"
185.31.210.156 - - [01/Dec/2021:15:22:17 +0300] "POST /administrator/index.php HTTP/1.0" 200 7736 "http://KAMDVIG.ru/administrator/index.php" "Mozilla/5.0 (Windows NT 10.0; WOW64) AppleWebKit/537.36 (KHTML, like Gecko) Chrome/62.0.3198.0 Safari/537.36 OPR/49.0.2711.0"
185.31.210.156 - - [01/Dec/2021:15:36:36 +0300] "GET /administrator/index.php HTTP/1.0" 200 7442 "http://KAMDVIG.ru/administrator/index.php" "Mozilla/5.0 (Windows NT 10.0; WOW64) AppleWebKit/537.36 (KHTML, like Gecko) Chrome/62.0.3198.0 Safari/537.36 OPR/49.0.2711.0"
185.31.210.156 - - [01/Dec/2021:15:36:36 +0300] "POST /administrator/index.php HTTP/1.0" 200 7736 "http://KAMDVIG.ru/administrator/index.php" "Mozilla/5.0 (Windows NT 10.0; WOW64) AppleWebKit/537.36 (KHTML, like Gecko) Chrome/62.0.3198.0 Safari/537.36 OPR/49.0.2711.0"
212.193.117.245 - - [01/Dec/2021:15:50:31 +0300] "GET /robots.txt HTTP/1.0" 200 696 "" "Mozilla/5.0 (compatible; statdom.ru/Bot; +http://statdom.ru/bot.html)"
212.193.117.245 - - [01/Dec/2021:15:50:39 +0300] "GET / HTTP/1.0" 200 5974 "" "Mozilla/5.0 (compatible; statdom.ru/Bot; +http://statdom.ru/bot.html)"
185.31.210.156 - - [01/Dec/2021:15:50:50 +0300] "GET /administrator/index.php HTTP/1.0" 200 7442 "http://KAMDVIG.ru/administrator/index.php" "Mozilla/5.0 (Windows NT 10.0; WOW64) AppleWebKit/537.36 (KHTML, like Gecko) Chrome/62.0.3198.0 Safari/537.36 OPR/49.0.2711.0"
185.31.210.156 - - [01/Dec/2021:15:50:51 +0300] "POST /administrator/index.php HTTP/1.0" 200 7736 "http://KAMDVIG.ru/administrator/index.php" "Mozilla/5.0 (Windows NT 10.0; WOW64) AppleWebKit/537.36 (KHTML, like Gecko) Chrome/62.0.3198.0 Safari/537.36 OPR/49.0.2711.0"
185.31.210.156 - - [01/Dec/2021:16:05:38 +0300] "GET /administrator/index.php HTTP/1.0" 200 7442 "http://KAMDVIG.ru/administrator/index.php" "Mozilla/5.0 (Windows NT 10.0; WOW64) AppleWebKit/537.36 (KHTML, like Gecko) Chrome/62.0.3198.0 Safari/537.36 OPR/49.0.2711.0"
185.31.210.156 - - [01/Dec/2021:16:05:38 +0300] "POST /administrator/index.php HTTP/1.0" 200 7736 "http://KAMDVIG.ru/administrator/index.php" "Mozilla/5.0 (Windows NT 10.0; WOW64) AppleWebKit/537.36 (KHTML, like Gecko) Chrome/62.0.3198.0 Safari/537.36 OPR/49.0.2711.0"
185.31.210.156 - - [01/Dec/2021:16:19:52 +0300] "GET /administrator/index.php HTTP/1.1" 403 3835 "http://KAMDVIG.ru/administrator/index.php" "Mozilla/5.0 (Windows NT 10.0; WOW64) AppleWebKit/537.36 (KHTML, like Gecko) Chrome/62.0.3198.0 Safari/537.36 OPR/49.0.2711.0"
185.31.210.156 - - [01/Dec/2021:16:19:53 +0300] "GET /administrator/index.php HTTP/1.1" 403 3835 "http://KAMDVIG.ru/administrator/index.php" "Mozilla/5.0 (Windows NT 10.0; WOW64) AppleWebKit/537.36 (KHTML, like Gecko) Chrome/62.0.3198.0 Safari/537.36 OPR/49.0.2711.0"
185.31.210.156 - - [01/Dec/2021:16:19:53 +0300] "GET /administrator/index.php HTTP/1.1" 403 3835 "http://KAMDVIG.ru/administrator/index.php" "Mozilla/5.0 (Windows NT 10.0; WOW64) AppleWebKit/537.36 (KHTML, like Gecko) Chrome/62.0.3198.0 Safari/537.36 OPR/49.0.2711.0"
212.193.117.245 - - [02/Dec/2021:14:37:24 +0300] "GET / HTTP/1.0" 404 454 "" "Mozilla/5.0 (compatible; statdom.ru/Bot; +http://statdom.ru/bot.html)"
212.193.117.245 - - [02/Dec/2021:14:38:34 +0300] "GET /prodazha/category/view/1 HTTP/1.1" 403 3835 "" "Mozilla/5.0 (compatible; statdom.ru/Bot; +http://statdom.ru/bot.html)"
212.193.117.245 - - [02/Dec/2021:14:38:36 +0300] "GET /prodazha HTTP/1.1" 403 3835 "" "Mozilla/5.0 (compatible; statdom.ru/Bot; +http://statdom.ru/bot.html)"
212.193.117.245 - - [02/Dec/2021:14:38:43 +0300] "GET /remont-dvigatelej-cummins HTTP/1.1" 403 3835 "" "Mozilla/5.0 (compatible; statdom.ru/Bot; +http://statdom.ru/bot.html)"
51.222.253.1 - - [02/Dec/2021:18:58:50 +0300] "GET / HTTP/1.0" 404 454 "-" "Mozilla/5.0 (compatible; AhrefsBot/7.0; +http://ahrefs.com/robot/)"
34.96.130.9 - - [03/Dec/2021:01:25:43 +0300] "GET / HTTP/1.1" 403 3835 "-" "Expanse indexes the network perimeters of our customers. If you have any questions or concerns, please reach out to: scaninfo@expanseinc.com"
34.86.35.17 - - [04/Dec/2021:02:01:14 +0300] "GET / HTTP/1.0" 404 454 "-" "Expanse indexes the network perimeters of our customers. If you have any questions or concerns, please reach out to: scaninfo@expanseinc.com"
87.250.224.178 - - [04/Dec/2021:03:16:53 +0300] "GET /robots.txt HTTP/1.1" 403 3835 "-" "Mozilla/5.0 (compatible; YandexBot/3.0; +http://yandex.com/bots)"
87.250.224.178 - - [04/Dec/2021:03:16:57 +0300] "GET /templates/shaper_helix3/images/favicon.ico HTTP/1.1" 403 3835 "-" "Mozilla/5.0 (compatible; YandexFavicons/1.0; +http://yandex.com/bots)"
87.250.224.178 - - [04/Dec/2021:17:13:17 +0300] "GET /robots.txt HTTP/1.1" 403 3835 "-" "Mozilla/5.0 (compatible; YandexBot/3.0; +http://yandex.com/bots)"
87.250.224.178 - - [04/Dec/2021:17:13:21 +0300] "GET / HTTP/1.1" 403 3835 "-" "Mozilla/5.0 (compatible; YandexBot/3.0; +http://yandex.com/bots)"
87.250.224.178 - - [05/Dec/2021:19:55:37 +0300] "GET /robots.txt HTTP/1.1" 403 3835 "-" "Mozilla/5.0 (compatible; YandexBot/3.0; +http://yandex.com/bots)"
87.250.224.178 - - [05/Dec/2021:19:55:41 +0300] "GET / HTTP/1.1" 403 3835 "-" "Mozilla/5.0 (compatible; YandexBot/3.0; +http://yandex.com/bots)"
92.118.160.5 - - [06/Dec/2021:05:19:59 +0300] "GET / HTTP/1.1" 403 3835 "-" "NetSystemsResearch studies the availability of various services across the internet. Our website is netsystemsresearch.com"
34.86.35.10 - - [06/Dec/2021:22:15:11 +0300] "GET / HTTP/1.0" 404 454 "-" "Expanse indexes the network perimeters of our customers. If you have any questions or concerns, please reach out to: scaninfo@expanseinc.com"
92.118.160.17 - - [07/Dec/2021:04:11:59 +0300] "GET / HTTP/1.0" 404 454 "-" "NetSystemsResearch studies the availability of various services across the internet. Our website is netsystemsresearch.com"
34.77.162.22 - - [07/Dec/2021:10:34:23 +0300] "GET / HTTP/1.1" 403 3835 "-" "Expanse indexes the network perimeters of our customers. If you have any questions or concerns, please reach out to: scaninfo@expanseinc.com"
87.250.224.178 - - [08/Dec/2021:12:25:58 +0300] "GET /robots.txt HTTP/1.1" 403 3835 "-" "Mozilla/5.0 (compatible; YandexBot/3.0; +http://yandex.com/bots)"
87.250.224.178 - - [08/Dec/2021:12:26:01 +0300] "GET / HTTP/1.1" 403 3835 "-" "Mozilla/5.0 (compatible; YandexBot/3.0; +http://yandex.com/bots)"
64.246.165.50 - - [09/Dec/2021:21:07:25 +0300] "GET /robots.txt HTTP/1.0" 403 3835 "-" "Mozilla/5.0 (Macintosh; Intel Mac OS X 10.10; rv:59.0) Gecko/20100101 Firefox/59.0"
64.246.165.50 - - [09/Dec/2021:21:07:26 +0300] "GET / HTTP/1.1" 403 3835 "-" "Mozilla/5.0 (Macintosh; Intel Mac OS X 10.10; rv:59.0) Gecko/20100101 Firefox/59.0"
34.96.130.16 - - [10/Dec/2021:08:48:19 +0300] "GET / HTTP/1.1" 403 3835 "-" "Expanse indexes the network perimeters of our customers. If you have any questions or concerns, please reach out to: scaninfo@expanseinc.com"
54.36.148.4 - - [10/Dec/2021:22:54:02 +0300] "GET /robots.txt HTTP/1.1" 403 3835 "-" "Mozilla/5.0 (compatible; AhrefsBot/7.0; +http://ahrefs.com/robot/)"
34.77.162.11 - - [11/Dec/2021:06:08:05 +0300] "GET / HTTP/1.0" 404 454 "-" "Expanse indexes the network perimeters of our customers. If you have any questions or concerns, please reach out to: scaninfo@expanseinc.com"
5.189.194.48 - - [11/Dec/2021:06:50:53 +0300] "GET /engine/engine.php HTTP/1.1" 403 3835 "-" "Mozilla/5.0 (Windows NT 10.0; Win64; x64) AppleWebKit/537.36 (KHTML, like Gecko) Chrome/96.0.4664.93 Safari/537.36"
87.250.224.178 - - [12/Dec/2021:03:06:28 +0300] "GET /robots.txt HTTP/1.1" 403 3835 "-" "Mozilla/5.0 (compatible; YandexBot/3.0; +http://yandex.com/bots)"
87.250.224.178 - - [12/Dec/2021:03:06:32 +0300] "GET /templates/shaper_helix3/images/favicon.ico HTTP/1.1" 403 3835 "-" "Mozilla/5.0 (compatible; YandexFavicons/1.0; +http://yandex.com/bots)"
92.118.160.5 - - [12/Dec/2021:12:48:59 +0300] "GET / HTTP/1.1" 403 3835 "-" "NetSystemsResearch studies the availability of various services across the internet. Our website is netsystemsresearch.com"
92.118.160.57 - - [13/Dec/2021:16:30:46 +0300] "GET / HTTP/1.0" 404 454 "-" "NetSystemsResearch studies the availability of various services across the internet. Our website is netsystemsresearch.com"
34.77.162.16 - - [13/Dec/2021:23:08:43 +0300] "GET / HTTP/1.0" 404 454 "-" "Expanse indexes the network perimeters of our customers. If you have any questions or concerns, please reach out to: scaninfo@expanseinc.com"
34.96.130.19 - - [15/Dec/2021:03:55:51 +0300] "GET / HTTP/1.1" 403 3835 "-" "Expanse indexes the network perimeters of our customers. If you have any questions or concerns, please reach out to: scaninfo@expanseinc.com"
87.250.224.124 - - [15/Dec/2021:06:32:49 +0300] "GET /robots.txt HTTP/1.1" 403 3835 "-" "Mozilla/5.0 (compatible; YandexBot/3.0; +http://yandex.com/bots)"
87.250.224.124 - - [15/Dec/2021:06:32:53 +0300] "GET / HTTP/1.1" 403 3835 "-" "Mozilla/5.0 (compatible; YandexBot/3.0; +http://yandex.com/bots)"
87.250.224.12 - - [15/Dec/2021:06:33:03 +0300] "GET / HTTP/1.1" 403 3835 "-" "Mozilla/5.0 (compatible; YandexBot/3.0; +http://yandex.com/bots)"
89.111.136.25 - - [15/Dec/2021:07:49:13 +0300] "GET / HTTP/1.1" 403 3835 "-" "Mozilla/5.0"
87.250.224.178 - - [16/Dec/2021:08:13:28 +0300] "GET /robots.txt HTTP/1.1" 403 3835 "-" "Mozilla/5.0 (compatible; YandexBot/3.0; +http://yandex.com/bots)"
87.250.224.178 - - [16/Dec/2021:08:13:32 +0300] "GET / HTTP/1.1" 403 3835 "-" "Mozilla/5.0 (compatible; YandexBot/3.0; +http://yandex.com/bots)"
34.96.130.6 - - [16/Dec/2021:23:11:03 +0300] "GET / HTTP/1.1" 403 3835 "-" "Expanse indexes the network perimeters of our customers. If you have any questions or concerns, please reach out to: scaninfo@expanseinc.com"
34.96.130.4 - - [17/Dec/2021:17:44:42 +0300] "GET / HTTP/1.0" 404 454 "-" "Expanse indexes the network perimeters of our customers. If you have any questions or concerns, please reach out to: scaninfo@expanseinc.com"
194.58.113.224 - - [17/Dec/2021:19:29:56 +0300] "GET / HTTP/1.0" 404 458 "https://www.kamdvig.ru/" "Mozilla/5.0 (compatible; StatOnlineRuBot/1.0)"
92.118.160.17 - - [18/Dec/2021:03:12:25 +0300] "GET / HTTP/1.0" 404 454 "-" "NetSystemsResearch studies the availability of various services across the internet. Our website is netsystemsresearch.com"
92.118.160.41 - - [18/Dec/2021:04:25:23 +0300] "GET / HTTP/1.1" 403 3835 "-" "NetSystemsResearch studies the availability of various services across the internet. Our website is netsystemsresearch.com"
/var/www/rustam/data/www/chehun.ru/../../webdav/./logs/./kamdvig.ru.access.log