66.249.89.128 - - [14/Apr/2026:11:59:44 +0300] "GET /wa-data/public/shop/themes/topshop/js/jquery.countdownTimer.min.js?v=2.0.1 HTTP/1.1" 200 3063 "https://mishkagastrobar.ru/po-domashnemu/" "Mozilla/5.0 (X11; Linux x86_64) AppleWebKit/537.36 (KHTML, like Gecko) Chrome/146.0.7680.164 Safari/537.36"
66.249.89.128 - - [14/Apr/2026:11:59:47 +0300] "GET /wa-apps/shop/plugins/callback/css/style.css?v2.0.2 HTTP/1.1" 200 3409 "https://mishkagastrobar.ru/po-domashnemu/" "Mozilla/5.0 (X11; Linux x86_64) AppleWebKit/537.36 (KHTML, like Gecko) Chrome/146.0.7680.164 Safari/537.36"
66.249.89.128 - - [14/Apr/2026:11:59:57 +0300] "GET /wa-data/public/shop/themes/topshop/js/jquery.scrollTo.js HTTP/1.1" 200 1144 "https://mishkagastrobar.ru/po-domashnemu/" "Mozilla/5.0 (X11; Linux x86_64) AppleWebKit/537.36 (KHTML, like Gecko) Chrome/146.0.7680.164 Safari/537.36"
66.249.89.128 - - [14/Apr/2026:12:00:00 +0300] "GET /wa-data/public/shop/themes/topshop/js/jquery.cookie.js HTTP/1.1" 200 422 "https://mishkagastrobar.ru/po-domashnemu/" "Mozilla/5.0 (X11; Linux x86_64) AppleWebKit/537.36 (KHTML, like Gecko) Chrome/146.0.7680.164 Safari/537.36"
66.249.89.128 - - [14/Apr/2026:12:00:04 +0300] "GET /wa-data/public/shop/themes/topshop/js/jquery.ez-plus.js HTTP/1.1" 200 7626 "https://mishkagastrobar.ru/po-domashnemu/" "Mozilla/5.0 (X11; Linux x86_64) AppleWebKit/537.36 (KHTML, like Gecko) Chrome/146.0.7680.164 Safari/537.36"
66.249.89.128 - - [14/Apr/2026:12:00:07 +0300] "GET /wa-content/js/jquery/jquery-migrate-1.2.1.min.js HTTP/1.1" 200 3076 "https://mishkagastrobar.ru/po-domashnemu/" "Mozilla/5.0 (X11; Linux x86_64) AppleWebKit/537.36 (KHTML, like Gecko) Chrome/146.0.7680.164 Safari/537.36"
66.249.89.128 - - [14/Apr/2026:12:00:15 +0300] "GET /wa-data/public/shop/themes/topshop/js/jquery.ui.mouse.min.js?v2.0.1 HTTP/1.1" 200 820 "https://mishkagastrobar.ru/po-domashnemu/" "Mozilla/5.0 (X11; Linux x86_64) AppleWebKit/537.36 (KHTML, like Gecko) Chrome/146.0.7680.164 Safari/537.36"
66.249.89.128 - - [14/Apr/2026:12:00:17 +0300] "GET /wa-data/public/shop/themes/topshop/js/jquery.ui.touch-punch.min.js?v8.10.0.32 HTTP/1.1" 200 479 "https://mishkagastrobar.ru/po-domashnemu/" "Mozilla/5.0 (X11; Linux x86_64) AppleWebKit/537.36 (KHTML, like Gecko) Chrome/146.0.7680.164 Safari/537.36"
66.249.89.128 - - [14/Apr/2026:12:00:20 +0300] "GET /wa-data/public/shop/themes/topshop/js/jquery.ui.widget.min.js?v2.0.1 HTTP/1.1" 200 1181 "https://mishkagastrobar.ru/po-domashnemu/" "Mozilla/5.0 (X11; Linux x86_64) AppleWebKit/537.36 (KHTML, like Gecko) Chrome/146.0.7680.164 Safari/537.36"
66.249.89.128 - - [14/Apr/2026:12:00:23 +0300] "GET /wa-data/public/shop/themes/topshop/img/logo.png?v1593734829 HTTP/1.1" 200 34557 "https://mishkagastrobar.ru/po-domashnemu/" "Mozilla/5.0 (X11; Linux x86_64) AppleWebKit/537.36 (KHTML, like Gecko) Chrome/146.0.7680.164 Safari/537.36"
89.111.141.101 - - [14/Apr/2026:12:01:00 +0300] "GET / HTTP/1.0" 200 71217 "-" "https://reg.ru monitoring abuse@reg.ru"
92.242.60.14 - - [14/Apr/2026:12:01:23 +0300] "GET / HTTP/1.0" 200 71217 "-" "https://reg.ru monitoring abuse@reg.ru"
89.111.170.8 - - [14/Apr/2026:12:02:53 +0300] "GET / HTTP/1.0" 200 71217 "-" "https://reg.ru monitoring abuse@reg.ru"
89.111.141.101 - - [14/Apr/2026:12:05:59 +0300] "GET / HTTP/1.0" 200 71217 "-" "https://reg.ru monitoring abuse@reg.ru"
92.242.60.14 - - [14/Apr/2026:12:06:29 +0300] "GET / HTTP/1.0" 200 71217 "-" "https://reg.ru monitoring abuse@reg.ru"
66.249.64.64 - - [14/Apr/2026:12:06:51 +0300] "GET / HTTP/1.0" 200 11991 "-" "Mozilla/5.0 (Linux; Android 6.0.1; Nexus 5X Build/MMB29P) AppleWebKit/537.36 (KHTML, like Gecko) Chrome/146.0.7680.177 Mobile Safari/537.36 (compatible; Googlebot/2.1; +http://www.google.com/bot.html)"
155.94.203.151 - - [14/Apr/2026:12:06:54 +0300] "GET / HTTP/1.1" 301 196 "-" "Mozilla/5.0 (Windows NT 10.0; Win64; x64) AppleWebKit/537.36 (KHTML, like Gecko) Chrome/94.0.4606.61 Safari/537.36"
155.94.203.151 - - [14/Apr/2026:12:06:57 +0300] "GET / HTTP/1.0" 200 12151 "-" "Mozilla/5.0 (Windows NT 10.0; Win64; x64) AppleWebKit/537.36 (KHTML, like Gecko) Chrome/94.0.4606.61 Safari/537.36"
89.111.170.8 - - [14/Apr/2026:12:08:02 +0300] "GET / HTTP/1.0" 200 71217 "-" "https://reg.ru monitoring abuse@reg.ru"
45.92.87.17 - - [14/Apr/2026:12:09:03 +0300] "GET / HTTP/1.1" 301 196 "-" "Mozilla/5.0 (Windows NT 10.0; Win64; x64) AppleWebKit/537.36 (KHTML, like Gecko) Chrome/94.0.4606.61 Safari/537.36"
45.92.87.17 - - [14/Apr/2026:12:09:04 +0300] "GET / HTTP/1.0" 301 220 "-" "Mozilla/5.0 (Windows NT 10.0; Win64; x64) AppleWebKit/537.36 (KHTML, like Gecko) Chrome/94.0.4606.61 Safari/537.36"
45.92.85.65 - - [14/Apr/2026:12:09:05 +0300] "GET / HTTP/1.1" 301 196 "-" "Mozilla/5.0 (Windows NT 10.0; Win64; x64) AppleWebKit/537.36 (KHTML, like Gecko) Chrome/94.0.4606.61 Safari/537.36"
45.92.87.93 - - [14/Apr/2026:12:09:06 +0300] "GET / HTTP/1.0" 301 220 "-" "Mozilla/5.0 (Windows NT 10.0; Win64; x64) AppleWebKit/537.36 (KHTML, like Gecko) Chrome/94.0.4606.61 Safari/537.36"
45.92.87.93 - - [14/Apr/2026:12:09:07 +0300] "GET / HTTP/1.0" 200 12151 "-" "Mozilla/5.0 (Windows NT 10.0; Win64; x64) AppleWebKit/537.36 (KHTML, like Gecko) Chrome/94.0.4606.61 Safari/537.36"
157.100.143.138 - - [14/Apr/2026:12:10:03 +0300] "GET /compare/ HTTP/1.0" 200 7609 "-" "Opera/9.59.(Windows CE; nn-NO) Presto/2.9.188 Version/11.00"
14.187.54.29 - - [14/Apr/2026:12:10:04 +0300] "GET /category/rolly/ HTTP/1.0" 200 11609 "-" "Mozilla/5.0 (compatible; MSIE 5.0; Windows NT 5.0; Trident/4.1)"
89.111.141.101 - - [14/Apr/2026:12:11:09 +0300] "GET / HTTP/1.0" 200 71217 "-" "https://reg.ru monitoring abuse@reg.ru"
92.242.60.14 - - [14/Apr/2026:12:11:33 +0300] "GET / HTTP/1.0" 200 71217 "-" "https://reg.ru monitoring abuse@reg.ru"
89.111.170.8 - - [14/Apr/2026:12:13:08 +0300] "GET / HTTP/1.0" 200 71217 "-" "https://reg.ru monitoring abuse@reg.ru"
89.111.141.101 - - [14/Apr/2026:12:16:16 +0300] "GET / HTTP/1.0" 200 71217 "-" "https://reg.ru monitoring abuse@reg.ru"
92.242.60.14 - - [14/Apr/2026:12:16:41 +0300] "GET / HTTP/1.0" 200 71217 "-" "https://reg.ru monitoring abuse@reg.ru"
89.111.170.8 - - [14/Apr/2026:12:18:20 +0300] "GET / HTTP/1.0" 200 71217 "-" "https://reg.ru monitoring abuse@reg.ru"
89.111.141.101 - - [14/Apr/2026:12:21:26 +0300] "GET / HTTP/1.0" 200 71217 "-" "https://reg.ru monitoring abuse@reg.ru"
92.242.60.14 - - [14/Apr/2026:12:21:50 +0300] "GET / HTTP/1.0" 200 71217 "-" "https://reg.ru monitoring abuse@reg.ru"
89.111.170.8 - - [14/Apr/2026:12:23:25 +0300] "GET / HTTP/1.0" 200 71217 "-" "https://reg.ru monitoring abuse@reg.ru"
89.111.141.101 - - [14/Apr/2026:12:26:27 +0300] "GET / HTTP/1.0" 200 71217 "-" "https://reg.ru monitoring abuse@reg.ru"
92.242.60.14 - - [14/Apr/2026:12:26:55 +0300] "GET / HTTP/1.0" 200 71217 "-" "https://reg.ru monitoring abuse@reg.ru"
89.111.170.8 - - [14/Apr/2026:12:28:28 +0300] "GET / HTTP/1.0" 200 71217 "-" "https://reg.ru monitoring abuse@reg.ru"
89.111.141.101 - - [14/Apr/2026:12:31:38 +0300] "GET / HTTP/1.0" 200 71217 "-" "https://reg.ru monitoring abuse@reg.ru"
92.242.60.14 - - [14/Apr/2026:12:32:05 +0300] "GET / HTTP/1.0" 200 71217 "-" "https://reg.ru monitoring abuse@reg.ru"
89.111.170.8 - - [14/Apr/2026:12:33:35 +0300] "GET / HTTP/1.0" 200 71217 "-" "https://reg.ru monitoring abuse@reg.ru"
66.249.89.128 - - [14/Apr/2026:12:36:06 +0300] "GET /po-domashnemu/ HTTP/1.0" 200 11073 "-" "Mozilla/5.0 (X11; Linux x86_64) AppleWebKit/537.36 (KHTML, like Gecko) Chrome/146.0.7680.164 Safari/537.36"
66.249.89.128 - - [14/Apr/2026:12:36:13 +0300] "GET /wa-data/public/shop/themes/topshop/css/fonts/fonts.css?2.0.1 HTTP/1.1" 200 241 "https://mishkagastrobar.ru/po-domashnemu/" "Mozilla/5.0 (X11; Linux x86_64) AppleWebKit/537.36 (KHTML, like Gecko) Chrome/146.0.7680.164 Safari/537.36"
66.249.89.128 - - [14/Apr/2026:12:36:16 +0300] "GET /wa-data/public/shop/themes/topshop/style-11.css?2.0.1 HTTP/1.1" 200 28422 "https://mishkagastrobar.ru/po-domashnemu/" "Mozilla/5.0 (X11; Linux x86_64) AppleWebKit/537.36 (KHTML, like Gecko) Chrome/146.0.7680.164 Safari/537.36"
66.249.89.128 - - [14/Apr/2026:12:36:19 +0300] "GET /wa-data/public/shop/themes/topshop/shop.js HTTP/1.1" 200 8664 "https://mishkagastrobar.ru/po-domashnemu/" "Mozilla/5.0 (X11; Linux x86_64) AppleWebKit/537.36 (KHTML, like Gecko) Chrome/146.0.7680.164 Safari/537.36"
66.249.89.128 - - [14/Apr/2026:12:36:26 +0300] "GET /wa-content/js/jquery-ui/jquery.ui.core.min.js?v2.0.1 HTTP/1.1" 200 2044 "https://mishkagastrobar.ru/po-domashnemu/" "Mozilla/5.0 (X11; Linux x86_64) AppleWebKit/537.36 (KHTML, like Gecko) Chrome/146.0.7680.164 Safari/537.36"
66.249.89.128 - - [14/Apr/2026:12:36:28 +0300] "GET /wa-data/public/shop/themes/topshop/js/lazy.load.js?v8.10.0.32 HTTP/1.1" 200 746 "https://mishkagastrobar.ru/po-domashnemu/" "Mozilla/5.0 (X11; Linux x86_64) AppleWebKit/537.36 (KHTML, like Gecko) Chrome/146.0.7680.164 Safari/537.36"
66.249.89.128 - - [14/Apr/2026:12:36:32 +0300] "GET /wa-data/public/shop/themes/topshop/js/jquery.countdownTimer.min.js?v=2.0.1 HTTP/1.1" 200 3063 "https://mishkagastrobar.ru/po-domashnemu/" "Mozilla/5.0 (X11; Linux x86_64) AppleWebKit/537.36 (KHTML, like Gecko) Chrome/146.0.7680.164 Safari/537.36"
66.249.89.128 - - [14/Apr/2026:12:36:36 +0300] "GET /wa-data/public/shop/themes/topshop/img/logo.png?v1593734829 HTTP/1.1" 200 34557 "https://mishkagastrobar.ru/po-domashnemu/" "Mozilla/5.0 (X11; Linux x86_64) AppleWebKit/537.36 (KHTML, like Gecko) Chrome/146.0.7680.164 Safari/537.36"
66.249.89.128 - - [14/Apr/2026:12:36:43 +0300] "GET /wa-data/public/shop/themes/topshop/js/jquery.ez-plus.js HTTP/1.1" 200 7626 "https://mishkagastrobar.ru/po-domashnemu/" "Mozilla/5.0 (X11; Linux x86_64) AppleWebKit/537.36 (KHTML, like Gecko) Chrome/146.0.7680.164 Safari/537.36"
89.111.141.101 - - [14/Apr/2026:12:36:43 +0300] "GET / HTTP/1.0" 200 71217 "-" "https://reg.ru monitoring abuse@reg.ru"
66.249.89.128 - - [14/Apr/2026:12:36:46 +0300] "GET /wa-content/js/jquery/jquery-migrate-1.2.1.min.js HTTP/1.1" 200 3076 "https://mishkagastrobar.ru/po-domashnemu/" "Mozilla/5.0 (X11; Linux x86_64) AppleWebKit/537.36 (KHTML, like Gecko) Chrome/146.0.7680.164 Safari/537.36"
66.249.89.128 - - [14/Apr/2026:12:36:50 +0300] "GET /wa-data/public/shop/themes/topshop/css/font-awesome/css/font-awesome.min.css?2.0.1 HTTP/1.1" 200 7115 "https://mishkagastrobar.ru/po-domashnemu/" "Mozilla/5.0 (X11; Linux x86_64) AppleWebKit/537.36 (KHTML, like Gecko) Chrome/146.0.7680.164 Safari/537.36"
66.249.89.128 - - [14/Apr/2026:12:36:53 +0300] "GET /wa-apps/shop/plugins/callback/css/style.css?v2.0.2 HTTP/1.1" 200 3409 "https://mishkagastrobar.ru/po-domashnemu/" "Mozilla/5.0 (X11; Linux x86_64) AppleWebKit/537.36 (KHTML, like Gecko) Chrome/146.0.7680.164 Safari/537.36"
66.249.89.130 - - [14/Apr/2026:12:37:01 +0300] "GET /wa-apps/shop/plugins/callback/js/scripts.js HTTP/1.1" 200 611 "https://mishkagastrobar.ru/po-domashnemu/" "Mozilla/5.0 (X11; Linux x86_64) AppleWebKit/537.36 (KHTML, like Gecko) Chrome/146.0.7680.164 Safari/537.36"
66.249.89.128 - - [14/Apr/2026:12:37:12 +0300] "GET /wa-data/public/shop/themes/topshop/js/jquery.cookie.js HTTP/1.1" 200 422 "https://mishkagastrobar.ru/po-domashnemu/" "Mozilla/5.0 (X11; Linux x86_64) AppleWebKit/537.36 (KHTML, like Gecko) Chrome/146.0.7680.164 Safari/537.36"
92.242.60.14 - - [14/Apr/2026:12:37:14 +0300] "GET / HTTP/1.0" 200 71217 "-" "https://reg.ru monitoring abuse@reg.ru"
66.249.89.128 - - [14/Apr/2026:12:37:14 +0300] "GET /wa-data/public/shop/themes/topshop/js/jquery.ui.touch-punch.min.js?v8.10.0.32 HTTP/1.1" 200 479 "https://mishkagastrobar.ru/po-domashnemu/" "Mozilla/5.0 (X11; Linux x86_64) AppleWebKit/537.36 (KHTML, like Gecko) Chrome/146.0.7680.164 Safari/537.36"
66.249.89.128 - - [14/Apr/2026:12:37:18 +0300] "GET /wa-data/public/shop/themes/topshop/css/font-express/express.min.css?2.0.1 HTTP/1.1" 200 659 "https://mishkagastrobar.ru/po-domashnemu/" "Mozilla/5.0 (X11; Linux x86_64) AppleWebKit/537.36 (KHTML, like Gecko) Chrome/146.0.7680.164 Safari/537.36"
66.249.89.128 - - [14/Apr/2026:12:37:21 +0300] "GET /wa-content/font/ruble/arial/fontface.css HTTP/1.1" 200 383 "https://mishkagastrobar.ru/po-domashnemu/" "Mozilla/5.0 (X11; Linux x86_64) AppleWebKit/537.36 (KHTML, like Gecko) Chrome/146.0.7680.164 Safari/537.36"
66.249.89.128 - - [14/Apr/2026:12:37:28 +0300] "GET /wa-data/public/shop/themes/topshop/user.css?2.0.1 HTTP/1.1" 200 0 "https://mishkagastrobar.ru/po-domashnemu/" "Mozilla/5.0 (X11; Linux x86_64) AppleWebKit/537.36 (KHTML, like Gecko) Chrome/146.0.7680.164 Safari/537.36"
66.249.89.128 - - [14/Apr/2026:12:37:31 +0300] "GET /wa-data/public/shop/themes/topshop/css/owl.carousel.min.css HTTP/1.1" 200 1282 "https://mishkagastrobar.ru/wa-data/public/shop/themes/topshop/style-11.css?2.0.1" "Mozilla/5.0 (X11; Linux x86_64) AppleWebKit/537.36 (KHTML, like Gecko) Chrome/146.0.7680.164 Safari/537.36"
66.249.89.128 - - [14/Apr/2026:12:37:34 +0300] "GET /wa-data/public/shop/themes/topshop/css/jquery.bxslider.min.css HTTP/1.1" 200 756 "https://mishkagastrobar.ru/wa-data/public/shop/themes/topshop/style-11.css?2.0.1" "Mozilla/5.0 (X11; Linux x86_64) AppleWebKit/537.36 (KHTML, like Gecko) Chrome/146.0.7680.164 Safari/537.36"
66.249.89.128 - - [14/Apr/2026:12:37:37 +0300] "GET /wa-data/public/shop/themes/topshop/js/jquery.fancybox.pack.js HTTP/1.1" 200 8664 "https://mishkagastrobar.ru/po-domashnemu/" "Mozilla/5.0 (X11; Linux x86_64) AppleWebKit/537.36 (KHTML, like Gecko) Chrome/146.0.7680.164 Safari/537.36"
66.249.89.128 - - [14/Apr/2026:12:37:46 +0300] "GET /wa-data/public/shop/themes/topshop/js/jquery.fancybox-thumbs.js HTTP/1.1" 200 1114 "https://mishkagastrobar.ru/po-domashnemu/" "Mozilla/5.0 (X11; Linux x86_64) AppleWebKit/537.36 (KHTML, like Gecko) Chrome/146.0.7680.164 Safari/537.36"
66.249.89.128 - - [14/Apr/2026:12:37:48 +0300] "GET /wa-data/public/shop/themes/topshop/css/jquery.fancybox.css?2.0.1 HTTP/1.1" 200 1551 "https://mishkagastrobar.ru/po-domashnemu/" "Mozilla/5.0 (X11; Linux x86_64) AppleWebKit/537.36 (KHTML, like Gecko) Chrome/146.0.7680.164 Safari/537.36"
66.249.89.128 - - [14/Apr/2026:12:37:50 +0300] "GET /wa-data/public/shop/products/03/00/3/images/93/93.600.jpg HTTP/1.1" 200 131366 "https://mishkagastrobar.ru/po-domashnemu/" "Mozilla/5.0 (X11; Linux x86_64) AppleWebKit/537.36 (KHTML, like Gecko) Chrome/146.0.7680.164 Safari/537.36"
66.249.89.128 - - [14/Apr/2026:12:37:57 +0300] "GET /wa-data/public/shop/themes/topshop/img/loading.gif HTTP/1.1" 200 8635 "https://mishkagastrobar.ru/po-domashnemu/" "Mozilla/5.0 (X11; Linux x86_64) AppleWebKit/537.36 (KHTML, like Gecko) Chrome/146.0.7680.164 Safari/537.36"
66.249.89.128 - - [14/Apr/2026:12:38:00 +0300] "GET /wa-data/public/shop/products/14/00/14/images/144/144.400.jpg HTTP/1.1" 200 56135 "https://mishkagastrobar.ru/po-domashnemu/" "Mozilla/5.0 (X11; Linux x86_64) AppleWebKit/537.36 (KHTML, like Gecko) Chrome/146.0.7680.164 Safari/537.36"
66.249.89.128 - - [14/Apr/2026:12:38:07 +0300] "GET /wa-data/public/shop/products/20/00/20/images/25/25.400.jpg HTTP/1.1" 200 30338 "https://mishkagastrobar.ru/po-domashnemu/" "Mozilla/5.0 (X11; Linux x86_64) AppleWebKit/537.36 (KHTML, like Gecko) Chrome/146.0.7680.164 Safari/537.36"
66.249.89.128 - - [14/Apr/2026:12:38:09 +0300] "GET /wa-data/public/shop/products/23/00/23/images/28/28.400.jpg HTTP/1.1" 200 24795 "https://mishkagastrobar.ru/po-domashnemu/" "Mozilla/5.0 (X11; Linux x86_64) AppleWebKit/537.36 (KHTML, like Gecko) Chrome/146.0.7680.164 Safari/537.36"
66.249.89.128 - - [14/Apr/2026:12:38:19 +0300] "GET /po-domashnemu/reviews/ HTTP/1.0" 200 8134 "https://mishkagastrobar.ru/po-domashnemu/" "Mozilla/5.0 (X11; Linux x86_64) AppleWebKit/537.36 (KHTML, like Gecko) Chrome/146.0.7680.164 Safari/537.36"
66.249.89.128 - - [14/Apr/2026:12:38:27 +0300] "GET /wa-data/public/shop/themes/topshop/product.js?v3.4.31&_=1776159364179 HTTP/1.1" 200 5385 "https://mishkagastrobar.ru/po-domashnemu/" "Mozilla/5.0 (X11; Linux x86_64) AppleWebKit/537.36 (KHTML, like Gecko) Chrome/146.0.7680.164 Safari/537.36"
89.111.170.8 - - [14/Apr/2026:12:38:43 +0300] "GET / HTTP/1.0" 200 71217 "-" "https://reg.ru monitoring abuse@reg.ru"
66.249.64.66 - - [14/Apr/2026:12:39:12 +0300] "GET /pelmeni-diyetichyeskiye-kurinyye-lyuks/ HTTP/1.0" 200 10223 "-" "Mozilla/5.0 (Linux; Android 6.0.1; Nexus 5X Build/MMB29P) AppleWebKit/537.36 (KHTML, like Gecko) Chrome/146.0.7680.177 Mobile Safari/537.36 (compatible; Googlebot/2.1; +http://www.google.com/bot.html)"
89.111.141.101 - - [14/Apr/2026:12:41:50 +0300] "GET / HTTP/1.0" 200 71217 "-" "https://reg.ru monitoring abuse@reg.ru"
92.242.60.14 - - [14/Apr/2026:12:42:22 +0300] "GET / HTTP/1.0" 200 71217 "-" "https://reg.ru monitoring abuse@reg.ru"
74.7.244.35 - - [14/Apr/2026:12:43:14 +0300] "GET /robots.txt HTTP/1.0" 200 290 "-" "Mozilla/5.0 (Macintosh; Intel Mac OS X 10_15_7) AppleWebKit/537.36 (KHTML, like Gecko) Chrome/131.0.0.0 Safari/537.36; compatible; OAI-SearchBot/1.3; robots.txt; +https://openai.com/searchbot"
43.166.245.120 - - [14/Apr/2026:12:43:35 +0300] "GET / HTTP/1.1" 400 283 "-" "Mozilla/5.0 (iPhone; CPU iPhone OS 13_2_3 like Mac OS X) AppleWebKit/605.1.15 (KHTML, like Gecko) Version/13.0.3 Mobile/15E148 Safari/604.1"
89.111.170.8 - - [14/Apr/2026:12:43:53 +0300] "GET / HTTP/1.0" 200 71217 "-" "https://reg.ru monitoring abuse@reg.ru"
74.7.241.142 - - [14/Apr/2026:12:44:05 +0300] "GET /robots.txt HTTP/1.0" 301 230 "-" "Mozilla/5.0 (Macintosh; Intel Mac OS X 10_15_7) AppleWebKit/537.36 (KHTML, like Gecko) Chrome/131.0.0.0 Safari/537.36; compatible; OAI-SearchBot/1.3; robots.txt; +https://openai.com/searchbot"
74.7.241.142 - - [14/Apr/2026:12:44:06 +0300] "GET /robots.txt HTTP/1.0" 200 290 "https://www.mishkagastrobar.ru/robots.txt" "Mozilla/5.0 (Macintosh; Intel Mac OS X 10_15_7) AppleWebKit/537.36 (KHTML, like Gecko) Chrome/131.0.0.0 Safari/537.36; compatible; OAI-SearchBot/1.3; robots.txt; +https://openai.com/searchbot"
89.111.141.101 - - [14/Apr/2026:12:47:04 +0300] "GET / HTTP/1.0" 200 71217 "-" "https://reg.ru monitoring abuse@reg.ru"
92.242.60.14 - - [14/Apr/2026:12:47:27 +0300] "GET / HTTP/1.0" 200 71217 "-" "https://reg.ru monitoring abuse@reg.ru"
18.183.7.71 - - [14/Apr/2026:12:48:50 +0300] "GET /wp-blog-header.php?doact=yyy18 HTTP/1.0" 200 4434 "-" "Mozilla/5.0 (Windows NT 10.0; Win64; x64) AppleWebKit/537.36 (KHTML, like Gecko) Chrome/146.0.0.0 Safari/537.36"
89.111.170.8 - - [14/Apr/2026:12:48:59 +0300] "GET / HTTP/1.0" 200 71217 "-" "https://reg.ru monitoring abuse@reg.ru"
45.162.230.51 - - [14/Apr/2026:12:49:42 +0300] "GET /.env.prod HTTP/1.0" 301 229 "-" "Mozilla/5.0 (Macintosh; Intel Mac OS X 10_15_7) AppleWebKit/537.36 (KHTML, like Gecko) Chrome/143.0.0.0 Safari/537.36"
45.162.230.51 - - [14/Apr/2026:12:49:42 +0300] "GET /.env.local HTTP/1.0" 301 230 "-" "Mozilla/5.0 (Macintosh; Intel Mac OS X 10_15_7) AppleWebKit/537.36 (KHTML, like Gecko) Chrome/143.0.0.0 Safari/537.36"
45.162.230.51 - - [14/Apr/2026:12:49:42 +0300] "GET /config.env HTTP/1.0" 301 230 "-" "Mozilla/5.0 (Macintosh; Intel Mac OS X 10_15_7) AppleWebKit/537.36 (KHTML, like Gecko) Chrome/143.0.0.0 Safari/537.36"
45.162.230.51 - - [14/Apr/2026:12:49:42 +0300] "GET /.env HTTP/1.0" 301 224 "-" "Mozilla/5.0 (Macintosh; Intel Mac OS X 10_15_7) AppleWebKit/537.36 (KHTML, like Gecko) Chrome/143.0.0.0 Safari/537.36"
45.162.230.51 - - [14/Apr/2026:12:49:42 +0300] "GET /.git/config HTTP/1.0" 301 231 "-" "Mozilla/5.0 (Macintosh; Intel Mac OS X 10_15_7) AppleWebKit/537.36 (KHTML, like Gecko) Chrome/143.0.0.0 Safari/537.36"
45.162.230.51 - - [14/Apr/2026:12:49:42 +0300] "GET /.env.production HTTP/1.0" 301 235 "-" "Mozilla/5.0 (Macintosh; Intel Mac OS X 10_15_7) AppleWebKit/537.36 (KHTML, like Gecko) Chrome/143.0.0.0 Safari/537.36"
45.162.230.51 - - [14/Apr/2026:12:49:42 +0300] "GET / HTTP/1.0" 301 220 "-" "Mozilla/5.0 (Macintosh; Intel Mac OS X 10_15_7) AppleWebKit/537.36 (KHTML, like Gecko) Chrome/143.0.0.0 Safari/537.36"
45.162.230.51 - - [14/Apr/2026:12:49:42 +0300] "GET /src/.env HTTP/1.0" 301 228 "-" "Mozilla/5.0 (Macintosh; Intel Mac OS X 10_15_7) AppleWebKit/537.36 (KHTML, like Gecko) Chrome/143.0.0.0 Safari/537.36"
89.111.141.101 - - [14/Apr/2026:12:52:12 +0300] "GET / HTTP/1.0" 200 71217 "-" "https://reg.ru monitoring abuse@reg.ru"
92.242.60.14 - - [14/Apr/2026:12:52:37 +0300] "GET / HTTP/1.0" 200 71217 "-" "https://reg.ru monitoring abuse@reg.ru"
18.183.7.71 - - [14/Apr/2026:12:52:40 +0300] "POST /wp-blog-header.php?doact=yyy18 HTTP/1.0" 200 4491 "https://mishkagastrobar.ru/wp-blog-header.php?doact=yyy18" "Mozilla/5.0 (Windows NT 10.0; Win64; x64) AppleWebKit/537.36 (KHTML, like Gecko) Chrome/146.0.0.0 Safari/537.36"
89.111.170.8 - - [14/Apr/2026:12:54:05 +0300] "GET / HTTP/1.0" 200 71217 "-" "https://reg.ru monitoring abuse@reg.ru"
18.183.7.71 - - [14/Apr/2026:12:56:55 +0300] "GET /goods.php HTTP/1.0" 200 4365 "-" "Mozilla/5.0 (Windows NT 10.0; Win64; x64) AppleWebKit/537.36 (KHTML, like Gecko) Chrome/146.0.0.0 Safari/537.36"
89.111.141.101 - - [14/Apr/2026:12:57:09 +0300] "GET / HTTP/1.0" 200 71217 "-" "https://reg.ru monitoring abuse@reg.ru"
92.242.60.14 - - [14/Apr/2026:12:57:40 +0300] "GET / HTTP/1.0" 200 71217 "-" "https://reg.ru monitoring abuse@reg.ru"
202.214.238.61 - - [14/Apr/2026:12:58:12 +0300] "GET /goods.php HTTP/1.0" 200 4401 "-" "Mozilla/5.0 (Windows NT 10.0; Win64; x64) AppleWebKit/537.36 (KHTML, like Gecko) Chrome/146.0.0.0 Safari/537.36"
202.214.238.61 - - [14/Apr/2026:12:58:14 +0300] "GET /favicon.ico HTTP/1.0" 200 978 "https://mishkagastrobar.ru/goods.php" "Mozilla/5.0 (Windows NT 10.0; Win64; x64) AppleWebKit/537.36 (KHTML, like Gecko) Chrome/146.0.0.0 Safari/537.36"
18.183.7.71 - - [14/Apr/2026:12:58:45 +0300] "GET /goods.php HTTP/1.0" 200 4365 "-" "Mozilla/5.0 (Windows NT 10.0; Win64; x64) AppleWebKit/537.36 (KHTML, like Gecko) Chrome/146.0.0.0 Safari/537.36"
202.214.238.61 - - [14/Apr/2026:12:58:53 +0300] "POST /goods.php HTTP/1.0" 200 4424 "https://mishkagastrobar.ru/goods.php" "Mozilla/5.0 (Windows NT 10.0; Win64; x64) AppleWebKit/537.36 (KHTML, like Gecko) Chrome/146.0.0.0 Safari/537.36"
89.111.170.8 - - [14/Apr/2026:12:59:11 +0300] "GET / HTTP/1.0" 200 71217 "-" "https://reg.ru monitoring abuse@reg.ru"
51.195.215.151 - - [14/Apr/2026:12:59:38 +0300] "GET /site/aktsii/ HTTP/1.0" 200 7754 "-" "Mozilla/5.0 (compatible; AhrefsBot/7.0; +http://ahrefs.com/robot/)"
18.183.7.71 - - [14/Apr/2026:12:59:41 +0300] "POST /goods.php HTTP/1.0" 200 4322 "https://mishkagastrobar.ru/goods.php" "Mozilla/5.0 (Windows NT 10.0; Win64; x64) AppleWebKit/537.36 (KHTML, like Gecko) Chrome/146.0.0.0 Safari/537.36"
89.111.141.101 - - [14/Apr/2026:13:02:19 +0300] "GET / HTTP/1.0" 200 71217 "-" "https://reg.ru monitoring abuse@reg.ru"
202.214.238.61 - - [14/Apr/2026:13:02:45 +0300] "POST /wp-conffg.php HTTP/1.0" 200 4099 "https://csys.onbetcom.top/" "Mozilla/5.0 (Windows NT 10.0; Win64; x64) AppleWebKit/537.36 (KHTML, like Gecko) Chrome/146.0.0.0 Safari/537.36"
92.242.60.14 - - [14/Apr/2026:13:02:47 +0300] "GET / HTTP/1.0" 200 71217 "-" "https://reg.ru monitoring abuse@reg.ru"
202.214.238.61 - - [14/Apr/2026:13:03:52 +0300] "POST /wp-conffg.php?path=/var/www/rustam/data/www/mishka-gastrobar.ru/wp-conffg.php HTTP/1.0" 200 4163 "https://mishkagastrobar.ru/wp-conffg.php" "Mozilla/5.0 (Windows NT 10.0; Win64; x64) AppleWebKit/537.36 (KHTML, like Gecko) Chrome/146.0.0.0 Safari/537.36"
202.214.238.61 - - [14/Apr/2026:13:04:01 +0300] "GET /wp-includes/blocks/paragraph/wp-login.php HTTP/1.0" 200 166 "https://mishkagastrobar.ru/wp-conffg.php?path=/var/www/rustam/data/www/mishka-gastrobar.ru/wp-conffg.php" "Mozilla/5.0 (Windows NT 10.0; Win64; x64) AppleWebKit/537.36 (KHTML, like Gecko) Chrome/146.0.0.0 Safari/537.36"
202.214.238.61 - - [14/Apr/2026:13:03:53 +0300] "POST /wp-conffg.php?path=/var/www/rustam/data/www/mishka-gastrobar.ru/wp-conffg.php HTTP/1.0" 200 4205 "https://mishkagastrobar.ru/wp-conffg.php" "Mozilla/5.0 (Windows NT 10.0; Win64; x64) AppleWebKit/537.36 (KHTML, like Gecko) Chrome/146.0.0.0 Safari/537.36"
89.111.170.8 - - [14/Apr/2026:13:04:20 +0300] "GET / HTTP/1.0" 500 185 "-" "https://reg.ru monitoring abuse@reg.ru"
202.214.238.61 - - [14/Apr/2026:13:04:04 +0300] "POST /wp-conffg.php?path=/var/www/rustam/data/www/mishka-gastrobar.ru/wp-conffg.php HTTP/1.0" 200 4892 "https://mishkagastrobar.ru/wp-conffg.php" "Mozilla/5.0 (Windows NT 10.0; Win64; x64) AppleWebKit/537.36 (KHTML, like Gecko) Chrome/146.0.0.0 Safari/537.36"
202.214.238.61 - - [14/Apr/2026:13:04:04 +0300] "POST /wp-conffg.php?path=/var/www/rustam/data/www/mishka-gastrobar.ru/wp-conffg.php HTTP/1.0" 200 4191 "https://mishkagastrobar.ru/wp-conffg.php" "Mozilla/5.0 (Windows NT 10.0; Win64; x64) AppleWebKit/537.36 (KHTML, like Gecko) Chrome/146.0.0.0 Safari/537.36"
202.214.238.61 - - [14/Apr/2026:13:06:54 +0300] "GET /wa-system/log/wp/puZXLG.php HTTP/1.0" 200 3236 "https://mishkagastrobar.ru/wp-conffg.php?path=/var/www/rustam/data/www/mishka-gastrobar.ru/wp-conffg.php" "Mozilla/5.0 (Windows NT 10.0; Win64; x64) AppleWebKit/537.36 (KHTML, like Gecko) Chrome/146.0.0.0 Safari/537.36"
202.214.238.61 - - [14/Apr/2026:13:06:51 +0300] "GET /cccsitemap.xml HTTP/1.0" 200 198 "-" "Mozilla/5.0 (Windows NT 10.0; Win64; x64) AppleWebKit/537.36 (KHTML, like Gecko) Chrome/146.0.0.0 Safari/537.36"
202.214.238.61 - - [14/Apr/2026:13:06:56 +0300] "POST /wa-system/log/wp/puZXLG.php HTTP/1.0" 200 4459 "https://mishkagastrobar.ru/wa-system/log/wp/puZXLG.php" "Mozilla/5.0 (Windows NT 10.0; Win64; x64) AppleWebKit/537.36 (KHTML, like Gecko) Chrome/146.0.0.0 Safari/537.36"
202.214.238.61 - - [14/Apr/2026:13:07:02 +0300] "POST /wa-system/log/wp/puZXLG.php HTTP/1.0" 200 4412 "https://mishkagastrobar.ru/wa-system/log/wp/puZXLG.php" "Mozilla/5.0 (Windows NT 10.0; Win64; x64) AppleWebKit/537.36 (KHTML, like Gecko) Chrome/146.0.0.0 Safari/537.36"
202.214.238.61 - - [14/Apr/2026:13:07:05 +0300] "POST /wa-system/log/wp/puZXLG.php HTTP/1.0" 200 7900 "https://mishkagastrobar.ru/wa-system/log/wp/puZXLG.php" "Mozilla/5.0 (Windows NT 10.0; Win64; x64) AppleWebKit/537.36 (KHTML, like Gecko) Chrome/146.0.0.0 Safari/537.36"
198.235.24.95 - - [14/Apr/2026:13:07:24 +0300] "GET / HTTP/1.1" 301 196 "-" "Hello from Palo Alto Networks, find out more about our scans in https://docs-cortex.paloaltonetworks.com/r/1/Cortex-Xpanse/Scanning-activity"
89.111.141.101 - - [14/Apr/2026:13:07:27 +0300] "GET / HTTP/1.0" 500 185 "-" "https://reg.ru monitoring abuse@reg.ru"
92.242.60.14 - - [14/Apr/2026:13:07:57 +0300] "GET / HTTP/1.0" 500 185 "-" "https://reg.ru monitoring abuse@reg.ru"
89.111.170.8 - - [14/Apr/2026:13:09:31 +0300] "GET / HTTP/1.0" 500 185 "-" "https://reg.ru monitoring abuse@reg.ru"
57.141.0.6 - - [14/Apr/2026:13:12:09 +0300] "GET /sitemap.xml HTTP/1.0" 200 4206 "-" "meta-externalagent/1.1 (+https://developers.facebook.com/docs/sharing/webmasters/crawler)"
57.141.0.13 - - [14/Apr/2026:13:12:29 +0300] "GET /sitemap554.xml HTTP/1.0" 200 164843 "-" "meta-externalagent/1.1 (+https://developers.facebook.com/docs/sharing/webmasters/crawler)"
89.111.141.101 - - [14/Apr/2026:13:12:31 +0300] "GET / HTTP/1.0" 500 185 "-" "https://reg.ru monitoring abuse@reg.ru"
57.141.0.29 - - [14/Apr/2026:13:12:31 +0300] "GET /sitemap912.xml HTTP/1.0" 200 164843 "-" "meta-externalagent/1.1 (+https://developers.facebook.com/docs/sharing/webmasters/crawler)"
57.141.0.43 - - [14/Apr/2026:13:12:34 +0300] "GET /sitemap410.xml HTTP/1.0" 200 164486 "-" "meta-externalagent/1.1 (+https://developers.facebook.com/docs/sharing/webmasters/crawler)"
57.141.0.2 - - [14/Apr/2026:13:12:36 +0300] "GET /sitemap406.xml HTTP/1.0" 200 164843 "-" "meta-externalagent/1.1 (+https://developers.facebook.com/docs/sharing/webmasters/crawler)"
57.141.0.47 - - [14/Apr/2026:13:12:38 +0300] "GET /sitemap226.xml HTTP/1.0" 200 164644 "-" "meta-externalagent/1.1 (+https://developers.facebook.com/docs/sharing/webmasters/crawler)"
57.141.0.45 - - [14/Apr/2026:13:12:39 +0300] "GET /sitemap459.xml HTTP/1.0" 200 165878 "-" "meta-externalagent/1.1 (+https://developers.facebook.com/docs/sharing/webmasters/crawler)"
57.141.0.25 - - [14/Apr/2026:13:12:41 +0300] "GET /sitemap228.xml HTTP/1.0" 200 164673 "-" "meta-externalagent/1.1 (+https://developers.facebook.com/docs/sharing/webmasters/crawler)"
57.141.0.11 - - [14/Apr/2026:13:12:44 +0300] "GET /sitemap417.xml HTTP/1.0" 200 165878 "-" "meta-externalagent/1.1 (+https://developers.facebook.com/docs/sharing/webmasters/crawler)"
57.141.0.64 - - [14/Apr/2026:13:12:47 +0300] "GET /sitemap774.xml HTTP/1.0" 200 166722 "-" "meta-externalagent/1.1 (+https://developers.facebook.com/docs/sharing/webmasters/crawler)"
57.141.0.10 - - [14/Apr/2026:13:12:49 +0300] "GET /sitemap735.xml HTTP/1.0" 200 164843 "-" "meta-externalagent/1.1 (+https://developers.facebook.com/docs/sharing/webmasters/crawler)"
57.141.0.41 - - [14/Apr/2026:13:12:51 +0300] "GET /sitemap817.xml HTTP/1.0" 200 164920 "-" "meta-externalagent/1.1 (+https://developers.facebook.com/docs/sharing/webmasters/crawler)"
57.141.0.48 - - [14/Apr/2026:13:12:51 +0300] "GET /sitemap110.xml HTTP/1.0" 200 165878 "-" "meta-externalagent/1.1 (+https://developers.facebook.com/docs/sharing/webmasters/crawler)"
57.141.0.3 - - [14/Apr/2026:13:12:54 +0300] "GET /sitemap801.xml HTTP/1.0" 200 164920 "-" "meta-externalagent/1.1 (+https://developers.facebook.com/docs/sharing/webmasters/crawler)"
57.141.0.25 - - [14/Apr/2026:13:12:54 +0300] "GET /sitemap826.xml HTTP/1.0" 200 164843 "-" "meta-externalagent/1.1 (+https://developers.facebook.com/docs/sharing/webmasters/crawler)"
57.141.0.27 - - [14/Apr/2026:13:12:59 +0300] "GET /shop/g/g91954057199/ HTTP/1.0" 500 185 "-" "meta-externalagent/1.1 (+https://developers.facebook.com/docs/sharing/webmasters/crawler)"
57.141.0.14 - - [14/Apr/2026:13:12:56 +0300] "GET /sitemap298.xml HTTP/1.0" 200 166104 "-" "meta-externalagent/1.1 (+https://developers.facebook.com/docs/sharing/webmasters/crawler)"
57.141.0.39 - - [14/Apr/2026:13:13:02 +0300] "GET /shop/g/g91985975834/ HTTP/1.0" 500 185 "-" "meta-externalagent/1.1 (+https://developers.facebook.com/docs/sharing/webmasters/crawler)"
57.141.0.35 - - [14/Apr/2026:13:13:02 +0300] "GET /shop/g/g91972244314/ HTTP/1.0" 500 185 "-" "meta-externalagent/1.1 (+https://developers.facebook.com/docs/sharing/webmasters/crawler)"
57.141.0.2 - - [14/Apr/2026:13:12:59 +0300] "GET /sitemap224.xml HTTP/1.0" 200 165878 "-" "meta-externalagent/1.1 (+https://developers.facebook.com/docs/sharing/webmasters/crawler)"
57.141.0.64 - - [14/Apr/2026:13:13:03 +0300] "GET /shop/g/g91951162454/ HTTP/1.0" 500 185 "-" "meta-externalagent/1.1 (+https://developers.facebook.com/docs/sharing/webmasters/crawler)"
57.141.0.15 - - [14/Apr/2026:13:13:04 +0300] "GET /shop/g/g91982918534/ HTTP/1.0" 500 185 "-" "meta-externalagent/1.1 (+https://developers.facebook.com/docs/sharing/webmasters/crawler)"
92.242.60.14 - - [14/Apr/2026:13:13:02 +0300] "GET / HTTP/1.0" 500 185 "-" "https://reg.ru monitoring abuse@reg.ru"
57.141.0.32 - - [14/Apr/2026:13:13:06 +0300] "GET /shop/g/g91985634572/ HTTP/1.0" 500 185 "-" "meta-externalagent/1.1 (+https://developers.facebook.com/docs/sharing/webmasters/crawler)"
57.141.0.55 - - [14/Apr/2026:13:13:06 +0300] "GET /shop/g/g91943913597/ HTTP/1.0" 500 185 "-" "meta-externalagent/1.1 (+https://developers.facebook.com/docs/sharing/webmasters/crawler)"
57.141.0.66 - - [14/Apr/2026:13:13:06 +0300] "GET /shop/g/g91964614294/ HTTP/1.0" 500 185 "-" "meta-externalagent/1.1 (+https://developers.facebook.com/docs/sharing/webmasters/crawler)"
57.141.0.53 - - [14/Apr/2026:13:13:09 +0300] "GET /shop/g/g91957133447/ HTTP/1.0" 500 185 "-" "meta-externalagent/1.1 (+https://developers.facebook.com/docs/sharing/webmasters/crawler)"
57.141.0.5 - - [14/Apr/2026:13:13:10 +0300] "GET /shop/g/g91961565259/ HTTP/1.0" 500 185 "-" "meta-externalagent/1.1 (+https://developers.facebook.com/docs/sharing/webmasters/crawler)"
125.75.66.97 - - [14/Apr/2026:13:13:12 +0300] "GET / HTTP/1.1" 301 196 "-" "Mozilla/5.0 (iPhone; CPU iPhone OS 13_2_3 like Mac OS X) AppleWebKit/605.1.15 (KHTML, like Gecko) Version/13.0.3 Mobile/15E148 Safari/604.1"
57.141.0.63 - - [14/Apr/2026:13:13:13 +0300] "GET /shop/g/g91943523204/ HTTP/1.0" 500 185 "-" "meta-externalagent/1.1 (+https://developers.facebook.com/docs/sharing/webmasters/crawler)"
57.141.0.10 - - [14/Apr/2026:13:13:14 +0300] "GET /shop/g/g91964639155/ HTTP/1.0" 500 185 "-" "meta-externalagent/1.1 (+https://developers.facebook.com/docs/sharing/webmasters/crawler)"
57.141.0.47 - - [14/Apr/2026:13:13:18 +0300] "GET /shop/g/g91946642015/ HTTP/1.0" 500 185 "-" "meta-externalagent/1.1 (+https://developers.facebook.com/docs/sharing/webmasters/crawler)"
125.75.66.97 - - [14/Apr/2026:13:13:21 +0300] "GET / HTTP/1.0" 500 185 "http://www.mishkagastrobar.ru" "Mozilla/5.0 (iPhone; CPU iPhone OS 13_2_3 like Mac OS X) AppleWebKit/605.1.15 (KHTML, like Gecko) Version/13.0.3 Mobile/15E148 Safari/604.1"
57.141.0.21 - - [14/Apr/2026:13:13:24 +0300] "GET /shop/g/g91954251099/ HTTP/1.0" 500 185 "-" "meta-externalagent/1.1 (+https://developers.facebook.com/docs/sharing/webmasters/crawler)"
57.141.0.16 - - [14/Apr/2026:13:13:25 +0300] "GET /shop/g/g91961951270/ HTTP/1.0" 500 185 "-" "meta-externalagent/1.1 (+https://developers.facebook.com/docs/sharing/webmasters/crawler)"
57.141.0.26 - - [14/Apr/2026:13:13:25 +0300] "GET /shop/g/g91975295985/ HTTP/1.0" 500 185 "-" "meta-externalagent/1.1 (+https://developers.facebook.com/docs/sharing/webmasters/crawler)"
57.141.0.2 - - [14/Apr/2026:13:13:31 +0300] "GET /shop/g/g91982815140/ HTTP/1.0" 500 185 "-" "meta-externalagent/1.1 (+https://developers.facebook.com/docs/sharing/webmasters/crawler)"
57.141.0.11 - - [14/Apr/2026:13:13:34 +0300] "GET /shop/g/g91936111697/ HTTP/1.0" 500 185 "-" "meta-externalagent/1.1 (+https://developers.facebook.com/docs/sharing/webmasters/crawler)"
57.141.0.22 - - [14/Apr/2026:13:13:34 +0300] "GET /shop/g/g91972358219/ HTTP/1.0" 500 185 "-" "meta-externalagent/1.1 (+https://developers.facebook.com/docs/sharing/webmasters/crawler)"
57.141.0.65 - - [14/Apr/2026:13:13:43 +0300] "GET /shop/g/g91957048395/ HTTP/1.0" 500 185 "-" "meta-externalagent/1.1 (+https://developers.facebook.com/docs/sharing/webmasters/crawler)"
57.141.0.43 - - [14/Apr/2026:13:13:44 +0300] "GET /shop/g/g91961644597/ HTTP/1.0" 500 185 "-" "meta-externalagent/1.1 (+https://developers.facebook.com/docs/sharing/webmasters/crawler)"
57.141.0.69 - - [14/Apr/2026:13:13:46 +0300] "GET /shop/g/g91933344597/ HTTP/1.0" 500 185 "-" "meta-externalagent/1.1 (+https://developers.facebook.com/docs/sharing/webmasters/crawler)"
57.141.0.22 - - [14/Apr/2026:13:13:58 +0300] "GET /shop/g/g91957348597/ HTTP/1.0" 500 185 "-" "meta-externalagent/1.1 (+https://developers.facebook.com/docs/sharing/webmasters/crawler)"
57.141.0.4 - - [14/Apr/2026:13:14:01 +0300] "GET /shop/g/g91933251309/ HTTP/1.0" 500 185 "-" "meta-externalagent/1.1 (+https://developers.facebook.com/docs/sharing/webmasters/crawler)"
57.141.0.33 - - [14/Apr/2026:13:14:02 +0300] "GET /shop/g/g91936255247/ HTTP/1.0" 500 185 "-" "meta-externalagent/1.1 (+https://developers.facebook.com/docs/sharing/webmasters/crawler)"
57.141.0.66 - - [14/Apr/2026:13:14:05 +0300] "GET /shop/g/g91982781797/ HTTP/1.0" 500 185 "-" "meta-externalagent/1.1 (+https://developers.facebook.com/docs/sharing/webmasters/crawler)"
57.141.0.60 - - [14/Apr/2026:13:14:07 +0300] "GET /shop/g/g91954180647/ HTTP/1.0" 500 185 "-" "meta-externalagent/1.1 (+https://developers.facebook.com/docs/sharing/webmasters/crawler)"
66.249.78.35 - - [14/Apr/2026:13:14:12 +0300] "GET /robots.txt HTTP/1.0" 200 306 "-" "Mozilla/5.0 (compatible; Googlebot/2.1; +http://www.google.com/bot.html)"
57.141.0.12 - - [14/Apr/2026:13:14:27 +0300] "GET /shop/g/g91951290529/ HTTP/1.0" 500 185 "-" "meta-externalagent/1.1 (+https://developers.facebook.com/docs/sharing/webmasters/crawler)"
57.141.0.70 - - [14/Apr/2026:13:14:34 +0300] "GET /shop/g/g91951020022/ HTTP/1.0" 500 185 "-" "meta-externalagent/1.1 (+https://developers.facebook.com/docs/sharing/webmasters/crawler)"
89.111.170.8 - - [14/Apr/2026:13:14:33 +0300] "GET / HTTP/1.0" 500 185 "-" "https://reg.ru monitoring abuse@reg.ru"
57.141.0.14 - - [14/Apr/2026:13:14:39 +0300] "GET /shop/g/g91967595949/ HTTP/1.0" 500 185 "-" "meta-externalagent/1.1 (+https://developers.facebook.com/docs/sharing/webmasters/crawler)"
57.141.0.44 - - [14/Apr/2026:13:15:04 +0300] "GET /shop/g/g91943996339/ HTTP/1.0" 500 185 "-" "meta-externalagent/1.1 (+https://developers.facebook.com/docs/sharing/webmasters/crawler)"
57.141.0.68 - - [14/Apr/2026:13:15:09 +0300] "GET /shop/g/g91933446897/ HTTP/1.0" 500 185 "-" "meta-externalagent/1.1 (+https://developers.facebook.com/docs/sharing/webmasters/crawler)"
57.141.0.15 - - [14/Apr/2026:13:15:13 +0300] "GET /shop/g/g91964747822/ HTTP/1.0" 500 185 "-" "meta-externalagent/1.1 (+https://developers.facebook.com/docs/sharing/webmasters/crawler)"
57.141.0.61 - - [14/Apr/2026:13:15:18 +0300] "GET /shop/g/g91951097870/ HTTP/1.0" 500 185 "-" "meta-externalagent/1.1 (+https://developers.facebook.com/docs/sharing/webmasters/crawler)"
57.141.0.63 - - [14/Apr/2026:13:15:22 +0300] "GET /shop/g/g91975386280/ HTTP/1.0" 500 185 "-" "meta-externalagent/1.1 (+https://developers.facebook.com/docs/sharing/webmasters/crawler)"
57.141.0.57 - - [14/Apr/2026:13:15:28 +0300] "GET /shop/g/g91982526115/ HTTP/1.0" 500 185 "-" "meta-externalagent/1.1 (+https://developers.facebook.com/docs/sharing/webmasters/crawler)"
57.141.0.44 - - [14/Apr/2026:13:15:33 +0300] "GET /shop/g/g91975074185/ HTTP/1.0" 500 185 "-" "meta-externalagent/1.1 (+https://developers.facebook.com/docs/sharing/webmasters/crawler)"
57.141.0.23 - - [14/Apr/2026:13:15:40 +0300] "GET /shop/g/g91936114980/ HTTP/1.0" 500 185 "-" "meta-externalagent/1.1 (+https://developers.facebook.com/docs/sharing/webmasters/crawler)"
57.141.0.38 - - [14/Apr/2026:13:15:42 +0300] "GET /shop/g/g91957457522/ HTTP/1.0" 500 185 "-" "meta-externalagent/1.1 (+https://developers.facebook.com/docs/sharing/webmasters/crawler)"
57.141.0.36 - - [14/Apr/2026:13:16:47 +0300] "GET /shop/g/g91978161674/ HTTP/1.0" 500 185 "-" "meta-externalagent/1.1 (+https://developers.facebook.com/docs/sharing/webmasters/crawler)"
89.111.141.101 - - [14/Apr/2026:13:17:35 +0300] "GET / HTTP/1.0" 500 185 "-" "https://reg.ru monitoring abuse@reg.ru"
57.141.0.68 - - [14/Apr/2026:13:17:55 +0300] "GET /shop/g/g91982570847/ HTTP/1.0" 500 185 "-" "meta-externalagent/1.1 (+https://developers.facebook.com/docs/sharing/webmasters/crawler)"
92.242.60.14 - - [14/Apr/2026:13:18:13 +0300] "GET / HTTP/1.0" 500 185 "-" "https://reg.ru monitoring abuse@reg.ru"
216.244.66.198 - - [14/Apr/2026:13:18:26 +0300] "GET /robots.txt HTTP/1.1" 301 196 "-" "Mozilla/5.0 (compatible; DotBot/1.2; +https://opensiteexplorer.org/dotbot; help@moz.com)"
216.244.66.198 - - [14/Apr/2026:13:18:27 +0300] "GET /robots.txt HTTP/1.0" 200 312 "-" "Mozilla/5.0 (compatible; DotBot/1.2; +https://opensiteexplorer.org/dotbot; help@moz.com)"
57.141.0.12 - - [14/Apr/2026:13:19:01 +0300] "GET /shop/g/g91954466829/ HTTP/1.0" 500 185 "-" "meta-externalagent/1.1 (+https://developers.facebook.com/docs/sharing/webmasters/crawler)"
89.111.170.8 - - [14/Apr/2026:13:19:41 +0300] "GET / HTTP/1.0" 500 185 "-" "https://reg.ru monitoring abuse@reg.ru"
57.141.0.3 - - [14/Apr/2026:13:20:08 +0300] "GET /shop/g/g91961987794/ HTTP/1.0" 500 185 "-" "meta-externalagent/1.1 (+https://developers.facebook.com/docs/sharing/webmasters/crawler)"
57.141.0.17 - - [14/Apr/2026:13:21:15 +0300] "GET /shop/g/g91951379472/ HTTP/1.0" 500 185 "-" "meta-externalagent/1.1 (+https://developers.facebook.com/docs/sharing/webmasters/crawler)"
66.249.64.65 - - [14/Apr/2026:13:21:38 +0300] "GET /robots.txt HTTP/1.0" 200 306 "-" "Mozilla/5.0 (compatible; Googlebot/2.1; +http://www.google.com/bot.html)"
57.141.0.23 - - [14/Apr/2026:13:22:21 +0300] "GET /shop/g/g91951060572/ HTTP/1.0" 500 185 "-" "meta-externalagent/1.1 (+https://developers.facebook.com/docs/sharing/webmasters/crawler)"
89.111.141.101 - - [14/Apr/2026:13:22:48 +0300] "GET / HTTP/1.0" 500 185 "-" "https://reg.ru monitoring abuse@reg.ru"
92.242.60.14 - - [14/Apr/2026:13:23:19 +0300] "GET / HTTP/1.0" 500 185 "-" "https://reg.ru monitoring abuse@reg.ru"
57.141.0.68 - - [14/Apr/2026:13:23:27 +0300] "GET /shop/g/g91985765899/ HTTP/1.0" 500 185 "-" "meta-externalagent/1.1 (+https://developers.facebook.com/docs/sharing/webmasters/crawler)"
57.141.0.31 - - [14/Apr/2026:13:24:36 +0300] "GET /shop/g/g91985945300/ HTTP/1.0" 500 185 "-" "meta-externalagent/1.1 (+https://developers.facebook.com/docs/sharing/webmasters/crawler)"
89.111.170.8 - - [14/Apr/2026:13:24:47 +0300] "GET / HTTP/1.0" 500 185 "-" "https://reg.ru monitoring abuse@reg.ru"
57.141.0.70 - - [14/Apr/2026:13:25:41 +0300] "GET /shop/g/g91954266854/ HTTP/1.0" 500 185 "-" "meta-externalagent/1.1 (+https://developers.facebook.com/docs/sharing/webmasters/crawler)"
57.141.0.2 - - [14/Apr/2026:13:26:47 +0300] "GET /shop/g/g91982667815/ HTTP/1.0" 500 185 "-" "meta-externalagent/1.1 (+https://developers.facebook.com/docs/sharing/webmasters/crawler)"
57.141.0.47 - - [14/Apr/2026:13:27:54 +0300] "GET /shop/g/g91972219034/ HTTP/1.0" 500 185 "-" "meta-externalagent/1.1 (+https://developers.facebook.com/docs/sharing/webmasters/crawler)"
89.111.141.101 - - [14/Apr/2026:13:27:54 +0300] "GET / HTTP/1.0" 500 185 "-" "https://reg.ru monitoring abuse@reg.ru"
92.242.60.14 - - [14/Apr/2026:13:28:29 +0300] "GET / HTTP/1.0" 500 185 "-" "https://reg.ru monitoring abuse@reg.ru"
57.141.0.19 - - [14/Apr/2026:13:29:01 +0300] "GET /shop/g/g91951172580/ HTTP/1.0" 500 185 "-" "meta-externalagent/1.1 (+https://developers.facebook.com/docs/sharing/webmasters/crawler)"
89.111.170.8 - - [14/Apr/2026:13:29:52 +0300] "GET / HTTP/1.0" 500 185 "-" "https://reg.ru monitoring abuse@reg.ru"
103.160.243.46 - - [14/Apr/2026:13:29:57 +0300] "POST /xmlrpc.php HTTP/1.0" 403 483 "-" "Mozilla/5.0 (Windows NT 6.2; x64) AppleWebKit/537.36 (KHTML, like Gecko) Firefox/85.0.0.0 Safari/537.36"
57.141.0.25 - - [14/Apr/2026:13:30:08 +0300] "GET /shop/g/g91982650514/ HTTP/1.0" 500 185 "-" "meta-externalagent/1.1 (+https://developers.facebook.com/docs/sharing/webmasters/crawler)"
57.141.0.49 - - [14/Apr/2026:13:31:15 +0300] "GET /shop/g/g91982503965/ HTTP/1.0" 500 185 "-" "meta-externalagent/1.1 (+https://developers.facebook.com/docs/sharing/webmasters/crawler)"
57.141.0.19 - - [14/Apr/2026:13:32:21 +0300] "GET /shop/g/g91954111714/ HTTP/1.0" 500 185 "-" "meta-externalagent/1.1 (+https://developers.facebook.com/docs/sharing/webmasters/crawler)"
89.111.141.101 - - [14/Apr/2026:13:33:00 +0300] "GET / HTTP/1.0" 500 185 "-" "https://reg.ru monitoring abuse@reg.ru"
57.141.0.50 - - [14/Apr/2026:13:33:27 +0300] "GET /shop/g/g91933011924/ HTTP/1.0" 500 185 "-" "meta-externalagent/1.1 (+https://developers.facebook.com/docs/sharing/webmasters/crawler)"
92.242.60.14 - - [14/Apr/2026:13:33:35 +0300] "GET / HTTP/1.0" 500 185 "-" "https://reg.ru monitoring abuse@reg.ru"
57.141.0.48 - - [14/Apr/2026:13:34:35 +0300] "GET /shop/g/g91951175134/ HTTP/1.0" 500 185 "-" "meta-externalagent/1.1 (+https://developers.facebook.com/docs/sharing/webmasters/crawler)"
89.111.170.8 - - [14/Apr/2026:13:34:59 +0300] "GET / HTTP/1.0" 500 185 "-" "https://reg.ru monitoring abuse@reg.ru"
57.141.0.7 - - [14/Apr/2026:13:35:41 +0300] "GET /shop/g/g91982869554/ HTTP/1.0" 500 185 "-" "meta-externalagent/1.1 (+https://developers.facebook.com/docs/sharing/webmasters/crawler)"
57.141.0.38 - - [14/Apr/2026:13:36:48 +0300] "GET /shop/g/g91951458804/ HTTP/1.0" 500 185 "-" "meta-externalagent/1.1 (+https://developers.facebook.com/docs/sharing/webmasters/crawler)"
216.244.66.198 - - [14/Apr/2026:13:37:41 +0300] "GET /ketchup/ HTTP/1.0" 500 185 "-" "Mozilla/5.0 (compatible; DotBot/1.2; +https://opensiteexplorer.org/dotbot; help@moz.com)"
57.141.0.28 - - [14/Apr/2026:13:37:54 +0300] "GET /shop/g/g91946526335/ HTTP/1.0" 500 185 "-" "meta-externalagent/1.1 (+https://developers.facebook.com/docs/sharing/webmasters/crawler)"
89.111.141.101 - - [14/Apr/2026:13:38:05 +0300] "GET / HTTP/1.0" 500 185 "-" "https://reg.ru monitoring abuse@reg.ru"
92.242.60.14 - - [14/Apr/2026:13:38:42 +0300] "GET / HTTP/1.0" 500 185 "-" "https://reg.ru monitoring abuse@reg.ru"
57.141.0.38 - - [14/Apr/2026:13:39:01 +0300] "GET /shop/g/g91967538100/ HTTP/1.0" 500 185 "-" "meta-externalagent/1.1 (+https://developers.facebook.com/docs/sharing/webmasters/crawler)"
57.141.0.55 - - [14/Apr/2026:13:40:08 +0300] "GET /shop/g/g91964597765/ HTTP/1.0" 500 185 "-" "meta-externalagent/1.1 (+https://developers.facebook.com/docs/sharing/webmasters/crawler)"
89.111.170.8 - - [14/Apr/2026:13:40:08 +0300] "GET / HTTP/1.0" 500 185 "-" "https://reg.ru monitoring abuse@reg.ru"
57.141.0.66 - - [14/Apr/2026:13:41:15 +0300] "GET /shop/g/g91951373095/ HTTP/1.0" 500 185 "-" "meta-externalagent/1.1 (+https://developers.facebook.com/docs/sharing/webmasters/crawler)"
104.244.72.22 - - [14/Apr/2026:13:41:51 +0300] "GET /cccsitemap.xml HTTP/1.0" 200 198 "-" "googlebot,bot,google,bing,yahoo"
57.141.0.27 - - [14/Apr/2026:13:42:21 +0300] "GET /shop/g/g91967880120/ HTTP/1.0" 500 185 "-" "meta-externalagent/1.1 (+https://developers.facebook.com/docs/sharing/webmasters/crawler)"
89.111.141.101 - - [14/Apr/2026:13:43:14 +0300] "GET / HTTP/1.0" 500 185 "-" "https://reg.ru monitoring abuse@reg.ru"
57.141.0.60 - - [14/Apr/2026:13:43:28 +0300] "GET /shop/g/g91943528872/ HTTP/1.0" 500 185 "-" "meta-externalagent/1.1 (+https://developers.facebook.com/docs/sharing/webmasters/crawler)"
92.242.60.14 - - [14/Apr/2026:13:43:48 +0300] "GET / HTTP/1.0" 500 185 "-" "https://reg.ru monitoring abuse@reg.ru"
57.141.0.65 - - [14/Apr/2026:13:44:35 +0300] "GET /shop/g/g91936479255/ HTTP/1.0" 500 185 "-" "meta-externalagent/1.1 (+https://developers.facebook.com/docs/sharing/webmasters/crawler)"
89.111.170.8 - - [14/Apr/2026:13:45:12 +0300] "GET / HTTP/1.0" 500 185 "-" "https://reg.ru monitoring abuse@reg.ru"
57.141.0.37 - - [14/Apr/2026:13:45:42 +0300] "GET /shop/g/g91951111655/ HTTP/1.0" 500 185 "-" "meta-externalagent/1.1 (+https://developers.facebook.com/docs/sharing/webmasters/crawler)"
57.141.0.69 - - [14/Apr/2026:13:46:48 +0300] "GET /shop/g/g91936014472/ HTTP/1.0" 500 185 "-" "meta-externalagent/1.1 (+https://developers.facebook.com/docs/sharing/webmasters/crawler)"
57.141.0.11 - - [14/Apr/2026:13:47:55 +0300] "GET /shop/g/g91957326920/ HTTP/1.0" 500 185 "-" "meta-externalagent/1.1 (+https://developers.facebook.com/docs/sharing/webmasters/crawler)"
89.111.141.101 - - [14/Apr/2026:13:48:19 +0300] "GET / HTTP/1.0" 500 185 "-" "https://reg.ru monitoring abuse@reg.ru"
57.141.0.8 - - [14/Apr/2026:13:49:01 +0300] "GET /shop/g/g91954450624/ HTTP/1.0" 500 185 "-" "meta-externalagent/1.1 (+https://developers.facebook.com/docs/sharing/webmasters/crawler)"
92.242.60.14 - - [14/Apr/2026:13:48:56 +0300] "GET / HTTP/1.0" 500 185 "-" "https://reg.ru monitoring abuse@reg.ru"
57.141.0.26 - - [14/Apr/2026:13:50:08 +0300] "GET /shop/g/g91954410269/ HTTP/1.0" 500 185 "-" "meta-externalagent/1.1 (+https://developers.facebook.com/docs/sharing/webmasters/crawler)"
89.111.170.8 - - [14/Apr/2026:13:50:18 +0300] "GET / HTTP/1.0" 500 185 "-" "https://reg.ru monitoring abuse@reg.ru"
57.141.0.13 - - [14/Apr/2026:13:51:15 +0300] "GET /shop/g/g91957490375/ HTTP/1.0" 500 185 "-" "meta-externalagent/1.1 (+https://developers.facebook.com/docs/sharing/webmasters/crawler)"
57.141.0.31 - - [14/Apr/2026:13:52:22 +0300] "GET /shop/g/g91967578379/ HTTP/1.0" 500 185 "-" "meta-externalagent/1.1 (+https://developers.facebook.com/docs/sharing/webmasters/crawler)"
57.141.0.12 - - [14/Apr/2026:13:53:28 +0300] "GET /shop/g/g91982937050/ HTTP/1.0" 500 185 "-" "meta-externalagent/1.1 (+https://developers.facebook.com/docs/sharing/webmasters/crawler)"
89.111.141.101 - - [14/Apr/2026:13:53:25 +0300] "GET / HTTP/1.0" 500 185 "-" "https://reg.ru monitoring abuse@reg.ru"
92.242.60.14 - - [14/Apr/2026:13:54:04 +0300] "GET / HTTP/1.0" 500 185 "-" "https://reg.ru monitoring abuse@reg.ru"
57.141.0.21 - - [14/Apr/2026:13:54:34 +0300] "GET /shop/g/g91954426384/ HTTP/1.0" 500 185 "-" "meta-externalagent/1.1 (+https://developers.facebook.com/docs/sharing/webmasters/crawler)"
89.111.170.8 - - [14/Apr/2026:13:55:22 +0300] "GET / HTTP/1.0" 500 185 "-" "https://reg.ru monitoring abuse@reg.ru"
57.141.0.57 - - [14/Apr/2026:13:55:44 +0300] "GET /shop/g/g91951214524/ HTTP/1.0" 500 185 "-" "meta-externalagent/1.1 (+https://developers.facebook.com/docs/sharing/webmasters/crawler)"
66.249.89.128 - - [14/Apr/2026:13:55:50 +0300] "GET /category/goryachie/ HTTP/1.0" 500 185 "-" "Mozilla/5.0 (X11; Linux x86_64) AppleWebKit/537.36 (KHTML, like Gecko) Chrome/146.0.7680.164 Safari/537.36"
57.141.0.16 - - [14/Apr/2026:13:56:48 +0300] "GET /shop/g/g91951293470/ HTTP/1.0" 500 185 "-" "meta-externalagent/1.1 (+https://developers.facebook.com/docs/sharing/webmasters/crawler)"
57.141.0.1 - - [14/Apr/2026:13:57:55 +0300] "GET /shop/g/g91933410585/ HTTP/1.0" 500 185 "-" "meta-externalagent/1.1 (+https://developers.facebook.com/docs/sharing/webmasters/crawler)"
89.111.141.101 - - [14/Apr/2026:13:58:32 +0300] "GET / HTTP/1.0" 500 185 "-" "https://reg.ru monitoring abuse@reg.ru"
57.141.0.44 - - [14/Apr/2026:13:59:01 +0300] "GET /shop/g/g91988681999/ HTTP/1.0" 500 185 "-" "meta-externalagent/1.1 (+https://developers.facebook.com/docs/sharing/webmasters/crawler)"
92.242.60.14 - - [14/Apr/2026:13:59:11 +0300] "GET / HTTP/1.0" 500 185 "-" "https://reg.ru monitoring abuse@reg.ru"
57.141.0.66 - - [14/Apr/2026:14:00:08 +0300] "GET /shop/g/g91982923672/ HTTP/1.0" 500 185 "-" "meta-externalagent/1.1 (+https://developers.facebook.com/docs/sharing/webmasters/crawler)"
89.111.170.8 - - [14/Apr/2026:14:00:35 +0300] "GET / HTTP/1.0" 500 185 "-" "https://reg.ru monitoring abuse@reg.ru"
57.141.0.42 - - [14/Apr/2026:14:01:15 +0300] "GET /shop/g/g91982830280/ HTTP/1.0" 500 185 "-" "meta-externalagent/1.1 (+https://developers.facebook.com/docs/sharing/webmasters/crawler)"
