198.244.242.208 - - [14/Apr/2026:09:01:04 +0300] "GET /wa-data/public/shop/wmimageincatPlugin/categories/5/icon_76.png HTTP/1.1" 200 3450 "-" "Mozilla/5.0 (compatible; AhrefsBot/7.0; +http://ahrefs.com/robot/)"
198.244.168.234 - - [14/Apr/2026:09:01:05 +0300] "GET /wa-data/public/shop/wmimageincatPlugin/categories/15/icon_74.png HTTP/1.1" 200 3246 "-" "Mozilla/5.0 (compatible; AhrefsBot/7.0; +http://ahrefs.com/robot/)"
51.89.129.140 - - [14/Apr/2026:09:01:06 +0300] "GET /wa-data/public/shop/wmimageincatPlugin/categories/7/icon_79.png HTTP/1.1" 200 4504 "-" "Mozilla/5.0 (compatible; AhrefsBot/7.0; +http://ahrefs.com/robot/)"
198.244.168.251 - - [14/Apr/2026:09:01:06 +0300] "GET /wa-data/public/shop/wmimageincatPlugin/categories/8/icon_77.png HTTP/1.1" 200 4325 "-" "Mozilla/5.0 (compatible; AhrefsBot/7.0; +http://ahrefs.com/robot/)"
51.89.129.49 - - [14/Apr/2026:09:01:07 +0300] "GET /wa-data/public/shop/wmimageincatPlugin/categories/20/icon_86.png HTTP/1.1" 200 3757 "-" "Mozilla/5.0 (compatible; AhrefsBot/7.0; +http://ahrefs.com/robot/)"
198.244.183.33 - - [14/Apr/2026:09:01:08 +0300] "GET /wa-data/public/shop/wmimageincatPlugin/categories/2/icon_72.png HTTP/1.1" 200 5139 "-" "Mozilla/5.0 (compatible; AhrefsBot/7.0; +http://ahrefs.com/robot/)"
198.244.240.70 - - [14/Apr/2026:09:01:09 +0300] "GET /wa-data/public/shop/wmimageincatPlugin/categories/6/icon_75.png HTTP/1.1" 200 3369 "-" "Mozilla/5.0 (compatible; AhrefsBot/7.0; +http://ahrefs.com/robot/)"
51.89.129.197 - - [14/Apr/2026:09:01:10 +0300] "GET /wa-data/public/shop/wmimageincatPlugin/categories/4/icon_73.png HTTP/1.1" 200 3608 "-" "Mozilla/5.0 (compatible; AhrefsBot/7.0; +http://ahrefs.com/robot/)"
198.244.183.130 - - [14/Apr/2026:09:01:11 +0300] "GET /wa-data/public/shop/wmimageincatPlugin/categories/11/icon_81.png HTTP/1.1" 200 2127 "-" "Mozilla/5.0 (compatible; AhrefsBot/7.0; +http://ahrefs.com/robot/)"
92.242.60.14 - - [14/Apr/2026:09:01:58 +0300] "GET / HTTP/1.0" 200 71217 "-" "https://reg.ru monitoring abuse@reg.ru"
89.111.141.101 - - [14/Apr/2026:09:01:58 +0300] "GET / HTTP/1.0" 200 71217 "-" "https://reg.ru monitoring abuse@reg.ru"
89.111.170.8 - - [14/Apr/2026:09:03:43 +0300] "GET / HTTP/1.0" 200 71217 "-" "https://reg.ru monitoring abuse@reg.ru"
92.242.60.14 - - [14/Apr/2026:09:07:06 +0300] "GET / HTTP/1.0" 200 71217 "-" "https://reg.ru monitoring abuse@reg.ru"
89.111.141.101 - - [14/Apr/2026:09:07:09 +0300] "GET / HTTP/1.0" 200 71217 "-" "https://reg.ru monitoring abuse@reg.ru"
216.244.66.198 - - [14/Apr/2026:09:08:08 +0300] "GET /sous-salsa-1-1-1-1-1-1/ HTTP/1.0" 200 38371 "-" "Mozilla/5.0 (compatible; DotBot/1.2; +https://opensiteexplorer.org/dotbot; help@moz.com)"
89.111.170.8 - - [14/Apr/2026:09:08:44 +0300] "GET / HTTP/1.0" 200 71217 "-" "https://reg.ru monitoring abuse@reg.ru"
89.111.141.101 - - [14/Apr/2026:09:12:12 +0300] "GET / HTTP/1.0" 200 71217 "-" "https://reg.ru monitoring abuse@reg.ru"
92.242.60.14 - - [14/Apr/2026:09:12:16 +0300] "GET / HTTP/1.0" 200 71217 "-" "https://reg.ru monitoring abuse@reg.ru"
89.111.170.8 - - [14/Apr/2026:09:13:56 +0300] "GET / HTTP/1.0" 200 71217 "-" "https://reg.ru monitoring abuse@reg.ru"
43.131.36.84 - - [14/Apr/2026:09:14:59 +0300] "GET / HTTP/1.1" 301 196 "-" "Mozilla/5.0 (iPhone; CPU iPhone OS 13_2_3 like Mac OS X) AppleWebKit/605.1.15 (KHTML, like Gecko) Version/13.0.3 Mobile/15E148 Safari/604.1"
43.131.36.84 - - [14/Apr/2026:09:15:00 +0300] "GET / HTTP/1.0" 200 11991 "http://mishkagastrobar.ru" "Mozilla/5.0 (iPhone; CPU iPhone OS 13_2_3 like Mac OS X) AppleWebKit/605.1.15 (KHTML, like Gecko) Version/13.0.3 Mobile/15E148 Safari/604.1"
66.249.64.65 - - [14/Apr/2026:09:16:48 +0300] "GET /category/rolly/firmennye/ HTTP/1.0" 200 10467 "-" "Mozilla/5.0 (Linux; Android 6.0.1; Nexus 5X Build/MMB29P) AppleWebKit/537.36 (KHTML, like Gecko) Chrome/146.0.7680.177 Mobile Safari/537.36 (compatible; Googlebot/2.1; +http://www.google.com/bot.html)"
89.111.141.101 - - [14/Apr/2026:09:17:21 +0300] "GET / HTTP/1.0" 200 71217 "-" "https://reg.ru monitoring abuse@reg.ru"
92.242.60.14 - - [14/Apr/2026:09:17:21 +0300] "GET / HTTP/1.0" 200 71217 "-" "https://reg.ru monitoring abuse@reg.ru"
89.111.170.8 - - [14/Apr/2026:09:18:58 +0300] "GET / HTTP/1.0" 200 71217 "-" "https://reg.ru monitoring abuse@reg.ru"
89.111.141.101 - - [14/Apr/2026:09:22:25 +0300] "GET / HTTP/1.0" 200 71217 "-" "https://reg.ru monitoring abuse@reg.ru"
92.242.60.14 - - [14/Apr/2026:09:22:29 +0300] "GET / HTTP/1.0" 200 71217 "-" "https://reg.ru monitoring abuse@reg.ru"
89.111.170.8 - - [14/Apr/2026:09:24:12 +0300] "GET / HTTP/1.0" 200 71217 "-" "https://reg.ru monitoring abuse@reg.ru"
89.111.141.101 - - [14/Apr/2026:09:27:34 +0300] "GET / HTTP/1.0" 200 71217 "-" "https://reg.ru monitoring abuse@reg.ru"
92.242.60.14 - - [14/Apr/2026:09:27:38 +0300] "GET / HTTP/1.0" 200 71217 "-" "https://reg.ru monitoring abuse@reg.ru"
157.15.40.61 - - [14/Apr/2026:09:28:56 +0300] "GET /media/system/js/core.js HTTP/1.1" 301 196 "-" "Mozilla/5.0 (Macintosh; Intel Mac OS X 10_10_1) AppleWebKit/537.36 (KHTML, like Gecko) Chrome/39.0.2171.95 Safari/537.36"
157.15.40.61 - - [14/Apr/2026:09:28:58 +0300] "GET /media/system/js/core.js HTTP/1.0" 404 28457 "http://mishkagastrobar.ru/media/system/js/core.js" "Mozilla/5.0 (Macintosh; Intel Mac OS X 10_10_1) AppleWebKit/537.36 (KHTML, like Gecko) Chrome/39.0.2171.95 Safari/537.36"
89.111.170.8 - - [14/Apr/2026:09:29:16 +0300] "GET / HTTP/1.0" 200 71217 "-" "https://reg.ru monitoring abuse@reg.ru"
89.111.141.101 - - [14/Apr/2026:09:32:41 +0300] "GET / HTTP/1.0" 200 71217 "-" "https://reg.ru monitoring abuse@reg.ru"
92.242.60.14 - - [14/Apr/2026:09:32:44 +0300] "GET / HTTP/1.0" 200 71217 "-" "https://reg.ru monitoring abuse@reg.ru"
47.128.29.124 - - [14/Apr/2026:09:33:14 +0300] "GET / HTTP/1.0" 200 11991 "-" "Mozilla/5.0 (Linux; Android 5.0) AppleWebKit/537.36 (KHTML, like Gecko) Mobile Safari/537.36 (compatible; Bytespider; spider-feedback@bytedance.com)"
47.128.29.124 - - [14/Apr/2026:09:33:17 +0300] "GET /wa-content/font/ruble/arial/fontface.css HTTP/1.1" 200 383 "https://mishkagastrobar.ru/" "Mozilla/5.0 (Linux; Android 5.0) AppleWebKit/537.36 (KHTML, like Gecko) Mobile Safari/537.36 (compatible; Bytespider; spider-feedback@bytedance.com)"
47.128.29.124 - - [14/Apr/2026:09:33:18 +0300] "GET /wa-data/public/shop/themes/topshop/css/font-express/express.min.css?2.0.1 HTTP/1.1" 200 659 "https://mishkagastrobar.ru/" "Mozilla/5.0 (Linux; Android 5.0) AppleWebKit/537.36 (KHTML, like Gecko) Mobile Safari/537.36 (compatible; Bytespider; spider-feedback@bytedance.com)"
47.128.29.124 - - [14/Apr/2026:09:33:18 +0300] "GET /wa-data/public/shop/themes/topshop/css/fonts/fonts.css?2.0.1 HTTP/1.1" 200 241 "https://mishkagastrobar.ru/" "Mozilla/5.0 (Linux; Android 5.0) AppleWebKit/537.36 (KHTML, like Gecko) Mobile Safari/537.36 (compatible; Bytespider; spider-feedback@bytedance.com)"
47.128.29.124 - - [14/Apr/2026:09:33:18 +0300] "GET /wa-data/public/shop/themes/topshop/css/bootstrap.min.css?2.0.1 HTTP/1.1" 200 17575 "https://mishkagastrobar.ru/" "Mozilla/5.0 (Linux; Android 5.0) AppleWebKit/537.36 (KHTML, like Gecko) Mobile Safari/537.36 (compatible; Bytespider; spider-feedback@bytedance.com)"
47.128.29.124 - - [14/Apr/2026:09:33:19 +0300] "GET /wa-data/public/shop/themes/topshop/style-11.css?2.0.1 HTTP/1.1" 200 28422 "https://mishkagastrobar.ru/" "Mozilla/5.0 (Linux; Android 5.0) AppleWebKit/537.36 (KHTML, like Gecko) Mobile Safari/537.36 (compatible; Bytespider; spider-feedback@bytedance.com)"
47.128.29.124 - - [14/Apr/2026:09:33:19 +0300] "GET /wa-data/public/shop/themes/topshop/user.css?2.0.1 HTTP/1.1" 200 0 "https://mishkagastrobar.ru/" "Mozilla/5.0 (Linux; Android 5.0) AppleWebKit/537.36 (KHTML, like Gecko) Mobile Safari/537.36 (compatible; Bytespider; spider-feedback@bytedance.com)"
47.128.29.124 - - [14/Apr/2026:09:33:19 +0300] "GET /wa-data/public/shop/themes/topshop/css/order.css?2.0.1 HTTP/1.1" 200 1747 "https://mishkagastrobar.ru/" "Mozilla/5.0 (Linux; Android 5.0) AppleWebKit/537.36 (KHTML, like Gecko) Mobile Safari/537.36 (compatible; Bytespider; spider-feedback@bytedance.com)"
47.128.29.124 - - [14/Apr/2026:09:33:20 +0300] "GET /wa-data/public/shop/themes/topshop/css/font-awesome/css/font-awesome.min.css?2.0.1 HTTP/1.1" 200 7115 "https://mishkagastrobar.ru/" "Mozilla/5.0 (Linux; Android 5.0) AppleWebKit/537.36 (KHTML, like Gecko) Mobile Safari/537.36 (compatible; Bytespider; spider-feedback@bytedance.com)"
47.128.29.124 - - [14/Apr/2026:09:33:20 +0300] "GET /wa-apps/shop/plugins/callback/css/style.css?v2.0.2 HTTP/1.1" 200 3409 "https://mishkagastrobar.ru/" "Mozilla/5.0 (Linux; Android 5.0) AppleWebKit/537.36 (KHTML, like Gecko) Mobile Safari/537.36 (compatible; Bytespider; spider-feedback@bytedance.com)"
47.128.29.124 - - [14/Apr/2026:09:33:20 +0300] "GET /wa-data/public/shop/products/01/00/1/images/89/89.400.jpg HTTP/1.1" 206 500 "https://mishkagastrobar.ru/" "Mozilla/5.0 (Linux; Android 5.0) AppleWebKit/537.36 (KHTML, like Gecko) Mobile Safari/537.36 (compatible; Bytespider; spider-feedback@bytedance.com)"
47.128.29.124 - - [14/Apr/2026:09:33:20 +0300] "GET /wa-data/public/shop/themes/topshop/img/logo.png?v1593734829 HTTP/1.1" 206 500 "https://mishkagastrobar.ru/" "Mozilla/5.0 (Linux; Android 5.0) AppleWebKit/537.36 (KHTML, like Gecko) Mobile Safari/537.36 (compatible; Bytespider; spider-feedback@bytedance.com)"
47.128.29.124 - - [14/Apr/2026:09:33:23 +0300] "GET /wa-data/public/shop/themes/topshop/css/jquery.bxslider.min.css HTTP/1.1" 200 756 "https://mishkagastrobar.ru/wa-data/public/shop/themes/topshop/style-11.css?2.0.1" "Mozilla/5.0 (Linux; Android 5.0) AppleWebKit/537.36 (KHTML, like Gecko) Mobile Safari/537.36 (compatible; Bytespider; spider-feedback@bytedance.com)"
47.128.29.124 - - [14/Apr/2026:09:33:23 +0300] "GET /wa-data/public/shop/themes/topshop/css/owl.carousel.min.css HTTP/1.1" 200 1282 "https://mishkagastrobar.ru/wa-data/public/shop/themes/topshop/style-11.css?2.0.1" "Mozilla/5.0 (Linux; Android 5.0) AppleWebKit/537.36 (KHTML, like Gecko) Mobile Safari/537.36 (compatible; Bytespider; spider-feedback@bytedance.com)"
47.128.29.124 - - [14/Apr/2026:09:33:24 +0300] "GET /wa-data/public/shop/products/02/00/2/images/143/143.400.jpg HTTP/1.1" 206 500 "https://mishkagastrobar.ru/" "Mozilla/5.0 (Linux; Android 5.0) AppleWebKit/537.36 (KHTML, like Gecko) Mobile Safari/537.36 (compatible; Bytespider; spider-feedback@bytedance.com)"
47.128.29.124 - - [14/Apr/2026:09:33:24 +0300] "GET /wa-data/public/shop/products/03/00/3/images/93/93.400.jpg HTTP/1.1" 206 500 "https://mishkagastrobar.ru/" "Mozilla/5.0 (Linux; Android 5.0) AppleWebKit/537.36 (KHTML, like Gecko) Mobile Safari/537.36 (compatible; Bytespider; spider-feedback@bytedance.com)"
47.128.29.124 - - [14/Apr/2026:09:33:27 +0300] "GET /wa-data/public/shop/products/04/00/4/images/91/91.400.jpg HTTP/1.1" 206 500 "https://mishkagastrobar.ru/" "Mozilla/5.0 (Linux; Android 5.0) AppleWebKit/537.36 (KHTML, like Gecko) Mobile Safari/537.36 (compatible; Bytespider; spider-feedback@bytedance.com)"
47.128.29.124 - - [14/Apr/2026:09:33:51 +0300] "GET /wa-data/public/shop/products/05/00/5/images/82/82.400.jpg HTTP/1.1" 206 500 "https://mishkagastrobar.ru/" "Mozilla/5.0 (Linux; Android 5.0) AppleWebKit/537.36 (KHTML, like Gecko) Mobile Safari/537.36 (compatible; Bytespider; spider-feedback@bytedance.com)"
47.128.29.124 - - [14/Apr/2026:09:33:55 +0300] "GET /wa-data/public/shop/products/07/00/7/images/83/83.400.jpg HTTP/1.1" 206 500 "https://mishkagastrobar.ru/" "Mozilla/5.0 (Linux; Android 5.0) AppleWebKit/537.36 (KHTML, like Gecko) Mobile Safari/537.36 (compatible; Bytespider; spider-feedback@bytedance.com)"
47.128.29.124 - - [14/Apr/2026:09:34:00 +0300] "GET /wa-data/public/shop/themes/topshop/img/no-foto-catalog.gif HTTP/1.1" 206 500 "https://mishkagastrobar.ru/" "Mozilla/5.0 (Linux; Android 5.0) AppleWebKit/537.36 (KHTML, like Gecko) Mobile Safari/537.36 (compatible; Bytespider; spider-feedback@bytedance.com)"
47.128.29.124 - - [14/Apr/2026:09:34:03 +0300] "GET /wa-data/public/shop/products/09/00/9/images/88/88.400.jpg HTTP/1.1" 206 500 "https://mishkagastrobar.ru/" "Mozilla/5.0 (Linux; Android 5.0) AppleWebKit/537.36 (KHTML, like Gecko) Mobile Safari/537.36 (compatible; Bytespider; spider-feedback@bytedance.com)"
47.128.28.73 - - [14/Apr/2026:09:34:15 +0300] "GET / HTTP/1.0" 200 11991 "-" "Mozilla/5.0 (Linux; Android 5.0) AppleWebKit/537.36 (KHTML, like Gecko) Mobile Safari/537.36 (compatible; Bytespider; spider-feedback@bytedance.com)"
89.111.170.8 - - [14/Apr/2026:09:34:21 +0300] "GET / HTTP/1.0" 200 71217 "-" "https://reg.ru monitoring abuse@reg.ru"
47.128.28.73 - - [14/Apr/2026:09:34:24 +0300] "GET /wa-data/public/shop/themes/topshop/css/bootstrap.min.css?2.0.1 HTTP/1.1" 200 17575 "https://mishkagastrobar.ru/" "Mozilla/5.0 (Linux; Android 5.0) AppleWebKit/537.36 (KHTML, like Gecko) Mobile Safari/537.36 (compatible; Bytespider; spider-feedback@bytedance.com)"
47.128.28.73 - - [14/Apr/2026:09:34:26 +0300] "GET /wa-data/public/shop/themes/topshop/user.css?2.0.1 HTTP/1.1" 200 0 "https://mishkagastrobar.ru/" "Mozilla/5.0 (Linux; Android 5.0) AppleWebKit/537.36 (KHTML, like Gecko) Mobile Safari/537.36 (compatible; Bytespider; spider-feedback@bytedance.com)"
47.128.28.73 - - [14/Apr/2026:09:34:27 +0300] "GET /wa-data/public/shop/products/02/00/2/images/143/143.400.jpg HTTP/1.1" 206 500 "https://mishkagastrobar.ru/" "Mozilla/5.0 (Linux; Android 5.0) AppleWebKit/537.36 (KHTML, like Gecko) Mobile Safari/537.36 (compatible; Bytespider; spider-feedback@bytedance.com)"
47.128.28.73 - - [14/Apr/2026:09:34:48 +0300] "GET /wa-data/public/shop/products/09/00/9/images/88/88.400.jpg HTTP/1.1" 206 500 "https://mishkagastrobar.ru/" "Mozilla/5.0 (Linux; Android 5.0) AppleWebKit/537.36 (KHTML, like Gecko) Mobile Safari/537.36 (compatible; Bytespider; spider-feedback@bytedance.com)"
89.111.141.101 - - [14/Apr/2026:09:37:45 +0300] "GET / HTTP/1.0" 200 71217 "-" "https://reg.ru monitoring abuse@reg.ru"
92.242.60.14 - - [14/Apr/2026:09:37:49 +0300] "GET / HTTP/1.0" 200 71217 "-" "https://reg.ru monitoring abuse@reg.ru"
89.111.170.8 - - [14/Apr/2026:09:39:27 +0300] "GET / HTTP/1.0" 200 71217 "-" "https://reg.ru monitoring abuse@reg.ru"
18.183.7.71 - - [14/Apr/2026:09:41:39 +0300] "GET /wp-blog-header.php?doact=yyy18 HTTP/1.0" 200 4532 "-" "Mozilla/5.0 (Windows NT 10.0; Win64; x64) AppleWebKit/537.36 (KHTML, like Gecko) Chrome/146.0.0.0 Safari/537.36"
18.183.7.71 - - [14/Apr/2026:09:41:44 +0300] "GET /favicon.ico HTTP/1.0" 200 978 "https://mishkagastrobar.ru/wp-blog-header.php?doact=yyy18" "Mozilla/5.0 (Windows NT 10.0; Win64; x64) AppleWebKit/537.36 (KHTML, like Gecko) Chrome/146.0.0.0 Safari/537.36"
89.111.141.101 - - [14/Apr/2026:09:42:53 +0300] "GET / HTTP/1.0" 200 71217 "-" "https://reg.ru monitoring abuse@reg.ru"
92.242.60.14 - - [14/Apr/2026:09:43:00 +0300] "GET / HTTP/1.0" 200 71217 "-" "https://reg.ru monitoring abuse@reg.ru"
181.209.125.234 - - [14/Apr/2026:09:44:08 +0300] "GET /category/napitki/ HTTP/1.0" 200 9104 "-" "Mozilla/5.0 (Windows; U; Windows NT 5.2) AppleWebKit/532.36.2 (KHTML, like Gecko) Version/5.0 Safari/532.36.2"
89.111.170.8 - - [14/Apr/2026:09:44:40 +0300] "GET / HTTP/1.0" 200 71217 "-" "https://reg.ru monitoring abuse@reg.ru"
185.12.124.78 - - [14/Apr/2026:09:46:23 +0300] "GET / HTTP/1.1" 301 196 "MISHKAGASTROBAR.RU" "Mozilla/5.0 (compatible; BackupLand/1.0; https://go.backupland.com/; Domain check for viruses;)"
185.12.124.78 - - [14/Apr/2026:09:46:23 +0300] "GET / HTTP/1.0" 200 12288 "MISHKAGASTROBAR.RU" "Mozilla/5.0 (compatible; BackupLand/1.0; https://go.backupland.com/; Domain check for viruses;)"
92.242.60.14 - - [14/Apr/2026:09:48:04 +0300] "GET / HTTP/1.0" 200 71217 "-" "https://reg.ru monitoring abuse@reg.ru"
89.111.141.101 - - [14/Apr/2026:09:48:06 +0300] "GET / HTTP/1.0" 200 71217 "-" "https://reg.ru monitoring abuse@reg.ru"
89.111.170.8 - - [14/Apr/2026:09:49:44 +0300] "GET / HTTP/1.0" 200 71217 "-" "https://reg.ru monitoring abuse@reg.ru"
89.111.141.101 - - [14/Apr/2026:09:53:03 +0300] "GET / HTTP/1.0" 200 71217 "-" "https://reg.ru monitoring abuse@reg.ru"
92.242.60.14 - - [14/Apr/2026:09:53:15 +0300] "GET / HTTP/1.0" 200 71217 "-" "https://reg.ru monitoring abuse@reg.ru"
89.111.170.8 - - [14/Apr/2026:09:54:55 +0300] "GET / HTTP/1.0" 200 71217 "-" "https://reg.ru monitoring abuse@reg.ru"
198.244.240.116 - - [14/Apr/2026:09:54:57 +0300] "GET /search/?sort=create_datetime&order=desc HTTP/1.0" 200 13672 "-" "Mozilla/5.0 (compatible; AhrefsBot/7.0; +http://ahrefs.com/robot/)"
89.111.141.101 - - [14/Apr/2026:09:58:14 +0300] "GET / HTTP/1.0" 200 71217 "-" "https://reg.ru monitoring abuse@reg.ru"
92.242.60.14 - - [14/Apr/2026:09:58:23 +0300] "GET / HTTP/1.0" 200 71217 "-" "https://reg.ru monitoring abuse@reg.ru"
89.111.170.8 - - [14/Apr/2026:09:59:57 +0300] "GET / HTTP/1.0" 200 71217 "-" "https://reg.ru monitoring abuse@reg.ru"
89.111.141.101 - - [14/Apr/2026:10:03:23 +0300] "GET / HTTP/1.0" 200 71217 "-" "https://reg.ru monitoring abuse@reg.ru"
92.242.60.14 - - [14/Apr/2026:10:03:29 +0300] "GET / HTTP/1.0" 200 71217 "-" "https://reg.ru monitoring abuse@reg.ru"
89.111.170.8 - - [14/Apr/2026:10:05:05 +0300] "GET / HTTP/1.0" 200 71217 "-" "https://reg.ru monitoring abuse@reg.ru"
89.111.141.101 - - [14/Apr/2026:10:08:23 +0300] "GET / HTTP/1.0" 200 71217 "-" "https://reg.ru monitoring abuse@reg.ru"
92.242.60.14 - - [14/Apr/2026:10:08:34 +0300] "GET / HTTP/1.0" 200 71217 "-" "https://reg.ru monitoring abuse@reg.ru"
89.111.170.8 - - [14/Apr/2026:10:10:12 +0300] "GET / HTTP/1.0" 200 71217 "-" "https://reg.ru monitoring abuse@reg.ru"
89.111.141.101 - - [14/Apr/2026:10:13:36 +0300] "GET / HTTP/1.0" 200 71217 "-" "https://reg.ru monitoring abuse@reg.ru"
92.242.60.14 - - [14/Apr/2026:10:13:40 +0300] "GET / HTTP/1.0" 200 71217 "-" "https://reg.ru monitoring abuse@reg.ru"
89.111.170.8 - - [14/Apr/2026:10:15:20 +0300] "GET / HTTP/1.0" 200 71217 "-" "https://reg.ru monitoring abuse@reg.ru"
89.111.141.101 - - [14/Apr/2026:10:18:47 +0300] "GET / HTTP/1.0" 200 71217 "-" "https://reg.ru monitoring abuse@reg.ru"
92.242.60.14 - - [14/Apr/2026:10:18:51 +0300] "GET / HTTP/1.0" 200 71217 "-" "https://reg.ru monitoring abuse@reg.ru"
89.111.170.8 - - [14/Apr/2026:10:20:26 +0300] "GET / HTTP/1.0" 200 71217 "-" "https://reg.ru monitoring abuse@reg.ru"
156.59.198.135 - - [14/Apr/2026:10:23:27 +0300] "GET /wa-data/public/shop/products/04/00/4/images/91/91.750x0.jpg HTTP/1.1" 200 168815 "https://mishkagastrobar.ru/syrnyy-tsyplenok/" "Mozilla/5.0 (Linux; Android 5.0) AppleWebKit/537.36 (KHTML, like Gecko) Mobile Safari/537.36 (compatible; Bytespider; spider-feedback@bytedance.com)"
89.111.141.101 - - [14/Apr/2026:10:23:53 +0300] "GET / HTTP/1.0" 200 71217 "-" "https://reg.ru monitoring abuse@reg.ru"
92.242.60.14 - - [14/Apr/2026:10:23:57 +0300] "GET / HTTP/1.0" 200 71217 "-" "https://reg.ru monitoring abuse@reg.ru"
89.111.170.8 - - [14/Apr/2026:10:25:34 +0300] "GET / HTTP/1.0" 200 71217 "-" "https://reg.ru monitoring abuse@reg.ru"
66.249.89.129 - - [14/Apr/2026:10:27:27 +0300] "GET /category/napitki/ HTTP/1.0" 200 9104 "-" "Mozilla/5.0 (X11; Linux x86_64) AppleWebKit/537.36 (KHTML, like Gecko) Chrome/146.0.7680.164 Safari/537.36"
66.249.89.130 - - [14/Apr/2026:10:28:07 +0300] "GET /wa-data/public/shop/themes/topshop/js/jquery-1.11.1.min.js HTTP/1.1" 200 33496 "https://mishkagastrobar.ru/category/napitki/" "Mozilla/5.0 (X11; Linux x86_64) AppleWebKit/537.36 (KHTML, like Gecko) Chrome/146.0.7680.164 Safari/537.36"
66.249.89.129 - - [14/Apr/2026:10:28:23 +0300] "GET /wa-data/public/shop/themes/topshop/css/order.css?2.0.1 HTTP/1.1" 200 1747 "https://mishkagastrobar.ru/category/napitki/" "Mozilla/5.0 (X11; Linux x86_64) AppleWebKit/537.36 (KHTML, like Gecko) Chrome/146.0.7680.164 Safari/537.36"
66.249.89.128 - - [14/Apr/2026:10:28:30 +0300] "GET /wa-data/public/shop/themes/topshop/css/bootstrap.min.css?2.0.1 HTTP/1.1" 200 17575 "https://mishkagastrobar.ru/category/napitki/" "Mozilla/5.0 (X11; Linux x86_64) AppleWebKit/537.36 (KHTML, like Gecko) Chrome/146.0.7680.164 Safari/537.36"
66.249.89.128 - - [14/Apr/2026:10:28:42 +0300] "GET /wa-data/public/shop/themes/topshop/js/jquery.ui.widget.min.js?v2.0.1 HTTP/1.1" 200 1181 "https://mishkagastrobar.ru/category/napitki/" "Mozilla/5.0 (X11; Linux x86_64) AppleWebKit/537.36 (KHTML, like Gecko) Chrome/146.0.7680.164 Safari/537.36"
66.249.89.128 - - [14/Apr/2026:10:28:57 +0300] "GET /wa-content/js/jquery-ui/jquery.ui.slider.min.js?v2.0.1 HTTP/1.1" 200 2858 "https://mishkagastrobar.ru/category/napitki/" "Mozilla/5.0 (X11; Linux x86_64) AppleWebKit/537.36 (KHTML, like Gecko) Chrome/146.0.7680.164 Safari/537.36"
89.111.141.101 - - [14/Apr/2026:10:28:56 +0300] "GET / HTTP/1.0" 200 71217 "-" "https://reg.ru monitoring abuse@reg.ru"
92.242.60.14 - - [14/Apr/2026:10:29:02 +0300] "GET / HTTP/1.0" 200 71217 "-" "https://reg.ru monitoring abuse@reg.ru"
66.249.89.129 - - [14/Apr/2026:10:29:05 +0300] "GET /wa-data/public/shop/themes/topshop/js/owl.carousel.min.js HTTP/1.1" 200 6534 "https://mishkagastrobar.ru/category/napitki/" "Mozilla/5.0 (X11; Linux x86_64) AppleWebKit/537.36 (KHTML, like Gecko) Chrome/146.0.7680.164 Safari/537.36"
66.249.89.129 - - [14/Apr/2026:10:29:12 +0300] "GET /wa-data/public/shop/themes/topshop/js/jquery.scrollTo.js HTTP/1.1" 200 1144 "https://mishkagastrobar.ru/category/napitki/" "Mozilla/5.0 (X11; Linux x86_64) AppleWebKit/537.36 (KHTML, like Gecko) Chrome/146.0.7680.164 Safari/537.36"
66.249.89.128 - - [14/Apr/2026:10:29:20 +0300] "GET /wa-data/public/shop/themes/topshop/js/jquery.ui.mouse.min.js?v2.0.1 HTTP/1.1" 200 820 "https://mishkagastrobar.ru/category/napitki/" "Mozilla/5.0 (X11; Linux x86_64) AppleWebKit/537.36 (KHTML, like Gecko) Chrome/146.0.7680.164 Safari/537.36"
89.111.170.8 - - [14/Apr/2026:10:30:40 +0300] "GET / HTTP/1.0" 200 71217 "-" "https://reg.ru monitoring abuse@reg.ru"
89.111.141.101 - - [14/Apr/2026:10:33:59 +0300] "GET / HTTP/1.0" 200 71217 "-" "https://reg.ru monitoring abuse@reg.ru"
92.242.60.14 - - [14/Apr/2026:10:34:10 +0300] "GET / HTTP/1.0" 200 71217 "-" "https://reg.ru monitoring abuse@reg.ru"
89.111.170.8 - - [14/Apr/2026:10:35:51 +0300] "GET / HTTP/1.0" 200 71217 "-" "https://reg.ru monitoring abuse@reg.ru"
205.210.31.170 - - [14/Apr/2026:10:35:59 +0300] "GET / HTTP/1.1" 301 196 "-" "Hello from Palo Alto Networks, find out more about our scans in https://docs-cortex.paloaltonetworks.com/r/1/Cortex-Xpanse/Scanning-activity"
89.111.141.101 - - [14/Apr/2026:10:39:10 +0300] "GET / HTTP/1.0" 200 71217 "-" "https://reg.ru monitoring abuse@reg.ru"
92.242.60.14 - - [14/Apr/2026:10:39:21 +0300] "GET / HTTP/1.0" 200 71217 "-" "https://reg.ru monitoring abuse@reg.ru"
89.111.170.8 - - [14/Apr/2026:10:41:09 +0300] "GET / HTTP/1.0" 200 71217 "-" "https://reg.ru monitoring abuse@reg.ru"
89.111.141.101 - - [14/Apr/2026:10:44:16 +0300] "GET / HTTP/1.0" 200 71217 "-" "https://reg.ru monitoring abuse@reg.ru"
92.242.60.14 - - [14/Apr/2026:10:44:29 +0300] "GET / HTTP/1.0" 200 71217 "-" "https://reg.ru monitoring abuse@reg.ru"
51.89.129.88 - - [14/Apr/2026:10:45:24 +0300] "GET /steyk-iz-svinoy-koreyki/ HTTP/1.0" 200 10117 "-" "Mozilla/5.0 (compatible; AhrefsBot/7.0; +http://ahrefs.com/robot/)"
89.111.170.8 - - [14/Apr/2026:10:46:09 +0300] "GET / HTTP/1.0" 200 71217 "-" "https://reg.ru monitoring abuse@reg.ru"
89.111.141.101 - - [14/Apr/2026:10:49:18 +0300] "GET / HTTP/1.0" 200 71217 "-" "https://reg.ru monitoring abuse@reg.ru"
92.242.60.14 - - [14/Apr/2026:10:49:36 +0300] "GET / HTTP/1.0" 200 71217 "-" "https://reg.ru monitoring abuse@reg.ru"
89.111.170.8 - - [14/Apr/2026:10:51:15 +0300] "GET / HTTP/1.0" 200 71217 "-" "https://reg.ru monitoring abuse@reg.ru"
66.249.64.66 - - [14/Apr/2026:10:54:08 +0300] "GET /meksikanskaya/ HTTP/1.0" 200 9960 "-" "Mozilla/5.0 (Linux; Android 6.0.1; Nexus 5X Build/MMB29P) AppleWebKit/537.36 (KHTML, like Gecko) Chrome/146.0.7680.177 Mobile Safari/537.36 (compatible; Googlebot/2.1; +http://www.google.com/bot.html)"
66.249.78.33 - - [14/Apr/2026:10:54:23 +0300] "GET /meksikanskaya/reviews/ HTTP/1.0" 200 8087 "https://mishkagastrobar.ru/meksikanskaya/" "Mozilla/5.0 (Linux; Android 6.0.1; Nexus 5X Build/MMB29P) AppleWebKit/537.36 (KHTML, like Gecko) Chrome/146.0.7680.177 Mobile Safari/537.36 (compatible; Googlebot/2.1; +http://www.google.com/bot.html)"
89.111.141.101 - - [14/Apr/2026:10:54:24 +0300] "GET / HTTP/1.0" 200 71217 "-" "https://reg.ru monitoring abuse@reg.ru"
92.242.60.14 - - [14/Apr/2026:10:54:44 +0300] "GET / HTTP/1.0" 200 71217 "-" "https://reg.ru monitoring abuse@reg.ru"
89.111.170.8 - - [14/Apr/2026:10:56:29 +0300] "GET / HTTP/1.0" 200 71217 "-" "https://reg.ru monitoring abuse@reg.ru"
43.157.172.39 - - [14/Apr/2026:10:58:40 +0300] "GET / HTTP/1.1" 301 196 "-" "Mozilla/5.0 (iPhone; CPU iPhone OS 13_2_3 like Mac OS X) AppleWebKit/605.1.15 (KHTML, like Gecko) Version/13.0.3 Mobile/15E148 Safari/604.1"
43.157.172.39 - - [14/Apr/2026:10:58:42 +0300] "GET / HTTP/1.0" 301 220 "http://www.mishkagastrobar.ru" "Mozilla/5.0 (iPhone; CPU iPhone OS 13_2_3 like Mac OS X) AppleWebKit/605.1.15 (KHTML, like Gecko) Version/13.0.3 Mobile/15E148 Safari/604.1"
43.157.172.39 - - [14/Apr/2026:10:58:45 +0300] "GET / HTTP/1.0" 200 12155 "https://www.mishkagastrobar.ru:443/" "Mozilla/5.0 (iPhone; CPU iPhone OS 13_2_3 like Mac OS X) AppleWebKit/605.1.15 (KHTML, like Gecko) Version/13.0.3 Mobile/15E148 Safari/604.1"
89.111.141.101 - - [14/Apr/2026:10:59:34 +0300] "GET / HTTP/1.0" 200 71217 "-" "https://reg.ru monitoring abuse@reg.ru"
92.242.60.14 - - [14/Apr/2026:10:59:51 +0300] "GET / HTTP/1.0" 200 71217 "-" "https://reg.ru monitoring abuse@reg.ru"
89.111.170.8 - - [14/Apr/2026:11:01:35 +0300] "GET / HTTP/1.0" 200 71217 "-" "https://reg.ru monitoring abuse@reg.ru"
66.249.89.130 - - [14/Apr/2026:11:04:39 +0300] "GET /category/goryachie/ HTTP/1.0" 200 11119 "-" "Mozilla/5.0 (X11; Linux x86_64) AppleWebKit/537.36 (KHTML, like Gecko) Chrome/146.0.7680.164 Safari/537.36"
66.249.89.129 - - [14/Apr/2026:11:04:41 +0300] "GET /wa-data/public/shop/themes/topshop/user.css?2.0.1 HTTP/1.1" 200 0 "https://mishkagastrobar.ru/category/goryachie/" "Mozilla/5.0 (X11; Linux x86_64) AppleWebKit/537.36 (KHTML, like Gecko) Chrome/146.0.7680.164 Safari/537.36"
89.111.141.101 - - [14/Apr/2026:11:04:43 +0300] "GET / HTTP/1.0" 200 71217 "-" "https://reg.ru monitoring abuse@reg.ru"
66.249.89.128 - - [14/Apr/2026:11:04:44 +0300] "GET /wa-content/js/jquery-ui/jquery.ui.core.min.js?v2.0.1 HTTP/1.1" 200 2044 "https://mishkagastrobar.ru/category/goryachie/" "Mozilla/5.0 (X11; Linux x86_64) AppleWebKit/537.36 (KHTML, like Gecko) Chrome/146.0.7680.164 Safari/537.36"
66.249.89.128 - - [14/Apr/2026:11:04:51 +0300] "GET /wa-data/public/shop/themes/topshop/js/lazy.load.js?v8.10.0.32 HTTP/1.1" 200 746 "https://mishkagastrobar.ru/category/goryachie/" "Mozilla/5.0 (X11; Linux x86_64) AppleWebKit/537.36 (KHTML, like Gecko) Chrome/146.0.7680.164 Safari/537.36"
66.249.89.128 - - [14/Apr/2026:11:04:56 +0300] "GET /wa-content/font/ruble/arial/fontface.css HTTP/1.1" 200 383 "https://mishkagastrobar.ru/category/goryachie/" "Mozilla/5.0 (X11; Linux x86_64) AppleWebKit/537.36 (KHTML, like Gecko) Chrome/146.0.7680.164 Safari/537.36"
66.249.89.128 - - [14/Apr/2026:11:04:59 +0300] "GET /wa-data/public/shop/themes/topshop/shop.js HTTP/1.1" 200 8664 "https://mishkagastrobar.ru/category/goryachie/" "Mozilla/5.0 (X11; Linux x86_64) AppleWebKit/537.36 (KHTML, like Gecko) Chrome/146.0.7680.164 Safari/537.36"
66.249.89.129 - - [14/Apr/2026:11:05:01 +0300] "GET /wa-content/js/jquery/jquery-migrate-1.2.1.min.js HTTP/1.1" 200 3076 "https://mishkagastrobar.ru/category/goryachie/" "Mozilla/5.0 (X11; Linux x86_64) AppleWebKit/537.36 (KHTML, like Gecko) Chrome/146.0.7680.164 Safari/537.36"
92.242.60.14 - - [14/Apr/2026:11:05:01 +0300] "GET / HTTP/1.0" 200 71217 "-" "https://reg.ru monitoring abuse@reg.ru"
66.249.89.129 - - [14/Apr/2026:11:05:06 +0300] "GET /wa-data/public/shop/themes/topshop/js/jquery.cookie.js HTTP/1.1" 200 422 "https://mishkagastrobar.ru/category/goryachie/" "Mozilla/5.0 (X11; Linux x86_64) AppleWebKit/537.36 (KHTML, like Gecko) Chrome/146.0.7680.164 Safari/537.36"
66.249.89.129 - - [14/Apr/2026:11:05:09 +0300] "GET /wa-data/public/shop/themes/topshop/js/jquery.ui.touch-punch.min.js?v8.10.0.32 HTTP/1.1" 200 479 "https://mishkagastrobar.ru/category/goryachie/" "Mozilla/5.0 (X11; Linux x86_64) AppleWebKit/537.36 (KHTML, like Gecko) Chrome/146.0.7680.164 Safari/537.36"
66.249.89.128 - - [14/Apr/2026:11:05:11 +0300] "GET /wa-data/public/shop/themes/topshop/css/font-express/express.min.css?2.0.1 HTTP/1.1" 200 659 "https://mishkagastrobar.ru/category/goryachie/" "Mozilla/5.0 (X11; Linux x86_64) AppleWebKit/537.36 (KHTML, like Gecko) Chrome/146.0.7680.164 Safari/537.36"
66.249.89.128 - - [14/Apr/2026:11:05:13 +0300] "GET /wa-apps/shop/plugins/callback/css/style.css?v2.0.2 HTTP/1.1" 200 3409 "https://mishkagastrobar.ru/category/goryachie/" "Mozilla/5.0 (X11; Linux x86_64) AppleWebKit/537.36 (KHTML, like Gecko) Chrome/146.0.7680.164 Safari/537.36"
66.249.89.128 - - [14/Apr/2026:11:05:18 +0300] "GET /wa-data/public/shop/themes/topshop/css/font-awesome/css/font-awesome.min.css?2.0.1 HTTP/1.1" 200 7115 "https://mishkagastrobar.ru/category/goryachie/" "Mozilla/5.0 (X11; Linux x86_64) AppleWebKit/537.36 (KHTML, like Gecko) Chrome/146.0.7680.164 Safari/537.36"
66.249.89.128 - - [14/Apr/2026:11:05:20 +0300] "GET /wa-apps/shop/plugins/callback/js/scripts.js HTTP/1.1" 200 611 "https://mishkagastrobar.ru/category/goryachie/" "Mozilla/5.0 (X11; Linux x86_64) AppleWebKit/537.36 (KHTML, like Gecko) Chrome/146.0.7680.164 Safari/537.36"
66.249.89.128 - - [14/Apr/2026:11:05:23 +0300] "GET /wa-data/public/shop/themes/topshop/img/logo.png?v1593734829 HTTP/1.1" 200 34557 "https://mishkagastrobar.ru/category/goryachie/" "Mozilla/5.0 (X11; Linux x86_64) AppleWebKit/537.36 (KHTML, like Gecko) Chrome/146.0.7680.164 Safari/537.36"
66.249.89.128 - - [14/Apr/2026:11:05:25 +0300] "GET /wa-data/public/shop/themes/topshop/lazyloading.js?v3.4.31 HTTP/1.1" 200 556 "https://mishkagastrobar.ru/category/goryachie/" "Mozilla/5.0 (X11; Linux x86_64) AppleWebKit/537.36 (KHTML, like Gecko) Chrome/146.0.7680.164 Safari/537.36"
66.249.89.128 - - [14/Apr/2026:11:05:30 +0300] "GET /wa-data/public/shop/themes/topshop/js/jquery.countdownTimer.min.js?v=2.0.1 HTTP/1.1" 200 3063 "https://mishkagastrobar.ru/category/goryachie/" "Mozilla/5.0 (X11; Linux x86_64) AppleWebKit/537.36 (KHTML, like Gecko) Chrome/146.0.7680.164 Safari/537.36"
66.249.89.128 - - [14/Apr/2026:11:05:32 +0300] "GET /wa-data/public/shop/themes/topshop/style-11.css?2.0.1 HTTP/1.1" 200 28422 "https://mishkagastrobar.ru/category/goryachie/" "Mozilla/5.0 (X11; Linux x86_64) AppleWebKit/537.36 (KHTML, like Gecko) Chrome/146.0.7680.164 Safari/537.36"
66.249.89.128 - - [14/Apr/2026:11:05:34 +0300] "GET /wa-data/public/shop/themes/topshop/css/fonts/fonts.css?2.0.1 HTTP/1.1" 200 241 "https://mishkagastrobar.ru/category/goryachie/" "Mozilla/5.0 (X11; Linux x86_64) AppleWebKit/537.36 (KHTML, like Gecko) Chrome/146.0.7680.164 Safari/537.36"
66.249.89.128 - - [14/Apr/2026:11:05:59 +0300] "GET /wa-data/public/shop/products/99/00/99/images/183/183.400.jpg HTTP/1.1" 200 41216 "https://mishkagastrobar.ru/category/goryachie/" "Mozilla/5.0 (X11; Linux x86_64) AppleWebKit/537.36 (KHTML, like Gecko) Chrome/146.0.7680.164 Safari/537.36"
66.249.89.130 - - [14/Apr/2026:11:06:04 +0300] "GET /wa-data/public/shop/products/00/01/100/images/106/106.400.jpg HTTP/1.1" 200 35152 "https://mishkagastrobar.ru/category/goryachie/" "Mozilla/5.0 (X11; Linux x86_64) AppleWebKit/537.36 (KHTML, like Gecko) Chrome/146.0.7680.164 Safari/537.36"
66.249.89.129 - - [14/Apr/2026:11:06:12 +0300] "GET /wa-data/public/shop/themes/topshop/css/owl.carousel.min.css HTTP/1.1" 200 1282 "https://mishkagastrobar.ru/wa-data/public/shop/themes/topshop/style-11.css?2.0.1" "Mozilla/5.0 (X11; Linux x86_64) AppleWebKit/537.36 (KHTML, like Gecko) Chrome/146.0.7680.164 Safari/537.36"
66.249.89.129 - - [14/Apr/2026:11:06:15 +0300] "GET /wa-data/public/shop/themes/topshop/css/jquery.bxslider.min.css HTTP/1.1" 200 756 "https://mishkagastrobar.ru/wa-data/public/shop/themes/topshop/style-11.css?2.0.1" "Mozilla/5.0 (X11; Linux x86_64) AppleWebKit/537.36 (KHTML, like Gecko) Chrome/146.0.7680.164 Safari/537.36"
89.111.170.8 - - [14/Apr/2026:11:06:41 +0300] "GET / HTTP/1.0" 200 71217 "-" "https://reg.ru monitoring abuse@reg.ru"
57.141.8.33 - - [14/Apr/2026:11:07:24 +0300] "GET /robots.txt HTTP/1.0" 206 312 "-" "facebookexternalhit/1.1 (+http://www.facebook.com/externalhit_uatext.php)"
57.141.8.5 - - [14/Apr/2026:11:07:25 +0300] "GET /robots.txt HTTP/1.0" 206 312 "-" "facebookexternalhit/1.1 (+http://www.facebook.com/externalhit_uatext.php)"
57.141.8.32 - - [14/Apr/2026:11:07:26 +0300] "GET /robots.txt HTTP/1.0" 206 312 "-" "facebookexternalhit/1.1 (+http://www.facebook.com/externalhit_uatext.php)"
57.141.0.2 - - [14/Apr/2026:11:07:28 +0300] "GET /sitemap.txt HTTP/1.0" 404 28439 "-" "meta-externalagent/1.1 (+https://developers.facebook.com/docs/sharing/webmasters/crawler)"
89.111.141.101 - - [14/Apr/2026:11:09:52 +0300] "GET / HTTP/1.0" 200 71217 "-" "https://reg.ru monitoring abuse@reg.ru"
92.242.60.14 - - [14/Apr/2026:11:10:09 +0300] "GET / HTTP/1.0" 200 71217 "-" "https://reg.ru monitoring abuse@reg.ru"
89.111.170.8 - - [14/Apr/2026:11:11:49 +0300] "GET / HTTP/1.0" 200 71217 "-" "https://reg.ru monitoring abuse@reg.ru"
89.111.141.101 - - [14/Apr/2026:11:15:00 +0300] "GET / HTTP/1.0" 200 71217 "-" "https://reg.ru monitoring abuse@reg.ru"
92.242.60.14 - - [14/Apr/2026:11:15:14 +0300] "GET / HTTP/1.0" 200 71217 "-" "https://reg.ru monitoring abuse@reg.ru"
91.184.244.208 - - [14/Apr/2026:11:16:01 +0300] "GET / HTTP/1.0" 200 68811 "-" "Mozilla/5.0 (iPhone; U; CPU iPhone OS 4_3_3 like Mac OS X; ja-jp) AppleWebKit/533.17.9 (KHTML, like Gecko) Version/5.0.2 Mobile/8J2 Safari/6533.18.5"
91.184.244.208 - - [14/Apr/2026:11:16:01 +0300] "GET / HTTP/1.1" 301 196 "-" "Mozilla/5.0 (iPhone; U; CPU iPhone OS 4_3_3 like Mac OS X; ja-jp) AppleWebKit/533.17.9 (KHTML, like Gecko) Version/5.0.2 Mobile/8J2 Safari/6533.18.5"
91.184.244.208 - - [14/Apr/2026:11:16:01 +0300] "GET / HTTP/1.0" 200 68745 "-" "Mozilla/5.0 (iPhone; U; CPU iPhone OS 4_3_3 like Mac OS X; ja-jp) AppleWebKit/533.17.9 (KHTML, like Gecko) Version/5.0.2 Mobile/8J2 Safari/6533.18.5"
89.111.170.8 - - [14/Apr/2026:11:16:57 +0300] "GET / HTTP/1.0" 200 71217 "-" "https://reg.ru monitoring abuse@reg.ru"
89.111.141.101 - - [14/Apr/2026:11:20:06 +0300] "GET / HTTP/1.0" 200 71217 "-" "https://reg.ru monitoring abuse@reg.ru"
92.242.60.14 - - [14/Apr/2026:11:20:22 +0300] "GET / HTTP/1.0" 200 71217 "-" "https://reg.ru monitoring abuse@reg.ru"
216.73.216.114 - - [14/Apr/2026:11:21:35 +0300] "GET /robots.txt HTTP/1.0" 301 230 "-" "Mozilla/5.0 AppleWebKit/537.36 (KHTML, like Gecko; compatible; ClaudeBot/1.0; +claudebot@anthropic.com)"
216.73.216.114 - - [14/Apr/2026:11:21:37 +0300] "GET /robots.txt HTTP/1.0" 200 290 "https://www.mishkagastrobar.ru/robots.txt" "Mozilla/5.0 AppleWebKit/537.36 (KHTML, like Gecko; compatible; ClaudeBot/1.0; +claudebot@anthropic.com)"
216.73.216.114 - - [14/Apr/2026:11:21:37 +0300] "GET /sitemap.xml HTTP/1.0" 301 231 "-" "Mozilla/5.0 AppleWebKit/537.36 (KHTML, like Gecko; compatible; ClaudeBot/1.0; +claudebot@anthropic.com)"
216.73.216.114 - - [14/Apr/2026:11:21:38 +0300] "GET /sitemap.xml HTTP/1.0" 200 529 "https://www.mishkagastrobar.ru/sitemap.xml" "Mozilla/5.0 AppleWebKit/537.36 (KHTML, like Gecko; compatible; ClaudeBot/1.0; +claudebot@anthropic.com)"
89.111.170.8 - - [14/Apr/2026:11:22:02 +0300] "GET / HTTP/1.0" 200 71217 "-" "https://reg.ru monitoring abuse@reg.ru"
89.111.141.101 - - [14/Apr/2026:11:25:06 +0300] "GET / HTTP/1.0" 200 71217 "-" "https://reg.ru monitoring abuse@reg.ru"
92.242.60.14 - - [14/Apr/2026:11:25:31 +0300] "GET / HTTP/1.0" 200 71217 "-" "https://reg.ru monitoring abuse@reg.ru"
89.111.170.8 - - [14/Apr/2026:11:27:06 +0300] "GET / HTTP/1.0" 200 71217 "-" "https://reg.ru monitoring abuse@reg.ru"
89.111.141.101 - - [14/Apr/2026:11:30:12 +0300] "GET / HTTP/1.0" 200 71217 "-" "https://reg.ru monitoring abuse@reg.ru"
92.242.60.14 - - [14/Apr/2026:11:30:39 +0300] "GET / HTTP/1.0" 200 71217 "-" "https://reg.ru monitoring abuse@reg.ru"
68.183.41.98 - - [14/Apr/2026:11:31:43 +0300] "GET / HTTP/1.1" 301 196 "-" "Mozilla/5.0 (X11; Linux x86_64; rv:142.0) Gecko/20100101 Firefox/142.0"
68.183.41.98 - - [14/Apr/2026:11:31:43 +0300] "GET /favicon.ico HTTP/1.1" 301 196 "http://mishkagastrobar.ru/" "Mozilla/5.0 (X11; Linux x86_64; rv:142.0) Gecko/20100101 Firefox/142.0"
68.183.41.98 - - [14/Apr/2026:11:31:43 +0300] "GET / HTTP/1.0" 200 12151 "-" "Mozilla/5.0 (X11; Linux x86_64; rv:142.0) Gecko/20100101 Firefox/142.0"
68.183.41.98 - - [14/Apr/2026:11:31:46 +0300] "GET /favicon.ico HTTP/1.0" 200 978 "https://mishkagastrobar.ru/" "Mozilla/5.0 (X11; Linux x86_64; rv:142.0) Gecko/20100101 Firefox/142.0"
89.111.170.8 - - [14/Apr/2026:11:32:19 +0300] "GET / HTTP/1.0" 200 71217 "-" "https://reg.ru monitoring abuse@reg.ru"
89.111.141.101 - - [14/Apr/2026:11:35:24 +0300] "GET / HTTP/1.0" 200 71217 "-" "https://reg.ru monitoring abuse@reg.ru"
92.242.60.14 - - [14/Apr/2026:11:35:43 +0300] "GET / HTTP/1.0" 200 71217 "-" "https://reg.ru monitoring abuse@reg.ru"
89.111.170.8 - - [14/Apr/2026:11:37:21 +0300] "GET / HTTP/1.0" 200 71217 "-" "https://reg.ru monitoring abuse@reg.ru"
66.249.64.64 - - [14/Apr/2026:11:37:39 +0300] "GET / HTTP/1.0" 200 12151 "-" "Mozilla/5.0 (compatible; Googlebot/2.1; +http://www.google.com/bot.html)"
89.111.141.101 - - [14/Apr/2026:11:40:28 +0300] "GET / HTTP/1.0" 200 71217 "-" "https://reg.ru monitoring abuse@reg.ru"
92.242.60.14 - - [14/Apr/2026:11:40:50 +0300] "GET / HTTP/1.0" 200 71217 "-" "https://reg.ru monitoring abuse@reg.ru"
89.111.170.8 - - [14/Apr/2026:11:42:25 +0300] "GET / HTTP/1.0" 200 71217 "-" "https://reg.ru monitoring abuse@reg.ru"
51.89.129.43 - - [14/Apr/2026:11:44:29 +0300] "GET /category/rolly/ HTTP/1.0" 200 11609 "-" "Mozilla/5.0 (compatible; AhrefsBot/7.0; +http://ahrefs.com/robot/)"
89.111.141.101 - - [14/Apr/2026:11:45:36 +0300] "GET / HTTP/1.0" 200 71217 "-" "https://reg.ru monitoring abuse@reg.ru"
92.242.60.14 - - [14/Apr/2026:11:45:57 +0300] "GET / HTTP/1.0" 200 71217 "-" "https://reg.ru monitoring abuse@reg.ru"
66.249.89.128 - - [14/Apr/2026:11:46:39 +0300] "GET /category/napitki/ HTTP/1.0" 200 9104 "-" "Mozilla/5.0 (X11; Linux x86_64) AppleWebKit/537.36 (KHTML, like Gecko) Chrome/146.0.7680.164 Safari/537.36"
66.249.89.130 - - [14/Apr/2026:11:47:01 +0300] "GET /wa-data/public/shop/themes/topshop/css/bootstrap.min.css?2.0.1 HTTP/1.1" 200 17575 "https://mishkagastrobar.ru/category/napitki/" "Mozilla/5.0 (X11; Linux x86_64) AppleWebKit/537.36 (KHTML, like Gecko) Chrome/146.0.7680.164 Safari/537.36"
66.249.89.129 - - [14/Apr/2026:11:47:09 +0300] "GET /wa-data/public/shop/themes/topshop/css/order.css?2.0.1 HTTP/1.1" 200 1747 "https://mishkagastrobar.ru/category/napitki/" "Mozilla/5.0 (X11; Linux x86_64) AppleWebKit/537.36 (KHTML, like Gecko) Chrome/146.0.7680.164 Safari/537.36"
66.249.89.128 - - [14/Apr/2026:11:47:21 +0300] "GET /wa-data/public/shop/themes/topshop/js/jquery-1.11.1.min.js HTTP/1.1" 200 33496 "https://mishkagastrobar.ru/category/napitki/" "Mozilla/5.0 (X11; Linux x86_64) AppleWebKit/537.36 (KHTML, like Gecko) Chrome/146.0.7680.164 Safari/537.36"
66.249.89.128 - - [14/Apr/2026:11:47:28 +0300] "GET /wa-data/public/shop/themes/topshop/js/owl.carousel.min.js HTTP/1.1" 200 6534 "https://mishkagastrobar.ru/category/napitki/" "Mozilla/5.0 (X11; Linux x86_64) AppleWebKit/537.36 (KHTML, like Gecko) Chrome/146.0.7680.164 Safari/537.36"
66.249.89.128 - - [14/Apr/2026:11:47:32 +0300] "GET /wa-data/public/shop/themes/topshop/js/jquery.scrollTo.js HTTP/1.1" 200 1144 "https://mishkagastrobar.ru/category/napitki/" "Mozilla/5.0 (X11; Linux x86_64) AppleWebKit/537.36 (KHTML, like Gecko) Chrome/146.0.7680.164 Safari/537.36"
66.249.89.128 - - [14/Apr/2026:11:47:34 +0300] "GET /wa-data/public/shop/themes/topshop/js/jquery.ui.widget.min.js?v2.0.1 HTTP/1.1" 200 1181 "https://mishkagastrobar.ru/category/napitki/" "Mozilla/5.0 (X11; Linux x86_64) AppleWebKit/537.36 (KHTML, like Gecko) Chrome/146.0.7680.164 Safari/537.36"
66.249.89.128 - - [14/Apr/2026:11:47:37 +0300] "GET /wa-content/js/jquery-ui/jquery.ui.slider.min.js?v2.0.1 HTTP/1.1" 200 2858 "https://mishkagastrobar.ru/category/napitki/" "Mozilla/5.0 (X11; Linux x86_64) AppleWebKit/537.36 (KHTML, like Gecko) Chrome/146.0.7680.164 Safari/537.36"
89.111.170.8 - - [14/Apr/2026:11:47:39 +0300] "GET / HTTP/1.0" 200 71217 "-" "https://reg.ru monitoring abuse@reg.ru"
66.249.89.128 - - [14/Apr/2026:11:47:44 +0300] "GET /wa-data/public/shop/themes/topshop/js/jquery.ui.mouse.min.js?v2.0.1 HTTP/1.1" 200 820 "https://mishkagastrobar.ru/category/napitki/" "Mozilla/5.0 (X11; Linux x86_64) AppleWebKit/537.36 (KHTML, like Gecko) Chrome/146.0.7680.164 Safari/537.36"
66.249.89.128 - - [14/Apr/2026:11:47:47 +0300] "GET /wa-data/public/shop/products/33/00/33/images/38/38.400.jpg HTTP/1.1" 200 13151 "https://mishkagastrobar.ru/category/napitki/" "Mozilla/5.0 (X11; Linux x86_64) AppleWebKit/537.36 (KHTML, like Gecko) Chrome/146.0.7680.164 Safari/537.36"
66.249.89.128 - - [14/Apr/2026:11:47:51 +0300] "GET /wa-data/public/shop/products/27/00/27/images/32/32.400.jpg HTTP/1.1" 200 16144 "https://mishkagastrobar.ru/category/napitki/" "Mozilla/5.0 (X11; Linux x86_64) AppleWebKit/537.36 (KHTML, like Gecko) Chrome/146.0.7680.164 Safari/537.36"
66.249.89.128 - - [14/Apr/2026:11:47:55 +0300] "GET /wa-data/public/shop/products/28/00/28/images/33/33.400.jpg HTTP/1.1" 200 19430 "https://mishkagastrobar.ru/category/napitki/" "Mozilla/5.0 (X11; Linux x86_64) AppleWebKit/537.36 (KHTML, like Gecko) Chrome/146.0.7680.164 Safari/537.36"
66.249.89.130 - - [14/Apr/2026:11:48:02 +0300] "GET /wa-data/public/shop/products/29/00/29/images/34/34.400.jpg HTTP/1.1" 200 18553 "https://mishkagastrobar.ru/category/napitki/" "Mozilla/5.0 (X11; Linux x86_64) AppleWebKit/537.36 (KHTML, like Gecko) Chrome/146.0.7680.164 Safari/537.36"
66.249.89.128 - - [14/Apr/2026:11:48:16 +0300] "GET /wa-apps/shop/plugins/callback/js/jquery.formstyler.min.js HTTP/1.1" 200 3908 "https://mishkagastrobar.ru/category/napitki/" "Mozilla/5.0 (X11; Linux x86_64) AppleWebKit/537.36 (KHTML, like Gecko) Chrome/146.0.7680.164 Safari/537.36"
66.249.89.129 - - [14/Apr/2026:11:48:20 +0300] "GET /wa-data/public/shop/themes/topshop/css/font-express/express.ttf?h5zfs3 HTTP/1.0" 200 27579 "https://mishkagastrobar.ru/wa-data/public/shop/themes/topshop/css/font-express/express.min.css?2.0.1" "Mozilla/5.0 (X11; Linux x86_64) AppleWebKit/537.36 (KHTML, like Gecko) Chrome/146.0.7680.164 Safari/537.36"
66.249.89.128 - - [14/Apr/2026:11:48:32 +0300] "GET /wa-data/public/shop/themes/topshop/css/font-awesome/fonts/fontawesome-webfont.woff2?v=4.7.0 HTTP/1.1" 200 77160 "https://mishkagastrobar.ru/wa-data/public/shop/themes/topshop/css/font-awesome/css/font-awesome.min.css?2.0.1" "Mozilla/5.0 (X11; Linux x86_64) AppleWebKit/537.36 (KHTML, like Gecko) Chrome/146.0.7680.164 Safari/537.36"
66.249.89.128 - - [14/Apr/2026:11:48:40 +0300] "GET /wa-data/public/shop/wmimageincatPlugin/categories/2/icon_72.png HTTP/1.1" 200 5139 "https://mishkagastrobar.ru/category/napitki/" "Mozilla/5.0 (X11; Linux x86_64) AppleWebKit/537.36 (KHTML, like Gecko) Chrome/146.0.7680.164 Safari/537.36"
66.249.89.128 - - [14/Apr/2026:11:48:42 +0300] "GET /wa-data/public/shop/wmimageincatPlugin/categories/4/icon_73.png HTTP/1.1" 200 3608 "https://mishkagastrobar.ru/category/napitki/" "Mozilla/5.0 (X11; Linux x86_64) AppleWebKit/537.36 (KHTML, like Gecko) Chrome/146.0.7680.164 Safari/537.36"
66.249.89.128 - - [14/Apr/2026:11:48:49 +0300] "GET /wa-data/public/shop/wmimageincatPlugin/categories/5/icon_76.png HTTP/1.1" 200 3450 "https://mishkagastrobar.ru/category/napitki/" "Mozilla/5.0 (X11; Linux x86_64) AppleWebKit/537.36 (KHTML, like Gecko) Chrome/146.0.7680.164 Safari/537.36"
66.249.89.128 - - [14/Apr/2026:11:48:51 +0300] "GET /wa-data/public/shop/wmimageincatPlugin/categories/8/icon_77.png HTTP/1.1" 200 4325 "https://mishkagastrobar.ru/category/napitki/" "Mozilla/5.0 (X11; Linux x86_64) AppleWebKit/537.36 (KHTML, like Gecko) Chrome/146.0.7680.164 Safari/537.36"
66.249.89.128 - - [14/Apr/2026:11:48:55 +0300] "GET /wa-data/public/shop/wmimageincatPlugin/categories/20/icon_86.png HTTP/1.1" 200 3757 "https://mishkagastrobar.ru/category/napitki/" "Mozilla/5.0 (X11; Linux x86_64) AppleWebKit/537.36 (KHTML, like Gecko) Chrome/146.0.7680.164 Safari/537.36"
66.249.89.128 - - [14/Apr/2026:11:48:58 +0300] "GET /wa-data/public/shop/wmimageincatPlugin/categories/7/icon_79.png HTTP/1.1" 200 4504 "https://mishkagastrobar.ru/category/napitki/" "Mozilla/5.0 (X11; Linux x86_64) AppleWebKit/537.36 (KHTML, like Gecko) Chrome/146.0.7680.164 Safari/537.36"
89.111.141.101 - - [14/Apr/2026:11:50:44 +0300] "GET / HTTP/1.0" 200 71217 "-" "https://reg.ru monitoring abuse@reg.ru"
92.242.60.14 - - [14/Apr/2026:11:51:03 +0300] "GET / HTTP/1.0" 200 71217 "-" "https://reg.ru monitoring abuse@reg.ru"
14.176.17.158 - - [14/Apr/2026:11:52:09 +0300] "GET /category/supy/ HTTP/1.0" 200 10138 "-" "Mozilla/5.0 (iPhone; CPU iPhone OS 17_3_1 like Mac OS X) AppleWebKit/533.1 (KHTML, like Gecko) FxiOS/10.8d1913.0 Mobile/12O769 Safari/533.1"
89.111.170.8 - - [14/Apr/2026:11:52:44 +0300] "GET / HTTP/1.0" 200 71217 "-" "https://reg.ru monitoring abuse@reg.ru"
89.111.141.101 - - [14/Apr/2026:11:55:46 +0300] "GET / HTTP/1.0" 200 71217 "-" "https://reg.ru monitoring abuse@reg.ru"
92.242.60.14 - - [14/Apr/2026:11:56:11 +0300] "GET / HTTP/1.0" 200 71217 "-" "https://reg.ru monitoring abuse@reg.ru"
85.208.96.201 - - [14/Apr/2026:11:57:26 +0300] "GET /robots.txt HTTP/1.0" 200 290 "-" "Mozilla/5.0 (compatible; SemrushBot/7~bl; +http://www.semrush.com/bot.html)"
85.208.96.205 - - [14/Apr/2026:11:57:26 +0300] "GET /wok-lapsha-s-kuritsey-1-1-1/ HTTP/1.0" 200 10359 "-" "Mozilla/5.0 (compatible; SemrushBot/7~bl; +http://www.semrush.com/bot.html)"
89.111.170.8 - - [14/Apr/2026:11:57:48 +0300] "GET / HTTP/1.0" 200 71217 "-" "https://reg.ru monitoring abuse@reg.ru"
66.249.89.128 - - [14/Apr/2026:11:58:26 +0300] "GET /po-domashnemu/ HTTP/1.0" 200 11073 "-" "Mozilla/5.0 (X11; Linux x86_64) AppleWebKit/537.36 (KHTML, like Gecko) Chrome/146.0.7680.164 Safari/537.36"
66.249.89.128 - - [14/Apr/2026:11:58:45 +0300] "GET /wa-content/font/ruble/arial/fontface.css HTTP/1.1" 200 383 "https://mishkagastrobar.ru/po-domashnemu/" "Mozilla/5.0 (X11; Linux x86_64) AppleWebKit/537.36 (KHTML, like Gecko) Chrome/146.0.7680.164 Safari/537.36"
66.249.89.128 - - [14/Apr/2026:11:58:49 +0300] "GET /wa-data/public/shop/themes/topshop/css/bootstrap.min.css?2.0.1 HTTP/1.1" 200 17575 "https://mishkagastrobar.ru/po-domashnemu/" "Mozilla/5.0 (X11; Linux x86_64) AppleWebKit/537.36 (KHTML, like Gecko) Chrome/146.0.7680.164 Safari/537.36"
66.249.89.128 - - [14/Apr/2026:11:59:00 +0300] "GET /wa-data/public/shop/themes/topshop/css/order.css?2.0.1 HTTP/1.1" 200 1747 "https://mishkagastrobar.ru/po-domashnemu/" "Mozilla/5.0 (X11; Linux x86_64) AppleWebKit/537.36 (KHTML, like Gecko) Chrome/146.0.7680.164 Safari/537.36"
66.249.89.128 - - [14/Apr/2026:11:59:04 +0300] "GET /wa-content/js/jquery-ui/jquery.ui.core.min.js?v2.0.1 HTTP/1.1" 200 2044 "https://mishkagastrobar.ru/po-domashnemu/" "Mozilla/5.0 (X11; Linux x86_64) AppleWebKit/537.36 (KHTML, like Gecko) Chrome/146.0.7680.164 Safari/537.36"
66.249.89.129 - - [14/Apr/2026:11:59:07 +0300] "GET /wa-data/public/shop/themes/topshop/css/font-express/express.min.css?2.0.1 HTTP/1.1" 200 659 "https://mishkagastrobar.ru/po-domashnemu/" "Mozilla/5.0 (X11; Linux x86_64) AppleWebKit/537.36 (KHTML, like Gecko) Chrome/146.0.7680.164 Safari/537.36"
66.249.89.128 - - [14/Apr/2026:11:59:13 +0300] "GET /wa-data/public/shop/themes/topshop/js/jquery-1.11.1.min.js HTTP/1.1" 200 33496 "https://mishkagastrobar.ru/po-domashnemu/" "Mozilla/5.0 (X11; Linux x86_64) AppleWebKit/537.36 (KHTML, like Gecko) Chrome/146.0.7680.164 Safari/537.36"
66.249.89.128 - - [14/Apr/2026:11:59:20 +0300] "GET /wa-apps/shop/plugins/callback/js/scripts.js HTTP/1.1" 200 611 "https://mishkagastrobar.ru/po-domashnemu/" "Mozilla/5.0 (X11; Linux x86_64) AppleWebKit/537.36 (KHTML, like Gecko) Chrome/146.0.7680.164 Safari/537.36"
66.249.89.128 - - [14/Apr/2026:11:59:22 +0300] "GET /wa-data/public/shop/themes/topshop/js/owl.carousel.min.js HTTP/1.1" 200 6534 "https://mishkagastrobar.ru/po-domashnemu/" "Mozilla/5.0 (X11; Linux x86_64) AppleWebKit/537.36 (KHTML, like Gecko) Chrome/146.0.7680.164 Safari/537.36"
66.249.89.129 - - [14/Apr/2026:11:59:26 +0300] "GET /wa-data/public/shop/themes/topshop/user.css?2.0.1 HTTP/1.1" 200 0 "https://mishkagastrobar.ru/po-domashnemu/" "Mozilla/5.0 (X11; Linux x86_64) AppleWebKit/537.36 (KHTML, like Gecko) Chrome/146.0.7680.164 Safari/537.36"
66.249.89.129 - - [14/Apr/2026:11:59:34 +0300] "GET /wa-data/public/shop/themes/topshop/css/fonts/fonts.css?2.0.1 HTTP/1.1" 200 241 "https://mishkagastrobar.ru/po-domashnemu/" "Mozilla/5.0 (X11; Linux x86_64) AppleWebKit/537.36 (KHTML, like Gecko) Chrome/146.0.7680.164 Safari/537.36"
66.249.89.128 - - [14/Apr/2026:11:59:37 +0300] "GET /wa-data/public/shop/themes/topshop/css/font-awesome/css/font-awesome.min.css?2.0.1 HTTP/1.1" 200 7115 "https://mishkagastrobar.ru/po-domashnemu/" "Mozilla/5.0 (X11; Linux x86_64) AppleWebKit/537.36 (KHTML, like Gecko) Chrome/146.0.7680.164 Safari/537.36"
66.249.89.128 - - [14/Apr/2026:11:59:40 +0300] "GET /wa-content/js/jquery-ui/jquery.ui.slider.min.js?v2.0.1 HTTP/1.1" 200 2858 "https://mishkagastrobar.ru/po-domashnemu/" "Mozilla/5.0 (X11; Linux x86_64) AppleWebKit/537.36 (KHTML, like Gecko) Chrome/146.0.7680.164 Safari/537.36"
