87.250.224.4 - - [11/Apr/2026:10:45:10 +0300] "GET /media/jui/js/jquery.min.js?6260d104c5cf197fea2482e7036b2c2e HTTP/1.1" 200 97646 "https://dks.riat.ru/termopaneli/?utm_source=yandex&utm_medium=rsi&utm_campaign={campaign_id}&utm_content={ad_id}&utm_term={keyword}" "Mozilla/5.0 (compatible; YandexBot/3.0; +http://yandex.com/bots) AppleWebKit/537.36 (KHTML, like Gecko) Chrome/108.0.0.0"
176.15.245.82 - - [11/Apr/2026:10:45:10 +0300] "GET /components/com_jshopping/files/img_products/thumb_Elewacja_rustico_alaska.jpg HTTP/1.1" 200 23875 "https://dks.riat.ru/termopaneli/?utm_source=yandex&utm_medium=rsi&utm_campaign=66351781&utm_content=16812170070&utm_term=%D1%84%D0%B0%D1%81%D0%B0%D0%B4%D0%BD%D1%8B%D0%B5%20%D0%BF%D0%B0%D0%BD%D0%B5%D0%BB%D0%B8%20%D0%BA%D0%B0%D0%B7%D0%B0%D0%BD%D1%8C%20%D0%BA%D1%83%D0%BF%D0%B8%D1%82%D1%8C&etext=2202.fOc06KHALfNA20iptyhSewjoB243dbl9Jh0PQPRUIhMOu2YzvM2HagPhmRC7D-4b0JqfeQiPAARRgUPvobtaEzJjnP9VIU17webAmzxrHZpoZ3ndXNRSnEWFEsTseYnpTm7CnYWcSSMBPz32_hAEnbxjDu4EjBcgRGFW70BJzwr1D-eMWFnGXNTq-6m2Y4LXdmFtdmhraWpnem52b3Btcg.e109a30d13569d1fc804cc04b3d638f4d93be70d&yclid=2111899707784298495" "Mozilla/5.0 (Linux; arm_64; Android 13; RMX3501) AppleWebKit/537.36 (KHTML, like Gecko) Chrome/144.0.7559.706 YaSearchBrowser/26.35.1 BroPP/1.0 YaSearchApp/26.35.1 webOmni Mobile Safari/537.36"
176.15.245.82 - - [11/Apr/2026:10:45:10 +0300] "GET /components/com_jshopping/files/img_products/thumb_Elewacja_gladka_country_wisnia.jpg HTTP/1.1" 200 14701 "https://dks.riat.ru/termopaneli/?utm_source=yandex&utm_medium=rsi&utm_campaign=66351781&utm_content=16812170070&utm_term=%D1%84%D0%B0%D1%81%D0%B0%D0%B4%D0%BD%D1%8B%D0%B5%20%D0%BF%D0%B0%D0%BD%D0%B5%D0%BB%D0%B8%20%D0%BA%D0%B0%D0%B7%D0%B0%D0%BD%D1%8C%20%D0%BA%D1%83%D0%BF%D0%B8%D1%82%D1%8C&etext=2202.fOc06KHALfNA20iptyhSewjoB243dbl9Jh0PQPRUIhMOu2YzvM2HagPhmRC7D-4b0JqfeQiPAARRgUPvobtaEzJjnP9VIU17webAmzxrHZpoZ3ndXNRSnEWFEsTseYnpTm7CnYWcSSMBPz32_hAEnbxjDu4EjBcgRGFW70BJzwr1D-eMWFnGXNTq-6m2Y4LXdmFtdmhraWpnem52b3Btcg.e109a30d13569d1fc804cc04b3d638f4d93be70d&yclid=2111899707784298495" "Mozilla/5.0 (Linux; arm_64; Android 13; RMX3501) AppleWebKit/537.36 (KHTML, like Gecko) Chrome/144.0.7559.706 YaSearchBrowser/26.35.1 BroPP/1.0 YaSearchApp/26.35.1 webOmni Mobile Safari/537.36"
176.15.245.82 - - [11/Apr/2026:10:45:10 +0300] "GET /components/com_jshopping/files/img_products/thumb_Elewacja_gladka_rott.jpg HTTP/1.1" 200 13503 "https://dks.riat.ru/termopaneli/?utm_source=yandex&utm_medium=rsi&utm_campaign=66351781&utm_content=16812170070&utm_term=%D1%84%D0%B0%D1%81%D0%B0%D0%B4%D0%BD%D1%8B%D0%B5%20%D0%BF%D0%B0%D0%BD%D0%B5%D0%BB%D0%B8%20%D0%BA%D0%B0%D0%B7%D0%B0%D0%BD%D1%8C%20%D0%BA%D1%83%D0%BF%D0%B8%D1%82%D1%8C&etext=2202.fOc06KHALfNA20iptyhSewjoB243dbl9Jh0PQPRUIhMOu2YzvM2HagPhmRC7D-4b0JqfeQiPAARRgUPvobtaEzJjnP9VIU17webAmzxrHZpoZ3ndXNRSnEWFEsTseYnpTm7CnYWcSSMBPz32_hAEnbxjDu4EjBcgRGFW70BJzwr1D-eMWFnGXNTq-6m2Y4LXdmFtdmhraWpnem52b3Btcg.e109a30d13569d1fc804cc04b3d638f4d93be70d&yclid=2111899707784298495" "Mozilla/5.0 (Linux; arm_64; Android 13; RMX3501) AppleWebKit/537.36 (KHTML, like Gecko) Chrome/144.0.7559.706 YaSearchBrowser/26.35.1 BroPP/1.0 YaSearchApp/26.35.1 webOmni Mobile Safari/537.36"
176.15.245.82 - - [11/Apr/2026:10:45:10 +0300] "GET /components/com_jshopping/files/img_products/thumb_Elewacja_gladka_piaskowa.jpg HTTP/1.1" 200 14914 "https://dks.riat.ru/termopaneli/?utm_source=yandex&utm_medium=rsi&utm_campaign=66351781&utm_content=16812170070&utm_term=%D1%84%D0%B0%D1%81%D0%B0%D0%B4%D0%BD%D1%8B%D0%B5%20%D0%BF%D0%B0%D0%BD%D0%B5%D0%BB%D0%B8%20%D0%BA%D0%B0%D0%B7%D0%B0%D0%BD%D1%8C%20%D0%BA%D1%83%D0%BF%D0%B8%D1%82%D1%8C&etext=2202.fOc06KHALfNA20iptyhSewjoB243dbl9Jh0PQPRUIhMOu2YzvM2HagPhmRC7D-4b0JqfeQiPAARRgUPvobtaEzJjnP9VIU17webAmzxrHZpoZ3ndXNRSnEWFEsTseYnpTm7CnYWcSSMBPz32_hAEnbxjDu4EjBcgRGFW70BJzwr1D-eMWFnGXNTq-6m2Y4LXdmFtdmhraWpnem52b3Btcg.e109a30d13569d1fc804cc04b3d638f4d93be70d&yclid=2111899707784298495" "Mozilla/5.0 (Linux; arm_64; Android 13; RMX3501) AppleWebKit/537.36 (KHTML, like Gecko) Chrome/144.0.7559.706 YaSearchBrowser/26.35.1 BroPP/1.0 YaSearchApp/26.35.1 webOmni Mobile Safari/537.36"
176.15.245.82 - - [11/Apr/2026:10:45:10 +0300] "GET /components/com_jshopping/files/img_products/thumb_Elewacja_gladka_krem.jpg HTTP/1.1" 200 15044 "https://dks.riat.ru/termopaneli/?utm_source=yandex&utm_medium=rsi&utm_campaign=66351781&utm_content=16812170070&utm_term=%D1%84%D0%B0%D1%81%D0%B0%D0%B4%D0%BD%D1%8B%D0%B5%20%D0%BF%D0%B0%D0%BD%D0%B5%D0%BB%D0%B8%20%D0%BA%D0%B0%D0%B7%D0%B0%D0%BD%D1%8C%20%D0%BA%D1%83%D0%BF%D0%B8%D1%82%D1%8C&etext=2202.fOc06KHALfNA20iptyhSewjoB243dbl9Jh0PQPRUIhMOu2YzvM2HagPhmRC7D-4b0JqfeQiPAARRgUPvobtaEzJjnP9VIU17webAmzxrHZpoZ3ndXNRSnEWFEsTseYnpTm7CnYWcSSMBPz32_hAEnbxjDu4EjBcgRGFW70BJzwr1D-eMWFnGXNTq-6m2Y4LXdmFtdmhraWpnem52b3Btcg.e109a30d13569d1fc804cc04b3d638f4d93be70d&yclid=2111899707784298495" "Mozilla/5.0 (Linux; arm_64; Android 13; RMX3501) AppleWebKit/537.36 (KHTML, like Gecko) Chrome/144.0.7559.706 YaSearchBrowser/26.35.1 BroPP/1.0 YaSearchApp/26.35.1 webOmni Mobile Safari/537.36"
176.15.245.82 - - [11/Apr/2026:10:45:11 +0300] "GET /components/com_jshopping/files/img_products/thumb_Elewacja_gladka_burgund.jpg HTTP/1.1" 200 12815 "https://dks.riat.ru/termopaneli/?utm_source=yandex&utm_medium=rsi&utm_campaign=66351781&utm_content=16812170070&utm_term=%D1%84%D0%B0%D1%81%D0%B0%D0%B4%D0%BD%D1%8B%D0%B5%20%D0%BF%D0%B0%D0%BD%D0%B5%D0%BB%D0%B8%20%D0%BA%D0%B0%D0%B7%D0%B0%D0%BD%D1%8C%20%D0%BA%D1%83%D0%BF%D0%B8%D1%82%D1%8C&etext=2202.fOc06KHALfNA20iptyhSewjoB243dbl9Jh0PQPRUIhMOu2YzvM2HagPhmRC7D-4b0JqfeQiPAARRgUPvobtaEzJjnP9VIU17webAmzxrHZpoZ3ndXNRSnEWFEsTseYnpTm7CnYWcSSMBPz32_hAEnbxjDu4EjBcgRGFW70BJzwr1D-eMWFnGXNTq-6m2Y4LXdmFtdmhraWpnem52b3Btcg.e109a30d13569d1fc804cc04b3d638f4d93be70d&yclid=2111899707784298495" "Mozilla/5.0 (Linux; arm_64; Android 13; RMX3501) AppleWebKit/537.36 (KHTML, like Gecko) Chrome/144.0.7559.706 YaSearchBrowser/26.35.1 BroPP/1.0 YaSearchApp/26.35.1 webOmni Mobile Safari/537.36"
5.255.231.104 - - [11/Apr/2026:10:45:11 +0300] "GET /media/system/js/core.js?6260d104c5cf197fea2482e7036b2c2e HTTP/1.1" 200 8808 "https://dks.riat.ru/termopaneli/?utm_source=yandex&utm_medium=rsi&utm_campaign={campaign_id}&utm_content={ad_id}&utm_term={keyword}" "Mozilla/5.0 (compatible; YandexBot/3.0; +http://yandex.com/bots) AppleWebKit/537.36 (KHTML, like Gecko) Chrome/108.0.0.0"
176.15.245.82 - - [11/Apr/2026:10:45:11 +0300] "GET /components/com_jshopping/files/img_products/thumb_Elewacja_gladka_brazowa.jpg HTTP/1.1" 200 13942 "https://dks.riat.ru/termopaneli/?utm_source=yandex&utm_medium=rsi&utm_campaign=66351781&utm_content=16812170070&utm_term=%D1%84%D0%B0%D1%81%D0%B0%D0%B4%D0%BD%D1%8B%D0%B5%20%D0%BF%D0%B0%D0%BD%D0%B5%D0%BB%D0%B8%20%D0%BA%D0%B0%D0%B7%D0%B0%D0%BD%D1%8C%20%D0%BA%D1%83%D0%BF%D0%B8%D1%82%D1%8C&etext=2202.fOc06KHALfNA20iptyhSewjoB243dbl9Jh0PQPRUIhMOu2YzvM2HagPhmRC7D-4b0JqfeQiPAARRgUPvobtaEzJjnP9VIU17webAmzxrHZpoZ3ndXNRSnEWFEsTseYnpTm7CnYWcSSMBPz32_hAEnbxjDu4EjBcgRGFW70BJzwr1D-eMWFnGXNTq-6m2Y4LXdmFtdmhraWpnem52b3Btcg.e109a30d13569d1fc804cc04b3d638f4d93be70d&yclid=2111899707784298495" "Mozilla/5.0 (Linux; arm_64; Android 13; RMX3501) AppleWebKit/537.36 (KHTML, like Gecko) Chrome/144.0.7559.706 YaSearchBrowser/26.35.1 BroPP/1.0 YaSearchApp/26.35.1 webOmni Mobile Safari/537.36"
176.15.245.82 - - [11/Apr/2026:10:45:12 +0300] "GET /components/com_jshopping/files/img_products/thumb_Semir_grafit_strukt.jpg HTTP/1.1" 200 8494 "https://dks.riat.ru/termopaneli/?utm_source=yandex&utm_medium=rsi&utm_campaign=66351781&utm_content=16812170070&utm_term=%D1%84%D0%B0%D1%81%D0%B0%D0%B4%D0%BD%D1%8B%D0%B5%20%D0%BF%D0%B0%D0%BD%D0%B5%D0%BB%D0%B8%20%D0%BA%D0%B0%D0%B7%D0%B0%D0%BD%D1%8C%20%D0%BA%D1%83%D0%BF%D0%B8%D1%82%D1%8C&etext=2202.fOc06KHALfNA20iptyhSewjoB243dbl9Jh0PQPRUIhMOu2YzvM2HagPhmRC7D-4b0JqfeQiPAARRgUPvobtaEzJjnP9VIU17webAmzxrHZpoZ3ndXNRSnEWFEsTseYnpTm7CnYWcSSMBPz32_hAEnbxjDu4EjBcgRGFW70BJzwr1D-eMWFnGXNTq-6m2Y4LXdmFtdmhraWpnem52b3Btcg.e109a30d13569d1fc804cc04b3d638f4d93be70d&yclid=2111899707784298495" "Mozilla/5.0 (Linux; arm_64; Android 13; RMX3501) AppleWebKit/537.36 (KHTML, like Gecko) Chrome/144.0.7559.706 YaSearchBrowser/26.35.1 BroPP/1.0 YaSearchApp/26.35.1 webOmni Mobile Safari/537.36"
176.15.245.82 - - [11/Apr/2026:10:45:12 +0300] "GET /components/com_jshopping/files/img_products/thumb_Semir_brown_strukt.jpg HTTP/1.1" 200 7893 "https://dks.riat.ru/termopaneli/?utm_source=yandex&utm_medium=rsi&utm_campaign=66351781&utm_content=16812170070&utm_term=%D1%84%D0%B0%D1%81%D0%B0%D0%B4%D0%BD%D1%8B%D0%B5%20%D0%BF%D0%B0%D0%BD%D0%B5%D0%BB%D0%B8%20%D0%BA%D0%B0%D0%B7%D0%B0%D0%BD%D1%8C%20%D0%BA%D1%83%D0%BF%D0%B8%D1%82%D1%8C&etext=2202.fOc06KHALfNA20iptyhSewjoB243dbl9Jh0PQPRUIhMOu2YzvM2HagPhmRC7D-4b0JqfeQiPAARRgUPvobtaEzJjnP9VIU17webAmzxrHZpoZ3ndXNRSnEWFEsTseYnpTm7CnYWcSSMBPz32_hAEnbxjDu4EjBcgRGFW70BJzwr1D-eMWFnGXNTq-6m2Y4LXdmFtdmhraWpnem52b3Btcg.e109a30d13569d1fc804cc04b3d638f4d93be70d&yclid=2111899707784298495" "Mozilla/5.0 (Linux; arm_64; Android 13; RMX3501) AppleWebKit/537.36 (KHTML, like Gecko) Chrome/144.0.7559.706 YaSearchBrowser/26.35.1 BroPP/1.0 YaSearchApp/26.35.1 webOmni Mobile Safari/537.36"
176.15.245.82 - - [11/Apr/2026:10:45:12 +0300] "GET /components/com_jshopping/files/img_products/thumb_Semir_beige_strukt.jpg HTTP/1.1" 200 7897 "https://dks.riat.ru/termopaneli/?utm_source=yandex&utm_medium=rsi&utm_campaign=66351781&utm_content=16812170070&utm_term=%D1%84%D0%B0%D1%81%D0%B0%D0%B4%D0%BD%D1%8B%D0%B5%20%D0%BF%D0%B0%D0%BD%D0%B5%D0%BB%D0%B8%20%D0%BA%D0%B0%D0%B7%D0%B0%D0%BD%D1%8C%20%D0%BA%D1%83%D0%BF%D0%B8%D1%82%D1%8C&etext=2202.fOc06KHALfNA20iptyhSewjoB243dbl9Jh0PQPRUIhMOu2YzvM2HagPhmRC7D-4b0JqfeQiPAARRgUPvobtaEzJjnP9VIU17webAmzxrHZpoZ3ndXNRSnEWFEsTseYnpTm7CnYWcSSMBPz32_hAEnbxjDu4EjBcgRGFW70BJzwr1D-eMWFnGXNTq-6m2Y4LXdmFtdmhraWpnem52b3Btcg.e109a30d13569d1fc804cc04b3d638f4d93be70d&yclid=2111899707784298495" "Mozilla/5.0 (Linux; arm_64; Android 13; RMX3501) AppleWebKit/537.36 (KHTML, like Gecko) Chrome/144.0.7559.706 YaSearchBrowser/26.35.1 BroPP/1.0 YaSearchApp/26.35.1 webOmni Mobile Safari/537.36"
176.15.245.82 - - [11/Apr/2026:10:45:12 +0300] "GET /components/com_jshopping/files/img_products/thumb_Paradyz_Scandiano_ochre.jpg HTTP/1.1" 200 10091 "https://dks.riat.ru/termopaneli/?utm_source=yandex&utm_medium=rsi&utm_campaign=66351781&utm_content=16812170070&utm_term=%D1%84%D0%B0%D1%81%D0%B0%D0%B4%D0%BD%D1%8B%D0%B5%20%D0%BF%D0%B0%D0%BD%D0%B5%D0%BB%D0%B8%20%D0%BA%D0%B0%D0%B7%D0%B0%D0%BD%D1%8C%20%D0%BA%D1%83%D0%BF%D0%B8%D1%82%D1%8C&etext=2202.fOc06KHALfNA20iptyhSewjoB243dbl9Jh0PQPRUIhMOu2YzvM2HagPhmRC7D-4b0JqfeQiPAARRgUPvobtaEzJjnP9VIU17webAmzxrHZpoZ3ndXNRSnEWFEsTseYnpTm7CnYWcSSMBPz32_hAEnbxjDu4EjBcgRGFW70BJzwr1D-eMWFnGXNTq-6m2Y4LXdmFtdmhraWpnem52b3Btcg.e109a30d13569d1fc804cc04b3d638f4d93be70d&yclid=2111899707784298495" "Mozilla/5.0 (Linux; arm_64; Android 13; RMX3501) AppleWebKit/537.36 (KHTML, like Gecko) Chrome/144.0.7559.706 YaSearchBrowser/26.35.1 BroPP/1.0 YaSearchApp/26.35.1 webOmni Mobile Safari/537.36"
176.15.245.82 - - [11/Apr/2026:10:45:13 +0300] "GET /components/com_jshopping/files/img_products/thumb_Paradyz_Scandiano_beige.jpg HTTP/1.1" 200 8870 "https://dks.riat.ru/termopaneli/?utm_source=yandex&utm_medium=rsi&utm_campaign=66351781&utm_content=16812170070&utm_term=%D1%84%D0%B0%D1%81%D0%B0%D0%B4%D0%BD%D1%8B%D0%B5%20%D0%BF%D0%B0%D0%BD%D0%B5%D0%BB%D0%B8%20%D0%BA%D0%B0%D0%B7%D0%B0%D0%BD%D1%8C%20%D0%BA%D1%83%D0%BF%D0%B8%D1%82%D1%8C&etext=2202.fOc06KHALfNA20iptyhSewjoB243dbl9Jh0PQPRUIhMOu2YzvM2HagPhmRC7D-4b0JqfeQiPAARRgUPvobtaEzJjnP9VIU17webAmzxrHZpoZ3ndXNRSnEWFEsTseYnpTm7CnYWcSSMBPz32_hAEnbxjDu4EjBcgRGFW70BJzwr1D-eMWFnGXNTq-6m2Y4LXdmFtdmhraWpnem52b3Btcg.e109a30d13569d1fc804cc04b3d638f4d93be70d&yclid=2111899707784298495" "Mozilla/5.0 (Linux; arm_64; Android 13; RMX3501) AppleWebKit/537.36 (KHTML, like Gecko) Chrome/144.0.7559.706 YaSearchBrowser/26.35.1 BroPP/1.0 YaSearchApp/26.35.1 webOmni Mobile Safari/537.36"
176.15.245.82 - - [11/Apr/2026:10:45:13 +0300] "GET /components/com_jshopping/files/img_products/thumb_Paradyz-Octane-ochre-2.jpg HTTP/1.1" 200 11654 "https://dks.riat.ru/termopaneli/?utm_source=yandex&utm_medium=rsi&utm_campaign=66351781&utm_content=16812170070&utm_term=%D1%84%D0%B0%D1%81%D0%B0%D0%B4%D0%BD%D1%8B%D0%B5%20%D0%BF%D0%B0%D0%BD%D0%B5%D0%BB%D0%B8%20%D0%BA%D0%B0%D0%B7%D0%B0%D0%BD%D1%8C%20%D0%BA%D1%83%D0%BF%D0%B8%D1%82%D1%8C&etext=2202.fOc06KHALfNA20iptyhSewjoB243dbl9Jh0PQPRUIhMOu2YzvM2HagPhmRC7D-4b0JqfeQiPAARRgUPvobtaEzJjnP9VIU17webAmzxrHZpoZ3ndXNRSnEWFEsTseYnpTm7CnYWcSSMBPz32_hAEnbxjDu4EjBcgRGFW70BJzwr1D-eMWFnGXNTq-6m2Y4LXdmFtdmhraWpnem52b3Btcg.e109a30d13569d1fc804cc04b3d638f4d93be70d&yclid=2111899707784298495" "Mozilla/5.0 (Linux; arm_64; Android 13; RMX3501) AppleWebKit/537.36 (KHTML, like Gecko) Chrome/144.0.7559.706 YaSearchBrowser/26.35.1 BroPP/1.0 YaSearchApp/26.35.1 webOmni Mobile Safari/537.36"
176.15.245.82 - - [11/Apr/2026:10:45:14 +0300] "GET /components/com_jshopping/files/img_products/thumb_Paradyz-Octane-grafit-2.jpg HTTP/1.1" 200 9382 "https://dks.riat.ru/termopaneli/?utm_source=yandex&utm_medium=rsi&utm_campaign=66351781&utm_content=16812170070&utm_term=%D1%84%D0%B0%D1%81%D0%B0%D0%B4%D0%BD%D1%8B%D0%B5%20%D0%BF%D0%B0%D0%BD%D0%B5%D0%BB%D0%B8%20%D0%BA%D0%B0%D0%B7%D0%B0%D0%BD%D1%8C%20%D0%BA%D1%83%D0%BF%D0%B8%D1%82%D1%8C&etext=2202.fOc06KHALfNA20iptyhSewjoB243dbl9Jh0PQPRUIhMOu2YzvM2HagPhmRC7D-4b0JqfeQiPAARRgUPvobtaEzJjnP9VIU17webAmzxrHZpoZ3ndXNRSnEWFEsTseYnpTm7CnYWcSSMBPz32_hAEnbxjDu4EjBcgRGFW70BJzwr1D-eMWFnGXNTq-6m2Y4LXdmFtdmhraWpnem52b3Btcg.e109a30d13569d1fc804cc04b3d638f4d93be70d&yclid=2111899707784298495" "Mozilla/5.0 (Linux; arm_64; Android 13; RMX3501) AppleWebKit/537.36 (KHTML, like Gecko) Chrome/144.0.7559.706 YaSearchBrowser/26.35.1 BroPP/1.0 YaSearchApp/26.35.1 webOmni Mobile Safari/537.36"
176.15.245.82 - - [11/Apr/2026:10:45:15 +0300] "GET /components/com_jshopping/files/img_products/thumb_Natural_rosa_gladka.jpg HTTP/1.1" 200 662 "https://dks.riat.ru/termopaneli/?utm_source=yandex&utm_medium=rsi&utm_campaign=66351781&utm_content=16812170070&utm_term=%D1%84%D0%B0%D1%81%D0%B0%D0%B4%D0%BD%D1%8B%D0%B5%20%D0%BF%D0%B0%D0%BD%D0%B5%D0%BB%D0%B8%20%D0%BA%D0%B0%D0%B7%D0%B0%D0%BD%D1%8C%20%D0%BA%D1%83%D0%BF%D0%B8%D1%82%D1%8C&etext=2202.fOc06KHALfNA20iptyhSewjoB243dbl9Jh0PQPRUIhMOu2YzvM2HagPhmRC7D-4b0JqfeQiPAARRgUPvobtaEzJjnP9VIU17webAmzxrHZpoZ3ndXNRSnEWFEsTseYnpTm7CnYWcSSMBPz32_hAEnbxjDu4EjBcgRGFW70BJzwr1D-eMWFnGXNTq-6m2Y4LXdmFtdmhraWpnem52b3Btcg.e109a30d13569d1fc804cc04b3d638f4d93be70d&yclid=2111899707784298495" "Mozilla/5.0 (Linux; arm_64; Android 13; RMX3501) AppleWebKit/537.36 (KHTML, like Gecko) Chrome/144.0.7559.706 YaSearchBrowser/26.35.1 BroPP/1.0 YaSearchApp/26.35.1 webOmni Mobile Safari/537.36"
5.255.231.47 - - [11/Apr/2026:10:45:15 +0300] "GET /images/logo-riat.png HTTP/1.1" 200 6322 "https://dks.riat.ru/termopaneli/?utm_source=yandex&utm_medium=rsi&utm_campaign={campaign_id}&utm_content={ad_id}&utm_term={keyword}" "Mozilla/5.0 (compatible; YandexBot/3.0; +http://yandex.com/bots) AppleWebKit/537.36 (KHTML, like Gecko) Chrome/108.0.0.0"
176.15.245.82 - - [11/Apr/2026:10:45:15 +0300] "GET /components/com_jshopping/files/img_products/thumb_Elewacja_natural_brown.jpg HTTP/1.1" 200 1905 "https://dks.riat.ru/termopaneli/?utm_source=yandex&utm_medium=rsi&utm_campaign=66351781&utm_content=16812170070&utm_term=%D1%84%D0%B0%D1%81%D0%B0%D0%B4%D0%BD%D1%8B%D0%B5%20%D0%BF%D0%B0%D0%BD%D0%B5%D0%BB%D0%B8%20%D0%BA%D0%B0%D0%B7%D0%B0%D0%BD%D1%8C%20%D0%BA%D1%83%D0%BF%D0%B8%D1%82%D1%8C&etext=2202.fOc06KHALfNA20iptyhSewjoB243dbl9Jh0PQPRUIhMOu2YzvM2HagPhmRC7D-4b0JqfeQiPAARRgUPvobtaEzJjnP9VIU17webAmzxrHZpoZ3ndXNRSnEWFEsTseYnpTm7CnYWcSSMBPz32_hAEnbxjDu4EjBcgRGFW70BJzwr1D-eMWFnGXNTq-6m2Y4LXdmFtdmhraWpnem52b3Btcg.e109a30d13569d1fc804cc04b3d638f4d93be70d&yclid=2111899707784298495" "Mozilla/5.0 (Linux; arm_64; Android 13; RMX3501) AppleWebKit/537.36 (KHTML, like Gecko) Chrome/144.0.7559.706 YaSearchBrowser/26.35.1 BroPP/1.0 YaSearchApp/26.35.1 webOmni Mobile Safari/537.36"
176.15.245.82 - - [11/Apr/2026:10:45:16 +0300] "GET /components/com_jshopping/files/img_products/thumb_Gladka-cloud-rosa-2.jpg HTTP/1.1" 200 4450 "https://dks.riat.ru/termopaneli/?utm_source=yandex&utm_medium=rsi&utm_campaign=66351781&utm_content=16812170070&utm_term=%D1%84%D0%B0%D1%81%D0%B0%D0%B4%D0%BD%D1%8B%D0%B5%20%D0%BF%D0%B0%D0%BD%D0%B5%D0%BB%D0%B8%20%D0%BA%D0%B0%D0%B7%D0%B0%D0%BD%D1%8C%20%D0%BA%D1%83%D0%BF%D0%B8%D1%82%D1%8C&etext=2202.fOc06KHALfNA20iptyhSewjoB243dbl9Jh0PQPRUIhMOu2YzvM2HagPhmRC7D-4b0JqfeQiPAARRgUPvobtaEzJjnP9VIU17webAmzxrHZpoZ3ndXNRSnEWFEsTseYnpTm7CnYWcSSMBPz32_hAEnbxjDu4EjBcgRGFW70BJzwr1D-eMWFnGXNTq-6m2Y4LXdmFtdmhraWpnem52b3Btcg.e109a30d13569d1fc804cc04b3d638f4d93be70d&yclid=2111899707784298495" "Mozilla/5.0 (Linux; arm_64; Android 13; RMX3501) AppleWebKit/537.36 (KHTML, like Gecko) Chrome/144.0.7559.706 YaSearchBrowser/26.35.1 BroPP/1.0 YaSearchApp/26.35.1 webOmni Mobile Safari/537.36"
176.15.245.82 - - [11/Apr/2026:10:45:16 +0300] "GET /components/com_jshopping/files/img_products/thumb_Gladka_cloud_brown.jpg HTTP/1.1" 200 3794 "https://dks.riat.ru/termopaneli/?utm_source=yandex&utm_medium=rsi&utm_campaign=66351781&utm_content=16812170070&utm_term=%D1%84%D0%B0%D1%81%D0%B0%D0%B4%D0%BD%D1%8B%D0%B5%20%D0%BF%D0%B0%D0%BD%D0%B5%D0%BB%D0%B8%20%D0%BA%D0%B0%D0%B7%D0%B0%D0%BD%D1%8C%20%D0%BA%D1%83%D0%BF%D0%B8%D1%82%D1%8C&etext=2202.fOc06KHALfNA20iptyhSewjoB243dbl9Jh0PQPRUIhMOu2YzvM2HagPhmRC7D-4b0JqfeQiPAARRgUPvobtaEzJjnP9VIU17webAmzxrHZpoZ3ndXNRSnEWFEsTseYnpTm7CnYWcSSMBPz32_hAEnbxjDu4EjBcgRGFW70BJzwr1D-eMWFnGXNTq-6m2Y4LXdmFtdmhraWpnem52b3Btcg.e109a30d13569d1fc804cc04b3d638f4d93be70d&yclid=2111899707784298495" "Mozilla/5.0 (Linux; arm_64; Android 13; RMX3501) AppleWebKit/537.36 (KHTML, like Gecko) Chrome/144.0.7559.706 YaSearchBrowser/26.35.1 BroPP/1.0 YaSearchApp/26.35.1 webOmni Mobile Safari/537.36"
176.15.245.82 - - [11/Apr/2026:10:45:16 +0300] "GET /components/com_jshopping/files/img_products/thumb_Paradyz_aquariuse_beige.jpg HTTP/1.1" 200 8579 "https://dks.riat.ru/termopaneli/?utm_source=yandex&utm_medium=rsi&utm_campaign=66351781&utm_content=16812170070&utm_term=%D1%84%D0%B0%D1%81%D0%B0%D0%B4%D0%BD%D1%8B%D0%B5%20%D0%BF%D0%B0%D0%BD%D0%B5%D0%BB%D0%B8%20%D0%BA%D0%B0%D0%B7%D0%B0%D0%BD%D1%8C%20%D0%BA%D1%83%D0%BF%D0%B8%D1%82%D1%8C&etext=2202.fOc06KHALfNA20iptyhSewjoB243dbl9Jh0PQPRUIhMOu2YzvM2HagPhmRC7D-4b0JqfeQiPAARRgUPvobtaEzJjnP9VIU17webAmzxrHZpoZ3ndXNRSnEWFEsTseYnpTm7CnYWcSSMBPz32_hAEnbxjDu4EjBcgRGFW70BJzwr1D-eMWFnGXNTq-6m2Y4LXdmFtdmhraWpnem52b3Btcg.e109a30d13569d1fc804cc04b3d638f4d93be70d&yclid=2111899707784298495" "Mozilla/5.0 (Linux; arm_64; Android 13; RMX3501) AppleWebKit/537.36 (KHTML, like Gecko) Chrome/144.0.7559.706 YaSearchBrowser/26.35.1 BroPP/1.0 YaSearchApp/26.35.1 webOmni Mobile Safari/537.36"
176.15.245.82 - - [11/Apr/2026:10:45:16 +0300] "GET /components/com_jshopping/files/img_products/thumb_Cloud-broun-duro-strukt-3.jpg HTTP/1.1" 200 6157 "https://dks.riat.ru/termopaneli/?utm_source=yandex&utm_medium=rsi&utm_campaign=66351781&utm_content=16812170070&utm_term=%D1%84%D0%B0%D1%81%D0%B0%D0%B4%D0%BD%D1%8B%D0%B5%20%D0%BF%D0%B0%D0%BD%D0%B5%D0%BB%D0%B8%20%D0%BA%D0%B0%D0%B7%D0%B0%D0%BD%D1%8C%20%D0%BA%D1%83%D0%BF%D0%B8%D1%82%D1%8C&etext=2202.fOc06KHALfNA20iptyhSewjoB243dbl9Jh0PQPRUIhMOu2YzvM2HagPhmRC7D-4b0JqfeQiPAARRgUPvobtaEzJjnP9VIU17webAmzxrHZpoZ3ndXNRSnEWFEsTseYnpTm7CnYWcSSMBPz32_hAEnbxjDu4EjBcgRGFW70BJzwr1D-eMWFnGXNTq-6m2Y4LXdmFtdmhraWpnem52b3Btcg.e109a30d13569d1fc804cc04b3d638f4d93be70d&yclid=2111899707784298495" "Mozilla/5.0 (Linux; arm_64; Android 13; RMX3501) AppleWebKit/537.36 (KHTML, like Gecko) Chrome/144.0.7559.706 YaSearchBrowser/26.35.1 BroPP/1.0 YaSearchApp/26.35.1 webOmni Mobile Safari/537.36"
176.15.245.82 - - [11/Apr/2026:10:45:16 +0300] "GET /components/com_jshopping/files/img_products/thumb_Elewacja_cloud_brown_duro_strukt.jpg HTTP/1.1" 200 8009 "https://dks.riat.ru/termopaneli/?utm_source=yandex&utm_medium=rsi&utm_campaign=66351781&utm_content=16812170070&utm_term=%D1%84%D0%B0%D1%81%D0%B0%D0%B4%D0%BD%D1%8B%D0%B5%20%D0%BF%D0%B0%D0%BD%D0%B5%D0%BB%D0%B8%20%D0%BA%D0%B0%D0%B7%D0%B0%D0%BD%D1%8C%20%D0%BA%D1%83%D0%BF%D0%B8%D1%82%D1%8C&etext=2202.fOc06KHALfNA20iptyhSewjoB243dbl9Jh0PQPRUIhMOu2YzvM2HagPhmRC7D-4b0JqfeQiPAARRgUPvobtaEzJjnP9VIU17webAmzxrHZpoZ3ndXNRSnEWFEsTseYnpTm7CnYWcSSMBPz32_hAEnbxjDu4EjBcgRGFW70BJzwr1D-eMWFnGXNTq-6m2Y4LXdmFtdmhraWpnem52b3Btcg.e109a30d13569d1fc804cc04b3d638f4d93be70d&yclid=2111899707784298495" "Mozilla/5.0 (Linux; arm_64; Android 13; RMX3501) AppleWebKit/537.36 (KHTML, like Gecko) Chrome/144.0.7559.706 YaSearchBrowser/26.35.1 BroPP/1.0 YaSearchApp/26.35.1 webOmni Mobile Safari/537.36"
176.15.245.82 - - [11/Apr/2026:10:45:17 +0300] "GET /components/com_jshopping/files/img_products/thumb_556_0.jpg HTTP/1.1" 200 9662 "https://dks.riat.ru/termopaneli/?utm_source=yandex&utm_medium=rsi&utm_campaign=66351781&utm_content=16812170070&utm_term=%D1%84%D0%B0%D1%81%D0%B0%D0%B4%D0%BD%D1%8B%D0%B5%20%D0%BF%D0%B0%D0%BD%D0%B5%D0%BB%D0%B8%20%D0%BA%D0%B0%D0%B7%D0%B0%D0%BD%D1%8C%20%D0%BA%D1%83%D0%BF%D0%B8%D1%82%D1%8C&etext=2202.fOc06KHALfNA20iptyhSewjoB243dbl9Jh0PQPRUIhMOu2YzvM2HagPhmRC7D-4b0JqfeQiPAARRgUPvobtaEzJjnP9VIU17webAmzxrHZpoZ3ndXNRSnEWFEsTseYnpTm7CnYWcSSMBPz32_hAEnbxjDu4EjBcgRGFW70BJzwr1D-eMWFnGXNTq-6m2Y4LXdmFtdmhraWpnem52b3Btcg.e109a30d13569d1fc804cc04b3d638f4d93be70d&yclid=2111899707784298495" "Mozilla/5.0 (Linux; arm_64; Android 13; RMX3501) AppleWebKit/537.36 (KHTML, like Gecko) Chrome/144.0.7559.706 YaSearchBrowser/26.35.1 BroPP/1.0 YaSearchApp/26.35.1 webOmni Mobile Safari/537.36"
176.15.245.82 - - [11/Apr/2026:10:45:17 +0300] "GET /components/com_jshopping/files/img_products/thumb_554_0.jpg HTTP/1.1" 200 8338 "https://dks.riat.ru/termopaneli/?utm_source=yandex&utm_medium=rsi&utm_campaign=66351781&utm_content=16812170070&utm_term=%D1%84%D0%B0%D1%81%D0%B0%D0%B4%D0%BD%D1%8B%D0%B5%20%D0%BF%D0%B0%D0%BD%D0%B5%D0%BB%D0%B8%20%D0%BA%D0%B0%D0%B7%D0%B0%D0%BD%D1%8C%20%D0%BA%D1%83%D0%BF%D0%B8%D1%82%D1%8C&etext=2202.fOc06KHALfNA20iptyhSewjoB243dbl9Jh0PQPRUIhMOu2YzvM2HagPhmRC7D-4b0JqfeQiPAARRgUPvobtaEzJjnP9VIU17webAmzxrHZpoZ3ndXNRSnEWFEsTseYnpTm7CnYWcSSMBPz32_hAEnbxjDu4EjBcgRGFW70BJzwr1D-eMWFnGXNTq-6m2Y4LXdmFtdmhraWpnem52b3Btcg.e109a30d13569d1fc804cc04b3d638f4d93be70d&yclid=2111899707784298495" "Mozilla/5.0 (Linux; arm_64; Android 13; RMX3501) AppleWebKit/537.36 (KHTML, like Gecko) Chrome/144.0.7559.706 YaSearchBrowser/26.35.1 BroPP/1.0 YaSearchApp/26.35.1 webOmni Mobile Safari/537.36"
176.15.245.82 - - [11/Apr/2026:10:45:17 +0300] "GET /components/com_jshopping/files/img_products/thumb_561_0.jpg HTTP/1.1" 200 9921 "https://dks.riat.ru/termopaneli/?utm_source=yandex&utm_medium=rsi&utm_campaign=66351781&utm_content=16812170070&utm_term=%D1%84%D0%B0%D1%81%D0%B0%D0%B4%D0%BD%D1%8B%D0%B5%20%D0%BF%D0%B0%D0%BD%D0%B5%D0%BB%D0%B8%20%D0%BA%D0%B0%D0%B7%D0%B0%D0%BD%D1%8C%20%D0%BA%D1%83%D0%BF%D0%B8%D1%82%D1%8C&etext=2202.fOc06KHALfNA20iptyhSewjoB243dbl9Jh0PQPRUIhMOu2YzvM2HagPhmRC7D-4b0JqfeQiPAARRgUPvobtaEzJjnP9VIU17webAmzxrHZpoZ3ndXNRSnEWFEsTseYnpTm7CnYWcSSMBPz32_hAEnbxjDu4EjBcgRGFW70BJzwr1D-eMWFnGXNTq-6m2Y4LXdmFtdmhraWpnem52b3Btcg.e109a30d13569d1fc804cc04b3d638f4d93be70d&yclid=2111899707784298495" "Mozilla/5.0 (Linux; arm_64; Android 13; RMX3501) AppleWebKit/537.36 (KHTML, like Gecko) Chrome/144.0.7559.706 YaSearchBrowser/26.35.1 BroPP/1.0 YaSearchApp/26.35.1 webOmni Mobile Safari/537.36"
176.15.245.82 - - [11/Apr/2026:10:45:17 +0300] "GET /components/com_jshopping/files/img_products/thumb_560_0.jpg HTTP/1.1" 200 9384 "https://dks.riat.ru/termopaneli/?utm_source=yandex&utm_medium=rsi&utm_campaign=66351781&utm_content=16812170070&utm_term=%D1%84%D0%B0%D1%81%D0%B0%D0%B4%D0%BD%D1%8B%D0%B5%20%D0%BF%D0%B0%D0%BD%D0%B5%D0%BB%D0%B8%20%D0%BA%D0%B0%D0%B7%D0%B0%D0%BD%D1%8C%20%D0%BA%D1%83%D0%BF%D0%B8%D1%82%D1%8C&etext=2202.fOc06KHALfNA20iptyhSewjoB243dbl9Jh0PQPRUIhMOu2YzvM2HagPhmRC7D-4b0JqfeQiPAARRgUPvobtaEzJjnP9VIU17webAmzxrHZpoZ3ndXNRSnEWFEsTseYnpTm7CnYWcSSMBPz32_hAEnbxjDu4EjBcgRGFW70BJzwr1D-eMWFnGXNTq-6m2Y4LXdmFtdmhraWpnem52b3Btcg.e109a30d13569d1fc804cc04b3d638f4d93be70d&yclid=2111899707784298495" "Mozilla/5.0 (Linux; arm_64; Android 13; RMX3501) AppleWebKit/537.36 (KHTML, like Gecko) Chrome/144.0.7559.706 YaSearchBrowser/26.35.1 BroPP/1.0 YaSearchApp/26.35.1 webOmni Mobile Safari/537.36"
176.15.245.82 - - [11/Apr/2026:10:45:19 +0300] "GET /components/com_jshopping/files/img_products/thumb_evia-th.jpg HTTP/1.1" 200 9717 "https://dks.riat.ru/termopaneli/?utm_source=yandex&utm_medium=rsi&utm_campaign=66351781&utm_content=16812170070&utm_term=%D1%84%D0%B0%D1%81%D0%B0%D0%B4%D0%BD%D1%8B%D0%B5%20%D0%BF%D0%B0%D0%BD%D0%B5%D0%BB%D0%B8%20%D0%BA%D0%B0%D0%B7%D0%B0%D0%BD%D1%8C%20%D0%BA%D1%83%D0%BF%D0%B8%D1%82%D1%8C&etext=2202.fOc06KHALfNA20iptyhSewjoB243dbl9Jh0PQPRUIhMOu2YzvM2HagPhmRC7D-4b0JqfeQiPAARRgUPvobtaEzJjnP9VIU17webAmzxrHZpoZ3ndXNRSnEWFEsTseYnpTm7CnYWcSSMBPz32_hAEnbxjDu4EjBcgRGFW70BJzwr1D-eMWFnGXNTq-6m2Y4LXdmFtdmhraWpnem52b3Btcg.e109a30d13569d1fc804cc04b3d638f4d93be70d&yclid=2111899707784298495" "Mozilla/5.0 (Linux; arm_64; Android 13; RMX3501) AppleWebKit/537.36 (KHTML, like Gecko) Chrome/144.0.7559.706 YaSearchBrowser/26.35.1 BroPP/1.0 YaSearchApp/26.35.1 webOmni Mobile Safari/537.36"
176.15.245.82 - - [11/Apr/2026:10:45:19 +0300] "GET /components/com_jshopping/files/img_products/thumb_beria-th.jpg HTTP/1.1" 200 9195 "https://dks.riat.ru/termopaneli/?utm_source=yandex&utm_medium=rsi&utm_campaign=66351781&utm_content=16812170070&utm_term=%D1%84%D0%B0%D1%81%D0%B0%D0%B4%D0%BD%D1%8B%D0%B5%20%D0%BF%D0%B0%D0%BD%D0%B5%D0%BB%D0%B8%20%D0%BA%D0%B0%D0%B7%D0%B0%D0%BD%D1%8C%20%D0%BA%D1%83%D0%BF%D0%B8%D1%82%D1%8C&etext=2202.fOc06KHALfNA20iptyhSewjoB243dbl9Jh0PQPRUIhMOu2YzvM2HagPhmRC7D-4b0JqfeQiPAARRgUPvobtaEzJjnP9VIU17webAmzxrHZpoZ3ndXNRSnEWFEsTseYnpTm7CnYWcSSMBPz32_hAEnbxjDu4EjBcgRGFW70BJzwr1D-eMWFnGXNTq-6m2Y4LXdmFtdmhraWpnem52b3Btcg.e109a30d13569d1fc804cc04b3d638f4d93be70d&yclid=2111899707784298495" "Mozilla/5.0 (Linux; arm_64; Android 13; RMX3501) AppleWebKit/537.36 (KHTML, like Gecko) Chrome/144.0.7559.706 YaSearchBrowser/26.35.1 BroPP/1.0 YaSearchApp/26.35.1 webOmni Mobile Safari/537.36"
176.15.245.82 - - [11/Apr/2026:10:45:20 +0300] "GET /components/com_jshopping/files/img_products/thumb_arfak-th.jpg HTTP/1.1" 200 9865 "https://dks.riat.ru/termopaneli/?utm_source=yandex&utm_medium=rsi&utm_campaign=66351781&utm_content=16812170070&utm_term=%D1%84%D0%B0%D1%81%D0%B0%D0%B4%D0%BD%D1%8B%D0%B5%20%D0%BF%D0%B0%D0%BD%D0%B5%D0%BB%D0%B8%20%D0%BA%D0%B0%D0%B7%D0%B0%D0%BD%D1%8C%20%D0%BA%D1%83%D0%BF%D0%B8%D1%82%D1%8C&etext=2202.fOc06KHALfNA20iptyhSewjoB243dbl9Jh0PQPRUIhMOu2YzvM2HagPhmRC7D-4b0JqfeQiPAARRgUPvobtaEzJjnP9VIU17webAmzxrHZpoZ3ndXNRSnEWFEsTseYnpTm7CnYWcSSMBPz32_hAEnbxjDu4EjBcgRGFW70BJzwr1D-eMWFnGXNTq-6m2Y4LXdmFtdmhraWpnem52b3Btcg.e109a30d13569d1fc804cc04b3d638f4d93be70d&yclid=2111899707784298495" "Mozilla/5.0 (Linux; arm_64; Android 13; RMX3501) AppleWebKit/537.36 (KHTML, like Gecko) Chrome/144.0.7559.706 YaSearchBrowser/26.35.1 BroPP/1.0 YaSearchApp/26.35.1 webOmni Mobile Safari/537.36"
176.15.245.82 - - [11/Apr/2026:10:45:20 +0300] "GET /components/com_jshopping/files/img_products/thumb_akita-th.jpg HTTP/1.1" 200 9170 "https://dks.riat.ru/termopaneli/?utm_source=yandex&utm_medium=rsi&utm_campaign=66351781&utm_content=16812170070&utm_term=%D1%84%D0%B0%D1%81%D0%B0%D0%B4%D0%BD%D1%8B%D0%B5%20%D0%BF%D0%B0%D0%BD%D0%B5%D0%BB%D0%B8%20%D0%BA%D0%B0%D0%B7%D0%B0%D0%BD%D1%8C%20%D0%BA%D1%83%D0%BF%D0%B8%D1%82%D1%8C&etext=2202.fOc06KHALfNA20iptyhSewjoB243dbl9Jh0PQPRUIhMOu2YzvM2HagPhmRC7D-4b0JqfeQiPAARRgUPvobtaEzJjnP9VIU17webAmzxrHZpoZ3ndXNRSnEWFEsTseYnpTm7CnYWcSSMBPz32_hAEnbxjDu4EjBcgRGFW70BJzwr1D-eMWFnGXNTq-6m2Y4LXdmFtdmhraWpnem52b3Btcg.e109a30d13569d1fc804cc04b3d638f4d93be70d&yclid=2111899707784298495" "Mozilla/5.0 (Linux; arm_64; Android 13; RMX3501) AppleWebKit/537.36 (KHTML, like Gecko) Chrome/144.0.7559.706 YaSearchBrowser/26.35.1 BroPP/1.0 YaSearchApp/26.35.1 webOmni Mobile Safari/537.36"
176.15.245.82 - - [11/Apr/2026:10:45:22 +0300] "GET /components/com_jshopping/files/img_products/thumb_aidaho4-th2.jpg HTTP/1.1" 200 10975 "https://dks.riat.ru/termopaneli/?utm_source=yandex&utm_medium=rsi&utm_campaign=66351781&utm_content=16812170070&utm_term=%D1%84%D0%B0%D1%81%D0%B0%D0%B4%D0%BD%D1%8B%D0%B5%20%D0%BF%D0%B0%D0%BD%D0%B5%D0%BB%D0%B8%20%D0%BA%D0%B0%D0%B7%D0%B0%D0%BD%D1%8C%20%D0%BA%D1%83%D0%BF%D0%B8%D1%82%D1%8C&etext=2202.fOc06KHALfNA20iptyhSewjoB243dbl9Jh0PQPRUIhMOu2YzvM2HagPhmRC7D-4b0JqfeQiPAARRgUPvobtaEzJjnP9VIU17webAmzxrHZpoZ3ndXNRSnEWFEsTseYnpTm7CnYWcSSMBPz32_hAEnbxjDu4EjBcgRGFW70BJzwr1D-eMWFnGXNTq-6m2Y4LXdmFtdmhraWpnem52b3Btcg.e109a30d13569d1fc804cc04b3d638f4d93be70d&yclid=2111899707784298495" "Mozilla/5.0 (Linux; arm_64; Android 13; RMX3501) AppleWebKit/537.36 (KHTML, like Gecko) Chrome/144.0.7559.706 YaSearchBrowser/26.35.1 BroPP/1.0 YaSearchApp/26.35.1 webOmni Mobile Safari/537.36"
176.15.245.82 - - [11/Apr/2026:10:45:22 +0300] "GET /components/com_jshopping/files/img_products/thumb_aidaho3-th.jpg HTTP/1.1" 200 9552 "https://dks.riat.ru/termopaneli/?utm_source=yandex&utm_medium=rsi&utm_campaign=66351781&utm_content=16812170070&utm_term=%D1%84%D0%B0%D1%81%D0%B0%D0%B4%D0%BD%D1%8B%D0%B5%20%D0%BF%D0%B0%D0%BD%D0%B5%D0%BB%D0%B8%20%D0%BA%D0%B0%D0%B7%D0%B0%D0%BD%D1%8C%20%D0%BA%D1%83%D0%BF%D0%B8%D1%82%D1%8C&etext=2202.fOc06KHALfNA20iptyhSewjoB243dbl9Jh0PQPRUIhMOu2YzvM2HagPhmRC7D-4b0JqfeQiPAARRgUPvobtaEzJjnP9VIU17webAmzxrHZpoZ3ndXNRSnEWFEsTseYnpTm7CnYWcSSMBPz32_hAEnbxjDu4EjBcgRGFW70BJzwr1D-eMWFnGXNTq-6m2Y4LXdmFtdmhraWpnem52b3Btcg.e109a30d13569d1fc804cc04b3d638f4d93be70d&yclid=2111899707784298495" "Mozilla/5.0 (Linux; arm_64; Android 13; RMX3501) AppleWebKit/537.36 (KHTML, like Gecko) Chrome/144.0.7559.706 YaSearchBrowser/26.35.1 BroPP/1.0 YaSearchApp/26.35.1 webOmni Mobile Safari/537.36"
176.15.245.82 - - [11/Apr/2026:10:45:23 +0300] "GET /components/com_jshopping/files/img_products/thumb_aidaho2-th.jpg HTTP/1.1" 200 10442 "https://dks.riat.ru/termopaneli/?utm_source=yandex&utm_medium=rsi&utm_campaign=66351781&utm_content=16812170070&utm_term=%D1%84%D0%B0%D1%81%D0%B0%D0%B4%D0%BD%D1%8B%D0%B5%20%D0%BF%D0%B0%D0%BD%D0%B5%D0%BB%D0%B8%20%D0%BA%D0%B0%D0%B7%D0%B0%D0%BD%D1%8C%20%D0%BA%D1%83%D0%BF%D0%B8%D1%82%D1%8C&etext=2202.fOc06KHALfNA20iptyhSewjoB243dbl9Jh0PQPRUIhMOu2YzvM2HagPhmRC7D-4b0JqfeQiPAARRgUPvobtaEzJjnP9VIU17webAmzxrHZpoZ3ndXNRSnEWFEsTseYnpTm7CnYWcSSMBPz32_hAEnbxjDu4EjBcgRGFW70BJzwr1D-eMWFnGXNTq-6m2Y4LXdmFtdmhraWpnem52b3Btcg.e109a30d13569d1fc804cc04b3d638f4d93be70d&yclid=2111899707784298495" "Mozilla/5.0 (Linux; arm_64; Android 13; RMX3501) AppleWebKit/537.36 (KHTML, like Gecko) Chrome/144.0.7559.706 YaSearchBrowser/26.35.1 BroPP/1.0 YaSearchApp/26.35.1 webOmni Mobile Safari/537.36"
176.15.245.82 - - [11/Apr/2026:10:45:23 +0300] "GET /components/com_jshopping/files/img_products/thumb________4.jpg HTTP/1.1" 200 10188 "https://dks.riat.ru/termopaneli/?utm_source=yandex&utm_medium=rsi&utm_campaign=66351781&utm_content=16812170070&utm_term=%D1%84%D0%B0%D1%81%D0%B0%D0%B4%D0%BD%D1%8B%D0%B5%20%D0%BF%D0%B0%D0%BD%D0%B5%D0%BB%D0%B8%20%D0%BA%D0%B0%D0%B7%D0%B0%D0%BD%D1%8C%20%D0%BA%D1%83%D0%BF%D0%B8%D1%82%D1%8C&etext=2202.fOc06KHALfNA20iptyhSewjoB243dbl9Jh0PQPRUIhMOu2YzvM2HagPhmRC7D-4b0JqfeQiPAARRgUPvobtaEzJjnP9VIU17webAmzxrHZpoZ3ndXNRSnEWFEsTseYnpTm7CnYWcSSMBPz32_hAEnbxjDu4EjBcgRGFW70BJzwr1D-eMWFnGXNTq-6m2Y4LXdmFtdmhraWpnem52b3Btcg.e109a30d13569d1fc804cc04b3d638f4d93be70d&yclid=2111899707784298495" "Mozilla/5.0 (Linux; arm_64; Android 13; RMX3501) AppleWebKit/537.36 (KHTML, like Gecko) Chrome/144.0.7559.706 YaSearchBrowser/26.35.1 BroPP/1.0 YaSearchApp/26.35.1 webOmni Mobile Safari/537.36"
5.255.231.149 - - [11/Apr/2026:10:45:23 +0300] "GET /templates/shaper_helixultimate/css/template.css HTTP/1.1" 200 31637 "https://dks.riat.ru/termopaneli/?utm_source=yandex&utm_medium=rsi&utm_campaign={campaign_id}&utm_content={ad_id}&utm_term={keyword}" "Mozilla/5.0 (compatible; YandexBot/3.0; +http://yandex.com/bots) AppleWebKit/537.36 (KHTML, like Gecko) Chrome/108.0.0.0"
176.15.245.82 - - [11/Apr/2026:10:45:24 +0300] "GET /components/com_jshopping/files/img_products/thumb__________________5.jpg HTTP/1.1" 200 9670 "https://dks.riat.ru/termopaneli/?utm_source=yandex&utm_medium=rsi&utm_campaign=66351781&utm_content=16812170070&utm_term=%D1%84%D0%B0%D1%81%D0%B0%D0%B4%D0%BD%D1%8B%D0%B5%20%D0%BF%D0%B0%D0%BD%D0%B5%D0%BB%D0%B8%20%D0%BA%D0%B0%D0%B7%D0%B0%D0%BD%D1%8C%20%D0%BA%D1%83%D0%BF%D0%B8%D1%82%D1%8C&etext=2202.fOc06KHALfNA20iptyhSewjoB243dbl9Jh0PQPRUIhMOu2YzvM2HagPhmRC7D-4b0JqfeQiPAARRgUPvobtaEzJjnP9VIU17webAmzxrHZpoZ3ndXNRSnEWFEsTseYnpTm7CnYWcSSMBPz32_hAEnbxjDu4EjBcgRGFW70BJzwr1D-eMWFnGXNTq-6m2Y4LXdmFtdmhraWpnem52b3Btcg.e109a30d13569d1fc804cc04b3d638f4d93be70d&yclid=2111899707784298495" "Mozilla/5.0 (Linux; arm_64; Android 13; RMX3501) AppleWebKit/537.36 (KHTML, like Gecko) Chrome/144.0.7559.706 YaSearchBrowser/26.35.1 BroPP/1.0 YaSearchApp/26.35.1 webOmni Mobile Safari/537.36"
170.106.35.153 - - [11/Apr/2026:10:45:24 +0300] "GET / HTTP/1.1" 301 196 "-" "Mozilla/5.0 (iPhone; CPU iPhone OS 13_2_3 like Mac OS X) AppleWebKit/605.1.15 (KHTML, like Gecko) Version/13.0.3 Mobile/15E148 Safari/604.1"
176.15.245.82 - - [11/Apr/2026:10:45:24 +0300] "GET /components/com_jshopping/files/img_products/thumb__________________4.jpg HTTP/1.1" 200 11159 "https://dks.riat.ru/termopaneli/?utm_source=yandex&utm_medium=rsi&utm_campaign=66351781&utm_content=16812170070&utm_term=%D1%84%D0%B0%D1%81%D0%B0%D0%B4%D0%BD%D1%8B%D0%B5%20%D0%BF%D0%B0%D0%BD%D0%B5%D0%BB%D0%B8%20%D0%BA%D0%B0%D0%B7%D0%B0%D0%BD%D1%8C%20%D0%BA%D1%83%D0%BF%D0%B8%D1%82%D1%8C&etext=2202.fOc06KHALfNA20iptyhSewjoB243dbl9Jh0PQPRUIhMOu2YzvM2HagPhmRC7D-4b0JqfeQiPAARRgUPvobtaEzJjnP9VIU17webAmzxrHZpoZ3ndXNRSnEWFEsTseYnpTm7CnYWcSSMBPz32_hAEnbxjDu4EjBcgRGFW70BJzwr1D-eMWFnGXNTq-6m2Y4LXdmFtdmhraWpnem52b3Btcg.e109a30d13569d1fc804cc04b3d638f4d93be70d&yclid=2111899707784298495" "Mozilla/5.0 (Linux; arm_64; Android 13; RMX3501) AppleWebKit/537.36 (KHTML, like Gecko) Chrome/144.0.7559.706 YaSearchBrowser/26.35.1 BroPP/1.0 YaSearchApp/26.35.1 webOmni Mobile Safari/537.36"
95.108.213.78 - - [11/Apr/2026:10:45:24 +0300] "GET /css/twentytwenty.css HTTP/1.1" 200 6537 "https://dks.riat.ru/termopaneli/?utm_source=yandex&utm_medium=rsi&utm_campaign={campaign_id}&utm_content={ad_id}&utm_term={keyword}" "Mozilla/5.0 (compatible; YandexBot/3.0; +http://yandex.com/bots) AppleWebKit/537.36 (KHTML, like Gecko) Chrome/108.0.0.0"
213.180.203.83 - - [11/Apr/2026:10:45:24 +0300] "GET /media/plg_quick_view/js/carousel.js HTTP/1.1" 200 16117 "https://dks.riat.ru/termopaneli/?utm_source=yandex&utm_medium=rsi&utm_campaign={campaign_id}&utm_content={ad_id}&utm_term={keyword}" "Mozilla/5.0 (compatible; YandexBot/3.0; +http://yandex.com/bots) AppleWebKit/537.36 (KHTML, like Gecko) Chrome/108.0.0.0"
87.250.224.204 - - [11/Apr/2026:10:45:24 +0300] "GET /media/system/js/core.js?6260d104c5cf197fea2482e7036b2c2e HTTP/1.1" 200 8808 "https://dks.riat.ru/termopaneli/?utm_source=yandex&utm_medium=rsi&utm_campaign={campaign_id}&utm_content={ad_id}&utm_term={keyword}" "Mozilla/5.0 (compatible; YandexBot/3.0; +http://yandex.com/bots) AppleWebKit/537.36 (KHTML, like Gecko) Chrome/108.0.0.0"
176.15.245.82 - - [11/Apr/2026:10:45:24 +0300] "GET /components/com_jshopping/files/img_products/thumb__________________3.jpg HTTP/1.1" 200 9807 "https://dks.riat.ru/termopaneli/?utm_source=yandex&utm_medium=rsi&utm_campaign=66351781&utm_content=16812170070&utm_term=%D1%84%D0%B0%D1%81%D0%B0%D0%B4%D0%BD%D1%8B%D0%B5%20%D0%BF%D0%B0%D0%BD%D0%B5%D0%BB%D0%B8%20%D0%BA%D0%B0%D0%B7%D0%B0%D0%BD%D1%8C%20%D0%BA%D1%83%D0%BF%D0%B8%D1%82%D1%8C&etext=2202.fOc06KHALfNA20iptyhSewjoB243dbl9Jh0PQPRUIhMOu2YzvM2HagPhmRC7D-4b0JqfeQiPAARRgUPvobtaEzJjnP9VIU17webAmzxrHZpoZ3ndXNRSnEWFEsTseYnpTm7CnYWcSSMBPz32_hAEnbxjDu4EjBcgRGFW70BJzwr1D-eMWFnGXNTq-6m2Y4LXdmFtdmhraWpnem52b3Btcg.e109a30d13569d1fc804cc04b3d638f4d93be70d&yclid=2111899707784298495" "Mozilla/5.0 (Linux; arm_64; Android 13; RMX3501) AppleWebKit/537.36 (KHTML, like Gecko) Chrome/144.0.7559.706 YaSearchBrowser/26.35.1 BroPP/1.0 YaSearchApp/26.35.1 webOmni Mobile Safari/537.36"
213.180.203.202 - - [11/Apr/2026:10:45:24 +0300] "GET /templates/shaper_helixultimate/js/bootstrap.min.js HTTP/1.1" 200 48944 "https://dks.riat.ru/termopaneli/?utm_source=yandex&utm_medium=rsi&utm_campaign={campaign_id}&utm_content={ad_id}&utm_term={keyword}" "Mozilla/5.0 (compatible; YandexBot/3.0; +http://yandex.com/bots) AppleWebKit/537.36 (KHTML, like Gecko) Chrome/108.0.0.0"
95.108.213.87 - - [11/Apr/2026:10:45:24 +0300] "GET /media/jui/js/jquery-noconflict.js?6260d104c5cf197fea2482e7036b2c2e HTTP/1.1" 200 21 "https://dks.riat.ru/termopaneli/?utm_source=yandex&utm_medium=rsi&utm_campaign={campaign_id}&utm_content={ad_id}&utm_term={keyword}" "Mozilla/5.0 (compatible; YandexBot/3.0; +http://yandex.com/bots) AppleWebKit/537.36 (KHTML, like Gecko) Chrome/108.0.0.0"
176.15.245.82 - - [11/Apr/2026:10:45:25 +0300] "GET /components/com_jshopping/files/img_products/thumb__________________2.jpg HTTP/1.1" 200 9182 "https://dks.riat.ru/termopaneli/?utm_source=yandex&utm_medium=rsi&utm_campaign=66351781&utm_content=16812170070&utm_term=%D1%84%D0%B0%D1%81%D0%B0%D0%B4%D0%BD%D1%8B%D0%B5%20%D0%BF%D0%B0%D0%BD%D0%B5%D0%BB%D0%B8%20%D0%BA%D0%B0%D0%B7%D0%B0%D0%BD%D1%8C%20%D0%BA%D1%83%D0%BF%D0%B8%D1%82%D1%8C&etext=2202.fOc06KHALfNA20iptyhSewjoB243dbl9Jh0PQPRUIhMOu2YzvM2HagPhmRC7D-4b0JqfeQiPAARRgUPvobtaEzJjnP9VIU17webAmzxrHZpoZ3ndXNRSnEWFEsTseYnpTm7CnYWcSSMBPz32_hAEnbxjDu4EjBcgRGFW70BJzwr1D-eMWFnGXNTq-6m2Y4LXdmFtdmhraWpnem52b3Btcg.e109a30d13569d1fc804cc04b3d638f4d93be70d&yclid=2111899707784298495" "Mozilla/5.0 (Linux; arm_64; Android 13; RMX3501) AppleWebKit/537.36 (KHTML, like Gecko) Chrome/144.0.7559.706 YaSearchBrowser/26.35.1 BroPP/1.0 YaSearchApp/26.35.1 webOmni Mobile Safari/537.36"
213.180.203.71 - - [11/Apr/2026:10:45:25 +0300] "GET /media/jui/js/jquery.min.js?6260d104c5cf197fea2482e7036b2c2e HTTP/1.1" 200 97646 "https://dks.riat.ru/termopaneli/?utm_source=yandex&utm_medium=rsi&utm_campaign={campaign_id}&utm_content={ad_id}&utm_term={keyword}" "Mozilla/5.0 (compatible; YandexBot/3.0; +http://yandex.com/bots) AppleWebKit/537.36 (KHTML, like Gecko) Chrome/108.0.0.0"
176.15.245.82 - - [11/Apr/2026:10:45:25 +0300] "GET /components/com_jshopping/files/img_products/thumb__________________1.jpg HTTP/1.1" 200 9084 "https://dks.riat.ru/termopaneli/?utm_source=yandex&utm_medium=rsi&utm_campaign=66351781&utm_content=16812170070&utm_term=%D1%84%D0%B0%D1%81%D0%B0%D0%B4%D0%BD%D1%8B%D0%B5%20%D0%BF%D0%B0%D0%BD%D0%B5%D0%BB%D0%B8%20%D0%BA%D0%B0%D0%B7%D0%B0%D0%BD%D1%8C%20%D0%BA%D1%83%D0%BF%D0%B8%D1%82%D1%8C&etext=2202.fOc06KHALfNA20iptyhSewjoB243dbl9Jh0PQPRUIhMOu2YzvM2HagPhmRC7D-4b0JqfeQiPAARRgUPvobtaEzJjnP9VIU17webAmzxrHZpoZ3ndXNRSnEWFEsTseYnpTm7CnYWcSSMBPz32_hAEnbxjDu4EjBcgRGFW70BJzwr1D-eMWFnGXNTq-6m2Y4LXdmFtdmhraWpnem52b3Btcg.e109a30d13569d1fc804cc04b3d638f4d93be70d&yclid=2111899707784298495" "Mozilla/5.0 (Linux; arm_64; Android 13; RMX3501) AppleWebKit/537.36 (KHTML, like Gecko) Chrome/144.0.7559.706 YaSearchBrowser/26.35.1 BroPP/1.0 YaSearchApp/26.35.1 webOmni Mobile Safari/537.36"
176.15.245.82 - - [11/Apr/2026:10:45:25 +0300] "GET /components/com_jshopping/files/img_products/thumb____________________7.jpg HTTP/1.1" 200 4272 "https://dks.riat.ru/termopaneli/?utm_source=yandex&utm_medium=rsi&utm_campaign=66351781&utm_content=16812170070&utm_term=%D1%84%D0%B0%D1%81%D0%B0%D0%B4%D0%BD%D1%8B%D0%B5%20%D0%BF%D0%B0%D0%BD%D0%B5%D0%BB%D0%B8%20%D0%BA%D0%B0%D0%B7%D0%B0%D0%BD%D1%8C%20%D0%BA%D1%83%D0%BF%D0%B8%D1%82%D1%8C&etext=2202.fOc06KHALfNA20iptyhSewjoB243dbl9Jh0PQPRUIhMOu2YzvM2HagPhmRC7D-4b0JqfeQiPAARRgUPvobtaEzJjnP9VIU17webAmzxrHZpoZ3ndXNRSnEWFEsTseYnpTm7CnYWcSSMBPz32_hAEnbxjDu4EjBcgRGFW70BJzwr1D-eMWFnGXNTq-6m2Y4LXdmFtdmhraWpnem52b3Btcg.e109a30d13569d1fc804cc04b3d638f4d93be70d&yclid=2111899707784298495" "Mozilla/5.0 (Linux; arm_64; Android 13; RMX3501) AppleWebKit/537.36 (KHTML, like Gecko) Chrome/144.0.7559.706 YaSearchBrowser/26.35.1 BroPP/1.0 YaSearchApp/26.35.1 webOmni Mobile Safari/537.36"
176.15.245.82 - - [11/Apr/2026:10:45:25 +0300] "GET /components/com_jshopping/files/img_products/thumb____________________4_____________.jpg HTTP/1.1" 200 9070 "https://dks.riat.ru/termopaneli/?utm_source=yandex&utm_medium=rsi&utm_campaign=66351781&utm_content=16812170070&utm_term=%D1%84%D0%B0%D1%81%D0%B0%D0%B4%D0%BD%D1%8B%D0%B5%20%D0%BF%D0%B0%D0%BD%D0%B5%D0%BB%D0%B8%20%D0%BA%D0%B0%D0%B7%D0%B0%D0%BD%D1%8C%20%D0%BA%D1%83%D0%BF%D0%B8%D1%82%D1%8C&etext=2202.fOc06KHALfNA20iptyhSewjoB243dbl9Jh0PQPRUIhMOu2YzvM2HagPhmRC7D-4b0JqfeQiPAARRgUPvobtaEzJjnP9VIU17webAmzxrHZpoZ3ndXNRSnEWFEsTseYnpTm7CnYWcSSMBPz32_hAEnbxjDu4EjBcgRGFW70BJzwr1D-eMWFnGXNTq-6m2Y4LXdmFtdmhraWpnem52b3Btcg.e109a30d13569d1fc804cc04b3d638f4d93be70d&yclid=2111899707784298495" "Mozilla/5.0 (Linux; arm_64; Android 13; RMX3501) AppleWebKit/537.36 (KHTML, like Gecko) Chrome/144.0.7559.706 YaSearchBrowser/26.35.1 BroPP/1.0 YaSearchApp/26.35.1 webOmni Mobile Safari/537.36"
176.15.245.82 - - [11/Apr/2026:10:45:26 +0300] "GET /components/com_jshopping/files/img_products/thumb____________________4.jpg HTTP/1.1" 200 6948 "https://dks.riat.ru/termopaneli/?utm_source=yandex&utm_medium=rsi&utm_campaign=66351781&utm_content=16812170070&utm_term=%D1%84%D0%B0%D1%81%D0%B0%D0%B4%D0%BD%D1%8B%D0%B5%20%D0%BF%D0%B0%D0%BD%D0%B5%D0%BB%D0%B8%20%D0%BA%D0%B0%D0%B7%D0%B0%D0%BD%D1%8C%20%D0%BA%D1%83%D0%BF%D0%B8%D1%82%D1%8C&etext=2202.fOc06KHALfNA20iptyhSewjoB243dbl9Jh0PQPRUIhMOu2YzvM2HagPhmRC7D-4b0JqfeQiPAARRgUPvobtaEzJjnP9VIU17webAmzxrHZpoZ3ndXNRSnEWFEsTseYnpTm7CnYWcSSMBPz32_hAEnbxjDu4EjBcgRGFW70BJzwr1D-eMWFnGXNTq-6m2Y4LXdmFtdmhraWpnem52b3Btcg.e109a30d13569d1fc804cc04b3d638f4d93be70d&yclid=2111899707784298495" "Mozilla/5.0 (Linux; arm_64; Android 13; RMX3501) AppleWebKit/537.36 (KHTML, like Gecko) Chrome/144.0.7559.706 YaSearchBrowser/26.35.1 BroPP/1.0 YaSearchApp/26.35.1 webOmni Mobile Safari/537.36"
176.15.245.82 - - [11/Apr/2026:10:45:26 +0300] "GET /components/com_jshopping/files/img_products/thumb_amster-2.jpg HTTP/1.1" 200 5502 "https://dks.riat.ru/termopaneli/?utm_source=yandex&utm_medium=rsi&utm_campaign=66351781&utm_content=16812170070&utm_term=%D1%84%D0%B0%D1%81%D0%B0%D0%B4%D0%BD%D1%8B%D0%B5%20%D0%BF%D0%B0%D0%BD%D0%B5%D0%BB%D0%B8%20%D0%BA%D0%B0%D0%B7%D0%B0%D0%BD%D1%8C%20%D0%BA%D1%83%D0%BF%D0%B8%D1%82%D1%8C&etext=2202.fOc06KHALfNA20iptyhSewjoB243dbl9Jh0PQPRUIhMOu2YzvM2HagPhmRC7D-4b0JqfeQiPAARRgUPvobtaEzJjnP9VIU17webAmzxrHZpoZ3ndXNRSnEWFEsTseYnpTm7CnYWcSSMBPz32_hAEnbxjDu4EjBcgRGFW70BJzwr1D-eMWFnGXNTq-6m2Y4LXdmFtdmhraWpnem52b3Btcg.e109a30d13569d1fc804cc04b3d638f4d93be70d&yclid=2111899707784298495" "Mozilla/5.0 (Linux; arm_64; Android 13; RMX3501) AppleWebKit/537.36 (KHTML, like Gecko) Chrome/144.0.7559.706 YaSearchBrowser/26.35.1 BroPP/1.0 YaSearchApp/26.35.1 webOmni Mobile Safari/537.36"
170.106.35.153 - - [11/Apr/2026:10:45:25 +0300] "GET / HTTP/1.0" 200 16205 "http://dks.riat.ru" "Mozilla/5.0 (iPhone; CPU iPhone OS 13_2_3 like Mac OS X) AppleWebKit/605.1.15 (KHTML, like Gecko) Version/13.0.3 Mobile/15E148 Safari/604.1"
176.15.245.82 - - [11/Apr/2026:10:45:26 +0300] "GET /components/com_jshopping/files/img_products/thumb_536_0.jpg HTTP/1.1" 200 31065 "https://dks.riat.ru/termopaneli/?utm_source=yandex&utm_medium=rsi&utm_campaign=66351781&utm_content=16812170070&utm_term=%D1%84%D0%B0%D1%81%D0%B0%D0%B4%D0%BD%D1%8B%D0%B5%20%D0%BF%D0%B0%D0%BD%D0%B5%D0%BB%D0%B8%20%D0%BA%D0%B0%D0%B7%D0%B0%D0%BD%D1%8C%20%D0%BA%D1%83%D0%BF%D0%B8%D1%82%D1%8C&etext=2202.fOc06KHALfNA20iptyhSewjoB243dbl9Jh0PQPRUIhMOu2YzvM2HagPhmRC7D-4b0JqfeQiPAARRgUPvobtaEzJjnP9VIU17webAmzxrHZpoZ3ndXNRSnEWFEsTseYnpTm7CnYWcSSMBPz32_hAEnbxjDu4EjBcgRGFW70BJzwr1D-eMWFnGXNTq-6m2Y4LXdmFtdmhraWpnem52b3Btcg.e109a30d13569d1fc804cc04b3d638f4d93be70d&yclid=2111899707784298495" "Mozilla/5.0 (Linux; arm_64; Android 13; RMX3501) AppleWebKit/537.36 (KHTML, like Gecko) Chrome/144.0.7559.706 YaSearchBrowser/26.35.1 BroPP/1.0 YaSearchApp/26.35.1 webOmni Mobile Safari/537.36"
176.15.245.82 - - [11/Apr/2026:10:45:26 +0300] "GET /components/com_jshopping/files/img_products/thumb_6185_0.jpg HTTP/1.1" 200 37614 "https://dks.riat.ru/termopaneli/?utm_source=yandex&utm_medium=rsi&utm_campaign=66351781&utm_content=16812170070&utm_term=%D1%84%D0%B0%D1%81%D0%B0%D0%B4%D0%BD%D1%8B%D0%B5%20%D0%BF%D0%B0%D0%BD%D0%B5%D0%BB%D0%B8%20%D0%BA%D0%B0%D0%B7%D0%B0%D0%BD%D1%8C%20%D0%BA%D1%83%D0%BF%D0%B8%D1%82%D1%8C&etext=2202.fOc06KHALfNA20iptyhSewjoB243dbl9Jh0PQPRUIhMOu2YzvM2HagPhmRC7D-4b0JqfeQiPAARRgUPvobtaEzJjnP9VIU17webAmzxrHZpoZ3ndXNRSnEWFEsTseYnpTm7CnYWcSSMBPz32_hAEnbxjDu4EjBcgRGFW70BJzwr1D-eMWFnGXNTq-6m2Y4LXdmFtdmhraWpnem52b3Btcg.e109a30d13569d1fc804cc04b3d638f4d93be70d&yclid=2111899707784298495" "Mozilla/5.0 (Linux; arm_64; Android 13; RMX3501) AppleWebKit/537.36 (KHTML, like Gecko) Chrome/144.0.7559.706 YaSearchBrowser/26.35.1 BroPP/1.0 YaSearchApp/26.35.1 webOmni Mobile Safari/537.36"
176.15.245.82 - - [11/Apr/2026:10:45:27 +0300] "GET /components/com_jshopping/files/img_products/thumb_533_4.jpg HTTP/1.1" 200 23877 "https://dks.riat.ru/termopaneli/?utm_source=yandex&utm_medium=rsi&utm_campaign=66351781&utm_content=16812170070&utm_term=%D1%84%D0%B0%D1%81%D0%B0%D0%B4%D0%BD%D1%8B%D0%B5%20%D0%BF%D0%B0%D0%BD%D0%B5%D0%BB%D0%B8%20%D0%BA%D0%B0%D0%B7%D0%B0%D0%BD%D1%8C%20%D0%BA%D1%83%D0%BF%D0%B8%D1%82%D1%8C&etext=2202.fOc06KHALfNA20iptyhSewjoB243dbl9Jh0PQPRUIhMOu2YzvM2HagPhmRC7D-4b0JqfeQiPAARRgUPvobtaEzJjnP9VIU17webAmzxrHZpoZ3ndXNRSnEWFEsTseYnpTm7CnYWcSSMBPz32_hAEnbxjDu4EjBcgRGFW70BJzwr1D-eMWFnGXNTq-6m2Y4LXdmFtdmhraWpnem52b3Btcg.e109a30d13569d1fc804cc04b3d638f4d93be70d&yclid=2111899707784298495" "Mozilla/5.0 (Linux; arm_64; Android 13; RMX3501) AppleWebKit/537.36 (KHTML, like Gecko) Chrome/144.0.7559.706 YaSearchBrowser/26.35.1 BroPP/1.0 YaSearchApp/26.35.1 webOmni Mobile Safari/537.36"
176.15.245.82 - - [11/Apr/2026:10:45:27 +0300] "GET /images/2019/03/15/top-panel.png HTTP/1.1" 200 299581 "https://dks.riat.ru/termopaneli/?utm_source=yandex&utm_medium=rsi&utm_campaign=66351781&utm_content=16812170070&utm_term=%D1%84%D0%B0%D1%81%D0%B0%D0%B4%D0%BD%D1%8B%D0%B5%20%D0%BF%D0%B0%D0%BD%D0%B5%D0%BB%D0%B8%20%D0%BA%D0%B0%D0%B7%D0%B0%D0%BD%D1%8C%20%D0%BA%D1%83%D0%BF%D0%B8%D1%82%D1%8C&etext=2202.fOc06KHALfNA20iptyhSewjoB243dbl9Jh0PQPRUIhMOu2YzvM2HagPhmRC7D-4b0JqfeQiPAARRgUPvobtaEzJjnP9VIU17webAmzxrHZpoZ3ndXNRSnEWFEsTseYnpTm7CnYWcSSMBPz32_hAEnbxjDu4EjBcgRGFW70BJzwr1D-eMWFnGXNTq-6m2Y4LXdmFtdmhraWpnem52b3Btcg.e109a30d13569d1fc804cc04b3d638f4d93be70d&yclid=2111899707784298495" "Mozilla/5.0 (Linux; arm_64; Android 13; RMX3501) AppleWebKit/537.36 (KHTML, like Gecko) Chrome/144.0.7559.706 YaSearchBrowser/26.35.1 BroPP/1.0 YaSearchApp/26.35.1 webOmni Mobile Safari/537.36"
213.180.203.3 - - [11/Apr/2026:10:45:32 +0300] "GET /images/logo-riat.png HTTP/1.1" 200 6322 "https://dks.riat.ru/termopaneli/?utm_source=yandex&utm_medium=rsi&utm_campaign={campaign_id}&utm_content={ad_id}&utm_term={keyword}" "Mozilla/5.0 (compatible; YandexBot/3.0; +http://yandex.com/bots) AppleWebKit/537.36 (KHTML, like Gecko) Chrome/108.0.0.0"
176.15.245.82 - - [11/Apr/2026:10:45:37 +0300] "GET /images/logo-bottom.png HTTP/1.1" 200 11304 "https://dks.riat.ru/termopaneli/?utm_source=yandex&utm_medium=rsi&utm_campaign=66351781&utm_content=16812170070&utm_term=%D1%84%D0%B0%D1%81%D0%B0%D0%B4%D0%BD%D1%8B%D0%B5%20%D0%BF%D0%B0%D0%BD%D0%B5%D0%BB%D0%B8%20%D0%BA%D0%B0%D0%B7%D0%B0%D0%BD%D1%8C%20%D0%BA%D1%83%D0%BF%D0%B8%D1%82%D1%8C&etext=2202.fOc06KHALfNA20iptyhSewjoB243dbl9Jh0PQPRUIhMOu2YzvM2HagPhmRC7D-4b0JqfeQiPAARRgUPvobtaEzJjnP9VIU17webAmzxrHZpoZ3ndXNRSnEWFEsTseYnpTm7CnYWcSSMBPz32_hAEnbxjDu4EjBcgRGFW70BJzwr1D-eMWFnGXNTq-6m2Y4LXdmFtdmhraWpnem52b3Btcg.e109a30d13569d1fc804cc04b3d638f4d93be70d&yclid=2111899707784298495" "Mozilla/5.0 (Linux; arm_64; Android 13; RMX3501) AppleWebKit/537.36 (KHTML, like Gecko) Chrome/144.0.7559.706 YaSearchBrowser/26.35.1 BroPP/1.0 YaSearchApp/26.35.1 webOmni Mobile Safari/537.36"
176.15.245.82 - - [11/Apr/2026:10:45:51 +0300] "GET /images/2021/07/21/paneli2.jpg HTTP/1.1" 200 168236 "https://dks.riat.ru/termopaneli/?utm_source=yandex&utm_medium=rsi&utm_campaign=66351781&utm_content=16812170070&utm_term=%D1%84%D0%B0%D1%81%D0%B0%D0%B4%D0%BD%D1%8B%D0%B5%20%D0%BF%D0%B0%D0%BD%D0%B5%D0%BB%D0%B8%20%D0%BA%D0%B0%D0%B7%D0%B0%D0%BD%D1%8C%20%D0%BA%D1%83%D0%BF%D0%B8%D1%82%D1%8C&etext=2202.fOc06KHALfNA20iptyhSewjoB243dbl9Jh0PQPRUIhMOu2YzvM2HagPhmRC7D-4b0JqfeQiPAARRgUPvobtaEzJjnP9VIU17webAmzxrHZpoZ3ndXNRSnEWFEsTseYnpTm7CnYWcSSMBPz32_hAEnbxjDu4EjBcgRGFW70BJzwr1D-eMWFnGXNTq-6m2Y4LXdmFtdmhraWpnem52b3Btcg.e109a30d13569d1fc804cc04b3d638f4d93be70d&yclid=2111899707784298495" "Mozilla/5.0 (Linux; arm_64; Android 13; RMX3501) AppleWebKit/537.36 (KHTML, like Gecko) Chrome/144.0.7559.706 YaSearchBrowser/26.35.1 BroPP/1.0 YaSearchApp/26.35.1 webOmni Mobile Safari/537.36"
176.15.245.82 - - [11/Apr/2026:10:45:51 +0300] "GET /images/2026/tp-posle2.jpg HTTP/1.1" 200 226140 "https://dks.riat.ru/termopaneli/?utm_source=yandex&utm_medium=rsi&utm_campaign=66351781&utm_content=16812170070&utm_term=%D1%84%D0%B0%D1%81%D0%B0%D0%B4%D0%BD%D1%8B%D0%B5%20%D0%BF%D0%B0%D0%BD%D0%B5%D0%BB%D0%B8%20%D0%BA%D0%B0%D0%B7%D0%B0%D0%BD%D1%8C%20%D0%BA%D1%83%D0%BF%D0%B8%D1%82%D1%8C&etext=2202.fOc06KHALfNA20iptyhSewjoB243dbl9Jh0PQPRUIhMOu2YzvM2HagPhmRC7D-4b0JqfeQiPAARRgUPvobtaEzJjnP9VIU17webAmzxrHZpoZ3ndXNRSnEWFEsTseYnpTm7CnYWcSSMBPz32_hAEnbxjDu4EjBcgRGFW70BJzwr1D-eMWFnGXNTq-6m2Y4LXdmFtdmhraWpnem52b3Btcg.e109a30d13569d1fc804cc04b3d638f4d93be70d&yclid=2111899707784298495" "Mozilla/5.0 (Linux; arm_64; Android 13; RMX3501) AppleWebKit/537.36 (KHTML, like Gecko) Chrome/144.0.7559.706 YaSearchBrowser/26.35.1 BroPP/1.0 YaSearchApp/26.35.1 webOmni Mobile Safari/537.36"
