uawdijnntqw1x1x1
IP : 216.73.216.103
Hostname : dsru51-17647.fornex.org
Kernel : Linux dsru51-17647.fornex.org 4.9.0-4-amd64 #1 SMP Debian 4.9.65-3+deb9u1 (2017-12-23) x86_64
Disable Function : pcntl_alarm,pcntl_fork,pcntl_waitpid,pcntl_wait,pcntl_wifexited,pcntl_wifstopped,pcntl_wifsignaled,pcntl_wexitstatus,pcntl_wtermsig,pcntl_wstopsig,pcntl_signal,pcntl_signal_dispatch,pcntl_get_last_error,pcntl_strerror,pcntl_sigprocmask,pcntl_sigwaitinfo,pcntl_sigtimedwait,pcntl_exec,pcntl_getpriority,pcntl_setpriority,
OS : Linux
PATH:
/
var
/
www
/
rustam
/
data
/
www
/
chehun.ru
/
..
/
..
/
logs
/
xn----dtbhndfc3aecoefcpr.xn--p1ai.access.log
/
/
216.73.216.36 - - [14/Apr/2026:06:25:58 +0300] "GET /view/item/012399810732 HTTP/1.0" 404 2575 "-" "Mozilla/5.0 AppleWebKit/537.36 (KHTML, like Gecko; compatible; ClaudeBot/1.0; +claudebot@anthropic.com)"
216.73.216.36 - - [14/Apr/2026:06:26:17 +0300] "GET /view/item/011092357826 HTTP/1.0" 404 2478 "-" "Mozilla/5.0 AppleWebKit/537.36 (KHTML, like Gecko; compatible; ClaudeBot/1.0; +claudebot@anthropic.com)"
143.244.47.83 - - [14/Apr/2026:06:26:19 +0300] "HEAD / HTTP/1.0" 200 427 "-" "Mozilla/5.0 (Windows NT 10.0; Win64; x64) AppleWebKit/537.36 (KHTML, like Gecko) Chrome/58.0.3029.110 Safari/537.3"
143.244.47.83 - - [14/Apr/2026:06:26:25 +0300] "HEAD / HTTP/1.0" 200 427 "-" "Mozilla/5.0 (Windows NT 10.0; Win64; x64) AppleWebKit/537.36 (KHTML, like Gecko) Chrome/58.0.3029.110 Safari/537.3"
216.73.216.36 - - [14/Apr/2026:06:26:29 +0300] "GET /view/item/01182365818 HTTP/1.0" 404 2477 "-" "Mozilla/5.0 AppleWebKit/537.36 (KHTML, like Gecko; compatible; ClaudeBot/1.0; +claudebot@anthropic.com)"
216.73.216.36 - - [14/Apr/2026:06:26:39 +0300] "GET /view/item/012635814495 HTTP/1.0" 404 2575 "-" "Mozilla/5.0 AppleWebKit/537.36 (KHTML, like Gecko; compatible; ClaudeBot/1.0; +claudebot@anthropic.com)"
216.73.216.36 - - [14/Apr/2026:06:26:59 +0300] "GET /view/item/011752724476 HTTP/1.0" 404 2478 "-" "Mozilla/5.0 AppleWebKit/537.36 (KHTML, like Gecko; compatible; ClaudeBot/1.0; +claudebot@anthropic.com)"
216.73.216.36 - - [14/Apr/2026:06:27:11 +0300] "GET /view/item/013011421236 HTTP/1.0" 404 2478 "-" "Mozilla/5.0 AppleWebKit/537.36 (KHTML, like Gecko; compatible; ClaudeBot/1.0; +claudebot@anthropic.com)"
216.73.216.36 - - [14/Apr/2026:06:27:31 +0300] "GET /view/item/011587417058 HTTP/1.0" 404 2478 "-" "Mozilla/5.0 AppleWebKit/537.36 (KHTML, like Gecko; compatible; ClaudeBot/1.0; +claudebot@anthropic.com)"
216.73.216.36 - - [14/Apr/2026:06:27:41 +0300] "GET /view/item/013802535065 HTTP/1.0" 404 2478 "-" "Mozilla/5.0 AppleWebKit/537.36 (KHTML, like Gecko; compatible; ClaudeBot/1.0; +claudebot@anthropic.com)"
216.73.216.36 - - [14/Apr/2026:06:28:01 +0300] "GET /view/item/011647201753 HTTP/1.0" 404 2478 "-" "Mozilla/5.0 AppleWebKit/537.36 (KHTML, like Gecko; compatible; ClaudeBot/1.0; +claudebot@anthropic.com)"
216.73.216.36 - - [14/Apr/2026:06:28:18 +0300] "GET /view/item/012055988155 HTTP/1.0" 404 2575 "-" "Mozilla/5.0 AppleWebKit/537.36 (KHTML, like Gecko; compatible; ClaudeBot/1.0; +claudebot@anthropic.com)"
216.73.216.36 - - [14/Apr/2026:06:28:37 +0300] "GET /view/item/011206024 HTTP/1.0" 404 2475 "-" "Mozilla/5.0 AppleWebKit/537.36 (KHTML, like Gecko; compatible; ClaudeBot/1.0; +claudebot@anthropic.com)"
216.73.216.36 - - [14/Apr/2026:06:28:48 +0300] "GET /view/item/012865727800 HTTP/1.0" 404 2575 "-" "Mozilla/5.0 AppleWebKit/537.36 (KHTML, like Gecko; compatible; ClaudeBot/1.0; +claudebot@anthropic.com)"
216.73.216.36 - - [14/Apr/2026:06:29:08 +0300] "GET /view/item/014205652931 HTTP/1.0" 404 2478 "-" "Mozilla/5.0 AppleWebKit/537.36 (KHTML, like Gecko; compatible; ClaudeBot/1.0; +claudebot@anthropic.com)"
216.73.216.36 - - [14/Apr/2026:06:29:20 +0300] "GET /view/item/01490520113 HTTP/1.0" 404 2574 "-" "Mozilla/5.0 AppleWebKit/537.36 (KHTML, like Gecko; compatible; ClaudeBot/1.0; +claudebot@anthropic.com)"
216.73.216.36 - - [14/Apr/2026:06:29:28 +0300] "GET /sitemap.xml HTTP/1.0" 200 14282 "-" "Mozilla/5.0 AppleWebKit/537.36 (KHTML, like Gecko; compatible; ClaudeBot/1.0; +claudebot@anthropic.com)"
216.73.216.36 - - [14/Apr/2026:06:29:39 +0300] "GET /view/item/011049856743 HTTP/1.0" 404 2478 "-" "Mozilla/5.0 AppleWebKit/537.36 (KHTML, like Gecko; compatible; ClaudeBot/1.0; +claudebot@anthropic.com)"
216.73.216.36 - - [14/Apr/2026:06:30:00 +0300] "GET /view/item/011052280957 HTTP/1.0" 404 2478 "-" "Mozilla/5.0 AppleWebKit/537.36 (KHTML, like Gecko; compatible; ClaudeBot/1.0; +claudebot@anthropic.com)"
216.73.216.36 - - [14/Apr/2026:06:30:11 +0300] "GET /view/item/011617165193 HTTP/1.0" 404 2575 "-" "Mozilla/5.0 AppleWebKit/537.36 (KHTML, like Gecko; compatible; ClaudeBot/1.0; +claudebot@anthropic.com)"
216.73.216.36 - - [14/Apr/2026:06:30:28 +0300] "GET /view/item/014057291132 HTTP/1.0" 404 2575 "-" "Mozilla/5.0 AppleWebKit/537.36 (KHTML, like Gecko; compatible; ClaudeBot/1.0; +claudebot@anthropic.com)"
216.73.216.36 - - [14/Apr/2026:06:30:48 +0300] "GET /view/item/01591316547 HTTP/1.0" 404 2477 "-" "Mozilla/5.0 AppleWebKit/537.36 (KHTML, like Gecko; compatible; ClaudeBot/1.0; +claudebot@anthropic.com)"
216.73.216.36 - - [14/Apr/2026:06:31:08 +0300] "GET /view/item/011676145073 HTTP/1.0" 404 2478 "-" "Mozilla/5.0 AppleWebKit/537.36 (KHTML, like Gecko; compatible; ClaudeBot/1.0; +claudebot@anthropic.com)"
216.73.216.36 - - [14/Apr/2026:06:31:29 +0300] "GET /view/item/01834993229 HTTP/1.0" 404 2477 "-" "Mozilla/5.0 AppleWebKit/537.36 (KHTML, like Gecko; compatible; ClaudeBot/1.0; +claudebot@anthropic.com)"
216.73.216.36 - - [14/Apr/2026:06:31:41 +0300] "GET /view/item/01193357239 HTTP/1.0" 404 2574 "-" "Mozilla/5.0 AppleWebKit/537.36 (KHTML, like Gecko; compatible; ClaudeBot/1.0; +claudebot@anthropic.com)"
216.73.216.36 - - [14/Apr/2026:06:32:01 +0300] "GET /view/item/011736288558 HTTP/1.0" 404 2478 "-" "Mozilla/5.0 AppleWebKit/537.36 (KHTML, like Gecko; compatible; ClaudeBot/1.0; +claudebot@anthropic.com)"
216.73.216.36 - - [14/Apr/2026:06:32:15 +0300] "GET /view/item/014054481219 HTTP/1.0" 404 2575 "-" "Mozilla/5.0 AppleWebKit/537.36 (KHTML, like Gecko; compatible; ClaudeBot/1.0; +claudebot@anthropic.com)"
216.73.216.36 - - [14/Apr/2026:06:32:35 +0300] "GET /view/item/013677624261 HTTP/1.0" 404 2478 "-" "Mozilla/5.0 AppleWebKit/537.36 (KHTML, like Gecko; compatible; ClaudeBot/1.0; +claudebot@anthropic.com)"
216.73.216.36 - - [14/Apr/2026:06:32:46 +0300] "GET /view/item/012537476418 HTTP/1.0" 404 2575 "-" "Mozilla/5.0 AppleWebKit/537.36 (KHTML, like Gecko; compatible; ClaudeBot/1.0; +claudebot@anthropic.com)"
216.73.216.36 - - [14/Apr/2026:06:33:06 +0300] "GET /view/item/011224970490 HTTP/1.0" 404 2478 "-" "Mozilla/5.0 AppleWebKit/537.36 (KHTML, like Gecko; compatible; ClaudeBot/1.0; +claudebot@anthropic.com)"
216.73.216.36 - - [14/Apr/2026:06:33:16 +0300] "GET /view/item/012889559333 HTTP/1.0" 404 2478 "-" "Mozilla/5.0 AppleWebKit/537.36 (KHTML, like Gecko; compatible; ClaudeBot/1.0; +claudebot@anthropic.com)"
216.73.216.36 - - [14/Apr/2026:06:33:30 +0300] "GET /view/item/011517530457 HTTP/1.0" 404 2575 "-" "Mozilla/5.0 AppleWebKit/537.36 (KHTML, like Gecko; compatible; ClaudeBot/1.0; +claudebot@anthropic.com)"
216.73.216.36 - - [14/Apr/2026:06:33:51 +0300] "GET /view/item/01944258882 HTTP/1.0" 404 2574 "-" "Mozilla/5.0 AppleWebKit/537.36 (KHTML, like Gecko; compatible; ClaudeBot/1.0; +claudebot@anthropic.com)"
216.73.216.36 - - [14/Apr/2026:06:34:11 +0300] "GET /view/item/011941294376 HTTP/1.0" 404 2478 "-" "Mozilla/5.0 AppleWebKit/537.36 (KHTML, like Gecko; compatible; ClaudeBot/1.0; +claudebot@anthropic.com)"
216.73.216.36 - - [14/Apr/2026:06:34:26 +0300] "GET /view/item/013071157350 HTTP/1.0" 404 2575 "-" "Mozilla/5.0 AppleWebKit/537.36 (KHTML, like Gecko; compatible; ClaudeBot/1.0; +claudebot@anthropic.com)"
34.143.136.115 - - [14/Apr/2026:06:34:37 +0300] "GET / HTTP/1.0" 200 16219 "-" "Mozilla/5.0 (X11; Linux x86_64) Firefox/117.0"
216.73.216.36 - - [14/Apr/2026:06:34:42 +0300] "GET /view/item/011601150440 HTTP/1.0" 404 2478 "-" "Mozilla/5.0 AppleWebKit/537.36 (KHTML, like Gecko; compatible; ClaudeBot/1.0; +claudebot@anthropic.com)"
216.73.216.36 - - [14/Apr/2026:06:35:02 +0300] "GET /view/item/013431150607 HTTP/1.0" 404 2478 "-" "Mozilla/5.0 AppleWebKit/537.36 (KHTML, like Gecko; compatible; ClaudeBot/1.0; +claudebot@anthropic.com)"
216.73.216.36 - - [14/Apr/2026:06:35:13 +0300] "GET /view/item/01326743795 HTTP/1.0" 404 2574 "-" "Mozilla/5.0 AppleWebKit/537.36 (KHTML, like Gecko; compatible; ClaudeBot/1.0; +claudebot@anthropic.com)"
216.73.216.36 - - [14/Apr/2026:06:35:33 +0300] "GET /view/item/012758605096 HTTP/1.0" 404 2478 "-" "Mozilla/5.0 AppleWebKit/537.36 (KHTML, like Gecko; compatible; ClaudeBot/1.0; +claudebot@anthropic.com)"
216.73.216.36 - - [14/Apr/2026:06:35:53 +0300] "GET /view/item/011464539297 HTTP/1.0" 404 2478 "-" "Mozilla/5.0 AppleWebKit/537.36 (KHTML, like Gecko; compatible; ClaudeBot/1.0; +claudebot@anthropic.com)"
216.73.216.36 - - [14/Apr/2026:06:36:13 +0300] "GET /view/item/013665911504 HTTP/1.0" 404 2478 "-" "Mozilla/5.0 AppleWebKit/537.36 (KHTML, like Gecko; compatible; ClaudeBot/1.0; +claudebot@anthropic.com)"
216.73.216.36 - - [14/Apr/2026:06:36:34 +0300] "GET /view/item/012087262760 HTTP/1.0" 404 2478 "-" "Mozilla/5.0 AppleWebKit/537.36 (KHTML, like Gecko; compatible; ClaudeBot/1.0; +claudebot@anthropic.com)"
216.73.216.36 - - [14/Apr/2026:06:36:53 +0300] "GET /view/item/01206524591 HTTP/1.0" 404 2477 "-" "Mozilla/5.0 AppleWebKit/537.36 (KHTML, like Gecko; compatible; ClaudeBot/1.0; +claudebot@anthropic.com)"
212.112.19.82 - - [14/Apr/2026:06:37:13 +0300] "GET / HTTP/1.1" 400 685 "-" "Mozilla/5.0 (X11; Linux x86_64) AppleWebKit/537.36 (KHTML, like Gecko) Chrome/137.0.0.0 Safari/537.36"
94.154.35.236 - - [14/Apr/2026:06:37:13 +0300] "HEAD /blog.gz HTTP/1.0" 404 294 "-" "Mozilla/5.0 (Windows NT 10.0; Win64; x64) AppleWebKit/537.36 (KHTML, like Gecko) Chrome/101.0.4951.67 Safari/537.36"
185.209.198.86 - - [14/Apr/2026:06:39:27 +0300] "GET / HTTP/1.0" 200 16221 "-" "Mozilla/5.0 (Macintosh; Intel Mac OS X 10_15_7) AppleWebKit/537.36 (KHTML, like Gecko) Chrome/146.0.0.0 Safari/537.36"
185.209.198.86 - - [14/Apr/2026:06:39:33 +0300] "GET /favicon.ico HTTP/1.0" 404 2468 "-" "Mozilla/5.0 (Macintosh; Intel Mac OS X 10_15_7) AppleWebKit/537.36 (KHTML, like Gecko) Chrome/146.0.0.0 Safari/537.36"
216.73.216.36 - - [14/Apr/2026:06:43:24 +0300] "GET /sitemap.xml HTTP/1.0" 200 14293 "-" "Mozilla/5.0 AppleWebKit/537.36 (KHTML, like Gecko; compatible; ClaudeBot/1.0; +claudebot@anthropic.com)"
91.99.221.97 - - [14/Apr/2026:06:46:49 +0300] "GET / HTTP/1.0" 200 16219 "-" "Mozilla/5.0 (compatible; bot/1.0)"
216.73.216.36 - - [14/Apr/2026:06:47:35 +0300] "GET /view/item/012183071982 HTTP/1.0" 404 2575 "-" "Mozilla/5.0 AppleWebKit/537.36 (KHTML, like Gecko; compatible; ClaudeBot/1.0; +claudebot@anthropic.com)"
216.73.216.36 - - [14/Apr/2026:06:47:55 +0300] "GET /view/item/013819319252 HTTP/1.0" 404 2478 "-" "Mozilla/5.0 AppleWebKit/537.36 (KHTML, like Gecko; compatible; ClaudeBot/1.0; +claudebot@anthropic.com)"
216.73.216.36 - - [14/Apr/2026:06:48:15 +0300] "GET /view/item/013712558392 HTTP/1.0" 404 2478 "-" "Mozilla/5.0 AppleWebKit/537.36 (KHTML, like Gecko; compatible; ClaudeBot/1.0; +claudebot@anthropic.com)"
216.73.216.36 - - [14/Apr/2026:06:48:35 +0300] "GET /view/item/01634498814 HTTP/1.0" 404 2477 "-" "Mozilla/5.0 AppleWebKit/537.36 (KHTML, like Gecko; compatible; ClaudeBot/1.0; +claudebot@anthropic.com)"
216.73.216.36 - - [14/Apr/2026:06:48:55 +0300] "GET /view/item/011904285933 HTTP/1.0" 404 2478 "-" "Mozilla/5.0 AppleWebKit/537.36 (KHTML, like Gecko; compatible; ClaudeBot/1.0; +claudebot@anthropic.com)"
216.73.216.36 - - [14/Apr/2026:06:49:15 +0300] "GET /view/item/011920688496 HTTP/1.0" 404 2478 "-" "Mozilla/5.0 AppleWebKit/537.36 (KHTML, like Gecko; compatible; ClaudeBot/1.0; +claudebot@anthropic.com)"
216.73.216.36 - - [14/Apr/2026:06:49:29 +0300] "GET /view/item/011224054281 HTTP/1.0" 404 2575 "-" "Mozilla/5.0 AppleWebKit/537.36 (KHTML, like Gecko; compatible; ClaudeBot/1.0; +claudebot@anthropic.com)"
216.73.216.36 - - [14/Apr/2026:06:49:47 +0300] "GET /view/item/011879409012 HTTP/1.0" 404 2478 "-" "Mozilla/5.0 AppleWebKit/537.36 (KHTML, like Gecko; compatible; ClaudeBot/1.0; +claudebot@anthropic.com)"
216.73.216.36 - - [14/Apr/2026:06:50:09 +0300] "GET /view/item/014228547065 HTTP/1.0" 404 2478 "-" "Mozilla/5.0 AppleWebKit/537.36 (KHTML, like Gecko; compatible; ClaudeBot/1.0; +claudebot@anthropic.com)"
216.73.216.36 - - [14/Apr/2026:06:50:32 +0300] "GET /view/item/013956520736 HTTP/1.0" 404 2478 "-" "Mozilla/5.0 AppleWebKit/537.36 (KHTML, like Gecko; compatible; ClaudeBot/1.0; +claudebot@anthropic.com)"
143.244.47.83 - - [14/Apr/2026:06:50:43 +0300] "GET / HTTP/1.0" 200 16220 "-" "Mozilla/5.0 (Windows NT 10.0; Win64; x64) AppleWebKit/537.36 (KHTML, like Gecko) Chrome/124.0.0.0 Safari/537.36"
216.73.216.36 - - [14/Apr/2026:06:50:53 +0300] "GET /view/item/013089539480 HTTP/1.0" 404 2575 "-" "Mozilla/5.0 AppleWebKit/537.36 (KHTML, like Gecko; compatible; ClaudeBot/1.0; +claudebot@anthropic.com)"
216.73.216.36 - - [14/Apr/2026:06:51:16 +0300] "GET /view/item/014254636069 HTTP/1.0" 404 2478 "-" "Mozilla/5.0 AppleWebKit/537.36 (KHTML, like Gecko; compatible; ClaudeBot/1.0; +claudebot@anthropic.com)"
216.73.216.36 - - [14/Apr/2026:06:51:26 +0300] "GET /view/item/01953118663 HTTP/1.0" 404 2574 "-" "Mozilla/5.0 AppleWebKit/537.36 (KHTML, like Gecko; compatible; ClaudeBot/1.0; +claudebot@anthropic.com)"
185.177.72.50 - - [14/Apr/2026:06:51:43 +0300] "GET /index.html HTTP/1.0" 200 5076 "-" "Mozilla/5.0 (Windows NT 10.0; Win64; x64) AppleWebKit/537.36, Mozilla/5.0 (Windows NT 10.0; Win64; x64) AppleWebKit/537.36 (KHTML, like Gecko) Chrome/120.0.0.0 Safari/537.36"
185.177.72.50 - - [14/Apr/2026:06:51:41 +0300] "GET /payment HTTP/1.0" 404 2561 "-" "Mozilla/5.0 (Windows NT 10.0; Win64; x64) AppleWebKit/537.36, Mozilla/5.0 (Windows NT 10.0; Win64; x64) AppleWebKit/537.36 (KHTML, like Gecko) Chrome/120.0.0.0 Safari/537.36"
185.177.72.50 - - [14/Apr/2026:06:51:41 +0300] "GET /plans HTTP/1.0" 404 2563 "-" "Mozilla/5.0 (Windows NT 10.0; Win64; x64) AppleWebKit/537.36, Mozilla/5.0 (Windows NT 10.0; Win64; x64) AppleWebKit/537.36 (KHTML, like Gecko) Chrome/120.0.0.0 Safari/537.36"
185.177.72.50 - - [14/Apr/2026:06:51:45 +0300] "GET /robots.txt HTTP/1.0" 200 409 "-" "Mozilla/5.0 (Windows NT 10.0; Win64; x64) AppleWebKit/537.36"
185.177.72.50 - - [14/Apr/2026:06:51:41 +0300] "GET /sitemap.xml HTTP/1.0" 200 14385 "-" "Mozilla/5.0 (Windows NT 10.0; Win64; x64) AppleWebKit/537.36"
185.177.72.50 - - [14/Apr/2026:06:51:42 +0300] "GET /order HTTP/1.0" 404 2559 "-" "Mozilla/5.0 (Windows NT 10.0; Win64; x64) AppleWebKit/537.36, Mozilla/5.0 (Windows NT 10.0; Win64; x64) AppleWebKit/537.36 (KHTML, like Gecko) Chrome/120.0.0.0 Safari/537.36"
185.177.72.50 - - [14/Apr/2026:06:51:42 +0300] "GET /donate HTTP/1.0" 404 2564 "-" "Mozilla/5.0 (Windows NT 10.0; Win64; x64) AppleWebKit/537.36, Mozilla/5.0 (Windows NT 10.0; Win64; x64) AppleWebKit/537.36 (KHTML, like Gecko) Chrome/120.0.0.0 Safari/537.36"
185.177.72.50 - - [14/Apr/2026:06:51:42 +0300] "GET /shop HTTP/1.0" 404 2562 "-" "Mozilla/5.0 (Windows NT 10.0; Win64; x64) AppleWebKit/537.36, Mozilla/5.0 (Windows NT 10.0; Win64; x64) AppleWebKit/537.36 (KHTML, like Gecko) Chrome/120.0.0.0 Safari/537.36"
185.177.72.50 - - [14/Apr/2026:06:51:42 +0300] "GET /account HTTP/1.0" 404 2561 "-" "Mozilla/5.0 (Windows NT 10.0; Win64; x64) AppleWebKit/537.36, Mozilla/5.0 (Windows NT 10.0; Win64; x64) AppleWebKit/537.36 (KHTML, like Gecko) Chrome/120.0.0.0 Safari/537.36"
185.177.72.50 - - [14/Apr/2026:06:51:42 +0300] "GET /checkout HTTP/1.0" 404 2566 "-" "Mozilla/5.0 (Windows NT 10.0; Win64; x64) AppleWebKit/537.36, Mozilla/5.0 (Windows NT 10.0; Win64; x64) AppleWebKit/537.36 (KHTML, like Gecko) Chrome/120.0.0.0 Safari/537.36"
185.177.72.50 - - [14/Apr/2026:06:51:42 +0300] "GET /checkout HTTP/1.0" 404 2562 "-" "Mozilla/5.0 (Windows NT 10.0; Win64; x64) AppleWebKit/537.36, Mozilla/5.0 (Windows NT 10.0; Win64; x64) AppleWebKit/537.36 (KHTML, like Gecko) Chrome/120.0.0.0 Safari/537.36"
185.177.72.50 - - [14/Apr/2026:06:51:43 +0300] "GET /subscribe HTTP/1.0" 404 2567 "-" "Mozilla/5.0 (Windows NT 10.0; Win64; x64) AppleWebKit/537.36, Mozilla/5.0 (Windows NT 10.0; Win64; x64) AppleWebKit/537.36 (KHTML, like Gecko) Chrome/120.0.0.0 Safari/537.36"
185.177.72.50 - - [14/Apr/2026:06:51:43 +0300] "GET /admin HTTP/1.0" 404 2559 "-" "Mozilla/5.0 (Windows NT 10.0; Win64; x64) AppleWebKit/537.36, Mozilla/5.0 (Windows NT 10.0; Win64; x64) AppleWebKit/537.36 (KHTML, like Gecko) Chrome/120.0.0.0 Safari/537.36"
185.177.72.50 - - [14/Apr/2026:06:51:43 +0300] "GET /plans HTTP/1.0" 404 2559 "-" "Mozilla/5.0 (Windows NT 10.0; Win64; x64) AppleWebKit/537.36, Mozilla/5.0 (Windows NT 10.0; Win64; x64) AppleWebKit/537.36 (KHTML, like Gecko) Chrome/120.0.0.0 Safari/537.36"
185.177.72.50 - - [14/Apr/2026:06:51:43 +0300] "GET /pricing HTTP/1.0" 404 2561 "-" "Mozilla/5.0 (Windows NT 10.0; Win64; x64) AppleWebKit/537.36, Mozilla/5.0 (Windows NT 10.0; Win64; x64) AppleWebKit/537.36 (KHTML, like Gecko) Chrome/120.0.0.0 Safari/537.36"
185.177.72.50 - - [14/Apr/2026:06:51:43 +0300] "GET /dashboard HTTP/1.0" 404 2563 "-" "Mozilla/5.0 (Windows NT 10.0; Win64; x64) AppleWebKit/537.36, Mozilla/5.0 (Windows NT 10.0; Win64; x64) AppleWebKit/537.36 (KHTML, like Gecko) Chrome/120.0.0.0 Safari/537.36"
185.177.72.50 - - [14/Apr/2026:06:51:44 +0300] "GET /payment HTTP/1.0" 404 2565 "-" "Mozilla/5.0 (Windows NT 10.0; Win64; x64) AppleWebKit/537.36, Mozilla/5.0 (Windows NT 10.0; Win64; x64) AppleWebKit/537.36 (KHTML, like Gecko) Chrome/120.0.0.0 Safari/537.36"
185.177.72.50 - - [14/Apr/2026:06:51:43 +0300] "GET /sitemap.xml HTTP/1.0" 200 14279 "-" "Mozilla/5.0 (Windows NT 10.0; Win64; x64) AppleWebKit/537.36"
185.177.72.50 - - [14/Apr/2026:06:51:45 +0300] "GET /payment HTTP/1.0" 404 2561 "-" "Mozilla/5.0 (Windows NT 10.0; Win64; x64) AppleWebKit/537.36, Mozilla/5.0 (Windows NT 10.0; Win64; x64) AppleWebKit/537.36 (KHTML, like Gecko) Chrome/120.0.0.0 Safari/537.36"
185.177.72.50 - - [14/Apr/2026:06:51:45 +0300] "GET /.env HTTP/1.0" 404 2562 "-" "Mozilla/5.0 (Windows NT 10.0; Win64; x64) AppleWebKit/537.36, Mozilla/5.0 (Macintosh; Intel Mac OS X 10_15_7) AppleWebKit/537.36 (KHTML, like Gecko) Chrome/120.0.0.0 Safari/537.36"
185.177.72.50 - - [14/Apr/2026:06:51:45 +0300] "GET /signup HTTP/1.0" 404 2560 "-" "Mozilla/5.0 (Windows NT 10.0; Win64; x64) AppleWebKit/537.36, Mozilla/5.0 (Windows NT 10.0; Win64; x64) AppleWebKit/537.36 (KHTML, like Gecko) Chrome/120.0.0.0 Safari/537.36"
185.177.72.50 - - [14/Apr/2026:06:51:45 +0300] "GET /billing HTTP/1.0" 404 2565 "-" "Mozilla/5.0 (Windows NT 10.0; Win64; x64) AppleWebKit/537.36, Mozilla/5.0 (Windows NT 10.0; Win64; x64) AppleWebKit/537.36 (KHTML, like Gecko) Chrome/120.0.0.0 Safari/537.36"
185.177.72.50 - - [14/Apr/2026:06:51:45 +0300] "GET /.env HTTP/1.0" 404 2558 "-" "Mozilla/5.0 (Windows NT 10.0; Win64; x64) AppleWebKit/537.36, Mozilla/5.0 (Macintosh; Intel Mac OS X 10_15_7) AppleWebKit/537.36 (KHTML, like Gecko) Chrome/120.0.0.0 Safari/537.36"
185.177.72.50 - - [14/Apr/2026:06:51:43 +0300] "GET / HTTP/1.0" 200 16222 "-" "Mozilla/5.0 (Windows NT 10.0; Win64; x64) AppleWebKit/537.36, Mozilla/5.0 (Windows NT 10.0; Win64; x64) AppleWebKit/537.36 (KHTML, like Gecko) Chrome/120.0.0.0 Safari/537.36"
185.177.72.50 - - [14/Apr/2026:06:51:46 +0300] "GET /cart HTTP/1.0" 404 2558 "-" "Mozilla/5.0 (Windows NT 10.0; Win64; x64) AppleWebKit/537.36, Mozilla/5.0 (Windows NT 10.0; Win64; x64) AppleWebKit/537.36 (KHTML, like Gecko) Chrome/120.0.0.0 Safari/537.36"
185.177.72.50 - - [14/Apr/2026:06:51:46 +0300] "GET /account HTTP/1.0" 404 2561 "-" "Mozilla/5.0 (Windows NT 10.0; Win64; x64) AppleWebKit/537.36, Mozilla/5.0 (Windows NT 10.0; Win64; x64) AppleWebKit/537.36 (KHTML, like Gecko) Chrome/120.0.0.0 Safari/537.36"
185.177.72.50 - - [14/Apr/2026:06:51:46 +0300] "GET /subscribe HTTP/1.0" 404 2563 "-" "Mozilla/5.0 (Windows NT 10.0; Win64; x64) AppleWebKit/537.36, Mozilla/5.0 (Windows NT 10.0; Win64; x64) AppleWebKit/537.36 (KHTML, like Gecko) Chrome/120.0.0.0 Safari/537.36"
185.177.72.50 - - [14/Apr/2026:06:51:46 +0300] "GET /register HTTP/1.0" 404 2562 "-" "Mozilla/5.0 (Windows NT 10.0; Win64; x64) AppleWebKit/537.36, Mozilla/5.0 (Windows NT 10.0; Win64; x64) AppleWebKit/537.36 (KHTML, like Gecko) Chrome/120.0.0.0 Safari/537.36"
185.177.72.50 - - [14/Apr/2026:06:51:46 +0300] "GET /sitemap.xml HTTP/1.0" 200 14260 "-" "Mozilla/5.0 (Windows NT 10.0; Win64; x64) AppleWebKit/537.36"
185.177.72.50 - - [14/Apr/2026:06:51:46 +0300] "GET /plans HTTP/1.0" 404 2559 "-" "Mozilla/5.0 (Windows NT 10.0; Win64; x64) AppleWebKit/537.36, Mozilla/5.0 (Windows NT 10.0; Win64; x64) AppleWebKit/537.36 (KHTML, like Gecko) Chrome/120.0.0.0 Safari/537.36"
185.177.72.50 - - [14/Apr/2026:06:51:47 +0300] "GET /payment HTTP/1.0" 404 2565 "-" "Mozilla/5.0 (Windows NT 10.0; Win64; x64) AppleWebKit/537.36, Mozilla/5.0 (Windows NT 10.0; Win64; x64) AppleWebKit/537.36 (KHTML, like Gecko) Chrome/120.0.0.0 Safari/537.36"
185.177.72.50 - - [14/Apr/2026:06:51:47 +0300] "GET /pricing HTTP/1.0" 404 2561 "-" "Mozilla/5.0 (Windows NT 10.0; Win64; x64) AppleWebKit/537.36, Mozilla/5.0 (Windows NT 10.0; Win64; x64) AppleWebKit/537.36 (KHTML, like Gecko) Chrome/120.0.0.0 Safari/537.36"
185.177.72.50 - - [14/Apr/2026:06:51:48 +0300] "GET /dashboard HTTP/1.0" 404 2563 "-" "Mozilla/5.0 (Windows NT 10.0; Win64; x64) AppleWebKit/537.36, Mozilla/5.0 (Windows NT 10.0; Win64; x64) AppleWebKit/537.36 (KHTML, like Gecko) Chrome/120.0.0.0 Safari/537.36"
185.177.72.50 - - [14/Apr/2026:06:51:48 +0300] "GET /.env HTTP/1.0" 404 2562 "-" "Mozilla/5.0 (Windows NT 10.0; Win64; x64) AppleWebKit/537.36, Mozilla/5.0 (Macintosh; Intel Mac OS X 10_15_7) AppleWebKit/537.36 (KHTML, like Gecko) Chrome/120.0.0.0 Safari/537.36"
185.177.72.50 - - [14/Apr/2026:06:51:48 +0300] "GET /.env HTTP/1.0" 404 2558 "-" "Mozilla/5.0 (Windows NT 10.0; Win64; x64) AppleWebKit/537.36, Mozilla/5.0 (Macintosh; Intel Mac OS X 10_15_7) AppleWebKit/537.36 (KHTML, like Gecko) Chrome/120.0.0.0 Safari/537.36"
185.177.72.50 - - [14/Apr/2026:06:51:49 +0300] "GET /subscribe HTTP/1.0" 404 2563 "-" "Mozilla/5.0 (Windows NT 10.0; Win64; x64) AppleWebKit/537.36, Mozilla/5.0 (Windows NT 10.0; Win64; x64) AppleWebKit/537.36 (KHTML, like Gecko) Chrome/120.0.0.0 Safari/537.36"
185.177.72.50 - - [14/Apr/2026:06:51:49 +0300] "GET /admin HTTP/1.0" 404 2559 "-" "Mozilla/5.0 (Windows NT 10.0; Win64; x64) AppleWebKit/537.36, Mozilla/5.0 (Windows NT 10.0; Win64; x64) AppleWebKit/537.36 (KHTML, like Gecko) Chrome/120.0.0.0 Safari/537.36"
185.177.72.50 - - [14/Apr/2026:06:51:48 +0300] "GET / HTTP/1.0" 200 16222 "-" "Mozilla/5.0 (Windows NT 10.0; Win64; x64) AppleWebKit/537.36, Mozilla/5.0 (Windows NT 10.0; Win64; x64) AppleWebKit/537.36 (KHTML, like Gecko) Chrome/120.0.0.0 Safari/537.36"
216.73.216.36 - - [14/Apr/2026:06:51:50 +0300] "GET /view/item/012684018969 HTTP/1.0" 404 2478 "-" "Mozilla/5.0 AppleWebKit/537.36 (KHTML, like Gecko; compatible; ClaudeBot/1.0; +claudebot@anthropic.com)"
185.177.72.50 - - [14/Apr/2026:06:51:49 +0300] "GET /sitemap.xml HTTP/1.0" 200 14323 "-" "Mozilla/5.0 (Windows NT 10.0; Win64; x64) AppleWebKit/537.36"
185.177.72.50 - - [14/Apr/2026:06:51:51 +0300] "GET /cart HTTP/1.0" 404 2558 "-" "Mozilla/5.0 (Windows NT 10.0; Win64; x64) AppleWebKit/537.36, Mozilla/5.0 (Windows NT 10.0; Win64; x64) AppleWebKit/537.36 (KHTML, like Gecko) Chrome/120.0.0.0 Safari/537.36"
185.177.72.50 - - [14/Apr/2026:06:51:51 +0300] "GET /sitemap.xml HTTP/1.0" 200 14317 "-" "Mozilla/5.0 (Windows NT 10.0; Win64; x64) AppleWebKit/537.36"
185.177.72.50 - - [14/Apr/2026:06:51:56 +0300] "GET / HTTP/1.0" 200 16219 "-" "Mozilla/5.0 (Windows NT 10.0; Win64; x64) AppleWebKit/537.36"
185.177.72.50 - - [14/Apr/2026:06:52:00 +0300] "GET /view/item/011673642300 HTTP/1.0" 404 2575 "-" "Mozilla/5.0 (Windows NT 10.0; Win64; x64) AppleWebKit/537.36"
216.73.216.36 - - [14/Apr/2026:06:52:02 +0300] "GET /view/item/014037166522 HTTP/1.0" 404 2478 "-" "Mozilla/5.0 AppleWebKit/537.36 (KHTML, like Gecko; compatible; ClaudeBot/1.0; +claudebot@anthropic.com)"
185.177.72.50 - - [14/Apr/2026:06:52:05 +0300] "GET /view/item/011673642300 HTTP/1.0" 404 2575 "-" "Mozilla/5.0 (Windows NT 10.0; Win64; x64) AppleWebKit/537.36"
185.177.72.50 - - [14/Apr/2026:06:52:08 +0300] "GET /view/item/012403050659 HTTP/1.0" 404 2575 "-" "Mozilla/5.0 (Windows NT 10.0; Win64; x64) AppleWebKit/537.36"
185.177.72.50 - - [14/Apr/2026:06:52:13 +0300] "GET /view/item/012403050659 HTTP/1.0" 404 2575 "-" "Mozilla/5.0 (Windows NT 10.0; Win64; x64) AppleWebKit/537.36"
185.177.72.50 - - [14/Apr/2026:06:52:17 +0300] "GET /view/item/01707102763 HTTP/1.0" 404 2574 "-" "Mozilla/5.0 (Windows NT 10.0; Win64; x64) AppleWebKit/537.36"
185.177.72.50 - - [14/Apr/2026:06:52:21 +0300] "GET /view/item/011361013651 HTTP/1.0" 404 2575 "-" "Mozilla/5.0 (Windows NT 10.0; Win64; x64) AppleWebKit/537.36"
185.177.72.50 - - [14/Apr/2026:06:52:26 +0300] "GET /view/item/014228468490 HTTP/1.0" 404 2575 "-" "Mozilla/5.0 (Windows NT 10.0; Win64; x64) AppleWebKit/537.36"
216.73.216.36 - - [14/Apr/2026:06:52:26 +0300] "GET /view/item/013880378962 HTTP/1.0" 404 2478 "-" "Mozilla/5.0 AppleWebKit/537.36 (KHTML, like Gecko; compatible; ClaudeBot/1.0; +claudebot@anthropic.com)"
185.177.72.50 - - [14/Apr/2026:06:52:30 +0300] "GET /view/item/014228468490 HTTP/1.0" 404 2575 "-" "Mozilla/5.0 (Windows NT 10.0; Win64; x64) AppleWebKit/537.36"
185.177.72.50 - - [14/Apr/2026:06:52:34 +0300] "GET /view/item/01460534418 HTTP/1.0" 404 2574 "-" "Mozilla/5.0 (Windows NT 10.0; Win64; x64) AppleWebKit/537.36"
216.73.216.36 - - [14/Apr/2026:06:52:35 +0300] "GET /view/item/013801314861 HTTP/1.0" 404 2575 "-" "Mozilla/5.0 AppleWebKit/537.36 (KHTML, like Gecko; compatible; ClaudeBot/1.0; +claudebot@anthropic.com)"
185.177.72.50 - - [14/Apr/2026:06:52:38 +0300] "GET /view/item/012255295993 HTTP/1.0" 404 2575 "-" "Mozilla/5.0 (Windows NT 10.0; Win64; x64) AppleWebKit/537.36"
185.177.72.50 - - [14/Apr/2026:06:52:42 +0300] "GET /view/item/012255295993 HTTP/1.0" 404 2575 "-" "Mozilla/5.0 (Windows NT 10.0; Win64; x64) AppleWebKit/537.36"
185.177.72.50 - - [14/Apr/2026:06:52:45 +0300] "GET /view/item/01760674689 HTTP/1.0" 404 2574 "-" "Mozilla/5.0 (Windows NT 10.0; Win64; x64) AppleWebKit/537.36"
185.177.72.50 - - [14/Apr/2026:06:52:49 +0300] "GET /view/item/01760674689 HTTP/1.0" 404 2574 "-" "Mozilla/5.0 (Windows NT 10.0; Win64; x64) AppleWebKit/537.36"
216.73.216.36 - - [14/Apr/2026:06:52:54 +0300] "GET /view/item/012443110838 HTTP/1.0" 404 2575 "-" "Mozilla/5.0 AppleWebKit/537.36 (KHTML, like Gecko; compatible; ClaudeBot/1.0; +claudebot@anthropic.com)"
185.177.72.50 - - [14/Apr/2026:06:52:54 +0300] "GET /view/item/011212210409 HTTP/1.0" 404 2575 "-" "Mozilla/5.0 (Windows NT 10.0; Win64; x64) AppleWebKit/537.36"
185.177.72.50 - - [14/Apr/2026:06:52:58 +0300] "GET /view/item/014156211312 HTTP/1.0" 404 2575 "-" "Mozilla/5.0 (Windows NT 10.0; Win64; x64) AppleWebKit/537.36"
185.177.72.50 - - [14/Apr/2026:06:53:03 +0300] "GET /view/item/01312779736 HTTP/1.0" 404 2574 "-" "Mozilla/5.0 (Windows NT 10.0; Win64; x64) AppleWebKit/537.36"
185.177.72.50 - - [14/Apr/2026:06:53:06 +0300] "GET /view/item/01312779736 HTTP/1.0" 404 2574 "-" "Mozilla/5.0 (Windows NT 10.0; Win64; x64) AppleWebKit/537.36"
185.177.72.50 - - [14/Apr/2026:06:53:10 +0300] "GET /view/item/013114174303 HTTP/1.0" 404 2575 "-" "Mozilla/5.0 (Windows NT 10.0; Win64; x64) AppleWebKit/537.36"
185.177.72.50 - - [14/Apr/2026:06:53:13 +0300] "GET /view/item/013114174303 HTTP/1.0" 404 2575 "-" "Mozilla/5.0 (Windows NT 10.0; Win64; x64) AppleWebKit/537.36"
185.177.72.50 - - [14/Apr/2026:06:53:19 +0300] "GET /view/item/01612920007 HTTP/1.0" 404 2574 "-" "Mozilla/5.0 (Windows NT 10.0; Win64; x64) AppleWebKit/537.36"
216.73.216.36 - - [14/Apr/2026:06:53:19 +0300] "GET /view/item/0192035438 HTTP/1.0" 404 2476 "-" "Mozilla/5.0 AppleWebKit/537.36 (KHTML, like Gecko; compatible; ClaudeBot/1.0; +claudebot@anthropic.com)"
185.177.72.50 - - [14/Apr/2026:06:53:22 +0300] "GET /view/item/01612920007 HTTP/1.0" 404 2574 "-" "Mozilla/5.0 (Windows NT 10.0; Win64; x64) AppleWebKit/537.36"
185.177.72.50 - - [14/Apr/2026:06:53:26 +0300] "GET /view/item/011139953231 HTTP/1.0" 404 2575 "-" "Mozilla/5.0 (Windows NT 10.0; Win64; x64) AppleWebKit/537.36"
185.177.72.50 - - [14/Apr/2026:06:53:29 +0300] "GET /view/item/011139953231 HTTP/1.0" 404 2575 "-" "Mozilla/5.0 (Windows NT 10.0; Win64; x64) AppleWebKit/537.36"
185.177.72.50 - - [14/Apr/2026:06:53:33 +0300] "GET /view/item/014008456630 HTTP/1.0" 404 2575 "-" "Mozilla/5.0 (Windows NT 10.0; Win64; x64) AppleWebKit/537.36"
216.73.216.36 - - [14/Apr/2026:06:53:34 +0300] "GET /view/item/012430384945 HTTP/1.0" 404 2478 "-" "Mozilla/5.0 AppleWebKit/537.36 (KHTML, like Gecko; compatible; ClaudeBot/1.0; +claudebot@anthropic.com)"
185.177.72.50 - - [14/Apr/2026:06:53:37 +0300] "GET /view/item/01366351678 HTTP/1.0" 404 2574 "-" "Mozilla/5.0 (Windows NT 10.0; Win64; x64) AppleWebKit/537.36"
185.177.72.50 - - [14/Apr/2026:06:53:40 +0300] "GET /view/item/01366351678 HTTP/1.0" 404 2574 "-" "Mozilla/5.0 (Windows NT 10.0; Win64; x64) AppleWebKit/537.36"
185.177.72.50 - - [14/Apr/2026:06:53:45 +0300] "GET /view/item/012966419621 HTTP/1.0" 404 2575 "-" "Mozilla/5.0 (Windows NT 10.0; Win64; x64) AppleWebKit/537.36"
185.177.72.50 - - [14/Apr/2026:06:53:48 +0300] "GET /view/item/012966419621 HTTP/1.0" 404 2575 "-" "Mozilla/5.0 (Windows NT 10.0; Win64; x64) AppleWebKit/537.36"
185.177.72.50 - - [14/Apr/2026:06:53:51 +0300] "GET /view/item/013694779437 HTTP/1.0" 404 2575 "-" "Mozilla/5.0 (Windows NT 10.0; Win64; x64) AppleWebKit/537.36"
185.177.72.50 - - [14/Apr/2026:06:53:56 +0300] "GET /view/item/013694779437 HTTP/1.0" 404 2575 "-" "Mozilla/5.0 (Windows NT 10.0; Win64; x64) AppleWebKit/537.36"
216.73.216.36 - - [14/Apr/2026:06:53:58 +0300] "GET /view/item/013669290229 HTTP/1.0" 404 2478 "-" "Mozilla/5.0 AppleWebKit/537.36 (KHTML, like Gecko; compatible; ClaudeBot/1.0; +claudebot@anthropic.com)"
185.177.72.50 - - [14/Apr/2026:06:54:00 +0300] "GET /view/item/012065940373 HTTP/1.0" 404 2575 "-" "Mozilla/5.0 (Windows NT 10.0; Win64; x64) AppleWebKit/537.36"
216.73.216.36 - - [14/Apr/2026:06:54:05 +0300] "GET /view/item/013319985603 HTTP/1.0" 404 2575 "-" "Mozilla/5.0 AppleWebKit/537.36 (KHTML, like Gecko; compatible; ClaudeBot/1.0; +claudebot@anthropic.com)"
216.73.216.36 - - [14/Apr/2026:06:54:11 +0300] "GET /view/item/011582828270 HTTP/1.0" 404 2575 "-" "Mozilla/5.0 AppleWebKit/537.36 (KHTML, like Gecko; compatible; ClaudeBot/1.0; +claudebot@anthropic.com)"
216.73.216.36 - - [14/Apr/2026:06:54:36 +0300] "GET /view/item/01143518685 HTTP/1.0" 404 2477 "-" "Mozilla/5.0 AppleWebKit/537.36 (KHTML, like Gecko; compatible; ClaudeBot/1.0; +claudebot@anthropic.com)"
216.73.216.36 - - [14/Apr/2026:06:54:44 +0300] "GET /view/item/011433558367 HTTP/1.0" 404 2575 "-" "Mozilla/5.0 AppleWebKit/537.36 (KHTML, like Gecko; compatible; ClaudeBot/1.0; +claudebot@anthropic.com)"
216.73.216.36 - - [14/Apr/2026:06:55:10 +0300] "GET /view/item/013674084065 HTTP/1.0" 404 2478 "-" "Mozilla/5.0 AppleWebKit/537.36 (KHTML, like Gecko; compatible; ClaudeBot/1.0; +claudebot@anthropic.com)"
216.73.216.36 - - [14/Apr/2026:06:55:23 +0300] "GET /view/item/014289416819 HTTP/1.0" 404 2478 "-" "Mozilla/5.0 AppleWebKit/537.36 (KHTML, like Gecko; compatible; ClaudeBot/1.0; +claudebot@anthropic.com)"
216.73.216.36 - - [14/Apr/2026:06:55:48 +0300] "GET /view/item/013114938774 HTTP/1.0" 404 2478 "-" "Mozilla/5.0 AppleWebKit/537.36 (KHTML, like Gecko; compatible; ClaudeBot/1.0; +claudebot@anthropic.com)"
216.73.216.36 - - [14/Apr/2026:06:55:56 +0300] "GET /view/item/012003240285 HTTP/1.0" 404 2478 "-" "Mozilla/5.0 AppleWebKit/537.36 (KHTML, like Gecko; compatible; ClaudeBot/1.0; +claudebot@anthropic.com)"
216.73.216.36 - - [14/Apr/2026:06:56:21 +0300] "GET /view/item/0197009909 HTTP/1.0" 404 2476 "-" "Mozilla/5.0 AppleWebKit/537.36 (KHTML, like Gecko; compatible; ClaudeBot/1.0; +claudebot@anthropic.com)"
216.73.216.36 - - [14/Apr/2026:06:56:27 +0300] "GET /view/item/01989275051 HTTP/1.0" 404 2574 "-" "Mozilla/5.0 AppleWebKit/537.36 (KHTML, like Gecko; compatible; ClaudeBot/1.0; +claudebot@anthropic.com)"
216.73.216.36 - - [14/Apr/2026:06:56:31 +0300] "GET /robots.txt HTTP/1.0" 200 409 "-" ""
216.73.216.36 - - [14/Apr/2026:06:56:35 +0300] "GET /view/item/012796721448 HTTP/1.0" 404 2478 "-" "Mozilla/5.0 AppleWebKit/537.36 (KHTML, like Gecko; compatible; ClaudeBot/1.0; +claudebot@anthropic.com)"
216.73.216.36 - - [14/Apr/2026:06:57:00 +0300] "GET /view/item/012560135188 HTTP/1.0" 404 2478 "-" "Mozilla/5.0 AppleWebKit/537.36 (KHTML, like Gecko; compatible; ClaudeBot/1.0; +claudebot@anthropic.com)"
216.73.216.36 - - [14/Apr/2026:06:57:08 +0300] "GET /view/item/01320995432 HTTP/1.0" 404 2477 "-" "Mozilla/5.0 AppleWebKit/537.36 (KHTML, like Gecko; compatible; ClaudeBot/1.0; +claudebot@anthropic.com)"
216.73.216.36 - - [14/Apr/2026:06:59:02 +0300] "GET /robots.txt HTTP/1.0" 200 409 "-" "Mozilla/5.0 AppleWebKit/537.36 (KHTML, like Gecko; compatible; ClaudeBot/1.0; +claudebot@anthropic.com)"
216.73.216.36 - - [14/Apr/2026:06:59:02 +0300] "GET /view/item/011496806911 HTTP/1.0" 404 2575 "-" "Mozilla/5.0 AppleWebKit/537.36 (KHTML, like Gecko; compatible; ClaudeBot/1.0; +claudebot@anthropic.com)"
216.73.216.36 - - [14/Apr/2026:06:59:10 +0300] "GET /view/item/013144444824 HTTP/1.0" 404 2575 "-" "Mozilla/5.0 AppleWebKit/537.36 (KHTML, like Gecko; compatible; ClaudeBot/1.0; +claudebot@anthropic.com)"
216.73.216.36 - - [14/Apr/2026:07:02:47 +0300] "GET /view/item/014290681458 HTTP/1.0" 404 2575 "-" "Mozilla/5.0 AppleWebKit/537.36 (KHTML, like Gecko; compatible; ClaudeBot/1.0; +claudebot@anthropic.com)"
94.154.35.236 - - [14/Apr/2026:07:04:24 +0300] "HEAD /blog.7z HTTP/1.0" 404 294 "-" "Mozilla/5.0 (Windows NT 10.0; Win64; x64) AppleWebKit/537.36 (KHTML, like Gecko) Chrome/101.0.4951.67 Safari/537.36"
216.73.216.36 - - [14/Apr/2026:07:09:08 +0300] "GET /view/item/013758971903 HTTP/1.0" 404 2575 "-" "Mozilla/5.0 AppleWebKit/537.36 (KHTML, like Gecko; compatible; ClaudeBot/1.0; +claudebot@anthropic.com)"
216.73.216.36 - - [14/Apr/2026:07:09:49 +0300] "GET /view/item/01407129989 HTTP/1.0" 404 2574 "-" "Mozilla/5.0 AppleWebKit/537.36 (KHTML, like Gecko; compatible; ClaudeBot/1.0; +claudebot@anthropic.com)"
216.73.216.36 - - [14/Apr/2026:07:10:15 +0300] "GET /view/item/012286178596 HTTP/1.0" 404 2478 "-" "Mozilla/5.0 AppleWebKit/537.36 (KHTML, like Gecko; compatible; ClaudeBot/1.0; +claudebot@anthropic.com)"
216.73.216.36 - - [14/Apr/2026:07:10:24 +0300] "GET /view/item/01935701263 HTTP/1.0" 404 2574 "-" "Mozilla/5.0 AppleWebKit/537.36 (KHTML, like Gecko; compatible; ClaudeBot/1.0; +claudebot@anthropic.com)"
216.73.216.36 - - [14/Apr/2026:07:10:50 +0300] "GET /view/item/01754103246 HTTP/1.0" 404 2477 "-" "Mozilla/5.0 AppleWebKit/537.36 (KHTML, like Gecko; compatible; ClaudeBot/1.0; +claudebot@anthropic.com)"
216.73.216.36 - - [14/Apr/2026:07:11:05 +0300] "GET /view/item/01875768908 HTTP/1.0" 404 2574 "-" "Mozilla/5.0 AppleWebKit/537.36 (KHTML, like Gecko; compatible; ClaudeBot/1.0; +claudebot@anthropic.com)"
216.73.216.36 - - [14/Apr/2026:07:11:38 +0300] "GET /view/item/01381094530 HTTP/1.0" 404 2477 "-" "Mozilla/5.0 AppleWebKit/537.36 (KHTML, like Gecko; compatible; ClaudeBot/1.0; +claudebot@anthropic.com)"
216.73.216.36 - - [14/Apr/2026:07:12:04 +0300] "GET /view/item/011496635191 HTTP/1.0" 404 2478 "-" "Mozilla/5.0 AppleWebKit/537.36 (KHTML, like Gecko; compatible; ClaudeBot/1.0; +claudebot@anthropic.com)"
216.73.216.36 - - [14/Apr/2026:07:12:10 +0300] "GET /view/item/013523905201 HTTP/1.0" 404 2575 "-" "Mozilla/5.0 AppleWebKit/537.36 (KHTML, like Gecko; compatible; ClaudeBot/1.0; +claudebot@anthropic.com)"
216.73.216.36 - - [14/Apr/2026:07:12:29 +0300] "GET /view/item/011196494591 HTTP/1.0" 404 2575 "-" "Mozilla/5.0 AppleWebKit/537.36 (KHTML, like Gecko; compatible; ClaudeBot/1.0; +claudebot@anthropic.com)"
216.73.216.36 - - [14/Apr/2026:07:12:55 +0300] "GET /view/item/01653796266 HTTP/1.0" 404 2477 "-" "Mozilla/5.0 AppleWebKit/537.36 (KHTML, like Gecko; compatible; ClaudeBot/1.0; +claudebot@anthropic.com)"
216.73.216.36 - - [14/Apr/2026:07:13:01 +0300] "GET /view/item/011176258982 HTTP/1.0" 404 2575 "-" "Mozilla/5.0 AppleWebKit/537.36 (KHTML, like Gecko; compatible; ClaudeBot/1.0; +claudebot@anthropic.com)"
216.73.216.36 - - [14/Apr/2026:07:13:27 +0300] "GET /view/item/0119688433 HTTP/1.0" 404 2476 "-" "Mozilla/5.0 AppleWebKit/537.36 (KHTML, like Gecko; compatible; ClaudeBot/1.0; +claudebot@anthropic.com)"
216.73.216.36 - - [14/Apr/2026:07:13:32 +0300] "GET /view/item/01187919320 HTTP/1.0" 404 2477 "-" "Mozilla/5.0 AppleWebKit/537.36 (KHTML, like Gecko; compatible; ClaudeBot/1.0; +claudebot@anthropic.com)"
216.73.216.36 - - [14/Apr/2026:07:13:58 +0300] "GET /view/item/013632804581 HTTP/1.0" 404 2478 "-" "Mozilla/5.0 AppleWebKit/537.36 (KHTML, like Gecko; compatible; ClaudeBot/1.0; +claudebot@anthropic.com)"
216.73.216.36 - - [14/Apr/2026:07:14:04 +0300] "GET /view/item/013028025440 HTTP/1.0" 404 2575 "-" "Mozilla/5.0 AppleWebKit/537.36 (KHTML, like Gecko; compatible; ClaudeBot/1.0; +claudebot@anthropic.com)"
216.73.216.36 - - [14/Apr/2026:07:14:23 +0300] "GET /view/item/013854886771 HTTP/1.0" 404 2575 "-" "Mozilla/5.0 AppleWebKit/537.36 (KHTML, like Gecko; compatible; ClaudeBot/1.0; +claudebot@anthropic.com)"
216.73.216.36 - - [14/Apr/2026:07:14:49 +0300] "GET /view/item/01223745677 HTTP/1.0" 404 2477 "-" "Mozilla/5.0 AppleWebKit/537.36 (KHTML, like Gecko; compatible; ClaudeBot/1.0; +claudebot@anthropic.com)"
216.73.216.36 - - [14/Apr/2026:07:14:55 +0300] "GET /view/item/01333086265 HTTP/1.0" 404 2574 "-" "Mozilla/5.0 AppleWebKit/537.36 (KHTML, like Gecko; compatible; ClaudeBot/1.0; +claudebot@anthropic.com)"
216.73.216.36 - - [14/Apr/2026:07:15:22 +0300] "GET /view/item/011496859435 HTTP/1.0" 404 2478 "-" "Mozilla/5.0 AppleWebKit/537.36 (KHTML, like Gecko; compatible; ClaudeBot/1.0; +claudebot@anthropic.com)"
216.73.216.36 - - [14/Apr/2026:07:15:35 +0300] "GET /view/item/01173024735 HTTP/1.0" 404 2574 "-" "Mozilla/5.0 AppleWebKit/537.36 (KHTML, like Gecko; compatible; ClaudeBot/1.0; +claudebot@anthropic.com)"
216.73.216.36 - - [14/Apr/2026:07:16:01 +0300] "GET /view/item/011553848391 HTTP/1.0" 404 2478 "-" "Mozilla/5.0 AppleWebKit/537.36 (KHTML, like Gecko; compatible; ClaudeBot/1.0; +claudebot@anthropic.com)"
216.73.216.36 - - [14/Apr/2026:07:16:05 +0300] "GET /view/item/011085648835 HTTP/1.0" 404 2575 "-" "Mozilla/5.0 AppleWebKit/537.36 (KHTML, like Gecko; compatible; ClaudeBot/1.0; +claudebot@anthropic.com)"
216.73.216.36 - - [14/Apr/2026:07:16:27 +0300] "GET /view/item/01533704547 HTTP/1.0" 404 2477 "-" "Mozilla/5.0 AppleWebKit/537.36 (KHTML, like Gecko; compatible; ClaudeBot/1.0; +claudebot@anthropic.com)"
216.73.216.36 - - [14/Apr/2026:07:16:53 +0300] "GET /view/item/01896304394 HTTP/1.0" 404 2477 "-" "Mozilla/5.0 AppleWebKit/537.36 (KHTML, like Gecko; compatible; ClaudeBot/1.0; +claudebot@anthropic.com)"
216.73.216.36 - - [14/Apr/2026:07:17:13 +0300] "GET /view/item/01448409473 HTTP/1.0" 404 2574 "-" "Mozilla/5.0 AppleWebKit/537.36 (KHTML, like Gecko; compatible; ClaudeBot/1.0; +claudebot@anthropic.com)"
216.73.216.36 - - [14/Apr/2026:07:18:36 +0300] "GET /view/item/012404089846 HTTP/1.0" 404 2575 "-" "Mozilla/5.0 AppleWebKit/537.36 (KHTML, like Gecko; compatible; ClaudeBot/1.0; +claudebot@anthropic.com)"
216.73.216.36 - - [14/Apr/2026:07:18:48 +0300] "GET /view/item/011281729181 HTTP/1.0" 404 2575 "-" "Mozilla/5.0 AppleWebKit/537.36 (KHTML, like Gecko; compatible; ClaudeBot/1.0; +claudebot@anthropic.com)"
216.73.216.36 - - [14/Apr/2026:07:20:06 +0300] "GET /view/item/011176206458 HTTP/1.0" 404 2575 "-" "Mozilla/5.0 AppleWebKit/537.36 (KHTML, like Gecko; compatible; ClaudeBot/1.0; +claudebot@anthropic.com)"
216.73.216.36 - - [14/Apr/2026:07:20:13 +0300] "GET /view/item/011936738554 HTTP/1.0" 404 2575 "-" "Mozilla/5.0 AppleWebKit/537.36 (KHTML, like Gecko; compatible; ClaudeBot/1.0; +claudebot@anthropic.com)"
216.73.216.36 - - [14/Apr/2026:07:20:54 +0300] "GET /view/item/01371745310 HTTP/1.0" 404 2574 "-" "Mozilla/5.0 AppleWebKit/537.36 (KHTML, like Gecko; compatible; ClaudeBot/1.0; +claudebot@anthropic.com)"
91.231.89.100 - - [14/Apr/2026:07:21:33 +0300] "GET / HTTP/1.0" 200 21888 "-" "Mozilla/5.0 (X11; Ubuntu; Linux x86_64; rv:134.0) Gecko/20100101 Firefox/134.0"
216.73.216.36 - - [14/Apr/2026:07:22:38 +0300] "GET /view/item/013806429338 HTTP/1.0" 404 2575 "-" "Mozilla/5.0 AppleWebKit/537.36 (KHTML, like Gecko; compatible; ClaudeBot/1.0; +claudebot@anthropic.com)"
216.73.216.36 - - [14/Apr/2026:07:23:40 +0300] "GET /view/item/01129678609 HTTP/1.0" 404 2574 "-" "Mozilla/5.0 AppleWebKit/537.36 (KHTML, like Gecko; compatible; ClaudeBot/1.0; +claudebot@anthropic.com)"
216.73.216.36 - - [14/Apr/2026:07:24:06 +0300] "GET /view/item/01547872489 HTTP/1.0" 404 2574 "-" "Mozilla/5.0 AppleWebKit/537.36 (KHTML, like Gecko; compatible; ClaudeBot/1.0; +claudebot@anthropic.com)"
216.73.216.36 - - [14/Apr/2026:07:24:32 +0300] "GET /view/item/013357895498 HTTP/1.0" 404 2478 "-" "Mozilla/5.0 AppleWebKit/537.36 (KHTML, like Gecko; compatible; ClaudeBot/1.0; +claudebot@anthropic.com)"
216.73.216.36 - - [14/Apr/2026:07:24:38 +0300] "GET /view/item/0157323483 HTTP/1.0" 404 2573 "-" "Mozilla/5.0 AppleWebKit/537.36 (KHTML, like Gecko; compatible; ClaudeBot/1.0; +claudebot@anthropic.com)"
216.73.216.36 - - [14/Apr/2026:07:25:08 +0300] "GET /view/item/013416695131 HTTP/1.0" 404 2575 "-" "Mozilla/5.0 AppleWebKit/537.36 (KHTML, like Gecko; compatible; ClaudeBot/1.0; +claudebot@anthropic.com)"
216.73.216.36 - - [14/Apr/2026:07:25:34 +0300] "GET /view/item/01612149467 HTTP/1.0" 404 2477 "-" "Mozilla/5.0 AppleWebKit/537.36 (KHTML, like Gecko; compatible; ClaudeBot/1.0; +claudebot@anthropic.com)"
216.73.216.36 - - [14/Apr/2026:07:25:40 +0300] "GET /view/item/013699197349 HTTP/1.0" 404 2575 "-" "Mozilla/5.0 AppleWebKit/537.36 (KHTML, like Gecko; compatible; ClaudeBot/1.0; +claudebot@anthropic.com)"
216.73.216.36 - - [14/Apr/2026:07:26:06 +0300] "GET /view/item/012535569804 HTTP/1.0" 404 2478 "-" "Mozilla/5.0 AppleWebKit/537.36 (KHTML, like Gecko; compatible; ClaudeBot/1.0; +claudebot@anthropic.com)"
216.73.216.36 - - [14/Apr/2026:07:26:12 +0300] "GET /view/item/014125527319 HTTP/1.0" 404 2575 "-" "Mozilla/5.0 AppleWebKit/537.36 (KHTML, like Gecko; compatible; ClaudeBot/1.0; +claudebot@anthropic.com)"
216.73.216.36 - - [14/Apr/2026:07:26:32 +0300] "GET /view/item/013588038446 HTTP/1.0" 404 2478 "-" "Mozilla/5.0 AppleWebKit/537.36 (KHTML, like Gecko; compatible; ClaudeBot/1.0; +claudebot@anthropic.com)"
216.73.216.36 - - [14/Apr/2026:07:26:58 +0300] "GET /view/item/01698754409 HTTP/1.0" 404 2477 "-" "Mozilla/5.0 AppleWebKit/537.36 (KHTML, like Gecko; compatible; ClaudeBot/1.0; +claudebot@anthropic.com)"
216.73.216.36 - - [14/Apr/2026:07:27:05 +0300] "GET /view/item/012840929658 HTTP/1.0" 404 2575 "-" "Mozilla/5.0 AppleWebKit/537.36 (KHTML, like Gecko; compatible; ClaudeBot/1.0; +claudebot@anthropic.com)"
216.73.216.36 - - [14/Apr/2026:07:27:31 +0300] "GET /view/item/011138656168 HTTP/1.0" 404 2478 "-" "Mozilla/5.0 AppleWebKit/537.36 (KHTML, like Gecko; compatible; ClaudeBot/1.0; +claudebot@anthropic.com)"
216.73.216.36 - - [14/Apr/2026:07:27:36 +0300] "GET /view/item/012406505923 HTTP/1.0" 404 2575 "-" "Mozilla/5.0 AppleWebKit/537.36 (KHTML, like Gecko; compatible; ClaudeBot/1.0; +claudebot@anthropic.com)"
216.73.216.36 - - [14/Apr/2026:07:27:57 +0300] "GET /view/item/013987803462 HTTP/1.0" 404 2478 "-" "Mozilla/5.0 AppleWebKit/537.36 (KHTML, like Gecko; compatible; ClaudeBot/1.0; +claudebot@anthropic.com)"
216.73.216.36 - - [14/Apr/2026:07:28:23 +0300] "GET /view/item/01903755603 HTTP/1.0" 404 2477 "-" "Mozilla/5.0 AppleWebKit/537.36 (KHTML, like Gecko; compatible; ClaudeBot/1.0; +claudebot@anthropic.com)"
216.73.216.36 - - [14/Apr/2026:07:28:40 +0300] "GET /view/item/01903919126 HTTP/1.0" 404 2574 "-" "Mozilla/5.0 AppleWebKit/537.36 (KHTML, like Gecko; compatible; ClaudeBot/1.0; +claudebot@anthropic.com)"
216.73.216.36 - - [14/Apr/2026:07:28:46 +0300] "GET /view/item/011375141249 HTTP/1.0" 404 2478 "-" "Mozilla/5.0 AppleWebKit/537.36 (KHTML, like Gecko; compatible; ClaudeBot/1.0; +claudebot@anthropic.com)"
216.73.216.36 - - [14/Apr/2026:07:28:53 +0300] "GET /view/item/011266286256 HTTP/1.0" 404 2478 "-" "Mozilla/5.0 AppleWebKit/537.36 (KHTML, like Gecko; compatible; ClaudeBot/1.0; +claudebot@anthropic.com)"
216.73.216.36 - - [14/Apr/2026:07:28:58 +0300] "GET /view/item/013090751595 HTTP/1.0" 404 2478 "-" "Mozilla/5.0 AppleWebKit/537.36 (KHTML, like Gecko; compatible; ClaudeBot/1.0; +claudebot@anthropic.com)"
216.73.216.36 - - [14/Apr/2026:07:29:04 +0300] "GET /view/item/013770692797 HTTP/1.0" 404 2478 "-" "Mozilla/5.0 AppleWebKit/537.36 (KHTML, like Gecko; compatible; ClaudeBot/1.0; +claudebot@anthropic.com)"
216.73.216.36 - - [14/Apr/2026:07:29:10 +0300] "GET /view/item/014257060283 HTTP/1.0" 404 2478 "-" "Mozilla/5.0 AppleWebKit/537.36 (KHTML, like Gecko; compatible; ClaudeBot/1.0; +claudebot@anthropic.com)"
216.73.216.36 - - [14/Apr/2026:07:29:16 +0300] "GET /view/item/011259109731 HTTP/1.0" 404 2478 "-" "Mozilla/5.0 AppleWebKit/537.36 (KHTML, like Gecko; compatible; ClaudeBot/1.0; +claudebot@anthropic.com)"
216.73.216.36 - - [14/Apr/2026:07:29:21 +0300] "GET /view/item/011801187424 HTTP/1.0" 404 2478 "-" "Mozilla/5.0 AppleWebKit/537.36 (KHTML, like Gecko; compatible; ClaudeBot/1.0; +claudebot@anthropic.com)"
216.73.216.36 - - [14/Apr/2026:07:29:27 +0300] "GET /view/item/012783473880 HTTP/1.0" 404 2478 "-" "Mozilla/5.0 AppleWebKit/537.36 (KHTML, like Gecko; compatible; ClaudeBot/1.0; +claudebot@anthropic.com)"
216.73.216.36 - - [14/Apr/2026:07:29:34 +0300] "GET /view/item/01508991181 HTTP/1.0" 404 2477 "-" "Mozilla/5.0 AppleWebKit/537.36 (KHTML, like Gecko; compatible; ClaudeBot/1.0; +claudebot@anthropic.com)"
216.73.216.36 - - [14/Apr/2026:07:29:42 +0300] "GET /view/item/01268084039 HTTP/1.0" 404 2477 "-" "Mozilla/5.0 AppleWebKit/537.36 (KHTML, like Gecko; compatible; ClaudeBot/1.0; +claudebot@anthropic.com)"
216.73.216.36 - - [14/Apr/2026:07:29:51 +0300] "GET /view/item/013275076985 HTTP/1.0" 404 2478 "-" "Mozilla/5.0 AppleWebKit/537.36 (KHTML, like Gecko; compatible; ClaudeBot/1.0; +claudebot@anthropic.com)"
216.73.216.36 - - [14/Apr/2026:07:30:01 +0300] "GET /view/item/013396742647 HTTP/1.0" 404 2478 "-" "Mozilla/5.0 AppleWebKit/537.36 (KHTML, like Gecko; compatible; ClaudeBot/1.0; +claudebot@anthropic.com)"
216.73.216.36 - - [14/Apr/2026:07:30:16 +0300] "GET /view/item/012280251489 HTTP/1.0" 404 2575 "-" "Mozilla/5.0 AppleWebKit/537.36 (KHTML, like Gecko; compatible; ClaudeBot/1.0; +claudebot@anthropic.com)"
216.73.216.36 - - [14/Apr/2026:07:30:25 +0300] "GET /view/item/012822543350 HTTP/1.0" 404 2575 "-" "Mozilla/5.0 AppleWebKit/537.36 (KHTML, like Gecko; compatible; ClaudeBot/1.0; +claudebot@anthropic.com)"
216.73.216.36 - - [14/Apr/2026:07:30:35 +0300] "GET /view/item/01944044463 HTTP/1.0" 404 2477 "-" "Mozilla/5.0 AppleWebKit/537.36 (KHTML, like Gecko; compatible; ClaudeBot/1.0; +claudebot@anthropic.com)"
94.154.35.236 - - [14/Apr/2026:07:31:24 +0300] "HEAD /forum.tar.gz HTTP/1.0" 404 294 "-" "Mozilla/5.0 (Windows NT 10.0; Win64; x64) AppleWebKit/537.36 (KHTML, like Gecko) Chrome/101.0.4951.67 Safari/537.36"
216.73.216.36 - - [14/Apr/2026:07:31:33 +0300] "GET /view/item/012820119168 HTTP/1.0" 404 2575 "-" "Mozilla/5.0 AppleWebKit/537.36 (KHTML, like Gecko; compatible; ClaudeBot/1.0; +claudebot@anthropic.com)"
216.73.216.36 - - [14/Apr/2026:07:31:56 +0300] "GET /view/item/012579351710 HTTP/1.0" 404 2575 "-" "Mozilla/5.0 AppleWebKit/537.36 (KHTML, like Gecko; compatible; ClaudeBot/1.0; +claudebot@anthropic.com)"
216.73.216.36 - - [14/Apr/2026:07:33:01 +0300] "GET /view/item/01578072588 HTTP/1.0" 404 2574 "-" "Mozilla/5.0 AppleWebKit/537.36 (KHTML, like Gecko; compatible; ClaudeBot/1.0; +claudebot@anthropic.com)"
216.73.216.36 - - [14/Apr/2026:07:34:34 +0300] "GET /view/item/011316040066 HTTP/1.0" 404 2575 "-" "Mozilla/5.0 AppleWebKit/537.36 (KHTML, like Gecko; compatible; ClaudeBot/1.0; +claudebot@anthropic.com)"
216.73.216.36 - - [14/Apr/2026:07:35:06 +0300] "GET /view/item/013116150873 HTTP/1.0" 404 2575 "-" "Mozilla/5.0 AppleWebKit/537.36 (KHTML, like Gecko; compatible; ClaudeBot/1.0; +claudebot@anthropic.com)"
216.73.216.36 - - [14/Apr/2026:07:36:12 +0300] "GET /view/item/013642679988 HTTP/1.0" 404 2575 "-" "Mozilla/5.0 AppleWebKit/537.36 (KHTML, like Gecko; compatible; ClaudeBot/1.0; +claudebot@anthropic.com)"
216.73.216.36 - - [14/Apr/2026:07:36:27 +0300] "GET /view/item/014038901026 HTTP/1.0" 404 2575 "-" "Mozilla/5.0 AppleWebKit/537.36 (KHTML, like Gecko; compatible; ClaudeBot/1.0; +claudebot@anthropic.com)"
216.73.216.36 - - [14/Apr/2026:07:39:10 +0300] "GET /view/item/011182170868 HTTP/1.0" 404 2575 "-" "Mozilla/5.0 AppleWebKit/537.36 (KHTML, like Gecko; compatible; ClaudeBot/1.0; +claudebot@anthropic.com)"
216.73.216.36 - - [14/Apr/2026:07:39:19 +0300] "GET /view/item/012113351764 HTTP/1.0" 404 2478 "-" "Mozilla/5.0 AppleWebKit/537.36 (KHTML, like Gecko; compatible; ClaudeBot/1.0; +claudebot@anthropic.com)"
216.73.216.36 - - [14/Apr/2026:07:39:29 +0300] "GET /view/item/011699553459 HTTP/1.0" 404 2478 "-" "Mozilla/5.0 AppleWebKit/537.36 (KHTML, like Gecko; compatible; ClaudeBot/1.0; +claudebot@anthropic.com)"
216.73.216.36 - - [14/Apr/2026:07:40:22 +0300] "GET /view/item/01636225181 HTTP/1.0" 404 2574 "-" "Mozilla/5.0 AppleWebKit/537.36 (KHTML, like Gecko; compatible; ClaudeBot/1.0; +claudebot@anthropic.com)"
216.73.216.36 - - [14/Apr/2026:07:40:32 +0300] "GET /view/item/011661517355 HTTP/1.0" 404 2478 "-" "Mozilla/5.0 AppleWebKit/537.36 (KHTML, like Gecko; compatible; ClaudeBot/1.0; +claudebot@anthropic.com)"
