216.73.216.172 - - [11/Apr/2026:09:01:09 +0300] "GET /p/belt61797469?id=1813727 HTTP/1.0" 404 2091 "-" "Mozilla/5.0 AppleWebKit/537.36 (KHTML, like Gecko; compatible; ClaudeBot/1.0; +claudebot@anthropic.com)"
74.7.227.173 - - [11/Apr/2026:09:01:10 +0300] "GET /p/bye62808957?id=2825215 HTTP/1.0" 404 2091 "https://region-saitov.ru/sitemapj.xml" "Mozilla/5.0 AppleWebKit/537.36 (KHTML, like Gecko; compatible; GPTBot/1.3; +https://openai.com/gptbot)"
216.73.216.172 - - [11/Apr/2026:09:01:12 +0300] "GET /p/londo30153314?id=169572 HTTP/1.0" 404 2091 "-" "Mozilla/5.0 AppleWebKit/537.36 (KHTML, like Gecko; compatible; ClaudeBot/1.0; +claudebot@anthropic.com)"
74.7.227.173 - - [11/Apr/2026:09:01:13 +0300] "GET /p/fop32507954?id=2524212 HTTP/1.0" 404 2091 "https://region-saitov.ru/sitemapd.xml" "Mozilla/5.0 AppleWebKit/537.36 (KHTML, like Gecko; compatible; GPTBot/1.3; +https://openai.com/gptbot)"
74.7.227.173 - - [11/Apr/2026:09:01:16 +0300] "GET /p/tag62533797?id=2550055 HTTP/1.0" 404 2091 "https://region-saitov.ru/sitemapc.xml" "Mozilla/5.0 AppleWebKit/537.36 (KHTML, like Gecko; compatible; GPTBot/1.3; +https://openai.com/gptbot)"
216.73.216.172 - - [11/Apr/2026:09:01:18 +0300] "GET /p/tumor60041917?id=58175 HTTP/1.0" 404 2188 "-" "Mozilla/5.0 AppleWebKit/537.36 (KHTML, like Gecko; compatible; ClaudeBot/1.0; +claudebot@anthropic.com)"
74.7.227.173 - - [11/Apr/2026:09:01:19 +0300] "GET /p/ask82437039?id=2453297 HTTP/1.0" 404 2091 "https://region-saitov.ru/sitemapg.xml" "Mozilla/5.0 AppleWebKit/537.36 (KHTML, like Gecko; compatible; GPTBot/1.3; +https://openai.com/gptbot)"
216.73.216.172 - - [11/Apr/2026:09:01:20 +0300] "GET /p/displ32357658?id=2373916 HTTP/1.0" 404 2091 "-" "Mozilla/5.0 AppleWebKit/537.36 (KHTML, like Gecko; compatible; ClaudeBot/1.0; +claudebot@anthropic.com)"
74.7.227.173 - - [11/Apr/2026:09:01:22 +0300] "GET /p/ant31721162?id=1737420 HTTP/1.0" 404 2091 "https://region-saitov.ru/sitemapj.xml" "Mozilla/5.0 AppleWebKit/537.36 (KHTML, like Gecko; compatible; GPTBot/1.3; +https://openai.com/gptbot)"
216.73.216.172 - - [11/Apr/2026:09:01:23 +0300] "GET /p/renew32513906?id=2530164 HTTP/1.0" 404 2091 "-" "Mozilla/5.0 AppleWebKit/537.36 (KHTML, like Gecko; compatible; ClaudeBot/1.0; +claudebot@anthropic.com)"
54.37.118.88 - - [11/Apr/2026:09:01:22 +0300] "GET /sitemap.xml HTTP/1.0" 200 416 "-" "Mozilla/5.0 (compatible; AhrefsBot/7.0; +http://ahrefs.com/robot/)"
74.7.227.173 - - [11/Apr/2026:09:01:26 +0300] "GET /p/sir51792516?id=1808774 HTTP/1.0" 404 2091 "https://region-saitov.ru/sitemapj.xml" "Mozilla/5.0 AppleWebKit/537.36 (KHTML, like Gecko; compatible; GPTBot/1.3; +https://openai.com/gptbot)"
216.73.216.172 - - [11/Apr/2026:09:01:26 +0300] "GET /p/veloc62595637?id=2611895 HTTP/1.0" 404 2091 "-" "Mozilla/5.0 AppleWebKit/537.36 (KHTML, like Gecko; compatible; ClaudeBot/1.0; +claudebot@anthropic.com)"
74.7.227.173 - - [11/Apr/2026:09:01:29 +0300] "GET /p/ask81413039?id=1429297 HTTP/1.0" 404 2091 "https://region-saitov.ru/sitemapj.xml" "Mozilla/5.0 AppleWebKit/537.36 (KHTML, like Gecko; compatible; GPTBot/1.3; +https://openai.com/gptbot)"
216.73.216.172 - - [11/Apr/2026:09:01:29 +0300] "GET /p/metre72435302?id=2451560 HTTP/1.0" 404 2091 "-" "Mozilla/5.0 AppleWebKit/537.36 (KHTML, like Gecko; compatible; ClaudeBot/1.0; +claudebot@anthropic.com)"
74.7.227.173 - - [11/Apr/2026:09:01:32 +0300] "GET /p/sin42075787?id=2092045 HTTP/1.0" 404 2091 "https://region-saitov.ru/sitemapc.xml" "Mozilla/5.0 AppleWebKit/537.36 (KHTML, like Gecko; compatible; GPTBot/1.3; +https://openai.com/gptbot)"
216.73.216.172 - - [11/Apr/2026:09:01:32 +0300] "GET /p/alrea72744078?id=2760336 HTTP/1.0" 404 2091 "-" "Mozilla/5.0 AppleWebKit/537.36 (KHTML, like Gecko; compatible; ClaudeBot/1.0; +claudebot@anthropic.com)"
74.7.227.173 - - [11/Apr/2026:09:01:35 +0300] "GET /p/sun51676196?id=1692454 HTTP/1.0" 404 2091 "https://region-saitov.ru/sitemapo.xml" "Mozilla/5.0 AppleWebKit/537.36 (KHTML, like Gecko; compatible; GPTBot/1.3; +https://openai.com/gptbot)"
216.73.216.172 - - [11/Apr/2026:09:01:35 +0300] "GET /p/metal22924969?id=2941227 HTTP/1.0" 404 2091 "-" "Mozilla/5.0 AppleWebKit/537.36 (KHTML, like Gecko; compatible; ClaudeBot/1.0; +claudebot@anthropic.com)"
94.23.188.206 - - [11/Apr/2026:09:01:35 +0300] "GET /sitemapa.xml HTTP/1.0" 200 18016 "-" "Mozilla/5.0 (compatible; AhrefsBot/7.0; +http://ahrefs.com/robot/)"
216.73.216.172 - - [11/Apr/2026:09:01:38 +0300] "GET /p/pork51808828?id=1825086 HTTP/1.0" 404 2091 "-" "Mozilla/5.0 AppleWebKit/537.36 (KHTML, like Gecko; compatible; ClaudeBot/1.0; +claudebot@anthropic.com)"
74.7.227.173 - - [11/Apr/2026:09:01:39 +0300] "GET /p/mum82835943?id=2852201 HTTP/1.0" 404 2091 "https://region-saitov.ru/sitemapc.xml" "Mozilla/5.0 AppleWebKit/537.36 (KHTML, like Gecko; compatible; GPTBot/1.3; +https://openai.com/gptbot)"
216.73.216.172 - - [11/Apr/2026:09:01:41 +0300] "GET /p/russi22596313?id=2612571 HTTP/1.0" 404 2091 "-" "Mozilla/5.0 AppleWebKit/537.36 (KHTML, like Gecko; compatible; ClaudeBot/1.0; +claudebot@anthropic.com)"
74.7.227.173 - - [11/Apr/2026:09:01:42 +0300] "GET /p/row31553194?id=1569452 HTTP/1.0" 404 2091 "https://region-saitov.ru/sitemapg.xml" "Mozilla/5.0 AppleWebKit/537.36 (KHTML, like Gecko; compatible; GPTBot/1.3; +https://openai.com/gptbot)"
216.73.216.172 - - [11/Apr/2026:09:01:44 +0300] "GET /p/nearb52961604?id=2977862 HTTP/1.0" 404 2091 "-" "Mozilla/5.0 AppleWebKit/537.36 (KHTML, like Gecko; compatible; ClaudeBot/1.0; +claudebot@anthropic.com)"
74.7.227.173 - - [11/Apr/2026:09:01:45 +0300] "GET /p/bet81514823?id=1531081 HTTP/1.0" 404 2091 "https://region-saitov.ru/sitemapb.xml" "Mozilla/5.0 AppleWebKit/537.36 (KHTML, like Gecko; compatible; GPTBot/1.3; +https://openai.com/gptbot)"
216.73.216.172 - - [11/Apr/2026:09:01:47 +0300] "GET /p/bridg52924572?id=2940830 HTTP/1.0" 404 2091 "-" "Mozilla/5.0 AppleWebKit/537.36 (KHTML, like Gecko; compatible; ClaudeBot/1.0; +claudebot@anthropic.com)"
74.7.227.173 - - [11/Apr/2026:09:01:48 +0300] "GET /p/via11753936?id=1770194 HTTP/1.0" 404 2091 "https://region-saitov.ru/sitemapd.xml" "Mozilla/5.0 AppleWebKit/537.36 (KHTML, like Gecko; compatible; GPTBot/1.3; +https://openai.com/gptbot)"
216.73.216.172 - - [11/Apr/2026:09:01:50 +0300] "GET /p/coupo11407728?id=1423986 HTTP/1.0" 404 2091 "-" "Mozilla/5.0 AppleWebKit/537.36 (KHTML, like Gecko; compatible; ClaudeBot/1.0; +claudebot@anthropic.com)"
74.7.227.173 - - [11/Apr/2026:09:01:51 +0300] "GET /p/fit82464631?id=2480889 HTTP/1.0" 404 2091 "https://region-saitov.ru/sitemapc.xml" "Mozilla/5.0 AppleWebKit/537.36 (KHTML, like Gecko; compatible; GPTBot/1.3; +https://openai.com/gptbot)"
37.59.204.152 - - [11/Apr/2026:09:01:49 +0300] "GET /sitemapb.xml HTTP/1.0" 200 28442 "-" "Mozilla/5.0 (compatible; AhrefsBot/7.0; +http://ahrefs.com/robot/)"
216.73.216.172 - - [11/Apr/2026:09:01:53 +0300] "GET /p/sweet41192211?id=1208469 HTTP/1.0" 404 2091 "-" "Mozilla/5.0 AppleWebKit/537.36 (KHTML, like Gecko; compatible; ClaudeBot/1.0; +claudebot@anthropic.com)"
74.7.227.173 - - [11/Apr/2026:09:01:54 +0300] "GET /p/mad22856169?id=2872427 HTTP/1.0" 404 2091 "https://region-saitov.ru/sitemapg.xml" "Mozilla/5.0 AppleWebKit/537.36 (KHTML, like Gecko; compatible; GPTBot/1.3; +https://openai.com/gptbot)"
89.111.141.101 - - [11/Apr/2026:09:01:54 +0300] "GET / HTTP/1.0" 200 273999 "-" "https://reg.ru monitoring abuse@reg.ru"
216.73.216.172 - - [11/Apr/2026:09:01:56 +0300] "GET /p/vase72399902?id=2416160 HTTP/1.0" 404 2091 "-" "Mozilla/5.0 AppleWebKit/537.36 (KHTML, like Gecko; compatible; ClaudeBot/1.0; +claudebot@anthropic.com)"
74.7.227.173 - - [11/Apr/2026:09:01:57 +0300] "GET /p/ink51548492?id=1564750 HTTP/1.0" 404 2091 "https://region-saitov.ru/sitemapb.xml" "Mozilla/5.0 AppleWebKit/537.36 (KHTML, like Gecko; compatible; GPTBot/1.3; +https://openai.com/gptbot)"
216.73.216.172 - - [11/Apr/2026:09:01:59 +0300] "GET /p/mouth81972991?id=1989249 HTTP/1.0" 404 2091 "-" "Mozilla/5.0 AppleWebKit/537.36 (KHTML, like Gecko; compatible; ClaudeBot/1.0; +claudebot@anthropic.com)"
74.7.227.173 - - [11/Apr/2026:09:02:01 +0300] "GET /p/sun52736196?id=2752454 HTTP/1.0" 404 2091 "https://region-saitov.ru/sitemapj.xml" "Mozilla/5.0 AppleWebKit/537.36 (KHTML, like Gecko; compatible; GPTBot/1.3; +https://openai.com/gptbot)"
216.73.216.172 - - [11/Apr/2026:09:02:02 +0300] "GET /p/ancie60661117?id=677375 HTTP/1.0" 404 2091 "-" "Mozilla/5.0 AppleWebKit/537.36 (KHTML, like Gecko; compatible; ClaudeBot/1.0; +claudebot@anthropic.com)"
74.7.227.173 - - [11/Apr/2026:09:02:04 +0300] "GET /p/sir52808516?id=2824774 HTTP/1.0" 404 2091 "https://region-saitov.ru/sitemapc.xml" "Mozilla/5.0 AppleWebKit/537.36 (KHTML, like Gecko; compatible; GPTBot/1.3; +https://openai.com/gptbot)"
216.73.216.172 - - [11/Apr/2026:09:02:05 +0300] "GET /p/halt62291581?id=2307839 HTTP/1.0" 404 2091 "-" "Mozilla/5.0 AppleWebKit/537.36 (KHTML, like Gecko; compatible; ClaudeBot/1.0; +claudebot@anthropic.com)"
54.37.118.89 - - [11/Apr/2026:09:02:02 +0300] "GET /sitemapc.xml HTTP/1.0" 200 19651 "-" "Mozilla/5.0 (compatible; AhrefsBot/7.0; +http://ahrefs.com/robot/)"
74.7.227.173 - - [11/Apr/2026:09:02:07 +0300] "GET /p/lab42572883?id=2589141 HTTP/1.0" 404 2091 "https://region-saitov.ru/sitemapo.xml" "Mozilla/5.0 AppleWebKit/537.36 (KHTML, like Gecko; compatible; GPTBot/1.3; +https://openai.com/gptbot)"
216.73.216.172 - - [11/Apr/2026:09:02:09 +0300] "GET /p/lest62267629?id=2283887 HTTP/1.0" 404 2188 "-" "Mozilla/5.0 AppleWebKit/537.36 (KHTML, like Gecko; compatible; ClaudeBot/1.0; +claudebot@anthropic.com)"
74.7.227.173 - - [11/Apr/2026:09:02:10 +0300] "GET /p/ask82801039?id=2817297 HTTP/1.0" 404 2091 "https://region-saitov.ru/sitemapb.xml" "Mozilla/5.0 AppleWebKit/537.36 (KHTML, like Gecko; compatible; GPTBot/1.3; +https://openai.com/gptbot)"
74.7.227.173 - - [11/Apr/2026:09:02:13 +0300] "GET /p/may22648945?id=2665203 HTTP/1.0" 404 2091 "https://region-saitov.ru/sitemapo.xml" "Mozilla/5.0 AppleWebKit/537.36 (KHTML, like Gecko; compatible; GPTBot/1.3; +https://openai.com/gptbot)"
216.73.216.172 - - [11/Apr/2026:09:02:16 +0300] "GET /p/stock42166075?id=2182333 HTTP/1.0" 404 2188 "-" "Mozilla/5.0 AppleWebKit/537.36 (KHTML, like Gecko; compatible; ClaudeBot/1.0; +claudebot@anthropic.com)"
74.7.227.173 - - [11/Apr/2026:09:02:16 +0300] "GET /p/ill72488734?id=2504992 HTTP/1.0" 404 2091 "https://region-saitov.ru/sitemapg.xml" "Mozilla/5.0 AppleWebKit/537.36 (KHTML, like Gecko; compatible; GPTBot/1.3; +https://openai.com/gptbot)"
216.73.216.172 - - [11/Apr/2026:09:02:18 +0300] "GET /p/depen32121306?id=2137564 HTTP/1.0" 404 2091 "-" "Mozilla/5.0 AppleWebKit/537.36 (KHTML, like Gecko; compatible; ClaudeBot/1.0; +claudebot@anthropic.com)"
74.7.227.173 - - [11/Apr/2026:09:02:19 +0300] "GET /p/mop41071947?id=1088205 HTTP/1.0" 404 2091 "https://region-saitov.ru/sitemapj.xml" "Mozilla/5.0 AppleWebKit/537.36 (KHTML, like Gecko; compatible; GPTBot/1.3; +https://openai.com/gptbot)"
51.68.247.216 - - [11/Apr/2026:09:02:16 +0300] "GET /sitemapd.xml HTTP/1.0" 200 15842 "-" "Mozilla/5.0 (compatible; AhrefsBot/7.0; +http://ahrefs.com/robot/)"
216.73.216.172 - - [11/Apr/2026:09:02:21 +0300] "GET /p/tax42339811?id=2356069 HTTP/1.0" 404 2091 "-" "Mozilla/5.0 AppleWebKit/537.36 (KHTML, like Gecko; compatible; ClaudeBot/1.0; +claudebot@anthropic.com)"
74.7.227.173 - - [11/Apr/2026:09:02:23 +0300] "GET /p/lab42200883?id=2217141 HTTP/1.0" 404 2091 "https://region-saitov.ru/sitemapg.xml" "Mozilla/5.0 AppleWebKit/537.36 (KHTML, like Gecko; compatible; GPTBot/1.3; +https://openai.com/gptbot)"
216.73.216.172 - - [11/Apr/2026:09:02:24 +0300] "GET /p/homew21340753?id=1357011 HTTP/1.0" 404 2091 "-" "Mozilla/5.0 AppleWebKit/537.36 (KHTML, like Gecko; compatible; ClaudeBot/1.0; +claudebot@anthropic.com)"
74.7.227.173 - - [11/Apr/2026:09:02:26 +0300] "GET /p/sit82693711?id=2709969 HTTP/1.0" 404 2091 "https://region-saitov.ru/sitemapb.xml" "Mozilla/5.0 AppleWebKit/537.36 (KHTML, like Gecko; compatible; GPTBot/1.3; +https://openai.com/gptbot)"
216.73.216.172 - - [11/Apr/2026:09:02:27 +0300] "GET /p/treat41236851?id=1253109 HTTP/1.0" 404 2091 "-" "Mozilla/5.0 AppleWebKit/537.36 (KHTML, like Gecko; compatible; ClaudeBot/1.0; +claudebot@anthropic.com)"
74.7.227.173 - - [11/Apr/2026:09:02:29 +0300] "GET /p/fig31479946?id=1496204 HTTP/1.0" 404 2091 "https://region-saitov.ru/sitemapb.xml" "Mozilla/5.0 AppleWebKit/537.36 (KHTML, like Gecko; compatible; GPTBot/1.3; +https://openai.com/gptbot)"
216.73.216.172 - - [11/Apr/2026:09:02:30 +0300] "GET /p/unfam31853370?id=1869628 HTTP/1.0" 404 2091 "-" "Mozilla/5.0 AppleWebKit/537.36 (KHTML, like Gecko; compatible; ClaudeBot/1.0; +claudebot@anthropic.com)"
89.111.170.8 - - [11/Apr/2026:09:02:30 +0300] "GET / HTTP/1.0" 200 273999 "-" "https://reg.ru monitoring abuse@reg.ru"
74.7.227.173 - - [11/Apr/2026:09:02:32 +0300] "GET /p/paw31906778?id=1923036 HTTP/1.0" 404 2091 "https://region-saitov.ru/sitemapo.xml" "Mozilla/5.0 AppleWebKit/537.36 (KHTML, like Gecko; compatible; GPTBot/1.3; +https://openai.com/gptbot)"
216.73.216.172 - - [11/Apr/2026:09:02:33 +0300] "GET /p/jealo70970630?id=986888 HTTP/1.0" 404 2091 "-" "Mozilla/5.0 AppleWebKit/537.36 (KHTML, like Gecko; compatible; ClaudeBot/1.0; +claudebot@anthropic.com)"
54.37.118.64 - - [11/Apr/2026:09:02:30 +0300] "GET /sitemape.xml HTTP/1.0" 200 28348 "-" "Mozilla/5.0 (compatible; AhrefsBot/7.0; +http://ahrefs.com/robot/)"
74.7.227.173 - - [11/Apr/2026:09:02:35 +0300] "GET /p/off31644778?id=1661036 HTTP/1.0" 404 2091 "https://region-saitov.ru/sitemapo.xml" "Mozilla/5.0 AppleWebKit/537.36 (KHTML, like Gecko; compatible; GPTBot/1.3; +https://openai.com/gptbot)"
216.73.216.172 - - [11/Apr/2026:09:02:36 +0300] "GET /p/food12781288?id=2797546 HTTP/1.0" 404 2091 "-" "Mozilla/5.0 AppleWebKit/537.36 (KHTML, like Gecko; compatible; ClaudeBot/1.0; +claudebot@anthropic.com)"
74.7.227.173 - - [11/Apr/2026:09:02:39 +0300] "GET /p/say62369677?id=2385935 HTTP/1.0" 404 2091 "https://region-saitov.ru/sitemapb.xml" "Mozilla/5.0 AppleWebKit/537.36 (KHTML, like Gecko; compatible; GPTBot/1.3; +https://openai.com/gptbot)"
216.73.216.172 - - [11/Apr/2026:09:02:39 +0300] "GET /p/truck71156990?id=1173248 HTTP/1.0" 404 2091 "-" "Mozilla/5.0 AppleWebKit/537.36 (KHTML, like Gecko; compatible; ClaudeBot/1.0; +claudebot@anthropic.com)"
74.7.227.173 - - [11/Apr/2026:09:02:42 +0300] "GET /p/wit81998623?id=2014881 HTTP/1.0" 404 2091 "https://region-saitov.ru/sitemapg.xml" "Mozilla/5.0 AppleWebKit/537.36 (KHTML, like Gecko; compatible; GPTBot/1.3; +https://openai.com/gptbot)"
216.73.216.172 - - [11/Apr/2026:09:02:42 +0300] "GET /p/advoc20381849?id=398107 HTTP/1.0" 404 2091 "-" "Mozilla/5.0 AppleWebKit/537.36 (KHTML, like Gecko; compatible; ClaudeBot/1.0; +claudebot@anthropic.com)"
92.242.60.14 - - [11/Apr/2026:09:02:43 +0300] "GET / HTTP/1.0" 200 273999 "-" "https://reg.ru monitoring abuse@reg.ru"
74.7.227.173 - - [11/Apr/2026:09:02:45 +0300] "GET /p/sow31911258?id=1927516 HTTP/1.0" 404 2091 "https://region-saitov.ru/sitemapb.xml" "Mozilla/5.0 AppleWebKit/537.36 (KHTML, like Gecko; compatible; GPTBot/1.3; +https://openai.com/gptbot)"
216.73.216.172 - - [11/Apr/2026:09:02:45 +0300] "GET /p/nearl82236135?id=2252393 HTTP/1.0" 404 2091 "-" "Mozilla/5.0 AppleWebKit/537.36 (KHTML, like Gecko; compatible; ClaudeBot/1.0; +claudebot@anthropic.com)"
92.222.108.121 - - [11/Apr/2026:09:02:44 +0300] "GET /sitemapf.xml HTTP/1.0" 200 23100 "-" "Mozilla/5.0 (compatible; AhrefsBot/7.0; +http://ahrefs.com/robot/)"
216.73.216.172 - - [11/Apr/2026:09:02:48 +0300] "GET /p/anxie32991170?id=3007428 HTTP/1.0" 404 2091 "-" "Mozilla/5.0 AppleWebKit/537.36 (KHTML, like Gecko; compatible; ClaudeBot/1.0; +claudebot@anthropic.com)"
74.7.227.173 - - [11/Apr/2026:09:02:48 +0300] "GET /p/dip62707197?id=2723455 HTTP/1.0" 404 2091 "https://region-saitov.ru/sitemapb.xml" "Mozilla/5.0 AppleWebKit/537.36 (KHTML, like Gecko; compatible; GPTBot/1.3; +https://openai.com/gptbot)"
216.73.216.172 - - [11/Apr/2026:09:02:51 +0300] "GET /p/navig40146883?id=163141 HTTP/1.0" 404 2091 "-" "Mozilla/5.0 AppleWebKit/537.36 (KHTML, like Gecko; compatible; ClaudeBot/1.0; +claudebot@anthropic.com)"
74.7.227.173 - - [11/Apr/2026:09:02:51 +0300] "GET /p/our82432967?id=2449225 HTTP/1.0" 404 2091 "https://region-saitov.ru/sitemapd.xml" "Mozilla/5.0 AppleWebKit/537.36 (KHTML, like Gecko; compatible; GPTBot/1.3; +https://openai.com/gptbot)"
216.73.216.172 - - [11/Apr/2026:09:02:54 +0300] "GET /p/treat41968851?id=1985109 HTTP/1.0" 404 2091 "-" "Mozilla/5.0 AppleWebKit/537.36 (KHTML, like Gecko; compatible; ClaudeBot/1.0; +claudebot@anthropic.com)"
74.7.227.173 - - [11/Apr/2026:09:02:55 +0300] "GET /p/mom22689625?id=2705883 HTTP/1.0" 404 2091 "https://region-saitov.ru/sitemapj.xml" "Mozilla/5.0 AppleWebKit/537.36 (KHTML, like Gecko; compatible; GPTBot/1.3; +https://openai.com/gptbot)"
216.73.216.172 - - [11/Apr/2026:09:02:57 +0300] "GET /p/nearl82412135?id=2428393 HTTP/1.0" 404 2091 "-" "Mozilla/5.0 AppleWebKit/537.36 (KHTML, like Gecko; compatible; ClaudeBot/1.0; +claudebot@anthropic.com)"
74.7.227.173 - - [11/Apr/2026:09:02:58 +0300] "GET /p/kid72384134?id=2400392 HTTP/1.0" 404 2091 "https://region-saitov.ru/sitemapd.xml" "Mozilla/5.0 AppleWebKit/537.36 (KHTML, like Gecko; compatible; GPTBot/1.3; +https://openai.com/gptbot)"
216.73.216.172 - - [11/Apr/2026:09:03:00 +0300] "GET /p/album51377676?id=1393934 HTTP/1.0" 404 2091 "-" "Mozilla/5.0 AppleWebKit/537.36 (KHTML, like Gecko; compatible; ClaudeBot/1.0; +claudebot@anthropic.com)"
74.7.227.173 - - [11/Apr/2026:09:03:01 +0300] "GET /p/fat51897132?id=1913390 HTTP/1.0" 404 2091 "https://region-saitov.ru/sitemapj.xml" "Mozilla/5.0 AppleWebKit/537.36 (KHTML, like Gecko; compatible; GPTBot/1.3; +https://openai.com/gptbot)"
216.73.216.172 - - [11/Apr/2026:09:03:03 +0300] "GET /p/porri41037659?id=1053917 HTTP/1.0" 404 2091 "-" "Mozilla/5.0 AppleWebKit/537.36 (KHTML, like Gecko; compatible; ClaudeBot/1.0; +claudebot@anthropic.com)"
74.7.227.173 - - [11/Apr/2026:09:03:04 +0300] "GET /p/she71940950?id=1957208 HTTP/1.0" 404 2091 "https://region-saitov.ru/sitemapd.xml" "Mozilla/5.0 AppleWebKit/537.36 (KHTML, like Gecko; compatible; GPTBot/1.3; +https://openai.com/gptbot)"
216.73.216.172 - - [11/Apr/2026:09:03:06 +0300] "GET /p/unloa11719168?id=1735426 HTTP/1.0" 404 2091 "-" "Mozilla/5.0 AppleWebKit/537.36 (KHTML, like Gecko; compatible; ClaudeBot/1.0; +claudebot@anthropic.com)"
74.7.227.173 - - [11/Apr/2026:09:03:07 +0300] "GET /p/aid32677586?id=2693844 HTTP/1.0" 404 2091 "https://region-saitov.ru/sitemapb.xml" "Mozilla/5.0 AppleWebKit/537.36 (KHTML, like Gecko; compatible; GPTBot/1.3; +https://openai.com/gptbot)"
216.73.216.172 - - [11/Apr/2026:09:03:09 +0300] "GET /p/nearl81340135?id=1356393 HTTP/1.0" 404 2091 "-" "Mozilla/5.0 AppleWebKit/537.36 (KHTML, like Gecko; compatible; ClaudeBot/1.0; +claudebot@anthropic.com)"
74.7.227.173 - - [11/Apr/2026:09:03:10 +0300] "GET /p/tie52524508?id=2540766 HTTP/1.0" 404 2091 "https://region-saitov.ru/sitemapg.xml" "Mozilla/5.0 AppleWebKit/537.36 (KHTML, like Gecko; compatible; GPTBot/1.3; +https://openai.com/gptbot)"
216.73.216.172 - - [11/Apr/2026:09:03:12 +0300] "GET /p/homew22568753?id=2585011 HTTP/1.0" 404 2091 "-" "Mozilla/5.0 AppleWebKit/537.36 (KHTML, like Gecko; compatible; ClaudeBot/1.0; +claudebot@anthropic.com)"
74.7.227.173 - - [11/Apr/2026:09:03:14 +0300] "GET /p/try61672829?id=1689087 HTTP/1.0" 404 2091 "https://region-saitov.ru/sitemapo.xml" "Mozilla/5.0 AppleWebKit/537.36 (KHTML, like Gecko; compatible; GPTBot/1.3; +https://openai.com/gptbot)"
216.73.216.172 - - [11/Apr/2026:09:03:15 +0300] "GET /p/horse22132657?id=2148915 HTTP/1.0" 404 2091 "-" "Mozilla/5.0 AppleWebKit/537.36 (KHTML, like Gecko; compatible; ClaudeBot/1.0; +claudebot@anthropic.com)"
74.7.227.173 - - [11/Apr/2026:09:03:17 +0300] "GET /p/fun12728248?id=2744506 HTTP/1.0" 404 2091 "https://region-saitov.ru/sitemapd.xml" "Mozilla/5.0 AppleWebKit/537.36 (KHTML, like Gecko; compatible; GPTBot/1.3; +https://openai.com/gptbot)"
216.73.216.172 - - [11/Apr/2026:09:03:18 +0300] "GET /p/union22587361?id=2603619 HTTP/1.0" 404 2091 "-" "Mozilla/5.0 AppleWebKit/537.36 (KHTML, like Gecko; compatible; ClaudeBot/1.0; +claudebot@anthropic.com)"
74.7.227.173 - - [11/Apr/2026:09:03:20 +0300] "GET /p/bit41648867?id=1665125 HTTP/1.0" 404 2091 "https://region-saitov.ru/sitemapo.xml" "Mozilla/5.0 AppleWebKit/537.36 (KHTML, like Gecko; compatible; GPTBot/1.3; +https://openai.com/gptbot)"
216.73.216.172 - - [11/Apr/2026:09:03:21 +0300] "GET /p/adult41281443?id=1297701 HTTP/1.0" 404 2091 "-" "Mozilla/5.0 AppleWebKit/537.36 (KHTML, like Gecko; compatible; ClaudeBot/1.0; +claudebot@anthropic.com)"
188.225.127.159 - - [11/Apr/2026:09:03:21 +0300] "GET /cdh.mp4 HTTP/1.0" 206 21715483 "https://cdh-implant.ru/" "Mozilla/5.0 (Linux; Android 15; 2409FPCC4G) AppleWebKit/537.36 (KHTML, like Gecko) Chrome/135.0.7049.79 Mobile Safari/537.36"
188.225.127.159 - - [11/Apr/2026:09:03:22 +0300] "GET /cdh.mp4 HTTP/1.0" 206 34967 "https://cdh-implant.ru/" "Mozilla/5.0 (Linux; Android 15; 2409FPCC4G) AppleWebKit/537.36 (KHTML, like Gecko) Chrome/135.0.7049.79 Mobile Safari/537.36"
188.225.127.159 - - [11/Apr/2026:09:03:22 +0300] "GET /cdh.mp4 HTTP/1.0" 206 21680789 "https://cdh-implant.ru/" "Mozilla/5.0 (Linux; Android 15; 2409FPCC4G) AppleWebKit/537.36 (KHTML, like Gecko) Chrome/135.0.7049.79 Mobile Safari/537.36"
74.7.227.173 - - [11/Apr/2026:09:03:23 +0300] "GET /p/sea81724759?id=1741017 HTTP/1.0" 404 2091 "https://region-saitov.ru/sitemapb.xml" "Mozilla/5.0 AppleWebKit/537.36 (KHTML, like Gecko; compatible; GPTBot/1.3; +https://openai.com/gptbot)"
216.73.216.172 - - [11/Apr/2026:09:03:24 +0300] "GET /p/homew22288753?id=2305011 HTTP/1.0" 404 2091 "-" "Mozilla/5.0 AppleWebKit/537.36 (KHTML, like Gecko; compatible; ClaudeBot/1.0; +claudebot@anthropic.com)"
74.7.227.173 - - [11/Apr/2026:09:03:26 +0300] "GET /p/all22688921?id=2705179 HTTP/1.0" 404 2091 "https://region-saitov.ru/sitemapj.xml" "Mozilla/5.0 AppleWebKit/537.36 (KHTML, like Gecko; compatible; GPTBot/1.3; +https://openai.com/gptbot)"
216.73.216.172 - - [11/Apr/2026:09:03:27 +0300] "GET /p/portr41727195?id=1743453 HTTP/1.0" 404 2091 "-" "Mozilla/5.0 AppleWebKit/537.36 (KHTML, like Gecko; compatible; ClaudeBot/1.0; +claudebot@anthropic.com)"
74.7.227.173 - - [11/Apr/2026:09:03:30 +0300] "GET /p/sir52044516?id=2060774 HTTP/1.0" 404 2091 "https://region-saitov.ru/sitemapb.xml" "Mozilla/5.0 AppleWebKit/537.36 (KHTML, like Gecko; compatible; GPTBot/1.3; +https://openai.com/gptbot)"
216.73.216.172 - - [11/Apr/2026:09:03:30 +0300] "GET /p/vocab82389567?id=2405825 HTTP/1.0" 404 2091 "-" "Mozilla/5.0 AppleWebKit/537.36 (KHTML, like Gecko; compatible; ClaudeBot/1.0; +claudebot@anthropic.com)"
74.7.227.173 - - [11/Apr/2026:09:03:33 +0300] "GET /p/dad32141426?id=2157684 HTTP/1.0" 404 2091 "https://region-saitov.ru/sitemapd.xml" "Mozilla/5.0 AppleWebKit/537.36 (KHTML, like Gecko; compatible; GPTBot/1.3; +https://openai.com/gptbot)"
216.73.216.172 - - [11/Apr/2026:09:03:33 +0300] "GET /p/jealo71258630?id=1274888 HTTP/1.0" 404 2091 "-" "Mozilla/5.0 AppleWebKit/537.36 (KHTML, like Gecko; compatible; ClaudeBot/1.0; +claudebot@anthropic.com)"
74.7.227.173 - - [11/Apr/2026:09:03:36 +0300] "GET /p/bag22496009?id=2512267 HTTP/1.0" 404 2091 "https://region-saitov.ru/sitemapc.xml" "Mozilla/5.0 AppleWebKit/537.36 (KHTML, like Gecko; compatible; GPTBot/1.3; +https://openai.com/gptbot)"
216.73.216.172 - - [11/Apr/2026:09:03:36 +0300] "GET /p/butto41859011?id=1875269 HTTP/1.0" 404 2091 "-" "Mozilla/5.0 AppleWebKit/537.36 (KHTML, like Gecko; compatible; ClaudeBot/1.0; +claudebot@anthropic.com)"
74.7.227.173 - - [11/Apr/2026:09:03:39 +0300] "GET /p/ear81092599?id=1108857 HTTP/1.0" 404 2091 "https://region-saitov.ru/sitemapg.xml" "Mozilla/5.0 AppleWebKit/537.36 (KHTML, like Gecko; compatible; GPTBot/1.3; +https://openai.com/gptbot)"
216.73.216.172 - - [11/Apr/2026:09:03:39 +0300] "GET /p/vocab81293567?id=1309825 HTTP/1.0" 404 2091 "-" "Mozilla/5.0 AppleWebKit/537.36 (KHTML, like Gecko; compatible; ClaudeBot/1.0; +claudebot@anthropic.com)"
216.73.216.172 - - [11/Apr/2026:09:03:42 +0300] "GET /p/jewel72723022?id=2739280 HTTP/1.0" 404 2091 "-" "Mozilla/5.0 AppleWebKit/537.36 (KHTML, like Gecko; compatible; ClaudeBot/1.0; +claudebot@anthropic.com)"
74.7.227.173 - - [11/Apr/2026:09:03:42 +0300] "GET /p/ear81832599?id=1848857 HTTP/1.0" 404 2188 "https://region-saitov.ru/sitemapc.xml" "Mozilla/5.0 AppleWebKit/537.36 (KHTML, like Gecko; compatible; GPTBot/1.3; +https://openai.com/gptbot)"
216.73.216.172 - - [11/Apr/2026:09:03:45 +0300] "GET /p/truck72304990?id=2321248 HTTP/1.0" 404 2091 "-" "Mozilla/5.0 AppleWebKit/537.36 (KHTML, like Gecko; compatible; ClaudeBot/1.0; +claudebot@anthropic.com)"
74.7.227.173 - - [11/Apr/2026:09:03:45 +0300] "GET /p/ill71016734?id=1032992 HTTP/1.0" 404 2091 "https://region-saitov.ru/sitemapg.xml" "Mozilla/5.0 AppleWebKit/537.36 (KHTML, like Gecko; compatible; GPTBot/1.3; +https://openai.com/gptbot)"
216.73.216.172 - - [11/Apr/2026:09:03:48 +0300] "GET /p/porri41713659?id=1729917 HTTP/1.0" 404 2091 "-" "Mozilla/5.0 AppleWebKit/537.36 (KHTML, like Gecko; compatible; ClaudeBot/1.0; +claudebot@anthropic.com)"
74.7.227.173 - - [11/Apr/2026:09:03:49 +0300] "GET /p/nor31781258?id=1797516 HTTP/1.0" 404 2091 "https://region-saitov.ru/sitemapc.xml" "Mozilla/5.0 AppleWebKit/537.36 (KHTML, like Gecko; compatible; GPTBot/1.3; +https://openai.com/gptbot)"
216.73.216.172 - - [11/Apr/2026:09:03:51 +0300] "GET /p/portr42831195?id=2847453 HTTP/1.0" 404 2091 "-" "Mozilla/5.0 AppleWebKit/537.36 (KHTML, like Gecko; compatible; ClaudeBot/1.0; +claudebot@anthropic.com)"
74.7.227.173 - - [11/Apr/2026:09:03:52 +0300] "GET /p/wax21758537?id=1774795 HTTP/1.0" 404 2091 "https://region-saitov.ru/sitemapj.xml" "Mozilla/5.0 AppleWebKit/537.36 (KHTML, like Gecko; compatible; GPTBot/1.3; +https://openai.com/gptbot)"
216.73.216.172 - - [11/Apr/2026:09:03:54 +0300] "GET /p/jewis11610600?id=1626858 HTTP/1.0" 404 2091 "-" "Mozilla/5.0 AppleWebKit/537.36 (KHTML, like Gecko; compatible; ClaudeBot/1.0; +claudebot@anthropic.com)"
74.7.227.173 - - [11/Apr/2026:09:03:55 +0300] "GET /p/who72993190?id=3009448 HTTP/1.0" 404 2091 "https://region-saitov.ru/sitemapc.xml" "Mozilla/5.0 AppleWebKit/537.36 (KHTML, like Gecko; compatible; GPTBot/1.3; +https://openai.com/gptbot)"
216.73.216.172 - - [11/Apr/2026:09:03:57 +0300] "GET /p/jewel70071022?id=87280 HTTP/1.0" 404 2091 "-" "Mozilla/5.0 AppleWebKit/537.36 (KHTML, like Gecko; compatible; ClaudeBot/1.0; +claudebot@anthropic.com)"
74.7.227.173 - - [11/Apr/2026:09:03:58 +0300] "GET /p/his82304319?id=2320577 HTTP/1.0" 404 2091 "https://region-saitov.ru/sitemapg.xml" "Mozilla/5.0 AppleWebKit/537.36 (KHTML, like Gecko; compatible; GPTBot/1.3; +https://openai.com/gptbot)"
54.37.118.78 - - [11/Apr/2026:09:03:58 +0300] "GET /sitemapi.xml HTTP/1.0" 200 19727 "-" "Mozilla/5.0 (compatible; AhrefsBot/7.0; +http://ahrefs.com/robot/)"
74.7.227.173 - - [11/Apr/2026:09:04:01 +0300] "GET /p/aim52313588?id=2329846 HTTP/1.0" 404 2091 "https://region-saitov.ru/sitemapo.xml" "Mozilla/5.0 AppleWebKit/537.36 (KHTML, like Gecko; compatible; GPTBot/1.3; +https://openai.com/gptbot)"
74.7.227.173 - - [11/Apr/2026:09:04:04 +0300] "GET /p/cat21264081?id=1280339 HTTP/1.0" 404 2091 "https://region-saitov.ru/sitemapj.xml" "Mozilla/5.0 AppleWebKit/537.36 (KHTML, like Gecko; compatible; GPTBot/1.3; +https://openai.com/gptbot)"
74.7.227.173 - - [11/Apr/2026:09:04:08 +0300] "GET /p/lad22191665?id=2207923 HTTP/1.0" 404 2091 "https://region-saitov.ru/sitemapo.xml" "Mozilla/5.0 AppleWebKit/537.36 (KHTML, like Gecko; compatible; GPTBot/1.3; +https://openai.com/gptbot)"
74.7.227.173 - - [11/Apr/2026:09:04:11 +0300] "GET /p/dry52068772?id=2085030 HTTP/1.0" 404 2091 "https://region-saitov.ru/sitemapj.xml" "Mozilla/5.0 AppleWebKit/537.36 (KHTML, like Gecko; compatible; GPTBot/1.3; +https://openai.com/gptbot)"
74.7.227.173 - - [11/Apr/2026:09:04:14 +0300] "GET /p/win81285671?id=1301929 HTTP/1.0" 404 2091 "https://region-saitov.ru/sitemapb.xml" "Mozilla/5.0 AppleWebKit/537.36 (KHTML, like Gecko; compatible; GPTBot/1.3; +https://openai.com/gptbot)"
176.31.139.11 - - [11/Apr/2026:09:04:11 +0300] "GET /sitemapj.xml HTTP/1.0" 200 21858 "-" "Mozilla/5.0 (compatible; AhrefsBot/7.0; +http://ahrefs.com/robot/)"
74.7.227.173 - - [11/Apr/2026:09:04:17 +0300] "GET /p/six52081228?id=2097486 HTTP/1.0" 404 2091 "https://region-saitov.ru/sitemapb.xml" "Mozilla/5.0 AppleWebKit/537.36 (KHTML, like Gecko; compatible; GPTBot/1.3; +https://openai.com/gptbot)"
74.7.227.173 - - [11/Apr/2026:09:04:20 +0300] "GET /p/hut32454482?id=2470740 HTTP/1.0" 404 2091 "https://region-saitov.ru/sitemapo.xml" "Mozilla/5.0 AppleWebKit/537.36 (KHTML, like Gecko; compatible; GPTBot/1.3; +https://openai.com/gptbot)"
74.7.227.173 - - [11/Apr/2026:09:04:23 +0300] "GET /p/act72824350?id=2840608 HTTP/1.0" 404 2091 "https://region-saitov.ru/sitemapo.xml" "Mozilla/5.0 AppleWebKit/537.36 (KHTML, like Gecko; compatible; GPTBot/1.3; +https://openai.com/gptbot)"
74.7.227.173 - - [11/Apr/2026:09:04:26 +0300] "GET /p/hey82545415?id=2561673 HTTP/1.0" 404 2091 "https://region-saitov.ru/sitemapc.xml" "Mozilla/5.0 AppleWebKit/537.36 (KHTML, like Gecko; compatible; GPTBot/1.3; +https://openai.com/gptbot)"
92.222.108.112 - - [11/Apr/2026:09:04:25 +0300] "GET /sitemapk.xml HTTP/1.0" 200 25648 "-" "Mozilla/5.0 (compatible; AhrefsBot/7.0; +http://ahrefs.com/robot/)"
74.7.227.173 - - [11/Apr/2026:09:04:29 +0300] "GET /p/way71152198?id=1168456 HTTP/1.0" 404 2091 "https://region-saitov.ru/sitemapc.xml" "Mozilla/5.0 AppleWebKit/537.36 (KHTML, like Gecko; compatible; GPTBot/1.3; +https://openai.com/gptbot)"
216.73.216.172 - - [11/Apr/2026:09:04:30 +0300] "GET /p/capta80184639?id=200897 HTTP/1.0" 404 2188 "-" "Mozilla/5.0 AppleWebKit/537.36 (KHTML, like Gecko; compatible; ClaudeBot/1.0; +claudebot@anthropic.com)"
74.7.227.173 - - [11/Apr/2026:09:04:33 +0300] "GET /p/new31316018?id=1332276 HTTP/1.0" 404 2091 "https://region-saitov.ru/sitemapd.xml" "Mozilla/5.0 AppleWebKit/537.36 (KHTML, like Gecko; compatible; GPTBot/1.3; +https://openai.com/gptbot)"
216.73.216.172 - - [11/Apr/2026:09:04:33 +0300] "GET /p/behin82965167?id=2981425 HTTP/1.0" 404 2091 "-" "Mozilla/5.0 AppleWebKit/537.36 (KHTML, like Gecko; compatible; ClaudeBot/1.0; +claudebot@anthropic.com)"
74.7.227.173 - - [11/Apr/2026:09:04:36 +0300] "GET /p/jaw82975495?id=2991753 HTTP/1.0" 404 2091 "https://region-saitov.ru/sitemapc.xml" "Mozilla/5.0 AppleWebKit/537.36 (KHTML, like Gecko; compatible; GPTBot/1.3; +https://openai.com/gptbot)"
216.73.216.172 - - [11/Apr/2026:09:04:36 +0300] "GET /p/defea20154505?id=170763 HTTP/1.0" 404 2091 "-" "Mozilla/5.0 AppleWebKit/537.36 (KHTML, like Gecko; compatible; ClaudeBot/1.0; +claudebot@anthropic.com)"
74.7.227.173 - - [11/Apr/2026:09:04:39 +0300] "GET /p/far71729646?id=1745904 HTTP/1.0" 404 2091 "https://region-saitov.ru/sitemapg.xml" "Mozilla/5.0 AppleWebKit/537.36 (KHTML, like Gecko; compatible; GPTBot/1.3; +https://openai.com/gptbot)"
74.7.227.173 - - [11/Apr/2026:09:04:42 +0300] "GET /p/hip51475692?id=1491950 HTTP/1.0" 404 2091 "https://region-saitov.ru/sitemapo.xml" "Mozilla/5.0 AppleWebKit/537.36 (KHTML, like Gecko; compatible; GPTBot/1.3; +https://openai.com/gptbot)"
74.7.227.173 - - [11/Apr/2026:09:04:45 +0300] "GET /p/rat82048047?id=2064305 HTTP/1.0" 404 2091 "https://region-saitov.ru/sitemapo.xml" "Mozilla/5.0 AppleWebKit/537.36 (KHTML, like Gecko; compatible; GPTBot/1.3; +https://openai.com/gptbot)"
74.7.227.173 - - [11/Apr/2026:09:04:48 +0300] "GET /p/tap11078688?id=1094946 HTTP/1.0" 404 2091 "https://region-saitov.ru/sitemapo.xml" "Mozilla/5.0 AppleWebKit/537.36 (KHTML, like Gecko; compatible; GPTBot/1.3; +https://openai.com/gptbot)"
74.7.227.173 - - [11/Apr/2026:09:04:51 +0300] "GET /p/pea51707372?id=1723630 HTTP/1.0" 404 2091 "https://region-saitov.ru/sitemapo.xml" "Mozilla/5.0 AppleWebKit/537.36 (KHTML, like Gecko; compatible; GPTBot/1.3; +https://openai.com/gptbot)"
74.7.227.173 - - [11/Apr/2026:09:04:55 +0300] "GET /p/bet81522823?id=1539081 HTTP/1.0" 404 2091 "https://region-saitov.ru/sitemapc.xml" "Mozilla/5.0 AppleWebKit/537.36 (KHTML, like Gecko; compatible; GPTBot/1.3; +https://openai.com/gptbot)"
216.73.216.172 - - [11/Apr/2026:09:04:58 +0300] "GET /p/level60860573?id=876831 HTTP/1.0" 404 2188 "-" "Mozilla/5.0 AppleWebKit/537.36 (KHTML, like Gecko; compatible; ClaudeBot/1.0; +claudebot@anthropic.com)"
74.7.227.173 - - [11/Apr/2026:09:04:58 +0300] "GET /p/gum11530064?id=1546322 HTTP/1.0" 404 2091 "https://region-saitov.ru/sitemapg.xml" "Mozilla/5.0 AppleWebKit/537.36 (KHTML, like Gecko; compatible; GPTBot/1.3; +https://openai.com/gptbot)"
216.73.216.172 - - [11/Apr/2026:09:05:00 +0300] "GET /p/comfo60812589?id=828847 HTTP/1.0" 404 2091 "-" "Mozilla/5.0 AppleWebKit/537.36 (KHTML, like Gecko; compatible; ClaudeBot/1.0; +claudebot@anthropic.com)"
74.7.227.173 - - [11/Apr/2026:09:05:01 +0300] "GET /p/jar11634504?id=1650762 HTTP/1.0" 404 2091 "https://region-saitov.ru/sitemapo.xml" "Mozilla/5.0 AppleWebKit/537.36 (KHTML, like Gecko; compatible; GPTBot/1.3; +https://openai.com/gptbot)"
5.39.109.161 - - [11/Apr/2026:09:04:59 +0300] "GET /sitemapm.xml HTTP/1.0" 200 20271 "-" "Mozilla/5.0 (compatible; AhrefsBot/7.0; +http://ahrefs.com/robot/)"
74.7.227.173 - - [11/Apr/2026:09:05:04 +0300] "GET /p/too62388253?id=2404511 HTTP/1.0" 404 2091 "https://region-saitov.ru/sitemapo.xml" "Mozilla/5.0 AppleWebKit/537.36 (KHTML, like Gecko; compatible; GPTBot/1.3; +https://openai.com/gptbot)"
74.7.227.173 - - [11/Apr/2026:09:05:07 +0300] "GET /p/bit42360867?id=2377125 HTTP/1.0" 404 2091 "https://region-saitov.ru/sitemapg.xml" "Mozilla/5.0 AppleWebKit/537.36 (KHTML, like Gecko; compatible; GPTBot/1.3; +https://openai.com/gptbot)"
74.7.227.173 - - [11/Apr/2026:09:05:10 +0300] "GET /p/eve12815176?id=2831434 HTTP/1.0" 404 2091 "https://region-saitov.ru/sitemapg.xml" "Mozilla/5.0 AppleWebKit/537.36 (KHTML, like Gecko; compatible; GPTBot/1.3; +https://openai.com/gptbot)"
74.7.227.173 - - [11/Apr/2026:09:05:13 +0300] "GET /p/jam81767487?id=1783745 HTTP/1.0" 404 2091 "https://region-saitov.ru/sitemapb.xml" "Mozilla/5.0 AppleWebKit/537.36 (KHTML, like Gecko; compatible; GPTBot/1.3; +https://openai.com/gptbot)"
74.7.227.173 - - [11/Apr/2026:09:05:17 +0300] "GET /p/can81784775?id=1801033 HTTP/1.0" 404 2091 "https://region-saitov.ru/sitemapb.xml" "Mozilla/5.0 AppleWebKit/537.36 (KHTML, like Gecko; compatible; GPTBot/1.3; +https://openai.com/gptbot)"
74.7.227.173 - - [11/Apr/2026:09:05:20 +0300] "GET /p/fog72450766?id=2467024 HTTP/1.0" 404 2091 "https://region-saitov.ru/sitemapd.xml" "Mozilla/5.0 AppleWebKit/537.36 (KHTML, like Gecko; compatible; GPTBot/1.3; +https://openai.com/gptbot)"
51.75.236.154 - - [11/Apr/2026:09:05:18 +0300] "GET /sitemapn.xml HTTP/1.0" 200 18517 "-" "Mozilla/5.0 (compatible; AhrefsBot/7.0; +http://ahrefs.com/robot/)"
74.7.227.173 - - [11/Apr/2026:09:05:23 +0300] "GET /p/go71143134?id=1159392 HTTP/1.0" 404 2091 "https://region-saitov.ru/sitemapd.xml" "Mozilla/5.0 AppleWebKit/537.36 (KHTML, like Gecko; compatible; GPTBot/1.3; +https://openai.com/gptbot)"
74.7.227.173 - - [11/Apr/2026:09:05:26 +0300] "GET /p/is61209717?id=1225975 HTTP/1.0" 404 2091 "https://region-saitov.ru/sitemapb.xml" "Mozilla/5.0 AppleWebKit/537.36 (KHTML, like Gecko; compatible; GPTBot/1.3; +https://openai.com/gptbot)"
74.7.227.173 - - [11/Apr/2026:09:05:29 +0300] "GET /p/he62664045?id=2680303 HTTP/1.0" 404 2091 "https://region-saitov.ru/sitemapb.xml" "Mozilla/5.0 AppleWebKit/537.36 (KHTML, like Gecko; compatible; GPTBot/1.3; +https://openai.com/gptbot)"
74.7.227.173 - - [11/Apr/2026:09:05:33 +0300] "GET /p/as22436305?id=2452563 HTTP/1.0" 404 2091 "https://region-saitov.ru/sitemapo.xml" "Mozilla/5.0 AppleWebKit/537.36 (KHTML, like Gecko; compatible; GPTBot/1.3; +https://openai.com/gptbot)"
216.73.216.172 - - [11/Apr/2026:09:05:33 +0300] "GET /p/menta30814634?id=830892 HTTP/1.0" 404 2188 "-" "Mozilla/5.0 AppleWebKit/537.36 (KHTML, like Gecko; compatible; ClaudeBot/1.0; +claudebot@anthropic.com)"
216.73.216.172 - - [11/Apr/2026:09:05:36 +0300] "GET /p/narro40913963?id=930221 HTTP/1.0" 404 2091 "-" "Mozilla/5.0 AppleWebKit/537.36 (KHTML, like Gecko; compatible; ClaudeBot/1.0; +claudebot@anthropic.com)"
37.59.204.159 - - [11/Apr/2026:09:05:33 +0300] "GET /sitemapo.xml HTTP/1.0" 200 16202 "-" "Mozilla/5.0 (compatible; AhrefsBot/7.0; +http://ahrefs.com/robot/)"
74.7.227.173 - - [11/Apr/2026:09:05:36 +0300] "GET /p/no72097014?id=2113272 HTTP/1.0" 404 2091 "https://region-saitov.ru/sitemapb.xml" "Mozilla/5.0 AppleWebKit/537.36 (KHTML, like Gecko; compatible; GPTBot/1.3; +https://openai.com/gptbot)"
74.7.227.173 - - [11/Apr/2026:09:05:39 +0300] "GET /p/we31812058?id=1828316 HTTP/1.0" 404 2091 "https://region-saitov.ru/sitemapo.xml" "Mozilla/5.0 AppleWebKit/537.36 (KHTML, like Gecko; compatible; GPTBot/1.3; +https://openai.com/gptbot)"
74.7.227.173 - - [11/Apr/2026:09:05:42 +0300] "GET /p/am12249688?id=2265946 HTTP/1.0" 404 2091 "https://region-saitov.ru/sitemapb.xml" "Mozilla/5.0 AppleWebKit/537.36 (KHTML, like Gecko; compatible; GPTBot/1.3; +https://openai.com/gptbot)"
74.7.227.173 - - [11/Apr/2026:09:05:45 +0300] "GET /p/no71229014?id=1245272 HTTP/1.0" 404 2091 "https://region-saitov.ru/sitemapc.xml" "Mozilla/5.0 AppleWebKit/537.36 (KHTML, like Gecko; compatible; GPTBot/1.3; +https://openai.com/gptbot)"
74.7.227.173 - - [11/Apr/2026:09:05:49 +0300] "GET /p/hi21206745?id=1223003 HTTP/1.0" 404 2091 "https://region-saitov.ru/sitemapb.xml" "Mozilla/5.0 AppleWebKit/537.36 (KHTML, like Gecko; compatible; GPTBot/1.3; +https://openai.com/gptbot)"
74.7.227.173 - - [11/Apr/2026:09:05:52 +0300] "GET /p/me21120721?id=1136979 HTTP/1.0" 404 2091 "https://region-saitov.ru/sitemapd.xml" "Mozilla/5.0 AppleWebKit/537.36 (KHTML, like Gecko; compatible; GPTBot/1.3; +https://openai.com/gptbot)"
74.7.227.173 - - [11/Apr/2026:09:05:55 +0300] "GET /p/to22021033?id=2037291 HTTP/1.0" 404 2091 "https://region-saitov.ru/sitemapb.xml" "Mozilla/5.0 AppleWebKit/537.36 (KHTML, like Gecko; compatible; GPTBot/1.3; +https://openai.com/gptbot)"
74.7.227.173 - - [11/Apr/2026:09:05:58 +0300] "GET /p/is62101717?id=2117975 HTTP/1.0" 404 2091 "https://region-saitov.ru/sitemapj.xml" "Mozilla/5.0 AppleWebKit/537.36 (KHTML, like Gecko; compatible; GPTBot/1.3; +https://openai.com/gptbot)"
74.7.227.173 - - [11/Apr/2026:09:06:01 +0300] "GET /p/it11437112?id=1453370 HTTP/1.0" 404 2091 "https://region-saitov.ru/sitemapd.xml" "Mozilla/5.0 AppleWebKit/537.36 (KHTML, like Gecko; compatible; GPTBot/1.3; +https://openai.com/gptbot)"
91.221.199.73 - - [11/Apr/2026:09:06:02 +0300] "GET /rs-white.png HTTP/1.1" 200 2176 "https://www.vekanch.ru/" "Mozilla/5.0 (Macintosh; Intel Mac OS X 10_11_6) AppleWebKit/537.36 (KHTML, like Gecko) Chrome/53.0.2785.143 Safari/537.36"
74.7.227.173 - - [11/Apr/2026:09:06:04 +0300] "GET /p/hi22730745?id=2747003 HTTP/1.0" 404 2091 "https://region-saitov.ru/sitemapd.xml" "Mozilla/5.0 AppleWebKit/537.36 (KHTML, like Gecko; compatible; GPTBot/1.3; +https://openai.com/gptbot)"
74.7.227.173 - - [11/Apr/2026:09:06:08 +0300] "GET /p/item81409943?id=1426201 HTTP/1.0" 404 2091 "https://region-saitov.ru/sitemapj.xml" "Mozilla/5.0 AppleWebKit/537.36 (KHTML, like Gecko; compatible; GPTBot/1.3; +https://openai.com/gptbot)"
74.7.227.173 - - [11/Apr/2026:09:06:11 +0300] "GET /p/polit11152288?id=1168546 HTTP/1.0" 404 2091 "https://region-saitov.ru/sitemapj.xml" "Mozilla/5.0 AppleWebKit/537.36 (KHTML, like Gecko; compatible; GPTBot/1.3; +https://openai.com/gptbot)"
74.7.227.173 - - [11/Apr/2026:09:06:14 +0300] "GET /p/cd70777142?id=793400 HTTP/1.0" 404 2091 "https://region-saitov.ru/sitemapj.xml" "Mozilla/5.0 AppleWebKit/537.36 (KHTML, like Gecko; compatible; GPTBot/1.3; +https://openai.com/gptbot)"
74.7.227.173 - - [11/Apr/2026:09:06:17 +0300] "GET /p/hub71134446?id=1150704 HTTP/1.0" 404 2091 "https://region-saitov.ru/sitemapc.xml" "Mozilla/5.0 AppleWebKit/537.36 (KHTML, like Gecko; compatible; GPTBot/1.3; +https://openai.com/gptbot)"
74.7.227.173 - - [11/Apr/2026:09:06:20 +0300] "GET /p/jar11142504?id=1158762 HTTP/1.0" 404 2091 "https://region-saitov.ru/sitemapg.xml" "Mozilla/5.0 AppleWebKit/537.36 (KHTML, like Gecko; compatible; GPTBot/1.3; +https://openai.com/gptbot)"
74.7.227.173 - - [11/Apr/2026:09:06:23 +0300] "GET /p/man11261480?id=1277738 HTTP/1.0" 404 2091 "https://region-saitov.ru/sitemapb.xml" "Mozilla/5.0 AppleWebKit/537.36 (KHTML, like Gecko; compatible; GPTBot/1.3; +https://openai.com/gptbot)"
74.7.227.173 - - [11/Apr/2026:09:06:26 +0300] "GET /p/zoo32480402?id=2496660 HTTP/1.0" 404 2091 "https://region-saitov.ru/sitemapc.xml" "Mozilla/5.0 AppleWebKit/537.36 (KHTML, like Gecko; compatible; GPTBot/1.3; +https://openai.com/gptbot)"
74.7.227.173 - - [11/Apr/2026:09:06:30 +0300] "GET /p/gap11422288?id=1438546 HTTP/1.0" 404 2091 "https://region-saitov.ru/sitemapb.xml" "Mozilla/5.0 AppleWebKit/537.36 (KHTML, like Gecko; compatible; GPTBot/1.3; +https://openai.com/gptbot)"
74.7.227.173 - - [11/Apr/2026:09:06:33 +0300] "GET /p/you21444185?id=1460443 HTTP/1.0" 404 2091 "https://region-saitov.ru/sitemapo.xml" "Mozilla/5.0 AppleWebKit/537.36 (KHTML, like Gecko; compatible; GPTBot/1.3; +https://openai.com/gptbot)"
74.7.227.173 - - [11/Apr/2026:09:06:36 +0300] "GET /p/one21504297?id=1520555 HTTP/1.0" 404 2091 "https://region-saitov.ru/sitemapc.xml" "Mozilla/5.0 AppleWebKit/537.36 (KHTML, like Gecko; compatible; GPTBot/1.3; +https://openai.com/gptbot)"
74.7.227.173 - - [11/Apr/2026:09:06:39 +0300] "GET /p/arm32888298?id=2904556 HTTP/1.0" 404 2091 "https://region-saitov.ru/sitemapg.xml" "Mozilla/5.0 AppleWebKit/537.36 (KHTML, like Gecko; compatible; GPTBot/1.3; +https://openai.com/gptbot)"
74.7.227.173 - - [11/Apr/2026:09:06:42 +0300] "GET /p/sun51028196?id=1044454 HTTP/1.0" 404 2091 "https://region-saitov.ru/sitemapg.xml" "Mozilla/5.0 AppleWebKit/537.36 (KHTML, like Gecko; compatible; GPTBot/1.3; +https://openai.com/gptbot)"
74.7.227.173 - - [11/Apr/2026:09:06:45 +0300] "GET /p/now12684856?id=2701114 HTTP/1.0" 404 2091 "https://region-saitov.ru/sitemapo.xml" "Mozilla/5.0 AppleWebKit/537.36 (KHTML, like Gecko; compatible; GPTBot/1.3; +https://openai.com/gptbot)"
74.7.227.173 - - [11/Apr/2026:09:06:49 +0300] "GET /p/but22296481?id=2312739 HTTP/1.0" 404 2091 "https://region-saitov.ru/sitemapj.xml" "Mozilla/5.0 AppleWebKit/537.36 (KHTML, like Gecko; compatible; GPTBot/1.3; +https://openai.com/gptbot)"
74.7.227.173 - - [11/Apr/2026:09:06:52 +0300] "GET /p/fix62208309?id=2224567 HTTP/1.0" 404 2091 "https://region-saitov.ru/sitemapo.xml" "Mozilla/5.0 AppleWebKit/537.36 (KHTML, like Gecko; compatible; GPTBot/1.3; +https://openai.com/gptbot)"
74.7.227.173 - - [11/Apr/2026:09:06:55 +0300] "GET /p/ham51272588?id=1288846 HTTP/1.0" 404 2091 "https://region-saitov.ru/sitemapg.xml" "Mozilla/5.0 AppleWebKit/537.36 (KHTML, like Gecko; compatible; GPTBot/1.3; +https://openai.com/gptbot)"
74.7.227.173 - - [11/Apr/2026:09:06:58 +0300] "GET /p/ink51144492?id=1160750 HTTP/1.0" 404 2091 "https://region-saitov.ru/sitemapj.xml" "Mozilla/5.0 AppleWebKit/537.36 (KHTML, like Gecko; compatible; GPTBot/1.3; +https://openai.com/gptbot)"
74.7.227.173 - - [11/Apr/2026:09:07:01 +0300] "GET /p/hub71374446?id=1390704 HTTP/1.0" 404 2091 "https://region-saitov.ru/sitemapg.xml" "Mozilla/5.0 AppleWebKit/537.36 (KHTML, like Gecko; compatible; GPTBot/1.3; +https://openai.com/gptbot)"
89.111.141.101 - - [11/Apr/2026:09:07:03 +0300] "GET / HTTP/1.0" 200 273999 "-" "https://reg.ru monitoring abuse@reg.ru"
74.7.227.173 - - [11/Apr/2026:09:07:04 +0300] "GET /p/rub41883755?id=1900013 HTTP/1.0" 404 2091 "https://region-saitov.ru/sitemapc.xml" "Mozilla/5.0 AppleWebKit/537.36 (KHTML, like Gecko; compatible; GPTBot/1.3; +https://openai.com/gptbot)"
74.7.227.173 - - [11/Apr/2026:09:07:07 +0300] "GET /p/do80293703?id=309961 HTTP/1.0" 404 2091 "https://region-saitov.ru/sitemapd.xml" "Mozilla/5.0 AppleWebKit/537.36 (KHTML, like Gecko; compatible; GPTBot/1.3; +https://openai.com/gptbot)"
74.7.227.173 - - [11/Apr/2026:09:07:11 +0300] "GET /p/we30108058?id=124316 HTTP/1.0" 404 2091 "https://region-saitov.ru/sitemapg.xml" "Mozilla/5.0 AppleWebKit/537.36 (KHTML, like Gecko; compatible; GPTBot/1.3; +https://openai.com/gptbot)"
74.7.227.173 - - [11/Apr/2026:09:07:14 +0300] "GET /p/we30604058?id=620316 HTTP/1.0" 404 2091 "https://region-saitov.ru/sitemapg.xml" "Mozilla/5.0 AppleWebKit/537.36 (KHTML, like Gecko; compatible; GPTBot/1.3; +https://openai.com/gptbot)"
74.7.227.173 - - [11/Apr/2026:09:07:17 +0300] "GET /p/us20973153?id=989411 HTTP/1.0" 404 2091 "https://region-saitov.ru/sitemapc.xml" "Mozilla/5.0 AppleWebKit/537.36 (KHTML, like Gecko; compatible; GPTBot/1.3; +https://openai.com/gptbot)"
74.7.227.173 - - [11/Apr/2026:09:07:20 +0300] "GET /p/be80656015?id=672273 HTTP/1.0" 404 2091 "https://region-saitov.ru/sitemapj.xml" "Mozilla/5.0 AppleWebKit/537.36 (KHTML, like Gecko; compatible; GPTBot/1.3; +https://openai.com/gptbot)"
74.7.227.173 - - [11/Apr/2026:09:07:23 +0300] "GET /p/ad10747320?id=763578 HTTP/1.0" 404 2091 "https://region-saitov.ru/sitemapb.xml" "Mozilla/5.0 AppleWebKit/537.36 (KHTML, like Gecko; compatible; GPTBot/1.3; +https://openai.com/gptbot)"
74.7.227.173 - - [11/Apr/2026:09:07:27 +0300] "GET /p/in50932748?id=949006 HTTP/1.0" 404 2091 "https://region-saitov.ru/sitemapd.xml" "Mozilla/5.0 AppleWebKit/537.36 (KHTML, like Gecko; compatible; GPTBot/1.3; +https://openai.com/gptbot)"
74.7.227.173 - - [11/Apr/2026:09:07:30 +0300] "GET /p/me20868721?id=884979 HTTP/1.0" 404 2091 "https://region-saitov.ru/sitemapd.xml" "Mozilla/5.0 AppleWebKit/537.36 (KHTML, like Gecko; compatible; GPTBot/1.3; +https://openai.com/gptbot)"
74.7.227.173 - - [11/Apr/2026:09:07:33 +0300] "GET /p/me22240721?id=2256979 HTTP/1.0" 404 2091 "https://region-saitov.ru/sitemapo.xml" "Mozilla/5.0 AppleWebKit/537.36 (KHTML, like Gecko; compatible; GPTBot/1.3; +https://openai.com/gptbot)"
89.111.170.8 - - [11/Apr/2026:09:07:34 +0300] "GET / HTTP/1.0" 200 273999 "-" "https://reg.ru monitoring abuse@reg.ru"
74.7.227.173 - - [11/Apr/2026:09:07:36 +0300] "GET /p/oh22655521?id=2671779 HTTP/1.0" 404 2091 "https://region-saitov.ru/sitemapo.xml" "Mozilla/5.0 AppleWebKit/537.36 (KHTML, like Gecko; compatible; GPTBot/1.3; +https://openai.com/gptbot)"
74.7.227.173 - - [11/Apr/2026:09:07:39 +0300] "GET /p/at32872042?id=2888300 HTTP/1.0" 404 2091 "https://region-saitov.ru/sitemapo.xml" "Mozilla/5.0 AppleWebKit/537.36 (KHTML, like Gecko; compatible; GPTBot/1.3; +https://openai.com/gptbot)"
74.7.227.173 - - [11/Apr/2026:09:07:42 +0300] "GET /p/us22233153?id=2249411 HTTP/1.0" 404 2091 "https://region-saitov.ru/sitemapg.xml" "Mozilla/5.0 AppleWebKit/537.36 (KHTML, like Gecko; compatible; GPTBot/1.3; +https://openai.com/gptbot)"
74.7.227.173 - - [11/Apr/2026:09:07:45 +0300] "GET /p/art71497230?id=1513488 HTTP/1.0" 404 2091 "https://region-saitov.ru/sitemapj.xml" "Mozilla/5.0 AppleWebKit/537.36 (KHTML, like Gecko; compatible; GPTBot/1.3; +https://openai.com/gptbot)"
92.242.60.14 - - [11/Apr/2026:09:07:47 +0300] "GET / HTTP/1.0" 200 273999 "-" "https://reg.ru monitoring abuse@reg.ru"
74.7.227.173 - - [11/Apr/2026:09:07:48 +0300] "GET /p/man12341480?id=2357738 HTTP/1.0" 404 2091 "https://region-saitov.ru/sitemapc.xml" "Mozilla/5.0 AppleWebKit/537.36 (KHTML, like Gecko; compatible; GPTBot/1.3; +https://openai.com/gptbot)"
43.153.123.3 - - [11/Apr/2026:09:07:50 +0300] "GET / HTTP/1.1" 301 196 "-" "Mozilla/5.0 (iPhone; CPU iPhone OS 13_2_3 like Mac OS X) AppleWebKit/605.1.15 (KHTML, like Gecko) Version/13.0.3 Mobile/15E148 Safari/604.1"
74.7.227.173 - - [11/Apr/2026:09:07:51 +0300] "GET /p/red82681247?id=2697505 HTTP/1.0" 404 2091 "https://region-saitov.ru/sitemapc.xml" "Mozilla/5.0 AppleWebKit/537.36 (KHTML, like Gecko; compatible; GPTBot/1.3; +https://openai.com/gptbot)"
43.153.123.3 - - [11/Apr/2026:09:07:52 +0300] "GET / HTTP/1.0" 302 303 "http://www.region-saitov.ru" "Mozilla/5.0 (iPhone; CPU iPhone OS 13_2_3 like Mac OS X) AppleWebKit/605.1.15 (KHTML, like Gecko) Version/13.0.3 Mobile/15E148 Safari/604.1"
74.7.227.173 - - [11/Apr/2026:09:07:54 +0300] "GET /p/far72889646?id=2905904 HTTP/1.0" 404 2091 "https://region-saitov.ru/sitemapd.xml" "Mozilla/5.0 AppleWebKit/537.36 (KHTML, like Gecko; compatible; GPTBot/1.3; +https://openai.com/gptbot)"
43.153.123.3 - - [11/Apr/2026:09:07:54 +0300] "GET / HTTP/1.0" 200 24117 "https://www.region-saitov.ru:443/" "Mozilla/5.0 (iPhone; CPU iPhone OS 13_2_3 like Mac OS X) AppleWebKit/605.1.15 (KHTML, like Gecko) Version/13.0.3 Mobile/15E148 Safari/604.1"
74.7.227.173 - - [11/Apr/2026:09:07:57 +0300] "GET /p/ink52816492?id=2832750 HTTP/1.0" 404 2091 "https://region-saitov.ru/sitemapg.xml" "Mozilla/5.0 AppleWebKit/537.36 (KHTML, like Gecko; compatible; GPTBot/1.3; +https://openai.com/gptbot)"
74.7.227.173 - - [11/Apr/2026:09:08:00 +0300] "GET /p/fig31487946?id=1504204 HTTP/1.0" 404 2091 "https://region-saitov.ru/sitemapg.xml" "Mozilla/5.0 AppleWebKit/537.36 (KHTML, like Gecko; compatible; GPTBot/1.3; +https://openai.com/gptbot)"
74.7.227.173 - - [11/Apr/2026:09:08:03 +0300] "GET /p/yin12793656?id=2809914 HTTP/1.0" 404 2091 "https://region-saitov.ru/sitemapj.xml" "Mozilla/5.0 AppleWebKit/537.36 (KHTML, like Gecko; compatible; GPTBot/1.3; +https://openai.com/gptbot)"
216.73.216.172 - - [11/Apr/2026:09:08:05 +0300] "GET /p/speec80025207?id=41465 HTTP/1.0" 404 2188 "-" "Mozilla/5.0 AppleWebKit/537.36 (KHTML, like Gecko; compatible; ClaudeBot/1.0; +claudebot@anthropic.com)"
74.7.227.173 - - [11/Apr/2026:09:08:07 +0300] "GET /p/gas71179230?id=1195488 HTTP/1.0" 404 2091 "https://region-saitov.ru/sitemapb.xml" "Mozilla/5.0 AppleWebKit/537.36 (KHTML, like Gecko; compatible; GPTBot/1.3; +https://openai.com/gptbot)"
216.73.216.172 - - [11/Apr/2026:09:08:08 +0300] "GET /p/close50208580?id=224838 HTTP/1.0" 404 2091 "-" "Mozilla/5.0 AppleWebKit/537.36 (KHTML, like Gecko; compatible; ClaudeBot/1.0; +claudebot@anthropic.com)"
