74.7.227.173 - - [11/Apr/2026:08:45:56 +0300] "GET /p/kid72204134?id=2220392 HTTP/1.0" 404 2091 "https://region-saitov.ru/sitemapg.xml" "Mozilla/5.0 AppleWebKit/537.36 (KHTML, like Gecko; compatible; GPTBot/1.3; +https://openai.com/gptbot)"
216.73.216.172 - - [11/Apr/2026:08:45:59 +0300] "GET /p/quali22005513?id=2021771 HTTP/1.0" 404 2091 "-" "Mozilla/5.0 AppleWebKit/537.36 (KHTML, like Gecko; compatible; ClaudeBot/1.0; +claudebot@anthropic.com)"
74.7.227.173 - - [11/Apr/2026:08:45:59 +0300] "GET /p/cup72832382?id=2848640 HTTP/1.0" 404 2091 "https://region-saitov.ru/sitemapb.xml" "Mozilla/5.0 AppleWebKit/537.36 (KHTML, like Gecko; compatible; GPTBot/1.3; +https://openai.com/gptbot)"
216.73.216.172 - - [11/Apr/2026:08:46:02 +0300] "GET /p/shave51458612?id=1474870 HTTP/1.0" 404 2091 "-" "Mozilla/5.0 AppleWebKit/537.36 (KHTML, like Gecko; compatible; ClaudeBot/1.0; +claudebot@anthropic.com)"
74.7.227.173 - - [11/Apr/2026:08:46:02 +0300] "GET /p/due61214413?id=1230671 HTTP/1.0" 404 2091 "https://region-saitov.ru/sitemapg.xml" "Mozilla/5.0 AppleWebKit/537.36 (KHTML, like Gecko; compatible; GPTBot/1.3; +https://openai.com/gptbot)"
216.73.216.172 - - [11/Apr/2026:08:46:05 +0300] "GET /p/recip11325736?id=1341994 HTTP/1.0" 404 2091 "-" "Mozilla/5.0 AppleWebKit/537.36 (KHTML, like Gecko; compatible; ClaudeBot/1.0; +claudebot@anthropic.com)"
74.7.227.173 - - [11/Apr/2026:08:46:05 +0300] "GET /p/jam81271487?id=1287745 HTTP/1.0" 404 2091 "https://region-saitov.ru/sitemapb.xml" "Mozilla/5.0 AppleWebKit/537.36 (KHTML, like Gecko; compatible; GPTBot/1.3; +https://openai.com/gptbot)"
216.73.216.172 - - [11/Apr/2026:08:46:08 +0300] "GET /p/livel31572794?id=1589052 HTTP/1.0" 404 2091 "-" "Mozilla/5.0 AppleWebKit/537.36 (KHTML, like Gecko; compatible; ClaudeBot/1.0; +claudebot@anthropic.com)"
74.7.227.173 - - [11/Apr/2026:08:46:09 +0300] "GET /p/fox62316117?id=2332375 HTTP/1.0" 404 2091 "https://region-saitov.ru/sitemapg.xml" "Mozilla/5.0 AppleWebKit/537.36 (KHTML, like Gecko; compatible; GPTBot/1.3; +https://openai.com/gptbot)"
216.73.216.172 - - [11/Apr/2026:08:46:11 +0300] "GET /p/fresh62212453?id=2228711 HTTP/1.0" 404 2091 "-" "Mozilla/5.0 AppleWebKit/537.36 (KHTML, like Gecko; compatible; ClaudeBot/1.0; +claudebot@anthropic.com)"
74.7.227.173 - - [11/Apr/2026:08:46:12 +0300] "GET /p/dig71657454?id=1673712 HTTP/1.0" 404 2091 "https://region-saitov.ru/sitemapc.xml" "Mozilla/5.0 AppleWebKit/537.36 (KHTML, like Gecko; compatible; GPTBot/1.3; +https://openai.com/gptbot)"
216.73.216.172 - - [11/Apr/2026:08:46:14 +0300] "GET /p/moral12534008?id=2550266 HTTP/1.0" 404 2091 "-" "Mozilla/5.0 AppleWebKit/537.36 (KHTML, like Gecko; compatible; ClaudeBot/1.0; +claudebot@anthropic.com)"
74.7.227.173 - - [11/Apr/2026:08:46:15 +0300] "GET /p/per12755184?id=2771442 HTTP/1.0" 404 2091 "https://region-saitov.ru/sitemapb.xml" "Mozilla/5.0 AppleWebKit/537.36 (KHTML, like Gecko; compatible; GPTBot/1.3; +https://openai.com/gptbot)"
216.73.216.172 - - [11/Apr/2026:08:46:17 +0300] "GET /p/lace41771315?id=1787573 HTTP/1.0" 404 2091 "-" "Mozilla/5.0 AppleWebKit/537.36 (KHTML, like Gecko; compatible; ClaudeBot/1.0; +claudebot@anthropic.com)"
74.7.227.173 - - [11/Apr/2026:08:46:18 +0300] "GET /p/ash52122852?id=2139110 HTTP/1.0" 404 2091 "https://region-saitov.ru/sitemapc.xml" "Mozilla/5.0 AppleWebKit/537.36 (KHTML, like Gecko; compatible; GPTBot/1.3; +https://openai.com/gptbot)"
216.73.216.172 - - [11/Apr/2026:08:46:20 +0300] "GET /p/onion32613794?id=2630052 HTTP/1.0" 404 2091 "-" "Mozilla/5.0 AppleWebKit/537.36 (KHTML, like Gecko; compatible; ClaudeBot/1.0; +claudebot@anthropic.com)"
74.7.227.173 - - [11/Apr/2026:08:46:21 +0300] "GET /p/fry71173718?id=1189976 HTTP/1.0" 404 2091 "https://region-saitov.ru/sitemapj.xml" "Mozilla/5.0 AppleWebKit/537.36 (KHTML, like Gecko; compatible; GPTBot/1.3; +https://openai.com/gptbot)"
216.73.216.172 - - [11/Apr/2026:08:46:23 +0300] "GET /p/starv12235672?id=2251930 HTTP/1.0" 404 2091 "-" "Mozilla/5.0 AppleWebKit/537.36 (KHTML, like Gecko; compatible; ClaudeBot/1.0; +claudebot@anthropic.com)"
74.7.227.173 - - [11/Apr/2026:08:46:24 +0300] "GET /p/zag62979933?id=2996191 HTTP/1.0" 404 2091 "https://region-saitov.ru/sitemapg.xml" "Mozilla/5.0 AppleWebKit/537.36 (KHTML, like Gecko; compatible; GPTBot/1.3; +https://openai.com/gptbot)"
216.73.216.172 - - [11/Apr/2026:08:46:26 +0300] "GET /p/russi22468313?id=2484571 HTTP/1.0" 404 2091 "-" "Mozilla/5.0 AppleWebKit/537.36 (KHTML, like Gecko; compatible; ClaudeBot/1.0; +claudebot@anthropic.com)"
74.7.227.173 - - [11/Apr/2026:08:46:27 +0300] "GET /p/cop11627664?id=1643922 HTTP/1.0" 404 2091 "https://region-saitov.ru/sitemapb.xml" "Mozilla/5.0 AppleWebKit/537.36 (KHTML, like Gecko; compatible; GPTBot/1.3; +https://openai.com/gptbot)"
216.73.216.172 - - [11/Apr/2026:08:46:30 +0300] "GET /p/dag61819941?id=1836199 HTTP/1.0" 404 2188 "-" "Mozilla/5.0 AppleWebKit/537.36 (KHTML, like Gecko; compatible; ClaudeBot/1.0; +claudebot@anthropic.com)"
74.7.227.173 - - [11/Apr/2026:08:46:30 +0300] "GET /p/are81173623?id=1189881 HTTP/1.0" 404 2091 "https://region-saitov.ru/sitemapo.xml" "Mozilla/5.0 AppleWebKit/537.36 (KHTML, like Gecko; compatible; GPTBot/1.3; +https://openai.com/gptbot)"
216.73.216.172 - - [11/Apr/2026:08:46:33 +0300] "GET /p/verb50953716?id=969974 HTTP/1.0" 404 2091 "-" "Mozilla/5.0 AppleWebKit/537.36 (KHTML, like Gecko; compatible; ClaudeBot/1.0; +claudebot@anthropic.com)"
74.7.227.173 - - [11/Apr/2026:08:46:33 +0300] "GET /p/yes62217269?id=2233527 HTTP/1.0" 404 2091 "https://region-saitov.ru/sitemapd.xml" "Mozilla/5.0 AppleWebKit/537.36 (KHTML, like Gecko; compatible; GPTBot/1.3; +https://openai.com/gptbot)"
216.73.216.172 - - [11/Apr/2026:08:46:36 +0300] "GET /p/arbit52211588?id=2227846 HTTP/1.0" 404 2091 "-" "Mozilla/5.0 AppleWebKit/537.36 (KHTML, like Gecko; compatible; ClaudeBot/1.0; +claudebot@anthropic.com)"
89.111.141.101 - - [11/Apr/2026:08:46:36 +0300] "GET / HTTP/1.0" 200 273999 "-" "https://reg.ru monitoring abuse@reg.ru"
74.7.227.173 - - [11/Apr/2026:08:46:37 +0300] "GET /p/zag61083933?id=1100191 HTTP/1.0" 404 2091 "https://region-saitov.ru/sitemapg.xml" "Mozilla/5.0 AppleWebKit/537.36 (KHTML, like Gecko; compatible; GPTBot/1.3; +https://openai.com/gptbot)"
216.73.216.172 - - [11/Apr/2026:08:46:39 +0300] "GET /p/why32777010?id=2793268 HTTP/1.0" 404 2091 "-" "Mozilla/5.0 AppleWebKit/537.36 (KHTML, like Gecko; compatible; ClaudeBot/1.0; +claudebot@anthropic.com)"
74.7.227.173 - - [11/Apr/2026:08:46:40 +0300] "GET /p/lie11600240?id=1616498 HTTP/1.0" 404 2091 "https://region-saitov.ru/sitemapo.xml" "Mozilla/5.0 AppleWebKit/537.36 (KHTML, like Gecko; compatible; GPTBot/1.3; +https://openai.com/gptbot)"
216.73.216.172 - - [11/Apr/2026:08:46:42 +0300] "GET /p/cemen60546989?id=563247 HTTP/1.0" 404 2091 "-" "Mozilla/5.0 AppleWebKit/537.36 (KHTML, like Gecko; compatible; ClaudeBot/1.0; +claudebot@anthropic.com)"
74.7.227.173 - - [11/Apr/2026:08:46:43 +0300] "GET /p/pop32341386?id=2357644 HTTP/1.0" 404 2091 "https://region-saitov.ru/sitemapo.xml" "Mozilla/5.0 AppleWebKit/537.36 (KHTML, like Gecko; compatible; GPTBot/1.3; +https://openai.com/gptbot)"
216.73.216.172 - - [11/Apr/2026:08:46:45 +0300] "GET /p/dark72368038?id=2384296 HTTP/1.0" 404 2091 "-" "Mozilla/5.0 AppleWebKit/537.36 (KHTML, like Gecko; compatible; ClaudeBot/1.0; +claudebot@anthropic.com)"
74.7.227.173 - - [11/Apr/2026:08:46:46 +0300] "GET /p/red82429247?id=2445505 HTTP/1.0" 404 2091 "https://region-saitov.ru/sitemapb.xml" "Mozilla/5.0 AppleWebKit/537.36 (KHTML, like Gecko; compatible; GPTBot/1.3; +https://openai.com/gptbot)"
216.73.216.172 - - [11/Apr/2026:08:46:48 +0300] "GET /p/expec52149212?id=2165470 HTTP/1.0" 404 2091 "-" "Mozilla/5.0 AppleWebKit/537.36 (KHTML, like Gecko; compatible; ClaudeBot/1.0; +claudebot@anthropic.com)"
74.7.227.173 - - [11/Apr/2026:08:46:49 +0300] "GET /p/bet82082823?id=2099081 HTTP/1.0" 404 2091 "https://region-saitov.ru/sitemapo.xml" "Mozilla/5.0 AppleWebKit/537.36 (KHTML, like Gecko; compatible; GPTBot/1.3; +https://openai.com/gptbot)"
216.73.216.172 - - [11/Apr/2026:08:46:51 +0300] "GET /p/failu51475548?id=1491806 HTTP/1.0" 404 2091 "-" "Mozilla/5.0 AppleWebKit/537.36 (KHTML, like Gecko; compatible; ClaudeBot/1.0; +claudebot@anthropic.com)"
74.7.227.173 - - [11/Apr/2026:08:46:52 +0300] "GET /p/bee42024179?id=2040437 HTTP/1.0" 404 2091 "https://region-saitov.ru/sitemapc.xml" "Mozilla/5.0 AppleWebKit/537.36 (KHTML, like Gecko; compatible; GPTBot/1.3; +https://openai.com/gptbot)"
216.73.216.172 - - [11/Apr/2026:08:46:54 +0300] "GET /p/handf10847272?id=863530 HTTP/1.0" 404 2091 "-" "Mozilla/5.0 AppleWebKit/537.36 (KHTML, like Gecko; compatible; ClaudeBot/1.0; +claudebot@anthropic.com)"
74.7.227.173 - - [11/Apr/2026:08:46:55 +0300] "GET /p/end82848239?id=2864497 HTTP/1.0" 404 2091 "https://region-saitov.ru/sitemapj.xml" "Mozilla/5.0 AppleWebKit/537.36 (KHTML, like Gecko; compatible; GPTBot/1.3; +https://openai.com/gptbot)"
216.73.216.172 - - [11/Apr/2026:08:46:57 +0300] "GET /p/dip61819197?id=1835455 HTTP/1.0" 404 2091 "-" "Mozilla/5.0 AppleWebKit/537.36 (KHTML, like Gecko; compatible; ClaudeBot/1.0; +claudebot@anthropic.com)"
74.7.227.173 - - [11/Apr/2026:08:46:59 +0300] "GET /p/pro41393403?id=1409661 HTTP/1.0" 404 2091 "https://region-saitov.ru/sitemapc.xml" "Mozilla/5.0 AppleWebKit/537.36 (KHTML, like Gecko; compatible; GPTBot/1.3; +https://openai.com/gptbot)"
216.73.216.172 - - [11/Apr/2026:08:47:00 +0300] "GET /p/becom50405724?id=421982 HTTP/1.0" 404 2091 "-" "Mozilla/5.0 AppleWebKit/537.36 (KHTML, like Gecko; compatible; ClaudeBot/1.0; +claudebot@anthropic.com)"
74.7.227.173 - - [11/Apr/2026:08:47:02 +0300] "GET /p/zoo32612402?id=2628660 HTTP/1.0" 404 2091 "https://region-saitov.ru/sitemapb.xml" "Mozilla/5.0 AppleWebKit/537.36 (KHTML, like Gecko; compatible; GPTBot/1.3; +https://openai.com/gptbot)"
216.73.216.172 - - [11/Apr/2026:08:47:03 +0300] "GET /p/heati30990938?id=1007196 HTTP/1.0" 404 2091 "-" "Mozilla/5.0 AppleWebKit/537.36 (KHTML, like Gecko; compatible; ClaudeBot/1.0; +claudebot@anthropic.com)"
74.7.227.173 - - [11/Apr/2026:08:47:05 +0300] "GET /p/dip62943197?id=2959455 HTTP/1.0" 404 2091 "https://region-saitov.ru/sitemapd.xml" "Mozilla/5.0 AppleWebKit/537.36 (KHTML, like Gecko; compatible; GPTBot/1.3; +https://openai.com/gptbot)"
216.73.216.172 - - [11/Apr/2026:08:47:06 +0300] "GET /p/poste42021563?id=2037821 HTTP/1.0" 404 2091 "-" "Mozilla/5.0 AppleWebKit/537.36 (KHTML, like Gecko; compatible; ClaudeBot/1.0; +claudebot@anthropic.com)"
74.7.227.173 - - [11/Apr/2026:08:47:08 +0300] "GET /p/dim72895494?id=2911752 HTTP/1.0" 404 2091 "https://region-saitov.ru/sitemapo.xml" "Mozilla/5.0 AppleWebKit/537.36 (KHTML, like Gecko; compatible; GPTBot/1.3; +https://openai.com/gptbot)"
216.73.216.172 - - [11/Apr/2026:08:47:09 +0300] "GET /p/behal61030717?id=1046975 HTTP/1.0" 404 2091 "-" "Mozilla/5.0 AppleWebKit/537.36 (KHTML, like Gecko; compatible; ClaudeBot/1.0; +claudebot@anthropic.com)"
89.111.170.8 - - [11/Apr/2026:08:47:09 +0300] "GET / HTTP/1.0" 200 273999 "-" "https://reg.ru monitoring abuse@reg.ru"
74.7.227.173 - - [11/Apr/2026:08:47:11 +0300] "GET /p/big81572327?id=1588585 HTTP/1.0" 404 2091 "https://region-saitov.ru/sitemapc.xml" "Mozilla/5.0 AppleWebKit/537.36 (KHTML, like Gecko; compatible; GPTBot/1.3; +https://openai.com/gptbot)"
216.73.216.172 - - [11/Apr/2026:08:47:12 +0300] "GET /p/text61592629?id=1608887 HTTP/1.0" 404 2091 "-" "Mozilla/5.0 AppleWebKit/537.36 (KHTML, like Gecko; compatible; ClaudeBot/1.0; +claudebot@anthropic.com)"
74.7.227.173 - - [11/Apr/2026:08:47:14 +0300] "GET /p/jam81175487?id=1191745 HTTP/1.0" 404 2091 "https://region-saitov.ru/sitemapb.xml" "Mozilla/5.0 AppleWebKit/537.36 (KHTML, like Gecko; compatible; GPTBot/1.3; +https://openai.com/gptbot)"
216.73.216.172 - - [11/Apr/2026:08:47:15 +0300] "GET /p/middl72572822?id=2589080 HTTP/1.0" 404 2091 "-" "Mozilla/5.0 AppleWebKit/537.36 (KHTML, like Gecko; compatible; ClaudeBot/1.0; +claudebot@anthropic.com)"
92.242.60.14 - - [11/Apr/2026:08:47:17 +0300] "GET / HTTP/1.0" 200 273999 "-" "https://reg.ru monitoring abuse@reg.ru"
74.7.227.173 - - [11/Apr/2026:08:47:17 +0300] "GET /p/won42919939?id=2936197 HTTP/1.0" 404 2091 "https://region-saitov.ru/sitemapo.xml" "Mozilla/5.0 AppleWebKit/537.36 (KHTML, like Gecko; compatible; GPTBot/1.3; +https://openai.com/gptbot)"
216.73.216.172 - - [11/Apr/2026:08:47:18 +0300] "GET /p/setti30162154?id=178412 HTTP/1.0" 404 2091 "-" "Mozilla/5.0 AppleWebKit/537.36 (KHTML, like Gecko; compatible; ClaudeBot/1.0; +claudebot@anthropic.com)"
74.7.227.173 - - [11/Apr/2026:08:47:20 +0300] "GET /p/hub72606446?id=2622704 HTTP/1.0" 404 2091 "https://region-saitov.ru/sitemapb.xml" "Mozilla/5.0 AppleWebKit/537.36 (KHTML, like Gecko; compatible; GPTBot/1.3; +https://openai.com/gptbot)"
216.73.216.172 - - [11/Apr/2026:08:47:23 +0300] "GET /p/plane52500332?id=2516590 HTTP/1.0" 404 2188 "-" "Mozilla/5.0 AppleWebKit/537.36 (KHTML, like Gecko; compatible; ClaudeBot/1.0; +claudebot@anthropic.com)"
74.7.227.173 - - [11/Apr/2026:08:47:24 +0300] "GET /p/too61756253?id=1772511 HTTP/1.0" 404 2091 "https://region-saitov.ru/sitemapb.xml" "Mozilla/5.0 AppleWebKit/537.36 (KHTML, like Gecko; compatible; GPTBot/1.3; +https://openai.com/gptbot)"
216.73.216.172 - - [11/Apr/2026:08:47:25 +0300] "GET /p/infan20394737?id=410995 HTTP/1.0" 404 2091 "-" "Mozilla/5.0 AppleWebKit/537.36 (KHTML, like Gecko; compatible; ClaudeBot/1.0; +claudebot@anthropic.com)"
74.7.227.173 - - [11/Apr/2026:08:47:27 +0300] "GET /p/all21908921?id=1925179 HTTP/1.0" 404 2091 "https://region-saitov.ru/sitemapc.xml" "Mozilla/5.0 AppleWebKit/537.36 (KHTML, like Gecko; compatible; GPTBot/1.3; +https://openai.com/gptbot)"
216.73.216.172 - - [11/Apr/2026:08:47:28 +0300] "GET /p/arabi22775433?id=2791691 HTTP/1.0" 404 2091 "-" "Mozilla/5.0 AppleWebKit/537.36 (KHTML, like Gecko; compatible; ClaudeBot/1.0; +claudebot@anthropic.com)"
74.7.227.173 - - [11/Apr/2026:08:47:30 +0300] "GET /p/ray81535615?id=1551873 HTTP/1.0" 404 2091 "https://region-saitov.ru/sitemapj.xml" "Mozilla/5.0 AppleWebKit/537.36 (KHTML, like Gecko; compatible; GPTBot/1.3; +https://openai.com/gptbot)"
216.73.216.172 - - [11/Apr/2026:08:47:31 +0300] "GET /p/altog30539162?id=555420 HTTP/1.0" 404 2091 "-" "Mozilla/5.0 AppleWebKit/537.36 (KHTML, like Gecko; compatible; ClaudeBot/1.0; +claudebot@anthropic.com)"
74.7.227.173 - - [11/Apr/2026:08:47:33 +0300] "GET /p/dry51756772?id=1773030 HTTP/1.0" 404 2091 "https://region-saitov.ru/sitemapj.xml" "Mozilla/5.0 AppleWebKit/537.36 (KHTML, like Gecko; compatible; GPTBot/1.3; +https://openai.com/gptbot)"
216.73.216.172 - - [11/Apr/2026:08:47:34 +0300] "GET /p/occur70654678?id=670936 HTTP/1.0" 404 2091 "-" "Mozilla/5.0 AppleWebKit/537.36 (KHTML, like Gecko; compatible; ClaudeBot/1.0; +claudebot@anthropic.com)"
74.7.227.173 - - [11/Apr/2026:08:47:36 +0300] "GET /p/mug81202719?id=1218977 HTTP/1.0" 404 2091 "https://region-saitov.ru/sitemapb.xml" "Mozilla/5.0 AppleWebKit/537.36 (KHTML, like Gecko; compatible; GPTBot/1.3; +https://openai.com/gptbot)"
216.73.216.172 - - [11/Apr/2026:08:47:37 +0300] "GET /p/outsi81580255?id=1596513 HTTP/1.0" 404 2091 "-" "Mozilla/5.0 AppleWebKit/537.36 (KHTML, like Gecko; compatible; ClaudeBot/1.0; +claudebot@anthropic.com)"
74.7.227.173 - - [11/Apr/2026:08:47:40 +0300] "GET /p/tie52680508?id=2696766 HTTP/1.0" 404 2091 "https://region-saitov.ru/sitemapo.xml" "Mozilla/5.0 AppleWebKit/537.36 (KHTML, like Gecko; compatible; GPTBot/1.3; +https://openai.com/gptbot)"
216.73.216.172 - - [11/Apr/2026:08:47:40 +0300] "GET /p/magne30170962?id=187220 HTTP/1.0" 404 2091 "-" "Mozilla/5.0 AppleWebKit/537.36 (KHTML, like Gecko; compatible; ClaudeBot/1.0; +claudebot@anthropic.com)"
74.7.227.173 - - [11/Apr/2026:08:47:43 +0300] "GET /p/bay42323635?id=2339893 HTTP/1.0" 404 2091 "https://region-saitov.ru/sitemapo.xml" "Mozilla/5.0 AppleWebKit/537.36 (KHTML, like Gecko; compatible; GPTBot/1.3; +https://openai.com/gptbot)"
216.73.216.172 - - [11/Apr/2026:08:47:43 +0300] "GET /p/fact20964521?id=980779 HTTP/1.0" 404 2091 "-" "Mozilla/5.0 AppleWebKit/537.36 (KHTML, like Gecko; compatible; ClaudeBot/1.0; +claudebot@anthropic.com)"
74.7.227.173 - - [11/Apr/2026:08:47:46 +0300] "GET /p/rap32263882?id=2280140 HTTP/1.0" 404 2091 "https://region-saitov.ru/sitemapc.xml" "Mozilla/5.0 AppleWebKit/537.36 (KHTML, like Gecko; compatible; GPTBot/1.3; +https://openai.com/gptbot)"
216.73.216.172 - - [11/Apr/2026:08:47:46 +0300] "GET /p/senat12711032?id=2727290 HTTP/1.0" 404 2091 "-" "Mozilla/5.0 AppleWebKit/537.36 (KHTML, like Gecko; compatible; ClaudeBot/1.0; +claudebot@anthropic.com)"
74.7.227.173 - - [11/Apr/2026:08:47:49 +0300] "GET /p/dam62623309?id=2639567 HTTP/1.0" 404 2091 "https://region-saitov.ru/sitemapo.xml" "Mozilla/5.0 AppleWebKit/537.36 (KHTML, like Gecko; compatible; GPTBot/1.3; +https://openai.com/gptbot)"
216.73.216.172 - - [11/Apr/2026:08:47:49 +0300] "GET /p/appre20402153?id=418411 HTTP/1.0" 404 2091 "-" "Mozilla/5.0 AppleWebKit/537.36 (KHTML, like Gecko; compatible; ClaudeBot/1.0; +claudebot@anthropic.com)"
216.73.216.172 - - [11/Apr/2026:08:47:52 +0300] "GET /p/come52329780?id=2346038 HTTP/1.0" 404 2091 "-" "Mozilla/5.0 AppleWebKit/537.36 (KHTML, like Gecko; compatible; ClaudeBot/1.0; +claudebot@anthropic.com)"
74.7.227.173 - - [11/Apr/2026:08:47:52 +0300] "GET /p/dry51220772?id=1237030 HTTP/1.0" 404 2091 "https://region-saitov.ru/sitemapc.xml" "Mozilla/5.0 AppleWebKit/537.36 (KHTML, like Gecko; compatible; GPTBot/1.3; +https://openai.com/gptbot)"
216.73.216.172 - - [11/Apr/2026:08:47:55 +0300] "GET /p/other70244302?id=260560 HTTP/1.0" 404 2091 "-" "Mozilla/5.0 AppleWebKit/537.36 (KHTML, like Gecko; compatible; ClaudeBot/1.0; +claudebot@anthropic.com)"
74.7.227.173 - - [11/Apr/2026:08:47:56 +0300] "GET /p/leg51453196?id=1469454 HTTP/1.0" 404 2091 "https://region-saitov.ru/sitemapb.xml" "Mozilla/5.0 AppleWebKit/537.36 (KHTML, like Gecko; compatible; GPTBot/1.3; +https://openai.com/gptbot)"
216.73.216.172 - - [11/Apr/2026:08:47:58 +0300] "GET /p/laund22210345?id=2226603 HTTP/1.0" 404 2091 "-" "Mozilla/5.0 AppleWebKit/537.36 (KHTML, like Gecko; compatible; ClaudeBot/1.0; +claudebot@anthropic.com)"
74.7.227.173 - - [11/Apr/2026:08:47:59 +0300] "GET /p/egg12312040?id=2328298 HTTP/1.0" 404 2091 "https://region-saitov.ru/sitemapo.xml" "Mozilla/5.0 AppleWebKit/537.36 (KHTML, like Gecko; compatible; GPTBot/1.3; +https://openai.com/gptbot)"
216.73.216.172 - - [11/Apr/2026:08:48:01 +0300] "GET /p/newsp72688486?id=2704744 HTTP/1.0" 404 2091 "-" "Mozilla/5.0 AppleWebKit/537.36 (KHTML, like Gecko; compatible; ClaudeBot/1.0; +claudebot@anthropic.com)"
74.7.227.173 - - [11/Apr/2026:08:48:02 +0300] "GET /p/pat41330691?id=1346949 HTTP/1.0" 404 2091 "https://region-saitov.ru/sitemapc.xml" "Mozilla/5.0 AppleWebKit/537.36 (KHTML, like Gecko; compatible; GPTBot/1.3; +https://openai.com/gptbot)"
74.7.227.173 - - [11/Apr/2026:08:48:05 +0300] "GET /p/day41148875?id=1165133 HTTP/1.0" 404 2091 "https://region-saitov.ru/sitemapb.xml" "Mozilla/5.0 AppleWebKit/537.36 (KHTML, like Gecko; compatible; GPTBot/1.3; +https://openai.com/gptbot)"
216.73.216.172 - - [11/Apr/2026:08:48:06 +0300] "GET /p/headm11275440?id=1291698 HTTP/1.0" 404 2188 "-" "Mozilla/5.0 AppleWebKit/537.36 (KHTML, like Gecko; compatible; ClaudeBot/1.0; +claudebot@anthropic.com)"
216.73.216.172 - - [11/Apr/2026:08:48:08 +0300] "GET /p/grade61280413?id=1296671 HTTP/1.0" 404 2091 "-" "Mozilla/5.0 AppleWebKit/537.36 (KHTML, like Gecko; compatible; ClaudeBot/1.0; +claudebot@anthropic.com)"
74.7.227.173 - - [11/Apr/2026:08:48:09 +0300] "GET /p/fan11348128?id=1364386 HTTP/1.0" 404 2091 "https://region-saitov.ru/sitemapo.xml" "Mozilla/5.0 AppleWebKit/537.36 (KHTML, like Gecko; compatible; GPTBot/1.3; +https://openai.com/gptbot)"
216.73.216.172 - - [11/Apr/2026:08:48:11 +0300] "GET /p/per10159184?id=175442 HTTP/1.0" 404 2091 "-" "Mozilla/5.0 AppleWebKit/537.36 (KHTML, like Gecko; compatible; ClaudeBot/1.0; +claudebot@anthropic.com)"
74.7.227.173 - - [11/Apr/2026:08:48:12 +0300] "GET /p/put72657414?id=2673672 HTTP/1.0" 404 2091 "https://region-saitov.ru/sitemapg.xml" "Mozilla/5.0 AppleWebKit/537.36 (KHTML, like Gecko; compatible; GPTBot/1.3; +https://openai.com/gptbot)"
216.73.216.172 - - [11/Apr/2026:08:48:14 +0300] "GET /p/coach60284973?id=301231 HTTP/1.0" 404 2091 "-" "Mozilla/5.0 AppleWebKit/537.36 (KHTML, like Gecko; compatible; ClaudeBot/1.0; +claudebot@anthropic.com)"
74.7.227.173 - - [11/Apr/2026:08:48:15 +0300] "GET /p/dim72963494?id=2979752 HTTP/1.0" 404 2091 "https://region-saitov.ru/sitemapd.xml" "Mozilla/5.0 AppleWebKit/537.36 (KHTML, like Gecko; compatible; GPTBot/1.3; +https://openai.com/gptbot)"
216.73.216.172 - - [11/Apr/2026:08:48:17 +0300] "GET /p/dilig11218360?id=1234618 HTTP/1.0" 404 2091 "-" "Mozilla/5.0 AppleWebKit/537.36 (KHTML, like Gecko; compatible; ClaudeBot/1.0; +claudebot@anthropic.com)"
74.7.227.173 - - [11/Apr/2026:08:48:18 +0300] "GET /p/ham51268588?id=1284846 HTTP/1.0" 404 2091 "https://region-saitov.ru/sitemapb.xml" "Mozilla/5.0 AppleWebKit/537.36 (KHTML, like Gecko; compatible; GPTBot/1.3; +https://openai.com/gptbot)"
216.73.216.172 - - [11/Apr/2026:08:48:20 +0300] "GET /p/admis52894044?id=2910302 HTTP/1.0" 404 2091 "-" "Mozilla/5.0 AppleWebKit/537.36 (KHTML, like Gecko; compatible; ClaudeBot/1.0; +claudebot@anthropic.com)"
74.7.227.173 - - [11/Apr/2026:08:48:21 +0300] "GET /p/bet81518823?id=1535081 HTTP/1.0" 404 2091 "https://region-saitov.ru/sitemapb.xml" "Mozilla/5.0 AppleWebKit/537.36 (KHTML, like Gecko; compatible; GPTBot/1.3; +https://openai.com/gptbot)"
216.73.216.172 - - [11/Apr/2026:08:48:23 +0300] "GET /p/cure41451099?id=1467357 HTTP/1.0" 404 2091 "-" "Mozilla/5.0 AppleWebKit/537.36 (KHTML, like Gecko; compatible; ClaudeBot/1.0; +claudebot@anthropic.com)"
74.7.227.173 - - [11/Apr/2026:08:48:24 +0300] "GET /p/dag61751941?id=1768199 HTTP/1.0" 404 2091 "https://region-saitov.ru/sitemapj.xml" "Mozilla/5.0 AppleWebKit/537.36 (KHTML, like Gecko; compatible; GPTBot/1.3; +https://openai.com/gptbot)"
216.73.216.172 - - [11/Apr/2026:08:48:26 +0300] "GET /p/carro41481555?id=1497813 HTTP/1.0" 404 2091 "-" "Mozilla/5.0 AppleWebKit/537.36 (KHTML, like Gecko; compatible; ClaudeBot/1.0; +claudebot@anthropic.com)"
74.7.227.173 - - [11/Apr/2026:08:48:27 +0300] "GET /p/fox61700117?id=1716375 HTTP/1.0" 404 2091 "https://region-saitov.ru/sitemapj.xml" "Mozilla/5.0 AppleWebKit/537.36 (KHTML, like Gecko; compatible; GPTBot/1.3; +https://openai.com/gptbot)"
216.73.216.172 - - [11/Apr/2026:08:48:29 +0300] "GET /p/defec72171150?id=2187408 HTTP/1.0" 404 2091 "-" "Mozilla/5.0 AppleWebKit/537.36 (KHTML, like Gecko; compatible; ClaudeBot/1.0; +claudebot@anthropic.com)"
74.7.227.173 - - [11/Apr/2026:08:48:30 +0300] "GET /p/ore82871575?id=2887833 HTTP/1.0" 404 2091 "https://region-saitov.ru/sitemapb.xml" "Mozilla/5.0 AppleWebKit/537.36 (KHTML, like Gecko; compatible; GPTBot/1.3; +https://openai.com/gptbot)"
216.73.216.172 - - [11/Apr/2026:08:48:32 +0300] "GET /p/pet70337174?id=353432 HTTP/1.0" 404 2091 "-" "Mozilla/5.0 AppleWebKit/537.36 (KHTML, like Gecko; compatible; ClaudeBot/1.0; +claudebot@anthropic.com)"
74.7.227.173 - - [11/Apr/2026:08:48:34 +0300] "GET /p/ill72260734?id=2276992 HTTP/1.0" 404 2091 "https://region-saitov.ru/sitemapo.xml" "Mozilla/5.0 AppleWebKit/537.36 (KHTML, like Gecko; compatible; GPTBot/1.3; +https://openai.com/gptbot)"
216.73.216.172 - - [11/Apr/2026:08:48:35 +0300] "GET /p/charm82866887?id=2883145 HTTP/1.0" 404 2091 "-" "Mozilla/5.0 AppleWebKit/537.36 (KHTML, like Gecko; compatible; ClaudeBot/1.0; +claudebot@anthropic.com)"
74.7.227.173 - - [11/Apr/2026:08:48:37 +0300] "GET /p/fan11252128?id=1268386 HTTP/1.0" 404 2188 "https://region-saitov.ru/sitemapb.xml" "Mozilla/5.0 AppleWebKit/537.36 (KHTML, like Gecko; compatible; GPTBot/1.3; +https://openai.com/gptbot)"
216.73.216.172 - - [11/Apr/2026:08:48:38 +0300] "GET /p/disca62471085?id=2487343 HTTP/1.0" 404 2091 "-" "Mozilla/5.0 AppleWebKit/537.36 (KHTML, like Gecko; compatible; ClaudeBot/1.0; +claudebot@anthropic.com)"
74.7.227.173 - - [11/Apr/2026:08:48:40 +0300] "GET /p/rob61179749?id=1196007 HTTP/1.0" 404 2091 "https://region-saitov.ru/sitemapo.xml" "Mozilla/5.0 AppleWebKit/537.36 (KHTML, like Gecko; compatible; GPTBot/1.3; +https://openai.com/gptbot)"
216.73.216.172 - - [11/Apr/2026:08:48:41 +0300] "GET /p/febru30260370?id=276628 HTTP/1.0" 404 2091 "-" "Mozilla/5.0 AppleWebKit/537.36 (KHTML, like Gecko; compatible; ClaudeBot/1.0; +claudebot@anthropic.com)"
74.7.227.173 - - [11/Apr/2026:08:48:43 +0300] "GET /p/car82336567?id=2352825 HTTP/1.0" 404 2091 "https://region-saitov.ru/sitemapc.xml" "Mozilla/5.0 AppleWebKit/537.36 (KHTML, like Gecko; compatible; GPTBot/1.3; +https://openai.com/gptbot)"
216.73.216.172 - - [11/Apr/2026:08:48:44 +0300] "GET /p/blast61587437?id=1603695 HTTP/1.0" 404 2091 "-" "Mozilla/5.0 AppleWebKit/537.36 (KHTML, like Gecko; compatible; ClaudeBot/1.0; +claudebot@anthropic.com)"
74.7.227.173 - - [11/Apr/2026:08:48:46 +0300] "GET /p/ill72472734?id=2488992 HTTP/1.0" 404 2091 "https://region-saitov.ru/sitemapo.xml" "Mozilla/5.0 AppleWebKit/537.36 (KHTML, like Gecko; compatible; GPTBot/1.3; +https://openai.com/gptbot)"
216.73.216.172 - - [11/Apr/2026:08:48:47 +0300] "GET /p/stir40706355?id=722613 HTTP/1.0" 404 2091 "-" "Mozilla/5.0 AppleWebKit/537.36 (KHTML, like Gecko; compatible; ClaudeBot/1.0; +claudebot@anthropic.com)"
74.7.227.173 - - [11/Apr/2026:08:48:49 +0300] "GET /p/rod12123224?id=2139482 HTTP/1.0" 404 2091 "https://region-saitov.ru/sitemapj.xml" "Mozilla/5.0 AppleWebKit/537.36 (KHTML, like Gecko; compatible; GPTBot/1.3; +https://openai.com/gptbot)"
216.73.216.172 - - [11/Apr/2026:08:48:50 +0300] "GET /p/rotte82726767?id=2743025 HTTP/1.0" 404 2091 "-" "Mozilla/5.0 AppleWebKit/537.36 (KHTML, like Gecko; compatible; ClaudeBot/1.0; +claudebot@anthropic.com)"
74.7.227.173 - - [11/Apr/2026:08:48:53 +0300] "GET /p/per12271184?id=2287442 HTTP/1.0" 404 2091 "https://region-saitov.ru/sitemapg.xml" "Mozilla/5.0 AppleWebKit/537.36 (KHTML, like Gecko; compatible; GPTBot/1.3; +https://openai.com/gptbot)"
216.73.216.172 - - [11/Apr/2026:08:48:53 +0300] "GET /p/estab40289731?id=305989 HTTP/1.0" 404 2091 "-" "Mozilla/5.0 AppleWebKit/537.36 (KHTML, like Gecko; compatible; ClaudeBot/1.0; +claudebot@anthropic.com)"
74.7.227.173 - - [11/Apr/2026:08:48:56 +0300] "GET /p/pit81167511?id=1183769 HTTP/1.0" 404 2091 "https://region-saitov.ru/sitemapo.xml" "Mozilla/5.0 AppleWebKit/537.36 (KHTML, like Gecko; compatible; GPTBot/1.3; +https://openai.com/gptbot)"
185.117.225.163 - - [11/Apr/2026:08:48:56 +0300] "GET /robots.txt HTTP/1.1" 301 196 "-" "python-requests/2.31.0"
216.73.216.172 - - [11/Apr/2026:08:48:56 +0300] "GET /p/uprig12051048?id=2067306 HTTP/1.0" 404 2091 "-" "Mozilla/5.0 AppleWebKit/537.36 (KHTML, like Gecko; compatible; ClaudeBot/1.0; +claudebot@anthropic.com)"
185.117.225.163 - - [11/Apr/2026:08:48:57 +0300] "GET /robots.txt HTTP/1.0" 200 420 "-" "python-requests/2.31.0"
185.117.225.163 - - [11/Apr/2026:08:48:58 +0300] "GET / HTTP/1.1" 301 196 "-" "Mozilla/5.0 AppleWebKit/537.36 (KHTML, like Gecko) Chrome/123.0.6312.86 Safari/537.36 BitSightBot/1.0"
185.117.225.163 - - [11/Apr/2026:08:48:58 +0300] "GET / HTTP/1.0" 200 24118 "-" "Mozilla/5.0 AppleWebKit/537.36 (KHTML, like Gecko) Chrome/123.0.6312.86 Safari/537.36 BitSightBot/1.0"
74.7.227.173 - - [11/Apr/2026:08:48:59 +0300] "GET /p/rod11871224?id=1887482 HTTP/1.0" 404 2091 "https://region-saitov.ru/sitemapo.xml" "Mozilla/5.0 AppleWebKit/537.36 (KHTML, like Gecko; compatible; GPTBot/1.3; +https://openai.com/gptbot)"
216.73.216.172 - - [11/Apr/2026:08:48:59 +0300] "GET /p/favou30738586?id=754844 HTTP/1.0" 404 2091 "-" "Mozilla/5.0 AppleWebKit/537.36 (KHTML, like Gecko; compatible; ClaudeBot/1.0; +claudebot@anthropic.com)"
216.73.216.172 - - [11/Apr/2026:08:49:02 +0300] "GET /p/instr61480493?id=1496751 HTTP/1.0" 404 2091 "-" "Mozilla/5.0 AppleWebKit/537.36 (KHTML, like Gecko; compatible; ClaudeBot/1.0; +claudebot@anthropic.com)"
74.7.227.173 - - [11/Apr/2026:08:49:03 +0300] "GET /p/exces32070378?id=2086636 HTTP/1.0" 404 2091 "https://region-saitov.ru/sitemapc.xml" "Mozilla/5.0 AppleWebKit/537.36 (KHTML, like Gecko; compatible; GPTBot/1.3; +https://openai.com/gptbot)"
185.117.225.163 - - [11/Apr/2026:08:49:03 +0300] "GET /media/vendor/joomla-custom-elements/css/joomla-alert.min.css?0.2.0 HTTP/1.1" 200 3964 "https://region-saitov.ru/" "Mozilla/5.0 AppleWebKit/537.36 (KHTML, like Gecko) Chrome/123.0.6312.86 Safari/537.36 BitSightBot/1.0"
185.117.225.163 - - [11/Apr/2026:08:49:04 +0300] "GET /components/com_sppagebuilder/assets/css/animate.min.css?0e2c506aa593d331478b48ba5314a03f HTTP/1.1" 200 70920 "https://region-saitov.ru/" "Mozilla/5.0 AppleWebKit/537.36 (KHTML, like Gecko) Chrome/123.0.6312.86 Safari/537.36 BitSightBot/1.0"
185.117.225.163 - - [11/Apr/2026:08:49:04 +0300] "GET /components/com_sppagebuilder/assets/css/magnific-popup.css HTTP/1.1" 200 5920 "https://region-saitov.ru/" "Mozilla/5.0 AppleWebKit/537.36 (KHTML, like Gecko) Chrome/123.0.6312.86 Safari/537.36 BitSightBot/1.0"
185.117.225.163 - - [11/Apr/2026:08:49:04 +0300] "GET /plugins/system/helixultimate/assets/css/system-j4.min.css HTTP/1.1" 200 5202 "https://region-saitov.ru/" "Mozilla/5.0 AppleWebKit/537.36 (KHTML, like Gecko) Chrome/123.0.6312.86 Safari/537.36 BitSightBot/1.0"
185.117.225.163 - - [11/Apr/2026:08:49:04 +0300] "GET /media/system/css/joomla-fontawesome.min.css?2361f80fce7914ef05f9ec219523f0c8 HTTP/1.1" 200 71306 "https://region-saitov.ru/" "Mozilla/5.0 AppleWebKit/537.36 (KHTML, like Gecko) Chrome/123.0.6312.86 Safari/537.36 BitSightBot/1.0"
185.117.225.163 - - [11/Apr/2026:08:49:04 +0300] "GET /templates/shaper_helixultimate/css/template.css HTTP/1.1" 200 79812 "https://region-saitov.ru/" "Mozilla/5.0 AppleWebKit/537.36 (KHTML, like Gecko) Chrome/123.0.6312.86 Safari/537.36 BitSightBot/1.0"
185.117.225.163 - - [11/Apr/2026:08:49:04 +0300] "GET /templates/shaper_helixultimate/css/presets/preset5.css HTTP/1.1" 200 4023 "https://region-saitov.ru/" "Mozilla/5.0 AppleWebKit/537.36 (KHTML, like Gecko) Chrome/123.0.6312.86 Safari/537.36 BitSightBot/1.0"
185.117.225.163 - - [11/Apr/2026:08:49:04 +0300] "GET /templates/shaper_helixultimate/css/bootstrap.min.css HTTP/1.1" 200 194854 "https://region-saitov.ru/" "Mozilla/5.0 AppleWebKit/537.36 (KHTML, like Gecko) Chrome/123.0.6312.86 Safari/537.36 BitSightBot/1.0"
185.117.225.163 - - [11/Apr/2026:08:49:04 +0300] "GET /modules/mod_djmegamenu/themes/default/css/djmegamenu.css?4.4.1.pro HTTP/1.1" 200 16373 "https://region-saitov.ru/" "Mozilla/5.0 AppleWebKit/537.36 (KHTML, like Gecko) Chrome/123.0.6312.86 Safari/537.36 BitSightBot/1.0"
185.117.225.163 - - [11/Apr/2026:08:49:04 +0300] "GET /plugins/system/spcookieconsent/assets/css/style.css HTTP/1.1" 200 2343 "https://region-saitov.ru/" "Mozilla/5.0 AppleWebKit/537.36 (KHTML, like Gecko) Chrome/123.0.6312.86 Safari/537.36 BitSightBot/1.0"
185.117.225.163 - - [11/Apr/2026:08:49:04 +0300] "GET /components/com_sppagebuilder/assets/css/sppagebuilder.css?0e2c506aa593d331478b48ba5314a03f HTTP/1.1" 200 199257 "https://region-saitov.ru/" "Mozilla/5.0 AppleWebKit/537.36 (KHTML, like Gecko) Chrome/123.0.6312.86 Safari/537.36 BitSightBot/1.0"
185.117.225.163 - - [11/Apr/2026:08:49:04 +0300] "GET /media/system/js/core.min.js?37ffe4186289eba9c5df81bea44080aff77b9684 HTTP/1.1" 200 7662 "https://region-saitov.ru/" "Mozilla/5.0 AppleWebKit/537.36 (KHTML, like Gecko) Chrome/123.0.6312.86 Safari/537.36 BitSightBot/1.0"
185.117.225.163 - - [11/Apr/2026:08:49:04 +0300] "GET /modules/mod_djmegamenu/mobilethemes/dark/djmobilemenu.css?4.4.1.pro HTTP/1.1" 200 12010 "https://region-saitov.ru/" "Mozilla/5.0 AppleWebKit/537.36 (KHTML, like Gecko) Chrome/123.0.6312.86 Safari/537.36 BitSightBot/1.0"
185.117.225.163 - - [11/Apr/2026:08:49:04 +0300] "GET /modules/mod_djmegamenu/assets/css/offcanvas_right.min.css?4.4.1.pro HTTP/1.1" 200 11057 "https://region-saitov.ru/" "Mozilla/5.0 AppleWebKit/537.36 (KHTML, like Gecko) Chrome/123.0.6312.86 Safari/537.36 BitSightBot/1.0"
185.117.225.163 - - [11/Apr/2026:08:49:04 +0300] "GET /media/vendor/jquery/js/jquery.min.js?3.7.1 HTTP/1.1" 200 87533 "https://region-saitov.ru/" "Mozilla/5.0 AppleWebKit/537.36 (KHTML, like Gecko) Chrome/123.0.6312.86 Safari/537.36 BitSightBot/1.0"
185.117.225.163 - - [11/Apr/2026:08:49:04 +0300] "GET /media/legacy/js/jquery-noconflict.min.js?647005fc12b79b3ca2bb30c059899d5994e3e34d HTTP/1.1" 200 27 "https://region-saitov.ru/" "Mozilla/5.0 AppleWebKit/537.36 (KHTML, like Gecko) Chrome/123.0.6312.86 Safari/537.36 BitSightBot/1.0"
185.117.225.163 - - [11/Apr/2026:08:49:04 +0300] "GET /media/vendor/bootstrap/js/alert.min.js?5.3.2 HTTP/1.1" 200 987 "https://region-saitov.ru/" "Mozilla/5.0 AppleWebKit/537.36 (KHTML, like Gecko) Chrome/123.0.6312.86 Safari/537.36 BitSightBot/1.0"
185.117.225.163 - - [11/Apr/2026:08:49:04 +0300] "GET /media/vendor/bootstrap/js/button.min.js?5.3.2 HTTP/1.1" 200 787 "https://region-saitov.ru/" "Mozilla/5.0 AppleWebKit/537.36 (KHTML, like Gecko) Chrome/123.0.6312.86 Safari/537.36 BitSightBot/1.0"
185.117.225.163 - - [11/Apr/2026:08:49:04 +0300] "GET /media/vendor/bootstrap/js/carousel.min.js?5.3.2 HTTP/1.1" 200 5752 "https://region-saitov.ru/" "Mozilla/5.0 AppleWebKit/537.36 (KHTML, like Gecko) Chrome/123.0.6312.86 Safari/537.36 BitSightBot/1.0"
185.117.225.163 - - [11/Apr/2026:08:49:04 +0300] "GET /media/vendor/bootstrap/js/collapse.min.js?5.3.2 HTTP/1.1" 200 4047 "https://region-saitov.ru/" "Mozilla/5.0 AppleWebKit/537.36 (KHTML, like Gecko) Chrome/123.0.6312.86 Safari/537.36 BitSightBot/1.0"
185.117.225.163 - - [11/Apr/2026:08:49:04 +0300] "GET /media/vendor/bootstrap/js/dropdown.min.js?5.3.2 HTTP/1.1" 200 6220 "https://region-saitov.ru/" "Mozilla/5.0 AppleWebKit/537.36 (KHTML, like Gecko) Chrome/123.0.6312.86 Safari/537.36 BitSightBot/1.0"
185.117.225.163 - - [11/Apr/2026:08:49:04 +0300] "GET /media/vendor/bootstrap/js/modal.min.js?5.3.2 HTTP/1.1" 200 7145 "https://region-saitov.ru/" "Mozilla/5.0 AppleWebKit/537.36 (KHTML, like Gecko) Chrome/123.0.6312.86 Safari/537.36 BitSightBot/1.0"
185.117.225.163 - - [11/Apr/2026:08:49:05 +0300] "GET /media/vendor/bootstrap/js/offcanvas.min.js?5.3.2 HTTP/1.1" 200 3552 "https://region-saitov.ru/" "Mozilla/5.0 AppleWebKit/537.36 (KHTML, like Gecko) Chrome/123.0.6312.86 Safari/537.36 BitSightBot/1.0"
185.117.225.163 - - [11/Apr/2026:08:49:05 +0300] "GET /media/vendor/bootstrap/js/popover.min.js?5.3.2 HTTP/1.1" 200 11314 "https://region-saitov.ru/" "Mozilla/5.0 AppleWebKit/537.36 (KHTML, like Gecko) Chrome/123.0.6312.86 Safari/537.36 BitSightBot/1.0"
185.117.225.163 - - [11/Apr/2026:08:49:05 +0300] "GET /media/vendor/bootstrap/js/scrollspy.min.js?5.3.2 HTTP/1.1" 200 4096 "https://region-saitov.ru/" "Mozilla/5.0 AppleWebKit/537.36 (KHTML, like Gecko) Chrome/123.0.6312.86 Safari/537.36 BitSightBot/1.0"
185.117.225.163 - - [11/Apr/2026:08:49:05 +0300] "GET /media/system/js/showon.min.js?f79c256660e2c0ca2179cf7f3168ea8143e1af82 HTTP/1.1" 200 3553 "https://region-saitov.ru/" "Mozilla/5.0 AppleWebKit/537.36 (KHTML, like Gecko) Chrome/123.0.6312.86 Safari/537.36 BitSightBot/1.0"
185.117.225.163 - - [11/Apr/2026:08:49:05 +0300] "GET /media/vendor/bootstrap/js/tab.min.js?5.3.2 HTTP/1.1" 200 4965 "https://region-saitov.ru/" "Mozilla/5.0 AppleWebKit/537.36 (KHTML, like Gecko) Chrome/123.0.6312.86 Safari/537.36 BitSightBot/1.0"
185.117.225.163 - - [11/Apr/2026:08:49:05 +0300] "GET /media/vendor/bootstrap/js/toast.min.js?5.3.2 HTTP/1.1" 200 2789 "https://region-saitov.ru/" "Mozilla/5.0 AppleWebKit/537.36 (KHTML, like Gecko) Chrome/123.0.6312.86 Safari/537.36 BitSightBot/1.0"
185.117.225.163 - - [11/Apr/2026:08:49:05 +0300] "GET /media/system/js/messages.min.js?7f7aa28ac8e8d42145850e8b45b3bc82ff9a6411 HTTP/1.1" 200 5598 "https://region-saitov.ru/" "Mozilla/5.0 AppleWebKit/537.36 (KHTML, like Gecko) Chrome/123.0.6312.86 Safari/537.36 BitSightBot/1.0"
185.117.225.163 - - [11/Apr/2026:08:49:05 +0300] "GET /components/com_sppagebuilder/assets/js/common.js HTTP/1.1" 200 144 "https://region-saitov.ru/" "Mozilla/5.0 AppleWebKit/537.36 (KHTML, like Gecko) Chrome/123.0.6312.86 Safari/537.36 BitSightBot/1.0"
185.117.225.163 - - [11/Apr/2026:08:49:05 +0300] "GET /components/com_sppagebuilder/assets/js/jquery.parallax.js?0e2c506aa593d331478b48ba5314a03f HTTP/1.1" 200 898 "https://region-saitov.ru/" "Mozilla/5.0 AppleWebKit/537.36 (KHTML, like Gecko) Chrome/123.0.6312.86 Safari/537.36 BitSightBot/1.0"
185.117.225.163 - - [11/Apr/2026:08:49:05 +0300] "GET /components/com_sppagebuilder/assets/js/jquery.magnific-popup.min.js HTTP/1.1" 200 20321 "https://region-saitov.ru/" "Mozilla/5.0 AppleWebKit/537.36 (KHTML, like Gecko) Chrome/123.0.6312.86 Safari/537.36 BitSightBot/1.0"
185.117.225.163 - - [11/Apr/2026:08:49:05 +0300] "GET /components/com_sppagebuilder/assets/js/addons/text_block.js HTTP/1.1" 200 690 "https://region-saitov.ru/" "Mozilla/5.0 AppleWebKit/537.36 (KHTML, like Gecko) Chrome/123.0.6312.86 Safari/537.36 BitSightBot/1.0"
185.117.225.163 - - [11/Apr/2026:08:49:05 +0300] "GET /components/com_sppagebuilder/assets/js/addons/image.js HTTP/1.1" 200 2417 "https://region-saitov.ru/" "Mozilla/5.0 AppleWebKit/537.36 (KHTML, like Gecko) Chrome/123.0.6312.86 Safari/537.36 BitSightBot/1.0"
185.117.225.163 - - [11/Apr/2026:08:49:05 +0300] "GET /templates/shaper_helixultimate/js/main.js HTTP/1.1" 200 9807 "https://region-saitov.ru/" "Mozilla/5.0 AppleWebKit/537.36 (KHTML, like Gecko) Chrome/123.0.6312.86 Safari/537.36 BitSightBot/1.0"
185.117.225.163 - - [11/Apr/2026:08:49:05 +0300] "GET /plugins/system/spcookieconsent/assets/js/script.js HTTP/1.1" 200 663 "https://region-saitov.ru/" "Mozilla/5.0 AppleWebKit/537.36 (KHTML, like Gecko) Chrome/123.0.6312.86 Safari/537.36 BitSightBot/1.0"
185.117.225.163 - - [11/Apr/2026:08:49:05 +0300] "GET /media/vendor/bootstrap/js/dom.min.js?5.3.0 HTTP/1.1" 200 18838 "https://region-saitov.ru/media/vendor/bootstrap/js/alert.min.js?5.3.2" "Mozilla/5.0 AppleWebKit/537.36 (KHTML, like Gecko) Chrome/123.0.6312.86 Safari/537.36 BitSightBot/1.0"
185.117.225.163 - - [11/Apr/2026:08:49:05 +0300] "GET /media/vendor/bootstrap/js/popper.min.js?5.3.0 HTTP/1.1" 200 20635 "https://region-saitov.ru/media/vendor/bootstrap/js/dropdown.min.js?5.3.2" "Mozilla/5.0 AppleWebKit/537.36 (KHTML, like Gecko) Chrome/123.0.6312.86 Safari/537.36 BitSightBot/1.0"
185.117.225.163 - - [11/Apr/2026:08:49:05 +0300] "GET /images/2025/05/28/logo-rs.png HTTP/1.1" 200 13090 "https://region-saitov.ru/" "Mozilla/5.0 AppleWebKit/537.36 (KHTML, like Gecko) Chrome/123.0.6312.86 Safari/537.36 BitSightBot/1.0"
185.117.225.163 - - [11/Apr/2026:08:49:05 +0300] "GET /images/2025/05/28/villa.jpg HTTP/1.1" 200 204670 "https://region-saitov.ru/" "Mozilla/5.0 AppleWebKit/537.36 (KHTML, like Gecko) Chrome/123.0.6312.86 Safari/537.36 BitSightBot/1.0"
216.73.216.172 - - [11/Apr/2026:08:49:05 +0300] "GET /p/whisp22254873?id=2271131 HTTP/1.0" 404 2091 "-" "Mozilla/5.0 AppleWebKit/537.36 (KHTML, like Gecko; compatible; ClaudeBot/1.0; +claudebot@anthropic.com)"
185.117.225.163 - - [11/Apr/2026:08:49:05 +0300] "GET /images/2025/06/02/markains.jpg HTTP/1.1" 200 190180 "https://region-saitov.ru/" "Mozilla/5.0 AppleWebKit/537.36 (KHTML, like Gecko) Chrome/123.0.6312.86 Safari/537.36 BitSightBot/1.0"
185.117.225.163 - - [11/Apr/2026:08:49:05 +0300] "GET /modules/mod_djmegamenu/assets/js/jquery.djmegamenu.min.js?4.4.1.pro HTTP/1.1" 200 14294 "https://region-saitov.ru/" "Mozilla/5.0 AppleWebKit/537.36 (KHTML, like Gecko) Chrome/123.0.6312.86 Safari/537.36 BitSightBot/1.0"
185.117.225.163 - - [11/Apr/2026:08:49:05 +0300] "GET /modules/mod_djmegamenu/assets/js/jquery.djmobilemenu.min.js?4.4.1.pro HTTP/1.1" 200 9012 "https://region-saitov.ru/" "Mozilla/5.0 AppleWebKit/537.36 (KHTML, like Gecko) Chrome/123.0.6312.86 Safari/537.36 BitSightBot/1.0"
185.117.225.163 - - [11/Apr/2026:08:49:05 +0300] "GET /components/com_sppagebuilder/assets/js/sppagebuilder.js?0e2c506aa593d331478b48ba5314a03f HTTP/1.1" 200 82144 "https://region-saitov.ru/" "Mozilla/5.0 AppleWebKit/537.36 (KHTML, like Gecko) Chrome/123.0.6312.86 Safari/537.36 BitSightBot/1.0"
185.117.225.163 - - [11/Apr/2026:08:49:06 +0300] "GET /images/2026/01/07/headlines04_360_200423.jpg HTTP/1.1" 200 186117 "https://region-saitov.ru/" "Mozilla/5.0 AppleWebKit/537.36 (KHTML, like Gecko) Chrome/123.0.6312.86 Safari/537.36 BitSightBot/1.0"
74.7.227.173 - - [11/Apr/2026:08:49:06 +0300] "GET /p/compi71974830?id=1991088 HTTP/1.0" 404 2091 "https://region-saitov.ru/sitemapb.xml" "Mozilla/5.0 AppleWebKit/537.36 (KHTML, like Gecko; compatible; GPTBot/1.3; +https://openai.com/gptbot)"
185.117.225.163 - - [11/Apr/2026:08:49:06 +0300] "GET /images/2025/06/02/hochu-scenu.jpg HTTP/1.1" 200 112429 "https://region-saitov.ru/" "Mozilla/5.0 AppleWebKit/537.36 (KHTML, like Gecko) Chrome/123.0.6312.86 Safari/537.36 BitSightBot/1.0"
185.117.225.163 - - [11/Apr/2026:08:49:06 +0300] "GET /images/2026/01/07/about-pic.jpg HTTP/1.1" 200 95684 "https://region-saitov.ru/" "Mozilla/5.0 AppleWebKit/537.36 (KHTML, like Gecko) Chrome/123.0.6312.86 Safari/537.36 BitSightBot/1.0"
185.117.225.163 - - [11/Apr/2026:08:49:06 +0300] "GET /images/2025/05/28/pics25_03.png HTTP/1.1" 200 10357 "https://region-saitov.ru/" "Mozilla/5.0 AppleWebKit/537.36 (KHTML, like Gecko) Chrome/123.0.6312.86 Safari/537.36 BitSightBot/1.0"
185.117.225.163 - - [11/Apr/2026:08:49:06 +0300] "GET /images/2025/05/28/pics25_05.png HTTP/1.1" 200 12456 "https://region-saitov.ru/" "Mozilla/5.0 AppleWebKit/537.36 (KHTML, like Gecko) Chrome/123.0.6312.86 Safari/537.36 BitSightBot/1.0"
185.117.225.163 - - [11/Apr/2026:08:49:06 +0300] "GET /images/2025/05/28/pics25_07.png HTTP/1.1" 200 13287 "https://region-saitov.ru/" "Mozilla/5.0 AppleWebKit/537.36 (KHTML, like Gecko) Chrome/123.0.6312.86 Safari/537.36 BitSightBot/1.0"
185.117.225.163 - - [11/Apr/2026:08:49:06 +0300] "GET /images/2025/12/05/ban-usl2.jpg HTTP/1.1" 200 40987 "https://region-saitov.ru/" "Mozilla/5.0 AppleWebKit/537.36 (KHTML, like Gecko) Chrome/123.0.6312.86 Safari/537.36 BitSightBot/1.0"
185.117.225.163 - - [11/Apr/2026:08:49:06 +0300] "GET /images/2025/12/05/ban-usl1.jpg HTTP/1.1" 200 73512 "https://region-saitov.ru/" "Mozilla/5.0 AppleWebKit/537.36 (KHTML, like Gecko) Chrome/123.0.6312.86 Safari/537.36 BitSightBot/1.0"
185.117.225.163 - - [11/Apr/2026:08:49:06 +0300] "GET /images/2025/12/05/ban-usl3.jpg HTTP/1.1" 200 81244 "https://region-saitov.ru/" "Mozilla/5.0 AppleWebKit/537.36 (KHTML, like Gecko) Chrome/123.0.6312.86 Safari/537.36 BitSightBot/1.0"
185.117.225.163 - - [11/Apr/2026:08:49:06 +0300] "GET /images/2025/05/28/up-right.png HTTP/1.1" 200 701 "https://region-saitov.ru/" "Mozilla/5.0 AppleWebKit/537.36 (KHTML, like Gecko) Chrome/123.0.6312.86 Safari/537.36 BitSightBot/1.0"
185.117.225.163 - - [11/Apr/2026:08:49:06 +0300] "GET /images/2025/06/02/tedostroy.jpg HTTP/1.1" 200 253339 "https://region-saitov.ru/" "Mozilla/5.0 AppleWebKit/537.36 (KHTML, like Gecko) Chrome/123.0.6312.86 Safari/537.36 BitSightBot/1.0"
185.117.225.163 - - [11/Apr/2026:08:49:06 +0300] "GET /modules/mod_mycityselector/tmpl/webpack/mcs-modal/dist/build.js HTTP/1.1" 200 237796 "https://region-saitov.ru/" "Mozilla/5.0 AppleWebKit/537.36 (KHTML, like Gecko) Chrome/123.0.6312.86 Safari/537.36 BitSightBot/1.0"
185.117.225.163 - - [11/Apr/2026:08:49:06 +0300] "GET /images/2026/01/25/fon1.jpg HTTP/1.1" 200 128210 "https://region-saitov.ru/" "Mozilla/5.0 AppleWebKit/537.36 (KHTML, like Gecko) Chrome/123.0.6312.86 Safari/537.36 BitSightBot/1.0"
216.73.216.172 - - [11/Apr/2026:08:49:08 +0300] "GET /p/avenu61873397?id=1889655 HTTP/1.0" 404 2091 "-" "Mozilla/5.0 AppleWebKit/537.36 (KHTML, like Gecko; compatible; ClaudeBot/1.0; +claudebot@anthropic.com)"
74.7.227.173 - - [11/Apr/2026:08:49:09 +0300] "GET /p/pessi82383471?id=2399729 HTTP/1.0" 404 2091 "https://region-saitov.ru/sitemapc.xml" "Mozilla/5.0 AppleWebKit/537.36 (KHTML, like Gecko; compatible; GPTBot/1.3; +https://openai.com/gptbot)"
216.73.216.172 - - [11/Apr/2026:08:49:11 +0300] "GET /p/blank50153460?id=169718 HTTP/1.0" 404 2091 "-" "Mozilla/5.0 AppleWebKit/537.36 (KHTML, like Gecko; compatible; ClaudeBot/1.0; +claudebot@anthropic.com)"
74.7.227.173 - - [11/Apr/2026:08:49:12 +0300] "GET /p/grass71080518?id=1096776 HTTP/1.0" 404 2091 "https://region-saitov.ru/sitemapg.xml" "Mozilla/5.0 AppleWebKit/537.36 (KHTML, like Gecko; compatible; GPTBot/1.3; +https://openai.com/gptbot)"
216.73.216.172 - - [11/Apr/2026:08:49:14 +0300] "GET /p/mock10831864?id=848122 HTTP/1.0" 404 2091 "-" "Mozilla/5.0 AppleWebKit/537.36 (KHTML, like Gecko; compatible; ClaudeBot/1.0; +claudebot@anthropic.com)"
185.117.225.163 - - [11/Apr/2026:08:49:14 +0300] "GET /robots.txt HTTP/1.0" 200 420 "-" "python-requests/2.31.0"
74.7.227.173 - - [11/Apr/2026:08:49:15 +0300] "GET /p/thoro41106963?id=1123221 HTTP/1.0" 404 2091 "https://region-saitov.ru/sitemapo.xml" "Mozilla/5.0 AppleWebKit/537.36 (KHTML, like Gecko; compatible; GPTBot/1.3; +https://openai.com/gptbot)"
185.117.225.163 - - [11/Apr/2026:08:49:15 +0300] "GET /administrator HTTP/1.0" 301 566 "-" "Mozilla/5.0 AppleWebKit/537.36 (KHTML, like Gecko) Chrome/123.0.6312.86 Safari/537.36 BitSightBot/1.0"
185.117.225.163 - - [11/Apr/2026:08:49:16 +0300] "GET /administrator/ HTTP/1.1" 301 196 "-" "Mozilla/5.0 AppleWebKit/537.36 (KHTML, like Gecko) Chrome/123.0.6312.86 Safari/537.36 BitSightBot/1.0"
185.117.225.163 - - [11/Apr/2026:08:49:16 +0300] "GET /administrator/ HTTP/1.0" 403 485 "-" "Mozilla/5.0 AppleWebKit/537.36 (KHTML, like Gecko) Chrome/123.0.6312.86 Safari/537.36 BitSightBot/1.0"
216.73.216.172 - - [11/Apr/2026:08:49:17 +0300] "GET /p/shive52815412?id=2831670 HTTP/1.0" 404 2091 "-" "Mozilla/5.0 AppleWebKit/537.36 (KHTML, like Gecko; compatible; ClaudeBot/1.0; +claudebot@anthropic.com)"
74.7.227.173 - - [11/Apr/2026:08:49:18 +0300] "GET /p/helpl42590971?id=2607229 HTTP/1.0" 404 2091 "https://region-saitov.ru/sitemapd.xml" "Mozilla/5.0 AppleWebKit/537.36 (KHTML, like Gecko; compatible; GPTBot/1.3; +https://openai.com/gptbot)"
91.149.84.63 - - [11/Apr/2026:08:49:20 +0300] "GET /rs-grey.png HTTP/1.1" 200 2424 "https://markains.ru/" "Mozilla/5.0 (Linux; arm_64; Android 11; RMX3195) AppleWebKit/537.36 (KHTML, like Gecko) Chrome/144.0.7559.119 YaBrowser/26.3.5.119.00 Mobile Safari/537.36"
216.73.216.172 - - [11/Apr/2026:08:49:20 +0300] "GET /p/budge31562026?id=1578284 HTTP/1.0" 404 2091 "-" "Mozilla/5.0 AppleWebKit/537.36 (KHTML, like Gecko; compatible; ClaudeBot/1.0; +claudebot@anthropic.com)"
74.7.227.173 - - [11/Apr/2026:08:49:21 +0300] "GET /p/accep12036200?id=2052458 HTTP/1.0" 404 2091 "https://region-saitov.ru/sitemapo.xml" "Mozilla/5.0 AppleWebKit/537.36 (KHTML, like Gecko; compatible; GPTBot/1.3; +https://openai.com/gptbot)"
216.73.216.172 - - [11/Apr/2026:08:49:24 +0300] "GET /p/minor21174249?id=1190507 HTTP/1.0" 404 2188 "-" "Mozilla/5.0 AppleWebKit/537.36 (KHTML, like Gecko; compatible; ClaudeBot/1.0; +claudebot@anthropic.com)"
74.7.227.173 - - [11/Apr/2026:08:49:24 +0300] "GET /p/reven41193915?id=1210173 HTTP/1.0" 404 2091 "https://region-saitov.ru/sitemapd.xml" "Mozilla/5.0 AppleWebKit/537.36 (KHTML, like Gecko; compatible; GPTBot/1.3; +https://openai.com/gptbot)"
216.73.216.172 - - [11/Apr/2026:08:49:26 +0300] "GET /p/purch22830569?id=2846827 HTTP/1.0" 404 2091 "-" "Mozilla/5.0 AppleWebKit/537.36 (KHTML, like Gecko; compatible; ClaudeBot/1.0; +claudebot@anthropic.com)"
74.7.227.173 - - [11/Apr/2026:08:49:28 +0300] "GET /p/irrit21750169?id=1766427 HTTP/1.0" 404 2091 "https://region-saitov.ru/sitemapj.xml" "Mozilla/5.0 AppleWebKit/537.36 (KHTML, like Gecko; compatible; GPTBot/1.3; +https://openai.com/gptbot)"
216.73.216.172 - - [11/Apr/2026:08:49:29 +0300] "GET /p/abund52166012?id=2182270 HTTP/1.0" 404 2091 "-" "Mozilla/5.0 AppleWebKit/537.36 (KHTML, like Gecko; compatible; ClaudeBot/1.0; +claudebot@anthropic.com)"
74.7.227.173 - - [11/Apr/2026:08:49:31 +0300] "GET /p/indus42513163?id=2529421 HTTP/1.0" 404 2091 "https://region-saitov.ru/sitemapj.xml" "Mozilla/5.0 AppleWebKit/537.36 (KHTML, like Gecko; compatible; GPTBot/1.3; +https://openai.com/gptbot)"
216.73.216.172 - - [11/Apr/2026:08:49:32 +0300] "GET /p/passa11665184?id=1681442 HTTP/1.0" 404 2091 "-" "Mozilla/5.0 AppleWebKit/537.36 (KHTML, like Gecko; compatible; ClaudeBot/1.0; +claudebot@anthropic.com)"
74.7.227.173 - - [11/Apr/2026:08:49:34 +0300] "GET /p/seven41452147?id=1468405 HTTP/1.0" 404 2091 "https://region-saitov.ru/sitemapj.xml" "Mozilla/5.0 AppleWebKit/537.36 (KHTML, like Gecko; compatible; GPTBot/1.3; +https://openai.com/gptbot)"
216.73.216.172 - - [11/Apr/2026:08:49:35 +0300] "GET /p/miste51043356?id=1059614 HTTP/1.0" 404 2091 "-" "Mozilla/5.0 AppleWebKit/537.36 (KHTML, like Gecko; compatible; ClaudeBot/1.0; +claudebot@anthropic.com)"
74.7.227.173 - - [11/Apr/2026:08:49:37 +0300] "GET /p/immed32544562?id=2560820 HTTP/1.0" 404 2091 "https://region-saitov.ru/sitemapj.xml" "Mozilla/5.0 AppleWebKit/537.36 (KHTML, like Gecko; compatible; GPTBot/1.3; +https://openai.com/gptbot)"
216.73.216.172 - - [11/Apr/2026:08:49:38 +0300] "GET /p/manua82882487?id=2898745 HTTP/1.0" 404 2091 "-" "Mozilla/5.0 AppleWebKit/537.36 (KHTML, like Gecko; compatible; ClaudeBot/1.0; +claudebot@anthropic.com)"
74.7.227.173 - - [11/Apr/2026:08:49:40 +0300] "GET /p/anyon61296213?id=1312471 HTTP/1.0" 404 2091 "https://region-saitov.ru/sitemapo.xml" "Mozilla/5.0 AppleWebKit/537.36 (KHTML, like Gecko; compatible; GPTBot/1.3; +https://openai.com/gptbot)"
216.73.216.172 - - [11/Apr/2026:08:49:41 +0300] "GET /p/refre22146049?id=2162307 HTTP/1.0" 404 2091 "-" "Mozilla/5.0 AppleWebKit/537.36 (KHTML, like Gecko; compatible; ClaudeBot/1.0; +claudebot@anthropic.com)"
74.7.227.173 - - [11/Apr/2026:08:49:43 +0300] "GET /p/or32224498?id=2240756 HTTP/1.0" 404 2091 "https://region-saitov.ru/sitemapb.xml" "Mozilla/5.0 AppleWebKit/537.36 (KHTML, like Gecko; compatible; GPTBot/1.3; +https://openai.com/gptbot)"
