74.7.227.173 - - [11/Apr/2026:07:28:48 +0300] "GET /p/plant81560071?id=1576329 HTTP/1.0" 404 2091 "https://region-saitov.ru/sitemapa.xml" "Mozilla/5.0 AppleWebKit/537.36 (KHTML, like Gecko; compatible; GPTBot/1.3; +https://openai.com/gptbot)"
74.7.227.173 - - [11/Apr/2026:07:28:52 +0300] "GET /p/decre21447329?id=1463587 HTTP/1.0" 404 2091 "https://region-saitov.ru/sitemaph.xml" "Mozilla/5.0 AppleWebKit/537.36 (KHTML, like Gecko; compatible; GPTBot/1.3; +https://openai.com/gptbot)"
216.73.216.172 - - [11/Apr/2026:07:28:54 +0300] "GET /robots.txt HTTP/1.0" 200 420 "-" "Mozilla/5.0 AppleWebKit/537.36 (KHTML, like Gecko; compatible; ClaudeBot/1.0; +claudebot@anthropic.com)"
216.73.216.172 - - [11/Apr/2026:07:28:54 +0300] "GET /p/stack32842490?id=2858748 HTTP/1.0" 404 2188 "-" "Mozilla/5.0 AppleWebKit/537.36 (KHTML, like Gecko; compatible; ClaudeBot/1.0; +claudebot@anthropic.com)"
74.7.227.173 - - [11/Apr/2026:07:28:55 +0300] "GET /p/groan72970694?id=2986952 HTTP/1.0" 404 2091 "https://region-saitov.ru/sitemapa.xml" "Mozilla/5.0 AppleWebKit/537.36 (KHTML, like Gecko; compatible; GPTBot/1.3; +https://openai.com/gptbot)"
216.73.216.172 - - [11/Apr/2026:07:28:57 +0300] "GET /p/diffi71692598?id=1708856 HTTP/1.0" 404 2091 "-" "Mozilla/5.0 AppleWebKit/537.36 (KHTML, like Gecko; compatible; ClaudeBot/1.0; +claudebot@anthropic.com)"
74.7.227.173 - - [11/Apr/2026:07:28:58 +0300] "GET /p/greet21549121?id=1565379 HTTP/1.0" 404 2091 "https://region-saitov.ru/sitemapi.xml" "Mozilla/5.0 AppleWebKit/537.36 (KHTML, like Gecko; compatible; GPTBot/1.3; +https://openai.com/gptbot)"
216.73.216.172 - - [11/Apr/2026:07:29:00 +0300] "GET /p/diff52275828?id=2292086 HTTP/1.0" 404 2091 "-" "Mozilla/5.0 AppleWebKit/537.36 (KHTML, like Gecko; compatible; ClaudeBot/1.0; +claudebot@anthropic.com)"
74.7.227.173 - - [11/Apr/2026:07:29:01 +0300] "GET /p/harmo82658367?id=2674625 HTTP/1.0" 404 2091 "https://region-saitov.ru/sitemapl.xml" "Mozilla/5.0 AppleWebKit/537.36 (KHTML, like Gecko; compatible; GPTBot/1.3; +https://openai.com/gptbot)"
216.73.216.172 - - [11/Apr/2026:07:29:03 +0300] "GET /p/basic11284256?id=1300514 HTTP/1.0" 404 2091 "-" "Mozilla/5.0 AppleWebKit/537.36 (KHTML, like Gecko; compatible; ClaudeBot/1.0; +claudebot@anthropic.com)"
74.7.227.173 - - [11/Apr/2026:07:29:04 +0300] "GET /p/monke71460830?id=1477088 HTTP/1.0" 404 2091 "https://region-saitov.ru/sitemapa.xml" "Mozilla/5.0 AppleWebKit/537.36 (KHTML, like Gecko; compatible; GPTBot/1.3; +https://openai.com/gptbot)"
216.73.216.172 - - [11/Apr/2026:07:29:06 +0300] "GET /p/stack32554490?id=2570748 HTTP/1.0" 404 2091 "-" "Mozilla/5.0 AppleWebKit/537.36 (KHTML, like Gecko; compatible; ClaudeBot/1.0; +claudebot@anthropic.com)"
74.7.227.173 - - [11/Apr/2026:07:29:07 +0300] "GET /p/caree42263067?id=2279325 HTTP/1.0" 404 2091 "https://region-saitov.ru/sitemapm.xml" "Mozilla/5.0 AppleWebKit/537.36 (KHTML, like Gecko; compatible; GPTBot/1.3; +https://openai.com/gptbot)"
216.73.216.172 - - [11/Apr/2026:07:29:09 +0300] "GET /p/plot50343420?id=359678 HTTP/1.0" 404 2091 "-" "Mozilla/5.0 AppleWebKit/537.36 (KHTML, like Gecko; compatible; ClaudeBot/1.0; +claudebot@anthropic.com)"
74.7.227.173 - - [11/Apr/2026:07:29:10 +0300] "GET /p/techn22536473?id=2552731 HTTP/1.0" 404 2091 "https://region-saitov.ru/sitemapi.xml" "Mozilla/5.0 AppleWebKit/537.36 (KHTML, like Gecko; compatible; GPTBot/1.3; +https://openai.com/gptbot)"
216.73.216.172 - - [11/Apr/2026:07:29:13 +0300] "GET /p/click61295653?id=1311911 HTTP/1.0" 404 2091 "-" "Mozilla/5.0 AppleWebKit/537.36 (KHTML, like Gecko; compatible; ClaudeBot/1.0; +claudebot@anthropic.com)"
74.7.227.173 - - [11/Apr/2026:07:29:14 +0300] "GET /p/chamb11811400?id=1827658 HTTP/1.0" 404 2091 "https://region-saitov.ru/sitemaph.xml" "Mozilla/5.0 AppleWebKit/537.36 (KHTML, like Gecko; compatible; GPTBot/1.3; +https://openai.com/gptbot)"
216.73.216.172 - - [11/Apr/2026:07:29:16 +0300] "GET /p/disse80098383?id=114641 HTTP/1.0" 404 2091 "-" "Mozilla/5.0 AppleWebKit/537.36 (KHTML, like Gecko; compatible; ClaudeBot/1.0; +claudebot@anthropic.com)"
74.7.227.173 - - [11/Apr/2026:07:29:17 +0300] "GET /p/fourt32564642?id=2580900 HTTP/1.0" 404 2091 "https://region-saitov.ru/sitemape.xml" "Mozilla/5.0 AppleWebKit/537.36 (KHTML, like Gecko; compatible; GPTBot/1.3; +https://openai.com/gptbot)"
216.73.216.172 - - [11/Apr/2026:07:29:20 +0300] "GET /p/befor30132306?id=148564 HTTP/1.0" 404 2188 "-" "Mozilla/5.0 AppleWebKit/537.36 (KHTML, like Gecko; compatible; ClaudeBot/1.0; +claudebot@anthropic.com)"
74.7.227.173 - - [11/Apr/2026:07:29:20 +0300] "GET /p/score71837302?id=1853560 HTTP/1.0" 404 2091 "https://region-saitov.ru/sitemapn.xml" "Mozilla/5.0 AppleWebKit/537.36 (KHTML, like Gecko; compatible; GPTBot/1.3; +https://openai.com/gptbot)"
216.73.216.172 - - [11/Apr/2026:07:29:22 +0300] "GET /p/devil41583307?id=1599565 HTTP/1.0" 404 2091 "-" "Mozilla/5.0 AppleWebKit/537.36 (KHTML, like Gecko; compatible; ClaudeBot/1.0; +claudebot@anthropic.com)"
74.7.227.173 - - [11/Apr/2026:07:29:23 +0300] "GET /p/exerc51765276?id=1781534 HTTP/1.0" 404 2091 "https://region-saitov.ru/sitemapl.xml" "Mozilla/5.0 AppleWebKit/537.36 (KHTML, like Gecko; compatible; GPTBot/1.3; +https://openai.com/gptbot)"
216.73.216.172 - - [11/Apr/2026:07:29:25 +0300] "GET /p/stack31894490?id=1910748 HTTP/1.0" 404 2091 "-" "Mozilla/5.0 AppleWebKit/537.36 (KHTML, like Gecko; compatible; ClaudeBot/1.0; +claudebot@anthropic.com)"
74.7.227.173 - - [11/Apr/2026:07:29:26 +0300] "GET /p/draug72335662?id=2351920 HTTP/1.0" 404 2091 "https://region-saitov.ru/sitemapa.xml" "Mozilla/5.0 AppleWebKit/537.36 (KHTML, like Gecko; compatible; GPTBot/1.3; +https://openai.com/gptbot)"
216.73.216.172 - - [11/Apr/2026:07:29:28 +0300] "GET /p/width72239398?id=2255656 HTTP/1.0" 404 2091 "-" "Mozilla/5.0 AppleWebKit/537.36 (KHTML, like Gecko; compatible; ClaudeBot/1.0; +claudebot@anthropic.com)"
74.7.227.173 - - [11/Apr/2026:07:29:30 +0300] "GET /p/brack62571701?id=2587959 HTTP/1.0" 404 2091 "https://region-saitov.ru/sitemape.xml" "Mozilla/5.0 AppleWebKit/537.36 (KHTML, like Gecko; compatible; GPTBot/1.3; +https://openai.com/gptbot)"
216.73.216.172 - - [11/Apr/2026:07:29:31 +0300] "GET /p/stack31550490?id=1566748 HTTP/1.0" 404 2091 "-" "Mozilla/5.0 AppleWebKit/537.36 (KHTML, like Gecko; compatible; ClaudeBot/1.0; +claudebot@anthropic.com)"
74.7.227.173 - - [11/Apr/2026:07:29:33 +0300] "GET /p/thirs21928585?id=1944843 HTTP/1.0" 404 2091 "https://region-saitov.ru/sitemapa.xml" "Mozilla/5.0 AppleWebKit/537.36 (KHTML, like Gecko; compatible; GPTBot/1.3; +https://openai.com/gptbot)"
216.73.216.172 - - [11/Apr/2026:07:29:34 +0300] "GET /p/code22514041?id=2530299 HTTP/1.0" 404 2091 "-" "Mozilla/5.0 AppleWebKit/537.36 (KHTML, like Gecko; compatible; ClaudeBot/1.0; +claudebot@anthropic.com)"
74.7.227.173 - - [11/Apr/2026:07:29:36 +0300] "GET /p/negro11075544?id=1091802 HTTP/1.0" 404 2091 "https://region-saitov.ru/sitemapa.xml" "Mozilla/5.0 AppleWebKit/537.36 (KHTML, like Gecko; compatible; GPTBot/1.3; +https://openai.com/gptbot)"
216.73.216.172 - - [11/Apr/2026:07:29:37 +0300] "GET /p/repav20002425?id=18683 HTTP/1.0" 404 2091 "-" "Mozilla/5.0 AppleWebKit/537.36 (KHTML, like Gecko; compatible; ClaudeBot/1.0; +claudebot@anthropic.com)"
74.7.227.173 - - [11/Apr/2026:07:29:39 +0300] "GET /p/unhap22865345?id=2881603 HTTP/1.0" 404 2091 "https://region-saitov.ru/sitemaph.xml" "Mozilla/5.0 AppleWebKit/537.36 (KHTML, like Gecko; compatible; GPTBot/1.3; +https://openai.com/gptbot)"
216.73.216.172 - - [11/Apr/2026:07:29:40 +0300] "GET /p/nonse62890653?id=2906911 HTTP/1.0" 404 2091 "-" "Mozilla/5.0 AppleWebKit/537.36 (KHTML, like Gecko; compatible; ClaudeBot/1.0; +claudebot@anthropic.com)"
74.7.227.173 - - [11/Apr/2026:07:29:42 +0300] "GET /p/bitte31109210?id=1125468 HTTP/1.0" 404 2091 "https://region-saitov.ru/sitemapl.xml" "Mozilla/5.0 AppleWebKit/537.36 (KHTML, like Gecko; compatible; GPTBot/1.3; +https://openai.com/gptbot)"
216.73.216.172 - - [11/Apr/2026:07:29:43 +0300] "GET /p/react52854228?id=2870486 HTTP/1.0" 404 2091 "-" "Mozilla/5.0 AppleWebKit/537.36 (KHTML, like Gecko; compatible; ClaudeBot/1.0; +claudebot@anthropic.com)"
74.7.227.173 - - [11/Apr/2026:07:29:45 +0300] "GET /p/usefu22784281?id=2800539 HTTP/1.0" 404 2091 "https://region-saitov.ru/sitemapa.xml" "Mozilla/5.0 AppleWebKit/537.36 (KHTML, like Gecko; compatible; GPTBot/1.3; +https://openai.com/gptbot)"
216.73.216.172 - - [11/Apr/2026:07:29:46 +0300] "GET /p/queue80793791?id=810049 HTTP/1.0" 404 2091 "-" "Mozilla/5.0 AppleWebKit/537.36 (KHTML, like Gecko; compatible; ClaudeBot/1.0; +claudebot@anthropic.com)"
74.7.227.173 - - [11/Apr/2026:07:29:49 +0300] "GET /p/inter61724293?id=1740551 HTTP/1.0" 404 2091 "https://region-saitov.ru/sitemapc.xml" "Mozilla/5.0 AppleWebKit/537.36 (KHTML, like Gecko; compatible; GPTBot/1.3; +https://openai.com/gptbot)"
74.7.227.173 - - [11/Apr/2026:07:29:52 +0300] "GET /p/hardw61714253?id=1730511 HTTP/1.0" 404 2091 "https://region-saitov.ru/sitemapm.xml" "Mozilla/5.0 AppleWebKit/537.36 (KHTML, like Gecko; compatible; GPTBot/1.3; +https://openai.com/gptbot)"
89.111.141.101 - - [11/Apr/2026:07:29:54 +0300] "GET / HTTP/1.0" 200 273999 "-" "https://reg.ru monitoring abuse@reg.ru"
74.7.227.173 - - [11/Apr/2026:07:29:55 +0300] "GET /p/windo31629250?id=1645508 HTTP/1.0" 404 2091 "https://region-saitov.ru/sitemaph.xml" "Mozilla/5.0 AppleWebKit/537.36 (KHTML, like Gecko; compatible; GPTBot/1.3; +https://openai.com/gptbot)"
74.7.227.173 - - [11/Apr/2026:07:29:58 +0300] "GET /p/muscl71307550?id=1323808 HTTP/1.0" 404 2091 "https://region-saitov.ru/sitemapb.xml" "Mozilla/5.0 AppleWebKit/537.36 (KHTML, like Gecko; compatible; GPTBot/1.3; +https://openai.com/gptbot)"
74.7.227.173 - - [11/Apr/2026:07:30:02 +0300] "GET /p/absol71710654?id=1726912 HTTP/1.0" 404 2091 "https://region-saitov.ru/sitemapc.xml" "Mozilla/5.0 AppleWebKit/537.36 (KHTML, like Gecko; compatible; GPTBot/1.3; +https://openai.com/gptbot)"
62.118.83.131 - - [11/Apr/2026:07:30:04 +0300] "GET /rs-grey.png HTTP/1.1" 200 2424 "https://markains.ru/" "Mozilla/5.0 (Linux; Android 10; K) AppleWebKit/537.36 (KHTML, like Gecko) Chrome/146.0.0.0 Mobile Safari/537.36"
74.7.227.173 - - [11/Apr/2026:07:30:05 +0300] "GET /p/spotl50985452?id=1001710 HTTP/1.0" 404 2091 "https://region-saitov.ru/sitemapm.xml" "Mozilla/5.0 AppleWebKit/537.36 (KHTML, like Gecko; compatible; GPTBot/1.3; +https://openai.com/gptbot)"
216.73.216.172 - - [11/Apr/2026:07:30:10 +0300] "GET /p/group21892001?id=1908259 HTTP/1.0" 404 2188 "-" "Mozilla/5.0 AppleWebKit/537.36 (KHTML, like Gecko; compatible; ClaudeBot/1.0; +claudebot@anthropic.com)"
74.7.227.173 - - [11/Apr/2026:07:30:10 +0300] "GET /p/ornam31674506?id=1690764 HTTP/1.0" 404 2091 "https://region-saitov.ru/sitemapn.xml" "Mozilla/5.0 AppleWebKit/537.36 (KHTML, like Gecko; compatible; GPTBot/1.3; +https://openai.com/gptbot)"
74.7.227.173 - - [11/Apr/2026:07:30:12 +0300] "GET /p/thumb71191726?id=1207984 HTTP/1.0" 404 2091 "https://region-saitov.ru/sitemapb.xml" "Mozilla/5.0 AppleWebKit/537.36 (KHTML, like Gecko; compatible; GPTBot/1.3; +https://openai.com/gptbot)"
216.73.216.172 - - [11/Apr/2026:07:30:15 +0300] "GET /p/save71908718?id=1924976 HTTP/1.0" 404 2091 "-" "Mozilla/5.0 AppleWebKit/537.36 (KHTML, like Gecko; compatible; ClaudeBot/1.0; +claudebot@anthropic.com)"
74.7.227.173 - - [11/Apr/2026:07:30:16 +0300] "GET /p/recko72423702?id=2439960 HTTP/1.0" 404 2091 "https://region-saitov.ru/sitemapn.xml" "Mozilla/5.0 AppleWebKit/537.36 (KHTML, like Gecko; compatible; GPTBot/1.3; +https://openai.com/gptbot)"
216.73.216.172 - - [11/Apr/2026:07:30:18 +0300] "GET /p/patch82938503?id=2954761 HTTP/1.0" 404 2091 "-" "Mozilla/5.0 AppleWebKit/537.36 (KHTML, like Gecko; compatible; ClaudeBot/1.0; +claudebot@anthropic.com)"
74.7.227.173 - - [11/Apr/2026:07:30:19 +0300] "GET /p/later12681456?id=2697714 HTTP/1.0" 404 2091 "https://region-saitov.ru/sitemapb.xml" "Mozilla/5.0 AppleWebKit/537.36 (KHTML, like Gecko; compatible; GPTBot/1.3; +https://openai.com/gptbot)"
92.242.60.14 - - [11/Apr/2026:07:30:19 +0300] "GET / HTTP/1.0" 200 273999 "-" "https://reg.ru monitoring abuse@reg.ru"
74.7.227.173 - - [11/Apr/2026:07:30:22 +0300] "GET /p/impac32090450?id=2106708 HTTP/1.0" 404 2091 "https://region-saitov.ru/sitemapk.xml" "Mozilla/5.0 AppleWebKit/537.36 (KHTML, like Gecko; compatible; GPTBot/1.3; +https://openai.com/gptbot)"
216.73.216.172 - - [11/Apr/2026:07:30:23 +0300] "GET /p/impro22169073?id=2185331 HTTP/1.0" 404 2188 "-" "Mozilla/5.0 AppleWebKit/537.36 (KHTML, like Gecko; compatible; ClaudeBot/1.0; +claudebot@anthropic.com)"
74.7.227.173 - - [11/Apr/2026:07:30:25 +0300] "GET /p/safet81005199?id=1021457 HTTP/1.0" 404 2091 "https://region-saitov.ru/sitemapc.xml" "Mozilla/5.0 AppleWebKit/537.36 (KHTML, like Gecko; compatible; GPTBot/1.3; +https://openai.com/gptbot)"
216.73.216.172 - - [11/Apr/2026:07:30:25 +0300] "GET /p/throw82265327?id=2281585 HTTP/1.0" 404 2091 "-" "Mozilla/5.0 AppleWebKit/537.36 (KHTML, like Gecko; compatible; ClaudeBot/1.0; +claudebot@anthropic.com)"
74.7.227.173 - - [11/Apr/2026:07:30:28 +0300] "GET /p/unfor21755689?id=1771947 HTTP/1.0" 404 2091 "https://region-saitov.ru/sitemapa.xml" "Mozilla/5.0 AppleWebKit/537.36 (KHTML, like Gecko; compatible; GPTBot/1.3; +https://openai.com/gptbot)"
216.73.216.172 - - [11/Apr/2026:07:30:28 +0300] "GET /p/plot50179420?id=195678 HTTP/1.0" 404 2091 "-" "Mozilla/5.0 AppleWebKit/537.36 (KHTML, like Gecko; compatible; ClaudeBot/1.0; +claudebot@anthropic.com)"
74.7.227.173 - - [11/Apr/2026:07:30:31 +0300] "GET /p/strat42993611?id=3009869 HTTP/1.0" 404 2091 "https://region-saitov.ru/sitemapa.xml" "Mozilla/5.0 AppleWebKit/537.36 (KHTML, like Gecko; compatible; GPTBot/1.3; +https://openai.com/gptbot)"
216.73.216.172 - - [11/Apr/2026:07:30:31 +0300] "GET /p/basic11180256?id=1196514 HTTP/1.0" 404 2091 "-" "Mozilla/5.0 AppleWebKit/537.36 (KHTML, like Gecko; compatible; ClaudeBot/1.0; +claudebot@anthropic.com)"
216.73.216.172 - - [11/Apr/2026:07:30:34 +0300] "GET /p/panic50686140?id=702398 HTTP/1.0" 404 2091 "-" "Mozilla/5.0 AppleWebKit/537.36 (KHTML, like Gecko; compatible; ClaudeBot/1.0; +claudebot@anthropic.com)"
74.7.227.173 - - [11/Apr/2026:07:30:34 +0300] "GET /p/lesso61836717?id=1852975 HTTP/1.0" 404 2091 "https://region-saitov.ru/sitemapl.xml" "Mozilla/5.0 AppleWebKit/537.36 (KHTML, like Gecko; compatible; GPTBot/1.3; +https://openai.com/gptbot)"
74.7.227.173 - - [11/Apr/2026:07:30:37 +0300] "GET /p/obsta61241821?id=1258079 HTTP/1.0" 404 2091 "https://region-saitov.ru/sitemapk.xml" "Mozilla/5.0 AppleWebKit/537.36 (KHTML, like Gecko; compatible; GPTBot/1.3; +https://openai.com/gptbot)"
74.7.227.173 - - [11/Apr/2026:07:30:41 +0300] "GET /p/monke71428830?id=1445088 HTTP/1.0" 404 2091 "https://region-saitov.ru/sitemapa.xml" "Mozilla/5.0 AppleWebKit/537.36 (KHTML, like Gecko; compatible; GPTBot/1.3; +https://openai.com/gptbot)"
89.111.170.8 - - [11/Apr/2026:07:30:43 +0300] "GET / HTTP/1.0" 200 273999 "-" "https://reg.ru monitoring abuse@reg.ru"
74.7.227.173 - - [11/Apr/2026:07:30:44 +0300] "GET /p/rouse12243432?id=2259690 HTTP/1.0" 404 2091 "https://region-saitov.ru/sitemapn.xml" "Mozilla/5.0 AppleWebKit/537.36 (KHTML, like Gecko; compatible; GPTBot/1.3; +https://openai.com/gptbot)"
74.7.227.173 - - [11/Apr/2026:07:30:47 +0300] "GET /p/equip51345492?id=1361750 HTTP/1.0" 404 2091 "https://region-saitov.ru/sitemapi.xml" "Mozilla/5.0 AppleWebKit/537.36 (KHTML, like Gecko; compatible; GPTBot/1.3; +https://openai.com/gptbot)"
74.7.227.173 - - [11/Apr/2026:07:30:50 +0300] "GET /p/unive61340581?id=1356839 HTTP/1.0" 404 2091 "https://region-saitov.ru/sitemapi.xml" "Mozilla/5.0 AppleWebKit/537.36 (KHTML, like Gecko; compatible; GPTBot/1.3; +https://openai.com/gptbot)"
74.7.227.173 - - [11/Apr/2026:07:30:53 +0300] "GET /p/befor32064306?id=2080564 HTTP/1.0" 404 2091 "https://region-saitov.ru/sitemapc.xml" "Mozilla/5.0 AppleWebKit/537.36 (KHTML, like Gecko; compatible; GPTBot/1.3; +https://openai.com/gptbot)"
74.7.227.173 - - [11/Apr/2026:07:30:56 +0300] "GET /p/robot61208645?id=1224903 HTTP/1.0" 404 2091 "https://region-saitov.ru/sitemapa.xml" "Mozilla/5.0 AppleWebKit/537.36 (KHTML, like Gecko; compatible; GPTBot/1.3; +https://openai.com/gptbot)"
74.7.227.173 - - [11/Apr/2026:07:31:00 +0300] "GET /p/invas82203199?id=2219457 HTTP/1.0" 404 2091 "https://region-saitov.ru/sitemapl.xml" "Mozilla/5.0 AppleWebKit/537.36 (KHTML, like Gecko; compatible; GPTBot/1.3; +https://openai.com/gptbot)"
74.7.227.173 - - [11/Apr/2026:07:31:03 +0300] "GET /p/breez22338849?id=2355107 HTTP/1.0" 404 2091 "https://region-saitov.ru/sitemapl.xml" "Mozilla/5.0 AppleWebKit/537.36 (KHTML, like Gecko; compatible; GPTBot/1.3; +https://openai.com/gptbot)"
74.7.227.173 - - [11/Apr/2026:07:31:06 +0300] "GET /p/empir41491427?id=1507685 HTTP/1.0" 404 2091 "https://region-saitov.ru/sitemape.xml" "Mozilla/5.0 AppleWebKit/537.36 (KHTML, like Gecko; compatible; GPTBot/1.3; +https://openai.com/gptbot)"
74.7.227.173 - - [11/Apr/2026:07:31:09 +0300] "GET /p/neces41104571?id=1120829 HTTP/1.0" 404 2091 "https://region-saitov.ru/sitemapl.xml" "Mozilla/5.0 AppleWebKit/537.36 (KHTML, like Gecko; compatible; GPTBot/1.3; +https://openai.com/gptbot)"
74.7.227.173 - - [11/Apr/2026:07:31:12 +0300] "GET /p/clock22052273?id=2068531 HTTP/1.0" 404 2091 "https://region-saitov.ru/sitemapf.xml" "Mozilla/5.0 AppleWebKit/537.36 (KHTML, like Gecko; compatible; GPTBot/1.3; +https://openai.com/gptbot)"
216.73.216.172 - - [11/Apr/2026:07:31:15 +0300] "GET /p/execu51038476?id=1054734 HTTP/1.0" 404 2188 "-" "Mozilla/5.0 AppleWebKit/537.36 (KHTML, like Gecko; compatible; ClaudeBot/1.0; +claudebot@anthropic.com)"
74.7.227.173 - - [11/Apr/2026:07:31:15 +0300] "GET /p/milit21670329?id=1686587 HTTP/1.0" 404 2091 "https://region-saitov.ru/sitemapa.xml" "Mozilla/5.0 AppleWebKit/537.36 (KHTML, like Gecko; compatible; GPTBot/1.3; +https://openai.com/gptbot)"
216.73.216.172 - - [11/Apr/2026:07:31:17 +0300] "GET /p/pull82464183?id=2480441 HTTP/1.0" 404 2091 "-" "Mozilla/5.0 AppleWebKit/537.36 (KHTML, like Gecko; compatible; ClaudeBot/1.0; +claudebot@anthropic.com)"
74.7.227.173 - - [11/Apr/2026:07:31:18 +0300] "GET /p/exagg31186266?id=1202524 HTTP/1.0" 404 2091 "https://region-saitov.ru/sitemapm.xml" "Mozilla/5.0 AppleWebKit/537.36 (KHTML, like Gecko; compatible; GPTBot/1.3; +https://openai.com/gptbot)"
216.73.216.172 - - [11/Apr/2026:07:31:20 +0300] "GET /p/note51416460?id=1432718 HTTP/1.0" 404 2091 "-" "Mozilla/5.0 AppleWebKit/537.36 (KHTML, like Gecko; compatible; ClaudeBot/1.0; +claudebot@anthropic.com)"
74.7.227.173 - - [11/Apr/2026:07:31:21 +0300] "GET /p/plent71120566?id=1136824 HTTP/1.0" 404 2091 "https://region-saitov.ru/sitemape.xml" "Mozilla/5.0 AppleWebKit/537.36 (KHTML, like Gecko; compatible; GPTBot/1.3; +https://openai.com/gptbot)"
216.73.216.172 - - [11/Apr/2026:07:31:23 +0300] "GET /p/solid82208751?id=2225009 HTTP/1.0" 404 2091 "-" "Mozilla/5.0 AppleWebKit/537.36 (KHTML, like Gecko; compatible; ClaudeBot/1.0; +claudebot@anthropic.com)"
74.7.227.173 - - [11/Apr/2026:07:31:25 +0300] "GET /p/headm12855440?id=2871698 HTTP/1.0" 404 2091 "https://region-saitov.ru/sitemape.xml" "Mozilla/5.0 AppleWebKit/537.36 (KHTML, like Gecko; compatible; GPTBot/1.3; +https://openai.com/gptbot)"
216.73.216.172 - - [11/Apr/2026:07:31:26 +0300] "GET /p/basic12620256?id=2636514 HTTP/1.0" 404 2091 "-" "Mozilla/5.0 AppleWebKit/537.36 (KHTML, like Gecko; compatible; ClaudeBot/1.0; +claudebot@anthropic.com)"
74.7.227.173 - - [11/Apr/2026:07:31:28 +0300] "GET /p/strin62821637?id=2837895 HTTP/1.0" 404 2091 "https://region-saitov.ru/sitemaph.xml" "Mozilla/5.0 AppleWebKit/537.36 (KHTML, like Gecko; compatible; GPTBot/1.3; +https://openai.com/gptbot)"
216.73.216.172 - - [11/Apr/2026:07:31:29 +0300] "GET /p/panic50134140?id=150398 HTTP/1.0" 404 2091 "-" "Mozilla/5.0 AppleWebKit/537.36 (KHTML, like Gecko; compatible; ClaudeBot/1.0; +claudebot@anthropic.com)"
74.7.227.173 - - [11/Apr/2026:07:31:31 +0300] "GET /p/naked42451379?id=2467637 HTTP/1.0" 404 2091 "https://region-saitov.ru/sitemapa.xml" "Mozilla/5.0 AppleWebKit/537.36 (KHTML, like Gecko; compatible; GPTBot/1.3; +https://openai.com/gptbot)"
216.73.216.172 - - [11/Apr/2026:07:31:32 +0300] "GET /p/queue82365791?id=2382049 HTTP/1.0" 404 2091 "-" "Mozilla/5.0 AppleWebKit/537.36 (KHTML, like Gecko; compatible; ClaudeBot/1.0; +claudebot@anthropic.com)"
74.7.227.173 - - [11/Apr/2026:07:31:34 +0300] "GET /p/desti41674579?id=1690837 HTTP/1.0" 404 2091 "https://region-saitov.ru/sitemaph.xml" "Mozilla/5.0 AppleWebKit/537.36 (KHTML, like Gecko; compatible; GPTBot/1.3; +https://openai.com/gptbot)"
216.73.216.172 - - [11/Apr/2026:07:31:35 +0300] "GET /p/house80856167?id=872425 HTTP/1.0" 404 2091 "-" "Mozilla/5.0 AppleWebKit/537.36 (KHTML, like Gecko; compatible; ClaudeBot/1.0; +claudebot@anthropic.com)"
74.7.227.173 - - [11/Apr/2026:07:31:37 +0300] "GET /p/smoot62988141?id=3004399 HTTP/1.0" 404 2091 "https://region-saitov.ru/sitemapi.xml" "Mozilla/5.0 AppleWebKit/537.36 (KHTML, like Gecko; compatible; GPTBot/1.3; +https://openai.com/gptbot)"
216.73.216.172 - - [11/Apr/2026:07:31:38 +0300] "GET /p/diff51895828?id=1912086 HTTP/1.0" 404 2091 "-" "Mozilla/5.0 AppleWebKit/537.36 (KHTML, like Gecko; compatible; ClaudeBot/1.0; +claudebot@anthropic.com)"
74.7.227.173 - - [11/Apr/2026:07:31:40 +0300] "GET /p/liabi72690334?id=2706592 HTTP/1.0" 404 2091 "https://region-saitov.ru/sitemapf.xml" "Mozilla/5.0 AppleWebKit/537.36 (KHTML, like Gecko; compatible; GPTBot/1.3; +https://openai.com/gptbot)"
216.73.216.172 - - [11/Apr/2026:07:31:41 +0300] "GET /p/nonse62210653?id=2226911 HTTP/1.0" 404 2091 "-" "Mozilla/5.0 AppleWebKit/537.36 (KHTML, like Gecko; compatible; ClaudeBot/1.0; +claudebot@anthropic.com)"
74.7.227.173 - - [11/Apr/2026:07:31:44 +0300] "GET /p/shelf71285574?id=1301832 HTTP/1.0" 404 2091 "https://region-saitov.ru/sitemape.xml" "Mozilla/5.0 AppleWebKit/537.36 (KHTML, like Gecko; compatible; GPTBot/1.3; +https://openai.com/gptbot)"
216.73.216.172 - - [11/Apr/2026:07:31:46 +0300] "GET /p/proof42323619?id=2339877 HTTP/1.0" 404 2188 "-" "Mozilla/5.0 AppleWebKit/537.36 (KHTML, like Gecko; compatible; ClaudeBot/1.0; +claudebot@anthropic.com)"
74.7.227.173 - - [11/Apr/2026:07:31:47 +0300] "GET /p/uneas12155104?id=2171362 HTTP/1.0" 404 2091 "https://region-saitov.ru/sitemapc.xml" "Mozilla/5.0 AppleWebKit/537.36 (KHTML, like Gecko; compatible; GPTBot/1.3; +https://openai.com/gptbot)"
216.73.216.172 - - [11/Apr/2026:07:31:49 +0300] "GET /p/footh10322232?id=338490 HTTP/1.0" 404 2091 "-" "Mozilla/5.0 AppleWebKit/537.36 (KHTML, like Gecko; compatible; ClaudeBot/1.0; +claudebot@anthropic.com)"
74.7.227.173 - - [11/Apr/2026:07:31:50 +0300] "GET /p/recip12881736?id=2897994 HTTP/1.0" 404 2091 "https://region-saitov.ru/sitemapk.xml" "Mozilla/5.0 AppleWebKit/537.36 (KHTML, like Gecko; compatible; GPTBot/1.3; +https://openai.com/gptbot)"
74.7.227.173 - - [11/Apr/2026:07:31:53 +0300] "GET /p/funer61010829?id=1027087 HTTP/1.0" 404 2091 "https://region-saitov.ru/sitemape.xml" "Mozilla/5.0 AppleWebKit/537.36 (KHTML, like Gecko; compatible; GPTBot/1.3; +https://openai.com/gptbot)"
74.7.227.173 - - [11/Apr/2026:07:31:56 +0300] "GET /p/miste52863356?id=2879614 HTTP/1.0" 404 2091 "https://region-saitov.ru/sitemapl.xml" "Mozilla/5.0 AppleWebKit/537.36 (KHTML, like Gecko; compatible; GPTBot/1.3; +https://openai.com/gptbot)"
74.7.227.173 - - [11/Apr/2026:07:32:00 +0300] "GET /p/pollu82489319?id=2505577 HTTP/1.0" 404 2091 "https://region-saitov.ru/sitemapi.xml" "Mozilla/5.0 AppleWebKit/537.36 (KHTML, like Gecko; compatible; GPTBot/1.3; +https://openai.com/gptbot)"
74.7.227.173 - - [11/Apr/2026:07:32:03 +0300] "GET /p/ornam31718506?id=1734764 HTTP/1.0" 404 2091 "https://region-saitov.ru/sitemapf.xml" "Mozilla/5.0 AppleWebKit/537.36 (KHTML, like Gecko; compatible; GPTBot/1.3; +https://openai.com/gptbot)"
74.7.227.173 - - [11/Apr/2026:07:32:06 +0300] "GET /p/darin32823506?id=2839764 HTTP/1.0" 404 2091 "https://region-saitov.ru/sitemapn.xml" "Mozilla/5.0 AppleWebKit/537.36 (KHTML, like Gecko; compatible; GPTBot/1.3; +https://openai.com/gptbot)"
74.7.227.173 - - [11/Apr/2026:07:32:09 +0300] "GET /p/overh12523136?id=2539394 HTTP/1.0" 404 2091 "https://region-saitov.ru/sitemapc.xml" "Mozilla/5.0 AppleWebKit/537.36 (KHTML, like Gecko; compatible; GPTBot/1.3; +https://openai.com/gptbot)"
74.7.227.173 - - [11/Apr/2026:07:32:12 +0300] "GET /p/rusia61724133?id=1740391 HTTP/1.0" 404 2091 "https://region-saitov.ru/sitemapi.xml" "Mozilla/5.0 AppleWebKit/537.36 (KHTML, like Gecko; compatible; GPTBot/1.3; +https://openai.com/gptbot)"
74.7.227.173 - - [11/Apr/2026:07:32:16 +0300] "GET /p/pluge11019984?id=1036242 HTTP/1.0" 404 2091 "https://region-saitov.ru/sitemapf.xml" "Mozilla/5.0 AppleWebKit/537.36 (KHTML, like Gecko; compatible; GPTBot/1.3; +https://openai.com/gptbot)"
74.7.227.173 - - [11/Apr/2026:07:32:18 +0300] "GET /p/durin82045127?id=2061385 HTTP/1.0" 404 2091 "https://region-saitov.ru/sitemapl.xml" "Mozilla/5.0 AppleWebKit/537.36 (KHTML, like Gecko; compatible; GPTBot/1.3; +https://openai.com/gptbot)"
74.7.227.173 - - [11/Apr/2026:07:32:22 +0300] "GET /p/joyfu52963484?id=2979742 HTTP/1.0" 404 2091 "https://region-saitov.ru/sitemape.xml" "Mozilla/5.0 AppleWebKit/537.36 (KHTML, like Gecko; compatible; GPTBot/1.3; +https://openai.com/gptbot)"
74.7.227.173 - - [11/Apr/2026:07:32:25 +0300] "GET /p/indic72514438?id=2530696 HTTP/1.0" 404 2091 "https://region-saitov.ru/sitemape.xml" "Mozilla/5.0 AppleWebKit/537.36 (KHTML, like Gecko; compatible; GPTBot/1.3; +https://openai.com/gptbot)"
74.7.227.173 - - [11/Apr/2026:07:32:28 +0300] "GET /p/saint72830214?id=2846472 HTTP/1.0" 404 2091 "https://region-saitov.ru/sitemape.xml" "Mozilla/5.0 AppleWebKit/537.36 (KHTML, like Gecko; compatible; GPTBot/1.3; +https://openai.com/gptbot)"
74.7.227.173 - - [11/Apr/2026:07:32:31 +0300] "GET /p/stamp42356019?id=2372277 HTTP/1.0" 404 2091 "https://region-saitov.ru/sitemapc.xml" "Mozilla/5.0 AppleWebKit/537.36 (KHTML, like Gecko; compatible; GPTBot/1.3; +https://openai.com/gptbot)"
74.7.227.173 - - [11/Apr/2026:07:32:34 +0300] "GET /p/exper71376806?id=1393064 HTTP/1.0" 404 2091 "https://region-saitov.ru/sitemapk.xml" "Mozilla/5.0 AppleWebKit/537.36 (KHTML, like Gecko; compatible; GPTBot/1.3; +https://openai.com/gptbot)"
74.7.227.173 - - [11/Apr/2026:07:32:37 +0300] "GET /p/moreo12403592?id=2419850 HTTP/1.0" 404 2091 "https://region-saitov.ru/sitemapb.xml" "Mozilla/5.0 AppleWebKit/537.36 (KHTML, like Gecko; compatible; GPTBot/1.3; +https://openai.com/gptbot)"
216.73.216.172 - - [11/Apr/2026:07:32:38 +0300] "GET /p/while60473165?id=489423 HTTP/1.0" 404 2188 "-" "Mozilla/5.0 AppleWebKit/537.36 (KHTML, like Gecko; compatible; ClaudeBot/1.0; +claudebot@anthropic.com)"
216.73.216.172 - - [11/Apr/2026:07:32:39 +0300] "GET /p/plug40131451?id=147709 HTTP/1.0" 404 2091 "-" "Mozilla/5.0 AppleWebKit/537.36 (KHTML, like Gecko; compatible; ClaudeBot/1.0; +claudebot@anthropic.com)"
74.7.227.173 - - [11/Apr/2026:07:32:40 +0300] "GET /p/small32508682?id=2524940 HTTP/1.0" 404 2091 "https://region-saitov.ru/sitemaph.xml" "Mozilla/5.0 AppleWebKit/537.36 (KHTML, like Gecko; compatible; GPTBot/1.3; +https://openai.com/gptbot)"
216.73.216.172 - - [11/Apr/2026:07:32:42 +0300] "GET /p/range20078201?id=94459 HTTP/1.0" 404 2091 "-" "Mozilla/5.0 AppleWebKit/537.36 (KHTML, like Gecko; compatible; ClaudeBot/1.0; +claudebot@anthropic.com)"
74.7.227.173 - - [11/Apr/2026:07:32:44 +0300] "GET /p/hosti72398822?id=2415080 HTTP/1.0" 404 2091 "https://region-saitov.ru/sitemapn.xml" "Mozilla/5.0 AppleWebKit/537.36 (KHTML, like Gecko; compatible; GPTBot/1.3; +https://openai.com/gptbot)"
34.19.26.93 - - [11/Apr/2026:07:32:44 +0300] "GET / HTTP/1.1" 301 196 "-" "Mozilla/5.0 (Windows NT 10.0; Win64; x64) AppleWebKit/537.36 (KHTML, like Gecko) Chrome/78.0.3904.108 Safari/537.36"
216.73.216.172 - - [11/Apr/2026:07:32:45 +0300] "GET /p/con31737354?id=1753612 HTTP/1.0" 404 2091 "-" "Mozilla/5.0 AppleWebKit/537.36 (KHTML, like Gecko; compatible; ClaudeBot/1.0; +claudebot@anthropic.com)"
34.19.26.93 - - [11/Apr/2026:07:32:45 +0300] "GET / HTTP/1.0" 200 273999 "-" "Mozilla/5.0 (Windows NT 10.0; Win64; x64) AppleWebKit/537.36 (KHTML, like Gecko) Chrome/78.0.3904.108 Safari/537.36"
74.7.227.173 - - [11/Apr/2026:07:32:47 +0300] "GET /p/heave72140966?id=2157224 HTTP/1.0" 404 2091 "https://region-saitov.ru/sitemapf.xml" "Mozilla/5.0 AppleWebKit/537.36 (KHTML, like Gecko; compatible; GPTBot/1.3; +https://openai.com/gptbot)"
216.73.216.172 - - [11/Apr/2026:07:32:48 +0300] "GET /p/pause80846903?id=863161 HTTP/1.0" 404 2091 "-" "Mozilla/5.0 AppleWebKit/537.36 (KHTML, like Gecko; compatible; ClaudeBot/1.0; +claudebot@anthropic.com)"
74.7.227.173 - - [11/Apr/2026:07:32:50 +0300] "GET /p/cerem82966119?id=2982377 HTTP/1.0" 404 2091 "https://region-saitov.ru/sitemape.xml" "Mozilla/5.0 AppleWebKit/537.36 (KHTML, like Gecko; compatible; GPTBot/1.3; +https://openai.com/gptbot)"
34.19.26.93 - - [11/Apr/2026:07:32:47 +0300] "GET //wp-includes/wlwmanifest.xml HTTP/1.0" 200 111887 "-" "Mozilla/5.0 (Windows NT 10.0; Win64; x64) AppleWebKit/537.36 (KHTML, like Gecko) Chrome/78.0.3904.108 Safari/537.36"
34.19.26.93 - - [11/Apr/2026:07:32:51 +0300] "GET //xmlrpc.php?rsd HTTP/1.0" 404 2091 "-" "Mozilla/5.0 (Windows NT 10.0; Win64; x64) AppleWebKit/537.36 (KHTML, like Gecko) Chrome/78.0.3904.108 Safari/537.36"
216.73.216.172 - - [11/Apr/2026:07:32:51 +0300] "GET /p/hell41879091?id=1895349 HTTP/1.0" 404 2091 "-" "Mozilla/5.0 AppleWebKit/537.36 (KHTML, like Gecko; compatible; ClaudeBot/1.0; +claudebot@anthropic.com)"
34.19.26.93 - - [11/Apr/2026:07:32:51 +0300] "GET / HTTP/1.0" 200 273902 "-" "Mozilla/5.0 (Windows NT 10.0; Win64; x64) AppleWebKit/537.36 (KHTML, like Gecko) Chrome/78.0.3904.108 Safari/537.36"
74.7.227.173 - - [11/Apr/2026:07:32:53 +0300] "GET /p/londo32485314?id=2501572 HTTP/1.0" 404 2091 "https://region-saitov.ru/sitemapf.xml" "Mozilla/5.0 AppleWebKit/537.36 (KHTML, like Gecko; compatible; GPTBot/1.3; +https://openai.com/gptbot)"
216.73.216.172 - - [11/Apr/2026:07:32:54 +0300] "GET /p/echo60447405?id=463663 HTTP/1.0" 404 2091 "-" "Mozilla/5.0 AppleWebKit/537.36 (KHTML, like Gecko; compatible; ClaudeBot/1.0; +claudebot@anthropic.com)"
34.19.26.93 - - [11/Apr/2026:07:32:53 +0300] "GET //blog/wp-includes/wlwmanifest.xml HTTP/1.0" 200 132759 "-" "Mozilla/5.0 (Windows NT 10.0; Win64; x64) AppleWebKit/537.36 (KHTML, like Gecko) Chrome/78.0.3904.108 Safari/537.36"
74.7.227.173 - - [11/Apr/2026:07:32:56 +0300] "GET /p/infan21518737?id=1534995 HTTP/1.0" 404 2091 "https://region-saitov.ru/sitemape.xml" "Mozilla/5.0 AppleWebKit/537.36 (KHTML, like Gecko; compatible; GPTBot/1.3; +https://openai.com/gptbot)"
216.73.216.172 - - [11/Apr/2026:07:32:57 +0300] "GET /p/banne80174591?id=190849 HTTP/1.0" 404 2091 "-" "Mozilla/5.0 AppleWebKit/537.36 (KHTML, like Gecko; compatible; ClaudeBot/1.0; +claudebot@anthropic.com)"
74.7.227.173 - - [11/Apr/2026:07:32:59 +0300] "GET /p/turke52833620?id=2849878 HTTP/1.0" 404 2091 "https://region-saitov.ru/sitemaph.xml" "Mozilla/5.0 AppleWebKit/537.36 (KHTML, like Gecko; compatible; GPTBot/1.3; +https://openai.com/gptbot)"
34.19.26.93 - - [11/Apr/2026:07:32:57 +0300] "GET //web/wp-includes/wlwmanifest.xml HTTP/1.0" 200 129286 "-" "Mozilla/5.0 (Windows NT 10.0; Win64; x64) AppleWebKit/537.36 (KHTML, like Gecko) Chrome/78.0.3904.108 Safari/537.36"
216.73.216.172 - - [11/Apr/2026:07:33:00 +0300] "GET /p/cheat50784124?id=800382 HTTP/1.0" 404 2091 "-" "Mozilla/5.0 AppleWebKit/537.36 (KHTML, like Gecko; compatible; ClaudeBot/1.0; +claudebot@anthropic.com)"
74.7.227.173 - - [11/Apr/2026:07:33:03 +0300] "GET /p/franc11493608?id=1509866 HTTP/1.0" 404 2091 "https://region-saitov.ru/sitemapn.xml" "Mozilla/5.0 AppleWebKit/537.36 (KHTML, like Gecko; compatible; GPTBot/1.3; +https://openai.com/gptbot)"
34.19.26.93 - - [11/Apr/2026:07:33:01 +0300] "GET //wordpress/wp-includes/wlwmanifest.xml HTTP/1.0" 200 121043 "-" "Mozilla/5.0 (Windows NT 10.0; Win64; x64) AppleWebKit/537.36 (KHTML, like Gecko) Chrome/78.0.3904.108 Safari/537.36"
216.73.216.172 - - [11/Apr/2026:07:33:06 +0300] "GET /p/flu30264706?id=280964 HTTP/1.0" 404 2188 "-" "Mozilla/5.0 AppleWebKit/537.36 (KHTML, like Gecko; compatible; ClaudeBot/1.0; +claudebot@anthropic.com)"
74.7.227.173 - - [11/Apr/2026:07:33:06 +0300] "GET /p/furna81767359?id=1783617 HTTP/1.0" 404 2188 "https://region-saitov.ru/sitemapa.xml" "Mozilla/5.0 AppleWebKit/537.36 (KHTML, like Gecko; compatible; GPTBot/1.3; +https://openai.com/gptbot)"
34.19.26.93 - - [11/Apr/2026:07:33:05 +0300] "GET //website/wp-includes/wlwmanifest.xml HTTP/1.0" 200 129009 "-" "Mozilla/5.0 (Windows NT 10.0; Win64; x64) AppleWebKit/537.36 (KHTML, like Gecko) Chrome/78.0.3904.108 Safari/537.36"
216.73.216.172 - - [11/Apr/2026:07:33:08 +0300] "GET /p/from10553544?id=569802 HTTP/1.0" 404 2091 "-" "Mozilla/5.0 AppleWebKit/537.36 (KHTML, like Gecko; compatible; ClaudeBot/1.0; +claudebot@anthropic.com)"
74.7.227.173 - - [11/Apr/2026:07:33:09 +0300] "GET /p/britt31047538?id=1063796 HTTP/1.0" 404 2091 "https://region-saitov.ru/sitemaph.xml" "Mozilla/5.0 AppleWebKit/537.36 (KHTML, like Gecko; compatible; GPTBot/1.3; +https://openai.com/gptbot)"
216.73.216.172 - - [11/Apr/2026:07:33:11 +0300] "GET /p/hare40970507?id=986765 HTTP/1.0" 404 2091 "-" "Mozilla/5.0 AppleWebKit/537.36 (KHTML, like Gecko; compatible; ClaudeBot/1.0; +claudebot@anthropic.com)"
74.7.227.173 - - [11/Apr/2026:07:33:12 +0300] "GET /p/recit41561235?id=1577493 HTTP/1.0" 404 2091 "https://region-saitov.ru/sitemapa.xml" "Mozilla/5.0 AppleWebKit/537.36 (KHTML, like Gecko; compatible; GPTBot/1.3; +https://openai.com/gptbot)"
34.19.26.93 - - [11/Apr/2026:07:33:09 +0300] "GET //wp/wp-includes/wlwmanifest.xml HTTP/1.0" 200 121092 "-" "Mozilla/5.0 (Windows NT 10.0; Win64; x64) AppleWebKit/537.36 (KHTML, like Gecko) Chrome/78.0.3904.108 Safari/537.36"
216.73.216.172 - - [11/Apr/2026:07:33:14 +0300] "GET /p/thin12573208?id=2589466 HTTP/1.0" 404 2091 "-" "Mozilla/5.0 AppleWebKit/537.36 (KHTML, like Gecko; compatible; ClaudeBot/1.0; +claudebot@anthropic.com)"
74.7.227.173 - - [11/Apr/2026:07:33:15 +0300] "GET /p/newly21446841?id=1463099 HTTP/1.0" 404 2091 "https://region-saitov.ru/sitemapc.xml" "Mozilla/5.0 AppleWebKit/537.36 (KHTML, like Gecko; compatible; GPTBot/1.3; +https://openai.com/gptbot)"
34.19.26.93 - - [11/Apr/2026:07:33:13 +0300] "GET //news/wp-includes/wlwmanifest.xml HTTP/1.0" 200 151834 "-" "Mozilla/5.0 (Windows NT 10.0; Win64; x64) AppleWebKit/537.36 (KHTML, like Gecko) Chrome/78.0.3904.108 Safari/537.36"
216.73.216.172 - - [11/Apr/2026:07:33:17 +0300] "GET /p/compr61826349?id=1842607 HTTP/1.0" 404 2091 "-" "Mozilla/5.0 AppleWebKit/537.36 (KHTML, like Gecko; compatible; ClaudeBot/1.0; +claudebot@anthropic.com)"
74.7.227.173 - - [11/Apr/2026:07:33:18 +0300] "GET /p/awake61961685?id=1977943 HTTP/1.0" 404 2091 "https://region-saitov.ru/sitemapk.xml" "Mozilla/5.0 AppleWebKit/537.36 (KHTML, like Gecko; compatible; GPTBot/1.3; +https://openai.com/gptbot)"
216.73.216.172 - - [11/Apr/2026:07:33:20 +0300] "GET /p/store61908517?id=1924775 HTTP/1.0" 404 2091 "-" "Mozilla/5.0 AppleWebKit/537.36 (KHTML, like Gecko; compatible; ClaudeBot/1.0; +claudebot@anthropic.com)"
34.19.26.93 - - [11/Apr/2026:07:33:18 +0300] "GET //2018/wp-includes/wlwmanifest.xml HTTP/1.0" 200 119510 "-" "Mozilla/5.0 (Windows NT 10.0; Win64; x64) AppleWebKit/537.36 (KHTML, like Gecko) Chrome/78.0.3904.108 Safari/537.36"
74.7.227.173 - - [11/Apr/2026:07:33:21 +0300] "GET /p/trump12934520?id=2950778 HTTP/1.0" 404 2091 "https://region-saitov.ru/sitemapm.xml" "Mozilla/5.0 AppleWebKit/537.36 (KHTML, like Gecko; compatible; GPTBot/1.3; +https://openai.com/gptbot)"
34.19.26.93 - - [11/Apr/2026:07:33:22 +0300] "GET //2019/wp-includes/wlwmanifest.xml HTTP/1.0" 200 124695 "-" "Mozilla/5.0 (Windows NT 10.0; Win64; x64) AppleWebKit/537.36 (KHTML, like Gecko) Chrome/78.0.3904.108 Safari/537.36"
74.7.227.173 - - [11/Apr/2026:07:33:25 +0300] "GET /p/virus41278243?id=1294501 HTTP/1.0" 404 2091 "https://region-saitov.ru/sitemapl.xml" "Mozilla/5.0 AppleWebKit/537.36 (KHTML, like Gecko; compatible; GPTBot/1.3; +https://openai.com/gptbot)"
216.73.216.172 - - [11/Apr/2026:07:33:25 +0300] "GET /p/milli32345346?id=2361604 HTTP/1.0" 404 2188 "-" "Mozilla/5.0 AppleWebKit/537.36 (KHTML, like Gecko; compatible; ClaudeBot/1.0; +claudebot@anthropic.com)"
216.73.216.172 - - [11/Apr/2026:07:33:28 +0300] "GET /p/pride51156348?id=1172606 HTTP/1.0" 404 2091 "-" "Mozilla/5.0 AppleWebKit/537.36 (KHTML, like Gecko; compatible; ClaudeBot/1.0; +claudebot@anthropic.com)"
74.7.227.173 - - [11/Apr/2026:07:33:28 +0300] "GET /p/fussy62146301?id=2162559 HTTP/1.0" 404 2091 "https://region-saitov.ru/sitemape.xml" "Mozilla/5.0 AppleWebKit/537.36 (KHTML, like Gecko; compatible; GPTBot/1.3; +https://openai.com/gptbot)"
34.19.26.93 - - [11/Apr/2026:07:33:25 +0300] "GET //shop/wp-includes/wlwmanifest.xml HTTP/1.0" 200 100434 "-" "Mozilla/5.0 (Windows NT 10.0; Win64; x64) AppleWebKit/537.36 (KHTML, like Gecko) Chrome/78.0.3904.108 Safari/537.36"
216.73.216.172 - - [11/Apr/2026:07:33:31 +0300] "GET /p/coord10879520?id=895778 HTTP/1.0" 404 2091 "-" "Mozilla/5.0 AppleWebKit/537.36 (KHTML, like Gecko; compatible; ClaudeBot/1.0; +claudebot@anthropic.com)"
74.7.227.173 - - [11/Apr/2026:07:33:31 +0300] "GET /p/lodge31278314?id=1294572 HTTP/1.0" 404 2091 "https://region-saitov.ru/sitemapa.xml" "Mozilla/5.0 AppleWebKit/537.36 (KHTML, like Gecko; compatible; GPTBot/1.3; +https://openai.com/gptbot)"
34.19.26.93 - - [11/Apr/2026:07:33:29 +0300] "GET //wp1/wp-includes/wlwmanifest.xml HTTP/1.0" 200 158752 "-" "Mozilla/5.0 (Windows NT 10.0; Win64; x64) AppleWebKit/537.36 (KHTML, like Gecko) Chrome/78.0.3904.108 Safari/537.36"
216.73.216.172 - - [11/Apr/2026:07:33:34 +0300] "GET /p/load70618758?id=635016 HTTP/1.0" 404 2091 "-" "Mozilla/5.0 AppleWebKit/537.36 (KHTML, like Gecko; compatible; ClaudeBot/1.0; +claudebot@anthropic.com)"
74.7.227.173 - - [11/Apr/2026:07:33:34 +0300] "GET /p/tissu32510746?id=2527004 HTTP/1.0" 404 2091 "https://region-saitov.ru/sitemapa.xml" "Mozilla/5.0 AppleWebKit/537.36 (KHTML, like Gecko; compatible; GPTBot/1.3; +https://openai.com/gptbot)"
34.19.26.93 - - [11/Apr/2026:07:33:33 +0300] "GET //test/wp-includes/wlwmanifest.xml HTTP/1.0" 200 138696 "-" "Mozilla/5.0 (Windows NT 10.0; Win64; x64) AppleWebKit/537.36 (KHTML, like Gecko) Chrome/78.0.3904.108 Safari/537.36"
216.73.216.172 - - [11/Apr/2026:07:33:37 +0300] "GET /p/there52280652?id=2296910 HTTP/1.0" 404 2091 "-" "Mozilla/5.0 AppleWebKit/537.36 (KHTML, like Gecko; compatible; ClaudeBot/1.0; +claudebot@anthropic.com)"
74.7.227.173 - - [11/Apr/2026:07:33:37 +0300] "GET /p/marbl21262937?id=1279195 HTTP/1.0" 404 2091 "https://region-saitov.ru/sitemapl.xml" "Mozilla/5.0 AppleWebKit/537.36 (KHTML, like Gecko; compatible; GPTBot/1.3; +https://openai.com/gptbot)"
216.73.216.172 - - [11/Apr/2026:07:33:40 +0300] "GET /p/capit51696108?id=1712366 HTTP/1.0" 404 2091 "-" "Mozilla/5.0 AppleWebKit/537.36 (KHTML, like Gecko; compatible; ClaudeBot/1.0; +claudebot@anthropic.com)"
74.7.227.173 - - [11/Apr/2026:07:33:40 +0300] "GET /p/disag82751383?id=2767641 HTTP/1.0" 404 2091 "https://region-saitov.ru/sitemapl.xml" "Mozilla/5.0 AppleWebKit/537.36 (KHTML, like Gecko; compatible; GPTBot/1.3; +https://openai.com/gptbot)"
34.19.26.93 - - [11/Apr/2026:07:33:37 +0300] "GET //media/wp-includes/wlwmanifest.xml HTTP/1.0" 200 96720 "-" "Mozilla/5.0 (Windows NT 10.0; Win64; x64) AppleWebKit/537.36 (KHTML, like Gecko) Chrome/78.0.3904.108 Safari/537.36"
216.73.216.172 - - [11/Apr/2026:07:33:43 +0300] "GET /p/push22576697?id=2592955 HTTP/1.0" 404 2091 "-" "Mozilla/5.0 AppleWebKit/537.36 (KHTML, like Gecko; compatible; ClaudeBot/1.0; +claudebot@anthropic.com)"
74.7.227.173 - - [11/Apr/2026:07:33:44 +0300] "GET /p/spide71289702?id=1305960 HTTP/1.0" 404 2091 "https://region-saitov.ru/sitemaph.xml" "Mozilla/5.0 AppleWebKit/537.36 (KHTML, like Gecko; compatible; GPTBot/1.3; +https://openai.com/gptbot)"
34.19.26.93 - - [11/Apr/2026:07:33:41 +0300] "GET //wp2/wp-includes/wlwmanifest.xml HTTP/1.0" 200 120306 "-" "Mozilla/5.0 (Windows NT 10.0; Win64; x64) AppleWebKit/537.36 (KHTML, like Gecko) Chrome/78.0.3904.108 Safari/537.36"
216.73.216.172 - - [11/Apr/2026:07:33:46 +0300] "GET /p/stuff20594729?id=610987 HTTP/1.0" 404 2091 "-" "Mozilla/5.0 AppleWebKit/537.36 (KHTML, like Gecko; compatible; ClaudeBot/1.0; +claudebot@anthropic.com)"
74.7.227.173 - - [11/Apr/2026:07:33:47 +0300] "GET /p/giant12087392?id=2103650 HTTP/1.0" 404 2091 "https://region-saitov.ru/sitemapn.xml" "Mozilla/5.0 AppleWebKit/537.36 (KHTML, like Gecko; compatible; GPTBot/1.3; +https://openai.com/gptbot)"
34.19.26.93 - - [11/Apr/2026:07:33:45 +0300] "GET //site/wp-includes/wlwmanifest.xml HTTP/1.0" 200 152321 "-" "Mozilla/5.0 (Windows NT 10.0; Win64; x64) AppleWebKit/537.36 (KHTML, like Gecko) Chrome/78.0.3904.108 Safari/537.36"
216.73.216.172 - - [11/Apr/2026:07:33:49 +0300] "GET /p/heada21997681?id=2013939 HTTP/1.0" 404 2091 "-" "Mozilla/5.0 AppleWebKit/537.36 (KHTML, like Gecko; compatible; ClaudeBot/1.0; +claudebot@anthropic.com)"
74.7.227.173 - - [11/Apr/2026:07:33:50 +0300] "GET /p/emper32195450?id=2211708 HTTP/1.0" 404 2091 "https://region-saitov.ru/sitemapc.xml" "Mozilla/5.0 AppleWebKit/537.36 (KHTML, like Gecko; compatible; GPTBot/1.3; +https://openai.com/gptbot)"
34.19.26.93 - - [11/Apr/2026:07:33:49 +0300] "GET //cms/wp-includes/wlwmanifest.xml HTTP/1.0" 200 96813 "-" "Mozilla/5.0 (Windows NT 10.0; Win64; x64) AppleWebKit/537.36 (KHTML, like Gecko) Chrome/78.0.3904.108 Safari/537.36"
74.7.227.173 - - [11/Apr/2026:07:33:53 +0300] "GET /p/salar51243652?id=1259910 HTTP/1.0" 404 2091 "https://region-saitov.ru/sitemapc.xml" "Mozilla/5.0 AppleWebKit/537.36 (KHTML, like Gecko; compatible; GPTBot/1.3; +https://openai.com/gptbot)"
216.73.216.172 - - [11/Apr/2026:07:33:55 +0300] "GET /p/quart60268381?id=284639 HTTP/1.0" 404 2188 "-" "Mozilla/5.0 AppleWebKit/537.36 (KHTML, like Gecko; compatible; ClaudeBot/1.0; +claudebot@anthropic.com)"
34.19.26.93 - - [11/Apr/2026:07:33:53 +0300] "GET //sito/wp-includes/wlwmanifest.xml HTTP/1.0" 200 114476 "-" "Mozilla/5.0 (Windows NT 10.0; Win64; x64) AppleWebKit/537.36 (KHTML, like Gecko) Chrome/78.0.3904.108 Safari/537.36"
74.7.227.173 - - [11/Apr/2026:07:33:56 +0300] "GET /p/false22787321?id=2803579 HTTP/1.0" 404 2091 "https://region-saitov.ru/sitemapm.xml" "Mozilla/5.0 AppleWebKit/537.36 (KHTML, like Gecko; compatible; GPTBot/1.3; +https://openai.com/gptbot)"
34.19.26.93 - - [11/Apr/2026:07:33:57 +0300] "" 400 0 "-" "-"
216.73.216.172 - - [11/Apr/2026:07:33:58 +0300] "GET /p/quick60224021?id=240279 HTTP/1.0" 404 2091 "-" "Mozilla/5.0 AppleWebKit/537.36 (KHTML, like Gecko; compatible; ClaudeBot/1.0; +claudebot@anthropic.com)"
74.7.227.173 - - [11/Apr/2026:07:34:00 +0300] "GET /p/supre22406761?id=2423019 HTTP/1.0" 404 2091 "https://region-saitov.ru/sitemapa.xml" "Mozilla/5.0 AppleWebKit/537.36 (KHTML, like Gecko; compatible; GPTBot/1.3; +https://openai.com/gptbot)"
216.73.216.172 - - [11/Apr/2026:07:34:01 +0300] "GET /p/close50964580?id=980838 HTTP/1.0" 404 2091 "-" "Mozilla/5.0 AppleWebKit/537.36 (KHTML, like Gecko; compatible; ClaudeBot/1.0; +claudebot@anthropic.com)"
74.7.227.173 - - [11/Apr/2026:07:34:03 +0300] "GET /p/enclo21703505?id=1719763 HTTP/1.0" 404 2091 "https://region-saitov.ru/sitemapa.xml" "Mozilla/5.0 AppleWebKit/537.36 (KHTML, like Gecko; compatible; GPTBot/1.3; +https://openai.com/gptbot)"
216.73.216.172 - - [11/Apr/2026:07:34:04 +0300] "GET /p/envir63000341?id=3016599 HTTP/1.0" 404 2091 "-" "Mozilla/5.0 AppleWebKit/537.36 (KHTML, like Gecko; compatible; ClaudeBot/1.0; +claudebot@anthropic.com)"
74.7.227.173 - - [11/Apr/2026:07:34:06 +0300] "GET /p/accus82722391?id=2738649 HTTP/1.0" 404 2091 "https://region-saitov.ru/sitemapl.xml" "Mozilla/5.0 AppleWebKit/537.36 (KHTML, like Gecko; compatible; GPTBot/1.3; +https://openai.com/gptbot)"
216.73.216.172 - - [11/Apr/2026:07:34:07 +0300] "GET /p/brook52270508?id=2286766 HTTP/1.0" 404 2091 "-" "Mozilla/5.0 AppleWebKit/537.36 (KHTML, like Gecko; compatible; ClaudeBot/1.0; +claudebot@anthropic.com)"
74.7.227.173 - - [11/Apr/2026:07:34:09 +0300] "GET /p/defec71723150?id=1739408 HTTP/1.0" 404 2091 "https://region-saitov.ru/sitemapn.xml" "Mozilla/5.0 AppleWebKit/537.36 (KHTML, like Gecko; compatible; GPTBot/1.3; +https://openai.com/gptbot)"
216.73.216.172 - - [11/Apr/2026:07:34:10 +0300] "GET /p/choco21232977?id=1249235 HTTP/1.0" 404 2091 "-" "Mozilla/5.0 AppleWebKit/537.36 (KHTML, like Gecko; compatible; ClaudeBot/1.0; +claudebot@anthropic.com)"
74.7.227.173 - - [11/Apr/2026:07:34:12 +0300] "GET /p/cough71040158?id=1056416 HTTP/1.0" 404 2091 "https://region-saitov.ru/sitemapa.xml" "Mozilla/5.0 AppleWebKit/537.36 (KHTML, like Gecko; compatible; GPTBot/1.3; +https://openai.com/gptbot)"
216.73.216.172 - - [11/Apr/2026:07:34:13 +0300] "GET /p/zigza62209749?id=2226007 HTTP/1.0" 404 2091 "-" "Mozilla/5.0 AppleWebKit/537.36 (KHTML, like Gecko; compatible; ClaudeBot/1.0; +claudebot@anthropic.com)"
74.7.227.173 - - [11/Apr/2026:07:34:15 +0300] "GET /p/heroi32503474?id=2519732 HTTP/1.0" 404 2091 "https://region-saitov.ru/sitemapc.xml" "Mozilla/5.0 AppleWebKit/537.36 (KHTML, like Gecko; compatible; GPTBot/1.3; +https://openai.com/gptbot)"
216.73.216.172 - - [11/Apr/2026:07:34:16 +0300] "GET /p/scrip10083744?id=100002 HTTP/1.0" 404 2091 "-" "Mozilla/5.0 AppleWebKit/537.36 (KHTML, like Gecko; compatible; ClaudeBot/1.0; +claudebot@anthropic.com)"
74.7.227.173 - - [11/Apr/2026:07:34:18 +0300] "GET /p/talen62909605?id=2925863 HTTP/1.0" 404 2091 "https://region-saitov.ru/sitemapf.xml" "Mozilla/5.0 AppleWebKit/537.36 (KHTML, like Gecko; compatible; GPTBot/1.3; +https://openai.com/gptbot)"
216.73.216.172 - - [11/Apr/2026:07:34:19 +0300] "GET /p/safe72609278?id=2625536 HTTP/1.0" 404 2091 "-" "Mozilla/5.0 AppleWebKit/537.36 (KHTML, like Gecko; compatible; ClaudeBot/1.0; +claudebot@anthropic.com)"
74.7.227.173 - - [11/Apr/2026:07:34:21 +0300] "GET /p/shoul11952440?id=1968698 HTTP/1.0" 404 2091 "https://region-saitov.ru/sitemaph.xml" "Mozilla/5.0 AppleWebKit/537.36 (KHTML, like Gecko; compatible; GPTBot/1.3; +https://openai.com/gptbot)"
74.7.227.173 - - [11/Apr/2026:07:34:25 +0300] "GET /p/mutte51862972?id=1879230 HTTP/1.0" 404 2091 "https://region-saitov.ru/sitemapn.xml" "Mozilla/5.0 AppleWebKit/537.36 (KHTML, like Gecko; compatible; GPTBot/1.3; +https://openai.com/gptbot)"
74.7.227.173 - - [11/Apr/2026:07:34:28 +0300] "GET /p/ploug31719586?id=1735844 HTTP/1.0" 404 2091 "https://region-saitov.ru/sitemaph.xml" "Mozilla/5.0 AppleWebKit/537.36 (KHTML, like Gecko; compatible; GPTBot/1.3; +https://openai.com/gptbot)"
74.7.227.173 - - [11/Apr/2026:07:34:31 +0300] "GET /p/trave11921424?id=1937682 HTTP/1.0" 404 2091 "https://region-saitov.ru/sitemapl.xml" "Mozilla/5.0 AppleWebKit/537.36 (KHTML, like Gecko; compatible; GPTBot/1.3; +https://openai.com/gptbot)"
74.7.227.173 - - [11/Apr/2026:07:34:34 +0300] "GET /p/templ30990626?id=1006884 HTTP/1.0" 404 2091 "https://region-saitov.ru/sitemapl.xml" "Mozilla/5.0 AppleWebKit/537.36 (KHTML, like Gecko; compatible; GPTBot/1.3; +https://openai.com/gptbot)"
216.73.216.172 - - [11/Apr/2026:07:34:36 +0300] "GET /p/antic52278124?id=2294382 HTTP/1.0" 404 2188 "-" "Mozilla/5.0 AppleWebKit/537.36 (KHTML, like Gecko; compatible; ClaudeBot/1.0; +claudebot@anthropic.com)"
74.7.227.173 - - [11/Apr/2026:07:34:37 +0300] "GET /p/angle72286966?id=2303224 HTTP/1.0" 404 2091 "https://region-saitov.ru/sitemapk.xml" "Mozilla/5.0 AppleWebKit/537.36 (KHTML, like Gecko; compatible; GPTBot/1.3; +https://openai.com/gptbot)"
216.73.216.172 - - [11/Apr/2026:07:34:38 +0300] "GET /p/preca50715644?id=731902 HTTP/1.0" 404 2091 "-" "Mozilla/5.0 AppleWebKit/537.36 (KHTML, like Gecko; compatible; ClaudeBot/1.0; +claudebot@anthropic.com)"
74.7.227.173 - - [11/Apr/2026:07:34:40 +0300] "GET /p/refor61611037?id=1627295 HTTP/1.0" 404 2091 "https://region-saitov.ru/sitemapk.xml" "Mozilla/5.0 AppleWebKit/537.36 (KHTML, like Gecko; compatible; GPTBot/1.3; +https://openai.com/gptbot)"
216.73.216.172 - - [11/Apr/2026:07:34:41 +0300] "GET /p/ridge72123014?id=2139272 HTTP/1.0" 404 2091 "-" "Mozilla/5.0 AppleWebKit/537.36 (KHTML, like Gecko; compatible; ClaudeBot/1.0; +claudebot@anthropic.com)"
74.7.227.173 - - [11/Apr/2026:07:34:43 +0300] "GET /p/naked42071379?id=2087637 HTTP/1.0" 404 2091 "https://region-saitov.ru/sitemapf.xml" "Mozilla/5.0 AppleWebKit/537.36 (KHTML, like Gecko; compatible; GPTBot/1.3; +https://openai.com/gptbot)"
216.73.216.172 - - [11/Apr/2026:07:34:44 +0300] "GET /p/cool80784231?id=800489 HTTP/1.0" 404 2091 "-" "Mozilla/5.0 AppleWebKit/537.36 (KHTML, like Gecko; compatible; ClaudeBot/1.0; +claudebot@anthropic.com)"
74.7.227.173 - - [11/Apr/2026:07:34:47 +0300] "GET /p/baker42286347?id=2302605 HTTP/1.0" 404 2091 "https://region-saitov.ru/sitemapn.xml" "Mozilla/5.0 AppleWebKit/537.36 (KHTML, like Gecko; compatible; GPTBot/1.3; +https://openai.com/gptbot)"
216.73.216.172 - - [11/Apr/2026:07:34:47 +0300] "GET /p/set30001698?id=17956 HTTP/1.0" 404 2091 "-" "Mozilla/5.0 AppleWebKit/537.36 (KHTML, like Gecko; compatible; ClaudeBot/1.0; +claudebot@anthropic.com)"
74.7.227.173 - - [11/Apr/2026:07:34:50 +0300] "GET /p/snowy21008105?id=1024363 HTTP/1.0" 404 2091 "https://region-saitov.ru/sitemapf.xml" "Mozilla/5.0 AppleWebKit/537.36 (KHTML, like Gecko; compatible; GPTBot/1.3; +https://openai.com/gptbot)"
216.73.216.172 - - [11/Apr/2026:07:34:50 +0300] "GET /p/intro11540464?id=1556722 HTTP/1.0" 404 2091 "-" "Mozilla/5.0 AppleWebKit/537.36 (KHTML, like Gecko; compatible; ClaudeBot/1.0; +claudebot@anthropic.com)"
89.111.141.101 - - [11/Apr/2026:07:34:50 +0300] "GET / HTTP/1.0" 200 273999 "-" "https://reg.ru monitoring abuse@reg.ru"
74.7.227.173 - - [11/Apr/2026:07:34:53 +0300] "GET /p/versi71458110?id=1474368 HTTP/1.0" 404 2091 "https://region-saitov.ru/sitemapk.xml" "Mozilla/5.0 AppleWebKit/537.36 (KHTML, like Gecko; compatible; GPTBot/1.3; +https://openai.com/gptbot)"
