216.73.216.172 - - [11/Apr/2026:08:03:17 +0300] "GET /p/toil42863899?id=2880157 HTTP/1.0" 404 2091 "-" "Mozilla/5.0 AppleWebKit/537.36 (KHTML, like Gecko; compatible; ClaudeBot/1.0; +claudebot@anthropic.com)"
216.73.216.172 - - [11/Apr/2026:08:03:20 +0300] "GET /p/stati60940605?id=956863 HTTP/1.0" 404 2091 "-" "Mozilla/5.0 AppleWebKit/537.36 (KHTML, like Gecko; compatible; ClaudeBot/1.0; +claudebot@anthropic.com)"
74.7.227.173 - - [11/Apr/2026:08:03:20 +0300] "GET /p/excur31679386?id=1695644 HTTP/1.0" 404 2188 "https://region-saitov.ru/sitemapk.xml" "Mozilla/5.0 AppleWebKit/537.36 (KHTML, like Gecko; compatible; GPTBot/1.3; +https://openai.com/gptbot)"
95.78.63.164 - - [11/Apr/2026:08:03:23 +0300] "GET /rs-white.png HTTP/1.1" 200 2176 "https://dks.riat.ru/" "Mozilla/5.0 (Windows NT 10.0; Win64; x64) AppleWebKit/537.36 (KHTML, like Gecko) Chrome/144.0.0.0 YaBrowser/26.3.0.0 Safari/537.36"
74.7.227.173 - - [11/Apr/2026:08:03:23 +0300] "GET /p/entry82763127?id=2779385 HTTP/1.0" 404 2091 "https://region-saitov.ru/sitemaph.xml" "Mozilla/5.0 AppleWebKit/537.36 (KHTML, like Gecko; compatible; GPTBot/1.3; +https://openai.com/gptbot)"
216.73.216.172 - - [11/Apr/2026:08:03:26 +0300] "GET /p/chamb10851400?id=867658 HTTP/1.0" 404 2188 "-" "Mozilla/5.0 AppleWebKit/537.36 (KHTML, like Gecko; compatible; ClaudeBot/1.0; +claudebot@anthropic.com)"
74.7.227.173 - - [11/Apr/2026:08:03:27 +0300] "GET /p/flame21191569?id=1207827 HTTP/1.0" 404 2091 "https://region-saitov.ru/sitemapk.xml" "Mozilla/5.0 AppleWebKit/537.36 (KHTML, like Gecko; compatible; GPTBot/1.3; +https://openai.com/gptbot)"
216.73.216.172 - - [11/Apr/2026:08:03:29 +0300] "GET /p/hunt72223110?id=2239368 HTTP/1.0" 404 2091 "-" "Mozilla/5.0 AppleWebKit/537.36 (KHTML, like Gecko; compatible; ClaudeBot/1.0; +claudebot@anthropic.com)"
74.7.227.173 - - [11/Apr/2026:08:03:30 +0300] "GET /p/speec81581207?id=1597465 HTTP/1.0" 404 2091 "https://region-saitov.ru/sitemapa.xml" "Mozilla/5.0 AppleWebKit/537.36 (KHTML, like Gecko; compatible; GPTBot/1.3; +https://openai.com/gptbot)"
216.73.216.172 - - [11/Apr/2026:08:03:32 +0300] "GET /p/mars11449640?id=1465898 HTTP/1.0" 404 2091 "-" "Mozilla/5.0 AppleWebKit/537.36 (KHTML, like Gecko; compatible; ClaudeBot/1.0; +claudebot@anthropic.com)"
74.7.227.173 - - [11/Apr/2026:08:03:33 +0300] "GET /p/namel71782398?id=1798656 HTTP/1.0" 404 2091 "https://region-saitov.ru/sitemapk.xml" "Mozilla/5.0 AppleWebKit/537.36 (KHTML, like Gecko; compatible; GPTBot/1.3; +https://openai.com/gptbot)"
216.73.216.172 - - [11/Apr/2026:08:03:35 +0300] "GET /p/late12972880?id=2989138 HTTP/1.0" 404 2091 "-" "Mozilla/5.0 AppleWebKit/537.36 (KHTML, like Gecko; compatible; ClaudeBot/1.0; +claudebot@anthropic.com)"
74.7.227.173 - - [11/Apr/2026:08:03:36 +0300] "GET /p/reaso61005613?id=1021871 HTTP/1.0" 404 2091 "https://region-saitov.ru/sitemape.xml" "Mozilla/5.0 AppleWebKit/537.36 (KHTML, like Gecko; compatible; GPTBot/1.3; +https://openai.com/gptbot)"
216.73.216.172 - - [11/Apr/2026:08:03:38 +0300] "GET /p/curve41355643?id=1371901 HTTP/1.0" 404 2091 "-" "Mozilla/5.0 AppleWebKit/537.36 (KHTML, like Gecko; compatible; ClaudeBot/1.0; +claudebot@anthropic.com)"
74.7.227.173 - - [11/Apr/2026:08:03:39 +0300] "GET /p/under82488351?id=2504609 HTTP/1.0" 404 2091 "https://region-saitov.ru/sitemapc.xml" "Mozilla/5.0 AppleWebKit/537.36 (KHTML, like Gecko; compatible; GPTBot/1.3; +https://openai.com/gptbot)"
72.56.68.188 - - [11/Apr/2026:08:03:40 +0300] "GET /rs-grey.png HTTP/1.1" 200 2424 "https://xn--7-9sbeamc3b1argoh9m.xn--p1ai/" "Mozilla/5.0 (iPhone; CPU iPhone OS 18_7 like Mac OS X) AppleWebKit/605.1.15 (KHTML, like Gecko) Version/26.3 Mobile/15E148 Safari/604.1"
216.73.216.172 - - [11/Apr/2026:08:03:41 +0300] "GET /p/desse32297554?id=2313812 HTTP/1.0" 404 2091 "-" "Mozilla/5.0 AppleWebKit/537.36 (KHTML, like Gecko; compatible; ClaudeBot/1.0; +claudebot@anthropic.com)"
74.7.227.173 - - [11/Apr/2026:08:03:42 +0300] "GET /p/summe72305478?id=2321736 HTTP/1.0" 404 2091 "https://region-saitov.ru/sitemapc.xml" "Mozilla/5.0 AppleWebKit/537.36 (KHTML, like Gecko; compatible; GPTBot/1.3; +https://openai.com/gptbot)"
92.222.108.121 - - [11/Apr/2026:08:03:43 +0300] "GET /p/wile52231908?id=2248166 HTTP/1.0" 404 2188 "-" "Mozilla/5.0 (compatible; AhrefsBot/7.0; +http://ahrefs.com/robot/)"
216.73.216.172 - - [11/Apr/2026:08:03:44 +0300] "GET /p/borin30781266?id=797524 HTTP/1.0" 404 2091 "-" "Mozilla/5.0 AppleWebKit/537.36 (KHTML, like Gecko; compatible; ClaudeBot/1.0; +claudebot@anthropic.com)"
74.7.227.173 - - [11/Apr/2026:08:03:46 +0300] "GET /p/score72861302?id=2877560 HTTP/1.0" 404 2091 "https://region-saitov.ru/sitemapn.xml" "Mozilla/5.0 AppleWebKit/537.36 (KHTML, like Gecko; compatible; GPTBot/1.3; +https://openai.com/gptbot)"
216.73.216.172 - - [11/Apr/2026:08:03:47 +0300] "GET /p/circu40830115?id=846373 HTTP/1.0" 404 2091 "-" "Mozilla/5.0 AppleWebKit/537.36 (KHTML, like Gecko; compatible; ClaudeBot/1.0; +claudebot@anthropic.com)"
74.7.227.173 - - [11/Apr/2026:08:03:49 +0300] "GET /p/forum22414129?id=2430387 HTTP/1.0" 404 2091 "https://region-saitov.ru/sitemapf.xml" "Mozilla/5.0 AppleWebKit/537.36 (KHTML, like Gecko; compatible; GPTBot/1.3; +https://openai.com/gptbot)"
216.73.216.172 - - [11/Apr/2026:08:03:50 +0300] "GET /p/desk12041768?id=2058026 HTTP/1.0" 404 2091 "-" "Mozilla/5.0 AppleWebKit/537.36 (KHTML, like Gecko; compatible; ClaudeBot/1.0; +claudebot@anthropic.com)"
74.7.227.173 - - [11/Apr/2026:08:03:52 +0300] "GET /p/stare42843683?id=2859941 HTTP/1.0" 404 2091 "https://region-saitov.ru/sitemape.xml" "Mozilla/5.0 AppleWebKit/537.36 (KHTML, like Gecko; compatible; GPTBot/1.3; +https://openai.com/gptbot)"
216.73.216.172 - - [11/Apr/2026:08:03:53 +0300] "GET /p/kitch21380177?id=1396435 HTTP/1.0" 404 2091 "-" "Mozilla/5.0 AppleWebKit/537.36 (KHTML, like Gecko; compatible; ClaudeBot/1.0; +claudebot@anthropic.com)"
74.7.227.173 - - [11/Apr/2026:08:03:55 +0300] "GET /p/trump11826520?id=1842778 HTTP/1.0" 404 2091 "https://region-saitov.ru/sitemape.xml" "Mozilla/5.0 AppleWebKit/537.36 (KHTML, like Gecko; compatible; GPTBot/1.3; +https://openai.com/gptbot)"
13.58.214.37 - - [11/Apr/2026:08:03:56 +0300] "GET /robots.txt HTTP/1.0" 200 420 "-" "Mozilla/5.0 (Macintosh; Intel Mac OS X 10_15_7) AppleWebKit/537.36 (KHTML, like Gecko) Chrome/131.0.0.0 Safari/537.36; ClaudeBot/1.0; +claudebot@anthropic.com)"
216.73.216.172 - - [11/Apr/2026:08:03:56 +0300] "GET /p/refer22006809?id=2023067 HTTP/1.0" 404 2091 "-" "Mozilla/5.0 AppleWebKit/537.36 (KHTML, like Gecko; compatible; ClaudeBot/1.0; +claudebot@anthropic.com)"
13.58.214.37 - - [11/Apr/2026:08:03:56 +0300] "GET /rs-white.png HTTP/1.1" 200 2176 "https://dks.riat.ru/novyj-urengoj/politika-konfidentsialnosti" "Mozilla/5.0 (Macintosh; Intel Mac OS X 10_15_7) AppleWebKit/537.36 (KHTML, like Gecko) Chrome/131.0.0.0 Safari/537.36; ClaudeBot/1.0; +claudebot@anthropic.com)"
74.7.227.173 - - [11/Apr/2026:08:03:58 +0300] "GET /p/shave51618612?id=1634870 HTTP/1.0" 404 2091 "https://region-saitov.ru/sitemapa.xml" "Mozilla/5.0 AppleWebKit/537.36 (KHTML, like Gecko; compatible; GPTBot/1.3; +https://openai.com/gptbot)"
216.73.216.172 - - [11/Apr/2026:08:03:59 +0300] "GET /p/headl61751013?id=1767271 HTTP/1.0" 404 2091 "-" "Mozilla/5.0 AppleWebKit/537.36 (KHTML, like Gecko; compatible; ClaudeBot/1.0; +claudebot@anthropic.com)"
74.7.227.173 - - [11/Apr/2026:08:04:01 +0300] "GET /p/hotel21748673?id=1764931 HTTP/1.0" 404 2091 "https://region-saitov.ru/sitemapn.xml" "Mozilla/5.0 AppleWebKit/537.36 (KHTML, like Gecko; compatible; GPTBot/1.3; +https://openai.com/gptbot)"
216.73.216.172 - - [11/Apr/2026:08:04:02 +0300] "GET /p/unabl50529396?id=545654 HTTP/1.0" 404 2091 "-" "Mozilla/5.0 AppleWebKit/537.36 (KHTML, like Gecko; compatible; ClaudeBot/1.0; +claudebot@anthropic.com)"
74.7.227.173 - - [11/Apr/2026:08:04:04 +0300] "GET /p/namel71970398?id=1986656 HTTP/1.0" 404 2091 "https://region-saitov.ru/sitemapl.xml" "Mozilla/5.0 AppleWebKit/537.36 (KHTML, like Gecko; compatible; GPTBot/1.3; +https://openai.com/gptbot)"
216.73.216.172 - - [11/Apr/2026:08:04:05 +0300] "GET /p/immig70155206?id=171464 HTTP/1.0" 404 2091 "-" "Mozilla/5.0 AppleWebKit/537.36 (KHTML, like Gecko; compatible; ClaudeBot/1.0; +claudebot@anthropic.com)"
74.7.227.173 - - [11/Apr/2026:08:04:07 +0300] "GET /p/enter51237308?id=1253566 HTTP/1.0" 404 2091 "https://region-saitov.ru/sitemapb.xml" "Mozilla/5.0 AppleWebKit/537.36 (KHTML, like Gecko; compatible; GPTBot/1.3; +https://openai.com/gptbot)"
216.73.216.172 - - [11/Apr/2026:08:04:08 +0300] "GET /p/athle52498908?id=2515166 HTTP/1.0" 404 2091 "-" "Mozilla/5.0 AppleWebKit/537.36 (KHTML, like Gecko; compatible; ClaudeBot/1.0; +claudebot@anthropic.com)"
46.246.126.191 - - [11/Apr/2026:08:04:10 +0300] "GET / HTTP/1.1" 301 196 "-" "Mozilla/5.0 (compatible; MSIE 10.0; Windows NT 6.1; Trident/6.0)"
74.7.227.173 - - [11/Apr/2026:08:04:11 +0300] "GET /p/tough82853927?id=2870185 HTTP/1.0" 404 2091 "https://region-saitov.ru/sitemapf.xml" "Mozilla/5.0 AppleWebKit/537.36 (KHTML, like Gecko; compatible; GPTBot/1.3; +https://openai.com/gptbot)"
216.73.216.172 - - [11/Apr/2026:08:04:11 +0300] "GET /p/tame50515212?id=531470 HTTP/1.0" 404 2091 "-" "Mozilla/5.0 AppleWebKit/537.36 (KHTML, like Gecko; compatible; ClaudeBot/1.0; +claudebot@anthropic.com)"
46.246.126.191 - - [11/Apr/2026:08:04:13 +0300] "GET / HTTP/1.1" 301 196 "-" "Mozilla/5.0 (X11; Linux i686; rv:45.0) Gecko/20100101 Firefox/45.0"
74.7.227.173 - - [11/Apr/2026:08:04:14 +0300] "GET /p/waist71063766?id=1080024 HTTP/1.0" 404 2091 "https://region-saitov.ru/sitemaph.xml" "Mozilla/5.0 AppleWebKit/537.36 (KHTML, like Gecko; compatible; GPTBot/1.3; +https://openai.com/gptbot)"
216.73.216.172 - - [11/Apr/2026:08:04:14 +0300] "GET /p/round10256584?id=272842 HTTP/1.0" 404 2091 "-" "Mozilla/5.0 AppleWebKit/537.36 (KHTML, like Gecko; compatible; ClaudeBot/1.0; +claudebot@anthropic.com)"
46.246.126.191 - - [11/Apr/2026:08:04:14 +0300] "GET / HTTP/1.0" 200 24117 "-" "Mozilla/5.0 (X11; Linux i686; rv:45.0) Gecko/20100101 Firefox/45.0"
216.73.216.172 - - [11/Apr/2026:08:04:17 +0300] "GET /p/king52732316?id=2748574 HTTP/1.0" 404 2091 "-" "Mozilla/5.0 AppleWebKit/537.36 (KHTML, like Gecko; compatible; ClaudeBot/1.0; +claudebot@anthropic.com)"
74.7.227.173 - - [11/Apr/2026:08:04:17 +0300] "GET /p/liver62883053?id=2899311 HTTP/1.0" 404 2091 "https://region-saitov.ru/sitemapl.xml" "Mozilla/5.0 AppleWebKit/537.36 (KHTML, like Gecko; compatible; GPTBot/1.3; +https://openai.com/gptbot)"
216.73.216.172 - - [11/Apr/2026:08:04:20 +0300] "GET /p/claus32803674?id=2819932 HTTP/1.0" 404 2091 "-" "Mozilla/5.0 AppleWebKit/537.36 (KHTML, like Gecko; compatible; ClaudeBot/1.0; +claudebot@anthropic.com)"
74.7.227.173 - - [11/Apr/2026:08:04:20 +0300] "GET /p/chara52409508?id=2425766 HTTP/1.0" 404 2091 "https://region-saitov.ru/sitemapb.xml" "Mozilla/5.0 AppleWebKit/537.36 (KHTML, like Gecko; compatible; GPTBot/1.3; +https://openai.com/gptbot)"
216.73.216.172 - - [11/Apr/2026:08:04:23 +0300] "GET /p/consp82126351?id=2142609 HTTP/1.0" 404 2091 "-" "Mozilla/5.0 AppleWebKit/537.36 (KHTML, like Gecko; compatible; ClaudeBot/1.0; +claudebot@anthropic.com)"
74.7.227.173 - - [11/Apr/2026:08:04:23 +0300] "GET /p/incre72089254?id=2105512 HTTP/1.0" 404 2091 "https://region-saitov.ru/sitemape.xml" "Mozilla/5.0 AppleWebKit/537.36 (KHTML, like Gecko; compatible; GPTBot/1.3; +https://openai.com/gptbot)"
216.73.216.172 - - [11/Apr/2026:08:04:26 +0300] "GET /p/amate11463720?id=1479978 HTTP/1.0" 404 2091 "-" "Mozilla/5.0 AppleWebKit/537.36 (KHTML, like Gecko; compatible; ClaudeBot/1.0; +claudebot@anthropic.com)"
74.7.227.173 - - [11/Apr/2026:08:04:26 +0300] "GET /p/jewis12638600?id=2654858 HTTP/1.0" 404 2091 "https://region-saitov.ru/sitemape.xml" "Mozilla/5.0 AppleWebKit/537.36 (KHTML, like Gecko; compatible; GPTBot/1.3; +https://openai.com/gptbot)"
216.73.216.172 - - [11/Apr/2026:08:04:29 +0300] "GET /p/overc82488247?id=2504505 HTTP/1.0" 404 2091 "-" "Mozilla/5.0 AppleWebKit/537.36 (KHTML, like Gecko; compatible; ClaudeBot/1.0; +claudebot@anthropic.com)"
74.7.227.173 - - [11/Apr/2026:08:04:30 +0300] "GET /p/crawl61607357?id=1623615 HTTP/1.0" 404 2091 "https://region-saitov.ru/sitemapn.xml" "Mozilla/5.0 AppleWebKit/537.36 (KHTML, like Gecko; compatible; GPTBot/1.3; +https://openai.com/gptbot)"
216.73.216.172 - - [11/Apr/2026:08:04:32 +0300] "GET /p/sales60019693?id=35951 HTTP/1.0" 404 2091 "-" "Mozilla/5.0 AppleWebKit/537.36 (KHTML, like Gecko; compatible; ClaudeBot/1.0; +claudebot@anthropic.com)"
74.7.227.173 - - [11/Apr/2026:08:04:33 +0300] "GET /p/eleva31457530?id=1473788 HTTP/1.0" 404 2091 "https://region-saitov.ru/sitemapi.xml" "Mozilla/5.0 AppleWebKit/537.36 (KHTML, like Gecko; compatible; GPTBot/1.3; +https://openai.com/gptbot)"
46.246.126.191 - - [11/Apr/2026:08:04:34 +0300] "POST /?task=Include&option=com_ajax&file=nrinlinefileupload&format=raw&path=plugins%2Fsystem%2Fnrframework%2Ffields%2F&plugin=nrframework&class=JFormFieldNRInlineFileUpload&44b39e6283bdfab2367924358eb0804f=1 HTTP/1.0" 200 401 "https://region-saitov.ru:443/" "Mozilla/5.0 (X11; Linux i686; rv:45.0) Gecko/20100101 Firefox/45.0"
46.246.126.191 - - [11/Apr/2026:08:04:36 +0300] "GET /169d9d6626fe11_591afca4b366.shtml HTTP/1.0" 200 488 "https://region-saitov.ru:443/?task=Include&option=com_ajax&file=nrinlinefileupload&format=raw&path=plugins%2Fsystem%2Fnrframework%2Ffields%2F&plugin=nrframework&class=JFormFieldNRInlineFileUpload&44b39e6283bdfab2367924358eb0804f=1" "Mozilla/5.0 (X11; Linux i686; rv:45.0) Gecko/20100101 Firefox/45.0"
46.246.126.191 - - [11/Apr/2026:08:04:36 +0300] "GET /591afca4b366.php HTTP/1.0" 403 487 "https://region-saitov.ru:443/169d9d6626fe11_591afca4b366.shtml" "Mozilla/5.0 (X11; Linux i686; rv:45.0) Gecko/20100101 Firefox/45.0"
74.7.227.173 - - [11/Apr/2026:08:04:36 +0300] "GET /p/facul32771050?id=2787308 HTTP/1.0" 404 2091 "https://region-saitov.ru/sitemapk.xml" "Mozilla/5.0 AppleWebKit/537.36 (KHTML, like Gecko; compatible; GPTBot/1.3; +https://openai.com/gptbot)"
216.73.216.172 - - [11/Apr/2026:08:04:36 +0300] "GET /p/estat41983747?id=2000005 HTTP/1.0" 404 2188 "-" "Mozilla/5.0 AppleWebKit/537.36 (KHTML, like Gecko; compatible; ClaudeBot/1.0; +claudebot@anthropic.com)"
216.73.216.172 - - [11/Apr/2026:08:04:38 +0300] "GET /p/nest70782486?id=798744 HTTP/1.0" 404 2091 "-" "Mozilla/5.0 AppleWebKit/537.36 (KHTML, like Gecko; compatible; ClaudeBot/1.0; +claudebot@anthropic.com)"
74.7.227.173 - - [11/Apr/2026:08:04:39 +0300] "GET /p/aware12593856?id=2610114 HTTP/1.0" 404 2091 "https://region-saitov.ru/sitemapm.xml" "Mozilla/5.0 AppleWebKit/537.36 (KHTML, like Gecko; compatible; GPTBot/1.3; +https://openai.com/gptbot)"
216.73.216.172 - - [11/Apr/2026:08:04:41 +0300] "GET /p/overs81001783?id=1018041 HTTP/1.0" 404 2091 "-" "Mozilla/5.0 AppleWebKit/537.36 (KHTML, like Gecko; compatible; ClaudeBot/1.0; +claudebot@anthropic.com)"
74.7.227.173 - - [11/Apr/2026:08:04:42 +0300] "GET /p/steel11256920?id=1273178 HTTP/1.0" 404 2091 "https://region-saitov.ru/sitemapc.xml" "Mozilla/5.0 AppleWebKit/537.36 (KHTML, like Gecko; compatible; GPTBot/1.3; +https://openai.com/gptbot)"
216.73.216.172 - - [11/Apr/2026:08:04:44 +0300] "GET /p/eight22828241?id=2844499 HTTP/1.0" 404 2091 "-" "Mozilla/5.0 AppleWebKit/537.36 (KHTML, like Gecko; compatible; ClaudeBot/1.0; +claudebot@anthropic.com)"
74.7.227.173 - - [11/Apr/2026:08:04:45 +0300] "GET /p/repai71149054?id=1165312 HTTP/1.0" 404 2091 "https://region-saitov.ru/sitemapf.xml" "Mozilla/5.0 AppleWebKit/537.36 (KHTML, like Gecko; compatible; GPTBot/1.3; +https://openai.com/gptbot)"
216.73.216.172 - - [11/Apr/2026:08:04:47 +0300] "GET /p/geniu42414859?id=2431117 HTTP/1.0" 404 2091 "-" "Mozilla/5.0 AppleWebKit/537.36 (KHTML, like Gecko; compatible; ClaudeBot/1.0; +claudebot@anthropic.com)"
74.7.227.173 - - [11/Apr/2026:08:04:48 +0300] "GET /p/absor42602043?id=2618301 HTTP/1.0" 404 2091 "https://region-saitov.ru/sitemape.xml" "Mozilla/5.0 AppleWebKit/537.36 (KHTML, like Gecko; compatible; GPTBot/1.3; +https://openai.com/gptbot)"
216.73.216.172 - - [11/Apr/2026:08:04:50 +0300] "GET /p/unint80150127?id=166385 HTTP/1.0" 404 2091 "-" "Mozilla/5.0 AppleWebKit/537.36 (KHTML, like Gecko; compatible; ClaudeBot/1.0; +claudebot@anthropic.com)"
74.7.227.173 - - [11/Apr/2026:08:04:51 +0300] "GET /p/sched82394271?id=2410529 HTTP/1.0" 404 2091 "https://region-saitov.ru/sitemapc.xml" "Mozilla/5.0 AppleWebKit/537.36 (KHTML, like Gecko; compatible; GPTBot/1.3; +https://openai.com/gptbot)"
216.73.216.172 - - [11/Apr/2026:08:04:53 +0300] "GET /p/churc22208425?id=2224683 HTTP/1.0" 404 2091 "-" "Mozilla/5.0 AppleWebKit/537.36 (KHTML, like Gecko; compatible; ClaudeBot/1.0; +claudebot@anthropic.com)"
74.7.227.173 - - [11/Apr/2026:08:04:55 +0300] "GET /p/denti21824465?id=1840723 HTTP/1.0" 404 2091 "https://region-saitov.ru/sitemapb.xml" "Mozilla/5.0 AppleWebKit/537.36 (KHTML, like Gecko; compatible; GPTBot/1.3; +https://openai.com/gptbot)"
216.73.216.172 - - [11/Apr/2026:08:04:56 +0300] "GET /p/elimi72309990?id=2326248 HTTP/1.0" 404 2091 "-" "Mozilla/5.0 AppleWebKit/537.36 (KHTML, like Gecko; compatible; ClaudeBot/1.0; +claudebot@anthropic.com)"
74.7.227.173 - - [11/Apr/2026:08:04:58 +0300] "GET /p/reput11294016?id=1310274 HTTP/1.0" 404 2091 "https://region-saitov.ru/sitemapb.xml" "Mozilla/5.0 AppleWebKit/537.36 (KHTML, like Gecko; compatible; GPTBot/1.3; +https://openai.com/gptbot)"
216.73.216.172 - - [11/Apr/2026:08:04:59 +0300] "GET /p/argue81345775?id=1362033 HTTP/1.0" 404 2091 "-" "Mozilla/5.0 AppleWebKit/537.36 (KHTML, like Gecko; compatible; ClaudeBot/1.0; +claudebot@anthropic.com)"
74.7.227.173 - - [11/Apr/2026:08:05:01 +0300] "GET /p/invit51920780?id=1937038 HTTP/1.0" 404 2091 "https://region-saitov.ru/sitemapl.xml" "Mozilla/5.0 AppleWebKit/537.36 (KHTML, like Gecko; compatible; GPTBot/1.3; +https://openai.com/gptbot)"
216.73.216.172 - - [11/Apr/2026:08:05:02 +0300] "GET /p/sunsh32147722?id=2163980 HTTP/1.0" 404 2091 "-" "Mozilla/5.0 AppleWebKit/537.36 (KHTML, like Gecko; compatible; ClaudeBot/1.0; +claudebot@anthropic.com)"
74.7.227.173 - - [11/Apr/2026:08:05:04 +0300] "GET /p/neigh21269617?id=1285875 HTTP/1.0" 404 2091 "https://region-saitov.ru/sitemaph.xml" "Mozilla/5.0 AppleWebKit/537.36 (KHTML, like Gecko; compatible; GPTBot/1.3; +https://openai.com/gptbot)"
216.73.216.172 - - [11/Apr/2026:08:05:05 +0300] "GET /p/ridge71043014?id=1059272 HTTP/1.0" 404 2091 "-" "Mozilla/5.0 AppleWebKit/537.36 (KHTML, like Gecko; compatible; ClaudeBot/1.0; +claudebot@anthropic.com)"
74.7.227.173 - - [11/Apr/2026:08:05:07 +0300] "GET /p/mothe12892160?id=2908418 HTTP/1.0" 404 2091 "https://region-saitov.ru/sitemaph.xml" "Mozilla/5.0 AppleWebKit/537.36 (KHTML, like Gecko; compatible; GPTBot/1.3; +https://openai.com/gptbot)"
216.73.216.172 - - [11/Apr/2026:08:05:08 +0300] "GET /p/man12181480?id=2197738 HTTP/1.0" 404 2091 "-" "Mozilla/5.0 AppleWebKit/537.36 (KHTML, like Gecko; compatible; ClaudeBot/1.0; +claudebot@anthropic.com)"
74.7.227.173 - - [11/Apr/2026:08:05:11 +0300] "GET /p/embas52603812?id=2620070 HTTP/1.0" 404 2091 "https://region-saitov.ru/sitemapa.xml" "Mozilla/5.0 AppleWebKit/537.36 (KHTML, like Gecko; compatible; GPTBot/1.3; +https://openai.com/gptbot)"
216.73.216.172 - - [11/Apr/2026:08:05:11 +0300] "GET /p/faint51470740?id=1486998 HTTP/1.0" 404 2091 "-" "Mozilla/5.0 AppleWebKit/537.36 (KHTML, like Gecko; compatible; ClaudeBot/1.0; +claudebot@anthropic.com)"
74.7.227.173 - - [11/Apr/2026:08:05:14 +0300] "GET /p/novel22439417?id=2455675 HTTP/1.0" 404 2091 "https://region-saitov.ru/sitemapm.xml" "Mozilla/5.0 AppleWebKit/537.36 (KHTML, like Gecko; compatible; GPTBot/1.3; +https://openai.com/gptbot)"
216.73.216.172 - - [11/Apr/2026:08:05:14 +0300] "GET /p/shore62371645?id=2387903 HTTP/1.0" 404 2091 "-" "Mozilla/5.0 AppleWebKit/537.36 (KHTML, like Gecko; compatible; ClaudeBot/1.0; +claudebot@anthropic.com)"
74.7.227.173 - - [11/Apr/2026:08:05:17 +0300] "GET /p/forty42864155?id=2880413 HTTP/1.0" 404 2091 "https://region-saitov.ru/sitemape.xml" "Mozilla/5.0 AppleWebKit/537.36 (KHTML, like Gecko; compatible; GPTBot/1.3; +https://openai.com/gptbot)"
216.73.216.172 - - [11/Apr/2026:08:05:17 +0300] "GET /p/afrai80004607?id=20865 HTTP/1.0" 404 2091 "-" "Mozilla/5.0 AppleWebKit/537.36 (KHTML, like Gecko; compatible; ClaudeBot/1.0; +claudebot@anthropic.com)"
74.7.227.173 - - [11/Apr/2026:08:05:20 +0300] "GET /p/secon81356615?id=1372873 HTTP/1.0" 404 2091 "https://region-saitov.ru/sitemape.xml" "Mozilla/5.0 AppleWebKit/537.36 (KHTML, like Gecko; compatible; GPTBot/1.3; +https://openai.com/gptbot)"
216.73.216.172 - - [11/Apr/2026:08:05:20 +0300] "GET /p/dropo72605910?id=2622168 HTTP/1.0" 404 2091 "-" "Mozilla/5.0 AppleWebKit/537.36 (KHTML, like Gecko; compatible; ClaudeBot/1.0; +claudebot@anthropic.com)"
216.73.216.172 - - [11/Apr/2026:08:05:23 +0300] "GET /p/favou30230586?id=246844 HTTP/1.0" 404 2091 "-" "Mozilla/5.0 AppleWebKit/537.36 (KHTML, like Gecko; compatible; ClaudeBot/1.0; +claudebot@anthropic.com)"
74.7.227.173 - - [11/Apr/2026:08:05:23 +0300] "GET /p/dairy61582789?id=1599047 HTTP/1.0" 404 2091 "https://region-saitov.ru/sitemapn.xml" "Mozilla/5.0 AppleWebKit/537.36 (KHTML, like Gecko; compatible; GPTBot/1.3; +https://openai.com/gptbot)"
216.73.216.172 - - [11/Apr/2026:08:05:26 +0300] "GET /p/artic41320475?id=1336733 HTTP/1.0" 404 2091 "-" "Mozilla/5.0 AppleWebKit/537.36 (KHTML, like Gecko; compatible; ClaudeBot/1.0; +claudebot@anthropic.com)"
74.7.227.173 - - [11/Apr/2026:08:05:27 +0300] "GET /p/diame42286731?id=2302989 HTTP/1.0" 404 2091 "https://region-saitov.ru/sitemapk.xml" "Mozilla/5.0 AppleWebKit/537.36 (KHTML, like Gecko; compatible; GPTBot/1.3; +https://openai.com/gptbot)"
216.73.216.172 - - [11/Apr/2026:08:05:29 +0300] "GET /p/lore12527856?id=2544114 HTTP/1.0" 404 2091 "-" "Mozilla/5.0 AppleWebKit/537.36 (KHTML, like Gecko; compatible; ClaudeBot/1.0; +claudebot@anthropic.com)"
74.7.227.173 - - [11/Apr/2026:08:05:30 +0300] "GET /p/anyho41619243?id=1635501 HTTP/1.0" 404 2091 "https://region-saitov.ru/sitemapi.xml" "Mozilla/5.0 AppleWebKit/537.36 (KHTML, like Gecko; compatible; GPTBot/1.3; +https://openai.com/gptbot)"
216.73.216.172 - - [11/Apr/2026:08:05:32 +0300] "GET /p/badmi72447270?id=2463528 HTTP/1.0" 404 2091 "-" "Mozilla/5.0 AppleWebKit/537.36 (KHTML, like Gecko; compatible; ClaudeBot/1.0; +claudebot@anthropic.com)"
74.7.227.173 - - [11/Apr/2026:08:05:33 +0300] "GET /p/eagle52671396?id=2687654 HTTP/1.0" 404 2091 "https://region-saitov.ru/sitemapf.xml" "Mozilla/5.0 AppleWebKit/537.36 (KHTML, like Gecko; compatible; GPTBot/1.3; +https://openai.com/gptbot)"
216.73.216.172 - - [11/Apr/2026:08:05:35 +0300] "GET /p/coach61792973?id=1809231 HTTP/1.0" 404 2091 "-" "Mozilla/5.0 AppleWebKit/537.36 (KHTML, like Gecko; compatible; ClaudeBot/1.0; +claudebot@anthropic.com)"
74.7.227.173 - - [11/Apr/2026:08:05:36 +0300] "GET /p/strea42936307?id=2952565 HTTP/1.0" 404 2091 "https://region-saitov.ru/sitemapa.xml" "Mozilla/5.0 AppleWebKit/537.36 (KHTML, like Gecko; compatible; GPTBot/1.3; +https://openai.com/gptbot)"
216.73.216.172 - - [11/Apr/2026:08:05:38 +0300] "GET /p/charg70283262?id=299520 HTTP/1.0" 404 2091 "-" "Mozilla/5.0 AppleWebKit/537.36 (KHTML, like Gecko; compatible; ClaudeBot/1.0; +claudebot@anthropic.com)"
74.7.227.173 - - [11/Apr/2026:08:05:39 +0300] "GET /p/careg72853982?id=2870240 HTTP/1.0" 404 2091 "https://region-saitov.ru/sitemapk.xml" "Mozilla/5.0 AppleWebKit/537.36 (KHTML, like Gecko; compatible; GPTBot/1.3; +https://openai.com/gptbot)"
216.73.216.172 - - [11/Apr/2026:08:05:41 +0300] "GET /p/ahead82983351?id=2999609 HTTP/1.0" 404 2091 "-" "Mozilla/5.0 AppleWebKit/537.36 (KHTML, like Gecko; compatible; ClaudeBot/1.0; +claudebot@anthropic.com)"
74.7.227.173 - - [11/Apr/2026:08:05:43 +0300] "GET /p/leadi52087468?id=2103726 HTTP/1.0" 404 2091 "https://region-saitov.ru/sitemapl.xml" "Mozilla/5.0 AppleWebKit/537.36 (KHTML, like Gecko; compatible; GPTBot/1.3; +https://openai.com/gptbot)"
216.73.216.172 - - [11/Apr/2026:08:05:44 +0300] "GET /p/restr81301591?id=1317849 HTTP/1.0" 404 2091 "-" "Mozilla/5.0 AppleWebKit/537.36 (KHTML, like Gecko; compatible; ClaudeBot/1.0; +claudebot@anthropic.com)"
74.7.227.173 - - [11/Apr/2026:08:05:46 +0300] "GET /p/nowhe51998916?id=2015174 HTTP/1.0" 404 2091 "https://region-saitov.ru/sitemapc.xml" "Mozilla/5.0 AppleWebKit/537.36 (KHTML, like Gecko; compatible; GPTBot/1.3; +https://openai.com/gptbot)"
89.111.141.101 - - [11/Apr/2026:08:05:46 +0300] "GET / HTTP/1.0" 200 273999 "-" "https://reg.ru monitoring abuse@reg.ru"
216.73.216.172 - - [11/Apr/2026:08:05:47 +0300] "GET /p/puzzl22278105?id=2294363 HTTP/1.0" 404 2091 "-" "Mozilla/5.0 AppleWebKit/537.36 (KHTML, like Gecko; compatible; ClaudeBot/1.0; +claudebot@anthropic.com)"
74.7.227.173 - - [11/Apr/2026:08:05:49 +0300] "GET /p/abuse71578158?id=1594416 HTTP/1.0" 404 2091 "https://region-saitov.ru/sitemapm.xml" "Mozilla/5.0 AppleWebKit/537.36 (KHTML, like Gecko; compatible; GPTBot/1.3; +https://openai.com/gptbot)"
216.73.216.172 - - [11/Apr/2026:08:05:50 +0300] "GET /p/spry72927894?id=2944152 HTTP/1.0" 404 2091 "-" "Mozilla/5.0 AppleWebKit/537.36 (KHTML, like Gecko; compatible; ClaudeBot/1.0; +claudebot@anthropic.com)"
74.7.227.173 - - [11/Apr/2026:08:05:52 +0300] "GET /p/upwar22855393?id=2871651 HTTP/1.0" 404 2091 "https://region-saitov.ru/sitemapl.xml" "Mozilla/5.0 AppleWebKit/537.36 (KHTML, like Gecko; compatible; GPTBot/1.3; +https://openai.com/gptbot)"
216.73.216.172 - - [11/Apr/2026:08:05:53 +0300] "GET /p/outli41690227?id=1706485 HTTP/1.0" 404 2091 "-" "Mozilla/5.0 AppleWebKit/537.36 (KHTML, like Gecko; compatible; ClaudeBot/1.0; +claudebot@anthropic.com)"
74.7.227.173 - - [11/Apr/2026:08:05:55 +0300] "GET /p/expos31713898?id=1730156 HTTP/1.0" 404 2091 "https://region-saitov.ru/sitemapm.xml" "Mozilla/5.0 AppleWebKit/537.36 (KHTML, like Gecko; compatible; GPTBot/1.3; +https://openai.com/gptbot)"
74.7.227.173 - - [11/Apr/2026:08:05:58 +0300] "GET /p/autom71509822?id=1526080 HTTP/1.0" 404 2091 "https://region-saitov.ru/sitemapi.xml" "Mozilla/5.0 AppleWebKit/537.36 (KHTML, like Gecko; compatible; GPTBot/1.3; +https://openai.com/gptbot)"
216.73.216.172 - - [11/Apr/2026:08:06:01 +0300] "GET /p/ship82104111?id=2120369 HTTP/1.0" 404 2188 "-" "Mozilla/5.0 AppleWebKit/537.36 (KHTML, like Gecko; compatible; ClaudeBot/1.0; +claudebot@anthropic.com)"
74.7.227.173 - - [11/Apr/2026:08:06:02 +0300] "GET /p/mirro62177005?id=2193263 HTTP/1.0" 404 2091 "https://region-saitov.ru/sitemapc.xml" "Mozilla/5.0 AppleWebKit/537.36 (KHTML, like Gecko; compatible; GPTBot/1.3; +https://openai.com/gptbot)"
216.73.216.172 - - [11/Apr/2026:08:06:03 +0300] "GET /p/spill62375069?id=2391327 HTTP/1.0" 404 2091 "-" "Mozilla/5.0 AppleWebKit/537.36 (KHTML, like Gecko; compatible; ClaudeBot/1.0; +claudebot@anthropic.com)"
74.7.227.173 - - [11/Apr/2026:08:06:05 +0300] "GET /p/flowe12560496?id=2576754 HTTP/1.0" 404 2091 "https://region-saitov.ru/sitemapf.xml" "Mozilla/5.0 AppleWebKit/537.36 (KHTML, like Gecko; compatible; GPTBot/1.3; +https://openai.com/gptbot)"
216.73.216.172 - - [11/Apr/2026:08:06:06 +0300] "GET /p/teleg52907508?id=2923766 HTTP/1.0" 404 2091 "-" "Mozilla/5.0 AppleWebKit/537.36 (KHTML, like Gecko; compatible; ClaudeBot/1.0; +claudebot@anthropic.com)"
74.7.227.173 - - [11/Apr/2026:08:06:08 +0300] "GET /p/trous41017243?id=1033501 HTTP/1.0" 404 2091 "https://region-saitov.ru/sitemapb.xml" "Mozilla/5.0 AppleWebKit/537.36 (KHTML, like Gecko; compatible; GPTBot/1.3; +https://openai.com/gptbot)"
216.73.216.172 - - [11/Apr/2026:08:06:09 +0300] "GET /p/cliff61766573?id=1782831 HTTP/1.0" 404 2091 "-" "Mozilla/5.0 AppleWebKit/537.36 (KHTML, like Gecko; compatible; ClaudeBot/1.0; +claudebot@anthropic.com)"
74.7.227.173 - - [11/Apr/2026:08:06:11 +0300] "GET /p/polar12497592?id=2513850 HTTP/1.0" 404 2091 "https://region-saitov.ru/sitemapk.xml" "Mozilla/5.0 AppleWebKit/537.36 (KHTML, like Gecko; compatible; GPTBot/1.3; +https://openai.com/gptbot)"
216.73.216.172 - - [11/Apr/2026:08:06:12 +0300] "GET /p/honou20583049?id=599307 HTTP/1.0" 404 2091 "-" "Mozilla/5.0 AppleWebKit/537.36 (KHTML, like Gecko; compatible; ClaudeBot/1.0; +claudebot@anthropic.com)"
74.7.227.173 - - [11/Apr/2026:08:06:14 +0300] "GET /p/sunda31220866?id=1237124 HTTP/1.0" 404 2091 "https://region-saitov.ru/sitemape.xml" "Mozilla/5.0 AppleWebKit/537.36 (KHTML, like Gecko; compatible; GPTBot/1.3; +https://openai.com/gptbot)"
92.242.60.14 - - [11/Apr/2026:08:06:14 +0300] "GET / HTTP/1.0" 200 273999 "-" "https://reg.ru monitoring abuse@reg.ru"
216.73.216.172 - - [11/Apr/2026:08:06:15 +0300] "GET /p/raise81240799?id=1257057 HTTP/1.0" 404 2091 "-" "Mozilla/5.0 AppleWebKit/537.36 (KHTML, like Gecko; compatible; ClaudeBot/1.0; +claudebot@anthropic.com)"
74.7.227.173 - - [11/Apr/2026:08:06:17 +0300] "GET /p/sausa61728365?id=1744623 HTTP/1.0" 404 2091 "https://region-saitov.ru/sitemapk.xml" "Mozilla/5.0 AppleWebKit/537.36 (KHTML, like Gecko; compatible; GPTBot/1.3; +https://openai.com/gptbot)"
216.73.216.172 - - [11/Apr/2026:08:06:18 +0300] "GET /p/notio12727752?id=2744010 HTTP/1.0" 404 2091 "-" "Mozilla/5.0 AppleWebKit/537.36 (KHTML, like Gecko; compatible; ClaudeBot/1.0; +claudebot@anthropic.com)"
74.7.227.173 - - [11/Apr/2026:08:06:21 +0300] "GET /p/effic41282067?id=1298325 HTTP/1.0" 404 2091 "https://region-saitov.ru/sitemapb.xml" "Mozilla/5.0 AppleWebKit/537.36 (KHTML, like Gecko; compatible; GPTBot/1.3; +https://openai.com/gptbot)"
216.73.216.172 - - [11/Apr/2026:08:06:21 +0300] "GET /p/lawn62839229?id=2855487 HTTP/1.0" 404 2091 "-" "Mozilla/5.0 AppleWebKit/537.36 (KHTML, like Gecko; compatible; ClaudeBot/1.0; +claudebot@anthropic.com)"
89.111.170.8 - - [11/Apr/2026:08:06:21 +0300] "GET / HTTP/1.0" 200 273999 "-" "https://reg.ru monitoring abuse@reg.ru"
74.7.227.173 - - [11/Apr/2026:08:06:24 +0300] "GET /p/empir42971427?id=2987685 HTTP/1.0" 404 2091 "https://region-saitov.ru/sitemapa.xml" "Mozilla/5.0 AppleWebKit/537.36 (KHTML, like Gecko; compatible; GPTBot/1.3; +https://openai.com/gptbot)"
216.73.216.172 - - [11/Apr/2026:08:06:24 +0300] "GET /p/decen50446204?id=462462 HTTP/1.0" 404 2091 "-" "Mozilla/5.0 AppleWebKit/537.36 (KHTML, like Gecko; compatible; ClaudeBot/1.0; +claudebot@anthropic.com)"
74.7.227.173 - - [11/Apr/2026:08:06:27 +0300] "GET /p/exhau22037857?id=2054115 HTTP/1.0" 404 2091 "https://region-saitov.ru/sitemapc.xml" "Mozilla/5.0 AppleWebKit/537.36 (KHTML, like Gecko; compatible; GPTBot/1.3; +https://openai.com/gptbot)"
216.73.216.172 - - [11/Apr/2026:08:06:27 +0300] "GET /p/might21321633?id=1337891 HTTP/1.0" 404 2091 "-" "Mozilla/5.0 AppleWebKit/537.36 (KHTML, like Gecko; compatible; ClaudeBot/1.0; +claudebot@anthropic.com)"
74.7.227.173 - - [11/Apr/2026:08:06:30 +0300] "GET /p/thriv61994781?id=2011039 HTTP/1.0" 404 2091 "https://region-saitov.ru/sitemaph.xml" "Mozilla/5.0 AppleWebKit/537.36 (KHTML, like Gecko; compatible; GPTBot/1.3; +https://openai.com/gptbot)"
216.73.216.172 - - [11/Apr/2026:08:06:30 +0300] "GET /p/advic30460922?id=477180 HTTP/1.0" 404 2091 "-" "Mozilla/5.0 AppleWebKit/537.36 (KHTML, like Gecko; compatible; ClaudeBot/1.0; +claudebot@anthropic.com)"
74.7.227.173 - - [11/Apr/2026:08:06:33 +0300] "GET /p/candi31041994?id=1058252 HTTP/1.0" 404 2091 "https://region-saitov.ru/sitemaph.xml" "Mozilla/5.0 AppleWebKit/537.36 (KHTML, like Gecko; compatible; GPTBot/1.3; +https://openai.com/gptbot)"
216.73.216.172 - - [11/Apr/2026:08:06:33 +0300] "GET /p/remed82002143?id=2018401 HTTP/1.0" 404 2091 "-" "Mozilla/5.0 AppleWebKit/537.36 (KHTML, like Gecko; compatible; ClaudeBot/1.0; +claudebot@anthropic.com)"
216.73.216.172 - - [11/Apr/2026:08:06:36 +0300] "GET /p/roar50522716?id=538974 HTTP/1.0" 404 2091 "-" "Mozilla/5.0 AppleWebKit/537.36 (KHTML, like Gecko; compatible; ClaudeBot/1.0; +claudebot@anthropic.com)"
74.7.227.173 - - [11/Apr/2026:08:06:36 +0300] "GET /p/manne42037355?id=2053613 HTTP/1.0" 404 2091 "https://region-saitov.ru/sitemape.xml" "Mozilla/5.0 AppleWebKit/537.36 (KHTML, like Gecko; compatible; GPTBot/1.3; +https://openai.com/gptbot)"
216.73.216.172 - - [11/Apr/2026:08:06:39 +0300] "GET /p/yello51233004?id=1249262 HTTP/1.0" 404 2091 "-" "Mozilla/5.0 AppleWebKit/537.36 (KHTML, like Gecko; compatible; ClaudeBot/1.0; +claudebot@anthropic.com)"
74.7.227.173 - - [11/Apr/2026:08:06:39 +0300] "GET /p/twent82520535?id=2536793 HTTP/1.0" 404 2091 "https://region-saitov.ru/sitemapl.xml" "Mozilla/5.0 AppleWebKit/537.36 (KHTML, like Gecko; compatible; GPTBot/1.3; +https://openai.com/gptbot)"
216.73.216.172 - - [11/Apr/2026:08:06:42 +0300] "GET /p/gestu70334302?id=350560 HTTP/1.0" 404 2091 "-" "Mozilla/5.0 AppleWebKit/537.36 (KHTML, like Gecko; compatible; ClaudeBot/1.0; +claudebot@anthropic.com)"
74.7.227.173 - - [11/Apr/2026:08:06:43 +0300] "GET /p/there51132652?id=1148910 HTTP/1.0" 404 2091 "https://region-saitov.ru/sitemapi.xml" "Mozilla/5.0 AppleWebKit/537.36 (KHTML, like Gecko; compatible; GPTBot/1.3; +https://openai.com/gptbot)"
216.73.216.172 - - [11/Apr/2026:08:06:45 +0300] "GET /p/toast20453329?id=469587 HTTP/1.0" 404 2091 "-" "Mozilla/5.0 AppleWebKit/537.36 (KHTML, like Gecko; compatible; ClaudeBot/1.0; +claudebot@anthropic.com)"
74.7.227.173 - - [11/Apr/2026:08:06:46 +0300] "GET /p/smile31768314?id=1784572 HTTP/1.0" 404 2091 "https://region-saitov.ru/sitemapl.xml" "Mozilla/5.0 AppleWebKit/537.36 (KHTML, like Gecko; compatible; GPTBot/1.3; +https://openai.com/gptbot)"
216.73.216.172 - - [11/Apr/2026:08:06:48 +0300] "GET /p/kind52093236?id=2109494 HTTP/1.0" 404 2091 "-" "Mozilla/5.0 AppleWebKit/537.36 (KHTML, like Gecko; compatible; ClaudeBot/1.0; +claudebot@anthropic.com)"
74.7.227.173 - - [11/Apr/2026:08:06:49 +0300] "GET /p/trous41841243?id=1857501 HTTP/1.0" 404 2091 "https://region-saitov.ru/sitemapi.xml" "Mozilla/5.0 AppleWebKit/537.36 (KHTML, like Gecko; compatible; GPTBot/1.3; +https://openai.com/gptbot)"
216.73.216.172 - - [11/Apr/2026:08:06:51 +0300] "GET /p/spray72887118?id=2903376 HTTP/1.0" 404 2091 "-" "Mozilla/5.0 AppleWebKit/537.36 (KHTML, like Gecko; compatible; ClaudeBot/1.0; +claudebot@anthropic.com)"
74.7.227.173 - - [11/Apr/2026:08:06:52 +0300] "GET /p/ameri11376016?id=1392274 HTTP/1.0" 404 2091 "https://region-saitov.ru/sitemape.xml" "Mozilla/5.0 AppleWebKit/537.36 (KHTML, like Gecko; compatible; GPTBot/1.3; +https://openai.com/gptbot)"
216.73.216.172 - - [11/Apr/2026:08:06:54 +0300] "GET /p/panda30272538?id=288796 HTTP/1.0" 404 2091 "-" "Mozilla/5.0 AppleWebKit/537.36 (KHTML, like Gecko; compatible; ClaudeBot/1.0; +claudebot@anthropic.com)"
74.7.227.173 - - [11/Apr/2026:08:06:56 +0300] "GET /p/other71680302?id=1696560 HTTP/1.0" 404 2091 "https://region-saitov.ru/sitemapi.xml" "Mozilla/5.0 AppleWebKit/537.36 (KHTML, like Gecko; compatible; GPTBot/1.3; +https://openai.com/gptbot)"
216.73.216.172 - - [11/Apr/2026:08:06:57 +0300] "GET /p/war51768556?id=1784814 HTTP/1.0" 404 2091 "-" "Mozilla/5.0 AppleWebKit/537.36 (KHTML, like Gecko; compatible; ClaudeBot/1.0; +claudebot@anthropic.com)"
74.7.227.173 - - [11/Apr/2026:08:06:59 +0300] "GET /p/paste32046530?id=2062788 HTTP/1.0" 404 2091 "https://region-saitov.ru/sitemaph.xml" "Mozilla/5.0 AppleWebKit/537.36 (KHTML, like Gecko; compatible; GPTBot/1.3; +https://openai.com/gptbot)"
216.73.216.172 - - [11/Apr/2026:08:07:00 +0300] "GET /p/red81589247?id=1605505 HTTP/1.0" 404 2091 "-" "Mozilla/5.0 AppleWebKit/537.36 (KHTML, like Gecko; compatible; ClaudeBot/1.0; +claudebot@anthropic.com)"
74.7.227.173 - - [11/Apr/2026:08:07:02 +0300] "GET /p/forgi82631175?id=2647433 HTTP/1.0" 404 2091 "https://region-saitov.ru/sitemapn.xml" "Mozilla/5.0 AppleWebKit/537.36 (KHTML, like Gecko; compatible; GPTBot/1.3; +https://openai.com/gptbot)"
216.73.216.172 - - [11/Apr/2026:08:07:03 +0300] "GET /p/bolt32855626?id=2871884 HTTP/1.0" 404 2091 "-" "Mozilla/5.0 AppleWebKit/537.36 (KHTML, like Gecko; compatible; ClaudeBot/1.0; +claudebot@anthropic.com)"
74.7.227.173 - - [11/Apr/2026:08:07:05 +0300] "GET /p/phone41137651?id=1153909 HTTP/1.0" 404 2091 "https://region-saitov.ru/sitemapn.xml" "Mozilla/5.0 AppleWebKit/537.36 (KHTML, like Gecko; compatible; GPTBot/1.3; +https://openai.com/gptbot)"
216.73.216.172 - - [11/Apr/2026:08:07:06 +0300] "GET /p/dude62403829?id=2420087 HTTP/1.0" 404 2091 "-" "Mozilla/5.0 AppleWebKit/537.36 (KHTML, like Gecko; compatible; ClaudeBot/1.0; +claudebot@anthropic.com)"
74.7.227.173 - - [11/Apr/2026:08:07:08 +0300] "GET /p/baker42466347?id=2482605 HTTP/1.0" 404 2091 "https://region-saitov.ru/sitemaph.xml" "Mozilla/5.0 AppleWebKit/537.36 (KHTML, like Gecko; compatible; GPTBot/1.3; +https://openai.com/gptbot)"
216.73.216.172 - - [11/Apr/2026:08:07:09 +0300] "GET /p/wild50101812?id=118070 HTTP/1.0" 404 2091 "-" "Mozilla/5.0 AppleWebKit/537.36 (KHTML, like Gecko; compatible; ClaudeBot/1.0; +claudebot@anthropic.com)"
74.7.227.173 - - [11/Apr/2026:08:07:12 +0300] "GET /p/truly32695762?id=2712020 HTTP/1.0" 404 2091 "https://region-saitov.ru/sitemapk.xml" "Mozilla/5.0 AppleWebKit/537.36 (KHTML, like Gecko; compatible; GPTBot/1.3; +https://openai.com/gptbot)"
216.73.216.172 - - [11/Apr/2026:08:07:12 +0300] "GET /p/wily40319907?id=336165 HTTP/1.0" 404 2091 "-" "Mozilla/5.0 AppleWebKit/537.36 (KHTML, like Gecko; compatible; ClaudeBot/1.0; +claudebot@anthropic.com)"
216.73.216.172 - - [11/Apr/2026:08:07:15 +0300] "GET /p/erase42364659?id=2380917 HTTP/1.0" 404 2091 "-" "Mozilla/5.0 AppleWebKit/537.36 (KHTML, like Gecko; compatible; ClaudeBot/1.0; +claudebot@anthropic.com)"
74.7.227.173 - - [11/Apr/2026:08:07:15 +0300] "GET / HTTP/1.0" 200 24022 "-" "Mozilla/5.0 AppleWebKit/537.36 (KHTML, like Gecko; compatible; GPTBot/1.3; +https://openai.com/gptbot)"
85.174.15.239 - - [11/Apr/2026:08:07:18 +0300] "GET /cdh.mp4 HTTP/1.0" 206 21715483 "https://cdh-implant.ru/" "Mozilla/5.0 (Windows NT 6.1; rv:109.0) Gecko/20100101 Firefox/115.0"
74.7.227.173 - - [11/Apr/2026:08:07:18 +0300] "GET /p/skirt72276110?id=2292368 HTTP/1.0" 404 2091 "https://region-saitov.ru/sitemapf.xml" "Mozilla/5.0 AppleWebKit/537.36 (KHTML, like Gecko; compatible; GPTBot/1.3; +https://openai.com/gptbot)"
216.73.216.172 - - [11/Apr/2026:08:07:18 +0300] "GET /p/uprig12571048?id=2587306 HTTP/1.0" 404 2091 "-" "Mozilla/5.0 AppleWebKit/537.36 (KHTML, like Gecko; compatible; ClaudeBot/1.0; +claudebot@anthropic.com)"
74.7.227.173 - - [11/Apr/2026:08:07:21 +0300] "GET /p/espec41628955?id=1645213 HTTP/1.0" 404 2091 "https://region-saitov.ru/sitemapa.xml" "Mozilla/5.0 AppleWebKit/537.36 (KHTML, like Gecko; compatible; GPTBot/1.3; +https://openai.com/gptbot)"
216.73.216.172 - - [11/Apr/2026:08:07:23 +0300] "GET /p/there52764652?id=2780910 HTTP/1.0" 404 2188 "-" "Mozilla/5.0 AppleWebKit/537.36 (KHTML, like Gecko; compatible; ClaudeBot/1.0; +claudebot@anthropic.com)"
85.174.15.239 - - [11/Apr/2026:08:07:23 +0300] "GET /cdh.mp4 HTTP/1.0" 206 55839 "https://cdh-implant.ru/" "Mozilla/5.0 (Windows NT 6.1; rv:109.0) Gecko/20100101 Firefox/115.0"
74.7.227.173 - - [11/Apr/2026:08:07:24 +0300] "GET /p/daily12968712?id=2984970 HTTP/1.0" 404 2091 "https://region-saitov.ru/sitemapc.xml" "Mozilla/5.0 AppleWebKit/537.36 (KHTML, like Gecko; compatible; GPTBot/1.3; +https://openai.com/gptbot)"
85.174.15.239 - - [11/Apr/2026:08:07:27 +0300] "GET /cdh.mp4 HTTP/1.0" 206 21611119 "https://cdh-implant.ru/" "Mozilla/5.0 (Windows NT 6.1; rv:109.0) Gecko/20100101 Firefox/115.0"
74.7.227.173 - - [11/Apr/2026:08:07:28 +0300] "GET /p/everl41354419?id=1370677 HTTP/1.0" 404 2091 "https://region-saitov.ru/sitemapl.xml" "Mozilla/5.0 AppleWebKit/537.36 (KHTML, like Gecko; compatible; GPTBot/1.3; +https://openai.com/gptbot)"
216.73.216.172 - - [11/Apr/2026:08:07:29 +0300] "GET /p/table82516023?id=2532281 HTTP/1.0" 404 2188 "-" "Mozilla/5.0 AppleWebKit/537.36 (KHTML, like Gecko; compatible; ClaudeBot/1.0; +claudebot@anthropic.com)"
74.7.227.173 - - [11/Apr/2026:08:07:31 +0300] "GET /p/corne31688762?id=1705020 HTTP/1.0" 404 2091 "https://region-saitov.ru/sitemapb.xml" "Mozilla/5.0 AppleWebKit/537.36 (KHTML, like Gecko; compatible; GPTBot/1.3; +https://openai.com/gptbot)"
216.73.216.172 - - [11/Apr/2026:08:07:31 +0300] "GET /p/embas50995812?id=1012070 HTTP/1.0" 404 2091 "-" "Mozilla/5.0 AppleWebKit/537.36 (KHTML, like Gecko; compatible; ClaudeBot/1.0; +claudebot@anthropic.com)"
74.7.227.173 - - [11/Apr/2026:08:07:34 +0300] "GET /p/someh21787617?id=1803875 HTTP/1.0" 404 2091 "https://region-saitov.ru/sitemapl.xml" "Mozilla/5.0 AppleWebKit/537.36 (KHTML, like Gecko; compatible; GPTBot/1.3; +https://openai.com/gptbot)"
216.73.216.172 - - [11/Apr/2026:08:07:34 +0300] "GET /p/doubl50996980?id=1013238 HTTP/1.0" 404 2091 "-" "Mozilla/5.0 AppleWebKit/537.36 (KHTML, like Gecko; compatible; ClaudeBot/1.0; +claudebot@anthropic.com)"
74.7.227.173 - - [11/Apr/2026:08:07:37 +0300] "GET /p/depos31690954?id=1707212 HTTP/1.0" 404 2091 "https://region-saitov.ru/sitemaph.xml" "Mozilla/5.0 AppleWebKit/537.36 (KHTML, like Gecko; compatible; GPTBot/1.3; +https://openai.com/gptbot)"
216.73.216.172 - - [11/Apr/2026:08:07:37 +0300] "GET /p/tie50436508?id=452766 HTTP/1.0" 404 2091 "-" "Mozilla/5.0 AppleWebKit/537.36 (KHTML, like Gecko; compatible; ClaudeBot/1.0; +claudebot@anthropic.com)"
216.73.216.172 - - [11/Apr/2026:08:07:40 +0300] "GET /p/moan30170554?id=186812 HTTP/1.0" 404 2091 "-" "Mozilla/5.0 AppleWebKit/537.36 (KHTML, like Gecko; compatible; ClaudeBot/1.0; +claudebot@anthropic.com)"
74.7.227.173 - - [11/Apr/2026:08:07:40 +0300] "GET /p/artic41504475?id=1520733 HTTP/1.0" 404 2091 "https://region-saitov.ru/sitemapb.xml" "Mozilla/5.0 AppleWebKit/537.36 (KHTML, like Gecko; compatible; GPTBot/1.3; +https://openai.com/gptbot)"
216.73.216.172 - - [11/Apr/2026:08:07:43 +0300] "GET /p/skip50171892?id=188150 HTTP/1.0" 404 2091 "-" "Mozilla/5.0 AppleWebKit/537.36 (KHTML, like Gecko; compatible; ClaudeBot/1.0; +claudebot@anthropic.com)"
74.7.227.173 - - [11/Apr/2026:08:07:44 +0300] "GET /p/sunli32867810?id=2884068 HTTP/1.0" 404 2091 "https://region-saitov.ru/sitemapn.xml" "Mozilla/5.0 AppleWebKit/537.36 (KHTML, like Gecko; compatible; GPTBot/1.3; +https://openai.com/gptbot)"
216.73.216.172 - - [11/Apr/2026:08:07:46 +0300] "GET /p/funct52334028?id=2350286 HTTP/1.0" 404 2091 "-" "Mozilla/5.0 AppleWebKit/537.36 (KHTML, like Gecko; compatible; ClaudeBot/1.0; +claudebot@anthropic.com)"
74.7.227.173 - - [11/Apr/2026:08:07:47 +0300] "GET /p/escap52137388?id=2153646 HTTP/1.0" 404 2091 "https://region-saitov.ru/sitemapm.xml" "Mozilla/5.0 AppleWebKit/537.36 (KHTML, like Gecko; compatible; GPTBot/1.3; +https://openai.com/gptbot)"
216.73.216.172 - - [11/Apr/2026:08:07:49 +0300] "GET /p/innoc51145908?id=1162166 HTTP/1.0" 404 2091 "-" "Mozilla/5.0 AppleWebKit/537.36 (KHTML, like Gecko; compatible; ClaudeBot/1.0; +claudebot@anthropic.com)"
74.7.227.173 - - [11/Apr/2026:08:07:50 +0300] "GET /privacy-policy HTTP/1.0" 200 14626 "https://region-saitov.ru/" "Mozilla/5.0 AppleWebKit/537.36 (KHTML, like Gecko; compatible; GPTBot/1.3; +https://openai.com/gptbot)"
216.73.216.172 - - [11/Apr/2026:08:07:52 +0300] "GET /p/super20708409?id=724667 HTTP/1.0" 404 2091 "-" "Mozilla/5.0 AppleWebKit/537.36 (KHTML, like Gecko; compatible; ClaudeBot/1.0; +claudebot@anthropic.com)"
74.7.227.173 - - [11/Apr/2026:08:07:53 +0300] "GET /components/com_sppagebuilder/assets/js/jquery.magnific-popup.min.js HTTP/1.1" 200 20321 "https://region-saitov.ru/" "Mozilla/5.0 AppleWebKit/537.36 (KHTML, like Gecko; compatible; GPTBot/1.3; +https://openai.com/gptbot)"
216.73.216.172 - - [11/Apr/2026:08:07:55 +0300] "GET /p/for40429315?id=445573 HTTP/1.0" 404 2091 "-" "Mozilla/5.0 AppleWebKit/537.36 (KHTML, like Gecko; compatible; ClaudeBot/1.0; +claudebot@anthropic.com)"
74.7.227.173 - - [11/Apr/2026:08:07:56 +0300] "GET /components/com_sppagebuilder/assets/js/addons/text_block.js HTTP/1.1" 200 690 "https://region-saitov.ru/" "Mozilla/5.0 AppleWebKit/537.36 (KHTML, like Gecko; compatible; GPTBot/1.3; +https://openai.com/gptbot)"
216.73.216.172 - - [11/Apr/2026:08:07:58 +0300] "GET /p/rain11784672?id=1800930 HTTP/1.0" 404 2091 "-" "Mozilla/5.0 AppleWebKit/537.36 (KHTML, like Gecko; compatible; ClaudeBot/1.0; +claudebot@anthropic.com)"
74.7.227.173 - - [11/Apr/2026:08:08:00 +0300] "GET /components/com_sppagebuilder/assets/js/common.js HTTP/1.1" 200 144 "https://region-saitov.ru/" "Mozilla/5.0 AppleWebKit/537.36 (KHTML, like Gecko; compatible; GPTBot/1.3; +https://openai.com/gptbot)"
216.73.216.172 - - [11/Apr/2026:08:08:01 +0300] "GET /p/modes70453438?id=469696 HTTP/1.0" 404 2091 "-" "Mozilla/5.0 AppleWebKit/537.36 (KHTML, like Gecko; compatible; ClaudeBot/1.0; +claudebot@anthropic.com)"
74.7.227.173 - - [11/Apr/2026:08:08:03 +0300] "GET /components/com_sppagebuilder/assets/js/addons/image.js HTTP/1.1" 200 2417 "https://region-saitov.ru/" "Mozilla/5.0 AppleWebKit/537.36 (KHTML, like Gecko; compatible; GPTBot/1.3; +https://openai.com/gptbot)"
216.73.216.172 - - [11/Apr/2026:08:08:04 +0300] "GET /p/deaf82076591?id=2092849 HTTP/1.0" 404 2091 "-" "Mozilla/5.0 AppleWebKit/537.36 (KHTML, like Gecko; compatible; ClaudeBot/1.0; +claudebot@anthropic.com)"
74.7.227.173 - - [11/Apr/2026:08:08:06 +0300] "GET /p/hundr61816421?id=1832679 HTTP/1.0" 404 2091 "https://region-saitov.ru/sitemapk.xml" "Mozilla/5.0 AppleWebKit/537.36 (KHTML, like Gecko; compatible; GPTBot/1.3; +https://openai.com/gptbot)"
216.73.216.172 - - [11/Apr/2026:08:08:07 +0300] "GET /p/skill51952852?id=1969110 HTTP/1.0" 404 2091 "-" "Mozilla/5.0 AppleWebKit/537.36 (KHTML, like Gecko; compatible; ClaudeBot/1.0; +claudebot@anthropic.com)"
74.7.227.173 - - [11/Apr/2026:08:08:09 +0300] "GET /p/block62153341?id=2169599 HTTP/1.0" 404 2091 "https://region-saitov.ru/sitemapf.xml" "Mozilla/5.0 AppleWebKit/537.36 (KHTML, like Gecko; compatible; GPTBot/1.3; +https://openai.com/gptbot)"
216.73.216.172 - - [11/Apr/2026:08:08:10 +0300] "GET /p/mini20595857?id=612115 HTTP/1.0" 404 2091 "-" "Mozilla/5.0 AppleWebKit/537.36 (KHTML, like Gecko; compatible; ClaudeBot/1.0; +claudebot@anthropic.com)"
74.7.227.173 - - [11/Apr/2026:08:08:12 +0300] "GET /p/leath11834544?id=1850802 HTTP/1.0" 404 2091 "https://region-saitov.ru/sitemapn.xml" "Mozilla/5.0 AppleWebKit/537.36 (KHTML, like Gecko; compatible; GPTBot/1.3; +https://openai.com/gptbot)"
216.73.216.172 - - [11/Apr/2026:08:08:13 +0300] "GET /p/febru30856370?id=872628 HTTP/1.0" 404 2091 "-" "Mozilla/5.0 AppleWebKit/537.36 (KHTML, like Gecko; compatible; ClaudeBot/1.0; +claudebot@anthropic.com)"
74.7.227.173 - - [11/Apr/2026:08:08:15 +0300] "GET /p/cheer82397095?id=2413353 HTTP/1.0" 404 2091 "https://region-saitov.ru/sitemapc.xml" "Mozilla/5.0 AppleWebKit/537.36 (KHTML, like Gecko; compatible; GPTBot/1.3; +https://openai.com/gptbot)"
74.7.227.173 - - [11/Apr/2026:08:08:18 +0300] "GET /p/busin61432077?id=1448335 HTTP/1.0" 404 2091 "https://region-saitov.ru/sitemaph.xml" "Mozilla/5.0 AppleWebKit/537.36 (KHTML, like Gecko; compatible; GPTBot/1.3; +https://openai.com/gptbot)"
216.73.216.172 - - [11/Apr/2026:08:08:20 +0300] "GET /p/aside70482750?id=499008 HTTP/1.0" 404 2188 "-" "Mozilla/5.0 AppleWebKit/537.36 (KHTML, like Gecko; compatible; ClaudeBot/1.0; +claudebot@anthropic.com)"
74.7.227.173 - - [11/Apr/2026:08:08:21 +0300] "GET /p/maybe42688499?id=2704757 HTTP/1.0" 404 2188 "https://region-saitov.ru/sitemapl.xml" "Mozilla/5.0 AppleWebKit/537.36 (KHTML, like Gecko; compatible; GPTBot/1.3; +https://openai.com/gptbot)"
216.73.216.172 - - [11/Apr/2026:08:08:22 +0300] "GET /p/launc10437896?id=454154 HTTP/1.0" 404 2091 "-" "Mozilla/5.0 AppleWebKit/537.36 (KHTML, like Gecko; compatible; ClaudeBot/1.0; +claudebot@anthropic.com)"
74.7.227.173 - - [11/Apr/2026:08:08:24 +0300] "GET /p/techn21076473?id=1092731 HTTP/1.0" 404 2091 "https://region-saitov.ru/sitemapk.xml" "Mozilla/5.0 AppleWebKit/537.36 (KHTML, like Gecko; compatible; GPTBot/1.3; +https://openai.com/gptbot)"
216.73.216.172 - - [11/Apr/2026:08:08:25 +0300] "GET /p/quote10375256?id=391514 HTTP/1.0" 404 2091 "-" "Mozilla/5.0 AppleWebKit/537.36 (KHTML, like Gecko; compatible; ClaudeBot/1.0; +claudebot@anthropic.com)"
74.7.227.173 - - [11/Apr/2026:08:08:27 +0300] "GET /components/com_sppagebuilder/assets/js/%url% HTTP/1.1" 400 184 "-" "-"
216.73.216.172 - - [11/Apr/2026:08:08:28 +0300] "GET /p/fatig60398261?id=414519 HTTP/1.0" 404 2091 "-" "Mozilla/5.0 AppleWebKit/537.36 (KHTML, like Gecko; compatible; ClaudeBot/1.0; +claudebot@anthropic.com)"
74.7.227.173 - - [11/Apr/2026:08:08:31 +0300] "GET /p/belov41974595?id=1990853 HTTP/1.0" 404 2091 "https://region-saitov.ru/sitemapb.xml" "Mozilla/5.0 AppleWebKit/537.36 (KHTML, like Gecko; compatible; GPTBot/1.3; +https://openai.com/gptbot)"
216.73.216.172 - - [11/Apr/2026:08:08:31 +0300] "GET /p/dropo70265910?id=282168 HTTP/1.0" 404 2091 "-" "Mozilla/5.0 AppleWebKit/537.36 (KHTML, like Gecko; compatible; ClaudeBot/1.0; +claudebot@anthropic.com)"
74.7.227.173 - - [11/Apr/2026:08:08:34 +0300] "GET /p/ferti32814898?id=2831156 HTTP/1.0" 404 2091 "https://region-saitov.ru/sitemapm.xml" "Mozilla/5.0 AppleWebKit/537.36 (KHTML, like Gecko; compatible; GPTBot/1.3; +https://openai.com/gptbot)"
216.73.216.172 - - [11/Apr/2026:08:08:34 +0300] "GET /p/headl61655013?id=1671271 HTTP/1.0" 404 2091 "-" "Mozilla/5.0 AppleWebKit/537.36 (KHTML, like Gecko; compatible; ClaudeBot/1.0; +claudebot@anthropic.com)"
74.7.227.173 - - [11/Apr/2026:08:08:37 +0300] "GET /p/stack32762490?id=2778748 HTTP/1.0" 404 2091 "https://region-saitov.ru/sitemape.xml" "Mozilla/5.0 AppleWebKit/537.36 (KHTML, like Gecko; compatible; GPTBot/1.3; +https://openai.com/gptbot)"
216.73.216.172 - - [11/Apr/2026:08:08:37 +0300] "GET /p/fond20711241?id=727499 HTTP/1.0" 404 2091 "-" "Mozilla/5.0 AppleWebKit/537.36 (KHTML, like Gecko; compatible; ClaudeBot/1.0; +claudebot@anthropic.com)"
74.7.227.173 - - [11/Apr/2026:08:08:40 +0300] "GET /p/golde51016876?id=1033134 HTTP/1.0" 404 2091 "https://region-saitov.ru/sitemapk.xml" "Mozilla/5.0 AppleWebKit/537.36 (KHTML, like Gecko; compatible; GPTBot/1.3; +https://openai.com/gptbot)"
216.73.216.172 - - [11/Apr/2026:08:08:40 +0300] "GET /p/week52568156?id=2584414 HTTP/1.0" 404 2091 "-" "Mozilla/5.0 AppleWebKit/537.36 (KHTML, like Gecko; compatible; ClaudeBot/1.0; +claudebot@anthropic.com)"
