74.7.227.173 - - [11/Apr/2026:08:35:08 +0300] "GET /p/cance40824011?id=840269 HTTP/1.0" 404 2091 "https://region-saitov.ru/sitemapa.xml" "Mozilla/5.0 AppleWebKit/537.36 (KHTML, like Gecko; compatible; GPTBot/1.3; +https://openai.com/gptbot)"
216.73.216.172 - - [11/Apr/2026:08:35:09 +0300] "GET /p/defen32182834?id=2199092 HTTP/1.0" 404 2091 "-" "Mozilla/5.0 AppleWebKit/537.36 (KHTML, like Gecko; compatible; ClaudeBot/1.0; +claudebot@anthropic.com)"
74.7.227.173 - - [11/Apr/2026:08:35:11 +0300] "GET /p/betra80366935?id=383193 HTTP/1.0" 404 2091 "https://region-saitov.ru/sitemapa.xml" "Mozilla/5.0 AppleWebKit/537.36 (KHTML, like Gecko; compatible; GPTBot/1.3; +https://openai.com/gptbot)"
216.73.216.172 - - [11/Apr/2026:08:35:12 +0300] "GET /p/model82260695?id=2276953 HTTP/1.0" 404 2091 "-" "Mozilla/5.0 AppleWebKit/537.36 (KHTML, like Gecko; compatible; ClaudeBot/1.0; +claudebot@anthropic.com)"
74.7.227.173 - - [11/Apr/2026:08:35:14 +0300] "GET /p/windo30633250?id=649508 HTTP/1.0" 404 2091 "https://region-saitov.ru/sitemapc.xml" "Mozilla/5.0 AppleWebKit/537.36 (KHTML, like Gecko; compatible; GPTBot/1.3; +https://openai.com/gptbot)"
216.73.216.172 - - [11/Apr/2026:08:35:15 +0300] "GET /p/chart51238804?id=1255062 HTTP/1.0" 404 2091 "-" "Mozilla/5.0 AppleWebKit/537.36 (KHTML, like Gecko; compatible; ClaudeBot/1.0; +claudebot@anthropic.com)"
74.7.227.173 - - [11/Apr/2026:08:35:17 +0300] "GET /p/semic30727026?id=743284 HTTP/1.0" 404 2091 "https://region-saitov.ru/sitemapa.xml" "Mozilla/5.0 AppleWebKit/537.36 (KHTML, like Gecko; compatible; GPTBot/1.3; +https://openai.com/gptbot)"
216.73.216.172 - - [11/Apr/2026:08:35:18 +0300] "GET /p/tick10935896?id=952154 HTTP/1.0" 404 2091 "-" "Mozilla/5.0 AppleWebKit/537.36 (KHTML, like Gecko; compatible; ClaudeBot/1.0; +claudebot@anthropic.com)"
74.7.227.173 - - [11/Apr/2026:08:35:20 +0300] "GET /p/staff80809447?id=825705 HTTP/1.0" 404 2091 "https://region-saitov.ru/sitemapl.xml" "Mozilla/5.0 AppleWebKit/537.36 (KHTML, like Gecko; compatible; GPTBot/1.3; +https://openai.com/gptbot)"
216.73.216.172 - - [11/Apr/2026:08:35:21 +0300] "GET /p/expre31080066?id=1096324 HTTP/1.0" 404 2091 "-" "Mozilla/5.0 AppleWebKit/537.36 (KHTML, like Gecko; compatible; ClaudeBot/1.0; +claudebot@anthropic.com)"
112.201.131.141 - - [11/Apr/2026:08:35:23 +0300] "POST /xmlrpc.php HTTP/1.0" 404 2188 "-" "Jetpack by WordPress.com (Jetpack 13.0; WordPress 6.4)"
74.7.227.173 - - [11/Apr/2026:08:35:23 +0300] "GET /p/diame40198731?id=214989 HTTP/1.0" 404 2091 "https://region-saitov.ru/sitemapa.xml" "Mozilla/5.0 AppleWebKit/537.36 (KHTML, like Gecko; compatible; GPTBot/1.3; +https://openai.com/gptbot)"
216.73.216.172 - - [11/Apr/2026:08:35:24 +0300] "GET /p/much30661546?id=677804 HTTP/1.0" 404 2091 "-" "Mozilla/5.0 AppleWebKit/537.36 (KHTML, like Gecko; compatible; ClaudeBot/1.0; +claudebot@anthropic.com)"
74.7.227.173 - - [11/Apr/2026:08:35:26 +0300] "GET /p/britt30843538?id=859796 HTTP/1.0" 404 2091 "https://region-saitov.ru/sitemapm.xml" "Mozilla/5.0 AppleWebKit/537.36 (KHTML, like Gecko; compatible; GPTBot/1.3; +https://openai.com/gptbot)"
216.73.216.172 - - [11/Apr/2026:08:35:27 +0300] "GET /p/dash51763532?id=1779790 HTTP/1.0" 404 2091 "-" "Mozilla/5.0 AppleWebKit/537.36 (KHTML, like Gecko; compatible; ClaudeBot/1.0; +claudebot@anthropic.com)"
74.7.227.173 - - [11/Apr/2026:08:35:30 +0300] "GET /p/trace40590435?id=606693 HTTP/1.0" 404 2091 "https://region-saitov.ru/sitemapn.xml" "Mozilla/5.0 AppleWebKit/537.36 (KHTML, like Gecko; compatible; GPTBot/1.3; +https://openai.com/gptbot)"
216.73.216.172 - - [11/Apr/2026:08:35:30 +0300] "GET /p/ball%2020627825?id=644083 HTTP/1.0" 404 2091 "-" "Mozilla/5.0 AppleWebKit/537.36 (KHTML, like Gecko; compatible; ClaudeBot/1.0; +claudebot@anthropic.com)"
74.7.227.173 - - [11/Apr/2026:08:35:33 +0300] "GET /p/inser60399101?id=415359 HTTP/1.0" 404 2091 "https://region-saitov.ru/sitemapf.xml" "Mozilla/5.0 AppleWebKit/537.36 (KHTML, like Gecko; compatible; GPTBot/1.3; +https://openai.com/gptbot)"
216.73.216.172 - - [11/Apr/2026:08:35:34 +0300] "GET /p/busin60736077?id=752335 HTTP/1.0" 404 2091 "-" "Mozilla/5.0 AppleWebKit/537.36 (KHTML, like Gecko; compatible; ClaudeBot/1.0; +claudebot@anthropic.com)"
74.7.227.173 - - [11/Apr/2026:08:35:36 +0300] "GET /p/drama40738139?id=754397 HTTP/1.0" 404 2091 "https://region-saitov.ru/sitemapb.xml" "Mozilla/5.0 AppleWebKit/537.36 (KHTML, like Gecko; compatible; GPTBot/1.3; +https://openai.com/gptbot)"
216.73.216.172 - - [11/Apr/2026:08:35:36 +0300] "GET /p/witne20590145?id=606403 HTTP/1.0" 404 2091 "-" "Mozilla/5.0 AppleWebKit/537.36 (KHTML, like Gecko; compatible; ClaudeBot/1.0; +claudebot@anthropic.com)"
74.7.227.173 - - [11/Apr/2026:08:35:39 +0300] "GET /p/resid50198052?id=214310 HTTP/1.0" 404 2091 "https://region-saitov.ru/sitemapc.xml" "Mozilla/5.0 AppleWebKit/537.36 (KHTML, like Gecko; compatible; GPTBot/1.3; +https://openai.com/gptbot)"
216.73.216.172 - - [11/Apr/2026:08:35:39 +0300] "GET /p/chang80933183?id=949441 HTTP/1.0" 404 2091 "-" "Mozilla/5.0 AppleWebKit/537.36 (KHTML, like Gecko; compatible; ClaudeBot/1.0; +claudebot@anthropic.com)"
74.7.227.173 - - [11/Apr/2026:08:35:42 +0300] "GET /p/chief80667599?id=683857 HTTP/1.0" 404 2091 "https://region-saitov.ru/sitemapb.xml" "Mozilla/5.0 AppleWebKit/537.36 (KHTML, like Gecko; compatible; GPTBot/1.3; +https://openai.com/gptbot)"
216.73.216.172 - - [11/Apr/2026:08:35:43 +0300] "GET /p/needl50246884?id=263142 HTTP/1.0" 404 2188 "-" "Mozilla/5.0 AppleWebKit/537.36 (KHTML, like Gecko; compatible; ClaudeBot/1.0; +claudebot@anthropic.com)"
74.7.227.173 - - [11/Apr/2026:08:35:45 +0300] "GET /p/prepa70288166?id=304424 HTTP/1.0" 404 2091 "https://region-saitov.ru/sitemapb.xml" "Mozilla/5.0 AppleWebKit/537.36 (KHTML, like Gecko; compatible; GPTBot/1.3; +https://openai.com/gptbot)"
216.73.216.172 - - [11/Apr/2026:08:35:46 +0300] "GET /p/tip40718475?id=734733 HTTP/1.0" 404 2091 "-" "Mozilla/5.0 AppleWebKit/537.36 (KHTML, like Gecko; compatible; ClaudeBot/1.0; +claudebot@anthropic.com)"
216.73.216.172 - - [11/Apr/2026:08:35:49 +0300] "GET /p/tiger60896981?id=913239 HTTP/1.0" 404 2091 "-" "Mozilla/5.0 AppleWebKit/537.36 (KHTML, like Gecko; compatible; ClaudeBot/1.0; +claudebot@anthropic.com)"
74.7.227.173 - - [11/Apr/2026:08:35:49 +0300] "GET /p/orbit40934851?id=951109 HTTP/1.0" 404 2091 "https://region-saitov.ru/sitemape.xml" "Mozilla/5.0 AppleWebKit/537.36 (KHTML, like Gecko; compatible; GPTBot/1.3; +https://openai.com/gptbot)"
216.73.216.172 - - [11/Apr/2026:08:35:52 +0300] "GET /p/physi72804958?id=2821216 HTTP/1.0" 404 2091 "-" "Mozilla/5.0 AppleWebKit/537.36 (KHTML, like Gecko; compatible; ClaudeBot/1.0; +claudebot@anthropic.com)"
74.7.227.173 - - [11/Apr/2026:08:35:52 +0300] "GET /p/effic40722067?id=738325 HTTP/1.0" 404 2091 "https://region-saitov.ru/sitemapa.xml" "Mozilla/5.0 AppleWebKit/537.36 (KHTML, like Gecko; compatible; GPTBot/1.3; +https://openai.com/gptbot)"
216.73.216.172 - - [11/Apr/2026:08:35:55 +0300] "GET /p/up21684889?id=1701147 HTTP/1.0" 404 2091 "-" "Mozilla/5.0 AppleWebKit/537.36 (KHTML, like Gecko; compatible; ClaudeBot/1.0; +claudebot@anthropic.com)"
74.7.227.173 - - [11/Apr/2026:08:35:55 +0300] "GET /p/barga40798131?id=814389 HTTP/1.0" 404 2091 "https://region-saitov.ru/sitemapc.xml" "Mozilla/5.0 AppleWebKit/537.36 (KHTML, like Gecko; compatible; GPTBot/1.3; +https://openai.com/gptbot)"
216.73.216.172 - - [11/Apr/2026:08:35:58 +0300] "GET /p/searc20264097?id=280355 HTTP/1.0" 404 2091 "-" "Mozilla/5.0 AppleWebKit/537.36 (KHTML, like Gecko; compatible; ClaudeBot/1.0; +claudebot@anthropic.com)"
74.7.227.173 - - [11/Apr/2026:08:35:58 +0300] "GET /p/elder20940705?id=956963 HTTP/1.0" 404 2091 "https://region-saitov.ru/sitemapk.xml" "Mozilla/5.0 AppleWebKit/537.36 (KHTML, like Gecko; compatible; GPTBot/1.3; +https://openai.com/gptbot)"
216.73.216.172 - - [11/Apr/2026:08:36:01 +0300] "GET /p/dolla32280650?id=2296908 HTTP/1.0" 404 2091 "-" "Mozilla/5.0 AppleWebKit/537.36 (KHTML, like Gecko; compatible; ClaudeBot/1.0; +claudebot@anthropic.com)"
74.7.227.173 - - [11/Apr/2026:08:36:02 +0300] "GET /p/toile60084701?id=100959 HTTP/1.0" 404 2091 "https://region-saitov.ru/sitemapl.xml" "Mozilla/5.0 AppleWebKit/537.36 (KHTML, like Gecko; compatible; GPTBot/1.3; +https://openai.com/gptbot)"
216.73.216.172 - - [11/Apr/2026:08:36:04 +0300] "GET /p/host12045488?id=2061746 HTTP/1.0" 404 2091 "-" "Mozilla/5.0 AppleWebKit/537.36 (KHTML, like Gecko; compatible; ClaudeBot/1.0; +claudebot@anthropic.com)"
74.7.227.173 - - [11/Apr/2026:08:36:05 +0300] "GET /p/cance40480011?id=496269 HTTP/1.0" 404 2091 "https://region-saitov.ru/sitemapl.xml" "Mozilla/5.0 AppleWebKit/537.36 (KHTML, like Gecko; compatible; GPTBot/1.3; +https://openai.com/gptbot)"
216.73.216.172 - - [11/Apr/2026:08:36:07 +0300] "GET /p/behal61958717?id=1974975 HTTP/1.0" 404 2091 "-" "Mozilla/5.0 AppleWebKit/537.36 (KHTML, like Gecko; compatible; ClaudeBot/1.0; +claudebot@anthropic.com)"
74.7.227.173 - - [11/Apr/2026:08:36:08 +0300] "GET /p/widen30619434?id=635692 HTTP/1.0" 404 2091 "https://region-saitov.ru/sitemapc.xml" "Mozilla/5.0 AppleWebKit/537.36 (KHTML, like Gecko; compatible; GPTBot/1.3; +https://openai.com/gptbot)"
174.129.86.71 - - [11/Apr/2026:08:36:09 +0300] "GET /rs-blue.png HTTP/1.1" 200 2931 "https://mc-tabib.ru/" "Mozilla/5.0 (Windows NT 10.0; Win64; x64) AppleWebKit/537.36 (KHTML, like Gecko) Chrome/146.0.0.0 Safari/537.36"
216.73.216.172 - - [11/Apr/2026:08:36:10 +0300] "GET /p/check21008025?id=1024283 HTTP/1.0" 404 2091 "-" "Mozilla/5.0 AppleWebKit/537.36 (KHTML, like Gecko; compatible; ClaudeBot/1.0; +claudebot@anthropic.com)"
74.7.227.173 - - [11/Apr/2026:08:36:11 +0300] "GET /p/bagga80519063?id=535321 HTTP/1.0" 404 2091 "https://region-saitov.ru/sitemape.xml" "Mozilla/5.0 AppleWebKit/537.36 (KHTML, like Gecko; compatible; GPTBot/1.3; +https://openai.com/gptbot)"
216.73.216.172 - - [11/Apr/2026:08:36:13 +0300] "GET /p/block61945341?id=1961599 HTTP/1.0" 404 2091 "-" "Mozilla/5.0 AppleWebKit/537.36 (KHTML, like Gecko; compatible; ClaudeBot/1.0; +claudebot@anthropic.com)"
74.7.227.173 - - [11/Apr/2026:08:36:14 +0300] "GET /p/estee40778011?id=794269 HTTP/1.0" 404 2091 "https://region-saitov.ru/sitemapb.xml" "Mozilla/5.0 AppleWebKit/537.36 (KHTML, like Gecko; compatible; GPTBot/1.3; +https://openai.com/gptbot)"
216.73.216.172 - - [11/Apr/2026:08:36:16 +0300] "GET /p/hall70536366?id=552624 HTTP/1.0" 404 2091 "-" "Mozilla/5.0 AppleWebKit/537.36 (KHTML, like Gecko; compatible; ClaudeBot/1.0; +claudebot@anthropic.com)"
74.7.227.173 - - [11/Apr/2026:08:36:17 +0300] "GET /p/aloud10257264?id=273522 HTTP/1.0" 404 2091 "https://region-saitov.ru/sitemapa.xml" "Mozilla/5.0 AppleWebKit/537.36 (KHTML, like Gecko; compatible; GPTBot/1.3; +https://openai.com/gptbot)"
89.41.181.51 - - [11/Apr/2026:08:36:17 +0300] "GET /kontakty HTTP/1.0" 200 155485 "https://region-saitov.ru/kontakty" "Mozilla/5.0 (Windows NT 10.0; Win64; x64) AppleWebKit/537.36 (KHTML, like Gecko) Chrome/131.0.0.0 Safari/537.36 Avast/131.0.0.0"
216.73.216.172 - - [11/Apr/2026:08:36:19 +0300] "GET /p/guide81590295?id=1606553 HTTP/1.0" 404 2091 "-" "Mozilla/5.0 AppleWebKit/537.36 (KHTML, like Gecko; compatible; ClaudeBot/1.0; +claudebot@anthropic.com)"
74.7.227.173 - - [11/Apr/2026:08:36:20 +0300] "GET /p/coach60260973?id=277231 HTTP/1.0" 404 2091 "https://region-saitov.ru/sitemapn.xml" "Mozilla/5.0 AppleWebKit/537.36 (KHTML, like Gecko; compatible; GPTBot/1.3; +https://openai.com/gptbot)"
216.73.216.172 - - [11/Apr/2026:08:36:22 +0300] "GET /p/consc10658136?id=674394 HTTP/1.0" 404 2091 "-" "Mozilla/5.0 AppleWebKit/537.36 (KHTML, like Gecko; compatible; ClaudeBot/1.0; +claudebot@anthropic.com)"
74.7.227.173 - - [11/Apr/2026:08:36:23 +0300] "GET /p/ensur30954050?id=970308 HTTP/1.0" 404 2091 "https://region-saitov.ru/sitemaph.xml" "Mozilla/5.0 AppleWebKit/537.36 (KHTML, like Gecko; compatible; GPTBot/1.3; +https://openai.com/gptbot)"
216.73.216.172 - - [11/Apr/2026:08:36:25 +0300] "GET /p/artic42492475?id=2508733 HTTP/1.0" 404 2091 "-" "Mozilla/5.0 AppleWebKit/537.36 (KHTML, like Gecko; compatible; ClaudeBot/1.0; +claudebot@anthropic.com)"
74.7.227.173 - - [11/Apr/2026:08:36:27 +0300] "GET /p/pitch70554910?id=571168 HTTP/1.0" 404 2091 "https://region-saitov.ru/sitemapa.xml" "Mozilla/5.0 AppleWebKit/537.36 (KHTML, like Gecko; compatible; GPTBot/1.3; +https://openai.com/gptbot)"
89.111.141.101 - - [11/Apr/2026:08:36:26 +0300] "GET / HTTP/1.0" 200 273999 "-" "https://reg.ru monitoring abuse@reg.ru"
216.73.216.172 - - [11/Apr/2026:08:36:28 +0300] "GET /p/toe10542640?id=558898 HTTP/1.0" 404 2091 "-" "Mozilla/5.0 AppleWebKit/537.36 (KHTML, like Gecko; compatible; ClaudeBot/1.0; +claudebot@anthropic.com)"
74.7.227.173 - - [11/Apr/2026:08:36:30 +0300] "GET /p/deriv70838366?id=854624 HTTP/1.0" 404 2091 "https://region-saitov.ru/sitemapn.xml" "Mozilla/5.0 AppleWebKit/537.36 (KHTML, like Gecko; compatible; GPTBot/1.3; +https://openai.com/gptbot)"
216.73.216.172 - - [11/Apr/2026:08:36:31 +0300] "GET /p/join31612378?id=1628636 HTTP/1.0" 404 2091 "-" "Mozilla/5.0 AppleWebKit/537.36 (KHTML, like Gecko; compatible; ClaudeBot/1.0; +claudebot@anthropic.com)"
74.7.227.173 - - [11/Apr/2026:08:36:33 +0300] "GET /p/still30672746?id=689004 HTTP/1.0" 404 2091 "https://region-saitov.ru/sitemapc.xml" "Mozilla/5.0 AppleWebKit/537.36 (KHTML, like Gecko; compatible; GPTBot/1.3; +https://openai.com/gptbot)"
216.73.216.172 - - [11/Apr/2026:08:36:34 +0300] "GET /p/ances10099072?id=115330 HTTP/1.0" 404 2091 "-" "Mozilla/5.0 AppleWebKit/537.36 (KHTML, like Gecko; compatible; ClaudeBot/1.0; +claudebot@anthropic.com)"
74.7.227.173 - - [11/Apr/2026:08:36:36 +0300] "GET /p/sting50494484?id=510742 HTTP/1.0" 404 2091 "https://region-saitov.ru/sitemapk.xml" "Mozilla/5.0 AppleWebKit/537.36 (KHTML, like Gecko; compatible; GPTBot/1.3; +https://openai.com/gptbot)"
216.73.216.172 - - [11/Apr/2026:08:36:37 +0300] "GET /p/thief32853474?id=2869732 HTTP/1.0" 404 2091 "-" "Mozilla/5.0 AppleWebKit/537.36 (KHTML, like Gecko; compatible; ClaudeBot/1.0; +claudebot@anthropic.com)"
74.7.227.173 - - [11/Apr/2026:08:36:39 +0300] "GET /p/downf30534426?id=550684 HTTP/1.0" 404 2091 "https://region-saitov.ru/sitemaph.xml" "Mozilla/5.0 AppleWebKit/537.36 (KHTML, like Gecko; compatible; GPTBot/1.3; +https://openai.com/gptbot)"
216.73.216.172 - - [11/Apr/2026:08:36:40 +0300] "GET /p/frien32784362?id=2800620 HTTP/1.0" 404 2091 "-" "Mozilla/5.0 AppleWebKit/537.36 (KHTML, like Gecko; compatible; ClaudeBot/1.0; +claudebot@anthropic.com)"
74.7.227.173 - - [11/Apr/2026:08:36:42 +0300] "GET /p/holid50544132?id=560390 HTTP/1.0" 404 2091 "https://region-saitov.ru/sitemapf.xml" "Mozilla/5.0 AppleWebKit/537.36 (KHTML, like Gecko; compatible; GPTBot/1.3; +https://openai.com/gptbot)"
216.73.216.172 - - [11/Apr/2026:08:36:43 +0300] "GET /p/pant60995877?id=1012135 HTTP/1.0" 404 2091 "-" "Mozilla/5.0 AppleWebKit/537.36 (KHTML, like Gecko; compatible; ClaudeBot/1.0; +claudebot@anthropic.com)"
74.7.227.173 - - [11/Apr/2026:08:36:46 +0300] "GET /p/lectu50434540?id=450798 HTTP/1.0" 404 2091 "https://region-saitov.ru/sitemapa.xml" "Mozilla/5.0 AppleWebKit/537.36 (KHTML, like Gecko; compatible; GPTBot/1.3; +https://openai.com/gptbot)"
216.73.216.172 - - [11/Apr/2026:08:36:46 +0300] "GET /p/drain51030652?id=1046910 HTTP/1.0" 404 2091 "-" "Mozilla/5.0 AppleWebKit/537.36 (KHTML, like Gecko; compatible; ClaudeBot/1.0; +claudebot@anthropic.com)"
216.73.216.172 - - [11/Apr/2026:08:36:49 +0300] "GET /p/pie11976576?id=1992834 HTTP/1.0" 404 2091 "-" "Mozilla/5.0 AppleWebKit/537.36 (KHTML, like Gecko; compatible; ClaudeBot/1.0; +claudebot@anthropic.com)"
74.7.227.173 - - [11/Apr/2026:08:36:49 +0300] "GET /p/hence20795017?id=811275 HTTP/1.0" 404 2091 "https://region-saitov.ru/sitemapn.xml" "Mozilla/5.0 AppleWebKit/537.36 (KHTML, like Gecko; compatible; GPTBot/1.3; +https://openai.com/gptbot)"
216.73.216.172 - - [11/Apr/2026:08:36:52 +0300] "GET /p/run60669629?id=685887 HTTP/1.0" 404 2091 "-" "Mozilla/5.0 AppleWebKit/537.36 (KHTML, like Gecko; compatible; ClaudeBot/1.0; +claudebot@anthropic.com)"
74.7.227.173 - - [11/Apr/2026:08:36:52 +0300] "GET /p/kneel30919058?id=935316 HTTP/1.0" 404 2091 "https://region-saitov.ru/sitemaph.xml" "Mozilla/5.0 AppleWebKit/537.36 (KHTML, like Gecko; compatible; GPTBot/1.3; +https://openai.com/gptbot)"
216.73.216.172 - - [11/Apr/2026:08:36:55 +0300] "GET /p/compe50533060?id=549318 HTTP/1.0" 404 2091 "-" "Mozilla/5.0 AppleWebKit/537.36 (KHTML, like Gecko; compatible; ClaudeBot/1.0; +claudebot@anthropic.com)"
74.7.227.173 - - [11/Apr/2026:08:36:55 +0300] "GET /p/opera80924871?id=941129 HTTP/1.0" 404 2091 "https://region-saitov.ru/sitemaph.xml" "Mozilla/5.0 AppleWebKit/537.36 (KHTML, like Gecko; compatible; GPTBot/1.3; +https://openai.com/gptbot)"
216.73.216.172 - - [11/Apr/2026:08:36:58 +0300] "GET /p/bedro10016976?id=33234 HTTP/1.0" 404 2091 "-" "Mozilla/5.0 AppleWebKit/537.36 (KHTML, like Gecko; compatible; ClaudeBot/1.0; +claudebot@anthropic.com)"
74.7.227.173 - - [11/Apr/2026:08:36:58 +0300] "GET /p/negle40870307?id=886565 HTTP/1.0" 404 2091 "https://region-saitov.ru/sitemapi.xml" "Mozilla/5.0 AppleWebKit/537.36 (KHTML, like Gecko; compatible; GPTBot/1.3; +https://openai.com/gptbot)"
89.111.170.8 - - [11/Apr/2026:08:36:59 +0300] "GET / HTTP/1.0" 200 273999 "-" "https://reg.ru monitoring abuse@reg.ru"
92.242.60.14 - - [11/Apr/2026:08:36:59 +0300] "GET / HTTP/1.0" 200 273999 "-" "https://reg.ru monitoring abuse@reg.ru"
161.153.23.123 - - [11/Apr/2026:08:37:00 +0300] "GET /cdh.mp4 HTTP/1.0" 206 21715483 "https://cdh-implant.ru/" "Mozilla/5.0 (Linux; arm_64; Android 11; TECNO KG5n) AppleWebKit/537.36 (KHTML, like Gecko) Chrome/144.0.7559.871 YaSearchBrowser/26.34.1 BroPP/1.0 YaSearchApp/26.34.1 webOmni Mobile Safari/537.36"
74.7.227.173 - - [11/Apr/2026:08:37:01 +0300] "GET /p/summi80455759?id=472017 HTTP/1.0" 404 2091 "https://region-saitov.ru/sitemape.xml" "Mozilla/5.0 AppleWebKit/537.36 (KHTML, like Gecko; compatible; GPTBot/1.3; +https://openai.com/gptbot)"
216.73.216.172 - - [11/Apr/2026:08:37:02 +0300] "GET /p/mere52378516?id=2394774 HTTP/1.0" 404 2188 "-" "Mozilla/5.0 AppleWebKit/537.36 (KHTML, like Gecko; compatible; ClaudeBot/1.0; +claudebot@anthropic.com)"
129.151.238.169 - - [11/Apr/2026:08:37:03 +0300] "GET /cdh.mp4 HTTP/1.0" 206 55839 "https://cdh-implant.ru/" "Mozilla/5.0 (Linux; arm_64; Android 11; TECNO KG5n) AppleWebKit/537.36 (KHTML, like Gecko) Chrome/144.0.7559.871 YaSearchBrowser/26.34.1 BroPP/1.0 YaSearchApp/26.34.1 webOmni Mobile Safari/537.36"
129.151.238.169 - - [11/Apr/2026:08:37:04 +0300] "GET /cdh.mp4 HTTP/1.0" 206 21496432 "https://cdh-implant.ru/" "Mozilla/5.0 (Linux; arm_64; Android 11; TECNO KG5n) AppleWebKit/537.36 (KHTML, like Gecko) Chrome/144.0.7559.871 YaSearchBrowser/26.34.1 BroPP/1.0 YaSearchApp/26.34.1 webOmni Mobile Safari/537.36"
216.73.216.172 - - [11/Apr/2026:08:37:04 +0300] "GET /p/bound72070790?id=2087048 HTTP/1.0" 404 2091 "-" "Mozilla/5.0 AppleWebKit/537.36 (KHTML, like Gecko; compatible; ClaudeBot/1.0; +claudebot@anthropic.com)"
74.7.227.173 - - [11/Apr/2026:08:37:05 +0300] "GET /p/entit10545880?id=562138 HTTP/1.0" 404 2091 "https://region-saitov.ru/sitemapm.xml" "Mozilla/5.0 AppleWebKit/537.36 (KHTML, like Gecko; compatible; GPTBot/1.3; +https://openai.com/gptbot)"
216.73.216.172 - - [11/Apr/2026:08:37:07 +0300] "GET /p/put71461414?id=1477672 HTTP/1.0" 404 2091 "-" "Mozilla/5.0 AppleWebKit/537.36 (KHTML, like Gecko; compatible; ClaudeBot/1.0; +claudebot@anthropic.com)"
74.7.227.173 - - [11/Apr/2026:08:37:08 +0300] "GET /p/predi70193606?id=209864 HTTP/1.0" 404 2091 "https://region-saitov.ru/sitemapk.xml" "Mozilla/5.0 AppleWebKit/537.36 (KHTML, like Gecko; compatible; GPTBot/1.3; +https://openai.com/gptbot)"
74.7.227.173 - - [11/Apr/2026:08:37:11 +0300] "GET /p/faith70397974?id=414232 HTTP/1.0" 404 2091 "https://region-saitov.ru/sitemapi.xml" "Mozilla/5.0 AppleWebKit/537.36 (KHTML, like Gecko; compatible; GPTBot/1.3; +https://openai.com/gptbot)"
176.36.146.80 - - [11/Apr/2026:08:37:11 +0300] "GET /prodvizhenie-sajtov/ HTTP/1.0" 301 185 "http://region-saitov.ru/prodvizhenie-sajtov/" "Mozilla/5.0 (Windows NT 10.0; Win64; x64) AppleWebKit/537.36 (KHTML, like Gecko) Chrome/131.0.0.0 Safari/537.36 Avast/131.0.0.0"
176.36.146.80 - - [11/Apr/2026:08:37:11 +0300] "GET /prodvizhenie-sajtov/ HTTP/1.0" 200 284820 "https://region-saitov.ru/prodvizhenie-sajtov/" "Mozilla/5.0 (Windows NT 10.0; Win64; x64) AppleWebKit/537.36 (KHTML, like Gecko) Chrome/131.0.0.0 Safari/537.36 Avast/131.0.0.0"
216.73.216.172 - - [11/Apr/2026:08:37:12 +0300] "GET /p/must32136346?id=2152604 HTTP/1.0" 404 2188 "-" "Mozilla/5.0 AppleWebKit/537.36 (KHTML, like Gecko; compatible; ClaudeBot/1.0; +claudebot@anthropic.com)"
176.36.146.80 - - [11/Apr/2026:08:37:12 +0300] "GET /kontakty HTTP/1.0" 200 155388 "https://region-saitov.ru/kontakty" "Mozilla/5.0 (Windows NT 10.0; Win64; x64) AppleWebKit/537.36 (KHTML, like Gecko) Chrome/131.0.0.0 Safari/537.36 Avast/131.0.0.0"
74.7.227.173 - - [11/Apr/2026:08:37:14 +0300] "GET /p/brill10834864?id=851122 HTTP/1.0" 404 2091 "https://region-saitov.ru/sitemapb.xml" "Mozilla/5.0 AppleWebKit/537.36 (KHTML, like Gecko; compatible; GPTBot/1.3; +https://openai.com/gptbot)"
216.73.216.172 - - [11/Apr/2026:08:37:14 +0300] "GET /p/deman21226121?id=1242379 HTTP/1.0" 404 2091 "-" "Mozilla/5.0 AppleWebKit/537.36 (KHTML, like Gecko; compatible; ClaudeBot/1.0; +claudebot@anthropic.com)"
74.7.227.173 - - [11/Apr/2026:08:37:17 +0300] "GET /p/willi20191545?id=207803 HTTP/1.0" 404 2091 "https://region-saitov.ru/sitemapi.xml" "Mozilla/5.0 AppleWebKit/537.36 (KHTML, like Gecko; compatible; GPTBot/1.3; +https://openai.com/gptbot)"
216.73.216.172 - - [11/Apr/2026:08:37:17 +0300] "GET /p/evalu10958168?id=974426 HTTP/1.0" 404 2091 "-" "Mozilla/5.0 AppleWebKit/537.36 (KHTML, like Gecko; compatible; ClaudeBot/1.0; +claudebot@anthropic.com)"
74.7.227.173 - - [11/Apr/2026:08:37:20 +0300] "GET /p/stabi40507339?id=523597 HTTP/1.0" 404 2091 "https://region-saitov.ru/sitemapi.xml" "Mozilla/5.0 AppleWebKit/537.36 (KHTML, like Gecko; compatible; GPTBot/1.3; +https://openai.com/gptbot)"
216.73.216.172 - - [11/Apr/2026:08:37:20 +0300] "GET /p/furl82239975?id=2256233 HTTP/1.0" 404 2091 "-" "Mozilla/5.0 AppleWebKit/537.36 (KHTML, like Gecko; compatible; ClaudeBot/1.0; +claudebot@anthropic.com)"
74.7.227.173 - - [11/Apr/2026:08:37:23 +0300] "GET /p/insig50766148?id=782406 HTTP/1.0" 404 2091 "https://region-saitov.ru/sitemape.xml" "Mozilla/5.0 AppleWebKit/537.36 (KHTML, like Gecko; compatible; GPTBot/1.3; +https://openai.com/gptbot)"
216.73.216.172 - - [11/Apr/2026:08:37:23 +0300] "GET /p/team51116404?id=1132662 HTTP/1.0" 404 2091 "-" "Mozilla/5.0 AppleWebKit/537.36 (KHTML, like Gecko; compatible; ClaudeBot/1.0; +claudebot@anthropic.com)"
216.73.216.172 - - [11/Apr/2026:08:37:27 +0300] "GET /p/soft62573029?id=2589287 HTTP/1.0" 404 2091 "-" "Mozilla/5.0 AppleWebKit/537.36 (KHTML, like Gecko; compatible; ClaudeBot/1.0; +claudebot@anthropic.com)"
74.7.227.173 - - [11/Apr/2026:08:37:27 +0300] "GET /p/enclo20551505?id=567763 HTTP/1.0" 404 2091 "https://region-saitov.ru/sitemaph.xml" "Mozilla/5.0 AppleWebKit/537.36 (KHTML, like Gecko; compatible; GPTBot/1.3; +https://openai.com/gptbot)"
216.73.216.172 - - [11/Apr/2026:08:37:29 +0300] "GET /p/matte60469349?id=485607 HTTP/1.0" 404 2091 "-" "Mozilla/5.0 AppleWebKit/537.36 (KHTML, like Gecko; compatible; ClaudeBot/1.0; +claudebot@anthropic.com)"
74.7.227.173 - - [11/Apr/2026:08:37:30 +0300] "GET /p/deleg70414710?id=430968 HTTP/1.0" 404 2091 "https://region-saitov.ru/sitemapc.xml" "Mozilla/5.0 AppleWebKit/537.36 (KHTML, like Gecko; compatible; GPTBot/1.3; +https://openai.com/gptbot)"
216.73.216.172 - - [11/Apr/2026:08:37:32 +0300] "GET /p/full71889102?id=1905360 HTTP/1.0" 404 2091 "-" "Mozilla/5.0 AppleWebKit/537.36 (KHTML, like Gecko; compatible; ClaudeBot/1.0; +claudebot@anthropic.com)"
74.7.227.173 - - [11/Apr/2026:08:37:33 +0300] "GET /p/decli10594240?id=610498 HTTP/1.0" 404 2091 "https://region-saitov.ru/sitemapf.xml" "Mozilla/5.0 AppleWebKit/537.36 (KHTML, like Gecko; compatible; GPTBot/1.3; +https://openai.com/gptbot)"
216.73.216.172 - - [11/Apr/2026:08:37:35 +0300] "GET /p/turn51264084?id=1280342 HTTP/1.0" 404 2091 "-" "Mozilla/5.0 AppleWebKit/537.36 (KHTML, like Gecko; compatible; ClaudeBot/1.0; +claudebot@anthropic.com)"
74.7.227.173 - - [11/Apr/2026:08:37:36 +0300] "GET /p/soldi30165298?id=181556 HTTP/1.0" 404 2091 "https://region-saitov.ru/sitemapa.xml" "Mozilla/5.0 AppleWebKit/537.36 (KHTML, like Gecko; compatible; GPTBot/1.3; +https://openai.com/gptbot)"
216.73.216.172 - - [11/Apr/2026:08:37:38 +0300] "GET /p/sort50677076?id=693334 HTTP/1.0" 404 2091 "-" "Mozilla/5.0 AppleWebKit/537.36 (KHTML, like Gecko; compatible; ClaudeBot/1.0; +claudebot@anthropic.com)"
74.7.227.173 - - [11/Apr/2026:08:37:39 +0300] "GET /p/image60094197?id=110455 HTTP/1.0" 404 2091 "https://region-saitov.ru/sitemaph.xml" "Mozilla/5.0 AppleWebKit/537.36 (KHTML, like Gecko; compatible; GPTBot/1.3; +https://openai.com/gptbot)"
216.73.216.172 - - [11/Apr/2026:08:37:41 +0300] "GET /p/beard72909526?id=2925784 HTTP/1.0" 404 2091 "-" "Mozilla/5.0 AppleWebKit/537.36 (KHTML, like Gecko; compatible; ClaudeBot/1.0; +claudebot@anthropic.com)"
74.7.227.173 - - [11/Apr/2026:08:37:42 +0300] "GET /p/witho50956020?id=972278 HTTP/1.0" 404 2091 "https://region-saitov.ru/sitemapa.xml" "Mozilla/5.0 AppleWebKit/537.36 (KHTML, like Gecko; compatible; GPTBot/1.3; +https://openai.com/gptbot)"
216.73.216.172 - - [11/Apr/2026:08:37:44 +0300] "GET /p/chick40436387?id=452645 HTTP/1.0" 404 2091 "-" "Mozilla/5.0 AppleWebKit/537.36 (KHTML, like Gecko; compatible; ClaudeBot/1.0; +claudebot@anthropic.com)"
74.7.227.173 - - [11/Apr/2026:08:37:46 +0300] "GET /p/varia60171397?id=187655 HTTP/1.0" 404 2091 "https://region-saitov.ru/sitemapf.xml" "Mozilla/5.0 AppleWebKit/537.36 (KHTML, like Gecko; compatible; GPTBot/1.3; +https://openai.com/gptbot)"
216.73.216.172 - - [11/Apr/2026:08:37:47 +0300] "GET /p/place10728408?id=744666 HTTP/1.0" 404 2091 "-" "Mozilla/5.0 AppleWebKit/537.36 (KHTML, like Gecko; compatible; ClaudeBot/1.0; +claudebot@anthropic.com)"
74.7.227.173 - - [11/Apr/2026:08:37:49 +0300] "GET /p/direc70396046?id=412304 HTTP/1.0" 404 2091 "https://region-saitov.ru/sitemapf.xml" "Mozilla/5.0 AppleWebKit/537.36 (KHTML, like Gecko; compatible; GPTBot/1.3; +https://openai.com/gptbot)"
216.73.216.172 - - [11/Apr/2026:08:37:50 +0300] "GET /p/fend11515976?id=1532234 HTTP/1.0" 404 2091 "-" "Mozilla/5.0 AppleWebKit/537.36 (KHTML, like Gecko; compatible; ClaudeBot/1.0; +claudebot@anthropic.com)"
74.7.227.173 - - [11/Apr/2026:08:37:52 +0300] "GET /p/graci60870901?id=887159 HTTP/1.0" 404 2091 "https://region-saitov.ru/sitemapa.xml" "Mozilla/5.0 AppleWebKit/537.36 (KHTML, like Gecko; compatible; GPTBot/1.3; +https://openai.com/gptbot)"
216.73.216.172 - - [11/Apr/2026:08:37:53 +0300] "GET /p/thin12749208?id=2765466 HTTP/1.0" 404 2091 "-" "Mozilla/5.0 AppleWebKit/537.36 (KHTML, like Gecko; compatible; ClaudeBot/1.0; +claudebot@anthropic.com)"
74.7.227.173 - - [11/Apr/2026:08:37:55 +0300] "GET /p/painf40238315?id=254573 HTTP/1.0" 404 2091 "https://region-saitov.ru/sitemapf.xml" "Mozilla/5.0 AppleWebKit/537.36 (KHTML, like Gecko; compatible; GPTBot/1.3; +https://openai.com/gptbot)"
85.140.7.230 - - [11/Apr/2026:08:37:56 +0300] "GET /cdh.mp4 HTTP/1.0" 206 21715483 "https://cdh-implant.ru/" "Mozilla/5.0 (Linux; arm_64; Android 10; MGA-LX3) AppleWebKit/537.36 (KHTML, like Gecko) Chrome/144.0.7559.924 YaSearchBrowser/26.31.1 BroPP/1.0 YaSearchApp/26.31.1 webOmni Mobile Safari/537.36"
216.73.216.172 - - [11/Apr/2026:08:37:56 +0300] "GET /p/luck40908579?id=924837 HTTP/1.0" 404 2091 "-" "Mozilla/5.0 AppleWebKit/537.36 (KHTML, like Gecko; compatible; ClaudeBot/1.0; +claudebot@anthropic.com)"
74.7.227.173 - - [11/Apr/2026:08:37:58 +0300] "GET /p/lifes60217413?id=233671 HTTP/1.0" 404 2091 "https://region-saitov.ru/sitemapa.xml" "Mozilla/5.0 AppleWebKit/537.36 (KHTML, like Gecko; compatible; GPTBot/1.3; +https://openai.com/gptbot)"
216.73.216.172 - - [11/Apr/2026:08:37:59 +0300] "GET /p/bottl70968006?id=984264 HTTP/1.0" 404 2091 "-" "Mozilla/5.0 AppleWebKit/537.36 (KHTML, like Gecko; compatible; ClaudeBot/1.0; +claudebot@anthropic.com)"
74.7.227.173 - - [11/Apr/2026:08:38:01 +0300] "GET /p/tape50040964?id=57222 HTTP/1.0" 404 2091 "https://region-saitov.ru/sitemape.xml" "Mozilla/5.0 AppleWebKit/537.36 (KHTML, like Gecko; compatible; GPTBot/1.3; +https://openai.com/gptbot)"
216.73.216.172 - - [11/Apr/2026:08:38:02 +0300] "GET /p/harmo82946367?id=2962625 HTTP/1.0" 404 2091 "-" "Mozilla/5.0 AppleWebKit/537.36 (KHTML, like Gecko; compatible; ClaudeBot/1.0; +claudebot@anthropic.com)"
74.7.227.173 - - [11/Apr/2026:08:38:05 +0300] "GET /p/ford30015970?id=32228 HTTP/1.0" 404 2091 "https://region-saitov.ru/sitemapl.xml" "Mozilla/5.0 AppleWebKit/537.36 (KHTML, like Gecko; compatible; GPTBot/1.3; +https://openai.com/gptbot)"
216.73.216.172 - - [11/Apr/2026:08:38:05 +0300] "GET /p/impol10013792?id=30050 HTTP/1.0" 404 2091 "-" "Mozilla/5.0 AppleWebKit/537.36 (KHTML, like Gecko; compatible; ClaudeBot/1.0; +claudebot@anthropic.com)"
74.7.227.173 - - [11/Apr/2026:08:38:08 +0300] "GET /p/mold60007757?id=24015 HTTP/1.0" 404 2091 "https://region-saitov.ru/sitemapl.xml" "Mozilla/5.0 AppleWebKit/537.36 (KHTML, like Gecko; compatible; GPTBot/1.3; +https://openai.com/gptbot)"
216.73.216.172 - - [11/Apr/2026:08:38:08 +0300] "GET /p/force70768710?id=784968 HTTP/1.0" 404 2091 "-" "Mozilla/5.0 AppleWebKit/537.36 (KHTML, like Gecko; compatible; ClaudeBot/1.0; +claudebot@anthropic.com)"
74.7.227.173 - - [11/Apr/2026:08:38:11 +0300] "GET /p/muse30003866?id=20124 HTTP/1.0" 404 2091 "https://region-saitov.ru/sitemape.xml" "Mozilla/5.0 AppleWebKit/537.36 (KHTML, like Gecko; compatible; GPTBot/1.3; +https://openai.com/gptbot)"
216.73.216.172 - - [11/Apr/2026:08:38:11 +0300] "GET /p/libra10225200?id=241458 HTTP/1.0" 404 2091 "-" "Mozilla/5.0 AppleWebKit/537.36 (KHTML, like Gecko; compatible; ClaudeBot/1.0; +claudebot@anthropic.com)"
74.7.227.173 - - [11/Apr/2026:08:38:14 +0300] "GET /p/mild30002946?id=19204 HTTP/1.0" 404 2091 "https://region-saitov.ru/sitemapk.xml" "Mozilla/5.0 AppleWebKit/537.36 (KHTML, like Gecko; compatible; GPTBot/1.3; +https://openai.com/gptbot)"
216.73.216.172 - - [11/Apr/2026:08:38:14 +0300] "GET /p/tall20504073?id=520331 HTTP/1.0" 404 2091 "-" "Mozilla/5.0 AppleWebKit/537.36 (KHTML, like Gecko; compatible; ClaudeBot/1.0; +claudebot@anthropic.com)"
74.7.227.173 - - [11/Apr/2026:08:38:17 +0300] "GET /p/they30008154?id=24412 HTTP/1.0" 404 2091 "https://region-saitov.ru/sitemape.xml" "Mozilla/5.0 AppleWebKit/537.36 (KHTML, like Gecko; compatible; GPTBot/1.3; +https://openai.com/gptbot)"
216.73.216.172 - - [11/Apr/2026:08:38:18 +0300] "GET /p/infec80507151?id=523409 HTTP/1.0" 404 2091 "-" "Mozilla/5.0 AppleWebKit/537.36 (KHTML, like Gecko; compatible; ClaudeBot/1.0; +claudebot@anthropic.com)"
74.7.227.173 - - [11/Apr/2026:08:38:20 +0300] "GET /p/heel20077753?id=94011 HTTP/1.0" 404 2091 "https://region-saitov.ru/sitemapn.xml" "Mozilla/5.0 AppleWebKit/537.36 (KHTML, like Gecko; compatible; GPTBot/1.3; +https://openai.com/gptbot)"
216.73.216.172 - - [11/Apr/2026:08:38:20 +0300] "GET /p/numer72298854?id=2315112 HTTP/1.0" 404 2091 "-" "Mozilla/5.0 AppleWebKit/537.36 (KHTML, like Gecko; compatible; ClaudeBot/1.0; +claudebot@anthropic.com)"
216.73.216.172 - - [11/Apr/2026:08:38:23 +0300] "GET /p/singe42293587?id=2309845 HTTP/1.0" 404 2091 "-" "Mozilla/5.0 AppleWebKit/537.36 (KHTML, like Gecko; compatible; ClaudeBot/1.0; +claudebot@anthropic.com)"
74.7.227.173 - - [11/Apr/2026:08:38:24 +0300] "GET /p/hers70001086?id=17344 HTTP/1.0" 404 2091 "https://region-saitov.ru/sitemape.xml" "Mozilla/5.0 AppleWebKit/537.36 (KHTML, like Gecko; compatible; GPTBot/1.3; +https://openai.com/gptbot)"
216.73.216.172 - - [11/Apr/2026:08:38:26 +0300] "GET /p/priso20108225?id=124483 HTTP/1.0" 404 2091 "-" "Mozilla/5.0 AppleWebKit/537.36 (KHTML, like Gecko; compatible; ClaudeBot/1.0; +claudebot@anthropic.com)"
74.7.227.173 - - [11/Apr/2026:08:38:27 +0300] "GET /p/earn40071115?id=87373 HTTP/1.0" 404 2091 "https://region-saitov.ru/sitemapf.xml" "Mozilla/5.0 AppleWebKit/537.36 (KHTML, like Gecko; compatible; GPTBot/1.3; +https://openai.com/gptbot)"
74.7.227.173 - - [11/Apr/2026:08:38:30 +0300] "GET /p/many30009522?id=25780 HTTP/1.0" 404 2091 "https://region-saitov.ru/sitemapf.xml" "Mozilla/5.0 AppleWebKit/537.36 (KHTML, like Gecko; compatible; GPTBot/1.3; +https://openai.com/gptbot)"
74.7.227.173 - - [11/Apr/2026:08:38:33 +0300] "GET /p/fale80055967?id=72225 HTTP/1.0" 404 2188 "https://region-saitov.ru/sitemapi.xml" "Mozilla/5.0 AppleWebKit/537.36 (KHTML, like Gecko; compatible; GPTBot/1.3; +https://openai.com/gptbot)"
74.7.227.173 - - [11/Apr/2026:08:38:36 +0300] "GET /p/rule20001009?id=17267 HTTP/1.0" 404 2091 "https://region-saitov.ru/sitemapm.xml" "Mozilla/5.0 AppleWebKit/537.36 (KHTML, like Gecko; compatible; GPTBot/1.3; +https://openai.com/gptbot)"
74.7.227.173 - - [11/Apr/2026:08:38:39 +0300] "GET /p/tune80007279?id=23537 HTTP/1.0" 404 2091 "https://region-saitov.ru/sitemapn.xml" "Mozilla/5.0 AppleWebKit/537.36 (KHTML, like Gecko; compatible; GPTBot/1.3; +https://openai.com/gptbot)"
74.7.227.173 - - [11/Apr/2026:08:38:43 +0300] "GET /p/vile30003906?id=20164 HTTP/1.0" 404 2091 "https://region-saitov.ru/sitemaph.xml" "Mozilla/5.0 AppleWebKit/537.36 (KHTML, like Gecko; compatible; GPTBot/1.3; +https://openai.com/gptbot)"
74.7.227.173 - - [11/Apr/2026:08:38:46 +0300] "GET /p/free30008586?id=24844 HTTP/1.0" 404 2091 "https://region-saitov.ru/sitemape.xml" "Mozilla/5.0 AppleWebKit/537.36 (KHTML, like Gecko; compatible; GPTBot/1.3; +https://openai.com/gptbot)"
74.7.227.173 - - [11/Apr/2026:08:38:49 +0300] "GET /p/path80048887?id=65145 HTTP/1.0" 404 2091 "https://region-saitov.ru/sitemapi.xml" "Mozilla/5.0 AppleWebKit/537.36 (KHTML, like Gecko; compatible; GPTBot/1.3; +https://openai.com/gptbot)"
74.7.227.173 - - [11/Apr/2026:08:38:53 +0300] "GET /p/gaol20043777?id=60035 HTTP/1.0" 404 2091 "https://region-saitov.ru/sitemapk.xml" "Mozilla/5.0 AppleWebKit/537.36 (KHTML, like Gecko; compatible; GPTBot/1.3; +https://openai.com/gptbot)"
74.7.227.173 - - [11/Apr/2026:08:38:56 +0300] "GET /p/lest61095629?id=1111887 HTTP/1.0" 404 2091 "https://region-saitov.ru/sitemapk.xml" "Mozilla/5.0 AppleWebKit/537.36 (KHTML, like Gecko; compatible; GPTBot/1.3; +https://openai.com/gptbot)"
74.7.227.173 - - [11/Apr/2026:08:38:59 +0300] "GET /p/hum20009465?id=25723 HTTP/1.0" 404 2091 "https://region-saitov.ru/sitemapa.xml" "Mozilla/5.0 AppleWebKit/537.36 (KHTML, like Gecko; compatible; GPTBot/1.3; +https://openai.com/gptbot)"
216.73.216.172 - - [11/Apr/2026:08:38:59 +0300] "GET /p/dam61763309?id=1779567 HTTP/1.0" 404 2188 "-" "Mozilla/5.0 AppleWebKit/537.36 (KHTML, like Gecko; compatible; ClaudeBot/1.0; +claudebot@anthropic.com)"
216.73.216.172 - - [11/Apr/2026:08:39:01 +0300] "GET /p/ring71861614?id=1877872 HTTP/1.0" 404 2091 "-" "Mozilla/5.0 AppleWebKit/537.36 (KHTML, like Gecko; compatible; ClaudeBot/1.0; +claudebot@anthropic.com)"
74.7.227.173 - - [11/Apr/2026:08:39:02 +0300] "GET /p/yes60005269?id=21527 HTTP/1.0" 404 2091 "https://region-saitov.ru/sitemapc.xml" "Mozilla/5.0 AppleWebKit/537.36 (KHTML, like Gecko; compatible; GPTBot/1.3; +https://openai.com/gptbot)"
216.73.216.172 - - [11/Apr/2026:08:39:04 +0300] "GET /p/ambit10482384?id=498642 HTTP/1.0" 404 2091 "-" "Mozilla/5.0 AppleWebKit/537.36 (KHTML, like Gecko; compatible; ClaudeBot/1.0; +claudebot@anthropic.com)"
74.7.227.173 - - [11/Apr/2026:08:39:05 +0300] "GET /p/nod60005069?id=21327 HTTP/1.0" 404 2091 "https://region-saitov.ru/sitemapb.xml" "Mozilla/5.0 AppleWebKit/537.36 (KHTML, like Gecko; compatible; GPTBot/1.3; +https://openai.com/gptbot)"
216.73.216.172 - - [11/Apr/2026:08:39:07 +0300] "GET /p/game20153281?id=169539 HTTP/1.0" 404 2091 "-" "Mozilla/5.0 AppleWebKit/537.36 (KHTML, like Gecko; compatible; ClaudeBot/1.0; +claudebot@anthropic.com)"
74.7.227.173 - - [11/Apr/2026:08:39:08 +0300] "GET /p/one20044297?id=60555 HTTP/1.0" 404 2091 "https://region-saitov.ru/sitemape.xml" "Mozilla/5.0 AppleWebKit/537.36 (KHTML, like Gecko; compatible; GPTBot/1.3; +https://openai.com/gptbot)"
216.73.216.172 - - [11/Apr/2026:08:39:10 +0300] "GET /p/colli41977955?id=1994213 HTTP/1.0" 404 2091 "-" "Mozilla/5.0 AppleWebKit/537.36 (KHTML, like Gecko; compatible; ClaudeBot/1.0; +claudebot@anthropic.com)"
74.7.227.173 - - [11/Apr/2026:08:39:11 +0300] "GET /p/gasol40003155?id=19413 HTTP/1.0" 404 2091 "https://region-saitov.ru/sitemapl.xml" "Mozilla/5.0 AppleWebKit/537.36 (KHTML, like Gecko; compatible; GPTBot/1.3; +https://openai.com/gptbot)"
216.73.216.172 - - [11/Apr/2026:08:39:13 +0300] "GET /p/basis31743570?id=1759828 HTTP/1.0" 404 2091 "-" "Mozilla/5.0 AppleWebKit/537.36 (KHTML, like Gecko; compatible; ClaudeBot/1.0; +claudebot@anthropic.com)"
74.7.227.173 - - [11/Apr/2026:08:39:14 +0300] "GET /p/relea70006342?id=22600 HTTP/1.0" 404 2091 "https://region-saitov.ru/sitemapl.xml" "Mozilla/5.0 AppleWebKit/537.36 (KHTML, like Gecko; compatible; GPTBot/1.3; +https://openai.com/gptbot)"
216.73.216.172 - - [11/Apr/2026:08:39:16 +0300] "GET /p/escap50041388?id=57646 HTTP/1.0" 404 2091 "-" "Mozilla/5.0 AppleWebKit/537.36 (KHTML, like Gecko; compatible; ClaudeBot/1.0; +claudebot@anthropic.com)"
74.7.227.173 - - [11/Apr/2026:08:39:18 +0300] "GET /p/since70017046?id=33304 HTTP/1.0" 404 2091 "https://region-saitov.ru/sitemapf.xml" "Mozilla/5.0 AppleWebKit/537.36 (KHTML, like Gecko; compatible; GPTBot/1.3; +https://openai.com/gptbot)"
216.73.216.172 - - [11/Apr/2026:08:39:19 +0300] "GET /p/drawi52090644?id=2106902 HTTP/1.0" 404 2091 "-" "Mozilla/5.0 AppleWebKit/537.36 (KHTML, like Gecko; compatible; ClaudeBot/1.0; +claudebot@anthropic.com)"
74.7.227.173 - - [11/Apr/2026:08:39:21 +0300] "GET /p/goodn50051116?id=67374 HTTP/1.0" 404 2091 "https://region-saitov.ru/sitemapn.xml" "Mozilla/5.0 AppleWebKit/537.36 (KHTML, like Gecko; compatible; GPTBot/1.3; +https://openai.com/gptbot)"
216.73.216.172 - - [11/Apr/2026:08:39:22 +0300] "GET /p/may22288945?id=2305203 HTTP/1.0" 404 2091 "-" "Mozilla/5.0 AppleWebKit/537.36 (KHTML, like Gecko; compatible; ClaudeBot/1.0; +claudebot@anthropic.com)"
74.7.227.173 - - [11/Apr/2026:08:39:24 +0300] "GET /p/rapid40008795?id=25053 HTTP/1.0" 404 2091 "https://region-saitov.ru/sitemapk.xml" "Mozilla/5.0 AppleWebKit/537.36 (KHTML, like Gecko; compatible; GPTBot/1.3; +https://openai.com/gptbot)"
216.73.216.172 - - [11/Apr/2026:08:39:25 +0300] "GET /p/glory10035640?id=51898 HTTP/1.0" 404 2091 "-" "Mozilla/5.0 AppleWebKit/537.36 (KHTML, like Gecko; compatible; ClaudeBot/1.0; +claudebot@anthropic.com)"
74.7.227.173 - - [11/Apr/2026:08:39:27 +0300] "GET /p/welco50028884?id=45142 HTTP/1.0" 404 2091 "https://region-saitov.ru/sitemapa.xml" "Mozilla/5.0 AppleWebKit/537.36 (KHTML, like Gecko; compatible; GPTBot/1.3; +https://openai.com/gptbot)"
216.73.216.172 - - [11/Apr/2026:08:39:28 +0300] "GET /p/hook11706576?id=1722834 HTTP/1.0" 404 2091 "-" "Mozilla/5.0 AppleWebKit/537.36 (KHTML, like Gecko; compatible; ClaudeBot/1.0; +claudebot@anthropic.com)"
74.7.227.173 - - [11/Apr/2026:08:39:30 +0300] "GET /p/offic60004109?id=20367 HTTP/1.0" 404 2091 "https://region-saitov.ru/sitemapi.xml" "Mozilla/5.0 AppleWebKit/537.36 (KHTML, like Gecko; compatible; GPTBot/1.3; +https://openai.com/gptbot)"
216.73.216.172 - - [11/Apr/2026:08:39:31 +0300] "GET /p/drop61912613?id=1928871 HTTP/1.0" 404 2091 "-" "Mozilla/5.0 AppleWebKit/537.36 (KHTML, like Gecko; compatible; ClaudeBot/1.0; +claudebot@anthropic.com)"
74.7.227.173 - - [11/Apr/2026:08:39:34 +0300] "GET /p/virus40006243?id=22501 HTTP/1.0" 404 2091 "https://region-saitov.ru/sitemapf.xml" "Mozilla/5.0 AppleWebKit/537.36 (KHTML, like Gecko; compatible; GPTBot/1.3; +https://openai.com/gptbot)"
216.73.216.172 - - [11/Apr/2026:08:39:34 +0300] "GET /p/ever52781084?id=2797342 HTTP/1.0" 404 2091 "-" "Mozilla/5.0 AppleWebKit/537.36 (KHTML, like Gecko; compatible; ClaudeBot/1.0; +claudebot@anthropic.com)"
74.7.227.173 - - [11/Apr/2026:08:39:37 +0300] "GET /p/stake80002055?id=18313 HTTP/1.0" 404 2091 "https://region-saitov.ru/sitemapf.xml" "Mozilla/5.0 AppleWebKit/537.36 (KHTML, like Gecko; compatible; GPTBot/1.3; +https://openai.com/gptbot)"
216.73.216.172 - - [11/Apr/2026:08:39:37 +0300] "GET /p/ask80837039?id=853297 HTTP/1.0" 404 2091 "-" "Mozilla/5.0 AppleWebKit/537.36 (KHTML, like Gecko; compatible; ClaudeBot/1.0; +claudebot@anthropic.com)"
74.7.227.173 - - [11/Apr/2026:08:39:40 +0300] "GET /p/lovin10005344?id=21602 HTTP/1.0" 404 2091 "https://region-saitov.ru/sitemapa.xml" "Mozilla/5.0 AppleWebKit/537.36 (KHTML, like Gecko; compatible; GPTBot/1.3; +https://openai.com/gptbot)"
216.73.216.172 - - [11/Apr/2026:08:39:40 +0300] "GET /p/three10601120?id=617378 HTTP/1.0" 404 2091 "-" "Mozilla/5.0 AppleWebKit/537.36 (KHTML, like Gecko; compatible; ClaudeBot/1.0; +claudebot@anthropic.com)"
74.7.227.173 - - [11/Apr/2026:08:39:43 +0300] "GET /p/subma30002770?id=19028 HTTP/1.0" 404 2091 "https://region-saitov.ru/sitemapl.xml" "Mozilla/5.0 AppleWebKit/537.36 (KHTML, like Gecko; compatible; GPTBot/1.3; +https://openai.com/gptbot)"
216.73.216.172 - - [11/Apr/2026:08:39:43 +0300] "GET /p/plan32345290?id=2361548 HTTP/1.0" 404 2091 "-" "Mozilla/5.0 AppleWebKit/537.36 (KHTML, like Gecko; compatible; ClaudeBot/1.0; +claudebot@anthropic.com)"
216.73.216.172 - - [11/Apr/2026:08:39:46 +0300] "GET /p/dull51137612?id=1153870 HTTP/1.0" 404 2091 "-" "Mozilla/5.0 AppleWebKit/537.36 (KHTML, like Gecko; compatible; ClaudeBot/1.0; +claudebot@anthropic.com)"
74.7.227.173 - - [11/Apr/2026:08:39:46 +0300] "GET /p/socie10028192?id=44450 HTTP/1.0" 404 2091 "https://region-saitov.ru/sitemapb.xml" "Mozilla/5.0 AppleWebKit/537.36 (KHTML, like Gecko; compatible; GPTBot/1.3; +https://openai.com/gptbot)"
216.73.216.172 - - [11/Apr/2026:08:39:49 +0300] "GET /p/since70405046?id=421304 HTTP/1.0" 404 2091 "-" "Mozilla/5.0 AppleWebKit/537.36 (KHTML, like Gecko; compatible; ClaudeBot/1.0; +claudebot@anthropic.com)"
74.7.227.173 - - [11/Apr/2026:08:39:49 +0300] "GET /p/reces20005865?id=22123 HTTP/1.0" 404 2091 "https://region-saitov.ru/sitemapc.xml" "Mozilla/5.0 AppleWebKit/537.36 (KHTML, like Gecko; compatible; GPTBot/1.3; +https://openai.com/gptbot)"
216.73.216.172 - - [11/Apr/2026:08:39:52 +0300] "GET /p/strok21483257?id=1499515 HTTP/1.0" 404 2091 "-" "Mozilla/5.0 AppleWebKit/537.36 (KHTML, like Gecko; compatible; ClaudeBot/1.0; +claudebot@anthropic.com)"
74.7.227.173 - - [11/Apr/2026:08:39:52 +0300] "GET /p/smoot60004141?id=20399 HTTP/1.0" 404 2091 "https://region-saitov.ru/sitemape.xml" "Mozilla/5.0 AppleWebKit/537.36 (KHTML, like Gecko; compatible; GPTBot/1.3; +https://openai.com/gptbot)"
216.73.216.172 - - [11/Apr/2026:08:39:55 +0300] "GET /p/afric21849377?id=1865635 HTTP/1.0" 404 2091 "-" "Mozilla/5.0 AppleWebKit/537.36 (KHTML, like Gecko; compatible; ClaudeBot/1.0; +claudebot@anthropic.com)"
74.7.227.173 - - [11/Apr/2026:08:39:55 +0300] "GET /p/accom70005902?id=22160 HTTP/1.0" 404 2091 "https://region-saitov.ru/sitemapa.xml" "Mozilla/5.0 AppleWebKit/537.36 (KHTML, like Gecko; compatible; GPTBot/1.3; +https://openai.com/gptbot)"
216.73.216.172 - - [11/Apr/2026:08:39:58 +0300] "GET /p/indig22019609?id=2035867 HTTP/1.0" 404 2091 "-" "Mozilla/5.0 AppleWebKit/537.36 (KHTML, like Gecko; compatible; ClaudeBot/1.0; +claudebot@anthropic.com)"
74.7.227.173 - - [11/Apr/2026:08:39:58 +0300] "GET /p/outgo60077333?id=93591 HTTP/1.0" 404 2091 "https://region-saitov.ru/sitemapn.xml" "Mozilla/5.0 AppleWebKit/537.36 (KHTML, like Gecko; compatible; GPTBot/1.3; +https://openai.com/gptbot)"
216.73.216.172 - - [11/Apr/2026:08:40:01 +0300] "GET /p/prolo60035725?id=51983 HTTP/1.0" 404 2091 "-" "Mozilla/5.0 AppleWebKit/537.36 (KHTML, like Gecko; compatible; ClaudeBot/1.0; +claudebot@anthropic.com)"
74.7.227.173 - - [11/Apr/2026:08:40:02 +0300] "GET /p/pictu40008027?id=24285 HTTP/1.0" 404 2091 "https://region-saitov.ru/sitemapk.xml" "Mozilla/5.0 AppleWebKit/537.36 (KHTML, like Gecko; compatible; GPTBot/1.3; +https://openai.com/gptbot)"
216.73.216.172 - - [11/Apr/2026:08:40:04 +0300] "GET /p/due61646413?id=1662671 HTTP/1.0" 404 2091 "-" "Mozilla/5.0 AppleWebKit/537.36 (KHTML, like Gecko; compatible; ClaudeBot/1.0; +claudebot@anthropic.com)"
74.7.227.173 - - [11/Apr/2026:08:40:05 +0300] "GET /p/spiri70008534?id=24792 HTTP/1.0" 404 2091 "https://region-saitov.ru/sitemapl.xml" "Mozilla/5.0 AppleWebKit/537.36 (KHTML, like Gecko; compatible; GPTBot/1.3; +https://openai.com/gptbot)"
216.73.216.172 - - [11/Apr/2026:08:40:07 +0300] "GET /p/concl12406432?id=2422690 HTTP/1.0" 404 2091 "-" "Mozilla/5.0 AppleWebKit/537.36 (KHTML, like Gecko; compatible; ClaudeBot/1.0; +claudebot@anthropic.com)"
74.7.227.173 - - [11/Apr/2026:08:40:08 +0300] "GET /p/remai30004714?id=20972 HTTP/1.0" 404 2091 "https://region-saitov.ru/sitemapb.xml" "Mozilla/5.0 AppleWebKit/537.36 (KHTML, like Gecko; compatible; GPTBot/1.3; +https://openai.com/gptbot)"
216.73.216.172 - - [11/Apr/2026:08:40:10 +0300] "GET /p/set32321698?id=2337956 HTTP/1.0" 404 2091 "-" "Mozilla/5.0 AppleWebKit/537.36 (KHTML, like Gecko; compatible; ClaudeBot/1.0; +claudebot@anthropic.com)"
74.7.227.173 - - [11/Apr/2026:08:40:11 +0300] "GET /p/unifo20005537?id=21795 HTTP/1.0" 404 2091 "https://region-saitov.ru/sitemapc.xml" "Mozilla/5.0 AppleWebKit/537.36 (KHTML, like Gecko; compatible; GPTBot/1.3; +https://openai.com/gptbot)"
216.73.216.172 - - [11/Apr/2026:08:40:13 +0300] "GET /p/trash60601493?id=617751 HTTP/1.0" 404 2091 "-" "Mozilla/5.0 AppleWebKit/537.36 (KHTML, like Gecko; compatible; ClaudeBot/1.0; +claudebot@anthropic.com)"
74.7.227.173 - - [11/Apr/2026:08:40:14 +0300] "GET /p/piano20041297?id=57555 HTTP/1.0" 404 2091 "https://region-saitov.ru/sitemaph.xml" "Mozilla/5.0 AppleWebKit/537.36 (KHTML, like Gecko; compatible; GPTBot/1.3; +https://openai.com/gptbot)"
216.73.216.172 - - [11/Apr/2026:08:40:16 +0300] "GET /p/skip52107892?id=2124150 HTTP/1.0" 404 2091 "-" "Mozilla/5.0 AppleWebKit/537.36 (KHTML, like Gecko; compatible; ClaudeBot/1.0; +claudebot@anthropic.com)"
74.7.227.173 - - [11/Apr/2026:08:40:17 +0300] "GET /p/confe80005255?id=21513 HTTP/1.0" 404 2091 "https://region-saitov.ru/sitemapc.xml" "Mozilla/5.0 AppleWebKit/537.36 (KHTML, like Gecko; compatible; GPTBot/1.3; +https://openai.com/gptbot)"
216.73.216.172 - - [11/Apr/2026:08:40:19 +0300] "GET /p/manag72120126?id=2136384 HTTP/1.0" 404 2091 "-" "Mozilla/5.0 AppleWebKit/537.36 (KHTML, like Gecko; compatible; ClaudeBot/1.0; +claudebot@anthropic.com)"
74.7.227.173 - - [11/Apr/2026:08:40:20 +0300] "GET /p/scatt60002981?id=19239 HTTP/1.0" 404 2091 "https://region-saitov.ru/sitemapf.xml" "Mozilla/5.0 AppleWebKit/537.36 (KHTML, like Gecko; compatible; GPTBot/1.3; +https://openai.com/gptbot)"
216.73.216.172 - - [11/Apr/2026:08:40:22 +0300] "GET /p/perfe20532953?id=549211 HTTP/1.0" 404 2091 "-" "Mozilla/5.0 AppleWebKit/537.36 (KHTML, like Gecko; compatible; ClaudeBot/1.0; +claudebot@anthropic.com)"
74.7.227.173 - - [11/Apr/2026:08:40:23 +0300] "GET /p/secre80008407?id=24665 HTTP/1.0" 404 2091 "https://region-saitov.ru/sitemapb.xml" "Mozilla/5.0 AppleWebKit/537.36 (KHTML, like Gecko; compatible; GPTBot/1.3; +https://openai.com/gptbot)"
74.7.227.173 - - [11/Apr/2026:08:40:27 +0300] "GET /p/indee60002733?id=18991 HTTP/1.0" 404 2091 "https://region-saitov.ru/sitemapf.xml" "Mozilla/5.0 AppleWebKit/537.36 (KHTML, like Gecko; compatible; GPTBot/1.3; +https://openai.com/gptbot)"
216.73.216.172 - - [11/Apr/2026:08:40:28 +0300] "GET /p/snap10063816?id=80074 HTTP/1.0" 404 2188 "-" "Mozilla/5.0 AppleWebKit/537.36 (KHTML, like Gecko; compatible; ClaudeBot/1.0; +claudebot@anthropic.com)"
74.7.227.173 - - [11/Apr/2026:08:40:30 +0300] "GET /p/looko20001457?id=17715 HTTP/1.0" 404 2091 "https://region-saitov.ru/sitemaph.xml" "Mozilla/5.0 AppleWebKit/537.36 (KHTML, like Gecko; compatible; GPTBot/1.3; +https://openai.com/gptbot)"
216.73.216.172 - - [11/Apr/2026:08:40:30 +0300] "GET /p/perio61024181?id=1040439 HTTP/1.0" 404 2091 "-" "Mozilla/5.0 AppleWebKit/537.36 (KHTML, like Gecko; compatible; ClaudeBot/1.0; +claudebot@anthropic.com)"
216.73.216.172 - - [11/Apr/2026:08:40:33 +0300] "GET /p/pit82075511?id=2091769 HTTP/1.0" 404 2091 "-" "Mozilla/5.0 AppleWebKit/537.36 (KHTML, like Gecko; compatible; ClaudeBot/1.0; +claudebot@anthropic.com)"
74.7.227.173 - - [11/Apr/2026:08:40:33 +0300] "GET /sitemapd.xml HTTP/1.0" 200 17255 "-" "Mozilla/5.0 AppleWebKit/537.36 (KHTML, like Gecko; compatible; GPTBot/1.3; +https://openai.com/gptbot)"
216.73.216.172 - - [11/Apr/2026:08:40:36 +0300] "GET /p/grace12638656?id=2654914 HTTP/1.0" 404 2091 "-" "Mozilla/5.0 AppleWebKit/537.36 (KHTML, like Gecko; compatible; ClaudeBot/1.0; +claudebot@anthropic.com)"
216.73.216.172 - - [11/Apr/2026:08:40:39 +0300] "GET /p/norm71019870?id=1036128 HTTP/1.0" 404 2091 "-" "Mozilla/5.0 AppleWebKit/537.36 (KHTML, like Gecko; compatible; ClaudeBot/1.0; +claudebot@anthropic.com)"
74.7.227.173 - - [11/Apr/2026:08:40:36 +0300] "GET /sitemapc.xml HTTP/1.0" 200 19670 "-" "Mozilla/5.0 AppleWebKit/537.36 (KHTML, like Gecko; compatible; GPTBot/1.3; +https://openai.com/gptbot)"
216.73.216.172 - - [11/Apr/2026:08:40:42 +0300] "GET /p/slap20843737?id=859995 HTTP/1.0" 404 2091 "-" "Mozilla/5.0 AppleWebKit/537.36 (KHTML, like Gecko; compatible; ClaudeBot/1.0; +claudebot@anthropic.com)"
74.7.227.173 - - [11/Apr/2026:08:40:40 +0300] "GET /sitemapo.xml HTTP/1.0" 200 27747 "https://region-saitov.ru/sitemap.xml" "Mozilla/5.0 AppleWebKit/537.36 (KHTML, like Gecko; compatible; GPTBot/1.3; +https://openai.com/gptbot)"
216.73.216.172 - - [11/Apr/2026:08:40:45 +0300] "GET /p/dayli61370917?id=1387175 HTTP/1.0" 404 2091 "-" "Mozilla/5.0 AppleWebKit/537.36 (KHTML, like Gecko; compatible; ClaudeBot/1.0; +claudebot@anthropic.com)"
