216.73.216.102 - - [15/Apr/2026:00:28:07 +0300] "GET /?t=02183183679901 HTTP/1.0" 200 15041 "-" "Mozilla/5.0 AppleWebKit/537.36 (KHTML, like Gecko; compatible; ClaudeBot/1.0; +claudebot@anthropic.com)"
66.249.76.39 - - [15/Apr/2026:00:28:10 +0300] "GET /category/0/1/001/001009/?SPC=0&SGC=0&STA=0&FPC=0&FGC=0&FTA=0&SFL_DF=0&CPPR=1 HTTP/1.0" 404 1874 "-" "Mozilla/5.0 (Linux; Android 6.0.1; Nexus 5X Build/MMB29P) AppleWebKit/537.36 (KHTML, like Gecko) Chrome/146.0.7680.177 Mobile Safari/537.36 (compatible; GoogleOther)"
20.251.147.110 - - [15/Apr/2026:00:28:15 +0300] "GET //vendor/phpunit/phpunit/phpunit.xsd HTTP/1.0" 404 1874 "-" "Mozilla/5.0 (X11; Linux x86_64; rv:52.0) Gecko/20100101 Firefox/52.0"
43.157.150.69 - - [15/Apr/2026:00:28:16 +0300] "GET / HTTP/1.0" 200 15124 "-" "Mozilla/5.0 (iPhone; CPU iPhone OS 13_2_3 like Mac OS X) AppleWebKit/605.1.15 (KHTML, like Gecko) Version/13.0.3 Mobile/15E148 Safari/604.1"
216.73.216.102 - - [15/Apr/2026:00:28:19 +0300] "GET /?t=20174157201601 HTTP/1.0" 200 15041 "-" "Mozilla/5.0 AppleWebKit/537.36 (KHTML, like Gecko; compatible; ClaudeBot/1.0; +claudebot@anthropic.com)"
216.73.216.102 - - [15/Apr/2026:00:28:27 +0300] "GET /?t=50299274162000 HTTP/1.0" 200 15136 "-" "Mozilla/5.0 AppleWebKit/537.36 (KHTML, like Gecko; compatible; ClaudeBot/1.0; +claudebot@anthropic.com)"
216.73.216.102 - - [15/Apr/2026:00:28:38 +0300] "GET /?t=04707102995001 HTTP/1.0" 200 15039 "-" "Mozilla/5.0 AppleWebKit/537.36 (KHTML, like Gecko; compatible; ClaudeBot/1.0; +claudebot@anthropic.com)"
216.73.216.102 - - [15/Apr/2026:00:28:50 +0300] "GET /?t=14325201442201 HTTP/1.0" 200 15039 "-" "Mozilla/5.0 AppleWebKit/537.36 (KHTML, like Gecko; compatible; ClaudeBot/1.0; +claudebot@anthropic.com)"
66.249.64.132 - - [15/Apr/2026:00:28:54 +0300] "GET /category/0/1/019/019001/?SPC=0&SGC=0&STA=0&FPC=0&FGC=0&FTA=0&SFL_DF=0&CPPR=1 HTTP/1.0" 404 1874 "-" "Mozilla/5.0 (Linux; Android 6.0.1; Nexus 5X Build/MMB29P) AppleWebKit/537.36 (KHTML, like Gecko) Chrome/146.0.7680.177 Mobile Safari/537.36 (compatible; GoogleOther)"
216.73.216.102 - - [15/Apr/2026:00:28:59 +0300] "GET /?t=00316259772000 HTTP/1.0" 200 15132 "-" "Mozilla/5.0 AppleWebKit/537.36 (KHTML, like Gecko; compatible; ClaudeBot/1.0; +claudebot@anthropic.com)"
216.73.216.102 - - [15/Apr/2026:00:29:10 +0300] "GET /?t=7074726876901 HTTP/1.0" 200 15033 "-" "Mozilla/5.0 AppleWebKit/537.36 (KHTML, like Gecko; compatible; ClaudeBot/1.0; +claudebot@anthropic.com)"
216.73.216.102 - - [15/Apr/2026:00:29:24 +0300] "GET /?t=21891135492000 HTTP/1.0" 200 15137 "-" "Mozilla/5.0 AppleWebKit/537.36 (KHTML, like Gecko; compatible; ClaudeBot/1.0; +claudebot@anthropic.com)"
216.73.216.102 - - [15/Apr/2026:00:29:32 +0300] "GET /?t=8075734495900 HTTP/1.0" 200 15039 "-" "Mozilla/5.0 AppleWebKit/537.36 (KHTML, like Gecko; compatible; ClaudeBot/1.0; +claudebot@anthropic.com)"
66.249.64.129 - - [15/Apr/2026:00:29:38 +0300] "GET /category/0/1/016/016020/?SPC=0&SGC=0&STA=0&FPC=0&FGC=0&FTA=0&SFL_DF=0&CPPR=1 HTTP/1.0" 404 1874 "-" "Mozilla/5.0 (Linux; Android 6.0.1; Nexus 5X Build/MMB29P) AppleWebKit/537.36 (KHTML, like Gecko) Chrome/146.0.7680.177 Mobile Safari/537.36 (compatible; GoogleOther)"
216.73.216.102 - - [15/Apr/2026:00:29:44 +0300] "GET /?t=50007104863300 HTTP/1.0" 200 15037 "-" "Mozilla/5.0 AppleWebKit/537.36 (KHTML, like Gecko; compatible; ClaudeBot/1.0; +claudebot@anthropic.com)"
216.73.216.102 - - [15/Apr/2026:00:29:56 +0300] "GET /?t=70820152990501 HTTP/1.0" 200 15037 "-" "Mozilla/5.0 AppleWebKit/537.36 (KHTML, like Gecko; compatible; ClaudeBot/1.0; +claudebot@anthropic.com)"
216.73.216.102 - - [15/Apr/2026:00:30:08 +0300] "GET /?t=5499091363601 HTTP/1.0" 200 15038 "-" "Mozilla/5.0 AppleWebKit/537.36 (KHTML, like Gecko; compatible; ClaudeBot/1.0; +claudebot@anthropic.com)"
216.73.216.102 - - [15/Apr/2026:00:30:20 +0300] "GET /?t=70668274382701 HTTP/1.0" 200 15037 "-" "Mozilla/5.0 AppleWebKit/537.36 (KHTML, like Gecko; compatible; ClaudeBot/1.0; +claudebot@anthropic.com)"
66.249.76.39 - - [15/Apr/2026:00:30:22 +0300] "GET /category/0/1/026/026001/?SPC=0&SGC=0&STA=0&FPC=0&FGC=0&FTA=0&SFL_DF=0&CPPR=1 HTTP/1.0" 404 1874 "-" "Mozilla/5.0 (Linux; Android 6.0.1; Nexus 5X Build/MMB29P) AppleWebKit/537.36 (KHTML, like Gecko) Chrome/146.0.7680.177 Mobile Safari/537.36 (compatible; GoogleOther)"
216.73.216.102 - - [15/Apr/2026:00:30:27 +0300] "GET /?t=8828291580501 HTTP/1.0" 200 15133 "-" "Mozilla/5.0 AppleWebKit/537.36 (KHTML, like Gecko; compatible; ClaudeBot/1.0; +claudebot@anthropic.com)"
216.244.66.243 - - [15/Apr/2026:00:30:43 +0300] "GET /robots.txt HTTP/1.1" 301 196 "-" "Mozilla/5.0 (compatible; DotBot/1.2; +https://opensiteexplorer.org/dotbot; help@moz.com)"
216.73.216.102 - - [15/Apr/2026:00:30:39 +0300] "GET /?t=0321835354300 HTTP/1.0" 200 15039 "-" "Mozilla/5.0 AppleWebKit/537.36 (KHTML, like Gecko; compatible; ClaudeBot/1.0; +claudebot@anthropic.com)"
216.244.66.243 - - [15/Apr/2026:00:30:44 +0300] "GET /robots.txt HTTP/1.0" 200 351 "-" "Mozilla/5.0 (compatible; DotBot/1.2; +https://opensiteexplorer.org/dotbot; help@moz.com)"
216.73.216.102 - - [15/Apr/2026:00:30:51 +0300] "GET /?t=4980935935600 HTTP/1.0" 200 15038 "-" "Mozilla/5.0 AppleWebKit/537.36 (KHTML, like Gecko; compatible; ClaudeBot/1.0; +claudebot@anthropic.com)"
216.73.216.102 - - [15/Apr/2026:00:31:02 +0300] "GET /?t=40950259089900 HTTP/1.0" 200 15136 "-" "Mozilla/5.0 AppleWebKit/537.36 (KHTML, like Gecko; compatible; ClaudeBot/1.0; +claudebot@anthropic.com)"
216.73.216.102 - - [15/Apr/2026:00:31:12 +0300] "GET /?t=2913730106101 HTTP/1.0" 200 15036 "-" "Mozilla/5.0 AppleWebKit/537.36 (KHTML, like Gecko; compatible; ClaudeBot/1.0; +claudebot@anthropic.com)"
216.73.216.102 - - [15/Apr/2026:00:31:25 +0300] "GET /?t=07512152152001 HTTP/1.0" 200 15037 "-" "Mozilla/5.0 AppleWebKit/537.36 (KHTML, like Gecko; compatible; ClaudeBot/1.0; +claudebot@anthropic.com)"
216.73.216.102 - - [15/Apr/2026:00:31:37 +0300] "GET /?t=7536488894100 HTTP/1.0" 200 15132 "-" "Mozilla/5.0 AppleWebKit/537.36 (KHTML, like Gecko; compatible; ClaudeBot/1.0; +claudebot@anthropic.com)"
216.73.216.102 - - [15/Apr/2026:00:31:45 +0300] "GET /?t=56200217011500 HTTP/1.0" 200 15037 "-" "Mozilla/5.0 AppleWebKit/537.36 (KHTML, like Gecko; compatible; ClaudeBot/1.0; +claudebot@anthropic.com)"
216.73.216.102 - - [15/Apr/2026:00:31:58 +0300] "GET /?t=1739988604201 HTTP/1.0" 200 15037 "-" "Mozilla/5.0 AppleWebKit/537.36 (KHTML, like Gecko; compatible; ClaudeBot/1.0; +claudebot@anthropic.com)"
216.73.216.102 - - [15/Apr/2026:00:32:03 +0300] "GET /?t=0928834346101 HTTP/1.0" 200 15137 "-" "Mozilla/5.0 AppleWebKit/537.36 (KHTML, like Gecko; compatible; ClaudeBot/1.0; +claudebot@anthropic.com)"
216.73.216.102 - - [15/Apr/2026:00:32:16 +0300] "GET /?t=23091125797900 HTTP/1.0" 200 15040 "-" "Mozilla/5.0 AppleWebKit/537.36 (KHTML, like Gecko; compatible; ClaudeBot/1.0; +claudebot@anthropic.com)"
216.73.216.102 - - [15/Apr/2026:00:32:29 +0300] "GET /?t=01806288550601 HTTP/1.0" 200 15040 "-" "Mozilla/5.0 AppleWebKit/537.36 (KHTML, like Gecko; compatible; ClaudeBot/1.0; +claudebot@anthropic.com)"
216.73.216.102 - - [15/Apr/2026:00:32:35 +0300] "GET /?t=8548834808901 HTTP/1.0" 200 15037 "-" "Mozilla/5.0 AppleWebKit/537.36 (KHTML, like Gecko; compatible; ClaudeBot/1.0; +claudebot@anthropic.com)"
216.73.216.102 - - [15/Apr/2026:00:32:46 +0300] "GET /?t=4287965790701 HTTP/1.0" 200 15036 "-" "Mozilla/5.0 AppleWebKit/537.36 (KHTML, like Gecko; compatible; ClaudeBot/1.0; +claudebot@anthropic.com)"
216.81.248.211 - - [15/Apr/2026:00:32:56 +0300] "GET /.git/config HTTP/1.1" 301 196 "-" "Mozilla/5.0 (Windows NT 10.0; rv:45.9) Gecko/20100101 Goanna/3.2 Firefox/45.9 PaleMoon/27.4.0"
216.73.216.102 - - [15/Apr/2026:00:32:59 +0300] "GET /?t=94976166106500 HTTP/1.0" 200 15036 "-" "Mozilla/5.0 AppleWebKit/537.36 (KHTML, like Gecko; compatible; ClaudeBot/1.0; +claudebot@anthropic.com)"
216.73.216.102 - - [15/Apr/2026:00:33:07 +0300] "GET /?t=76804239331601 HTTP/1.0" 200 15138 "-" "Mozilla/5.0 AppleWebKit/537.36 (KHTML, like Gecko; compatible; ClaudeBot/1.0; +claudebot@anthropic.com)"
216.73.216.102 - - [15/Apr/2026:00:33:16 +0300] "GET /?t=08790157962001 HTTP/1.0" 200 15040 "-" "Mozilla/5.0 AppleWebKit/537.36 (KHTML, like Gecko; compatible; ClaudeBot/1.0; +claudebot@anthropic.com)"
216.73.216.102 - - [15/Apr/2026:00:33:31 +0300] "GET /?t=9600030810100 HTTP/1.0" 200 15036 "-" "Mozilla/5.0 AppleWebKit/537.36 (KHTML, like Gecko; compatible; ClaudeBot/1.0; +claudebot@anthropic.com)"
216.73.216.102 - - [15/Apr/2026:00:33:42 +0300] "GET /?t=4682746272000 HTTP/1.0" 200 15039 "-" "Mozilla/5.0 AppleWebKit/537.36 (KHTML, like Gecko; compatible; ClaudeBot/1.0; +claudebot@anthropic.com)"
216.73.216.102 - - [15/Apr/2026:00:33:56 +0300] "GET /?t=7615034186501 HTTP/1.0" 200 15037 "-" "Mozilla/5.0 AppleWebKit/537.36 (KHTML, like Gecko; compatible; ClaudeBot/1.0; +claudebot@anthropic.com)"
216.73.216.102 - - [15/Apr/2026:00:34:03 +0300] "GET /?t=8570991920701 HTTP/1.0" 200 15133 "-" "Mozilla/5.0 AppleWebKit/537.36 (KHTML, like Gecko; compatible; ClaudeBot/1.0; +claudebot@anthropic.com)"
216.73.216.102 - - [15/Apr/2026:00:34:13 +0300] "GET /?t=30960279552201 HTTP/1.0" 200 15037 "-" "Mozilla/5.0 AppleWebKit/537.36 (KHTML, like Gecko; compatible; ClaudeBot/1.0; +claudebot@anthropic.com)"
216.73.216.102 - - [15/Apr/2026:00:34:27 +0300] "GET /?t=12950222853900 HTTP/1.0" 200 15038 "-" "Mozilla/5.0 AppleWebKit/537.36 (KHTML, like Gecko; compatible; ClaudeBot/1.0; +claudebot@anthropic.com)"
216.73.216.102 - - [15/Apr/2026:00:34:32 +0300] "GET /?t=19829166402600 HTTP/1.0" 200 15133 "-" "Mozilla/5.0 AppleWebKit/537.36 (KHTML, like Gecko; compatible; ClaudeBot/1.0; +claudebot@anthropic.com)"
216.73.216.102 - - [15/Apr/2026:00:34:41 +0300] "GET /?t=7429188934101 HTTP/1.0" 200 15036 "-" "Mozilla/5.0 AppleWebKit/537.36 (KHTML, like Gecko; compatible; ClaudeBot/1.0; +claudebot@anthropic.com)"
66.249.76.40 - - [15/Apr/2026:00:34:45 +0300] "GET /category/0/1/027/027008/?SPC=0&SGC=0&STA=0&FPC=0&FGC=0&FTA=0&SFL_DF=0&CPPR=1 HTTP/1.0" 404 1874 "-" "Mozilla/5.0 (Linux; Android 6.0.1; Nexus 5X Build/MMB29P) AppleWebKit/537.36 (KHTML, like Gecko) Chrome/146.0.7680.177 Mobile Safari/537.36 (compatible; GoogleOther)"
4.205.44.31 - - [15/Apr/2026:00:35:06 +0300] "GET /wp-content/plugins/hellopress/wp_filemanager.php HTTP/1.1" 301 196 "-" "-"
4.205.44.31 - - [15/Apr/2026:00:35:06 +0300] "GET /wp-content/plugins/hellopress/wp_filemanager.php HTTP/1.0" 404 1874 "-" "-"
4.205.44.31 - - [15/Apr/2026:00:35:10 +0300] "GET /wp-blog-header.php HTTP/1.1" 301 196 "-" "-"
4.205.44.31 - - [15/Apr/2026:00:35:10 +0300] "GET /wp-blog-header.php HTTP/1.0" 200 340 "-" "-"
4.205.44.31 - - [15/Apr/2026:00:35:13 +0300] "GET /wp-load.php HTTP/1.1" 301 196 "-" "-"
216.73.216.102 - - [15/Apr/2026:00:35:09 +0300] "GET /?t=4608088523201 HTTP/1.0" 200 15035 "-" "Mozilla/5.0 AppleWebKit/537.36 (KHTML, like Gecko; compatible; ClaudeBot/1.0; +claudebot@anthropic.com)"
4.205.44.31 - - [15/Apr/2026:00:35:13 +0300] "GET /wp-load.php HTTP/1.0" 404 1777 "-" "-"
4.205.44.31 - - [15/Apr/2026:00:35:17 +0300] "GET /wp-config.php HTTP/1.1" 301 196 "-" "-"
4.205.44.31 - - [15/Apr/2026:00:35:17 +0300] "GET /wp-config.php HTTP/1.0" 404 1777 "-" "-"
4.205.44.31 - - [15/Apr/2026:00:35:20 +0300] "GET /wp-settings.php HTTP/1.1" 301 196 "-" "-"
4.205.44.31 - - [15/Apr/2026:00:35:20 +0300] "GET /wp-settings.php HTTP/1.0" 404 1777 "-" "-"
4.205.44.31 - - [15/Apr/2026:00:35:24 +0300] "GET /wp-login.php HTTP/1.1" 301 196 "-" "-"
4.205.44.31 - - [15/Apr/2026:00:35:24 +0300] "GET /wp-login.php HTTP/1.0" 404 1777 "-" "-"
4.205.44.31 - - [15/Apr/2026:00:35:27 +0300] "GET /wp-admin/about.php HTTP/1.1" 301 196 "-" "-"
4.205.44.31 - - [15/Apr/2026:00:35:28 +0300] "GET /wp-admin/about.php HTTP/1.0" 404 1777 "-" "-"
4.205.44.31 - - [15/Apr/2026:00:35:31 +0300] "GET /unsubscribe.php HTTP/1.1" 301 196 "-" "-"
66.249.76.40 - - [15/Apr/2026:00:35:31 +0300] "GET /category/0/1/001/001004/?SPC=0&SGC=0&STA=0&FPC=0&FGC=0&FTA=0&SFL_DF=0&CPPR=1 HTTP/1.0" 404 1874 "-" "Mozilla/5.0 (Linux; Android 6.0.1; Nexus 5X Build/MMB29P) AppleWebKit/537.36 (KHTML, like Gecko) Chrome/146.0.7680.177 Mobile Safari/537.36 (compatible; GoogleOther)"
4.205.44.31 - - [15/Apr/2026:00:35:32 +0300] "GET /unsubscribe.php HTTP/1.0" 404 1777 "-" "-"
4.205.44.31 - - [15/Apr/2026:00:35:35 +0300] "GET /wp-trackback.php HTTP/1.1" 301 196 "-" "-"
4.205.44.31 - - [15/Apr/2026:00:35:35 +0300] "GET /wp-trackback.php HTTP/1.0" 404 1777 "-" "-"
4.205.44.31 - - [15/Apr/2026:00:35:39 +0300] "GET /function.php HTTP/1.1" 301 196 "-" "-"
216.73.216.102 - - [15/Apr/2026:00:35:34 +0300] "GET /?t=84809166202000 HTTP/1.0" 200 15135 "-" "Mozilla/5.0 AppleWebKit/537.36 (KHTML, like Gecko; compatible; ClaudeBot/1.0; +claudebot@anthropic.com)"
4.205.44.31 - - [15/Apr/2026:00:35:39 +0300] "GET /function.php HTTP/1.0" 404 1777 "-" "-"
4.205.44.31 - - [15/Apr/2026:00:35:43 +0300] "GET /rip.php HTTP/1.1" 301 196 "-" "-"
4.205.44.31 - - [15/Apr/2026:00:35:43 +0300] "GET /rip.php HTTP/1.0" 404 1777 "-" "-"
4.205.44.31 - - [15/Apr/2026:00:35:47 +0300] "GET /wpxl.php HTTP/1.1" 301 196 "-" "-"
4.205.44.31 - - [15/Apr/2026:00:35:47 +0300] "GET /wpxl.php HTTP/1.0" 404 1777 "-" "-"
4.205.44.31 - - [15/Apr/2026:00:35:50 +0300] "GET /alfa.php HTTP/1.1" 301 196 "-" "-"
4.205.44.31 - - [15/Apr/2026:00:35:51 +0300] "GET /alfa.php HTTP/1.0" 404 1777 "-" "-"
4.205.44.31 - - [15/Apr/2026:00:35:54 +0300] "GET /admin.php HTTP/1.1" 301 196 "-" "-"
4.205.44.31 - - [15/Apr/2026:00:35:54 +0300] "GET /admin.php HTTP/1.0" 404 1777 "-" "-"
4.205.44.31 - - [15/Apr/2026:00:35:58 +0300] "GET /66.php HTTP/1.1" 301 196 "-" "-"
4.205.44.31 - - [15/Apr/2026:00:35:58 +0300] "GET /66.php HTTP/1.0" 404 1777 "-" "-"
4.205.44.31 - - [15/Apr/2026:00:36:02 +0300] "GET /css.php HTTP/1.1" 301 196 "-" "-"
4.205.44.31 - - [15/Apr/2026:00:36:02 +0300] "GET /css.php HTTP/1.0" 404 1777 "-" "-"
4.205.44.31 - - [15/Apr/2026:00:36:06 +0300] "GET /init.php HTTP/1.1" 301 196 "-" "-"
216.73.216.102 - - [15/Apr/2026:00:36:03 +0300] "GET /view/item/01613625437 HTTP/1.0" 404 1777 "-" "Mozilla/5.0 AppleWebKit/537.36 (KHTML, like Gecko; compatible; ClaudeBot/1.0; +claudebot@anthropic.com)"
66.249.64.131 - - [15/Apr/2026:00:36:09 +0300] "GET /robots.txt HTTP/1.1" 301 196 "-" "Mozilla/5.0 (compatible; Googlebot/2.1; +http://www.google.com/bot.html)"
4.205.44.31 - - [15/Apr/2026:00:36:06 +0300] "GET /init.php HTTP/1.0" 404 1777 "-" "-"
4.205.44.31 - - [15/Apr/2026:00:36:09 +0300] "GET /byp.php HTTP/1.1" 301 196 "-" "-"
66.249.64.132 - - [15/Apr/2026:00:36:10 +0300] "GET /robots.txt HTTP/1.0" 200 395 "-" "Mozilla/5.0 (compatible; Googlebot/2.1; +http://www.google.com/bot.html)"
216.73.216.102 - - [15/Apr/2026:00:36:08 +0300] "GET /?t=0769835972701 HTTP/1.0" 200 15134 "-" "Mozilla/5.0 AppleWebKit/537.36 (KHTML, like Gecko; compatible; ClaudeBot/1.0; +claudebot@anthropic.com)"
4.205.44.31 - - [15/Apr/2026:00:36:10 +0300] "GET /byp.php HTTP/1.0" 404 1777 "-" "-"
4.205.44.31 - - [15/Apr/2026:00:36:13 +0300] "GET /index.php HTTP/1.1" 301 196 "-" "-"
4.205.44.31 - - [15/Apr/2026:00:36:13 +0300] "GET /index.php HTTP/1.0" 200 101478 "-" "-"
4.205.44.31 - - [15/Apr/2026:00:36:18 +0300] "GET /index/chosen.php HTTP/1.1" 301 196 "-" "-"
4.205.44.31 - - [15/Apr/2026:00:36:18 +0300] "GET /index/chosen.php HTTP/1.0" 404 1777 "-" "-"
4.205.44.31 - - [15/Apr/2026:00:36:22 +0300] "GET /about/chosen.php HTTP/1.1" 301 196 "-" "-"
4.205.44.31 - - [15/Apr/2026:00:36:22 +0300] "GET /about/chosen.php HTTP/1.0" 404 1777 "-" "-"
4.205.44.31 - - [15/Apr/2026:00:36:26 +0300] "GET /as/chosen.php HTTP/1.1" 301 196 "-" "-"
66.249.64.128 - - [15/Apr/2026:00:36:23 +0300] "GET /category/0/1/027/027002/?SPC=0&SGC=0&STA=0&FPC=0&FGC=0&FTA=0&SFL_DF=0&CPPR=1 HTTP/1.0" 404 1874 "-" "Mozilla/5.0 (Linux; Android 6.0.1; Nexus 5X Build/MMB29P) AppleWebKit/537.36 (KHTML, like Gecko) Chrome/146.0.7680.177 Mobile Safari/537.36 (compatible; GoogleOther)"
4.205.44.31 - - [15/Apr/2026:00:36:26 +0300] "GET /as/chosen.php HTTP/1.0" 404 1777 "-" "-"
4.205.44.31 - - [15/Apr/2026:00:36:29 +0300] "GET /file/chosen.php HTTP/1.1" 301 196 "-" "-"
4.205.44.31 - - [15/Apr/2026:00:36:30 +0300] "GET /file/chosen.php HTTP/1.0" 404 1777 "-" "-"
4.205.44.31 - - [15/Apr/2026:00:36:33 +0300] "GET /chosen/chosen.php HTTP/1.1" 301 196 "-" "-"
4.205.44.31 - - [15/Apr/2026:00:36:33 +0300] "GET /chosen/chosen.php HTTP/1.0" 404 1777 "-" "-"
4.205.44.31 - - [15/Apr/2026:00:36:37 +0300] "GET /css/chosen.php HTTP/1.1" 301 196 "-" "-"
216.73.216.102 - - [15/Apr/2026:00:36:34 +0300] "GET /?t=3033726558201 HTTP/1.0" 200 15038 "-" "Mozilla/5.0 AppleWebKit/537.36 (KHTML, like Gecko; compatible; ClaudeBot/1.0; +claudebot@anthropic.com)"
4.205.44.31 - - [15/Apr/2026:00:36:37 +0300] "GET /css/chosen.php HTTP/1.0" 404 1777 "-" "-"
4.205.44.31 - - [15/Apr/2026:00:36:41 +0300] "GET /ll.php HTTP/1.1" 301 196 "-" "-"
4.205.44.31 - - [15/Apr/2026:00:36:41 +0300] "GET /ll.php HTTP/1.0" 404 1777 "-" "-"
4.205.44.31 - - [15/Apr/2026:00:36:45 +0300] "GET /hh.php HTTP/1.1" 301 196 "-" "-"
216.73.216.102 - - [15/Apr/2026:00:36:39 +0300] "GET /?t=79175166314901 HTTP/1.0" 200 15137 "-" "Mozilla/5.0 AppleWebKit/537.36 (KHTML, like Gecko; compatible; ClaudeBot/1.0; +claudebot@anthropic.com)"
4.205.44.31 - - [15/Apr/2026:00:36:45 +0300] "GET /hh.php HTTP/1.0" 404 1777 "-" "-"
4.205.44.31 - - [15/Apr/2026:00:36:48 +0300] "GET /rt.php HTTP/1.1" 301 196 "-" "-"
4.205.44.31 - - [15/Apr/2026:00:36:49 +0300] "GET /rt.php HTTP/1.0" 404 1777 "-" "-"
4.205.44.31 - - [15/Apr/2026:00:36:52 +0300] "GET /ex.php HTTP/1.1" 301 196 "-" "-"
216.73.216.102 - - [15/Apr/2026:00:36:51 +0300] "GET /view/item/01385898465 HTTP/1.0" 404 1874 "-" "Mozilla/5.0 AppleWebKit/537.36 (KHTML, like Gecko; compatible; ClaudeBot/1.0; +claudebot@anthropic.com)"
4.205.44.31 - - [15/Apr/2026:00:36:52 +0300] "GET /ex.php HTTP/1.0" 404 1777 "-" "-"
4.205.44.31 - - [15/Apr/2026:00:36:56 +0300] "GET /radio.php HTTP/1.1" 301 196 "-" "-"
4.205.44.31 - - [15/Apr/2026:00:36:56 +0300] "GET /radio.php HTTP/1.0" 404 1777 "-" "-"
4.205.44.31 - - [15/Apr/2026:00:36:59 +0300] "GET /inputs.php HTTP/1.1" 301 196 "-" "-"
4.205.44.31 - - [15/Apr/2026:00:37:00 +0300] "GET /inputs.php HTTP/1.0" 200 70469 "-" "-"
4.205.44.31 - - [15/Apr/2026:00:37:01 +0300] "GET /about.php HTTP/1.1" 301 196 "-" "-"
66.249.64.132 - - [15/Apr/2026:00:36:59 +0300] "GET /category/0/1/025/025023/?SPC=0&SGC=0&STA=0&FPC=0&FGC=0&FTA=0&SFL_DF=0&CPPR=1 HTTP/1.0" 404 1874 "-" "Mozilla/5.0 (Linux; Android 6.0.1; Nexus 5X Build/MMB29P) AppleWebKit/537.36 (KHTML, like Gecko) Chrome/146.0.7680.177 Mobile Safari/537.36 (compatible; GoogleOther)"
4.205.44.31 - - [15/Apr/2026:00:37:01 +0300] "GET /about.php HTTP/1.0" 404 1777 "-" "-"
4.205.44.31 - - [15/Apr/2026:00:37:04 +0300] "GET /pages.php HTTP/1.1" 301 196 "-" "-"
4.205.44.31 - - [15/Apr/2026:00:37:05 +0300] "GET /pages.php HTTP/1.0" 404 1777 "-" "-"
4.205.44.31 - - [15/Apr/2026:00:37:08 +0300] "GET /mah.php HTTP/1.1" 301 196 "-" "-"
4.205.44.31 - - [15/Apr/2026:00:37:08 +0300] "GET /mah.php HTTP/1.0" 404 1777 "-" "-"
4.205.44.31 - - [15/Apr/2026:00:37:12 +0300] "GET /lock360.php HTTP/1.1" 301 196 "-" "-"
185.12.124.78 - - [15/Apr/2026:00:37:15 +0300] "GET / HTTP/1.1" 301 196 "YALEV-STUDIO.RU" "Mozilla/5.0 (compatible; BackupLand/1.0; https://go.backupland.com/; Domain check for viruses;)"
4.205.44.31 - - [15/Apr/2026:00:37:12 +0300] "GET /lock360.php HTTP/1.0" 404 1777 "-" "-"
4.205.44.31 - - [15/Apr/2026:00:37:15 +0300] "GET /error.php HTTP/1.1" 301 196 "-" "-"
4.205.44.31 - - [15/Apr/2026:00:37:16 +0300] "GET /error.php HTTP/1.0" 404 1777 "-" "-"
4.205.44.31 - - [15/Apr/2026:00:37:19 +0300] "GET /wp-admin/post.php HTTP/1.1" 301 196 "-" "-"
216.73.216.102 - - [15/Apr/2026:00:37:15 +0300] "GET /?t=37368259463500 HTTP/1.0" 200 15039 "-" "Mozilla/5.0 AppleWebKit/537.36 (KHTML, like Gecko; compatible; ClaudeBot/1.0; +claudebot@anthropic.com)"
4.205.44.31 - - [15/Apr/2026:00:37:19 +0300] "GET /wp-admin/post.php HTTP/1.0" 404 1777 "-" "-"
4.205.44.31 - - [15/Apr/2026:00:37:23 +0300] "GET /wp-links-opml.php HTTP/1.1" 301 196 "-" "-"
185.12.124.78 - - [15/Apr/2026:00:37:15 +0300] "GET / HTTP/1.0" 200 15122 "YALEV-STUDIO.RU" "Mozilla/5.0 (compatible; BackupLand/1.0; https://go.backupland.com/; Domain check for viruses;)"
4.205.44.31 - - [15/Apr/2026:00:37:23 +0300] "GET /wp-links-opml.php HTTP/1.0" 404 1777 "-" "-"
4.205.44.31 - - [15/Apr/2026:00:37:26 +0300] "GET /kk.php HTTP/1.1" 301 196 "-" "-"
4.205.44.31 - - [15/Apr/2026:00:37:27 +0300] "GET /kk.php HTTP/1.0" 404 1777 "-" "-"
4.205.44.31 - - [15/Apr/2026:00:37:30 +0300] "GET /wp-admin.php HTTP/1.1" 301 196 "-" "-"
94.154.35.236 - - [15/Apr/2026:00:37:33 +0300] "HEAD /api.tar HTTP/1.1" 301 0 "-" "Mozilla/5.0 (Windows NT 10.0; Win64; x64) AppleWebKit/537.36 (KHTML, like Gecko) Chrome/101.0.4951.67 Safari/537.36"
4.205.44.31 - - [15/Apr/2026:00:37:30 +0300] "GET /wp-admin.php HTTP/1.0" 404 1777 "-" "-"
4.205.44.31 - - [15/Apr/2026:00:37:34 +0300] "GET /66.php?p= HTTP/1.1" 301 196 "-" "-"
94.154.35.236 - - [15/Apr/2026:00:37:33 +0300] "HEAD /api.tar HTTP/1.0" 404 294 "-" "Mozilla/5.0 (Windows NT 10.0; Win64; x64) AppleWebKit/537.36 (KHTML, like Gecko) Chrome/101.0.4951.67 Safari/537.36"
4.205.44.31 - - [15/Apr/2026:00:37:34 +0300] "GET /66.php?p= HTTP/1.0" 404 1777 "-" "-"
4.205.44.31 - - [15/Apr/2026:00:37:37 +0300] "GET /test1.php HTTP/1.1" 301 196 "-" "-"
4.205.44.31 - - [15/Apr/2026:00:37:37 +0300] "GET /test1.php HTTP/1.0" 404 1777 "-" "-"
4.205.44.31 - - [15/Apr/2026:00:37:41 +0300] "GET /wp-content/index.php HTTP/1.1" 301 196 "-" "-"
4.205.44.31 - - [15/Apr/2026:00:37:41 +0300] "GET /wp-content/index.php HTTP/1.0" 404 1777 "-" "-"
4.205.44.31 - - [15/Apr/2026:00:37:44 +0300] "GET /wp-signup.php? HTTP/1.1" 301 196 "-" "-"
66.249.76.39 - - [15/Apr/2026:00:37:43 +0300] "GET /category/0/1/001/001016/?SPC=0&SGC=0&STA=0&FPC=0&FGC=0&FTA=0&SFL_DF=0&CPPR=1 HTTP/1.0" 404 1874 "-" "Mozilla/5.0 (Linux; Android 6.0.1; Nexus 5X Build/MMB29P) AppleWebKit/537.36 (KHTML, like Gecko) Chrome/146.0.7680.177 Mobile Safari/537.36 (compatible; GoogleOther)"
4.205.44.31 - - [15/Apr/2026:00:37:44 +0300] "GET /wp-signup.php? HTTP/1.0" 404 1777 "-" "-"
4.205.44.31 - - [15/Apr/2026:00:37:48 +0300] "GET /ty.php?act=upload HTTP/1.1" 301 196 "-" "-"
216.73.216.102 - - [15/Apr/2026:00:37:46 +0300] "GET /view/item/011084944049 HTTP/1.0" 404 1874 "-" "Mozilla/5.0 AppleWebKit/537.36 (KHTML, like Gecko; compatible; ClaudeBot/1.0; +claudebot@anthropic.com)"
4.205.44.31 - - [15/Apr/2026:00:37:48 +0300] "GET /ty.php?act=upload HTTP/1.0" 404 1777 "-" "-"
4.205.44.31 - - [15/Apr/2026:00:37:52 +0300] "GET /%E2%80%89goods.php HTTP/1.1" 301 196 "-" "-"
4.205.44.31 - - [15/Apr/2026:00:37:52 +0300] "GET /%E2%80%89goods.php HTTP/1.0" 404 1777 "-" "-"
4.205.44.31 - - [15/Apr/2026:00:37:56 +0300] "GET /aa.php HTTP/1.1" 301 196 "-" "-"
4.205.44.31 - - [15/Apr/2026:00:37:56 +0300] "GET /aa.php HTTP/1.0" 404 1777 "-" "-"
4.205.44.31 - - [15/Apr/2026:00:37:59 +0300] "GET /wp-admin/chosen.php HTTP/1.1" 301 196 "-" "-"
216.73.216.102 - - [15/Apr/2026:00:37:59 +0300] "GET /view/item/0145311953 HTTP/1.0" 404 1874 "-" "Mozilla/5.0 AppleWebKit/537.36 (KHTML, like Gecko; compatible; ClaudeBot/1.0; +claudebot@anthropic.com)"
4.205.44.31 - - [15/Apr/2026:00:38:00 +0300] "GET /wp-admin/chosen.php HTTP/1.0" 404 1777 "-" "-"
4.205.44.31 - - [15/Apr/2026:00:38:03 +0300] "GET /wp-mail.php/wp-includes/admin.php HTTP/1.1" 301 196 "-" "-"
4.205.44.31 - - [15/Apr/2026:00:38:03 +0300] "GET /wp-mail.php/wp-includes/admin.php HTTP/1.0" 404 1777 "-" "-"
4.205.44.31 - - [15/Apr/2026:00:38:07 +0300] "GET /bootstrap.php HTTP/1.1" 301 196 "-" "-"
4.205.44.31 - - [15/Apr/2026:00:38:07 +0300] "GET /bootstrap.php HTTP/1.0" 404 1777 "-" "-"
4.205.44.31 - - [15/Apr/2026:00:38:11 +0300] "GET /config-backup.php HTTP/1.1" 301 196 "-" "-"
4.205.44.31 - - [15/Apr/2026:00:38:11 +0300] "GET /config-backup.php HTTP/1.0" 404 1777 "-" "-"
4.205.44.31 - - [15/Apr/2026:00:38:15 +0300] "GET /info.php HTTP/1.1" 301 196 "-" "-"
4.205.44.31 - - [15/Apr/2026:00:38:15 +0300] "GET /info.php HTTP/1.0" 404 1777 "-" "-"
4.205.44.31 - - [15/Apr/2026:00:38:18 +0300] "GET /config.php HTTP/1.1" 301 196 "-" "-"
4.205.44.31 - - [15/Apr/2026:00:38:18 +0300] "GET /config.php HTTP/1.0" 404 1777 "-" "-"
4.205.44.31 - - [15/Apr/2026:00:38:22 +0300] "GET /index/function.php HTTP/1.1" 301 196 "-" "-"
216.73.216.102 - - [15/Apr/2026:00:38:20 +0300] "GET /view/item/012091026256 HTTP/1.0" 404 1874 "-" "Mozilla/5.0 AppleWebKit/537.36 (KHTML, like Gecko; compatible; ClaudeBot/1.0; +claudebot@anthropic.com)"
4.205.44.31 - - [15/Apr/2026:00:38:22 +0300] "GET /index/function.php HTTP/1.0" 404 1777 "-" "-"
4.205.44.31 - - [15/Apr/2026:00:38:26 +0300] "GET /default.php HTTP/1.1" 301 196 "-" "-"
4.205.44.31 - - [15/Apr/2026:00:38:26 +0300] "GET /default.php HTTP/1.0" 404 1777 "-" "-"
4.205.44.31 - - [15/Apr/2026:00:38:29 +0300] "GET /wp-admin/network/admin.php HTTP/1.1" 301 196 "-" "-"
216.73.216.102 - - [15/Apr/2026:00:38:27 +0300] "GET /view/item/012797141205 HTTP/1.0" 404 1874 "-" "Mozilla/5.0 AppleWebKit/537.36 (KHTML, like Gecko; compatible; ClaudeBot/1.0; +claudebot@anthropic.com)"
4.205.44.31 - - [15/Apr/2026:00:38:29 +0300] "GET /wp-admin/network/admin.php HTTP/1.0" 404 1777 "-" "-"
4.205.44.31 - - [15/Apr/2026:00:38:33 +0300] "GET /wp-admin/install.php HTTP/1.1" 301 196 "-" "-"
4.205.44.31 - - [15/Apr/2026:00:38:33 +0300] "GET /wp-admin/install.php HTTP/1.0" 404 1777 "-" "-"
4.205.44.31 - - [15/Apr/2026:00:38:37 +0300] "GET /privacy.php HTTP/1.1" 301 196 "-" "-"
4.205.44.31 - - [15/Apr/2026:00:38:37 +0300] "GET /privacy.php HTTP/1.0" 404 1777 "-" "-"
4.205.44.31 - - [15/Apr/2026:00:38:40 +0300] "GET /wp-conffg.php HTTP/1.1" 301 196 "-" "-"
4.205.44.31 - - [15/Apr/2026:00:38:40 +0300] "GET /wp-conffg.php HTTP/1.0" 404 1777 "-" "-"
4.205.44.31 - - [15/Apr/2026:00:38:46 +0300] "GET /bb.php HTTP/1.1" 301 196 "-" "-"
4.205.44.31 - - [15/Apr/2026:00:38:46 +0300] "GET /bb.php HTTP/1.0" 404 1777 "-" "-"
4.205.44.31 - - [15/Apr/2026:00:38:49 +0300] "GET /lf.php HTTP/1.1" 301 196 "-" "-"
66.249.76.41 - - [15/Apr/2026:00:38:49 +0300] "GET /category/0/1/020/020002/?SPC=0&SGC=0&STA=0&FPC=0&FGC=0&FTA=0&SFL_DF=0&CPPR=1 HTTP/1.0" 404 1874 "-" "Mozilla/5.0 (Linux; Android 6.0.1; Nexus 5X Build/MMB29P) AppleWebKit/537.36 (KHTML, like Gecko) Chrome/146.0.7680.177 Mobile Safari/537.36 (compatible; GoogleOther)"
4.205.44.31 - - [15/Apr/2026:00:38:49 +0300] "GET /lf.php HTTP/1.0" 404 1777 "-" "-"
4.205.44.31 - - [15/Apr/2026:00:38:53 +0300] "GET /WSO.php HTTP/1.1" 301 196 "-" "-"
43.159.152.187 - - [15/Apr/2026:00:38:49 +0300] "GET /index.php HTTP/1.0" 200 15137 "-" "Mozilla/5.0 (iPhone; CPU iPhone OS 13_2_3 like Mac OS X) AppleWebKit/605.1.15 (KHTML, like Gecko) Version/13.0.3 Mobile/15E148 Safari/604.1"
4.205.44.31 - - [15/Apr/2026:00:38:53 +0300] "GET /WSO.php HTTP/1.0" 404 1777 "-" "-"
4.205.44.31 - - [15/Apr/2026:00:38:57 +0300] "GET /hello.php HTTP/1.1" 301 196 "-" "-"
216.73.216.102 - - [15/Apr/2026:00:38:56 +0300] "GET /view/item/013296021692 HTTP/1.0" 404 1777 "-" "Mozilla/5.0 AppleWebKit/537.36 (KHTML, like Gecko; compatible; ClaudeBot/1.0; +claudebot@anthropic.com)"
4.205.44.31 - - [15/Apr/2026:00:38:57 +0300] "GET /hello.php HTTP/1.0" 404 1777 "-" "-"
4.205.44.31 - - [15/Apr/2026:00:39:00 +0300] "GET /ok.php HTTP/1.1" 301 196 "-" "-"
216.73.216.102 - - [15/Apr/2026:00:39:00 +0300] "GET /view/item/013913225577 HTTP/1.0" 404 1874 "-" "Mozilla/5.0 AppleWebKit/537.36 (KHTML, like Gecko; compatible; ClaudeBot/1.0; +claudebot@anthropic.com)"
4.205.44.31 - - [15/Apr/2026:00:39:00 +0300] "GET /ok.php HTTP/1.0" 404 1777 "-" "-"
4.205.44.31 - - [15/Apr/2026:00:39:04 +0300] "GET /if.php HTTP/1.1" 301 196 "-" "-"
4.205.44.31 - - [15/Apr/2026:00:39:04 +0300] "GET /if.php HTTP/1.0" 404 1777 "-" "-"
4.205.44.31 - - [15/Apr/2026:00:39:08 +0300] "GET /mrjn.php HTTP/1.1" 301 196 "-" "-"
4.205.44.31 - - [15/Apr/2026:00:39:08 +0300] "GET /mrjn.php HTTP/1.0" 404 1777 "-" "-"
4.205.44.31 - - [15/Apr/2026:00:39:11 +0300] "GET /kn.php HTTP/1.1" 301 196 "-" "-"
4.205.44.31 - - [15/Apr/2026:00:39:11 +0300] "GET /kn.php HTTP/1.0" 404 1777 "-" "-"
4.205.44.31 - - [15/Apr/2026:00:39:15 +0300] "GET /3301.php HTTP/1.1" 301 196 "-" "-"
66.249.64.128 - - [15/Apr/2026:00:39:12 +0300] "GET /category/0/1/025/025033/?SPC=0&SGC=0&STA=0&FPC=0&FGC=0&FTA=0&SFL_DF=0&CPPR=1 HTTP/1.0" 404 1874 "-" "Mozilla/5.0 (Linux; Android 6.0.1; Nexus 5X Build/MMB29P) AppleWebKit/537.36 (KHTML, like Gecko) Chrome/146.0.7680.177 Mobile Safari/537.36 (compatible; GoogleOther)"
4.205.44.31 - - [15/Apr/2026:00:39:15 +0300] "GET /3301.php HTTP/1.0" 404 1777 "-" "-"
4.205.44.31 - - [15/Apr/2026:00:39:18 +0300] "GET /leaf.php HTTP/1.1" 301 196 "-" "-"
4.205.44.31 - - [15/Apr/2026:00:39:18 +0300] "GET /leaf.php HTTP/1.0" 404 1777 "-" "-"
4.205.44.31 - - [15/Apr/2026:00:39:22 +0300] "GET /alex.php HTTP/1.1" 301 196 "-" "-"
4.205.44.31 - - [15/Apr/2026:00:39:22 +0300] "GET /alex.php HTTP/1.0" 404 1777 "-" "-"
4.205.44.31 - - [15/Apr/2026:00:39:25 +0300] "GET /mailer.php HTTP/1.1" 301 196 "-" "-"
4.205.44.31 - - [15/Apr/2026:00:39:25 +0300] "GET /mailer.php HTTP/1.0" 404 1777 "-" "-"
4.205.44.31 - - [15/Apr/2026:00:39:29 +0300] "GET /anone.php HTTP/1.1" 301 196 "-" "-"
4.205.44.31 - - [15/Apr/2026:00:39:29 +0300] "GET /anone.php HTTP/1.0" 404 1777 "-" "-"
4.205.44.31 - - [15/Apr/2026:00:39:33 +0300] "GET /wp-configer.php HTTP/1.1" 301 196 "-" "-"
216.73.216.102 - - [15/Apr/2026:00:39:27 +0300] "GET /?t=25009243710101 HTTP/1.0" 200 15137 "-" "Mozilla/5.0 AppleWebKit/537.36 (KHTML, like Gecko; compatible; ClaudeBot/1.0; +claudebot@anthropic.com)"
4.205.44.31 - - [15/Apr/2026:00:39:33 +0300] "GET /wp-configer.php HTTP/1.0" 404 1777 "-" "-"
4.205.44.31 - - [15/Apr/2026:00:39:36 +0300] "GET /wp-ad.php HTTP/1.1" 301 196 "-" "-"
4.205.44.31 - - [15/Apr/2026:00:39:36 +0300] "GET /wp-ad.php HTTP/1.0" 404 1777 "-" "-"
4.205.44.31 - - [15/Apr/2026:00:39:40 +0300] "GET /send.php HTTP/1.1" 301 196 "-" "-"
4.205.44.31 - - [15/Apr/2026:00:39:40 +0300] "GET /send.php HTTP/1.0" 404 1777 "-" "-"
4.205.44.31 - - [15/Apr/2026:00:39:43 +0300] "GET /3.php HTTP/1.1" 301 196 "-" "-"
4.205.44.31 - - [15/Apr/2026:00:39:43 +0300] "GET /3.php HTTP/1.0" 404 1777 "-" "-"
4.205.44.31 - - [15/Apr/2026:00:39:47 +0300] "GET /.wp-cache.php HTTP/1.1" 301 196 "-" "-"
4.205.44.31 - - [15/Apr/2026:00:39:47 +0300] "GET /.wp-cache.php HTTP/1.0" 404 1777 "-" "-"
4.205.44.31 - - [15/Apr/2026:00:39:50 +0300] "GET /sendmail.php HTTP/1.1" 301 196 "-" "-"
4.205.44.31 - - [15/Apr/2026:00:39:50 +0300] "GET /sendmail.php HTTP/1.0" 404 1777 "-" "-"
4.205.44.31 - - [15/Apr/2026:00:39:54 +0300] "GET /rahma.php HTTP/1.1" 301 196 "-" "-"
216.244.66.243 - - [15/Apr/2026:00:39:54 +0300] "GET /images/2022/10/06/5j8a8182-res.jpg HTTP/1.1" 200 105821 "-" "Mozilla/5.0 (compatible; DotBot/1.2; +https://opensiteexplorer.org/dotbot; help@moz.com)"
66.249.76.39 - - [15/Apr/2026:00:39:51 +0300] "GET /category/0/1/019/019005/?SPC=0&SGC=0&STA=0&FPC=0&FGC=0&FTA=0&SFL_DF=0&CPPR=1 HTTP/1.0" 404 1874 "-" "Mozilla/5.0 (Linux; Android 6.0.1; Nexus 5X Build/MMB29P) AppleWebKit/537.36 (KHTML, like Gecko) Chrome/146.0.7680.177 Mobile Safari/537.36 (compatible; GoogleOther)"
4.205.44.31 - - [15/Apr/2026:00:39:54 +0300] "GET /rahma.php HTTP/1.0" 404 1777 "-" "-"
4.205.44.31 - - [15/Apr/2026:00:39:57 +0300] "GET /nasgor.php HTTP/1.1" 301 196 "-" "-"
216.73.216.102 - - [15/Apr/2026:00:39:55 +0300] "GET /?t=07124261370501 HTTP/1.0" 200 15039 "-" "Mozilla/5.0 AppleWebKit/537.36 (KHTML, like Gecko; compatible; ClaudeBot/1.0; +claudebot@anthropic.com)"
4.205.44.31 - - [15/Apr/2026:00:39:58 +0300] "GET /nasgor.php HTTP/1.0" 404 1777 "-" "-"
4.205.44.31 - - [15/Apr/2026:00:40:02 +0300] "GET /wp-confirm.php HTTP/1.1" 301 196 "-" "-"
4.205.44.31 - - [15/Apr/2026:00:40:02 +0300] "GET /wp-confirm.php HTTP/1.0" 404 1777 "-" "-"
4.205.44.31 - - [15/Apr/2026:00:40:06 +0300] "GET /alfa123.php HTTP/1.1" 301 196 "-" "-"
66.249.64.128 - - [15/Apr/2026:00:40:02 +0300] "GET /category/0/1/020/020004/?SPC=0&SGC=0&STA=0&FPC=0&FGC=0&FTA=0&SFL_DF=0&CPPR=1 HTTP/1.0" 404 1874 "-" "Mozilla/5.0 (Linux; Android 6.0.1; Nexus 5X Build/MMB29P) AppleWebKit/537.36 (KHTML, like Gecko) Chrome/146.0.7680.177 Mobile Safari/537.36 (compatible; GoogleOther)"
216.73.216.102 - - [15/Apr/2026:00:40:05 +0300] "GET /view/item/013164907731 HTTP/1.0" 404 1777 "-" "Mozilla/5.0 AppleWebKit/537.36 (KHTML, like Gecko; compatible; ClaudeBot/1.0; +claudebot@anthropic.com)"
4.205.44.31 - - [15/Apr/2026:00:40:06 +0300] "GET /alfa123.php HTTP/1.0" 404 1777 "-" "-"
4.205.44.31 - - [15/Apr/2026:00:40:10 +0300] "GET /upload.php HTTP/1.1" 301 196 "-" "-"
4.205.44.31 - - [15/Apr/2026:00:40:10 +0300] "GET /upload.php HTTP/1.0" 404 1777 "-" "-"
4.205.44.31 - - [15/Apr/2026:00:40:14 +0300] "GET /bypass.php HTTP/1.1" 301 196 "-" "-"
4.205.44.31 - - [15/Apr/2026:00:40:14 +0300] "GET /bypass.php HTTP/1.0" 404 1777 "-" "-"
4.205.44.31 - - [15/Apr/2026:00:40:17 +0300] "GET /wp-one.php HTTP/1.1" 301 196 "-" "-"
4.205.44.31 - - [15/Apr/2026:00:40:17 +0300] "GET /wp-one.php HTTP/1.0" 404 1777 "-" "-"
4.205.44.31 - - [15/Apr/2026:00:40:21 +0300] "GET /alexus.php HTTP/1.1" 301 196 "-" "-"
4.205.44.31 - - [15/Apr/2026:00:40:21 +0300] "GET /alexus.php HTTP/1.0" 404 1777 "-" "-"
4.205.44.31 - - [15/Apr/2026:00:40:25 +0300] "GET /wso1337.php HTTP/1.1" 301 196 "-" "-"
216.73.216.102 - - [15/Apr/2026:00:40:23 +0300] "GET /view/item/011276488099 HTTP/1.0" 404 1874 "-" "Mozilla/5.0 AppleWebKit/537.36 (KHTML, like Gecko; compatible; ClaudeBot/1.0; +claudebot@anthropic.com)"
4.205.44.31 - - [15/Apr/2026:00:40:25 +0300] "GET /wso1337.php HTTP/1.0" 404 1777 "-" "-"
4.205.44.31 - - [15/Apr/2026:00:40:28 +0300] "GET /blog.php HTTP/1.1" 301 196 "-" "-"
4.205.44.31 - - [15/Apr/2026:00:40:28 +0300] "GET /blog.php HTTP/1.0" 404 1777 "-" "-"
4.205.44.31 - - [15/Apr/2026:00:40:32 +0300] "GET /it.php HTTP/1.1" 301 196 "-" "-"
4.205.44.31 - - [15/Apr/2026:00:40:32 +0300] "GET /it.php HTTP/1.0" 404 1777 "-" "-"
4.205.44.31 - - [15/Apr/2026:00:40:36 +0300] "GET /kiss.php HTTP/1.1" 301 196 "-" "-"
4.205.44.31 - - [15/Apr/2026:00:40:36 +0300] "GET /kiss.php HTTP/1.0" 404 1777 "-" "-"
4.205.44.31 - - [15/Apr/2026:00:40:39 +0300] "GET /0.php HTTP/1.1" 301 196 "-" "-"
4.205.44.31 - - [15/Apr/2026:00:40:40 +0300] "GET /0.php HTTP/1.0" 404 1777 "-" "-"
4.205.44.31 - - [15/Apr/2026:00:40:43 +0300] "GET /owl.php HTTP/1.1" 301 196 "-" "-"
4.205.44.31 - - [15/Apr/2026:00:40:43 +0300] "GET /owl.php HTTP/1.0" 404 1777 "-" "-"
4.205.44.31 - - [15/Apr/2026:00:40:47 +0300] "GET /vuln.php HTTP/1.1" 301 196 "-" "-"
4.205.44.31 - - [15/Apr/2026:00:40:47 +0300] "GET /vuln.php HTTP/1.0" 404 1777 "-" "-"
4.205.44.31 - - [15/Apr/2026:00:40:50 +0300] "GET /ohayo.php HTTP/1.1" 301 196 "-" "-"
216.73.216.102 - - [15/Apr/2026:00:40:47 +0300] "GET /?t=21390192403101 HTTP/1.0" 200 15040 "-" "Mozilla/5.0 AppleWebKit/537.36 (KHTML, like Gecko; compatible; ClaudeBot/1.0; +claudebot@anthropic.com)"
4.205.44.31 - - [15/Apr/2026:00:40:51 +0300] "GET /ohayo.php HTTP/1.0" 404 1777 "-" "-"
4.205.44.31 - - [15/Apr/2026:00:40:54 +0300] "GET /cms.php HTTP/1.1" 301 196 "-" "-"
216.73.216.102 - - [15/Apr/2026:00:40:51 +0300] "GET /?t=8220135073701 HTTP/1.0" 200 15136 "-" "Mozilla/5.0 AppleWebKit/537.36 (KHTML, like Gecko; compatible; ClaudeBot/1.0; +claudebot@anthropic.com)"
4.205.44.31 - - [15/Apr/2026:00:40:54 +0300] "GET /cms.php HTTP/1.0" 404 1777 "-" "-"
4.205.44.31 - - [15/Apr/2026:00:41:01 +0300] "GET /wp-uploads.php HTTP/1.1" 301 196 "-" "-"
66.249.64.132 - - [15/Apr/2026:00:40:58 +0300] "GET /category/0/1/016/016021/?SPC=0&SGC=0&STA=0&FPC=0&FGC=0&FTA=0&SFL_DF=0&CPPR=1 HTTP/1.0" 404 1874 "-" "Mozilla/5.0 (Linux; Android 6.0.1; Nexus 5X Build/MMB29P) AppleWebKit/537.36 (KHTML, like Gecko) Chrome/146.0.7680.177 Mobile Safari/537.36 (compatible; GoogleOther)"
4.205.44.31 - - [15/Apr/2026:00:41:01 +0300] "GET /wp-uploads.php HTTP/1.0" 404 1777 "-" "-"
4.205.44.31 - - [15/Apr/2026:00:41:05 +0300] "GET /Gel.php HTTP/1.1" 301 196 "-" "-"
4.205.44.31 - - [15/Apr/2026:00:41:05 +0300] "GET /Gel.php HTTP/1.0" 404 1777 "-" "-"
4.205.44.31 - - [15/Apr/2026:00:41:09 +0300] "GET /41.php HTTP/1.1" 301 196 "-" "-"
4.205.44.31 - - [15/Apr/2026:00:41:09 +0300] "GET /41.php HTTP/1.0" 404 1777 "-" "-"
4.205.44.31 - - [15/Apr/2026:00:41:13 +0300] "GET /4price.php HTTP/1.1" 301 196 "-" "-"
4.205.44.31 - - [15/Apr/2026:00:41:13 +0300] "GET /4price.php HTTP/1.0" 404 1777 "-" "-"
4.205.44.31 - - [15/Apr/2026:00:41:16 +0300] "GET /MARIJUANA.php HTTP/1.1" 301 196 "-" "-"
4.205.44.31 - - [15/Apr/2026:00:41:17 +0300] "GET /MARIJUANA.php HTTP/1.0" 404 1777 "-" "-"
4.205.44.31 - - [15/Apr/2026:00:41:20 +0300] "GET /.fk.php HTTP/1.1" 301 196 "-" "-"
216.73.216.102 - - [15/Apr/2026:00:41:18 +0300] "GET /?t=63243239595400 HTTP/1.0" 200 15039 "-" "Mozilla/5.0 AppleWebKit/537.36 (KHTML, like Gecko; compatible; ClaudeBot/1.0; +claudebot@anthropic.com)"
4.205.44.31 - - [15/Apr/2026:00:41:21 +0300] "GET /.fk.php HTTP/1.0" 404 1777 "-" "-"
4.205.44.31 - - [15/Apr/2026:00:41:24 +0300] "GET /XxX.php HTTP/1.1" 301 196 "-" "-"
4.205.44.31 - - [15/Apr/2026:00:41:25 +0300] "GET /XxX.php HTTP/1.0" 404 1777 "-" "-"
4.205.44.31 - - [15/Apr/2026:00:41:28 +0300] "GET /alexuse.php HTTP/1.1" 301 196 "-" "-"
216.73.216.102 - - [15/Apr/2026:00:41:26 +0300] "GET /view/item/01103048310 HTTP/1.0" 404 1777 "-" "Mozilla/5.0 AppleWebKit/537.36 (KHTML, like Gecko; compatible; ClaudeBot/1.0; +claudebot@anthropic.com)"
66.249.76.39 - - [15/Apr/2026:00:41:27 +0300] "GET /category/0/1/025/025015/?SPC=0&SGC=0&STA=0&FPC=0&FGC=0&FTA=0&SFL_DF=0&CPPR=1 HTTP/1.0" 404 1874 "-" "Mozilla/5.0 (Linux; Android 6.0.1; Nexus 5X Build/MMB29P) AppleWebKit/537.36 (KHTML, like Gecko) Chrome/146.0.7680.177 Mobile Safari/537.36 (compatible; GoogleOther)"
4.205.44.31 - - [15/Apr/2026:00:41:28 +0300] "GET /alexuse.php HTTP/1.0" 404 1777 "-" "-"
4.205.44.31 - - [15/Apr/2026:00:41:32 +0300] "GET /Sendemail.php HTTP/1.1" 301 196 "-" "-"
4.205.44.31 - - [15/Apr/2026:00:41:32 +0300] "GET /Sendemail.php HTTP/1.0" 404 1777 "-" "-"
4.205.44.31 - - [15/Apr/2026:00:41:35 +0300] "GET /content.php HTTP/1.1" 301 196 "-" "-"
4.205.44.31 - - [15/Apr/2026:00:41:35 +0300] "GET /content.php HTTP/1.0" 404 1777 "-" "-"
4.205.44.31 - - [15/Apr/2026:00:41:39 +0300] "GET /olu.php HTTP/1.1" 301 196 "-" "-"
4.205.44.31 - - [15/Apr/2026:00:41:39 +0300] "GET /olu.php HTTP/1.0" 404 1777 "-" "-"
4.205.44.31 - - [15/Apr/2026:00:41:42 +0300] "GET /sad/about.php HTTP/1.1" 301 196 "-" "-"
4.205.44.31 - - [15/Apr/2026:00:41:42 +0300] "GET /sad/about.php HTTP/1.0" 404 1777 "-" "-"
4.205.44.31 - - [15/Apr/2026:00:41:46 +0300] "GET /wp-content/uploads/about.php HTTP/1.1" 301 196 "-" "-"
4.205.44.31 - - [15/Apr/2026:00:41:46 +0300] "GET /wp-content/uploads/about.php HTTP/1.0" 404 1777 "-" "-"
4.205.44.31 - - [15/Apr/2026:00:41:49 +0300] "GET /goat.php HTTP/1.1" 301 196 "-" "-"
216.73.216.102 - - [15/Apr/2026:00:41:47 +0300] "GET /sitemap_292.xml HTTP/1.0" 200 14314 "-" "Mozilla/5.0 AppleWebKit/537.36 (KHTML, like Gecko; compatible; ClaudeBot/1.0; +claudebot@anthropic.com)"
4.205.44.31 - - [15/Apr/2026:00:41:50 +0300] "GET /goat.php HTTP/1.0" 404 1777 "-" "-"
4.205.44.31 - - [15/Apr/2026:00:41:53 +0300] "GET /alexusmailer%202.0.php HTTP/1.1" 301 196 "-" "-"
4.205.44.31 - - [15/Apr/2026:00:41:54 +0300] "GET /alexusmailer%202.0.php HTTP/1.0" 404 1777 "-" "-"
4.205.44.31 - - [15/Apr/2026:00:41:57 +0300] "GET /rss.php HTTP/1.1" 301 196 "-" "-"
4.205.44.31 - - [15/Apr/2026:00:41:57 +0300] "GET /rss.php HTTP/1.0" 404 1777 "-" "-"
4.205.44.31 - - [15/Apr/2026:00:42:01 +0300] "GET /wp-file.php HTTP/1.1" 301 196 "-" "-"
216.73.216.102 - - [15/Apr/2026:00:41:58 +0300] "GET /?t=18619288708200 HTTP/1.0" 200 15137 "-" "Mozilla/5.0 AppleWebKit/537.36 (KHTML, like Gecko; compatible; ClaudeBot/1.0; +claudebot@anthropic.com)"
4.205.44.31 - - [15/Apr/2026:00:42:01 +0300] "GET /wp-file.php HTTP/1.0" 404 1777 "-" "-"
4.205.44.31 - - [15/Apr/2026:00:42:04 +0300] "GET /wso2.php HTTP/1.1" 301 196 "-" "-"
4.205.44.31 - - [15/Apr/2026:00:42:04 +0300] "GET /wso2.php HTTP/1.0" 404 1777 "-" "-"
4.205.44.31 - - [15/Apr/2026:00:42:08 +0300] "GET /wso1.php HTTP/1.1" 301 196 "-" "-"
4.205.44.31 - - [15/Apr/2026:00:42:08 +0300] "GET /wso1.php HTTP/1.0" 404 1777 "-" "-"
4.205.44.31 - - [15/Apr/2026:00:42:11 +0300] "GET /olux.php HTTP/1.1" 301 196 "-" "-"
66.249.64.132 - - [15/Apr/2026:00:42:09 +0300] "GET /category/0/1/016/016003/?SPC=0&SGC=0&STA=0&FPC=0&FGC=0&FTA=0&SFL_DF=0&CPPR=1 HTTP/1.0" 404 1874 "-" "Mozilla/5.0 (Linux; Android 6.0.1; Nexus 5X Build/MMB29P) AppleWebKit/537.36 (KHTML, like Gecko) Chrome/146.0.7680.177 Mobile Safari/537.36 (compatible; GoogleOther)"
4.205.44.31 - - [15/Apr/2026:00:42:12 +0300] "GET /olux.php HTTP/1.0" 404 1777 "-" "-"
4.205.44.31 - - [15/Apr/2026:00:42:15 +0300] "GET /wp-info.php HTTP/1.1" 301 196 "-" "-"
4.205.44.31 - - [15/Apr/2026:00:42:15 +0300] "GET /wp-info.php HTTP/1.0" 404 1777 "-" "-"
4.205.44.31 - - [15/Apr/2026:00:42:18 +0300] "GET /xl.php HTTP/1.1" 301 196 "-" "-"
4.205.44.31 - - [15/Apr/2026:00:42:19 +0300] "GET /xl.php HTTP/1.0" 404 1777 "-" "-"
4.205.44.31 - - [15/Apr/2026:00:42:22 +0300] "GET /wp-confiig.php HTTP/1.1" 301 196 "-" "-"
4.205.44.31 - - [15/Apr/2026:00:42:22 +0300] "GET /wp-confiig.php HTTP/1.0" 404 1777 "-" "-"
4.205.44.31 - - [15/Apr/2026:00:42:26 +0300] "GET /file-manager.php HTTP/1.1" 301 196 "-" "-"
4.205.44.31 - - [15/Apr/2026:00:42:26 +0300] "GET /file-manager.php HTTP/1.0" 404 1777 "-" "-"
216.73.216.102 - - [15/Apr/2026:00:42:26 +0300] "GET /view/item/013498980952 HTTP/1.0" 404 1777 "-" "Mozilla/5.0 AppleWebKit/537.36 (KHTML, like Gecko; compatible; ClaudeBot/1.0; +claudebot@anthropic.com)"
4.205.44.31 - - [15/Apr/2026:00:42:29 +0300] "GET /uploader.php HTTP/1.1" 301 196 "-" "-"
4.205.44.31 - - [15/Apr/2026:00:42:29 +0300] "GET /uploader.php HTTP/1.0" 404 1777 "-" "-"
4.205.44.31 - - [15/Apr/2026:00:42:33 +0300] "GET /leafmailer.php HTTP/1.1" 301 196 "-" "-"
4.205.44.31 - - [15/Apr/2026:00:42:33 +0300] "GET /leafmailer.php HTTP/1.0" 404 1777 "-" "-"
4.205.44.31 - - [15/Apr/2026:00:42:36 +0300] "GET /ALFA_DATA/alfacgiapi/perl.alfa HTTP/1.1" 301 196 "-" "-"
4.205.44.31 - - [15/Apr/2026:00:42:37 +0300] "GET /ALFA_DATA/alfacgiapi/perl.alfa HTTP/1.0" 404 1777 "-" "-"
4.205.44.31 - - [15/Apr/2026:00:42:40 +0300] "GET /date.php HTTP/1.1" 301 196 "-" "-"
4.205.44.31 - - [15/Apr/2026:00:42:40 +0300] "GET /date.php HTTP/1.0" 404 1777 "-" "-"
4.205.44.31 - - [15/Apr/2026:00:42:44 +0300] "GET /pomo.php HTTP/1.1" 301 196 "-" "-"
4.205.44.31 - - [15/Apr/2026:00:42:44 +0300] "GET /pomo.php HTTP/1.0" 404 1777 "-" "-"
4.205.44.31 - - [15/Apr/2026:00:42:47 +0300] "GET /8.php HTTP/1.1" 301 196 "-" "-"
4.205.44.31 - - [15/Apr/2026:00:42:47 +0300] "GET /8.php HTTP/1.0" 404 1777 "-" "-"
4.205.44.31 - - [15/Apr/2026:00:42:51 +0300] "GET /t/rfi.php HTTP/1.1" 301 196 "-" "-"
4.205.44.31 - - [15/Apr/2026:00:42:51 +0300] "GET /t/rfi.php HTTP/1.0" 404 1777 "-" "-"
216.73.216.102 - - [15/Apr/2026:00:42:54 +0300] "GET /view/item/014130253713 HTTP/1.0" 404 1777 "-" "Mozilla/5.0 AppleWebKit/537.36 (KHTML, like Gecko; compatible; ClaudeBot/1.0; +claudebot@anthropic.com)"
66.249.76.39 - - [15/Apr/2026:00:43:19 +0300] "GET /category/0/1/025/025021/?SPC=0&SGC=0&STA=0&FPC=0&FGC=0&FTA=0&SFL_DF=0&CPPR=1 HTTP/1.0" 404 1874 "-" "Mozilla/5.0 (Linux; Android 6.0.1; Nexus 5X Build/MMB29P) AppleWebKit/537.36 (KHTML, like Gecko) Chrome/146.0.7680.177 Mobile Safari/537.36 (compatible; GoogleOther)"
216.73.216.102 - - [15/Apr/2026:00:43:23 +0300] "GET /view/item/011025637634 HTTP/1.0" 404 1777 "-" "Mozilla/5.0 AppleWebKit/537.36 (KHTML, like Gecko; compatible; ClaudeBot/1.0; +claudebot@anthropic.com)"
216.73.216.102 - - [15/Apr/2026:00:43:27 +0300] "GET /?t=6284046930201 HTTP/1.0" 200 15134 "-" "Mozilla/5.0 AppleWebKit/537.36 (KHTML, like Gecko; compatible; ClaudeBot/1.0; +claudebot@anthropic.com)"
66.249.76.39 - - [15/Apr/2026:00:43:36 +0300] "GET /category/0/1/025/025026/?SPC=0&SGC=0&STA=0&FPC=0&FGC=0&FTA=0&SFL_DF=0&CPPR=1 HTTP/1.0" 404 1874 "-" "Mozilla/5.0 (Linux; Android 6.0.1; Nexus 5X Build/MMB29P) AppleWebKit/537.36 (KHTML, like Gecko) Chrome/146.0.7680.177 Mobile Safari/537.36 (compatible; GoogleOther)"
45.227.253.15 - - [15/Apr/2026:00:43:32 +0300] "GET /f34ba/f34ba/f34ba/index.php?ARRAY=7o2230223n313737363230373038382p2231223n22687474703n5p2s5p2s7n733837377631332r7265646s73732r626565725p2s3s6p633q78696164616r5s72616r645s7061746826743q313737363230333438382q3839643166363565666632653165646235383138613133333534386563373161222p2232223n223832666430656233316533623338613033616133316533666231313433636534222p2233223n223938383633363430623431383065623061613663653330623236356137346638222p2262696r675s70617373223n2232392q33322q35312q36392q38302q39302q3234227q HTTP/1.0" 200 724 "-" "Mozilla/5.0 (Macintosh; Intel Mac OS X 10.12; rv:103.0) Gecko/20100101 Firefox/101.0"
216.73.216.102 - - [15/Apr/2026:00:43:53 +0300] "GET /?t=61228107349201 HTTP/1.0" 200 15038 "-" "Mozilla/5.0 AppleWebKit/537.36 (KHTML, like Gecko; compatible; ClaudeBot/1.0; +claudebot@anthropic.com)"
66.249.76.41 - - [15/Apr/2026:00:44:03 +0300] "GET /category/0/1/001/001019/?SPC=0&SGC=0&STA=0&FPC=0&FGC=0&FTA=0&SFL_DF=0&CPPR=1 HTTP/1.0" 404 1874 "-" "Mozilla/5.0 (Linux; Android 6.0.1; Nexus 5X Build/MMB29P) AppleWebKit/537.36 (KHTML, like Gecko) Chrome/146.0.7680.177 Mobile Safari/537.36 (compatible; GoogleOther)"
66.249.64.128 - - [15/Apr/2026:00:44:20 +0300] "GET /category/0/1/016/016006/?SPC=0&SGC=0&STA=0&FPC=0&FGC=0&FTA=0&SFL_DF=0&CPPR=1 HTTP/1.0" 404 1874 "-" "Mozilla/5.0 (Linux; Android 6.0.1; Nexus 5X Build/MMB29P) AppleWebKit/537.36 (KHTML, like Gecko) Chrome/146.0.7680.177 Mobile Safari/537.36 (compatible; GoogleOther)"
216.73.216.102 - - [15/Apr/2026:00:44:24 +0300] "GET /?t=55485222391001 HTTP/1.0" 200 15036 "-" "Mozilla/5.0 AppleWebKit/537.36 (KHTML, like Gecko; compatible; ClaudeBot/1.0; +claudebot@anthropic.com)"
216.73.216.102 - - [15/Apr/2026:00:44:50 +0300] "GET /?t=01727271234901 HTTP/1.0" 200 15039 "-" "Mozilla/5.0 AppleWebKit/537.36 (KHTML, like Gecko; compatible; ClaudeBot/1.0; +claudebot@anthropic.com)"
216.73.216.102 - - [15/Apr/2026:00:44:54 +0300] "GET /view/item/013580624669 HTTP/1.0" 404 1874 "-" "Mozilla/5.0 AppleWebKit/537.36 (KHTML, like Gecko; compatible; ClaudeBot/1.0; +claudebot@anthropic.com)"
216.73.216.102 - - [15/Apr/2026:00:44:56 +0300] "GET /?t=71678288961500 HTTP/1.0" 200 15137 "-" "Mozilla/5.0 AppleWebKit/537.36 (KHTML, like Gecko; compatible; ClaudeBot/1.0; +claudebot@anthropic.com)"
216.73.216.102 - - [15/Apr/2026:00:45:25 +0300] "GET /?t=85705259055000 HTTP/1.0" 200 15041 "-" "Mozilla/5.0 AppleWebKit/537.36 (KHTML, like Gecko; compatible; ClaudeBot/1.0; +claudebot@anthropic.com)"
66.249.76.41 - - [15/Apr/2026:00:45:36 +0300] "GET /category/0/1/027/027001/?SPC=0&SGC=0&STA=0&FPC=0&FGC=0&FTA=0&SFL_DF=0&CPPR=1 HTTP/1.0" 404 1874 "-" "Mozilla/5.0 (Linux; Android 6.0.1; Nexus 5X Build/MMB29P) AppleWebKit/537.36 (KHTML, like Gecko) Chrome/146.0.7680.177 Mobile Safari/537.36 (compatible; GoogleOther)"
216.73.216.102 - - [15/Apr/2026:00:45:38 +0300] "GET /?t=52154183583601 HTTP/1.0" 200 15138 "-" "Mozilla/5.0 AppleWebKit/537.36 (KHTML, like Gecko; compatible; ClaudeBot/1.0; +claudebot@anthropic.com)"
216.73.216.102 - - [15/Apr/2026:00:46:01 +0300] "GET /view/item/013200490590 HTTP/1.0" 404 1874 "-" "Mozilla/5.0 AppleWebKit/537.36 (KHTML, like Gecko; compatible; ClaudeBot/1.0; +claudebot@anthropic.com)"
66.249.64.129 - - [15/Apr/2026:00:46:11 +0300] "GET /category/0/1/023/023001/?SPC=0&SGC=0&STA=0&FPC=0&FGC=0&FTA=0&SFL_DF=0&CPPR=1 HTTP/1.0" 404 1874 "-" "Mozilla/5.0 (Linux; Android 6.0.1; Nexus 5X Build/MMB29P) AppleWebKit/537.36 (KHTML, like Gecko) Chrome/146.0.7680.177 Mobile Safari/537.36 (compatible; GoogleOther)"
216.73.216.102 - - [15/Apr/2026:00:46:25 +0300] "GET /view/item/01158817207 HTTP/1.0" 404 1777 "-" "Mozilla/5.0 AppleWebKit/537.36 (KHTML, like Gecko; compatible; ClaudeBot/1.0; +claudebot@anthropic.com)"
216.73.216.102 - - [15/Apr/2026:00:46:30 +0300] "GET /?t=0901246642201 HTTP/1.0" 200 15134 "-" "Mozilla/5.0 AppleWebKit/537.36 (KHTML, like Gecko; compatible; ClaudeBot/1.0; +claudebot@anthropic.com)"
66.249.64.132 - - [15/Apr/2026:00:46:41 +0300] "GET /category/0/1/025/025011/?SPC=0&SGC=0&STA=0&FPC=0&FGC=0&FTA=0&SFL_DF=0&CPPR=1 HTTP/1.0" 404 1874 "-" "Mozilla/5.0 (Linux; Android 6.0.1; Nexus 5X Build/MMB29P) AppleWebKit/537.36 (KHTML, like Gecko) Chrome/146.0.7680.177 Mobile Safari/537.36 (compatible; GoogleOther)"
216.73.216.102 - - [15/Apr/2026:00:46:56 +0300] "GET /?t=51207217414701 HTTP/1.0" 200 15037 "-" "Mozilla/5.0 AppleWebKit/537.36 (KHTML, like Gecko; compatible; ClaudeBot/1.0; +claudebot@anthropic.com)"
216.73.216.102 - - [15/Apr/2026:00:47:02 +0300] "GET /?t=1713664326701 HTTP/1.0" 200 15135 "-" "Mozilla/5.0 AppleWebKit/537.36 (KHTML, like Gecko; compatible; ClaudeBot/1.0; +claudebot@anthropic.com)"
66.249.76.41 - - [15/Apr/2026:00:47:27 +0300] "GET /category/0/1/016/016014/?SPC=0&SGC=0&STA=0&FPC=0&FGC=0&FTA=0&SFL_DF=0&CPPR=1 HTTP/1.0" 404 1874 "-" "Mozilla/5.0 (Linux; Android 6.0.1; Nexus 5X Build/MMB29P) AppleWebKit/537.36 (KHTML, like Gecko) Chrome/146.0.7680.177 Mobile Safari/537.36 (compatible; GoogleOther)"
216.73.216.102 - - [15/Apr/2026:00:47:29 +0300] "GET /?t=72287107665201 HTTP/1.0" 200 15041 "-" "Mozilla/5.0 AppleWebKit/537.36 (KHTML, like Gecko; compatible; ClaudeBot/1.0; +claudebot@anthropic.com)"
216.73.216.102 - - [15/Apr/2026:00:47:31 +0300] "GET /?t=80997222637001 HTTP/1.0" 200 15139 "-" "Mozilla/5.0 AppleWebKit/537.36 (KHTML, like Gecko; compatible; ClaudeBot/1.0; +claudebot@anthropic.com)"
216.73.216.102 - - [15/Apr/2026:00:47:49 +0300] "GET /?t=0200226488901 HTTP/1.0" 200 15135 "-" "Mozilla/5.0 AppleWebKit/537.36 (KHTML, like Gecko; compatible; ClaudeBot/1.0; +claudebot@anthropic.com)"
