66.249.64.128 - - [14/Apr/2026:22:35:00 +0300] "GET /rakuraku/IsAlive.htm?1775520000000&_=1775520000000 HTTP/1.0" 200 74374 "https://www.yalev-studio.ru/furniture/" "Mozilla/5.0 (Linux; Android 6.0.1; Nexus 5X Build/MMB29P) AppleWebKit/537.36 (KHTML, like Gecko) Chrome/146.0.7680.177 Mobile Safari/537.36 (compatible; Googlebot/2.1; +http://www.google.com/bot.html)"
216.73.216.102 - - [14/Apr/2026:22:35:29 +0300] "GET /?t=9789934339900 HTTP/1.0" 200 15139 "-" "Mozilla/5.0 AppleWebKit/537.36 (KHTML, like Gecko; compatible; ClaudeBot/1.0; +claudebot@anthropic.com)"
216.73.216.102 - - [14/Apr/2026:22:36:03 +0300] "GET /?t=23692104906800 HTTP/1.0" 200 15039 "-" "Mozilla/5.0 AppleWebKit/537.36 (KHTML, like Gecko; compatible; ClaudeBot/1.0; +claudebot@anthropic.com)"
216.73.216.102 - - [14/Apr/2026:22:36:36 +0300] "GET /?t=66028107174800 HTTP/1.0" 200 15041 "-" "Mozilla/5.0 AppleWebKit/537.36 (KHTML, like Gecko; compatible; ClaudeBot/1.0; +claudebot@anthropic.com)"
216.73.216.102 - - [14/Apr/2026:22:37:07 +0300] "GET /?t=89728201583201 HTTP/1.0" 200 15136 "-" "Mozilla/5.0 AppleWebKit/537.36 (KHTML, like Gecko; compatible; ClaudeBot/1.0; +claudebot@anthropic.com)"
216.73.216.102 - - [14/Apr/2026:22:37:28 +0300] "GET /?t=35020147332001 HTTP/1.0" 200 15137 "-" "Mozilla/5.0 AppleWebKit/537.36 (KHTML, like Gecko; compatible; ClaudeBot/1.0; +claudebot@anthropic.com)"
216.73.216.102 - - [14/Apr/2026:22:38:04 +0300] "GET /?t=87201116155001 HTTP/1.0" 200 15134 "-" "Mozilla/5.0 AppleWebKit/537.36 (KHTML, like Gecko; compatible; ClaudeBot/1.0; +claudebot@anthropic.com)"
216.73.216.102 - - [14/Apr/2026:22:38:33 +0300] "GET /?t=8030534136100 HTTP/1.0" 200 15133 "-" "Mozilla/5.0 AppleWebKit/537.36 (KHTML, like Gecko; compatible; ClaudeBot/1.0; +claudebot@anthropic.com)"
216.73.216.102 - - [14/Apr/2026:22:39:07 +0300] "GET /?t=1986564582901 HTTP/1.0" 200 15039 "-" "Mozilla/5.0 AppleWebKit/537.36 (KHTML, like Gecko; compatible; ClaudeBot/1.0; +claudebot@anthropic.com)"
216.73.216.102 - - [14/Apr/2026:22:39:38 +0300] "GET /?t=50252199856100 HTTP/1.0" 200 15134 "-" "Mozilla/5.0 AppleWebKit/537.36 (KHTML, like Gecko; compatible; ClaudeBot/1.0; +claudebot@anthropic.com)"
216.73.216.102 - - [14/Apr/2026:22:40:10 +0300] "GET /?t=71900199615401 HTTP/1.0" 200 15136 "-" "Mozilla/5.0 AppleWebKit/537.36 (KHTML, like Gecko; compatible; ClaudeBot/1.0; +claudebot@anthropic.com)"
216.73.216.102 - - [14/Apr/2026:22:40:41 +0300] "GET /?t=91048271015301 HTTP/1.0" 200 15135 "-" "Mozilla/5.0 AppleWebKit/537.36 (KHTML, like Gecko; compatible; ClaudeBot/1.0; +claudebot@anthropic.com)"
216.73.216.102 - - [14/Apr/2026:22:41:17 +0300] "GET /?t=57774102646301 HTTP/1.0" 200 15039 "-" "Mozilla/5.0 AppleWebKit/537.36 (KHTML, like Gecko; compatible; ClaudeBot/1.0; +claudebot@anthropic.com)"
216.73.216.102 - - [14/Apr/2026:22:41:47 +0300] "GET /?t=79322243442501 HTTP/1.0" 200 15038 "-" "Mozilla/5.0 AppleWebKit/537.36 (KHTML, like Gecko; compatible; ClaudeBot/1.0; +claudebot@anthropic.com)"
216.73.216.102 - - [14/Apr/2026:22:42:21 +0300] "GET /?t=82097243130601 HTTP/1.0" 200 15139 "-" "Mozilla/5.0 AppleWebKit/537.36 (KHTML, like Gecko; compatible; ClaudeBot/1.0; +claudebot@anthropic.com)"
216.73.216.102 - - [14/Apr/2026:22:42:26 +0300] "GET /?t=85705107922100 HTTP/1.0" 200 15040 "-" "Mozilla/5.0 AppleWebKit/537.36 (KHTML, like Gecko; compatible; ClaudeBot/1.0; +claudebot@anthropic.com)"
216.73.216.102 - - [14/Apr/2026:22:42:32 +0300] "GET /?t=23677192048501 HTTP/1.0" 200 15040 "-" "Mozilla/5.0 AppleWebKit/537.36 (KHTML, like Gecko; compatible; ClaudeBot/1.0; +claudebot@anthropic.com)"
216.73.216.102 - - [14/Apr/2026:22:42:41 +0300] "GET /?t=0489726159901 HTTP/1.0" 200 15041 "-" "Mozilla/5.0 AppleWebKit/537.36 (KHTML, like Gecko; compatible; ClaudeBot/1.0; +claudebot@anthropic.com)"
216.73.216.102 - - [14/Apr/2026:22:42:47 +0300] "GET /?t=21403260980600 HTTP/1.0" 200 15040 "-" "Mozilla/5.0 AppleWebKit/537.36 (KHTML, like Gecko; compatible; ClaudeBot/1.0; +claudebot@anthropic.com)"
216.73.216.102 - - [14/Apr/2026:22:42:55 +0300] "GET /?t=789877012200 HTTP/1.0" 200 15134 "-" "Mozilla/5.0 AppleWebKit/537.36 (KHTML, like Gecko; compatible; ClaudeBot/1.0; +claudebot@anthropic.com)"
216.73.216.102 - - [14/Apr/2026:22:43:01 +0300] "GET /?t=68906261998600 HTTP/1.0" 200 15039 "-" "Mozilla/5.0 AppleWebKit/537.36 (KHTML, like Gecko; compatible; ClaudeBot/1.0; +claudebot@anthropic.com)"
216.73.216.102 - - [14/Apr/2026:22:43:07 +0300] "GET /?t=87803243645501 HTTP/1.0" 200 15038 "-" "Mozilla/5.0 AppleWebKit/537.36 (KHTML, like Gecko; compatible; ClaudeBot/1.0; +claudebot@anthropic.com)"
216.73.216.102 - - [14/Apr/2026:22:43:13 +0300] "GET /?t=6170030132900 HTTP/1.0" 200 15039 "-" "Mozilla/5.0 AppleWebKit/537.36 (KHTML, like Gecko; compatible; ClaudeBot/1.0; +claudebot@anthropic.com)"
216.73.216.102 - - [14/Apr/2026:22:43:19 +0300] "GET /?t=02149239165101 HTTP/1.0" 200 15039 "-" "Mozilla/5.0 AppleWebKit/537.36 (KHTML, like Gecko; compatible; ClaudeBot/1.0; +claudebot@anthropic.com)"
216.73.216.102 - - [14/Apr/2026:22:43:25 +0300] "GET /?t=4002146397600 HTTP/1.0" 200 15039 "-" "Mozilla/5.0 AppleWebKit/537.36 (KHTML, like Gecko; compatible; ClaudeBot/1.0; +claudebot@anthropic.com)"
216.73.216.102 - - [14/Apr/2026:22:43:31 +0300] "GET /?t=71224217425501 HTTP/1.0" 200 15040 "-" "Mozilla/5.0 AppleWebKit/537.36 (KHTML, like Gecko; compatible; ClaudeBot/1.0; +claudebot@anthropic.com)"
216.73.216.102 - - [14/Apr/2026:22:43:43 +0300] "GET /?t=9399091601200 HTTP/1.0" 200 15039 "-" "Mozilla/5.0 AppleWebKit/537.36 (KHTML, like Gecko; compatible; ClaudeBot/1.0; +claudebot@anthropic.com)"
216.73.216.102 - - [14/Apr/2026:22:43:58 +0300] "GET /?t=99005259603101 HTTP/1.0" 200 15135 "-" "Mozilla/5.0 AppleWebKit/537.36 (KHTML, like Gecko; compatible; ClaudeBot/1.0; +claudebot@anthropic.com)"
66.249.64.132 - - [14/Apr/2026:22:44:14 +0300] "GET /category/0/1/001/001017/?SPC=0&SGC=0&STA=0&FPC=0&FGC=0&FTA=0&SFL_DF=0&CPPR=1 HTTP/1.0" 404 1874 "-" "Mozilla/5.0 (Linux; Android 6.0.1; Nexus 5X Build/MMB29P) AppleWebKit/537.36 (KHTML, like Gecko) Chrome/146.0.7680.177 Mobile Safari/537.36 (compatible; GoogleOther)"
216.73.216.102 - - [14/Apr/2026:22:44:21 +0300] "GET /?t=77707239402801 HTTP/1.0" 200 15039 "-" "Mozilla/5.0 AppleWebKit/537.36 (KHTML, like Gecko; compatible; ClaudeBot/1.0; +claudebot@anthropic.com)"
216.73.216.102 - - [14/Apr/2026:22:44:30 +0300] "GET /?t=01292199738100 HTTP/1.0" 200 15041 "-" "Mozilla/5.0 AppleWebKit/537.36 (KHTML, like Gecko; compatible; ClaudeBot/1.0; +claudebot@anthropic.com)"
51.75.236.141 - - [14/Apr/2026:22:44:37 +0300] "GET /robots.txt HTTP/1.0" 200 395 "-" "Mozilla/5.0 (compatible; AhrefsBot/7.0; +http://ahrefs.com/robot/)"
51.68.247.213 - - [14/Apr/2026:22:44:47 +0300] "GET /view/item/011385614722 HTTP/1.0" 404 1874 "-" "Mozilla/5.0 (compatible; AhrefsBot/7.0; +http://ahrefs.com/robot/)"
216.73.216.102 - - [14/Apr/2026:22:45:06 +0300] "GET /?t=77413199778100 HTTP/1.0" 200 15137 "-" "Mozilla/5.0 AppleWebKit/537.36 (KHTML, like Gecko; compatible; ClaudeBot/1.0; +claudebot@anthropic.com)"
216.73.216.102 - - [14/Apr/2026:22:45:34 +0300] "GET /?t=07209239146401 HTTP/1.0" 200 15138 "-" "Mozilla/5.0 AppleWebKit/537.36 (KHTML, like Gecko; compatible; ClaudeBot/1.0; +claudebot@anthropic.com)"
216.73.216.102 - - [14/Apr/2026:22:46:08 +0300] "GET /?t=65407202669301 HTTP/1.0" 200 15134 "-" "Mozilla/5.0 AppleWebKit/537.36 (KHTML, like Gecko; compatible; ClaudeBot/1.0; +claudebot@anthropic.com)"
216.73.216.102 - - [14/Apr/2026:22:46:35 +0300] "GET /?t=8890764597400 HTTP/1.0" 200 15138 "-" "Mozilla/5.0 AppleWebKit/537.36 (KHTML, like Gecko; compatible; ClaudeBot/1.0; +claudebot@anthropic.com)"
216.73.216.102 - - [14/Apr/2026:22:47:07 +0300] "GET /?t=7272930695000 HTTP/1.0" 200 15040 "-" "Mozilla/5.0 AppleWebKit/537.36 (KHTML, like Gecko; compatible; ClaudeBot/1.0; +claudebot@anthropic.com)"
216.73.216.102 - - [14/Apr/2026:22:47:39 +0300] "GET /?t=47635239013101 HTTP/1.0" 200 15137 "-" "Mozilla/5.0 AppleWebKit/537.36 (KHTML, like Gecko; compatible; ClaudeBot/1.0; +claudebot@anthropic.com)"
216.73.216.102 - - [14/Apr/2026:22:48:12 +0300] "GET /?t=5141032835501 HTTP/1.0" 200 15134 "-" "Mozilla/5.0 AppleWebKit/537.36 (KHTML, like Gecko; compatible; ClaudeBot/1.0; +claudebot@anthropic.com)"
216.73.216.102 - - [14/Apr/2026:22:48:28 +0300] "GET /?t=98304147252001 HTTP/1.0" 200 15138 "-" "Mozilla/5.0 AppleWebKit/537.36 (KHTML, like Gecko; compatible; ClaudeBot/1.0; +claudebot@anthropic.com)"
216.73.216.102 - - [14/Apr/2026:22:48:49 +0300] "GET /?t=9709876547701 HTTP/1.0" 200 15041 "-" "Mozilla/5.0 AppleWebKit/537.36 (KHTML, like Gecko; compatible; ClaudeBot/1.0; +claudebot@anthropic.com)"
216.73.216.102 - - [14/Apr/2026:22:49:12 +0300] "GET /?t=3979327659101 HTTP/1.0" 200 15041 "-" "Mozilla/5.0 AppleWebKit/537.36 (KHTML, like Gecko; compatible; ClaudeBot/1.0; +claudebot@anthropic.com)"
216.73.216.102 - - [14/Apr/2026:22:49:43 +0300] "GET /?t=2010791880800 HTTP/1.0" 200 15136 "-" "Mozilla/5.0 AppleWebKit/537.36 (KHTML, like Gecko; compatible; ClaudeBot/1.0; +claudebot@anthropic.com)"
216.73.216.102 - - [14/Apr/2026:22:50:12 +0300] "GET /robots.txt HTTP/1.0" 200 395 "-" "Mozilla/5.0 AppleWebKit/537.36 (KHTML, like Gecko; compatible; ClaudeBot/1.0; +claudebot@anthropic.com)"
94.154.35.236 - - [14/Apr/2026:22:50:18 +0300] "HEAD /api/api.7z HTTP/1.1" 301 0 "-" "Mozilla/5.0 (Windows NT 10.0; Win64; x64) AppleWebKit/537.36 (KHTML, like Gecko) Chrome/101.0.4951.67 Safari/537.36"
216.73.216.102 - - [14/Apr/2026:22:50:17 +0300] "GET /?t=22996226681900 HTTP/1.0" 200 15134 "-" "Mozilla/5.0 AppleWebKit/537.36 (KHTML, like Gecko; compatible; ClaudeBot/1.0; +claudebot@anthropic.com)"
94.154.35.236 - - [14/Apr/2026:22:50:18 +0300] "HEAD /api/api.7z HTTP/1.0" 404 294 "-" "Mozilla/5.0 (Windows NT 10.0; Win64; x64) AppleWebKit/537.36 (KHTML, like Gecko) Chrome/101.0.4951.67 Safari/537.36"
216.73.216.102 - - [14/Apr/2026:22:50:50 +0300] "GET /?t=0483134071901 HTTP/1.0" 200 15135 "-" "Mozilla/5.0 AppleWebKit/537.36 (KHTML, like Gecko; compatible; ClaudeBot/1.0; +claudebot@anthropic.com)"
216.73.216.102 - - [14/Apr/2026:22:51:20 +0300] "GET /?t=601997716701 HTTP/1.0" 200 15135 "-" "Mozilla/5.0 AppleWebKit/537.36 (KHTML, like Gecko; compatible; ClaudeBot/1.0; +claudebot@anthropic.com)"
216.73.216.102 - - [14/Apr/2026:22:51:30 +0300] "GET /view/item/013137991675 HTTP/1.0" 404 1874 "-" "Mozilla/5.0 AppleWebKit/537.36 (KHTML, like Gecko; compatible; ClaudeBot/1.0; +claudebot@anthropic.com)"
216.73.216.102 - - [14/Apr/2026:22:52:02 +0300] "GET /?t=2507694032001 HTTP/1.0" 200 15139 "-" "Mozilla/5.0 AppleWebKit/537.36 (KHTML, like Gecko; compatible; ClaudeBot/1.0; +claudebot@anthropic.com)"
216.73.216.102 - - [14/Apr/2026:22:52:32 +0300] "GET /?t=3662946751501 HTTP/1.0" 200 15135 "-" "Mozilla/5.0 AppleWebKit/537.36 (KHTML, like Gecko; compatible; ClaudeBot/1.0; +claudebot@anthropic.com)"
216.73.216.102 - - [14/Apr/2026:22:53:00 +0300] "GET /?t=14101125172101 HTTP/1.0" 200 15040 "-" "Mozilla/5.0 AppleWebKit/537.36 (KHTML, like Gecko; compatible; ClaudeBot/1.0; +claudebot@anthropic.com)"
216.73.216.102 - - [14/Apr/2026:22:53:33 +0300] "GET /?t=09415135083000 HTTP/1.0" 200 15136 "-" "Mozilla/5.0 AppleWebKit/537.36 (KHTML, like Gecko; compatible; ClaudeBot/1.0; +claudebot@anthropic.com)"
216.244.66.243 - - [14/Apr/2026:22:53:42 +0300] "GET /robots.txt HTTP/1.1" 301 196 "-" "Mozilla/5.0 (compatible; DotBot/1.2; +https://opensiteexplorer.org/dotbot; help@moz.com)"
216.244.66.243 - - [14/Apr/2026:22:53:43 +0300] "GET /robots.txt HTTP/1.0" 200 351 "-" "Mozilla/5.0 (compatible; DotBot/1.2; +https://opensiteexplorer.org/dotbot; help@moz.com)"
216.73.216.102 - - [14/Apr/2026:22:54:04 +0300] "GET /?t=790917100700 HTTP/1.0" 200 15131 "-" "Mozilla/5.0 AppleWebKit/537.36 (KHTML, like Gecko; compatible; ClaudeBot/1.0; +claudebot@anthropic.com)"
216.73.216.102 - - [14/Apr/2026:22:54:37 +0300] "GET /?t=56757151168800 HTTP/1.0" 200 15137 "-" "Mozilla/5.0 AppleWebKit/537.36 (KHTML, like Gecko; compatible; ClaudeBot/1.0; +claudebot@anthropic.com)"
216.73.216.102 - - [14/Apr/2026:22:55:12 +0300] "GET /?t=75738239078600 HTTP/1.0" 200 15140 "-" "Mozilla/5.0 AppleWebKit/537.36 (KHTML, like Gecko; compatible; ClaudeBot/1.0; +claudebot@anthropic.com)"
216.73.216.102 - - [14/Apr/2026:22:55:43 +0300] "GET /?t=6072834476200 HTTP/1.0" 200 15134 "-" "Mozilla/5.0 AppleWebKit/537.36 (KHTML, like Gecko; compatible; ClaudeBot/1.0; +claudebot@anthropic.com)"
216.73.216.102 - - [14/Apr/2026:22:56:17 +0300] "GET /?t=9703826512801 HTTP/1.0" 200 15138 "-" "Mozilla/5.0 AppleWebKit/537.36 (KHTML, like Gecko; compatible; ClaudeBot/1.0; +claudebot@anthropic.com)"
216.73.216.102 - - [14/Apr/2026:22:56:50 +0300] "GET /?t=7516732779401 HTTP/1.0" 200 15136 "-" "Mozilla/5.0 AppleWebKit/537.36 (KHTML, like Gecko; compatible; ClaudeBot/1.0; +claudebot@anthropic.com)"
216.73.216.102 - - [14/Apr/2026:22:57:21 +0300] "GET /?t=8486427423901 HTTP/1.0" 200 15138 "-" "Mozilla/5.0 AppleWebKit/537.36 (KHTML, like Gecko; compatible; ClaudeBot/1.0; +claudebot@anthropic.com)"
216.73.216.102 - - [14/Apr/2026:22:57:53 +0300] "GET /?t=25752111805801 HTTP/1.0" 200 15137 "-" "Mozilla/5.0 AppleWebKit/537.36 (KHTML, like Gecko; compatible; ClaudeBot/1.0; +claudebot@anthropic.com)"
161.115.234.176 - - [14/Apr/2026:22:58:12 +0300] "GET / HTTP/1.0" 200 15125 "https://www.google.com" "Mozilla/5.0 (Windows NT 10.0; Win64; x64) AppleWebKit/537.36 (KHTML, like Gecko) Chrome/99.0.4844.51 Safari/537.36 Edg/99.0.1150.30"
216.73.216.102 - - [14/Apr/2026:22:58:26 +0300] "GET /?t=59095107632001 HTTP/1.0" 200 15131 "-" "Mozilla/5.0 AppleWebKit/537.36 (KHTML, like Gecko; compatible; ClaudeBot/1.0; +claudebot@anthropic.com)"
216.73.216.102 - - [14/Apr/2026:22:58:55 +0300] "GET /?t=09711243372701 HTTP/1.0" 200 15038 "-" "Mozilla/5.0 AppleWebKit/537.36 (KHTML, like Gecko; compatible; ClaudeBot/1.0; +claudebot@anthropic.com)"
216.244.66.243 - - [14/Apr/2026:22:59:11 +0300] "GET /images/photos/img_1477.S4Uu7.jpg HTTP/1.1" 200 167554 "-" "Mozilla/5.0 (compatible; DotBot/1.2; +https://opensiteexplorer.org/dotbot; help@moz.com)"
216.73.216.102 - - [14/Apr/2026:22:59:29 +0300] "GET /?t=7204046427801 HTTP/1.0" 200 15139 "-" "Mozilla/5.0 AppleWebKit/537.36 (KHTML, like Gecko; compatible; ClaudeBot/1.0; +claudebot@anthropic.com)"
54.37.118.70 - - [14/Apr/2026:22:59:53 +0300] "GET /view/item/011292644081 HTTP/1.0" 404 1874 "-" "Mozilla/5.0 (compatible; AhrefsBot/7.0; +http://ahrefs.com/robot/)"
216.73.216.102 - - [14/Apr/2026:23:00:01 +0300] "GET /?t=51138140278201 HTTP/1.0" 200 15135 "-" "Mozilla/5.0 AppleWebKit/537.36 (KHTML, like Gecko; compatible; ClaudeBot/1.0; +claudebot@anthropic.com)"
66.249.64.128 - - [14/Apr/2026:23:00:36 +0300] "GET /company/about/ HTTP/1.0" 200 73218 "-" "Mozilla/5.0 (Linux; Android 6.0.1; Nexus 5X Build/MMB29P) AppleWebKit/537.36 (KHTML, like Gecko) Chrome/146.0.7680.177 Mobile Safari/537.36 (compatible; GoogleOther)"
216.73.216.102 - - [14/Apr/2026:23:00:41 +0300] "GET /?t=0808864543601 HTTP/1.0" 200 15039 "-" "Mozilla/5.0 AppleWebKit/537.36 (KHTML, like Gecko; compatible; ClaudeBot/1.0; +claudebot@anthropic.com)"
66.249.64.132 - - [14/Apr/2026:23:00:45 +0300] "GET /cms/common/json/fontlist.json HTTP/1.0" 200 73961 "https://www.yalev-studio.ru/company/about/" "Mozilla/5.0 (Linux; Android 6.0.1; Nexus 5X Build/MMB29P) AppleWebKit/537.36 (KHTML, like Gecko) Chrome/146.0.7680.177 Mobile Safari/537.36 (compatible; GoogleOther)"
216.73.216.102 - - [14/Apr/2026:23:01:11 +0300] "GET /?t=2188265334800 HTTP/1.0" 200 15134 "-" "Mozilla/5.0 AppleWebKit/537.36 (KHTML, like Gecko; compatible; ClaudeBot/1.0; +claudebot@anthropic.com)"
216.73.216.102 - - [14/Apr/2026:23:01:16 +0300] "GET /?t=1878726401800 HTTP/1.0" 200 15133 "-" "Mozilla/5.0 AppleWebKit/537.36 (KHTML, like Gecko; compatible; ClaudeBot/1.0; +claudebot@anthropic.com)"
216.73.216.102 - - [14/Apr/2026:23:01:50 +0300] "GET /?t=48174201703000 HTTP/1.0" 200 15137 "-" "Mozilla/5.0 AppleWebKit/537.36 (KHTML, like Gecko; compatible; ClaudeBot/1.0; +claudebot@anthropic.com)"
216.73.216.102 - - [14/Apr/2026:23:02:20 +0300] "GET /?t=50196152196201 HTTP/1.0" 200 15134 "-" "Mozilla/5.0 AppleWebKit/537.36 (KHTML, like Gecko; compatible; ClaudeBot/1.0; +claudebot@anthropic.com)"
216.73.216.102 - - [14/Apr/2026:23:02:57 +0300] "GET /?t=75788239791801 HTTP/1.0" 200 15136 "-" "Mozilla/5.0 AppleWebKit/537.36 (KHTML, like Gecko; compatible; ClaudeBot/1.0; +claudebot@anthropic.com)"
216.73.216.102 - - [14/Apr/2026:23:03:24 +0300] "GET /?t=7899794746400 HTTP/1.0" 200 15138 "-" "Mozilla/5.0 AppleWebKit/537.36 (KHTML, like Gecko; compatible; ClaudeBot/1.0; +claudebot@anthropic.com)"
216.73.216.102 - - [14/Apr/2026:23:03:59 +0300] "GET /?t=2565130289301 HTTP/1.0" 200 15134 "-" "Mozilla/5.0 AppleWebKit/537.36 (KHTML, like Gecko; compatible; ClaudeBot/1.0; +claudebot@anthropic.com)"
216.73.216.102 - - [14/Apr/2026:23:04:39 +0300] "GET /?t=8967027091900 HTTP/1.0" 200 15041 "-" "Mozilla/5.0 AppleWebKit/537.36 (KHTML, like Gecko; compatible; ClaudeBot/1.0; +claudebot@anthropic.com)"
216.73.216.102 - - [14/Apr/2026:23:05:05 +0300] "GET /?t=09091209563000 HTTP/1.0" 200 15132 "-" "Mozilla/5.0 AppleWebKit/537.36 (KHTML, like Gecko; compatible; ClaudeBot/1.0; +claudebot@anthropic.com)"
216.73.216.102 - - [14/Apr/2026:23:05:40 +0300] "GET /?t=42799279572000 HTTP/1.0" 200 15138 "-" "Mozilla/5.0 AppleWebKit/537.36 (KHTML, like Gecko; compatible; ClaudeBot/1.0; +claudebot@anthropic.com)"
216.73.216.102 - - [14/Apr/2026:23:06:02 +0300] "GET /?t=41264201930201 HTTP/1.0" 200 15135 "-" "Mozilla/5.0 AppleWebKit/537.36 (KHTML, like Gecko; compatible; ClaudeBot/1.0; +claudebot@anthropic.com)"
216.73.216.102 - - [14/Apr/2026:23:06:35 +0300] "GET /?t=5540746524801 HTTP/1.0" 200 15136 "-" "Mozilla/5.0 AppleWebKit/537.36 (KHTML, like Gecko; compatible; ClaudeBot/1.0; +claudebot@anthropic.com)"
216.73.216.102 - - [14/Apr/2026:23:07:11 +0300] "GET /?t=89350239169400 HTTP/1.0" 200 15038 "-" "Mozilla/5.0 AppleWebKit/537.36 (KHTML, like Gecko; compatible; ClaudeBot/1.0; +claudebot@anthropic.com)"
216.73.216.102 - - [14/Apr/2026:23:07:50 +0300] "GET /?t=59705288097300 HTTP/1.0" 200 15040 "-" "Mozilla/5.0 AppleWebKit/537.36 (KHTML, like Gecko; compatible; ClaudeBot/1.0; +claudebot@anthropic.com)"
216.73.216.102 - - [14/Apr/2026:23:08:21 +0300] "GET /?t=54895209940001 HTTP/1.0" 200 15134 "-" "Mozilla/5.0 AppleWebKit/537.36 (KHTML, like Gecko; compatible; ClaudeBot/1.0; +claudebot@anthropic.com)"
216.73.216.102 - - [14/Apr/2026:23:08:47 +0300] "GET /?t=88907201178901 HTTP/1.0" 200 15135 "-" "Mozilla/5.0 AppleWebKit/537.36 (KHTML, like Gecko; compatible; ClaudeBot/1.0; +claudebot@anthropic.com)"
216.73.216.102 - - [14/Apr/2026:23:09:21 +0300] "GET /?t=62067154387601 HTTP/1.0" 200 15138 "-" "Mozilla/5.0 AppleWebKit/537.36 (KHTML, like Gecko; compatible; ClaudeBot/1.0; +claudebot@anthropic.com)"
66.249.64.129 - - [14/Apr/2026:23:09:37 +0300] "GET /category/0/1/004/004043/?SPC=0&SGC=0&STA=0&FPC=0&FGC=0&FTA=0&SFL_DF=0&CPPR=1 HTTP/1.0" 404 1874 "-" "Mozilla/5.0 (Linux; Android 6.0.1; Nexus 5X Build/MMB29P) AppleWebKit/537.36 (KHTML, like Gecko) Chrome/146.0.7680.177 Mobile Safari/537.36 (compatible; GoogleOther)"
216.73.216.102 - - [14/Apr/2026:23:09:53 +0300] "GET /view/item/01255391764 HTTP/1.0" 404 1874 "-" "Mozilla/5.0 AppleWebKit/537.36 (KHTML, like Gecko; compatible; ClaudeBot/1.0; +claudebot@anthropic.com)"
216.73.216.102 - - [14/Apr/2026:23:10:26 +0300] "GET /?t=0402046958501 HTTP/1.0" 200 15135 "-" "Mozilla/5.0 AppleWebKit/537.36 (KHTML, like Gecko; compatible; ClaudeBot/1.0; +claudebot@anthropic.com)"
216.73.216.102 - - [14/Apr/2026:23:10:58 +0300] "GET /?t=98780210103400 HTTP/1.0" 200 15136 "-" "Mozilla/5.0 AppleWebKit/537.36 (KHTML, like Gecko; compatible; ClaudeBot/1.0; +claudebot@anthropic.com)"
216.73.216.102 - - [14/Apr/2026:23:11:28 +0300] "GET /?t=91550111943300 HTTP/1.0" 200 15134 "-" "Mozilla/5.0 AppleWebKit/537.36 (KHTML, like Gecko; compatible; ClaudeBot/1.0; +claudebot@anthropic.com)"
216.73.216.102 - - [14/Apr/2026:23:11:35 +0300] "GET /?t=9932932593900 HTTP/1.0" 200 15136 "-" "Mozilla/5.0 AppleWebKit/537.36 (KHTML, like Gecko; compatible; ClaudeBot/1.0; +claudebot@anthropic.com)"
216.73.216.102 - - [14/Apr/2026:23:11:59 +0300] "GET /?t=66889188597100 HTTP/1.0" 200 15136 "-" "Mozilla/5.0 AppleWebKit/537.36 (KHTML, like Gecko; compatible; ClaudeBot/1.0; +claudebot@anthropic.com)"
216.73.216.102 - - [14/Apr/2026:23:12:28 +0300] "GET /?t=0080246516201 HTTP/1.0" 200 15039 "-" "Mozilla/5.0 AppleWebKit/537.36 (KHTML, like Gecko; compatible; ClaudeBot/1.0; +claudebot@anthropic.com)"
216.73.216.102 - - [14/Apr/2026:23:13:03 +0300] "GET /?t=33713274336601 HTTP/1.0" 200 15137 "-" "Mozilla/5.0 AppleWebKit/537.36 (KHTML, like Gecko; compatible; ClaudeBot/1.0; +claudebot@anthropic.com)"
216.73.216.102 - - [14/Apr/2026:23:13:29 +0300] "GET /?t=08762157684301 HTTP/1.0" 200 15135 "-" "Mozilla/5.0 AppleWebKit/537.36 (KHTML, like Gecko; compatible; ClaudeBot/1.0; +claudebot@anthropic.com)"
216.73.216.102 - - [14/Apr/2026:23:14:00 +0300] "GET /?t=820207199801 HTTP/1.0" 200 15039 "-" "Mozilla/5.0 AppleWebKit/537.36 (KHTML, like Gecko; compatible; ClaudeBot/1.0; +claudebot@anthropic.com)"
216.73.216.102 - - [14/Apr/2026:23:14:14 +0300] "GET /?t=0099094134101 HTTP/1.0" 200 15137 "-" "Mozilla/5.0 AppleWebKit/537.36 (KHTML, like Gecko; compatible; ClaudeBot/1.0; +claudebot@anthropic.com)"
216.73.216.102 - - [14/Apr/2026:23:14:49 +0300] "GET /?t=0446665449200 HTTP/1.0" 200 15037 "-" "Mozilla/5.0 AppleWebKit/537.36 (KHTML, like Gecko; compatible; ClaudeBot/1.0; +claudebot@anthropic.com)"
216.73.216.102 - - [14/Apr/2026:23:15:23 +0300] "GET /view/item/012260179725 HTTP/1.0" 404 1874 "-" "Mozilla/5.0 AppleWebKit/537.36 (KHTML, like Gecko; compatible; ClaudeBot/1.0; +claudebot@anthropic.com)"
216.73.216.102 - - [14/Apr/2026:23:15:27 +0300] "GET /view/item/013989857375 HTTP/1.0" 404 1777 "-" "Mozilla/5.0 AppleWebKit/537.36 (KHTML, like Gecko; compatible; ClaudeBot/1.0; +claudebot@anthropic.com)"
216.73.216.102 - - [14/Apr/2026:23:15:38 +0300] "GET /view/item/012170984657 HTTP/1.0" 404 1874 "-" "Mozilla/5.0 AppleWebKit/537.36 (KHTML, like Gecko; compatible; ClaudeBot/1.0; +claudebot@anthropic.com)"
216.73.216.102 - - [14/Apr/2026:23:15:43 +0300] "GET /view/item/01455695701 HTTP/1.0" 404 1777 "-" "Mozilla/5.0 AppleWebKit/537.36 (KHTML, like Gecko; compatible; ClaudeBot/1.0; +claudebot@anthropic.com)"
216.73.216.102 - - [14/Apr/2026:23:15:49 +0300] "GET /view/item/011361993285 HTTP/1.0" 404 1777 "-" "Mozilla/5.0 AppleWebKit/537.36 (KHTML, like Gecko; compatible; ClaudeBot/1.0; +claudebot@anthropic.com)"
216.73.216.102 - - [14/Apr/2026:23:15:55 +0300] "GET /view/item/011526054445 HTTP/1.0" 404 1777 "-" "Mozilla/5.0 AppleWebKit/537.36 (KHTML, like Gecko; compatible; ClaudeBot/1.0; +claudebot@anthropic.com)"
216.73.216.102 - - [14/Apr/2026:23:16:01 +0300] "GET /?t=79620202106900 HTTP/1.0" 200 15036 "-" "Mozilla/5.0 AppleWebKit/537.36 (KHTML, like Gecko; compatible; ClaudeBot/1.0; +claudebot@anthropic.com)"
216.73.216.102 - - [14/Apr/2026:23:16:06 +0300] "GET /view/item/011493730419 HTTP/1.0" 404 1874 "-" "Mozilla/5.0 AppleWebKit/537.36 (KHTML, like Gecko; compatible; ClaudeBot/1.0; +claudebot@anthropic.com)"
216.73.216.102 - - [14/Apr/2026:23:16:11 +0300] "GET /view/item/014065494123 HTTP/1.0" 404 1777 "-" "Mozilla/5.0 AppleWebKit/537.36 (KHTML, like Gecko; compatible; ClaudeBot/1.0; +claudebot@anthropic.com)"
216.73.216.102 - - [14/Apr/2026:23:16:17 +0300] "GET /view/item/01627607426 HTTP/1.0" 404 1777 "-" "Mozilla/5.0 AppleWebKit/537.36 (KHTML, like Gecko; compatible; ClaudeBot/1.0; +claudebot@anthropic.com)"
216.73.216.102 - - [14/Apr/2026:23:16:23 +0300] "GET /?t=47727154635200 HTTP/1.0" 200 15039 "-" "Mozilla/5.0 AppleWebKit/537.36 (KHTML, like Gecko; compatible; ClaudeBot/1.0; +claudebot@anthropic.com)"
216.73.216.102 - - [14/Apr/2026:23:16:29 +0300] "GET /view/item/012838104685 HTTP/1.0" 404 1777 "-" "Mozilla/5.0 AppleWebKit/537.36 (KHTML, like Gecko; compatible; ClaudeBot/1.0; +claudebot@anthropic.com)"
216.73.216.102 - - [14/Apr/2026:23:16:35 +0300] "GET /view/item/012451959152 HTTP/1.0" 404 1777 "-" "Mozilla/5.0 AppleWebKit/537.36 (KHTML, like Gecko; compatible; ClaudeBot/1.0; +claudebot@anthropic.com)"
216.73.216.102 - - [14/Apr/2026:23:16:41 +0300] "GET /view/item/012113944507 HTTP/1.0" 404 1777 "-" "Mozilla/5.0 AppleWebKit/537.36 (KHTML, like Gecko; compatible; ClaudeBot/1.0; +claudebot@anthropic.com)"
216.73.216.102 - - [14/Apr/2026:23:16:46 +0300] "GET /view/item/012420116852 HTTP/1.0" 404 1777 "-" "Mozilla/5.0 AppleWebKit/537.36 (KHTML, like Gecko; compatible; ClaudeBot/1.0; +claudebot@anthropic.com)"
216.73.216.102 - - [14/Apr/2026:23:16:52 +0300] "GET /view/item/01202606623 HTTP/1.0" 404 1777 "-" "Mozilla/5.0 AppleWebKit/537.36 (KHTML, like Gecko; compatible; ClaudeBot/1.0; +claudebot@anthropic.com)"
216.73.216.102 - - [14/Apr/2026:23:16:59 +0300] "GET /view/item/01648502676 HTTP/1.0" 404 1777 "-" "Mozilla/5.0 AppleWebKit/537.36 (KHTML, like Gecko; compatible; ClaudeBot/1.0; +claudebot@anthropic.com)"
94.154.35.236 - - [14/Apr/2026:23:17:08 +0300] "HEAD /api.tar.gz HTTP/1.1" 301 0 "-" "Mozilla/5.0 (Windows NT 10.0; Win64; x64) AppleWebKit/537.36 (KHTML, like Gecko) Chrome/101.0.4951.67 Safari/537.36"
94.154.35.236 - - [14/Apr/2026:23:17:08 +0300] "HEAD /api.tar.gz HTTP/1.0" 404 294 "-" "Mozilla/5.0 (Windows NT 10.0; Win64; x64) AppleWebKit/537.36 (KHTML, like Gecko) Chrome/101.0.4951.67 Safari/537.36"
216.73.216.102 - - [14/Apr/2026:23:17:07 +0300] "GET /?t=78288116344000 HTTP/1.0" 200 15041 "-" "Mozilla/5.0 AppleWebKit/537.36 (KHTML, like Gecko; compatible; ClaudeBot/1.0; +claudebot@anthropic.com)"
216.73.216.102 - - [14/Apr/2026:23:17:16 +0300] "GET /?t=9291934783201 HTTP/1.0" 200 15038 "-" "Mozilla/5.0 AppleWebKit/537.36 (KHTML, like Gecko; compatible; ClaudeBot/1.0; +claudebot@anthropic.com)"
216.73.216.102 - - [14/Apr/2026:23:17:26 +0300] "GET /?t=87829157449300 HTTP/1.0" 200 15040 "-" "Mozilla/5.0 AppleWebKit/537.36 (KHTML, like Gecko; compatible; ClaudeBot/1.0; +claudebot@anthropic.com)"
216.73.216.102 - - [14/Apr/2026:23:17:37 +0300] "GET /view/item/014084040099 HTTP/1.0" 404 1777 "-" "Mozilla/5.0 AppleWebKit/537.36 (KHTML, like Gecko; compatible; ClaudeBot/1.0; +claudebot@anthropic.com)"
216.73.216.102 - - [14/Apr/2026:23:17:51 +0300] "GET /view/item/012970553842 HTTP/1.0" 404 1874 "-" "Mozilla/5.0 AppleWebKit/537.36 (KHTML, like Gecko; compatible; ClaudeBot/1.0; +claudebot@anthropic.com)"
216.73.216.102 - - [14/Apr/2026:23:18:02 +0300] "GET /view/item/011105068627 HTTP/1.0" 404 1874 "-" "Mozilla/5.0 AppleWebKit/537.36 (KHTML, like Gecko; compatible; ClaudeBot/1.0; +claudebot@anthropic.com)"
216.73.216.102 - - [14/Apr/2026:23:18:11 +0300] "GET /view/item/01490939430 HTTP/1.0" 404 1777 "-" "Mozilla/5.0 AppleWebKit/537.36 (KHTML, like Gecko; compatible; ClaudeBot/1.0; +claudebot@anthropic.com)"
216.73.216.102 - - [14/Apr/2026:23:18:23 +0300] "GET /view/item/013868376397 HTTP/1.0" 404 1777 "-" "Mozilla/5.0 AppleWebKit/537.36 (KHTML, like Gecko; compatible; ClaudeBot/1.0; +claudebot@anthropic.com)"
216.73.216.102 - - [14/Apr/2026:23:18:32 +0300] "GET /?t=11987166392500 HTTP/1.0" 200 15131 "-" "Mozilla/5.0 AppleWebKit/537.36 (KHTML, like Gecko; compatible; ClaudeBot/1.0; +claudebot@anthropic.com)"
216.73.216.102 - - [14/Apr/2026:23:18:43 +0300] "GET /?t=85699201344101 HTTP/1.0" 200 15036 "-" "Mozilla/5.0 AppleWebKit/537.36 (KHTML, like Gecko; compatible; ClaudeBot/1.0; +claudebot@anthropic.com)"
216.73.216.102 - - [14/Apr/2026:23:18:55 +0300] "GET /?t=97269147636601 HTTP/1.0" 200 15035 "-" "Mozilla/5.0 AppleWebKit/537.36 (KHTML, like Gecko; compatible; ClaudeBot/1.0; +claudebot@anthropic.com)"
216.73.216.102 - - [14/Apr/2026:23:19:02 +0300] "GET /?t=7488794129400 HTTP/1.0" 200 15137 "-" "Mozilla/5.0 AppleWebKit/537.36 (KHTML, like Gecko; compatible; ClaudeBot/1.0; +claudebot@anthropic.com)"
216.73.216.102 - - [14/Apr/2026:23:19:13 +0300] "GET /?t=04448199369800 HTTP/1.0" 200 15040 "-" "Mozilla/5.0 AppleWebKit/537.36 (KHTML, like Gecko; compatible; ClaudeBot/1.0; +claudebot@anthropic.com)"
216.73.216.102 - - [14/Apr/2026:23:19:32 +0300] "GET /?t=0620230955201 HTTP/1.0" 200 15137 "-" "Mozilla/5.0 AppleWebKit/537.36 (KHTML, like Gecko; compatible; ClaudeBot/1.0; +claudebot@anthropic.com)"
216.73.216.102 - - [14/Apr/2026:23:19:41 +0300] "GET /?t=2175334761600 HTTP/1.0" 200 15135 "-" "Mozilla/5.0 AppleWebKit/537.36 (KHTML, like Gecko; compatible; ClaudeBot/1.0; +claudebot@anthropic.com)"
216.73.216.102 - - [14/Apr/2026:23:19:49 +0300] "GET /?t=20602270644201 HTTP/1.0" 200 15040 "-" "Mozilla/5.0 AppleWebKit/537.36 (KHTML, like Gecko; compatible; ClaudeBot/1.0; +claudebot@anthropic.com)"
216.73.216.102 - - [14/Apr/2026:23:19:59 +0300] "GET /?t=23910271144901 HTTP/1.0" 200 15132 "-" "Mozilla/5.0 AppleWebKit/537.36 (KHTML, like Gecko; compatible; ClaudeBot/1.0; +claudebot@anthropic.com)"
216.73.216.102 - - [14/Apr/2026:23:20:10 +0300] "GET /?t=88902188976100 HTTP/1.0" 200 15036 "-" "Mozilla/5.0 AppleWebKit/537.36 (KHTML, like Gecko; compatible; ClaudeBot/1.0; +claudebot@anthropic.com)"
216.73.216.102 - - [14/Apr/2026:23:20:22 +0300] "GET /?t=491067452201 HTTP/1.0" 200 15034 "-" "Mozilla/5.0 AppleWebKit/537.36 (KHTML, like Gecko; compatible; ClaudeBot/1.0; +claudebot@anthropic.com)"
216.73.216.102 - - [14/Apr/2026:23:20:35 +0300] "GET /?t=6131065548301 HTTP/1.0" 200 15136 "-" "Mozilla/5.0 AppleWebKit/537.36 (KHTML, like Gecko; compatible; ClaudeBot/1.0; +claudebot@anthropic.com)"
216.73.216.102 - - [14/Apr/2026:23:20:43 +0300] "GET /?t=14090154769001 HTTP/1.0" 200 15038 "-" "Mozilla/5.0 AppleWebKit/537.36 (KHTML, like Gecko; compatible; ClaudeBot/1.0; +claudebot@anthropic.com)"
216.73.216.102 - - [14/Apr/2026:23:20:55 +0300] "GET /?t=2479435147100 HTTP/1.0" 200 15037 "-" "Mozilla/5.0 AppleWebKit/537.36 (KHTML, like Gecko; compatible; ClaudeBot/1.0; +claudebot@anthropic.com)"
216.73.216.102 - - [14/Apr/2026:23:21:09 +0300] "GET /?t=17917166403500 HTTP/1.0" 200 15137 "-" "Mozilla/5.0 AppleWebKit/537.36 (KHTML, like Gecko; compatible; ClaudeBot/1.0; +claudebot@anthropic.com)"
157.55.39.225 - - [14/Apr/2026:23:21:17 +0300] "GET /robots.txt HTTP/1.0" 200 395 "-" "Mozilla/5.0 AppleWebKit/537.36 (KHTML, like Gecko; compatible; bingbot/2.0; +http://www.bing.com/bingbot.htm) Chrome/116.0.1938.76 Safari/537.36"
216.73.216.102 - - [14/Apr/2026:23:21:20 +0300] "GET /?t=2286830277501 HTTP/1.0" 200 15133 "-" "Mozilla/5.0 AppleWebKit/537.36 (KHTML, like Gecko; compatible; ClaudeBot/1.0; +claudebot@anthropic.com)"
40.77.167.155 - - [14/Apr/2026:23:21:23 +0300] "GET /sitemap.xml HTTP/1.0" 200 14281 "-" "Mozilla/5.0 AppleWebKit/537.36 (KHTML, like Gecko; compatible; bingbot/2.0; +http://www.bing.com/bingbot.htm) Chrome/116.0.1938.76 Safari/537.36"
216.73.216.102 - - [14/Apr/2026:23:21:50 +0300] "GET /?t=80293154405601 HTTP/1.0" 200 15136 "-" "Mozilla/5.0 AppleWebKit/537.36 (KHTML, like Gecko; compatible; ClaudeBot/1.0; +claudebot@anthropic.com)"
216.73.216.102 - - [14/Apr/2026:23:21:56 +0300] "GET /?t=8844794180100 HTTP/1.0" 200 15134 "-" "Mozilla/5.0 AppleWebKit/537.36 (KHTML, like Gecko; compatible; ClaudeBot/1.0; +claudebot@anthropic.com)"
216.73.216.102 - - [14/Apr/2026:23:22:07 +0300] "GET /?t=79396166689501 HTTP/1.0" 200 15038 "-" "Mozilla/5.0 AppleWebKit/537.36 (KHTML, like Gecko; compatible; ClaudeBot/1.0; +claudebot@anthropic.com)"
216.73.216.102 - - [14/Apr/2026:23:22:19 +0300] "GET /?t=27967151536601 HTTP/1.0" 200 15038 "-" "Mozilla/5.0 AppleWebKit/537.36 (KHTML, like Gecko; compatible; ClaudeBot/1.0; +claudebot@anthropic.com)"
66.249.76.39 - - [14/Apr/2026:23:22:25 +0300] "GET /furniture HTTP/1.0" 200 76311 "-" "Mozilla/5.0 (Linux; Android 6.0.1; Nexus 5X Build/MMB29P) AppleWebKit/537.36 (KHTML, like Gecko) Chrome/146.0.7680.177 Mobile Safari/537.36 (compatible; GoogleOther)"
216.73.216.102 - - [14/Apr/2026:23:22:32 +0300] "GET /view/item/012977730351 HTTP/1.0" 404 1874 "-" "Mozilla/5.0 AppleWebKit/537.36 (KHTML, like Gecko; compatible; ClaudeBot/1.0; +claudebot@anthropic.com)"
66.249.64.132 - - [14/Apr/2026:23:22:35 +0300] "GET /cms/common/json/fontlist.json HTTP/1.0" 200 73961 "https://www.yalev-studio.ru/furniture" "Mozilla/5.0 (Linux; Android 6.0.1; Nexus 5X Build/MMB29P) AppleWebKit/537.36 (KHTML, like Gecko) Chrome/146.0.7680.177 Mobile Safari/537.36 (compatible; GoogleOther)"
66.249.76.40 - - [14/Apr/2026:23:22:39 +0300] "GET /category/0/1/017/017004/?SPC=0&SGC=0&STA=0&FPC=0&FGC=0&FTA=0&SFL_DF=0&CPPR=1 HTTP/1.0" 404 1874 "-" "Mozilla/5.0 (Linux; Android 6.0.1; Nexus 5X Build/MMB29P) AppleWebKit/537.36 (KHTML, like Gecko) Chrome/146.0.7680.177 Mobile Safari/537.36 (compatible; GoogleOther)"
216.73.216.102 - - [14/Apr/2026:23:22:41 +0300] "GET /?t=89430140134201 HTTP/1.0" 200 15041 "-" "Mozilla/5.0 AppleWebKit/537.36 (KHTML, like Gecko; compatible; ClaudeBot/1.0; +claudebot@anthropic.com)"
66.249.64.132 - - [14/Apr/2026:23:22:48 +0300] "GET /html/KWf_CSfFileNotFound.html?mode=spdown&_=1775520000000 HTTP/1.0" 200 74396 "https://www.yalev-studio.ru/furniture" "Mozilla/5.0 (Linux; Android 6.0.1; Nexus 5X Build/MMB29P) AppleWebKit/537.36 (KHTML, like Gecko) Chrome/146.0.7680.177 Mobile Safari/537.36 (compatible; GoogleOther)"
216.73.216.102 - - [14/Apr/2026:23:22:53 +0300] "GET /?t=48712259072000 HTTP/1.0" 200 15042 "-" "Mozilla/5.0 AppleWebKit/537.36 (KHTML, like Gecko; compatible; ClaudeBot/1.0; +claudebot@anthropic.com)"
216.73.216.102 - - [14/Apr/2026:23:23:09 +0300] "GET /?t=09136209586701 HTTP/1.0" 200 15038 "-" "Mozilla/5.0 AppleWebKit/537.36 (KHTML, like Gecko; compatible; ClaudeBot/1.0; +claudebot@anthropic.com)"
216.73.216.102 - - [14/Apr/2026:23:23:16 +0300] "GET /?t=58749222016801 HTTP/1.0" 200 15037 "-" "Mozilla/5.0 AppleWebKit/537.36 (KHTML, like Gecko; compatible; ClaudeBot/1.0; +claudebot@anthropic.com)"
216.73.216.102 - - [14/Apr/2026:23:23:28 +0300] "GET /?t=78886192524400 HTTP/1.0" 200 15039 "-" "Mozilla/5.0 AppleWebKit/537.36 (KHTML, like Gecko; compatible; ClaudeBot/1.0; +claudebot@anthropic.com)"
216.73.216.102 - - [14/Apr/2026:23:23:42 +0300] "GET /?t=08249272746901 HTTP/1.0" 200 15137 "-" "Mozilla/5.0 AppleWebKit/537.36 (KHTML, like Gecko; compatible; ClaudeBot/1.0; +claudebot@anthropic.com)"
216.73.216.102 - - [14/Apr/2026:23:23:54 +0300] "GET /?t=6981335448601 HTTP/1.0" 200 15136 "-" "Mozilla/5.0 AppleWebKit/537.36 (KHTML, like Gecko; compatible; ClaudeBot/1.0; +claudebot@anthropic.com)"
216.73.216.102 - - [14/Apr/2026:23:24:13 +0300] "GET /?t=7640126653000 HTTP/1.0" 200 15134 "-" "Mozilla/5.0 AppleWebKit/537.36 (KHTML, like Gecko; compatible; ClaudeBot/1.0; +claudebot@anthropic.com)"
216.73.216.102 - - [14/Apr/2026:23:24:36 +0300] "GET /?t=6428694555201 HTTP/1.0" 200 15135 "-" "Mozilla/5.0 AppleWebKit/537.36 (KHTML, like Gecko; compatible; ClaudeBot/1.0; +claudebot@anthropic.com)"
216.73.216.102 - - [14/Apr/2026:23:24:40 +0300] "GET /?t=467707057201 HTTP/1.0" 200 15133 "-" "Mozilla/5.0 AppleWebKit/537.36 (KHTML, like Gecko; compatible; ClaudeBot/1.0; +claudebot@anthropic.com)"
216.73.216.102 - - [14/Apr/2026:23:25:11 +0300] "GET /?t=01092209655600 HTTP/1.0" 200 15136 "-" "Mozilla/5.0 AppleWebKit/537.36 (KHTML, like Gecko; compatible; ClaudeBot/1.0; +claudebot@anthropic.com)"
216.73.216.102 - - [14/Apr/2026:23:25:32 +0300] "GET /?t=809847398301 HTTP/1.0" 200 15136 "-" "Mozilla/5.0 AppleWebKit/537.36 (KHTML, like Gecko; compatible; ClaudeBot/1.0; +claudebot@anthropic.com)"
216.73.216.102 - - [14/Apr/2026:23:25:54 +0300] "GET /?t=04943239690100 HTTP/1.0" 200 15039 "-" "Mozilla/5.0 AppleWebKit/537.36 (KHTML, like Gecko; compatible; ClaudeBot/1.0; +claudebot@anthropic.com)"
216.73.216.102 - - [14/Apr/2026:23:26:02 +0300] "GET /?t=01890151998000 HTTP/1.0" 200 15135 "-" "Mozilla/5.0 AppleWebKit/537.36 (KHTML, like Gecko; compatible; ClaudeBot/1.0; +claudebot@anthropic.com)"
216.73.216.102 - - [14/Apr/2026:23:26:29 +0300] "GET /?t=8046288272201 HTTP/1.0" 200 15039 "-" "Mozilla/5.0 AppleWebKit/537.36 (KHTML, like Gecko; compatible; ClaudeBot/1.0; +claudebot@anthropic.com)"
216.73.216.102 - - [14/Apr/2026:23:26:40 +0300] "GET /?t=15397243287301 HTTP/1.0" 200 15138 "-" "Mozilla/5.0 AppleWebKit/537.36 (KHTML, like Gecko; compatible; ClaudeBot/1.0; +claudebot@anthropic.com)"
216.73.216.102 - - [14/Apr/2026:23:27:03 +0300] "GET /?t=49902154420100 HTTP/1.0" 200 15136 "-" "Mozilla/5.0 AppleWebKit/537.36 (KHTML, like Gecko; compatible; ClaudeBot/1.0; +claudebot@anthropic.com)"
216.73.216.102 - - [14/Apr/2026:23:27:10 +0300] "GET /?t=91590217023901 HTTP/1.0" 200 15135 "-" "Mozilla/5.0 AppleWebKit/537.36 (KHTML, like Gecko; compatible; ClaudeBot/1.0; +claudebot@anthropic.com)"
216.73.216.102 - - [14/Apr/2026:23:27:22 +0300] "GET /?t=4292235344901 HTTP/1.0" 200 15138 "-" "Mozilla/5.0 AppleWebKit/537.36 (KHTML, like Gecko; compatible; ClaudeBot/1.0; +claudebot@anthropic.com)"
66.249.78.37 - - [14/Apr/2026:23:27:39 +0300] "GET /robots.txt HTTP/1.1" 301 196 "-" "Mozilla/5.0 (compatible; Googlebot/2.1; +http://www.google.com/bot.html)"
66.249.64.42 - - [14/Apr/2026:23:27:40 +0300] "GET /robots.txt HTTP/1.0" 200 395 "-" "Mozilla/5.0 (compatible; Googlebot/2.1; +http://www.google.com/bot.html)"
216.73.216.102 - - [14/Apr/2026:23:27:40 +0300] "GET /?t=2071694862901 HTTP/1.0" 200 15136 "-" "Mozilla/5.0 AppleWebKit/537.36 (KHTML, like Gecko; compatible; ClaudeBot/1.0; +claudebot@anthropic.com)"
216.73.216.102 - - [14/Apr/2026:23:27:50 +0300] "GET /?t=22889226974600 HTTP/1.0" 200 15137 "-" "Mozilla/5.0 AppleWebKit/537.36 (KHTML, like Gecko; compatible; ClaudeBot/1.0; +claudebot@anthropic.com)"
216.73.216.102 - - [14/Apr/2026:23:28:15 +0300] "GET /?t=0521032280700 HTTP/1.0" 200 15039 "-" "Mozilla/5.0 AppleWebKit/537.36 (KHTML, like Gecko; compatible; ClaudeBot/1.0; +claudebot@anthropic.com)"
216.73.216.102 - - [14/Apr/2026:23:28:22 +0300] "GET /?t=78100201655001 HTTP/1.0" 200 15133 "-" "Mozilla/5.0 AppleWebKit/537.36 (KHTML, like Gecko; compatible; ClaudeBot/1.0; +claudebot@anthropic.com)"
216.73.216.102 - - [14/Apr/2026:23:28:52 +0300] "GET /?t=57779271709400 HTTP/1.0" 200 15040 "-" "Mozilla/5.0 AppleWebKit/537.36 (KHTML, like Gecko; compatible; ClaudeBot/1.0; +claudebot@anthropic.com)"
216.73.216.102 - - [14/Apr/2026:23:29:16 +0300] "GET /?t=48314279710901 HTTP/1.0" 200 15041 "-" "Mozilla/5.0 AppleWebKit/537.36 (KHTML, like Gecko; compatible; ClaudeBot/1.0; +claudebot@anthropic.com)"
216.73.216.102 - - [14/Apr/2026:23:29:26 +0300] "GET /?t=87670140397100 HTTP/1.0" 200 15135 "-" "Mozilla/5.0 AppleWebKit/537.36 (KHTML, like Gecko; compatible; ClaudeBot/1.0; +claudebot@anthropic.com)"
216.73.216.102 - - [14/Apr/2026:23:29:45 +0300] "GET /?t=67928135501100 HTTP/1.0" 200 15134 "-" "Mozilla/5.0 AppleWebKit/537.36 (KHTML, like Gecko; compatible; ClaudeBot/1.0; +claudebot@anthropic.com)"
216.73.216.102 - - [14/Apr/2026:23:29:50 +0300] "GET /?t=9308832786700 HTTP/1.0" 200 15135 "-" "Mozilla/5.0 AppleWebKit/537.36 (KHTML, like Gecko; compatible; ClaudeBot/1.0; +claudebot@anthropic.com)"
216.73.216.102 - - [14/Apr/2026:23:30:20 +0300] "GET /?t=7429164811501 HTTP/1.0" 200 15038 "-" "Mozilla/5.0 AppleWebKit/537.36 (KHTML, like Gecko; compatible; ClaudeBot/1.0; +claudebot@anthropic.com)"
216.73.216.102 - - [14/Apr/2026:23:30:27 +0300] "GET /?t=95220166899200 HTTP/1.0" 200 15137 "-" "Mozilla/5.0 AppleWebKit/537.36 (KHTML, like Gecko; compatible; ClaudeBot/1.0; +claudebot@anthropic.com)"
216.73.216.102 - - [14/Apr/2026:23:30:49 +0300] "GET /?t=64608157119600 HTTP/1.0" 200 15139 "-" "Mozilla/5.0 AppleWebKit/537.36 (KHTML, like Gecko; compatible; ClaudeBot/1.0; +claudebot@anthropic.com)"
216.73.216.102 - - [14/Apr/2026:23:30:55 +0300] "GET /?t=7958288064801 HTTP/1.0" 200 15134 "-" "Mozilla/5.0 AppleWebKit/537.36 (KHTML, like Gecko; compatible; ClaudeBot/1.0; +claudebot@anthropic.com)"
216.73.216.102 - - [14/Apr/2026:23:31:23 +0300] "GET /?t=273027864001 HTTP/1.0" 200 15038 "-" "Mozilla/5.0 AppleWebKit/537.36 (KHTML, like Gecko; compatible; ClaudeBot/1.0; +claudebot@anthropic.com)"
66.249.76.40 - - [14/Apr/2026:23:31:29 +0300] "GET /company/about HTTP/1.0" 200 73218 "-" "Mozilla/5.0 (Linux; Android 6.0.1; Nexus 5X Build/MMB29P) AppleWebKit/537.36 (KHTML, like Gecko) Chrome/146.0.7680.177 Mobile Safari/537.36 (compatible; GoogleOther)"
216.73.216.102 - - [14/Apr/2026:23:31:32 +0300] "GET /?t=80397183965601 HTTP/1.0" 200 15042 "-" "Mozilla/5.0 AppleWebKit/537.36 (KHTML, like Gecko; compatible; ClaudeBot/1.0; +claudebot@anthropic.com)"
66.249.76.39 - - [14/Apr/2026:23:31:38 +0300] "GET /rakuraku/IsAlive.htm?1775520000000&_=1775520000000 HTTP/1.0" 200 74374 "https://www.yalev-studio.ru/company/about" "Mozilla/5.0 (Linux; Android 6.0.1; Nexus 5X Build/MMB29P) AppleWebKit/537.36 (KHTML, like Gecko) Chrome/146.0.7680.177 Mobile Safari/537.36 (compatible; GoogleOther)"
66.249.76.39 - - [14/Apr/2026:23:31:50 +0300] "GET /kaunet/categoryshop/office/sitemap/KWf_CMmGetMemAttrAjaxAction.jsp?IS_LOGIN=false&_=1775520000000 HTTP/1.0" 200 74431 "https://www.yalev-studio.ru/company/about" "Mozilla/5.0 (Linux; Android 6.0.1; Nexus 5X Build/MMB29P) AppleWebKit/537.36 (KHTML, like Gecko) Chrome/146.0.7680.177 Mobile Safari/537.36 (compatible; GoogleOther)"
46.17.46.249 - - [14/Apr/2026:23:31:56 +0300] "GET / HTTP/1.0" 200 101540 "-" "Mozilla/5.0 SiteContactsParser/curl"
216.73.216.102 - - [14/Apr/2026:23:31:59 +0300] "GET /?t=02479243910001 HTTP/1.0" 200 15040 "-" "Mozilla/5.0 AppleWebKit/537.36 (KHTML, like Gecko; compatible; ClaudeBot/1.0; +claudebot@anthropic.com)"
66.249.76.39 - - [14/Apr/2026:23:32:09 +0300] "GET /category/0/1/019/019003/?SPC=0&SGC=0&STA=0&FPC=0&FGC=0&FTA=0&SFL_DF=0&CPPR=1 HTTP/1.0" 404 1874 "-" "Mozilla/5.0 (Linux; Android 6.0.1; Nexus 5X Build/MMB29P) AppleWebKit/537.36 (KHTML, like Gecko) Chrome/146.0.7680.177 Mobile Safari/537.36 (compatible; GoogleOther)"
216.73.216.102 - - [14/Apr/2026:23:32:09 +0300] "GET /?t=07888262007200 HTTP/1.0" 200 15135 "-" "Mozilla/5.0 AppleWebKit/537.36 (KHTML, like Gecko; compatible; ClaudeBot/1.0; +claudebot@anthropic.com)"
216.73.216.102 - - [14/Apr/2026:23:32:21 +0300] "GET /?t=9786764784401 HTTP/1.0" 200 15039 "-" "Mozilla/5.0 AppleWebKit/537.36 (KHTML, like Gecko; compatible; ClaudeBot/1.0; +claudebot@anthropic.com)"
216.73.216.102 - - [14/Apr/2026:23:32:45 +0300] "GET /?t=20736239129200 HTTP/1.0" 200 15037 "-" "Mozilla/5.0 AppleWebKit/537.36 (KHTML, like Gecko; compatible; ClaudeBot/1.0; +claudebot@anthropic.com)"
216.73.216.102 - - [14/Apr/2026:23:33:03 +0300] "GET /?t=7728488133200 HTTP/1.0" 200 15135 "-" "Mozilla/5.0 AppleWebKit/537.36 (KHTML, like Gecko; compatible; ClaudeBot/1.0; +claudebot@anthropic.com)"
66.249.76.39 - - [14/Apr/2026:23:33:12 +0300] "GET /category/0/1/002/002008/?SPC=0&SGC=0&STA=0&FPC=0&FGC=0&FTA=0&SFL_DF=0&CPPR=1 HTTP/1.0" 404 1874 "-" "Mozilla/5.0 (Linux; Android 6.0.1; Nexus 5X Build/MMB29P) AppleWebKit/537.36 (KHTML, like Gecko) Chrome/146.0.7680.177 Mobile Safari/537.36 (compatible; GoogleOther)"
216.73.216.102 - - [14/Apr/2026:23:33:27 +0300] "GET /?t=22018107267401 HTTP/1.0" 200 15138 "-" "Mozilla/5.0 AppleWebKit/537.36 (KHTML, like Gecko; compatible; ClaudeBot/1.0; +claudebot@anthropic.com)"
216.73.216.102 - - [14/Apr/2026:23:33:46 +0300] "GET /?t=97474272972001 HTTP/1.0" 200 15139 "-" "Mozilla/5.0 AppleWebKit/537.36 (KHTML, like Gecko; compatible; ClaudeBot/1.0; +claudebot@anthropic.com)"
216.73.216.102 - - [14/Apr/2026:23:34:14 +0300] "GET /?t=17541111181501 HTTP/1.0" 200 15039 "-" "Mozilla/5.0 AppleWebKit/537.36 (KHTML, like Gecko; compatible; ClaudeBot/1.0; +claudebot@anthropic.com)"
216.73.216.102 - - [14/Apr/2026:23:34:21 +0300] "GET /?t=7044791353201 HTTP/1.0" 200 15136 "-" "Mozilla/5.0 AppleWebKit/537.36 (KHTML, like Gecko; compatible; ClaudeBot/1.0; +claudebot@anthropic.com)"
66.249.76.40 - - [14/Apr/2026:23:34:35 +0300] "GET /category/0/1/004/004016/?SPC=0&SGC=0&STA=0&FPC=0&FGC=0&FTA=0&SFL_DF=0&CPPR=1 HTTP/1.0" 404 1874 "-" "Mozilla/5.0 (Linux; Android 6.0.1; Nexus 5X Build/MMB29P) AppleWebKit/537.36 (KHTML, like Gecko) Chrome/146.0.7680.177 Mobile Safari/537.36 (compatible; GoogleOther)"
216.73.216.102 - - [14/Apr/2026:23:34:47 +0300] "GET /?t=58797201738100 HTTP/1.0" 200 15036 "-" "Mozilla/5.0 AppleWebKit/537.36 (KHTML, like Gecko; compatible; ClaudeBot/1.0; +claudebot@anthropic.com)"
216.73.216.102 - - [14/Apr/2026:23:35:01 +0300] "GET /?t=4247076048901 HTTP/1.0" 200 15040 "-" "Mozilla/5.0 AppleWebKit/537.36 (KHTML, like Gecko; compatible; ClaudeBot/1.0; +claudebot@anthropic.com)"
216.73.216.102 - - [14/Apr/2026:23:35:21 +0300] "GET /?t=08705111435101 HTTP/1.0" 200 15039 "-" "Mozilla/5.0 AppleWebKit/537.36 (KHTML, like Gecko; compatible; ClaudeBot/1.0; +claudebot@anthropic.com)"
216.73.216.102 - - [14/Apr/2026:23:35:43 +0300] "GET /?t=4159535058801 HTTP/1.0" 200 15038 "-" "Mozilla/5.0 AppleWebKit/537.36 (KHTML, like Gecko; compatible; ClaudeBot/1.0; +claudebot@anthropic.com)"
216.73.216.102 - - [14/Apr/2026:23:35:48 +0300] "GET /view/item/012545820549 HTTP/1.0" 404 1874 "-" "Mozilla/5.0 AppleWebKit/537.36 (KHTML, like Gecko; compatible; ClaudeBot/1.0; +claudebot@anthropic.com)"
66.249.64.129 - - [14/Apr/2026:23:35:58 +0300] "GET /category/0/1/012/012005/?SPC=0&SGC=0&STA=0&FPC=0&FGC=0&FTA=0&SFL_DF=0&CPPR=1 HTTP/1.0" 404 1874 "-" "Mozilla/5.0 (Linux; Android 6.0.1; Nexus 5X Build/MMB29P) AppleWebKit/537.36 (KHTML, like Gecko) Chrome/146.0.7680.177 Mobile Safari/537.36 (compatible; GoogleOther)"
66.249.76.39 - - [14/Apr/2026:23:36:01 +0300] "GET /furniture HTTP/1.0" 200 76311 "-" "Mozilla/5.0 (Linux; Android 6.0.1; Nexus 5X Build/MMB29P) AppleWebKit/537.36 (KHTML, like Gecko) Chrome/146.0.7680.177 Mobile Safari/537.36 (compatible; Googlebot/2.1; +http://www.google.com/bot.html)"
66.249.76.40 - - [14/Apr/2026:23:36:09 +0300] "GET /kaunet/js/search.js HTTP/1.0" 404 1874 "https://www.yalev-studio.ru/furniture" "Mozilla/5.0 (Linux; Android 6.0.1; Nexus 5X Build/MMB29P) AppleWebKit/537.36 (KHTML, like Gecko) Chrome/146.0.7680.177 Mobile Safari/537.36 (compatible; Googlebot/2.1; +http://www.google.com/bot.html)"
66.249.76.40 - - [14/Apr/2026:23:36:08 +0300] "GET /category/0/1/004/004009/?SPC=0&SGC=0&STA=0&FPC=0&FGC=0&FTA=0&SFL_DF=0&CPPR=1 HTTP/1.0" 404 1874 "-" "Mozilla/5.0 (Linux; Android 6.0.1; Nexus 5X Build/MMB29P) AppleWebKit/537.36 (KHTML, like Gecko) Chrome/146.0.7680.177 Mobile Safari/537.36 (compatible; GoogleOther)"
216.73.216.102 - - [14/Apr/2026:23:36:13 +0300] "GET /view/item/011404800957 HTTP/1.0" 404 1777 "-" "Mozilla/5.0 AppleWebKit/537.36 (KHTML, like Gecko; compatible; ClaudeBot/1.0; +claudebot@anthropic.com)"
66.249.76.39 - - [14/Apr/2026:23:36:18 +0300] "GET /cms/common/json/fontlist.json HTTP/1.0" 200 73961 "https://www.yalev-studio.ru/furniture" "Mozilla/5.0 (Linux; Android 6.0.1; Nexus 5X Build/MMB29P) AppleWebKit/537.36 (KHTML, like Gecko) Chrome/146.0.7680.177 Mobile Safari/537.36 (compatible; Googlebot/2.1; +http://www.google.com/bot.html)"
216.73.216.102 - - [14/Apr/2026:23:36:20 +0300] "GET /?t=1809446994101 HTTP/1.0" 200 15137 "-" "Mozilla/5.0 AppleWebKit/537.36 (KHTML, like Gecko; compatible; ClaudeBot/1.0; +claudebot@anthropic.com)"
66.249.76.39 - - [14/Apr/2026:23:36:27 +0300] "GET /html/KWf_CSfFileNotFound.html?mode=spdown&_=1775520000000 HTTP/1.0" 200 74396 "https://www.yalev-studio.ru/furniture" "Mozilla/5.0 (Linux; Android 6.0.1; Nexus 5X Build/MMB29P) AppleWebKit/537.36 (KHTML, like Gecko) Chrome/146.0.7680.177 Mobile Safari/537.36 (compatible; Googlebot/2.1; +http://www.google.com/bot.html)"
216.73.216.102 - - [14/Apr/2026:23:36:45 +0300] "GET /?t=9715765954101 HTTP/1.0" 200 15040 "-" "Mozilla/5.0 AppleWebKit/537.36 (KHTML, like Gecko; compatible; ClaudeBot/1.0; +claudebot@anthropic.com)"
216.73.216.102 - - [14/Apr/2026:23:36:56 +0300] "GET /?t=07539201200000 HTTP/1.0" 200 15137 "-" "Mozilla/5.0 AppleWebKit/537.36 (KHTML, like Gecko; compatible; ClaudeBot/1.0; +claudebot@anthropic.com)"
66.249.76.40 - - [14/Apr/2026:23:36:57 +0300] "GET /category/0/1/027/027007/?SPC=0&SGC=0&STA=0&FPC=0&FGC=0&FTA=0&SFL_DF=0&CPPR=1 HTTP/1.0" 404 1874 "-" "Mozilla/5.0 (Linux; Android 6.0.1; Nexus 5X Build/MMB29P) AppleWebKit/537.36 (KHTML, like Gecko) Chrome/146.0.7680.177 Mobile Safari/537.36 (compatible; GoogleOther)"
66.249.76.39 - - [14/Apr/2026:23:37:08 +0300] "GET /category/0/1/022/022007/?SPC=0&SGC=0&STA=0&FPC=0&FGC=0&FTA=0&SFL_DF=0&CPPR=1 HTTP/1.0" 404 1874 "-" "Mozilla/5.0 (Linux; Android 6.0.1; Nexus 5X Build/MMB29P) AppleWebKit/537.36 (KHTML, like Gecko) Chrome/146.0.7680.177 Mobile Safari/537.36 (compatible; GoogleOther)"
216.73.216.102 - - [14/Apr/2026:23:37:16 +0300] "GET /?t=0804835401601 HTTP/1.0" 200 15039 "-" "Mozilla/5.0 AppleWebKit/537.36 (KHTML, like Gecko; compatible; ClaudeBot/1.0; +claudebot@anthropic.com)"
216.73.216.102 - - [14/Apr/2026:23:37:28 +0300] "GET /?t=79201222669801 HTTP/1.0" 200 15139 "-" "Mozilla/5.0 AppleWebKit/537.36 (KHTML, like Gecko; compatible; ClaudeBot/1.0; +claudebot@anthropic.com)"
216.73.216.102 - - [14/Apr/2026:23:37:47 +0300] "GET /?t=00812217153201 HTTP/1.0" 200 15137 "-" "Mozilla/5.0 AppleWebKit/537.36 (KHTML, like Gecko; compatible; ClaudeBot/1.0; +claudebot@anthropic.com)"
216.73.216.102 - - [14/Apr/2026:23:38:02 +0300] "GET /?t=08040217066400 HTTP/1.0" 200 15040 "-" "Mozilla/5.0 AppleWebKit/537.36 (KHTML, like Gecko; compatible; ClaudeBot/1.0; +claudebot@anthropic.com)"
66.249.64.129 - - [14/Apr/2026:23:38:23 +0300] "GET /category/0/1/019/019002/?SPC=0&SGC=0&STA=0&FPC=0&FGC=0&FTA=0&SFL_DF=0&CPPR=1 HTTP/1.0" 404 1874 "-" "Mozilla/5.0 (Linux; Android 6.0.1; Nexus 5X Build/MMB29P) AppleWebKit/537.36 (KHTML, like Gecko) Chrome/146.0.7680.177 Mobile Safari/537.36 (compatible; GoogleOther)"
216.73.216.102 - - [14/Apr/2026:23:38:26 +0300] "GET /?t=39432272483000 HTTP/1.0" 200 15134 "-" "Mozilla/5.0 AppleWebKit/537.36 (KHTML, like Gecko; compatible; ClaudeBot/1.0; +claudebot@anthropic.com)"
