178.176.166.31 - - [23/May/2020:13:52:38 +0300] "GET /templates/shaper_helix3/js/bootstrap.min.js HTTP/1.1" 200 37045 "http://rafalex.ru/" "Mozilla/5.0 (Windows NT 6.1; Win64; x64) AppleWebKit/537.36 (KHTML, like Gecko) Chrome/83.0.4103.61 Safari/537.36"
178.176.166.31 - - [23/May/2020:13:52:38 +0300] "GET /templates/shaper_helix3/js/jquery.sticky.js HTTP/1.1" 200 5739 "http://rafalex.ru/" "Mozilla/5.0 (Windows NT 6.1; Win64; x64) AppleWebKit/537.36 (KHTML, like Gecko) Chrome/83.0.4103.61 Safari/537.36"
178.176.166.31 - - [23/May/2020:13:52:38 +0300] "GET /templates/shaper_helix3/js/main.js HTTP/1.1" 200 8773 "http://rafalex.ru/" "Mozilla/5.0 (Windows NT 6.1; Win64; x64) AppleWebKit/537.36 (KHTML, like Gecko) Chrome/83.0.4103.61 Safari/537.36"
178.176.166.31 - - [23/May/2020:13:52:38 +0300] "GET /templates/shaper_helix3/js/frontend-edit.js HTTP/1.1" 200 1948 "http://rafalex.ru/" "Mozilla/5.0 (Windows NT 6.1; Win64; x64) AppleWebKit/537.36 (KHTML, like Gecko) Chrome/83.0.4103.61 Safari/537.36"
178.176.166.31 - - [23/May/2020:13:52:38 +0300] "GET /images/logo_03.png HTTP/1.1" 200 10758 "http://rafalex.ru/" "Mozilla/5.0 (Windows NT 6.1; Win64; x64) AppleWebKit/537.36 (KHTML, like Gecko) Chrome/83.0.4103.61 Safari/537.36"
178.176.166.31 - - [23/May/2020:13:52:38 +0300] "GET /images/2018/06/01/menu.png HTTP/1.1" 200 1951 "http://rafalex.ru/" "Mozilla/5.0 (Windows NT 6.1; Win64; x64) AppleWebKit/537.36 (KHTML, like Gecko) Chrome/83.0.4103.61 Safari/537.36"
178.176.166.31 - - [23/May/2020:13:52:38 +0300] "GET /images/2018/06/01/fast-delivery-2.png HTTP/1.1" 200 1362 "http://rafalex.ru/" "Mozilla/5.0 (Windows NT 6.1; Win64; x64) AppleWebKit/537.36 (KHTML, like Gecko) Chrome/83.0.4103.61 Safari/537.36"
178.176.166.31 - - [23/May/2020:13:52:38 +0300] "GET /images/2018/06/04/sl3.jpg HTTP/1.1" 200 151618 "http://rafalex.ru/" "Mozilla/5.0 (Windows NT 6.1; Win64; x64) AppleWebKit/537.36 (KHTML, like Gecko) Chrome/83.0.4103.61 Safari/537.36"
178.176.166.31 - - [23/May/2020:13:52:38 +0300] "GET /images/2018/06/04/sl4.jpg HTTP/1.1" 200 228301 "http://rafalex.ru/" "Mozilla/5.0 (Windows NT 6.1; Win64; x64) AppleWebKit/537.36 (KHTML, like Gecko) Chrome/83.0.4103.61 Safari/537.36"
178.176.166.31 - - [23/May/2020:13:52:38 +0300] "GET /images/2018/06/04/sl2.jpg HTTP/1.1" 200 216332 "http://rafalex.ru/" "Mozilla/5.0 (Windows NT 6.1; Win64; x64) AppleWebKit/537.36 (KHTML, like Gecko) Chrome/83.0.4103.61 Safari/537.36"
178.176.166.31 - - [23/May/2020:13:52:38 +0300] "GET /images/design3_10.jpg HTTP/1.1" 200 361 "http://rafalex.ru/" "Mozilla/5.0 (Windows NT 6.1; Win64; x64) AppleWebKit/537.36 (KHTML, like Gecko) Chrome/83.0.4103.61 Safari/537.36"
178.176.166.31 - - [23/May/2020:13:52:39 +0300] "GET /images/design3_07.jpg HTTP/1.1" 200 437 "http://rafalex.ru/templates/shaper_helix3/css/template.css" "Mozilla/5.0 (Windows NT 6.1; Win64; x64) AppleWebKit/537.36 (KHTML, like Gecko) Chrome/83.0.4103.61 Safari/537.36"
178.176.166.31 - - [23/May/2020:13:52:39 +0300] "GET /templates/shaper_helix3/fonts/fontawesome-webfont.woff2?v=4.7.0 HTTP/1.0" 200 77387 "http://rafalex.ru/templates/shaper_helix3/css/font-awesome.min.css" "Mozilla/5.0 (Windows NT 6.1; Win64; x64) AppleWebKit/537.36 (KHTML, like Gecko) Chrome/83.0.4103.61 Safari/537.36"
178.176.166.31 - - [23/May/2020:13:52:39 +0300] "GET /images/2018/06/01/shield.png HTTP/1.1" 200 2105 "http://rafalex.ru/" "Mozilla/5.0 (Windows NT 6.1; Win64; x64) AppleWebKit/537.36 (KHTML, like Gecko) Chrome/83.0.4103.61 Safari/537.36"
178.176.166.31 - - [23/May/2020:13:52:39 +0300] "GET /images/topfon.jpg HTTP/1.1" 200 269134 "http://rafalex.ru/" "Mozilla/5.0 (Windows NT 6.1; Win64; x64) AppleWebKit/537.36 (KHTML, like Gecko) Chrome/83.0.4103.61 Safari/537.36"
178.176.166.31 - - [23/May/2020:13:52:39 +0300] "GET /images/design3_15.png HTTP/1.1" 200 292 "http://rafalex.ru/templates/shaper_helix3/css/template.css" "Mozilla/5.0 (Windows NT 6.1; Win64; x64) AppleWebKit/537.36 (KHTML, like Gecko) Chrome/83.0.4103.61 Safari/537.36"
178.176.166.31 - - [23/May/2020:13:52:39 +0300] "GET /images/2018/06/01/map.png HTTP/1.1" 200 1772 "http://rafalex.ru/" "Mozilla/5.0 (Windows NT 6.1; Win64; x64) AppleWebKit/537.36 (KHTML, like Gecko) Chrome/83.0.4103.61 Safari/537.36"
178.176.166.31 - - [23/May/2020:13:52:39 +0300] "GET /images/2018/06/13/tr30-c.png HTTP/1.1" 200 2458 "http://rafalex.ru/" "Mozilla/5.0 (Windows NT 6.1; Win64; x64) AppleWebKit/537.36 (KHTML, like Gecko) Chrome/83.0.4103.61 Safari/537.36"
178.176.166.31 - - [23/May/2020:13:52:39 +0300] "GET /images/2018/06/01/guarantee.png HTTP/1.1" 200 1112 "http://rafalex.ru/" "Mozilla/5.0 (Windows NT 6.1; Win64; x64) AppleWebKit/537.36 (KHTML, like Gecko) Chrome/83.0.4103.61 Safari/537.36"
178.176.166.31 - - [23/May/2020:13:52:39 +0300] "GET /images/2018/06/13/tr50-c.png HTTP/1.1" 200 2465 "http://rafalex.ru/" "Mozilla/5.0 (Windows NT 6.1; Win64; x64) AppleWebKit/537.36 (KHTML, like Gecko) Chrome/83.0.4103.61 Safari/537.36"
178.176.166.31 - - [23/May/2020:13:52:39 +0300] "GET /images/2018/06/13/tr70.png HTTP/1.1" 200 2554 "http://rafalex.ru/" "Mozilla/5.0 (Windows NT 6.1; Win64; x64) AppleWebKit/537.36 (KHTML, like Gecko) Chrome/83.0.4103.61 Safari/537.36"
178.176.166.31 - - [23/May/2020:13:52:39 +0300] "GET /images/2018/06/13/tr100.png HTTP/1.1" 200 2599 "http://rafalex.ru/" "Mozilla/5.0 (Windows NT 6.1; Win64; x64) AppleWebKit/537.36 (KHTML, like Gecko) Chrome/83.0.4103.61 Safari/537.36"
178.176.166.31 - - [23/May/2020:13:52:39 +0300] "GET /images/design3_19.png HTTP/1.1" 200 2429 "http://rafalex.ru/" "Mozilla/5.0 (Windows NT 6.1; Win64; x64) AppleWebKit/537.36 (KHTML, like Gecko) Chrome/83.0.4103.61 Safari/537.36"
178.176.166.31 - - [23/May/2020:13:52:40 +0300] "GET /images/2018/06/13/sl5.jpg HTTP/1.1" 200 237797 "http://rafalex.ru/" "Mozilla/5.0 (Windows NT 6.1; Win64; x64) AppleWebKit/537.36 (KHTML, like Gecko) Chrome/83.0.4103.61 Safari/537.36"
178.176.166.31 - - [23/May/2020:13:52:41 +0300] "GET /images/1527807057.ico HTTP/1.0" 200 740 "http://rafalex.ru/" "Mozilla/5.0 (Windows NT 6.1; Win64; x64) AppleWebKit/537.36 (KHTML, like Gecko) Chrome/83.0.4103.61 Safari/537.36"
178.176.166.31 - - [23/May/2020:13:52:49 +0300] "GET /kontakty HTTP/1.0" 200 10518 "http://rafalex.ru/" "Mozilla/5.0 (Windows NT 6.1; Win64; x64) AppleWebKit/537.36 (KHTML, like Gecko) Chrome/83.0.4103.61 Safari/537.36"
178.176.166.31 - - [23/May/2020:13:53:14 +0300] "GET /nashi-uslugi/perevozka-negabaritnykh-gruzov HTTP/1.0" 200 12901 "http://rafalex.ru/kontakty" "Mozilla/5.0 (Windows NT 6.1; Win64; x64) AppleWebKit/537.36 (KHTML, like Gecko) Chrome/83.0.4103.61 Safari/537.36"
51.159.18.78 - - [23/May/2020:13:57:38 +0300] "GET /administrator/index.php HTTP/1.0" 200 3073 "-" "Mozilla/5.0 (Windows NT 6.3; WOW64; Trident/7.0; rv:11.0) like Gecko"
51.159.18.78 - - [23/May/2020:13:57:38 +0300] "GET /administrator/index.php HTTP/1.0" 200 3073 "-" "Mozilla/5.0 (Windows NT 6.3; WOW64; Trident/7.0; rv:11.0) like Gecko"
51.159.18.78 - - [23/May/2020:13:57:39 +0300] "POST /administrator/index.php HTTP/1.0" 200 3140 "-" "Mozilla/5.0 (Windows NT 6.3; WOW64; Trident/7.0; rv:11.0) like Gecko"
51.159.18.78 - - [23/May/2020:13:57:40 +0300] "POST /administrator/index.php HTTP/1.0" 200 3140 "-" "Mozilla/5.0 (Windows NT 6.3; WOW64; Trident/7.0; rv:11.0) like Gecko"
193.70.13.31 - - [23/May/2020:13:59:10 +0300] "GET / HTTP/1.0" 200 93598 "http://rafalex.ru/" "Mozilla/5.0 (Windows NT 6.1; Win64; x64) AppleWebKit/537.36 (KHTML, like Gecko) Chrome/67.0.3396.99 Safari/537.36"
193.70.13.31 - - [23/May/2020:13:59:13 +0300] "POST / HTTP/1.0" 303 664 "http://rafalex.ru/" "Mozilla/5.0 (Windows NT 6.1; Win64; x64) AppleWebKit/537.36 (KHTML, like Gecko) Chrome/67.0.3396.99 Safari/537.36"
193.70.13.31 - - [23/May/2020:13:59:14 +0300] "GET / HTTP/1.0" 200 93501 "http://rafalex.ru/" "Mozilla/5.0 (Windows NT 6.1; Win64; x64) AppleWebKit/537.36 (KHTML, like Gecko) Chrome/67.0.3396.99 Safari/537.36"
95.189.192.241 - - [23/May/2020:14:08:56 +0300] "GET / HTTP/1.0" 200 93612 "http://rafalex.ru/" "Mozilla/5.0 (Windows NT 5.1) AppleWebKit/537.36 (KHTML, like Gecko) Chrome/49.0.2623.112 Safari/537.36"
66.249.72.48 - - [23/May/2020:14:09:20 +0300] "GET /nashi-uslugi/gruzoperevozki-po-blizhnemu-zarubezhyu-i-evrope HTTP/1.0" 200 12312 "-" "Mozilla/5.0 (compatible; Googlebot/2.1; +http://www.google.com/bot.html)"
188.163.101.88 - - [23/May/2020:14:10:11 +0300] "GET /administrator/index.php HTTP/1.0" 200 7641 "-" "Mozilla/5.0 (Windows NT 6.3; Win64; x64) AppleWebKit/537.36 (KHTML, like Gecko) Chrome/80.0.3987.132 Safari/537.36"
188.163.101.88 - - [23/May/2020:14:10:11 +0300] "POST /administrator/index.php HTTP/1.0" 200 7935 "-" "Mozilla/5.0 (Windows NT 6.3; Win64; x64) AppleWebKit/537.36 (KHTML, like Gecko) Chrome/80.0.3987.132 Safari/537.36"
188.163.101.88 - - [23/May/2020:14:10:12 +0300] "GET /administrator/index.php HTTP/1.0" 200 7544 "-" "Mozilla/5.0 (Windows NT 6.3; Win64; x64) AppleWebKit/537.36 (KHTML, like Gecko) Chrome/80.0.3987.132 Safari/537.36"
95.189.192.241 - - [23/May/2020:14:12:57 +0300] "POST / HTTP/1.0" 303 664 "http://rafalex.ru/" "Mozilla/5.0 (Windows NT 5.1) AppleWebKit/537.36 (KHTML, like Gecko) Chrome/49.0.2623.112 Safari/537.36"
95.189.192.241 - - [23/May/2020:14:12:58 +0300] "GET / HTTP/1.0" 200 93515 "http://rafalex.ru/" "Mozilla/5.0 (Windows NT 5.1) AppleWebKit/537.36 (KHTML, like Gecko) Chrome/49.0.2623.112 Safari/537.36"
54.36.148.177 - - [23/May/2020:14:32:19 +0300] "GET /nashi-uslugi/refrizheratornye-gruzoperevozki HTTP/1.0" 200 12163 "-" "Mozilla/5.0 (compatible; AhrefsBot/6.1; +http://ahrefs.com/robot/)"
51.159.18.78 - - [23/May/2020:14:46:50 +0300] "GET /administrator/index.php HTTP/1.0" 200 3073 "-" "Mozilla/5.0 (Windows NT 6.3; WOW64; Trident/7.0; rv:11.0) like Gecko"
51.159.18.78 - - [23/May/2020:14:46:50 +0300] "GET /administrator/index.php HTTP/1.0" 200 3072 "-" "Mozilla/5.0 (Windows NT 6.3; WOW64; Trident/7.0; rv:11.0) like Gecko"
51.159.18.78 - - [23/May/2020:14:46:51 +0300] "POST /administrator/index.php HTTP/1.0" 200 3139 "-" "Mozilla/5.0 (Windows NT 6.3; WOW64; Trident/7.0; rv:11.0) like Gecko"
51.159.18.78 - - [23/May/2020:14:46:51 +0300] "POST /administrator/index.php HTTP/1.0" 200 3140 "-" "Mozilla/5.0 (Windows NT 6.3; WOW64; Trident/7.0; rv:11.0) like Gecko"
54.38.164.162 - - [23/May/2020:15:33:00 +0300] "GET /administrator/index.php HTTP/1.0" 200 3073 "-" "Mozilla/5.0 (Windows NT 10.0; Win64; x64) AppleWebKit/537.36 (KHTML, like Gecko) Chrome/64.0.3282.140 Safari/537.36 Edge/17.17134"
54.38.164.162 - - [23/May/2020:15:33:01 +0300] "POST /administrator/index.php HTTP/1.0" 200 3140 "http://rafalex.ru/administrator/index.php" "Mozilla/5.0 (Windows NT 10.0; Win64; x64) AppleWebKit/537.36 (KHTML, like Gecko) Chrome/64.0.3282.140 Safari/537.36 Edge/17.17134"
51.159.18.78 - - [23/May/2020:15:35:33 +0300] "GET /administrator/index.php HTTP/1.0" 200 3073 "-" "Mozilla/5.0 (Windows NT 6.3; WOW64; Trident/7.0; rv:11.0) like Gecko"
51.159.18.78 - - [23/May/2020:15:35:33 +0300] "GET /administrator/index.php HTTP/1.0" 200 3073 "-" "Mozilla/5.0 (Windows NT 6.3; WOW64; Trident/7.0; rv:11.0) like Gecko"
51.159.18.78 - - [23/May/2020:15:35:34 +0300] "POST /administrator/index.php HTTP/1.0" 200 3140 "-" "Mozilla/5.0 (Windows NT 6.3; WOW64; Trident/7.0; rv:11.0) like Gecko"
51.159.18.78 - - [23/May/2020:15:35:34 +0300] "POST /administrator/index.php HTTP/1.0" 200 3140 "-" "Mozilla/5.0 (Windows NT 6.3; WOW64; Trident/7.0; rv:11.0) like Gecko"
188.163.101.88 - - [23/May/2020:15:49:13 +0300] "GET /administrator/index.php HTTP/1.0" 200 7641 "-" "Mozilla/5.0 (Windows NT 6.3; Win64; x64) AppleWebKit/537.36 (KHTML, like Gecko) Chrome/80.0.3987.132 Safari/537.36"
188.163.101.88 - - [23/May/2020:15:49:14 +0300] "POST /administrator/index.php HTTP/1.0" 200 7935 "-" "Mozilla/5.0 (Windows NT 6.3; Win64; x64) AppleWebKit/537.36 (KHTML, like Gecko) Chrome/80.0.3987.132 Safari/537.36"
188.163.101.88 - - [23/May/2020:15:49:14 +0300] "GET /administrator/index.php HTTP/1.0" 200 7544 "-" "Mozilla/5.0 (Windows NT 6.3; Win64; x64) AppleWebKit/537.36 (KHTML, like Gecko) Chrome/80.0.3987.132 Safari/537.36"
51.159.18.78 - - [23/May/2020:16:24:32 +0300] "GET /administrator/index.php HTTP/1.0" 200 3073 "-" "Mozilla/5.0 (Windows NT 6.3; WOW64; Trident/7.0; rv:11.0) like Gecko"
51.159.18.78 - - [23/May/2020:16:24:33 +0300] "GET /administrator/index.php HTTP/1.0" 200 3073 "-" "Mozilla/5.0 (Windows NT 6.3; WOW64; Trident/7.0; rv:11.0) like Gecko"
51.159.18.78 - - [23/May/2020:16:24:34 +0300] "POST /administrator/index.php HTTP/1.0" 200 3140 "-" "Mozilla/5.0 (Windows NT 6.3; WOW64; Trident/7.0; rv:11.0) like Gecko"
51.159.18.78 - - [23/May/2020:16:24:34 +0300] "POST /administrator/index.php HTTP/1.0" 200 3140 "-" "Mozilla/5.0 (Windows NT 6.3; WOW64; Trident/7.0; rv:11.0) like Gecko"
51.159.18.78 - - [23/May/2020:17:13:06 +0300] "GET /administrator/index.php HTTP/1.0" 200 3075 "-" "Mozilla/5.0 (Windows NT 6.3; WOW64; Trident/7.0; rv:11.0) like Gecko"
51.159.18.78 - - [23/May/2020:17:13:07 +0300] "GET /administrator/index.php HTTP/1.0" 200 3068 "-" "Mozilla/5.0 (Windows NT 6.3; WOW64; Trident/7.0; rv:11.0) like Gecko"
51.159.18.78 - - [23/May/2020:17:13:08 +0300] "POST /administrator/index.php HTTP/1.0" 200 3142 "-" "Mozilla/5.0 (Windows NT 6.3; WOW64; Trident/7.0; rv:11.0) like Gecko"
51.159.18.78 - - [23/May/2020:17:13:08 +0300] "POST /administrator/index.php HTTP/1.0" 200 3137 "-" "Mozilla/5.0 (Windows NT 6.3; WOW64; Trident/7.0; rv:11.0) like Gecko"
188.163.101.88 - - [23/May/2020:17:43:49 +0300] "GET /administrator/index.php HTTP/1.0" 200 7641 "-" "Mozilla/5.0 (Windows NT 6.3; Win64; x64) AppleWebKit/537.36 (KHTML, like Gecko) Chrome/80.0.3987.132 Safari/537.36"
188.163.101.88 - - [23/May/2020:17:43:50 +0300] "POST /administrator/index.php HTTP/1.0" 200 7935 "-" "Mozilla/5.0 (Windows NT 6.3; Win64; x64) AppleWebKit/537.36 (KHTML, like Gecko) Chrome/80.0.3987.132 Safari/537.36"
188.163.101.88 - - [23/May/2020:17:43:50 +0300] "GET /administrator/index.php HTTP/1.0" 200 7544 "-" "Mozilla/5.0 (Windows NT 6.3; Win64; x64) AppleWebKit/537.36 (KHTML, like Gecko) Chrome/80.0.3987.132 Safari/537.36"
54.36.149.78 - - [23/May/2020:17:55:20 +0300] "GET / HTTP/1.0" 200 14131 "-" "Mozilla/5.0 (compatible; AhrefsBot/6.1; +http://ahrefs.com/robot/)"
78.106.122.233 - - [23/May/2020:18:01:06 +0300] "GET / HTTP/1.0" 200 93612 "http://rafalex.ru/" "Mozilla/5.0 (Windows NT 6.3; Win64; x64) AppleWebKit/537.36 (KHTML, like Gecko) Chrome/65.0.3325.146 Safari/537.36"
78.106.122.233 - - [23/May/2020:18:01:07 +0300] "POST / HTTP/1.0" 303 664 "http://rafalex.ru/" "Mozilla/5.0 (Windows NT 6.3; Win64; x64) AppleWebKit/537.36 (KHTML, like Gecko) Chrome/65.0.3325.146 Safari/537.36"
78.106.122.233 - - [23/May/2020:18:01:07 +0300] "GET / HTTP/1.0" 200 93517 "http://rafalex.ru/" "Mozilla/5.0 (Windows NT 6.3; Win64; x64) AppleWebKit/537.36 (KHTML, like Gecko) Chrome/65.0.3325.146 Safari/537.36"
78.106.122.233 - - [23/May/2020:18:01:08 +0300] "GET / HTTP/1.0" 200 93515 "http://rafalex.ru/" "Mozilla/5.0 (Windows NT 6.3; Win64; x64) AppleWebKit/537.36 (KHTML, like Gecko) Chrome/65.0.3325.146 Safari/537.36"
51.159.18.78 - - [23/May/2020:18:01:43 +0300] "GET /administrator/index.php HTTP/1.0" 200 3073 "-" "Mozilla/5.0 (Windows NT 6.3; WOW64; Trident/7.0; rv:11.0) like Gecko"
51.159.18.78 - - [23/May/2020:18:01:43 +0300] "GET /administrator/index.php HTTP/1.0" 200 3074 "-" "Mozilla/5.0 (Windows NT 6.3; WOW64; Trident/7.0; rv:11.0) like Gecko"
51.159.18.78 - - [23/May/2020:18:01:43 +0300] "POST /administrator/index.php HTTP/1.0" 200 3140 "-" "Mozilla/5.0 (Windows NT 6.3; WOW64; Trident/7.0; rv:11.0) like Gecko"
51.159.18.78 - - [23/May/2020:18:01:43 +0300] "POST /administrator/index.php HTTP/1.0" 200 3140 "-" "Mozilla/5.0 (Windows NT 6.3; WOW64; Trident/7.0; rv:11.0) like Gecko"
66.249.75.174 - - [23/May/2020:18:01:50 +0300] "GET /robots.txt HTTP/1.0" 200 696 "-" "Mozilla/5.0 (compatible; Googlebot/2.1; +http://www.google.com/bot.html)"
66.249.75.176 - - [23/May/2020:18:01:51 +0300] "GET / HTTP/1.0" 200 14083 "-" "Mozilla/5.0 (Linux; Android 6.0.1; Nexus 5X Build/MMB29P) AppleWebKit/537.36 (KHTML, like Gecko) Chrome/80.0.3987.92 Mobile Safari/537.36 (compatible; Googlebot/2.1; +http://www.google.com/bot.html)"
54.38.164.162 - - [23/May/2020:18:25:25 +0300] "GET /administrator/index.php HTTP/1.0" 200 3074 "-" "Mozilla/5.0 (Windows NT 10.0; Win64; x64) AppleWebKit/537.36 (KHTML, like Gecko) Chrome/64.0.3282.140 Safari/537.36 Edge/17.17134"
54.38.164.162 - - [23/May/2020:18:25:26 +0300] "POST /administrator/index.php HTTP/1.0" 200 3141 "http://rafalex.ru/administrator/index.php" "Mozilla/5.0 (Windows NT 10.0; Win64; x64) AppleWebKit/537.36 (KHTML, like Gecko) Chrome/64.0.3282.140 Safari/537.36 Edge/17.17134"
46.229.168.150 - - [23/May/2020:18:26:48 +0300] "GET /robots.txt HTTP/1.0" 200 696 "-" "Mozilla/5.0 (compatible; SemrushBot/6~bl; +http://www.semrush.com/bot.html)"
46.229.168.133 - - [23/May/2020:18:26:48 +0300] "GET / HTTP/1.0" 200 14127 "-" "Mozilla/5.0 (compatible; SemrushBot/6~bl; +http://www.semrush.com/bot.html)"
51.159.18.78 - - [23/May/2020:18:48:47 +0300] "GET /administrator/index.php HTTP/1.0" 200 3073 "-" "Mozilla/5.0 (Windows NT 6.3; WOW64; Trident/7.0; rv:11.0) like Gecko"
51.159.18.78 - - [23/May/2020:18:48:48 +0300] "GET /administrator/index.php HTTP/1.0" 200 3074 "-" "Mozilla/5.0 (Windows NT 6.3; WOW64; Trident/7.0; rv:11.0) like Gecko"
51.159.18.78 - - [23/May/2020:18:48:48 +0300] "POST /administrator/index.php HTTP/1.0" 200 3140 "-" "Mozilla/5.0 (Windows NT 6.3; WOW64; Trident/7.0; rv:11.0) like Gecko"
51.159.18.78 - - [23/May/2020:18:48:49 +0300] "POST /administrator/index.php HTTP/1.0" 200 3141 "-" "Mozilla/5.0 (Windows NT 6.3; WOW64; Trident/7.0; rv:11.0) like Gecko"
54.36.148.183 - - [23/May/2020:19:30:09 +0300] "GET /nashi-uslugi/zheleznodorozhnye-gruzoperevozki HTTP/1.0" 200 12328 "-" "Mozilla/5.0 (compatible; AhrefsBot/6.1; +http://ahrefs.com/robot/)"
51.159.18.78 - - [23/May/2020:19:37:05 +0300] "GET /administrator/index.php HTTP/1.0" 200 3072 "-" "Mozilla/5.0 (Windows NT 6.3; WOW64; Trident/7.0; rv:11.0) like Gecko"
51.159.18.78 - - [23/May/2020:19:37:05 +0300] "GET /administrator/index.php HTTP/1.0" 200 3074 "-" "Mozilla/5.0 (Windows NT 6.3; WOW64; Trident/7.0; rv:11.0) like Gecko"
51.159.18.78 - - [23/May/2020:19:37:05 +0300] "POST /administrator/index.php HTTP/1.0" 200 3141 "-" "Mozilla/5.0 (Windows NT 6.3; WOW64; Trident/7.0; rv:11.0) like Gecko"
51.159.18.78 - - [23/May/2020:19:37:06 +0300] "POST /administrator/index.php HTTP/1.0" 200 3141 "-" "Mozilla/5.0 (Windows NT 6.3; WOW64; Trident/7.0; rv:11.0) like Gecko"
188.17.157.238 - - [23/May/2020:20:08:45 +0300] "GET / HTTP/1.0" 200 93614 "http://rafalex.ru/" "Mozilla/5.0 (Windows NT 6.1) AppleWebKit/537.36 (KHTML, like Gecko) Chrome/66.0.3359.181 Safari/537.36"
188.17.157.238 - - [23/May/2020:20:08:47 +0300] "POST / HTTP/1.0" 303 664 "http://rafalex.ru/" "Mozilla/5.0 (Windows NT 6.1) AppleWebKit/537.36 (KHTML, like Gecko) Chrome/66.0.3359.181 Safari/537.36"
188.17.157.238 - - [23/May/2020:20:08:47 +0300] "GET / HTTP/1.0" 200 93517 "http://rafalex.ru/" "Mozilla/5.0 (Windows NT 6.1) AppleWebKit/537.36 (KHTML, like Gecko) Chrome/66.0.3359.181 Safari/537.36"
188.163.101.88 - - [23/May/2020:20:24:10 +0300] "GET /administrator/index.php HTTP/1.0" 200 7641 "-" "Mozilla/5.0 (Windows NT 6.3; Win64; x64) AppleWebKit/537.36 (KHTML, like Gecko) Chrome/80.0.3987.132 Safari/537.36"
188.163.101.88 - - [23/May/2020:20:24:10 +0300] "POST /administrator/index.php HTTP/1.0" 200 7935 "-" "Mozilla/5.0 (Windows NT 6.3; Win64; x64) AppleWebKit/537.36 (KHTML, like Gecko) Chrome/80.0.3987.132 Safari/537.36"
188.163.101.88 - - [23/May/2020:20:24:10 +0300] "GET /administrator/index.php HTTP/1.0" 200 7544 "-" "Mozilla/5.0 (Windows NT 6.3; Win64; x64) AppleWebKit/537.36 (KHTML, like Gecko) Chrome/80.0.3987.132 Safari/537.36"
51.159.18.78 - - [23/May/2020:20:24:58 +0300] "GET /administrator/index.php HTTP/1.0" 200 3072 "-" "Mozilla/5.0 (Windows NT 6.3; WOW64; Trident/7.0; rv:11.0) like Gecko"
51.159.18.78 - - [23/May/2020:20:24:58 +0300] "GET /administrator/index.php HTTP/1.0" 200 3073 "-" "Mozilla/5.0 (Windows NT 6.3; WOW64; Trident/7.0; rv:11.0) like Gecko"
51.159.18.78 - - [23/May/2020:20:24:59 +0300] "POST /administrator/index.php HTTP/1.0" 200 3139 "-" "Mozilla/5.0 (Windows NT 6.3; WOW64; Trident/7.0; rv:11.0) like Gecko"
51.159.18.78 - - [23/May/2020:20:24:59 +0300] "POST /administrator/index.php HTTP/1.0" 200 3140 "-" "Mozilla/5.0 (Windows NT 6.3; WOW64; Trident/7.0; rv:11.0) like Gecko"
54.36.148.92 - - [23/May/2020:20:54:31 +0300] "GET /robots.txt HTTP/1.0" 200 696 "-" "Mozilla/5.0 (compatible; AhrefsBot/6.1; +http://ahrefs.com/robot/)"
54.36.148.1 - - [23/May/2020:20:54:32 +0300] "GET /nashi-uslugi/gruzoperevozki-po-blizhnemu-zarubezhyu-i-evrope HTTP/1.0" 200 12378 "-" "Mozilla/5.0 (compatible; AhrefsBot/6.1; +http://ahrefs.com/robot/)"
51.159.18.78 - - [23/May/2020:21:14:05 +0300] "GET /administrator/index.php HTTP/1.0" 200 3075 "-" "Mozilla/5.0 (Windows NT 6.3; WOW64; Trident/7.0; rv:11.0) like Gecko"
51.159.18.78 - - [23/May/2020:21:14:05 +0300] "GET /administrator/index.php HTTP/1.0" 200 3073 "-" "Mozilla/5.0 (Windows NT 6.3; WOW64; Trident/7.0; rv:11.0) like Gecko"
51.159.18.78 - - [23/May/2020:21:14:06 +0300] "POST /administrator/index.php HTTP/1.0" 200 3142 "-" "Mozilla/5.0 (Windows NT 6.3; WOW64; Trident/7.0; rv:11.0) like Gecko"
51.159.18.78 - - [23/May/2020:21:14:06 +0300] "POST /administrator/index.php HTTP/1.0" 200 3140 "-" "Mozilla/5.0 (Windows NT 6.3; WOW64; Trident/7.0; rv:11.0) like Gecko"
195.123.209.208 - - [23/May/2020:21:32:19 +0300] "GET /administrator/index.php HTTP/1.0" 200 3073 "-" "Mozilla/5.0 (Windows NT 10.0; Win64; x64) AppleWebKit/537.36 (KHTML, like Gecko) Chrome/64.0.3282.140 Safari/537.36 Edge/17.17134"
195.123.209.208 - - [23/May/2020:21:32:19 +0300] "POST /administrator/index.php HTTP/1.0" 200 3140 "http://rafalex.ru/administrator/index.php" "Mozilla/5.0 (Windows NT 10.0; Win64; x64) AppleWebKit/537.36 (KHTML, like Gecko) Chrome/64.0.3282.140 Safari/537.36 Edge/17.17134"
178.154.200.243 - - [23/May/2020:21:45:22 +0300] "GET /robots.txt HTTP/1.0" 200 1108 "-" "Mozilla/5.0 (compatible; YandexBot/3.0; +http://yandex.com/bots)"
178.154.200.243 - - [23/May/2020:21:45:25 +0300] "GET /images/1527807057.ico HTTP/1.0" 200 740 "-" "Mozilla/5.0 (compatible; YandexBot/3.0; +http://yandex.com/bots)"
62.109.21.179 - - [23/May/2020:22:01:40 +0300] "GET / HTTP/1.0" 200 93607 "-" "-"
51.159.18.78 - - [23/May/2020:22:01:41 +0300] "GET /administrator/index.php HTTP/1.0" 200 3073 "-" "Mozilla/5.0 (Windows NT 6.3; WOW64; Trident/7.0; rv:11.0) like Gecko"
51.159.18.78 - - [23/May/2020:22:01:41 +0300] "GET /administrator/index.php HTTP/1.0" 200 3073 "-" "Mozilla/5.0 (Windows NT 6.3; WOW64; Trident/7.0; rv:11.0) like Gecko"
51.159.18.78 - - [23/May/2020:22:01:42 +0300] "POST /administrator/index.php HTTP/1.0" 200 3140 "-" "Mozilla/5.0 (Windows NT 6.3; WOW64; Trident/7.0; rv:11.0) like Gecko"
51.159.18.78 - - [23/May/2020:22:01:42 +0300] "POST /administrator/index.php HTTP/1.0" 200 3139 "-" "Mozilla/5.0 (Windows NT 6.3; WOW64; Trident/7.0; rv:11.0) like Gecko"
62.109.21.179 - - [23/May/2020:22:01:43 +0300] "GET /kontakty HTTP/1.0" 200 67461 "-" "-"
54.36.148.158 - - [23/May/2020:22:09:58 +0300] "GET /nashi-uslugi/gruzoperevozki-po-rossii HTTP/1.0" 200 12371 "-" "Mozilla/5.0 (compatible; AhrefsBot/6.1; +http://ahrefs.com/robot/)"
51.159.18.78 - - [23/May/2020:22:49:41 +0300] "GET /administrator/index.php HTTP/1.0" 200 3072 "-" "Mozilla/5.0 (Windows NT 6.3; WOW64; Trident/7.0; rv:11.0) like Gecko"
51.159.18.78 - - [23/May/2020:22:49:41 +0300] "GET /administrator/index.php HTTP/1.0" 200 3074 "-" "Mozilla/5.0 (Windows NT 6.3; WOW64; Trident/7.0; rv:11.0) like Gecko"
51.159.18.78 - - [23/May/2020:22:49:41 +0300] "POST /administrator/index.php HTTP/1.0" 200 3141 "-" "Mozilla/5.0 (Windows NT 6.3; WOW64; Trident/7.0; rv:11.0) like Gecko"
51.159.18.78 - - [23/May/2020:22:49:41 +0300] "POST /administrator/index.php HTTP/1.0" 200 3139 "-" "Mozilla/5.0 (Windows NT 6.3; WOW64; Trident/7.0; rv:11.0) like Gecko"
93.120.133.156 - - [23/May/2020:22:56:39 +0300] "GET / HTTP/1.0" 200 93614 "http://rafalex.ru/" "Mozilla/5.0 (Windows NT 6.1) AppleWebKit/537.36 (KHTML, like Gecko) Chrome/66.0.3359.181 Safari/537.36 Kinza/4.7.2"
93.120.133.156 - - [23/May/2020:22:56:40 +0300] "POST / HTTP/1.0" 303 664 "http://rafalex.ru/" "Mozilla/5.0 (Windows NT 6.1) AppleWebKit/537.36 (KHTML, like Gecko) Chrome/66.0.3359.181 Safari/537.36 Kinza/4.7.2"
93.120.133.156 - - [23/May/2020:22:56:41 +0300] "GET / HTTP/1.0" 200 93517 "http://rafalex.ru/" "Mozilla/5.0 (Windows NT 6.1) AppleWebKit/537.36 (KHTML, like Gecko) Chrome/66.0.3359.181 Safari/537.36 Kinza/4.7.2"
188.16.66.34 - - [23/May/2020:22:56:56 +0300] "GET / HTTP/1.0" 200 93600 "http://rafalex.ru/" "Mozilla/5.0 (Windows NT 10.0; Win64; x64) AppleWebKit/537.36 (KHTML, like Gecko) Chrome/67.0.3396.62 Safari/537.36"
188.16.66.34 - - [23/May/2020:22:56:56 +0300] "POST / HTTP/1.0" 303 664 "http://rafalex.ru/" "Mozilla/5.0 (Windows NT 10.0; Win64; x64) AppleWebKit/537.36 (KHTML, like Gecko) Chrome/67.0.3396.62 Safari/537.36"
188.16.66.34 - - [23/May/2020:22:56:57 +0300] "GET / HTTP/1.0" 200 93501 "http://rafalex.ru/" "Mozilla/5.0 (Windows NT 10.0; Win64; x64) AppleWebKit/537.36 (KHTML, like Gecko) Chrome/67.0.3396.62 Safari/537.36"
103.82.235.2 - - [23/May/2020:22:57:44 +0300] "GET /modules/mod_artuploader/js/ajaxupload.js HTTP/1.0" 404 1932 "http://www.google.com/" "Mozilla/5.0 (Windows NT 6.1; Win64; x64) AppleWebKit/537.36 (KHTML, like Gecko) Chrome/56.0.2896.3 Safari/537.36"
178.154.200.243 - - [23/May/2020:23:06:51 +0300] "GET /robots.txt HTTP/1.0" 200 1108 "-" "Mozilla/5.0 (compatible; YandexBot/3.0; +http://yandex.com/bots)"
178.154.200.243 - - [23/May/2020:23:06:55 +0300] "GET /favicon.ico HTTP/1.0" 404 1929 "-" "Mozilla/5.0 (compatible; YandexBot/3.0; +http://yandex.com/bots)"
103.82.235.2 - - [23/May/2020:23:24:40 +0300] "GET /index.php?option=com_fabrik&c=import&view=import&filetype=csv&table=1 HTTP/1.0" 404 1923 "http://www.google.com/" "Mozilla/5.0 (Windows NT 6.1; Win64; x64) AppleWebKit/537.36 (KHTML, like Gecko) Chrome/56.0.2896.3 Safari/537.36"
54.36.148.55 - - [23/May/2020:23:26:06 +0300] "GET /kontakty HTTP/1.0" 200 10614 "-" "Mozilla/5.0 (compatible; AhrefsBot/6.1; +http://ahrefs.com/robot/)"
188.163.101.88 - - [23/May/2020:23:32:26 +0300] "GET /administrator/index.php HTTP/1.0" 200 7641 "-" "Mozilla/5.0 (Windows NT 6.3; Win64; x64) AppleWebKit/537.36 (KHTML, like Gecko) Chrome/80.0.3987.132 Safari/537.36"
188.163.101.88 - - [23/May/2020:23:32:26 +0300] "POST /administrator/index.php HTTP/1.0" 200 7935 "-" "Mozilla/5.0 (Windows NT 6.3; Win64; x64) AppleWebKit/537.36 (KHTML, like Gecko) Chrome/80.0.3987.132 Safari/537.36"
188.163.101.88 - - [23/May/2020:23:32:27 +0300] "GET /administrator/index.php HTTP/1.0" 200 7544 "-" "Mozilla/5.0 (Windows NT 6.3; Win64; x64) AppleWebKit/537.36 (KHTML, like Gecko) Chrome/80.0.3987.132 Safari/537.36"
45.32.153.24 - - [23/May/2020:23:35:55 +0300] "GET /phpmyadmin/ HTTP/1.1" 200 3104 "-" "Mozilla/5.0 (X11; Ubuntu; Linux x86_64; rv:62.0) Gecko/20100101 Firefox/62.0"
45.32.153.24 - - [23/May/2020:23:35:55 +0300] "POST /phpmyadmin//index.php HTTP/1.1" 200 3181 "-" "Mozilla/5.0 (X11; Ubuntu; Linux x86_64; rv:62.0) Gecko/20100101 Firefox/62.0"
51.159.18.78 - - [23/May/2020:23:37:22 +0300] "GET /administrator/index.php HTTP/1.0" 200 3073 "-" "Mozilla/5.0 (Windows NT 6.3; WOW64; Trident/7.0; rv:11.0) like Gecko"
51.159.18.78 - - [23/May/2020:23:37:23 +0300] "GET /administrator/index.php HTTP/1.0" 200 3073 "-" "Mozilla/5.0 (Windows NT 6.3; WOW64; Trident/7.0; rv:11.0) like Gecko"
51.159.18.78 - - [23/May/2020:23:37:23 +0300] "POST /administrator/index.php HTTP/1.0" 200 3140 "-" "Mozilla/5.0 (Windows NT 6.3; WOW64; Trident/7.0; rv:11.0) like Gecko"
51.159.18.78 - - [23/May/2020:23:37:23 +0300] "POST /administrator/index.php HTTP/1.0" 200 3140 "-" "Mozilla/5.0 (Windows NT 6.3; WOW64; Trident/7.0; rv:11.0) like Gecko"
213.180.203.62 - - [24/May/2020:00:01:12 +0300] "GET /images/2018/06/13/tr30-c.png HTTP/1.1" 304 0 "-" "Mozilla/5.0 (compatible; YandexImages/3.0; +http://yandex.com/bots)"
103.82.235.2 - - [24/May/2020:00:02:02 +0300] "GET /modules/mod_dionefileuploader/upload.php HTTP/1.0" 404 1932 "http://www.google.com/" "Mozilla/5.0 (Windows NT 6.1; Win64; x64) AppleWebKit/537.36 (KHTML, like Gecko) Chrome/56.0.2896.3 Safari/537.36"
195.123.209.208 - - [24/May/2020:00:06:08 +0300] "GET /administrator/index.php HTTP/1.0" 200 3070 "-" "Mozilla/5.0 (Windows NT 10.0; Win64; x64) AppleWebKit/537.36 (KHTML, like Gecko) Chrome/64.0.3282.140 Safari/537.36 Edge/17.17134"
195.123.209.208 - - [24/May/2020:00:06:08 +0300] "POST /administrator/index.php HTTP/1.0" 200 3137 "http://rafalex.ru/administrator/index.php" "Mozilla/5.0 (Windows NT 10.0; Win64; x64) AppleWebKit/537.36 (KHTML, like Gecko) Chrome/64.0.3282.140 Safari/537.36 Edge/17.17134"
51.159.18.78 - - [24/May/2020:00:25:10 +0300] "GET /administrator/index.php HTTP/1.0" 200 3073 "-" "Mozilla/5.0 (Windows NT 6.3; WOW64; Trident/7.0; rv:11.0) like Gecko"
51.159.18.78 - - [24/May/2020:00:25:10 +0300] "GET /administrator/index.php HTTP/1.0" 200 3072 "-" "Mozilla/5.0 (Windows NT 6.3; WOW64; Trident/7.0; rv:11.0) like Gecko"
51.159.18.78 - - [24/May/2020:00:25:11 +0300] "POST /administrator/index.php HTTP/1.0" 200 3140 "-" "Mozilla/5.0 (Windows NT 6.3; WOW64; Trident/7.0; rv:11.0) like Gecko"
51.159.18.78 - - [24/May/2020:00:25:12 +0300] "POST /administrator/index.php HTTP/1.0" 200 3138 "-" "Mozilla/5.0 (Windows NT 6.3; WOW64; Trident/7.0; rv:11.0) like Gecko"
66.249.66.204 - - [24/May/2020:00:28:05 +0300] "GET /robots.txt HTTP/1.0" 200 696 "-" "Mozilla/5.0 (compatible; Googlebot/2.1; +http://www.google.com/bot.html)"
66.249.66.208 - - [24/May/2020:00:28:05 +0300] "GET /nashi-uslugi/gruzoperevozki-po-blizhnemu-zarubezhyu-i-evrope HTTP/1.0" 200 12312 "-" "Mozilla/5.0 (Linux; Android 6.0.1; Nexus 5X Build/MMB29P) AppleWebKit/537.36 (KHTML, like Gecko) Chrome/80.0.3987.92 Mobile Safari/537.36 (compatible; Googlebot/2.1; +http://www.google.com/bot.html)"
46.48.13.161 - - [24/May/2020:00:38:27 +0300] "GET / HTTP/1.0" 200 14127 "https://siteverifier.ru/www.rafalex.ru" "Mozilla/5.0 (Windows NT 10.0; Win64; x64) AppleWebKit/537.36 (KHTML, like Gecko) Chrome/80.0.3987.149 Safari/537.36"
54.36.149.84 - - [24/May/2020:00:39:36 +0300] "GET / HTTP/1.0" 200 14129 "-" "Mozilla/5.0 (compatible; AhrefsBot/6.1; +http://ahrefs.com/robot/)"
46.229.168.152 - - [24/May/2020:00:47:57 +0300] "GET /robots.txt HTTP/1.0" 200 696 "-" "Mozilla/5.0 (compatible; SemrushBot/6~bl; +http://www.semrush.com/bot.html)"
46.229.168.137 - - [24/May/2020:00:47:57 +0300] "GET /nashi-uslugi/refrizheratornye-gruzoperevozki HTTP/1.0" 200 12158 "-" "Mozilla/5.0 (compatible; SemrushBot/6~bl; +http://www.semrush.com/bot.html)"
178.137.164.95 - - [24/May/2020:00:57:51 +0300] "GET / HTTP/1.0" 200 93614 "http://rafalex.ru/" "Mozilla/5.0 (Windows NT 6.3; Win64; x64) AppleWebKit/537.36 (KHTML, like Gecko) Chrome/67.0.3396.79 Safari/537.36"
178.137.164.95 - - [24/May/2020:00:57:52 +0300] "POST / HTTP/1.0" 303 664 "http://rafalex.ru/" "Mozilla/5.0 (Windows NT 6.3; Win64; x64) AppleWebKit/537.36 (KHTML, like Gecko) Chrome/67.0.3396.79 Safari/537.36"
178.137.164.95 - - [24/May/2020:00:57:53 +0300] "GET / HTTP/1.0" 200 93517 "http://rafalex.ru/" "Mozilla/5.0 (Windows NT 6.3; Win64; x64) AppleWebKit/537.36 (KHTML, like Gecko) Chrome/67.0.3396.79 Safari/537.36"
51.159.18.78 - - [24/May/2020:01:13:00 +0300] "GET /administrator/index.php HTTP/1.0" 200 3071 "-" "Mozilla/5.0 (Windows NT 6.3; WOW64; Trident/7.0; rv:11.0) like Gecko"
51.159.18.78 - - [24/May/2020:01:13:00 +0300] "GET /administrator/index.php HTTP/1.0" 200 3073 "-" "Mozilla/5.0 (Windows NT 6.3; WOW64; Trident/7.0; rv:11.0) like Gecko"
51.159.18.78 - - [24/May/2020:01:13:01 +0300] "POST /administrator/index.php HTTP/1.0" 200 3139 "-" "Mozilla/5.0 (Windows NT 6.3; WOW64; Trident/7.0; rv:11.0) like Gecko"
51.159.18.78 - - [24/May/2020:01:13:01 +0300] "POST /administrator/index.php HTTP/1.0" 200 3140 "-" "Mozilla/5.0 (Windows NT 6.3; WOW64; Trident/7.0; rv:11.0) like Gecko"
46.48.13.161 - - [24/May/2020:01:36:18 +0300] "GET / HTTP/1.0" 200 14123 "https://siteverifier.ru/www.rafalex.ru" "Mozilla/5.0 (Windows NT 10.0; Win64; x64) AppleWebKit/537.36 (KHTML, like Gecko) Chrome/80.0.3987.149 Safari/537.36"
54.36.148.187 - - [24/May/2020:01:54:17 +0300] "GET /strakhovanie HTTP/1.0" 200 12847 "-" "Mozilla/5.0 (compatible; AhrefsBot/6.1; +http://ahrefs.com/robot/)"
51.159.18.78 - - [24/May/2020:02:02:33 +0300] "GET /administrator/index.php HTTP/1.0" 200 3074 "-" "Mozilla/5.0 (Windows NT 6.3; WOW64; Trident/7.0; rv:11.0) like Gecko"
51.159.18.78 - - [24/May/2020:02:02:34 +0300] "POST /administrator/index.php HTTP/1.0" 200 3141 "-" "Mozilla/5.0 (Windows NT 6.3; WOW64; Trident/7.0; rv:11.0) like Gecko"
51.159.18.78 - - [24/May/2020:02:02:34 +0300] "GET /administrator/index.php HTTP/1.0" 200 3073 "-" "Mozilla/5.0 (Windows NT 6.3; WOW64; Trident/7.0; rv:11.0) like Gecko"
51.159.18.78 - - [24/May/2020:02:02:35 +0300] "POST /administrator/index.php HTTP/1.0" 200 3140 "-" "Mozilla/5.0 (Windows NT 6.3; WOW64; Trident/7.0; rv:11.0) like Gecko"
74.125.212.46 - - [24/May/2020:02:06:16 +0300] "GET / HTTP/1.0" 200 14073 "-" "Google-Adwords-Instant (+http://www.google.com/adsbot.html)"
74.125.212.44 - - [24/May/2020:02:06:19 +0300] "GET / HTTP/1.0" 200 14074 "-" "Google-Adwords-Instant (+http://www.google.com/adsbot.html)"
46.229.168.131 - - [24/May/2020:02:09:01 +0300] "GET /robots.txt HTTP/1.0" 200 696 "-" "Mozilla/5.0 (compatible; SemrushBot/6~bl; +http://www.semrush.com/bot.html)"
46.229.168.162 - - [24/May/2020:02:09:02 +0300] "GET /nashi-uslugi/gruzoperevozki-po-blizhnemu-zarubezhyu-i-evrope HTTP/1.0" 200 12377 "-" "Mozilla/5.0 (compatible; SemrushBot/6~bl; +http://www.semrush.com/bot.html)"
188.163.101.88 - - [24/May/2020:02:26:22 +0300] "GET /administrator/index.php HTTP/1.0" 200 7641 "-" "Mozilla/5.0 (Windows NT 6.3; Win64; x64) AppleWebKit/537.36 (KHTML, like Gecko) Chrome/80.0.3987.132 Safari/537.36"
188.163.101.88 - - [24/May/2020:02:26:22 +0300] "POST /administrator/index.php HTTP/1.0" 200 7935 "-" "Mozilla/5.0 (Windows NT 6.3; Win64; x64) AppleWebKit/537.36 (KHTML, like Gecko) Chrome/80.0.3987.132 Safari/537.36"
188.163.101.88 - - [24/May/2020:02:26:23 +0300] "GET /administrator/index.php HTTP/1.0" 200 7544 "-" "Mozilla/5.0 (Windows NT 6.3; Win64; x64) AppleWebKit/537.36 (KHTML, like Gecko) Chrome/80.0.3987.132 Safari/537.36"
195.123.209.208 - - [24/May/2020:02:39:29 +0300] "GET /administrator/index.php HTTP/1.0" 200 3073 "-" "Mozilla/5.0 (Windows NT 10.0; Win64; x64) AppleWebKit/537.36 (KHTML, like Gecko) Chrome/64.0.3282.140 Safari/537.36 Edge/17.17134"
195.123.209.208 - - [24/May/2020:02:39:29 +0300] "POST /administrator/index.php HTTP/1.0" 200 3140 "http://rafalex.ru/administrator/index.php" "Mozilla/5.0 (Windows NT 10.0; Win64; x64) AppleWebKit/537.36 (KHTML, like Gecko) Chrome/64.0.3282.140 Safari/537.36 Edge/17.17134"
216.144.230.233 - - [24/May/2020:02:49:40 +0300] "GET / HTTP/1.0" 200 93619 "http://rafalex.ru/" "Mozilla/5.0 (Windows NT 6.3; Win64; x64) AppleWebKit/537.36 (KHTML, like Gecko) Chrome/65.0.3325.146 Safari/537.36"
51.159.18.78 - - [24/May/2020:02:52:08 +0300] "GET /administrator/index.php HTTP/1.0" 200 3073 "-" "Mozilla/5.0 (Windows NT 6.3; WOW64; Trident/7.0; rv:11.0) like Gecko"
51.159.18.78 - - [24/May/2020:02:52:08 +0300] "GET /administrator/index.php HTTP/1.0" 200 3072 "-" "Mozilla/5.0 (Windows NT 6.3; WOW64; Trident/7.0; rv:11.0) like Gecko"
51.159.18.78 - - [24/May/2020:02:52:10 +0300] "POST /administrator/index.php HTTP/1.0" 200 3140 "-" "Mozilla/5.0 (Windows NT 6.3; WOW64; Trident/7.0; rv:11.0) like Gecko"
51.159.18.78 - - [24/May/2020:02:52:10 +0300] "POST /administrator/index.php HTTP/1.0" 200 3139 "-" "Mozilla/5.0 (Windows NT 6.3; WOW64; Trident/7.0; rv:11.0) like Gecko"
54.36.148.160 - - [24/May/2020:03:16:13 +0300] "GET /nashi-uslugi/morskie-gruzoperevozki HTTP/1.0" 200 11715 "-" "Mozilla/5.0 (compatible; AhrefsBot/6.1; +http://ahrefs.com/robot/)"
185.244.214.42 - - [24/May/2020:03:18:18 +0300] "GET / HTTP/1.0" 200 93614 "http://rafalex.ru/" "Mozilla/5.0 (Windows NT 6.1) AppleWebKit/537.36 (KHTML, like Gecko) Chrome/67.0.3396.99 Safari/537.36 Kinza/4.8.2"
185.244.214.42 - - [24/May/2020:03:18:20 +0300] "POST / HTTP/1.0" 303 664 "http://rafalex.ru/" "Mozilla/5.0 (Windows NT 6.1) AppleWebKit/537.36 (KHTML, like Gecko) Chrome/67.0.3396.99 Safari/537.36 Kinza/4.8.2"
185.244.214.42 - - [24/May/2020:03:18:21 +0300] "GET / HTTP/1.0" 200 93515 "http://rafalex.ru/" "Mozilla/5.0 (Windows NT 6.1) AppleWebKit/537.36 (KHTML, like Gecko) Chrome/67.0.3396.99 Safari/537.36 Kinza/4.8.2"
185.220.101.133 - - [24/May/2020:03:25:01 +0300] "POST /xmlrpc.php HTTP/1.0" 404 1924 "-" "Mozilla/5.0 (Windows NT 10.0; Win64; x64; rv:68.0) Gecko/20100101 Firefox/68.0"
51.159.18.78 - - [24/May/2020:03:41:59 +0300] "GET /administrator/index.php HTTP/1.0" 200 3073 "-" "Mozilla/5.0 (Windows NT 6.3; WOW64; Trident/7.0; rv:11.0) like Gecko"
51.159.18.78 - - [24/May/2020:03:41:59 +0300] "GET /administrator/index.php HTTP/1.0" 200 3074 "-" "Mozilla/5.0 (Windows NT 6.3; WOW64; Trident/7.0; rv:11.0) like Gecko"
51.159.18.78 - - [24/May/2020:03:42:02 +0300] "POST /administrator/index.php HTTP/1.0" 200 3141 "-" "Mozilla/5.0 (Windows NT 6.3; WOW64; Trident/7.0; rv:11.0) like Gecko"
51.159.18.78 - - [24/May/2020:03:42:02 +0300] "POST /administrator/index.php HTTP/1.0" 200 3140 "-" "Mozilla/5.0 (Windows NT 6.3; WOW64; Trident/7.0; rv:11.0) like Gecko"
46.48.13.161 - - [24/May/2020:04:15:22 +0300] "GET / HTTP/1.0" 200 14127 "https://siteverifier.ru/www.rafalex.ru" "Mozilla/5.0 (Windows NT 10.0; Win64; x64) AppleWebKit/537.36 (KHTML, like Gecko) Chrome/80.0.3987.149 Safari/537.36"
51.159.18.78 - - [24/May/2020:04:30:42 +0300] "GET /administrator/index.php HTTP/1.0" 200 3074 "-" "Mozilla/5.0 (Windows NT 6.3; WOW64; Trident/7.0; rv:11.0) like Gecko"
51.159.18.78 - - [24/May/2020:04:30:42 +0300] "GET /administrator/index.php HTTP/1.0" 200 3072 "-" "Mozilla/5.0 (Windows NT 6.3; WOW64; Trident/7.0; rv:11.0) like Gecko"
51.159.18.78 - - [24/May/2020:04:30:43 +0300] "POST /administrator/index.php HTTP/1.0" 200 3139 "-" "Mozilla/5.0 (Windows NT 6.3; WOW64; Trident/7.0; rv:11.0) like Gecko"
51.159.18.78 - - [24/May/2020:04:30:43 +0300] "POST /administrator/index.php HTTP/1.0" 200 3141 "-" "Mozilla/5.0 (Windows NT 6.3; WOW64; Trident/7.0; rv:11.0) like Gecko"
47.74.240.3 - - [24/May/2020:04:39:22 +0300] "GET / HTTP/1.0" 200 93593 "http://rafalex.ru/" "Mozilla/5.0 (Windows NT 10.0; Win64; x64) AppleWebKit/537.36 (KHTML, like Gecko) Chrome/67.0.3396.79 Safari/537.36"
47.74.240.3 - - [24/May/2020:04:39:23 +0300] "POST / HTTP/1.0" 303 664 "http://rafalex.ru/" "Mozilla/5.0 (Windows NT 10.0; Win64; x64) AppleWebKit/537.36 (KHTML, like Gecko) Chrome/67.0.3396.79 Safari/537.36"
47.74.240.3 - - [24/May/2020:04:39:24 +0300] "GET / HTTP/1.0" 200 93496 "http://rafalex.ru/" "Mozilla/5.0 (Windows NT 10.0; Win64; x64) AppleWebKit/537.36 (KHTML, like Gecko) Chrome/67.0.3396.79 Safari/537.36"
54.36.148.80 - - [24/May/2020:04:51:37 +0300] "GET /nashi-uslugi/perevozka-negabaritnykh-gruzov HTTP/1.0" 200 13001 "-" "Mozilla/5.0 (compatible; AhrefsBot/6.1; +http://ahrefs.com/robot/)"
195.123.209.208 - - [24/May/2020:05:13:22 +0300] "GET /administrator/index.php HTTP/1.0" 200 3072 "-" "Mozilla/5.0 (Windows NT 10.0; Win64; x64) AppleWebKit/537.36 (KHTML, like Gecko) Chrome/64.0.3282.140 Safari/537.36 Edge/17.17134"
195.123.209.208 - - [24/May/2020:05:13:22 +0300] "POST /administrator/index.php HTTP/1.0" 200 3139 "http://rafalex.ru/administrator/index.php" "Mozilla/5.0 (Windows NT 10.0; Win64; x64) AppleWebKit/537.36 (KHTML, like Gecko) Chrome/64.0.3282.140 Safari/537.36 Edge/17.17134"
188.163.101.88 - - [24/May/2020:05:20:11 +0300] "GET /administrator/index.php HTTP/1.0" 200 7641 "-" "Mozilla/5.0 (Windows NT 6.3; Win64; x64) AppleWebKit/537.36 (KHTML, like Gecko) Chrome/80.0.3987.132 Safari/537.36"
188.163.101.88 - - [24/May/2020:05:20:11 +0300] "POST /administrator/index.php HTTP/1.0" 200 7935 "-" "Mozilla/5.0 (Windows NT 6.3; Win64; x64) AppleWebKit/537.36 (KHTML, like Gecko) Chrome/80.0.3987.132 Safari/537.36"
188.163.101.88 - - [24/May/2020:05:20:11 +0300] "GET /administrator/index.php HTTP/1.0" 200 7544 "-" "Mozilla/5.0 (Windows NT 6.3; Win64; x64) AppleWebKit/537.36 (KHTML, like Gecko) Chrome/80.0.3987.132 Safari/537.36"
51.159.18.78 - - [24/May/2020:05:20:24 +0300] "GET /administrator/index.php HTTP/1.0" 200 3074 "-" "Mozilla/5.0 (Windows NT 6.3; WOW64; Trident/7.0; rv:11.0) like Gecko"
51.159.18.78 - - [24/May/2020:05:20:25 +0300] "GET /administrator/index.php HTTP/1.0" 200 3074 "-" "Mozilla/5.0 (Windows NT 6.3; WOW64; Trident/7.0; rv:11.0) like Gecko"
51.159.18.78 - - [24/May/2020:05:20:25 +0300] "POST /administrator/index.php HTTP/1.0" 200 3141 "-" "Mozilla/5.0 (Windows NT 6.3; WOW64; Trident/7.0; rv:11.0) like Gecko"
51.159.18.78 - - [24/May/2020:05:20:26 +0300] "POST /administrator/index.php HTTP/1.0" 200 3141 "-" "Mozilla/5.0 (Windows NT 6.3; WOW64; Trident/7.0; rv:11.0) like Gecko"
185.220.100.246 - - [24/May/2020:05:33:18 +0300] "GET /administrator/ HTTP/1.0" 200 7641 "-" "Mozilla/5.0 (X11; Linux x86_64) AppleWebKit/537.36 (KHTML, like Gecko) Chrome/69.0.3497.100 Safari/537.36"
185.220.100.246 - - [24/May/2020:05:33:19 +0300] "POST /administrator/ HTTP/1.0" 200 7935 "-" "Mozilla/5.0 (X11; Linux x86_64) AppleWebKit/537.36 (KHTML, like Gecko) Chrome/69.0.3497.100 Safari/537.36"
54.36.148.87 - - [24/May/2020:06:05:00 +0300] "GET /nashi-uslugi/perevozka-opasnykh-gruzov HTTP/1.0" 200 12400 "-" "Mozilla/5.0 (compatible; AhrefsBot/6.1; +http://ahrefs.com/robot/)"
51.159.18.78 - - [24/May/2020:06:08:54 +0300] "GET /administrator/index.php HTTP/1.0" 200 3075 "-" "Mozilla/5.0 (Windows NT 6.3; WOW64; Trident/7.0; rv:11.0) like Gecko"
51.159.18.78 - - [24/May/2020:06:08:55 +0300] "POST /administrator/index.php HTTP/1.0" 200 3142 "-" "Mozilla/5.0 (Windows NT 6.3; WOW64; Trident/7.0; rv:11.0) like Gecko"
51.159.18.78 - - [24/May/2020:06:08:55 +0300] "GET /administrator/index.php HTTP/1.0" 200 3073 "-" "Mozilla/5.0 (Windows NT 6.3; WOW64; Trident/7.0; rv:11.0) like Gecko"
51.159.18.78 - - [24/May/2020:06:08:56 +0300] "POST /administrator/index.php HTTP/1.0" 200 3140 "-" "Mozilla/5.0 (Windows NT 6.3; WOW64; Trident/7.0; rv:11.0) like Gecko"
93.174.93.24 - - [24/May/2020:06:28:55 +0300] "GET / HTTP/1.0" 200 93598 "http://rafalex.ru/" "Mozilla/5.0 (Windows NT 6.1; WOW64) AppleWebKit/537.36 (KHTML, like Gecko) Chrome/67.0.3396.87 Safari/537.36 OPR/54.0.2952.64 (Edition Yx)"
93.174.93.24 - - [24/May/2020:06:28:57 +0300] "POST / HTTP/1.0" 303 664 "http://rafalex.ru/" "Mozilla/5.0 (Windows NT 6.1; WOW64) AppleWebKit/537.36 (KHTML, like Gecko) Chrome/67.0.3396.87 Safari/537.36 OPR/54.0.2952.64 (Edition Yx)"
93.174.93.24 - - [24/May/2020:06:28:58 +0300] "GET / HTTP/1.0" 200 93503 "http://rafalex.ru/" "Mozilla/5.0 (Windows NT 6.1; WOW64) AppleWebKit/537.36 (KHTML, like Gecko) Chrome/67.0.3396.87 Safari/537.36 OPR/54.0.2952.64 (Edition Yx)"
51.159.18.78 - - [24/May/2020:06:57:08 +0300] "GET /administrator/index.php HTTP/1.0" 200 3075 "-" "Mozilla/5.0 (Windows NT 6.3; WOW64; Trident/7.0; rv:11.0) like Gecko"
51.159.18.78 - - [24/May/2020:06:57:09 +0300] "GET /administrator/index.php HTTP/1.0" 200 3071 "-" "Mozilla/5.0 (Windows NT 6.3; WOW64; Trident/7.0; rv:11.0) like Gecko"
51.159.18.78 - - [24/May/2020:06:57:09 +0300] "POST /administrator/index.php HTTP/1.0" 200 3142 "-" "Mozilla/5.0 (Windows NT 6.3; WOW64; Trident/7.0; rv:11.0) like Gecko"
51.159.18.78 - - [24/May/2020:06:57:10 +0300] "POST /administrator/index.php HTTP/1.0" 200 3139 "-" "Mozilla/5.0 (Windows NT 6.3; WOW64; Trident/7.0; rv:11.0) like Gecko"
45.32.153.24 - - [24/May/2020:07:39:39 +0300] "GET /phpmyadmin/ HTTP/1.1" 200 3105 "-" "Mozilla/5.0 (X11; Ubuntu; Linux x86_64; rv:62.0) Gecko/20100101 Firefox/62.0"
45.32.153.24 - - [24/May/2020:07:39:39 +0300] "POST /phpmyadmin//index.php HTTP/1.1" 200 3182 "-" "Mozilla/5.0 (X11; Ubuntu; Linux x86_64; rv:62.0) Gecko/20100101 Firefox/62.0"
51.159.18.78 - - [24/May/2020:07:44:37 +0300] "GET /administrator/index.php HTTP/1.0" 200 3074 "-" "Mozilla/5.0 (Windows NT 6.3; WOW64; Trident/7.0; rv:11.0) like Gecko"
51.159.18.78 - - [24/May/2020:07:44:37 +0300] "GET /administrator/index.php HTTP/1.0" 200 3074 "-" "Mozilla/5.0 (Windows NT 6.3; WOW64; Trident/7.0; rv:11.0) like Gecko"
51.159.18.78 - - [24/May/2020:07:44:38 +0300] "POST /administrator/index.php HTTP/1.0" 200 3141 "-" "Mozilla/5.0 (Windows NT 6.3; WOW64; Trident/7.0; rv:11.0) like Gecko"
51.159.18.78 - - [24/May/2020:07:44:39 +0300] "POST /administrator/index.php HTTP/1.0" 200 3141 "-" "Mozilla/5.0 (Windows NT 6.3; WOW64; Trident/7.0; rv:11.0) like Gecko"
195.123.209.208 - - [24/May/2020:07:45:33 +0300] "GET /administrator/index.php HTTP/1.0" 200 3072 "-" "Mozilla/5.0 (Windows NT 10.0; Win64; x64) AppleWebKit/537.36 (KHTML, like Gecko) Chrome/64.0.3282.140 Safari/537.36 Edge/17.17134"
195.123.209.208 - - [24/May/2020:07:45:33 +0300] "POST /administrator/index.php HTTP/1.0" 200 3140 "http://rafalex.ru/administrator/index.php" "Mozilla/5.0 (Windows NT 10.0; Win64; x64) AppleWebKit/537.36 (KHTML, like Gecko) Chrome/64.0.3282.140 Safari/537.36 Edge/17.17134"
88.99.152.55 - "" [24/May/2020:07:45:47 +0300] "GET / HTTP/1.0" 200 14126 "" "Mozilla/5.0 (compatible; YandexBot/3.0; +http://yandex.com/bots)"
88.99.141.3 - - [24/May/2020:07:45:48 +0300] "GET /components/com_sppagebuilder/assets/css/font-awesome.min.css HTTP/1.1" 200 30961 "http://rafalex.ru/" "Mozilla/5.0 (Windows NT 6.1; WOW64) AppleWebKit/537.36 (KHTML, like Gecko) Chrome/56.0.2924.87 Safari/537.36"
88.99.141.3 - - [24/May/2020:07:45:48 +0300] "GET /components/com_sppagebuilder/assets/fonts/fontawesome-webfont.eot?v=4.7.0 HTTP/1.0" 200 166015 "http://rafalex.ru/components/com_sppagebuilder/assets/css/font-awesome.min.css" "Mozilla/5.0 (X11; Linux x86_64; rv:45.0) Gecko/20100101 Firefox/45.0"
88.99.141.3 - - [24/May/2020:07:45:48 +0300] "GET /components/com_sppagebuilder/assets/fonts/fontawesome-webfont.eot HTTP/1.0" 200 166015 "http://rafalex.ru/components/com_sppagebuilder/assets/fonts/fontawesome-webfont.eot?v=4.7.0" "Mozilla/5.0 (Macintosh; Intel Mac OS X 10_12_0) AppleWebKit/537.36 (KHTML, like Gecko) Chrome/56.0.2924.87 Safari/537.36"
88.99.141.3 - - [24/May/2020:07:45:48 +0300] "GET /components/com_sppagebuilder/assets/fonts/fontawesome-webfont.woff2?v=4.7.0 HTTP/1.0" 200 77387 "http://rafalex.ru/components/com_sppagebuilder/assets/fonts/fontawesome-webfont.eot?" "Mozilla/5.0 (Windows NT 6.1; Trident/7.0; rv:11.0) like Gecko"
88.99.141.3 - - [24/May/2020:07:45:49 +0300] "GET /components/com_sppagebuilder/assets/fonts/fontawesome-webfont.woff?v=4.7.0 HTTP/1.0" 200 98288 "http://rafalex.ru/components/com_sppagebuilder/assets/fonts/fontawesome-webfont.woff2?v=4.7.0" "Mozilla/5.0 (Windows NT 6.1; WOW64; rv:50.0) Gecko/20100101 Firefox/50.0"
88.99.141.3 - - [24/May/2020:07:45:49 +0300] "GET /components/com_sppagebuilder/assets/fonts/fontawesome-webfont.ttf?v=4.7.0 HTTP/1.0" 200 165813 "http://rafalex.ru/components/com_sppagebuilder/assets/fonts/fontawesome-webfont.woff?v=4.7.0" "Mozilla/5.0 (Macintosh; Intel Mac OS X 10_11_6) AppleWebKit/537.36 (KHTML, like Gecko) Chrome/55.0.2883.95 Safari/537.36"
88.99.141.3 - - [24/May/2020:07:45:49 +0300] "GET /components/com_sppagebuilder/assets/fonts/fontawesome-webfont.svg?v=4.7.0 HTTP/1.1" 200 444379 "http://rafalex.ru/components/com_sppagebuilder/assets/fonts/fontawesome-webfont.ttf?v=4.7.0" "Mozilla/5.0 (Windows NT 6.1; Win64; x64; rv:51.0) Gecko/20100101 Firefox/51.0"
88.99.141.3 - - [24/May/2020:07:45:49 +0300] "GET /components/com_sppagebuilder/assets/css/animate.min.css HTTP/1.1" 200 53431 "http://rafalex.ru/" "Mozilla/5.0 (Windows NT 6.1; WOW64) AppleWebKit/537.36 (KHTML, like Gecko) Chrome/47.0.2526.73 Safari/537.36 OPR/34.0.2036.25"
88.99.141.3 - - [24/May/2020:07:45:50 +0300] "GET /components/com_sppagebuilder/assets/css/sppagebuilder.css HTTP/1.1" 200 99520 "http://rafalex.ru/" "Mozilla/5.0 (Macintosh; Intel Mac OS X 10_11_6) AppleWebKit/537.36 (KHTML, like Gecko) Chrome/55.0.2883.95 Safari/537.36"
88.99.141.3 - - [24/May/2020:07:45:50 +0300] "GET /components/com_sppagebuilder/assets/css/sppagecontainer.css HTTP/1.1" 200 268 "http://rafalex.ru/" "Mozilla/5.0 (compatible; MSIE 9.0; Windows NT 6.0; Trident/5.0; Trident/5.0)"
88.99.141.3 - - [24/May/2020:07:45:50 +0300] "GET /modules/mod_gruemenu/css/styles.css HTTP/1.1" 200 4507 "http://rafalex.ru/" "Mozilla/5.0 (Macintosh; Intel Mac OS X 10_10_5) AppleWebKit/602.4.8 (KHTML, like Gecko) Version/10.0.3 Safari/602.4.8"
88.99.141.3 - - [24/May/2020:07:45:50 +0300] "GET /modules/mod_contactus/css/contactus_form.css HTTP/1.1" 200 7109 "http://rafalex.ru/" "Mozilla/5.0 (Windows NT 6.1; Win64; x64) AppleWebKit/537.36 (KHTML, like Gecko) Chrome/55.0.2883.87 Safari/537.36"
88.99.141.3 - - [24/May/2020:07:45:50 +0300] "GET /modules/mod_contactus/css/contactus_lightbox.css HTTP/1.1" 200 8994 "http://rafalex.ru/" "Mozilla/5.0 (Windows NT 5.1; rv:51.0) Gecko/20100101 Firefox/51.0"
88.99.141.3 - - [24/May/2020:07:45:50 +0300] "GET /templates/shaper_helix3/css/bootstrap.min.css HTTP/1.1" 200 121200 "http://rafalex.ru/" "Mozilla/5.0 (Macintosh; Intel Mac OS X 10_11_6) AppleWebKit/601.7.7 (KHTML, like Gecko) Version/9.1.2 Safari/601.7.7"
88.99.141.3 - "" [24/May/2020:07:45:50 +0300] "GET /templates/shaper_helix3/fonts/glyphicons-halflings-regular.eot HTTP/1.0" 404 1954 "http://rafalex.ru/templates/shaper_helix3/css/bootstrap.min.css" "Mozilla/5.0 (X11; Linux x86_64) AppleWebKit/537.36 (KHTML, like Gecko) Chrome/55.0.2883.75 Safari/537.36"
