3.34.145.222 - - [29/May/2020:00:45:58 +0300] "GET / HTTP/1.0" 200 93503 "http://rafalex.ru/" "Mozilla/5.0 (Windows NT 6.1) AppleWebKit/537.36 (KHTML, like Gecko) Chrome/68.0.3440.106 Safari/537.36 Kinza/4.9.1"
51.159.18.78 - - [29/May/2020:00:56:41 +0300] "GET /administrator/index.php HTTP/1.0" 200 3072 "-" "Mozilla/5.0 (Windows NT 6.3; WOW64; Trident/7.0; rv:11.0) like Gecko"
51.159.18.78 - - [29/May/2020:00:56:41 +0300] "GET /administrator/index.php HTTP/1.0" 200 3074 "-" "Mozilla/5.0 (Windows NT 6.3; WOW64; Trident/7.0; rv:11.0) like Gecko"
51.159.18.78 - - [29/May/2020:00:56:42 +0300] "POST /administrator/index.php HTTP/1.0" 200 3140 "-" "Mozilla/5.0 (Windows NT 6.3; WOW64; Trident/7.0; rv:11.0) like Gecko"
51.159.18.78 - - [29/May/2020:00:56:42 +0300] "POST /administrator/index.php HTTP/1.0" 200 3138 "-" "Mozilla/5.0 (Windows NT 6.3; WOW64; Trident/7.0; rv:11.0) like Gecko"
5.188.84.150 - - [29/May/2020:01:17:47 +0300] "GET / HTTP/1.0" 200 93598 "http://rafalex.ru/" "Mozilla/5.0 (Windows NT 10.0; Win64; x64) AppleWebKit/537.36 (KHTML, like Gecko) Chrome/67.0.3396.79 Safari/537.36"
5.188.84.150 - - [29/May/2020:01:17:48 +0300] "POST / HTTP/1.0" 303 664 "http://rafalex.ru/" "Mozilla/5.0 (Windows NT 10.0; Win64; x64) AppleWebKit/537.36 (KHTML, like Gecko) Chrome/67.0.3396.79 Safari/537.36"
5.188.84.150 - - [29/May/2020:01:17:49 +0300] "GET / HTTP/1.0" 200 93503 "http://rafalex.ru/" "Mozilla/5.0 (Windows NT 10.0; Win64; x64) AppleWebKit/537.36 (KHTML, like Gecko) Chrome/67.0.3396.79 Safari/537.36"
137.74.33.249 - - [29/May/2020:01:36:13 +0300] "GET /administrator/index.php HTTP/1.0" 200 3073 "-" "Mozilla/5.0 (Windows NT 10.0; Win64; x64) AppleWebKit/537.36 (KHTML, like Gecko) Chrome/64.0.3282.140 Safari/537.36 Edge/17.17134"
137.74.33.249 - - [29/May/2020:01:36:13 +0300] "POST /administrator/index.php HTTP/1.0" 200 3140 "http://rafalex.ru/administrator/index.php" "Mozilla/5.0 (Windows NT 10.0; Win64; x64) AppleWebKit/537.36 (KHTML, like Gecko) Chrome/64.0.3282.140 Safari/537.36 Edge/17.17134"
51.159.18.78 - - [29/May/2020:01:36:20 +0300] "GET /administrator/index.php HTTP/1.0" 200 3072 "-" "Mozilla/5.0 (Windows NT 6.3; WOW64; Trident/7.0; rv:11.0) like Gecko"
51.159.18.78 - - [29/May/2020:01:36:21 +0300] "GET /administrator/index.php HTTP/1.0" 200 3071 "-" "Mozilla/5.0 (Windows NT 6.3; WOW64; Trident/7.0; rv:11.0) like Gecko"
51.159.18.78 - - [29/May/2020:01:36:22 +0300] "POST /administrator/index.php HTTP/1.0" 200 3139 "-" "Mozilla/5.0 (Windows NT 6.3; WOW64; Trident/7.0; rv:11.0) like Gecko"
51.159.18.78 - - [29/May/2020:01:36:23 +0300] "POST /administrator/index.php HTTP/1.0" 200 3139 "-" "Mozilla/5.0 (Windows NT 6.3; WOW64; Trident/7.0; rv:11.0) like Gecko"
51.159.18.78 - - [29/May/2020:02:14:47 +0300] "GET /administrator/index.php HTTP/1.0" 200 3072 "-" "Mozilla/5.0 (Windows NT 6.3; WOW64; Trident/7.0; rv:11.0) like Gecko"
51.159.18.78 - - [29/May/2020:02:14:47 +0300] "GET /administrator/index.php HTTP/1.0" 200 3073 "-" "Mozilla/5.0 (Windows NT 6.3; WOW64; Trident/7.0; rv:11.0) like Gecko"
51.159.18.78 - - [29/May/2020:02:14:47 +0300] "POST /administrator/index.php HTTP/1.0" 200 3139 "-" "Mozilla/5.0 (Windows NT 6.3; WOW64; Trident/7.0; rv:11.0) like Gecko"
51.159.18.78 - - [29/May/2020:02:14:48 +0300] "POST /administrator/index.php HTTP/1.0" 200 3140 "-" "Mozilla/5.0 (Windows NT 6.3; WOW64; Trident/7.0; rv:11.0) like Gecko"
45.32.153.24 - - [29/May/2020:02:40:47 +0300] "GET /phpmyadmin/ HTTP/1.1" 200 3107 "-" "Mozilla/5.0 (X11; Ubuntu; Linux x86_64; rv:62.0) Gecko/20100101 Firefox/62.0"
45.32.153.24 - - [29/May/2020:02:40:48 +0300] "POST /phpmyadmin//index.php HTTP/1.1" 200 3180 "-" "Mozilla/5.0 (X11; Ubuntu; Linux x86_64; rv:62.0) Gecko/20100101 Firefox/62.0"
178.159.37.69 - - [29/May/2020:02:42:09 +0300] "GET / HTTP/1.0" 200 93607 "http://rafalex.ru/" "Mozilla/5.0 (Windows NT 6.1) AppleWebKit/537.36 (KHTML, like Gecko) Chrome/68.0.3440.106 Safari/537.36"
178.159.37.69 - - [29/May/2020:02:42:13 +0300] "POST / HTTP/1.0" 303 664 "http://rafalex.ru/" "Mozilla/5.0 (Windows NT 6.1) AppleWebKit/537.36 (KHTML, like Gecko) Chrome/68.0.3440.106 Safari/537.36"
178.159.37.69 - - [29/May/2020:02:42:14 +0300] "GET / HTTP/1.0" 200 93510 "http://rafalex.ru/" "Mozilla/5.0 (Windows NT 6.1) AppleWebKit/537.36 (KHTML, like Gecko) Chrome/68.0.3440.106 Safari/537.36"
178.159.37.69 - - [29/May/2020:02:42:15 +0300] "GET / HTTP/1.0" 200 93508 "http://rafalex.ru/" "Mozilla/5.0 (Windows NT 6.1) AppleWebKit/537.36 (KHTML, like Gecko) Chrome/68.0.3440.106 Safari/537.36"
51.159.18.78 - - [29/May/2020:02:52:54 +0300] "GET /administrator/index.php HTTP/1.0" 200 3072 "-" "Mozilla/5.0 (Windows NT 6.3; WOW64; Trident/7.0; rv:11.0) like Gecko"
51.159.18.78 - - [29/May/2020:02:52:54 +0300] "GET /administrator/index.php HTTP/1.0" 200 3072 "-" "Mozilla/5.0 (Windows NT 6.3; WOW64; Trident/7.0; rv:11.0) like Gecko"
51.159.18.78 - - [29/May/2020:02:52:56 +0300] "POST /administrator/index.php HTTP/1.0" 200 3140 "-" "Mozilla/5.0 (Windows NT 6.3; WOW64; Trident/7.0; rv:11.0) like Gecko"
51.159.18.78 - - [29/May/2020:02:52:56 +0300] "POST /administrator/index.php HTTP/1.0" 200 3139 "-" "Mozilla/5.0 (Windows NT 6.3; WOW64; Trident/7.0; rv:11.0) like Gecko"
185.125.169.26 - - [29/May/2020:02:54:21 +0300] "GET / HTTP/1.0" 200 93614 "http://rafalex.ru/" "Mozilla/5.0 (Windows NT 6.1; Win64; x64) AppleWebKit/537.36 (KHTML, like Gecko) Chrome/67.0.3396.87 Safari/537.36 OPR/54.0.2952.51"
185.125.169.26 - - [29/May/2020:02:54:23 +0300] "POST / HTTP/1.0" 303 664 "http://rafalex.ru/" "Mozilla/5.0 (Windows NT 6.1; Win64; x64) AppleWebKit/537.36 (KHTML, like Gecko) Chrome/67.0.3396.87 Safari/537.36 OPR/54.0.2952.51"
185.125.169.26 - - [29/May/2020:02:54:23 +0300] "GET / HTTP/1.0" 200 93517 "http://rafalex.ru/" "Mozilla/5.0 (Windows NT 6.1; Win64; x64) AppleWebKit/537.36 (KHTML, like Gecko) Chrome/67.0.3396.87 Safari/537.36 OPR/54.0.2952.51"
185.125.169.26 - - [29/May/2020:02:54:25 +0300] "GET / HTTP/1.0" 200 93517 "http://rafalex.ru/" "Mozilla/5.0 (Windows NT 6.1; Win64; x64) AppleWebKit/537.36 (KHTML, like Gecko) Chrome/67.0.3396.87 Safari/537.36 OPR/54.0.2952.51"
54.36.149.11 - - [29/May/2020:03:02:09 +0300] "GET /robots.txt HTTP/1.0" 200 696 "-" "Mozilla/5.0 (compatible; AhrefsBot/6.1; +http://ahrefs.com/robot/)"
54.36.149.0 - - [29/May/2020:03:02:10 +0300] "GET / HTTP/1.0" 200 14129 "-" "Mozilla/5.0 (compatible; AhrefsBot/6.1; +http://ahrefs.com/robot/)"
45.56.151.98 - - [29/May/2020:03:12:05 +0300] "GET / HTTP/1.0" 200 93600 "http://rafalex.ru/" "Mozilla/5.0 (Windows NT 6.3; Win64; x64) AppleWebKit/537.36 (KHTML, like Gecko) Chrome/68.0.3440.106 Safari/537.36"
45.56.151.98 - - [29/May/2020:03:16:07 +0300] "POST / HTTP/1.0" 303 664 "http://rafalex.ru/" "Mozilla/5.0 (Windows NT 6.3; Win64; x64) AppleWebKit/537.36 (KHTML, like Gecko) Chrome/68.0.3440.106 Safari/537.36"
45.56.151.98 - - [29/May/2020:03:16:08 +0300] "GET / HTTP/1.0" 200 93503 "http://rafalex.ru/" "Mozilla/5.0 (Windows NT 6.3; Win64; x64) AppleWebKit/537.36 (KHTML, like Gecko) Chrome/68.0.3440.106 Safari/537.36"
45.56.151.98 - - [29/May/2020:03:16:09 +0300] "GET / HTTP/1.0" 200 93503 "http://rafalex.ru/" "Mozilla/5.0 (Windows NT 6.3; Win64; x64) AppleWebKit/537.36 (KHTML, like Gecko) Chrome/68.0.3440.106 Safari/537.36"
51.159.18.78 - - [29/May/2020:03:32:35 +0300] "GET /administrator/index.php HTTP/1.0" 200 3073 "-" "Mozilla/5.0 (Windows NT 6.3; WOW64; Trident/7.0; rv:11.0) like Gecko"
51.159.18.78 - - [29/May/2020:03:32:35 +0300] "GET /administrator/index.php HTTP/1.0" 200 3072 "-" "Mozilla/5.0 (Windows NT 6.3; WOW64; Trident/7.0; rv:11.0) like Gecko"
51.159.18.78 - - [29/May/2020:03:32:36 +0300] "POST /administrator/index.php HTTP/1.0" 200 3139 "-" "Mozilla/5.0 (Windows NT 6.3; WOW64; Trident/7.0; rv:11.0) like Gecko"
51.159.18.78 - - [29/May/2020:03:32:36 +0300] "POST /administrator/index.php HTTP/1.0" 200 3139 "-" "Mozilla/5.0 (Windows NT 6.3; WOW64; Trident/7.0; rv:11.0) like Gecko"
185.183.107.85 - - [29/May/2020:03:33:10 +0300] "GET / HTTP/1.0" 200 93614 "http://rafalex.ru/" "Mozilla/5.0 (Windows NT 6.1) AppleWebKit/537.36 (KHTML, like Gecko) Chrome/67.0.3396.99 Safari/537.36"
185.183.107.85 - - [29/May/2020:03:33:12 +0300] "POST / HTTP/1.0" 303 664 "http://rafalex.ru/" "Mozilla/5.0 (Windows NT 6.1) AppleWebKit/537.36 (KHTML, like Gecko) Chrome/67.0.3396.99 Safari/537.36"
185.183.107.85 - - [29/May/2020:03:33:12 +0300] "GET / HTTP/1.0" 200 93517 "http://rafalex.ru/" "Mozilla/5.0 (Windows NT 6.1) AppleWebKit/537.36 (KHTML, like Gecko) Chrome/67.0.3396.99 Safari/537.36"
42.113.63.2 - - [29/May/2020:03:55:41 +0300] "GET / HTTP/1.0" 200 93591 "http://rafalex.ru/" "Mozilla/5.0 (Windows NT 6.1) AppleWebKit/537.36 (KHTML, like Gecko) Chrome/66.0.3359.181 Safari/537.36"
42.113.63.2 - - [29/May/2020:03:55:43 +0300] "POST / HTTP/1.0" 303 664 "http://rafalex.ru/" "Mozilla/5.0 (Windows NT 6.1) AppleWebKit/537.36 (KHTML, like Gecko) Chrome/66.0.3359.181 Safari/537.36"
42.113.63.2 - - [29/May/2020:03:55:44 +0300] "GET / HTTP/1.0" 200 93496 "http://rafalex.ru/" "Mozilla/5.0 (Windows NT 6.1) AppleWebKit/537.36 (KHTML, like Gecko) Chrome/66.0.3359.181 Safari/537.36"
51.159.18.78 - - [29/May/2020:04:12:44 +0300] "GET /administrator/index.php HTTP/1.0" 200 3076 "-" "Mozilla/5.0 (Windows NT 6.3; WOW64; Trident/7.0; rv:11.0) like Gecko"
51.159.18.78 - - [29/May/2020:04:12:44 +0300] "GET /administrator/index.php HTTP/1.0" 200 3072 "-" "Mozilla/5.0 (Windows NT 6.3; WOW64; Trident/7.0; rv:11.0) like Gecko"
51.159.18.78 - - [29/May/2020:04:12:45 +0300] "POST /administrator/index.php HTTP/1.0" 200 3140 "-" "Mozilla/5.0 (Windows NT 6.3; WOW64; Trident/7.0; rv:11.0) like Gecko"
51.159.18.78 - - [29/May/2020:04:12:45 +0300] "POST /administrator/index.php HTTP/1.0" 200 3143 "-" "Mozilla/5.0 (Windows NT 6.3; WOW64; Trident/7.0; rv:11.0) like Gecko"
137.74.33.249 - - [29/May/2020:04:19:22 +0300] "GET /administrator/index.php HTTP/1.0" 200 3073 "-" "Mozilla/5.0 (Windows NT 10.0; Win64; x64) AppleWebKit/537.36 (KHTML, like Gecko) Chrome/64.0.3282.140 Safari/537.36 Edge/17.17134"
137.74.33.249 - - [29/May/2020:04:19:22 +0300] "POST /administrator/index.php HTTP/1.0" 200 3140 "http://rafalex.ru/administrator/index.php" "Mozilla/5.0 (Windows NT 10.0; Win64; x64) AppleWebKit/537.36 (KHTML, like Gecko) Chrome/64.0.3282.140 Safari/537.36 Edge/17.17134"
159.224.242.253 - - [29/May/2020:04:22:45 +0300] "GET / HTTP/1.0" 200 14127 "-" "Mozilla/4.0 (compatible; MSIE 6.0; Windows NT 5.1; SV1)"
91.212.229.16 - - [29/May/2020:04:30:24 +0300] "GET / HTTP/1.0" 200 93605 "-" "Googlebot"
89.108.65.227 - - [29/May/2020:04:38:50 +0300] "GET /phpmyadmin/ HTTP/1.1" 200 3104 "-" "Mozilla/5.0 (X11; Ubuntu; Linux x86_64; rv:62.0) Gecko/20100101 Firefox/62.0"
89.108.65.227 - - [29/May/2020:04:38:50 +0300] "POST /phpmyadmin//index.php HTTP/1.1" 200 3162 "-" "Mozilla/5.0 (X11; Ubuntu; Linux x86_64; rv:62.0) Gecko/20100101 Firefox/62.0"
51.159.18.78 - - [29/May/2020:04:52:15 +0300] "GET /administrator/index.php HTTP/1.0" 200 3072 "-" "Mozilla/5.0 (Windows NT 6.3; WOW64; Trident/7.0; rv:11.0) like Gecko"
51.159.18.78 - - [29/May/2020:04:52:15 +0300] "GET /administrator/index.php HTTP/1.0" 200 3072 "-" "Mozilla/5.0 (Windows NT 6.3; WOW64; Trident/7.0; rv:11.0) like Gecko"
51.159.18.78 - - [29/May/2020:04:52:16 +0300] "POST /administrator/index.php HTTP/1.0" 200 3139 "-" "Mozilla/5.0 (Windows NT 6.3; WOW64; Trident/7.0; rv:11.0) like Gecko"
51.159.18.78 - - [29/May/2020:04:52:16 +0300] "POST /administrator/index.php HTTP/1.0" 200 3140 "-" "Mozilla/5.0 (Windows NT 6.3; WOW64; Trident/7.0; rv:11.0) like Gecko"
104.149.141.6 - - [29/May/2020:05:00:16 +0300] "GET /phpmyadmin/ HTTP/1.1" 200 3105 "-" "Mozilla/5.0 (X11; Ubuntu; Linux x86_64; rv:62.0) Gecko/20100101 Firefox/62.0"
104.149.141.6 - - [29/May/2020:05:00:18 +0300] "POST /phpmyadmin//index.php HTTP/1.1" 200 3181 "-" "Mozilla/5.0 (X11; Ubuntu; Linux x86_64; rv:62.0) Gecko/20100101 Firefox/62.0"
94.247.133.40 - - [29/May/2020:05:20:40 +0300] "GET /phpmyadmin/ HTTP/1.1" 200 3106 "-" "Mozilla/5.0 (X11; Ubuntu; Linux x86_64; rv:62.0) Gecko/20100101 Firefox/62.0"
94.247.133.40 - - [29/May/2020:05:20:40 +0300] "POST /phpmyadmin//index.php HTTP/1.1" 200 3162 "-" "Mozilla/5.0 (X11; Ubuntu; Linux x86_64; rv:62.0) Gecko/20100101 Firefox/62.0"
51.159.18.78 - - [29/May/2020:05:32:02 +0300] "GET /administrator/index.php HTTP/1.0" 200 3073 "-" "Mozilla/5.0 (Windows NT 6.3; WOW64; Trident/7.0; rv:11.0) like Gecko"
51.159.18.78 - - [29/May/2020:05:32:03 +0300] "GET /administrator/index.php HTTP/1.0" 200 3072 "-" "Mozilla/5.0 (Windows NT 6.3; WOW64; Trident/7.0; rv:11.0) like Gecko"
51.159.18.78 - - [29/May/2020:05:32:03 +0300] "POST /administrator/index.php HTTP/1.0" 200 3140 "-" "Mozilla/5.0 (Windows NT 6.3; WOW64; Trident/7.0; rv:11.0) like Gecko"
51.159.18.78 - - [29/May/2020:05:32:03 +0300] "POST /administrator/index.php HTTP/1.0" 200 3140 "-" "Mozilla/5.0 (Windows NT 6.3; WOW64; Trident/7.0; rv:11.0) like Gecko"
212.47.243.28 - - [29/May/2020:05:42:58 +0300] "GET /phpmyadmin/ HTTP/1.1" 200 3105 "-" "Mozilla/5.0 (X11; Ubuntu; Linux x86_64; rv:62.0) Gecko/20100101 Firefox/62.0"
212.47.243.28 - - [29/May/2020:05:42:58 +0300] "POST /phpmyadmin//index.php HTTP/1.1" 200 3162 "-" "Mozilla/5.0 (X11; Ubuntu; Linux x86_64; rv:62.0) Gecko/20100101 Firefox/62.0"
51.159.18.78 - - [29/May/2020:06:11:03 +0300] "GET /administrator/index.php HTTP/1.0" 200 3073 "-" "Mozilla/5.0 (Windows NT 6.3; WOW64; Trident/7.0; rv:11.0) like Gecko"
51.159.18.78 - - [29/May/2020:06:11:03 +0300] "GET /administrator/index.php HTTP/1.0" 200 3073 "-" "Mozilla/5.0 (Windows NT 6.3; WOW64; Trident/7.0; rv:11.0) like Gecko"
51.159.18.78 - - [29/May/2020:06:11:05 +0300] "POST /administrator/index.php HTTP/1.0" 200 3140 "-" "Mozilla/5.0 (Windows NT 6.3; WOW64; Trident/7.0; rv:11.0) like Gecko"
51.159.18.78 - - [29/May/2020:06:11:05 +0300] "POST /administrator/index.php HTTP/1.0" 200 3140 "-" "Mozilla/5.0 (Windows NT 6.3; WOW64; Trident/7.0; rv:11.0) like Gecko"
172.96.186.131 - - [29/May/2020:06:26:54 +0300] "GET /phpmyadmin/ HTTP/1.1" 200 3104 "-" "Mozilla/5.0 (X11; Ubuntu; Linux x86_64; rv:62.0) Gecko/20100101 Firefox/62.0"
172.96.186.131 - - [29/May/2020:06:26:54 +0300] "POST /phpmyadmin//index.php HTTP/1.1" 200 3161 "-" "Mozilla/5.0 (X11; Ubuntu; Linux x86_64; rv:62.0) Gecko/20100101 Firefox/62.0"
91.239.233.48 - - [29/May/2020:06:49:17 +0300] "GET /phpmyadmin/ HTTP/1.1" 200 3104 "-" "Mozilla/5.0 (X11; Ubuntu; Linux x86_64; rv:62.0) Gecko/20100101 Firefox/62.0"
91.239.233.48 - - [29/May/2020:06:49:17 +0300] "POST /phpmyadmin//index.php HTTP/1.1" 200 3161 "-" "Mozilla/5.0 (X11; Ubuntu; Linux x86_64; rv:62.0) Gecko/20100101 Firefox/62.0"
51.159.18.78 - - [29/May/2020:06:50:38 +0300] "GET /administrator/index.php HTTP/1.0" 200 3071 "-" "Mozilla/5.0 (Windows NT 6.3; WOW64; Trident/7.0; rv:11.0) like Gecko"
51.159.18.78 - - [29/May/2020:06:50:38 +0300] "POST /administrator/index.php HTTP/1.0" 200 3139 "-" "Mozilla/5.0 (Windows NT 6.3; WOW64; Trident/7.0; rv:11.0) like Gecko"
51.159.18.78 - - [29/May/2020:06:50:39 +0300] "GET /administrator/index.php HTTP/1.0" 200 3074 "-" "Mozilla/5.0 (Windows NT 6.3; WOW64; Trident/7.0; rv:11.0) like Gecko"
51.159.18.78 - - [29/May/2020:06:50:41 +0300] "POST /administrator/index.php HTTP/1.0" 200 3140 "-" "Mozilla/5.0 (Windows NT 6.3; WOW64; Trident/7.0; rv:11.0) like Gecko"
137.74.33.249 - - [29/May/2020:07:01:45 +0300] "GET /administrator/index.php HTTP/1.0" 200 3070 "-" "Mozilla/5.0 (Windows NT 10.0; Win64; x64) AppleWebKit/537.36 (KHTML, like Gecko) Chrome/64.0.3282.140 Safari/537.36 Edge/17.17134"
137.74.33.249 - - [29/May/2020:07:01:45 +0300] "POST /administrator/index.php HTTP/1.0" 200 3138 "http://rafalex.ru/administrator/index.php" "Mozilla/5.0 (Windows NT 10.0; Win64; x64) AppleWebKit/537.36 (KHTML, like Gecko) Chrome/64.0.3282.140 Safari/537.36 Edge/17.17134"
85.26.151.114 - - [29/May/2020:07:11:35 +0300] "GET /phpmyadmin/ HTTP/1.1" 200 3105 "-" "Mozilla/5.0 (X11; Ubuntu; Linux x86_64; rv:62.0) Gecko/20100101 Firefox/62.0"
85.26.151.114 - - [29/May/2020:07:11:35 +0300] "POST /phpmyadmin//index.php HTTP/1.1" 200 3178 "-" "Mozilla/5.0 (X11; Ubuntu; Linux x86_64; rv:62.0) Gecko/20100101 Firefox/62.0"
51.159.18.78 - - [29/May/2020:07:30:04 +0300] "GET /administrator/index.php HTTP/1.0" 200 3072 "-" "Mozilla/5.0 (Windows NT 6.3; WOW64; Trident/7.0; rv:11.0) like Gecko"
51.159.18.78 - - [29/May/2020:07:30:05 +0300] "GET /administrator/index.php HTTP/1.0" 200 3074 "-" "Mozilla/5.0 (Windows NT 6.3; WOW64; Trident/7.0; rv:11.0) like Gecko"
51.159.18.78 - - [29/May/2020:07:30:05 +0300] "POST /administrator/index.php HTTP/1.0" 200 3139 "-" "Mozilla/5.0 (Windows NT 6.3; WOW64; Trident/7.0; rv:11.0) like Gecko"
51.159.18.78 - - [29/May/2020:07:30:07 +0300] "POST /administrator/index.php HTTP/1.0" 200 3142 "-" "Mozilla/5.0 (Windows NT 6.3; WOW64; Trident/7.0; rv:11.0) like Gecko"
213.163.39.242 - - [29/May/2020:07:34:32 +0300] "GET /phpmyadmin/ HTTP/1.1" 200 3106 "-" "Mozilla/5.0 (X11; Ubuntu; Linux x86_64; rv:62.0) Gecko/20100101 Firefox/62.0"
213.163.39.242 - - [29/May/2020:07:34:33 +0300] "POST /phpmyadmin//index.php HTTP/1.1" 200 3181 "-" "Mozilla/5.0 (X11; Ubuntu; Linux x86_64; rv:62.0) Gecko/20100101 Firefox/62.0"
213.180.203.190 - - [29/May/2020:07:35:42 +0300] "GET /robots.txt HTTP/1.0" 200 1108 "-" "Mozilla/5.0 (compatible; YandexBot/3.0; +http://yandex.com/bots)"
213.180.203.193 - - [29/May/2020:07:35:46 +0300] "GET /kontakty HTTP/1.0" 200 10618 "-" "Mozilla/5.0 (compatible; YandexBot/3.0; +http://yandex.com/bots)"
212.47.243.28 - - [29/May/2020:07:58:45 +0300] "GET /phpmyadmin/ HTTP/1.1" 200 3104 "-" "Mozilla/5.0 (X11; Ubuntu; Linux x86_64; rv:62.0) Gecko/20100101 Firefox/62.0"
212.47.243.28 - - [29/May/2020:07:58:56 +0300] "POST /phpmyadmin//index.php HTTP/1.1" 200 3161 "-" "Mozilla/5.0 (X11; Ubuntu; Linux x86_64; rv:62.0) Gecko/20100101 Firefox/62.0"
51.159.18.78 - - [29/May/2020:08:10:02 +0300] "GET /administrator/index.php HTTP/1.0" 200 3072 "-" "Mozilla/5.0 (Windows NT 6.3; WOW64; Trident/7.0; rv:11.0) like Gecko"
51.159.18.78 - - [29/May/2020:08:10:02 +0300] "GET /administrator/index.php HTTP/1.0" 200 3074 "-" "Mozilla/5.0 (Windows NT 6.3; WOW64; Trident/7.0; rv:11.0) like Gecko"
51.159.18.78 - - [29/May/2020:08:10:05 +0300] "POST /administrator/index.php HTTP/1.0" 200 3140 "-" "Mozilla/5.0 (Windows NT 6.3; WOW64; Trident/7.0; rv:11.0) like Gecko"
51.159.18.78 - - [29/May/2020:08:10:05 +0300] "POST /administrator/index.php HTTP/1.0" 200 3139 "-" "Mozilla/5.0 (Windows NT 6.3; WOW64; Trident/7.0; rv:11.0) like Gecko"
84.42.222.170 - - [29/May/2020:08:20:27 +0300] "GET /phpmyadmin/ HTTP/1.1" 200 3105 "-" "Mozilla/5.0 (X11; Ubuntu; Linux x86_64; rv:62.0) Gecko/20100101 Firefox/62.0"
84.42.222.170 - - [29/May/2020:08:20:27 +0300] "POST /phpmyadmin//index.php HTTP/1.1" 200 3178 "-" "Mozilla/5.0 (X11; Ubuntu; Linux x86_64; rv:62.0) Gecko/20100101 Firefox/62.0"
51.79.86.174 - - [29/May/2020:08:40:08 +0300] "GET / HTTP/1.0" 200 93596 "http://rafalex.ru/" "Mozilla/5.0 (Windows NT 6.1; Win64; x64) AppleWebKit/537.36 (KHTML, like Gecko) Chrome/68.0.3440.106 Safari/537.36"
5.227.15.25 - - [29/May/2020:08:40:53 +0300] "GET / HTTP/1.0" 200 93593 "http://rafalex.ru/" "Mozilla/5.0 (Windows NT 6.3; Win64; x64) AppleWebKit/537.36 (KHTML, like Gecko) Chrome/67.0.3396.79 Safari/537.36"
5.227.15.25 - - [29/May/2020:08:40:53 +0300] "POST / HTTP/1.0" 303 664 "http://rafalex.ru/" "Mozilla/5.0 (Windows NT 6.3; Win64; x64) AppleWebKit/537.36 (KHTML, like Gecko) Chrome/67.0.3396.79 Safari/537.36"
5.227.15.25 - - [29/May/2020:08:40:54 +0300] "GET / HTTP/1.0" 200 93496 "http://rafalex.ru/" "Mozilla/5.0 (Windows NT 6.3; Win64; x64) AppleWebKit/537.36 (KHTML, like Gecko) Chrome/67.0.3396.79 Safari/537.36"
91.75.133.106 - - [29/May/2020:08:43:41 +0300] "GET /phpmyadmin/ HTTP/1.1" 200 3104 "-" "Mozilla/5.0 (X11; Ubuntu; Linux x86_64; rv:62.0) Gecko/20100101 Firefox/62.0"
91.75.133.106 - - [29/May/2020:08:43:42 +0300] "POST /phpmyadmin//index.php HTTP/1.1" 200 3161 "-" "Mozilla/5.0 (X11; Ubuntu; Linux x86_64; rv:62.0) Gecko/20100101 Firefox/62.0"
45.32.153.24 - - [29/May/2020:08:44:45 +0300] "GET /phpmyadmin/ HTTP/1.1" 200 3105 "-" "Mozilla/5.0 (X11; Ubuntu; Linux x86_64; rv:62.0) Gecko/20100101 Firefox/62.0"
45.32.153.24 - - [29/May/2020:08:44:45 +0300] "POST /phpmyadmin//index.php HTTP/1.1" 200 3183 "-" "Mozilla/5.0 (X11; Ubuntu; Linux x86_64; rv:62.0) Gecko/20100101 Firefox/62.0"
80.93.187.124 - - [29/May/2020:08:45:36 +0300] "GET /rafalex_db.sql.gz HTTP/1.0" 404 1932 "-" "Mozilla/5.0 (Windows NT 10.0; Win64; x64) AppleWebKit/537.36 (KHTML, like Gecko) Chrome/72.0.3626.109 Safari/537.36"
51.159.18.78 - - [29/May/2020:08:50:42 +0300] "GET /administrator/index.php HTTP/1.0" 200 3074 "-" "Mozilla/5.0 (Windows NT 6.3; WOW64; Trident/7.0; rv:11.0) like Gecko"
51.159.18.78 - - [29/May/2020:08:50:43 +0300] "GET /administrator/index.php HTTP/1.0" 200 3072 "-" "Mozilla/5.0 (Windows NT 6.3; WOW64; Trident/7.0; rv:11.0) like Gecko"
51.159.18.78 - - [29/May/2020:08:50:44 +0300] "POST /administrator/index.php HTTP/1.0" 200 3141 "-" "Mozilla/5.0 (Windows NT 6.3; WOW64; Trident/7.0; rv:11.0) like Gecko"
51.159.18.78 - - [29/May/2020:08:50:44 +0300] "POST /administrator/index.php HTTP/1.0" 200 3139 "-" "Mozilla/5.0 (Windows NT 6.3; WOW64; Trident/7.0; rv:11.0) like Gecko"
23.91.71.220 - - [29/May/2020:09:05:26 +0300] "GET /phpmyadmin/ HTTP/1.1" 200 3105 "-" "Mozilla/5.0 (X11; Ubuntu; Linux x86_64; rv:62.0) Gecko/20100101 Firefox/62.0"
23.91.71.220 - - [29/May/2020:09:05:26 +0300] "POST /phpmyadmin//index.php HTTP/1.1" 200 3161 "-" "Mozilla/5.0 (X11; Ubuntu; Linux x86_64; rv:62.0) Gecko/20100101 Firefox/62.0"
84.42.222.170 - - [29/May/2020:09:27:21 +0300] "GET /phpmyadmin/ HTTP/1.1" 200 3104 "-" "Mozilla/5.0 (X11; Ubuntu; Linux x86_64; rv:62.0) Gecko/20100101 Firefox/62.0"
84.42.222.170 - - [29/May/2020:09:27:22 +0300] "POST /phpmyadmin//index.php HTTP/1.1" 200 3162 "-" "Mozilla/5.0 (X11; Ubuntu; Linux x86_64; rv:62.0) Gecko/20100101 Firefox/62.0"
95.28.76.236 - - [29/May/2020:09:27:47 +0300] "GET / HTTP/1.0" 200 93600 "http://rafalex.ru/" "Mozilla/5.0 (Windows NT 6.1) AppleWebKit/537.36 (KHTML, like Gecko) Chrome/68.0.3440.106 Safari/537.36"
95.28.76.236 - - [29/May/2020:09:28:11 +0300] "POST / HTTP/1.0" 303 567 "http://rafalex.ru/" "Mozilla/5.0 (Windows NT 6.1) AppleWebKit/537.36 (KHTML, like Gecko) Chrome/68.0.3440.106 Safari/537.36"
95.28.76.236 - - [29/May/2020:09:28:12 +0300] "GET / HTTP/1.0" 200 93501 "http://rafalex.ru/" "Mozilla/5.0 (Windows NT 6.1) AppleWebKit/537.36 (KHTML, like Gecko) Chrome/68.0.3440.106 Safari/537.36"
51.159.18.78 - - [29/May/2020:09:30:43 +0300] "GET /administrator/index.php HTTP/1.0" 200 3073 "-" "Mozilla/5.0 (Windows NT 6.3; WOW64; Trident/7.0; rv:11.0) like Gecko"
51.159.18.78 - - [29/May/2020:09:30:43 +0300] "GET /administrator/index.php HTTP/1.0" 200 3072 "-" "Mozilla/5.0 (Windows NT 6.3; WOW64; Trident/7.0; rv:11.0) like Gecko"
51.159.18.78 - - [29/May/2020:09:30:44 +0300] "POST /administrator/index.php HTTP/1.0" 200 3139 "-" "Mozilla/5.0 (Windows NT 6.3; WOW64; Trident/7.0; rv:11.0) like Gecko"
51.159.18.78 - - [29/May/2020:09:30:44 +0300] "POST /administrator/index.php HTTP/1.0" 200 3140 "-" "Mozilla/5.0 (Windows NT 6.3; WOW64; Trident/7.0; rv:11.0) like Gecko"
137.74.33.249 - - [29/May/2020:09:43:44 +0300] "GET /administrator/index.php HTTP/1.0" 200 3072 "-" "Mozilla/5.0 (Windows NT 10.0; Win64; x64) AppleWebKit/537.36 (KHTML, like Gecko) Chrome/64.0.3282.140 Safari/537.36 Edge/17.17134"
137.74.33.249 - - [29/May/2020:09:43:45 +0300] "POST /administrator/index.php HTTP/1.0" 200 3139 "http://rafalex.ru/administrator/index.php" "Mozilla/5.0 (Windows NT 10.0; Win64; x64) AppleWebKit/537.36 (KHTML, like Gecko) Chrome/64.0.3282.140 Safari/537.36 Edge/17.17134"
172.96.186.131 - - [29/May/2020:09:49:42 +0300] "GET /phpmyadmin/ HTTP/1.1" 200 3105 "-" "Mozilla/5.0 (X11; Ubuntu; Linux x86_64; rv:62.0) Gecko/20100101 Firefox/62.0"
172.96.186.131 - - [29/May/2020:09:49:44 +0300] "POST /phpmyadmin//index.php HTTP/1.1" 200 3161 "-" "Mozilla/5.0 (X11; Ubuntu; Linux x86_64; rv:62.0) Gecko/20100101 Firefox/62.0"
193.176.85.71 - - [29/May/2020:09:55:13 +0300] "GET / HTTP/1.0" 200 93607 "http://rafalex.ru/" "Mozilla/5.0 (Windows NT 10.0; Win64; x64) AppleWebKit/537.36 (KHTML, like Gecko) Chrome/67.0.3396.87 Safari/537.36 OPR/54.0.2952.64"
193.176.85.71 - - [29/May/2020:09:55:16 +0300] "POST / HTTP/1.0" 303 664 "http://rafalex.ru/" "Mozilla/5.0 (Windows NT 10.0; Win64; x64) AppleWebKit/537.36 (KHTML, like Gecko) Chrome/67.0.3396.87 Safari/537.36 OPR/54.0.2952.64"
193.176.85.71 - - [29/May/2020:09:55:17 +0300] "GET / HTTP/1.0" 200 93510 "http://rafalex.ru/" "Mozilla/5.0 (Windows NT 10.0; Win64; x64) AppleWebKit/537.36 (KHTML, like Gecko) Chrome/67.0.3396.87 Safari/537.36 OPR/54.0.2952.64"
213.180.203.51 - - [29/May/2020:10:03:57 +0300] "GET /robots.txt HTTP/1.0" 200 1108 "-" "Mozilla/5.0 (compatible; YandexBot/3.0; +http://yandex.com/bots)"
178.154.200.226 - - [29/May/2020:10:03:57 +0300] "GET /robots.txt HTTP/1.0" 200 1108 "-" "Mozilla/5.0 (compatible; YandexBot/3.0; +http://yandex.com/bots)"
178.154.200.158 - - [29/May/2020:10:03:57 +0300] "GET /robots.txt HTTP/1.0" 200 1108 "-" "Mozilla/5.0 (compatible; YandexBot/3.0; +http://yandex.com/bots)"
213.180.203.62 - - [29/May/2020:10:04:00 +0300] "GET / HTTP/1.0" 200 14127 "-" "Mozilla/5.0 (compatible; YandexBot/3.0; +http://yandex.com/bots)"
213.180.203.5 - - [29/May/2020:10:04:01 +0300] "GET / HTTP/1.0" 200 14134 "-" "Mozilla/5.0 (compatible; YandexBot/3.0; +http://yandex.com/bots)"
178.154.200.65 - - [29/May/2020:10:04:01 +0300] "GET / HTTP/1.0" 200 14127 "-" "Mozilla/5.0 (compatible; YandexBot/3.0; +http://yandex.com/bots)"
5.188.210.18 - - [29/May/2020:10:07:10 +0300] "GET / HTTP/1.0" 200 93598 "http://rafalex.ru/" "Mozilla/5.0 (Windows NT 10.0; Win64; x64) AppleWebKit/537.36 (KHTML, like Gecko) Chrome/68.0.3440.106 Safari/537.36 OPR/55.0.2994.44"
5.188.210.18 - - [29/May/2020:10:07:11 +0300] "POST / HTTP/1.0" 303 664 "http://rafalex.ru/" "Mozilla/5.0 (Windows NT 10.0; Win64; x64) AppleWebKit/537.36 (KHTML, like Gecko) Chrome/68.0.3440.106 Safari/537.36 OPR/55.0.2994.44"
5.188.210.18 - - [29/May/2020:10:07:11 +0300] "GET / HTTP/1.0" 200 93503 "http://rafalex.ru/" "Mozilla/5.0 (Windows NT 10.0; Win64; x64) AppleWebKit/537.36 (KHTML, like Gecko) Chrome/68.0.3440.106 Safari/537.36 OPR/55.0.2994.44"
51.159.18.78 - - [29/May/2020:10:11:25 +0300] "GET /administrator/index.php HTTP/1.0" 200 3072 "-" "Mozilla/5.0 (Windows NT 6.3; WOW64; Trident/7.0; rv:11.0) like Gecko"
51.159.18.78 - - [29/May/2020:10:11:25 +0300] "GET /administrator/index.php HTTP/1.0" 200 3072 "-" "Mozilla/5.0 (Windows NT 6.3; WOW64; Trident/7.0; rv:11.0) like Gecko"
94.180.216.78 - - [29/May/2020:10:11:26 +0300] "GET / HTTP/1.0" 200 93605 "-" "Mozilla/5.0 (Windows NT 6.3; WOW64) AppleWebKit/537.36 (KHTML, like Gecko) Chrome/80.0.3987.163 Safari/537.36 OPR/67.0.3575.137"
94.180.216.78 - - [29/May/2020:10:11:27 +0300] "GET /components/com_sppagebuilder/assets/css/font-awesome.min.css HTTP/1.1" 200 30961 "-" "Mozilla/4.0 (compatible; MSIE 7.0; Windows NT 6.2; WOW64; Trident/7.0; .NET4.0C; .NET4.0E; .NET CLR 2.0.50727; .NET CLR 3.0.30729; .NET CLR 3.5.30729)"
94.180.216.78 - - [29/May/2020:10:11:27 +0300] "GET /components/com_sppagebuilder/assets/css/animate.min.css HTTP/1.1" 200 53431 "-" "Mozilla/4.0 (compatible; MSIE 7.0; Windows NT 6.2; WOW64; Trident/7.0; .NET4.0C; .NET4.0E; .NET CLR 2.0.50727; .NET CLR 3.0.30729; .NET CLR 3.5.30729)"
94.180.216.78 - - [29/May/2020:10:11:27 +0300] "GET /components/com_sppagebuilder/assets/css/sppagebuilder.css HTTP/1.1" 200 99520 "-" "Mozilla/4.0 (compatible; MSIE 7.0; Windows NT 6.2; WOW64; Trident/7.0; .NET4.0C; .NET4.0E; .NET CLR 2.0.50727; .NET CLR 3.0.30729; .NET CLR 3.5.30729)"
94.180.216.78 - - [29/May/2020:10:11:27 +0300] "GET /components/com_sppagebuilder/assets/css/sppagecontainer.css HTTP/1.1" 200 268 "-" "Mozilla/4.0 (compatible; MSIE 7.0; Windows NT 6.2; WOW64; Trident/7.0; .NET4.0C; .NET4.0E; .NET CLR 2.0.50727; .NET CLR 3.0.30729; .NET CLR 3.5.30729)"
94.180.216.78 - - [29/May/2020:10:11:27 +0300] "GET /modules/mod_gruemenu/css/styles.css HTTP/1.1" 200 4507 "-" "Mozilla/4.0 (compatible; MSIE 7.0; Windows NT 6.2; WOW64; Trident/7.0; .NET4.0C; .NET4.0E; .NET CLR 2.0.50727; .NET CLR 3.0.30729; .NET CLR 3.5.30729)"
94.180.216.78 - - [29/May/2020:10:11:27 +0300] "GET /modules/mod_contactus/css/contactus_form.css HTTP/1.1" 200 7109 "-" "Mozilla/4.0 (compatible; MSIE 7.0; Windows NT 6.2; WOW64; Trident/7.0; .NET4.0C; .NET4.0E; .NET CLR 2.0.50727; .NET CLR 3.0.30729; .NET CLR 3.5.30729)"
94.180.216.78 - - [29/May/2020:10:11:27 +0300] "GET /modules/mod_contactus/css/contactus_lightbox.css HTTP/1.1" 200 8994 "-" "Mozilla/4.0 (compatible; MSIE 7.0; Windows NT 6.2; WOW64; Trident/7.0; .NET4.0C; .NET4.0E; .NET CLR 2.0.50727; .NET CLR 3.0.30729; .NET CLR 3.5.30729)"
94.180.216.78 - - [29/May/2020:10:11:27 +0300] "GET /templates/shaper_helix3/css/bootstrap.min.css HTTP/1.1" 200 121200 "-" "Mozilla/4.0 (compatible; MSIE 7.0; Windows NT 6.2; WOW64; Trident/7.0; .NET4.0C; .NET4.0E; .NET CLR 2.0.50727; .NET CLR 3.0.30729; .NET CLR 3.5.30729)"
94.180.216.78 - - [29/May/2020:10:11:27 +0300] "GET /templates/shaper_helix3/css/font-awesome.min.css HTTP/1.1" 200 31000 "-" "Mozilla/4.0 (compatible; MSIE 7.0; Windows NT 6.2; WOW64; Trident/7.0; .NET4.0C; .NET4.0E; .NET CLR 2.0.50727; .NET CLR 3.0.30729; .NET CLR 3.5.30729)"
94.180.216.78 - - [29/May/2020:10:11:27 +0300] "GET /templates/shaper_helix3/css/legacy.css HTTP/1.1" 200 27359 "-" "Mozilla/4.0 (compatible; MSIE 7.0; Windows NT 6.2; WOW64; Trident/7.0; .NET4.0C; .NET4.0E; .NET CLR 2.0.50727; .NET CLR 3.0.30729; .NET CLR 3.5.30729)"
94.180.216.78 - - [29/May/2020:10:11:27 +0300] "GET /templates/shaper_helix3/css/template.css HTTP/1.1" 200 75440 "-" "Mozilla/4.0 (compatible; MSIE 7.0; Windows NT 6.2; WOW64; Trident/7.0; .NET4.0C; .NET4.0E; .NET CLR 2.0.50727; .NET CLR 3.0.30729; .NET CLR 3.5.30729)"
94.180.216.78 - - [29/May/2020:10:11:27 +0300] "GET /templates/shaper_helix3/css/presets/preset1.css HTTP/1.1" 200 2159 "-" "Mozilla/4.0 (compatible; MSIE 7.0; Windows NT 6.2; WOW64; Trident/7.0; .NET4.0C; .NET4.0E; .NET CLR 2.0.50727; .NET CLR 3.0.30729; .NET CLR 3.5.30729)"
94.180.216.78 - - [29/May/2020:10:11:27 +0300] "GET /plugins/system/helix3/assets/css/pagebuilder.css HTTP/1.1" 200 546 "-" "Mozilla/4.0 (compatible; MSIE 7.0; Windows NT 6.2; WOW64; Trident/7.0; .NET4.0C; .NET4.0E; .NET CLR 2.0.50727; .NET CLR 3.0.30729; .NET CLR 3.5.30729)"
94.180.216.78 - - [29/May/2020:10:11:27 +0300] "GET /templates/shaper_helix3/css/frontend-edit.css HTTP/1.1" 200 3030 "-" "Mozilla/4.0 (compatible; MSIE 7.0; Windows NT 6.2; WOW64; Trident/7.0; .NET4.0C; .NET4.0E; .NET CLR 2.0.50727; .NET CLR 3.0.30729; .NET CLR 3.5.30729)"
94.180.216.78 - - [29/May/2020:10:11:27 +0300] "GET /images/2018/06/01/fast-delivery-2.png HTTP/1.1" 200 1362 "-" "Mozilla/4.0 (compatible; MSIE 7.0; Windows NT 6.2; WOW64; Trident/7.0; .NET4.0C; .NET4.0E; .NET CLR 2.0.50727; .NET CLR 3.0.30729; .NET CLR 3.5.30729)"
94.180.216.78 - - [29/May/2020:10:11:27 +0300] "GET /images/logo_03.png HTTP/1.1" 200 10758 "-" "Mozilla/4.0 (compatible; MSIE 7.0; Windows NT 6.2; WOW64; Trident/7.0; .NET4.0C; .NET4.0E; .NET CLR 2.0.50727; .NET CLR 3.0.30729; .NET CLR 3.5.30729)"
94.180.216.78 - - [29/May/2020:10:11:27 +0300] "GET /images/2018/06/01/shield.png HTTP/1.1" 200 2105 "-" "Mozilla/4.0 (compatible; MSIE 7.0; Windows NT 6.2; WOW64; Trident/7.0; .NET4.0C; .NET4.0E; .NET CLR 2.0.50727; .NET CLR 3.0.30729; .NET CLR 3.5.30729)"
94.180.216.78 - - [29/May/2020:10:11:27 +0300] "GET /images/2018/06/01/map.png HTTP/1.1" 200 1772 "-" "Mozilla/4.0 (compatible; MSIE 7.0; Windows NT 6.2; WOW64; Trident/7.0; .NET4.0C; .NET4.0E; .NET CLR 2.0.50727; .NET CLR 3.0.30729; .NET CLR 3.5.30729)"
94.180.216.78 - - [29/May/2020:10:11:27 +0300] "GET /images/2018/06/01/guarantee.png HTTP/1.1" 200 1112 "-" "Mozilla/4.0 (compatible; MSIE 7.0; Windows NT 6.2; WOW64; Trident/7.0; .NET4.0C; .NET4.0E; .NET CLR 2.0.50727; .NET CLR 3.0.30729; .NET CLR 3.5.30729)"
94.180.216.78 - - [29/May/2020:10:11:27 +0300] "GET /images/2018/06/13/tr30-c.png HTTP/1.1" 200 2458 "-" "Mozilla/4.0 (compatible; MSIE 7.0; Windows NT 6.2; WOW64; Trident/7.0; .NET4.0C; .NET4.0E; .NET CLR 2.0.50727; .NET CLR 3.0.30729; .NET CLR 3.5.30729)"
51.159.18.78 - - [29/May/2020:10:11:27 +0300] "POST /administrator/index.php HTTP/1.0" 200 3138 "-" "Mozilla/5.0 (Windows NT 6.3; WOW64; Trident/7.0; rv:11.0) like Gecko"
94.180.216.78 - - [29/May/2020:10:11:27 +0300] "GET /images/2018/06/01/menu.png HTTP/1.1" 200 1951 "-" "Mozilla/4.0 (compatible; MSIE 7.0; Windows NT 6.2; WOW64; Trident/7.0; .NET4.0C; .NET4.0E; .NET CLR 2.0.50727; .NET CLR 3.0.30729; .NET CLR 3.5.30729)"
94.180.216.78 - - [29/May/2020:10:11:27 +0300] "GET /images/2018/06/13/tr50-c.png HTTP/1.1" 200 2465 "-" "Mozilla/4.0 (compatible; MSIE 7.0; Windows NT 6.2; WOW64; Trident/7.0; .NET4.0C; .NET4.0E; .NET CLR 2.0.50727; .NET CLR 3.0.30729; .NET CLR 3.5.30729)"
94.180.216.78 - - [29/May/2020:10:11:27 +0300] "GET /images/2018/06/13/tr70.png HTTP/1.1" 200 2554 "-" "Mozilla/4.0 (compatible; MSIE 7.0; Windows NT 6.2; WOW64; Trident/7.0; .NET4.0C; .NET4.0E; .NET CLR 2.0.50727; .NET CLR 3.0.30729; .NET CLR 3.5.30729)"
94.180.216.78 - - [29/May/2020:10:11:27 +0300] "GET /images/2018/06/13/tr100.png HTTP/1.1" 200 2599 "-" "Mozilla/4.0 (compatible; MSIE 7.0; Windows NT 6.2; WOW64; Trident/7.0; .NET4.0C; .NET4.0E; .NET CLR 2.0.50727; .NET CLR 3.0.30729; .NET CLR 3.5.30729)"
94.180.216.78 - - [29/May/2020:10:11:27 +0300] "GET /images/design3_19.png HTTP/1.1" 200 2429 "-" "Mozilla/4.0 (compatible; MSIE 7.0; Windows NT 6.2; WOW64; Trident/7.0; .NET4.0C; .NET4.0E; .NET CLR 2.0.50727; .NET CLR 3.0.30729; .NET CLR 3.5.30729)"
51.159.18.78 - - [29/May/2020:10:11:27 +0300] "POST /administrator/index.php HTTP/1.0" 200 3139 "-" "Mozilla/5.0 (Windows NT 6.3; WOW64; Trident/7.0; rv:11.0) like Gecko"
94.180.216.78 - - [29/May/2020:10:11:28 +0300] "GET /images/2018/06/13/sl5.jpg HTTP/1.1" 200 140844 "-" "Mozilla/4.0 (compatible; MSIE 7.0; Windows NT 6.2; WOW64; Trident/7.0; .NET4.0C; .NET4.0E; .NET CLR 2.0.50727; .NET CLR 3.0.30729; .NET CLR 3.5.30729)"
94.180.216.78 - - [29/May/2020:10:11:28 +0300] "GET /images/2018/06/04/sl3.jpg HTTP/1.1" 200 140844 "-" "Mozilla/4.0 (compatible; MSIE 7.0; Windows NT 6.2; WOW64; Trident/7.0; .NET4.0C; .NET4.0E; .NET CLR 2.0.50727; .NET CLR 3.0.30729; .NET CLR 3.5.30729)"
94.180.216.78 - - [29/May/2020:10:11:28 +0300] "GET /images/2018/06/04/sl2.jpg HTTP/1.1" 200 140844 "-" "Mozilla/4.0 (compatible; MSIE 7.0; Windows NT 6.2; WOW64; Trident/7.0; .NET4.0C; .NET4.0E; .NET CLR 2.0.50727; .NET CLR 3.0.30729; .NET CLR 3.5.30729)"
94.180.216.78 - - [29/May/2020:10:11:28 +0300] "GET /images/2018/06/04/sl4.jpg HTTP/1.1" 200 140844 "-" "Mozilla/4.0 (compatible; MSIE 7.0; Windows NT 6.2; WOW64; Trident/7.0; .NET4.0C; .NET4.0E; .NET CLR 2.0.50727; .NET CLR 3.0.30729; .NET CLR 3.5.30729)"
23.91.71.220 - - [29/May/2020:10:11:37 +0300] "GET /phpmyadmin/ HTTP/1.1" 200 3105 "-" "Mozilla/5.0 (X11; Ubuntu; Linux x86_64; rv:62.0) Gecko/20100101 Firefox/62.0"
23.91.71.220 - - [29/May/2020:10:11:37 +0300] "POST /phpmyadmin//index.php HTTP/1.1" 200 3161 "-" "Mozilla/5.0 (X11; Ubuntu; Linux x86_64; rv:62.0) Gecko/20100101 Firefox/62.0"
93.174.94.80 - - [29/May/2020:10:18:30 +0300] "GET / HTTP/1.0" 200 93600 "http://rafalex.ru/" "Mozilla/5.0 (Windows NT 6.1; Win64; x64) AppleWebKit/537.36 (KHTML, like Gecko) Chrome/66.0.3359.170 Safari/537.36 OPR/53.0.2907.99"
54.36.148.140 - - [29/May/2020:10:19:20 +0300] "GET / HTTP/1.0" 200 14129 "-" "Mozilla/5.0 (compatible; AhrefsBot/6.1; +http://ahrefs.com/robot/)"
93.174.94.80 - - [29/May/2020:10:22:35 +0300] "POST / HTTP/1.0" 303 664 "http://rafalex.ru/" "Mozilla/5.0 (Windows NT 6.1; Win64; x64) AppleWebKit/537.36 (KHTML, like Gecko) Chrome/66.0.3359.170 Safari/537.36 OPR/53.0.2907.99"
93.174.94.80 - - [29/May/2020:10:22:39 +0300] "GET / HTTP/1.0" 200 93503 "http://rafalex.ru/" "Mozilla/5.0 (Windows NT 6.1; Win64; x64) AppleWebKit/537.36 (KHTML, like Gecko) Chrome/66.0.3359.170 Safari/537.36 OPR/53.0.2907.99"
23.129.64.212 - - [29/May/2020:10:25:39 +0300] "GET / HTTP/1.0" 200 93607 "http://rafalex.ru/" "Mozilla/5.0 (Windows NT 6.3; Win64; x64) AppleWebKit/537.36 (KHTML, like Gecko) Chrome/68.0.3440.106 Safari/537.36"
91.216.164.252 - - [29/May/2020:10:33:38 +0300] "GET /phpmyadmin/ HTTP/1.1" 200 3105 "-" "Mozilla/5.0 (X11; Ubuntu; Linux x86_64; rv:62.0) Gecko/20100101 Firefox/62.0"
91.216.164.252 - - [29/May/2020:10:33:38 +0300] "POST /phpmyadmin//index.php HTTP/1.1" 200 3162 "-" "Mozilla/5.0 (X11; Ubuntu; Linux x86_64; rv:62.0) Gecko/20100101 Firefox/62.0"
51.159.18.78 - - [29/May/2020:10:52:05 +0300] "GET /administrator/index.php HTTP/1.0" 200 3074 "-" "Mozilla/5.0 (Windows NT 6.3; WOW64; Trident/7.0; rv:11.0) like Gecko"
51.159.18.78 - - [29/May/2020:10:52:06 +0300] "GET /administrator/index.php HTTP/1.0" 200 3073 "-" "Mozilla/5.0 (Windows NT 6.3; WOW64; Trident/7.0; rv:11.0) like Gecko"
51.159.18.78 - - [29/May/2020:10:52:07 +0300] "POST /administrator/index.php HTTP/1.0" 200 3141 "-" "Mozilla/5.0 (Windows NT 6.3; WOW64; Trident/7.0; rv:11.0) like Gecko"
51.159.18.78 - - [29/May/2020:10:52:07 +0300] "POST /administrator/index.php HTTP/1.0" 200 3140 "-" "Mozilla/5.0 (Windows NT 6.3; WOW64; Trident/7.0; rv:11.0) like Gecko"
172.96.186.131 - - [29/May/2020:10:54:00 +0300] "GET /phpmyadmin/ HTTP/1.1" 200 3107 "-" "Mozilla/5.0 (X11; Ubuntu; Linux x86_64; rv:62.0) Gecko/20100101 Firefox/62.0"
172.96.186.131 - - [29/May/2020:10:54:01 +0300] "POST /phpmyadmin//index.php HTTP/1.1" 200 3172 "-" "Mozilla/5.0 (X11; Ubuntu; Linux x86_64; rv:62.0) Gecko/20100101 Firefox/62.0"
176.223.140.16 - - [29/May/2020:10:54:10 +0300] "GET / HTTP/1.0" 200 14126 "https://link.2gis.ru/" "Mozilla/5.0 (Windows NT 10.0; Win64; x64) AppleWebKit/537.36 (KHTML, like Gecko) Chrome/83.0.4103.61 Safari/537.36"
176.223.140.16 - - [29/May/2020:10:54:11 +0300] "GET /components/com_sppagebuilder/assets/css/font-awesome.min.css HTTP/1.1" 200 30961 "http://rafalex.ru/" "Mozilla/5.0 (Windows NT 10.0; Win64; x64) AppleWebKit/537.36 (KHTML, like Gecko) Chrome/83.0.4103.61 Safari/537.36"
176.223.140.16 - - [29/May/2020:10:54:11 +0300] "GET /components/com_sppagebuilder/assets/css/animate.min.css HTTP/1.1" 200 53431 "http://rafalex.ru/" "Mozilla/5.0 (Windows NT 10.0; Win64; x64) AppleWebKit/537.36 (KHTML, like Gecko) Chrome/83.0.4103.61 Safari/537.36"
176.223.140.16 - - [29/May/2020:10:54:11 +0300] "GET /components/com_sppagebuilder/assets/css/sppagecontainer.css HTTP/1.1" 200 268 "http://rafalex.ru/" "Mozilla/5.0 (Windows NT 10.0; Win64; x64) AppleWebKit/537.36 (KHTML, like Gecko) Chrome/83.0.4103.61 Safari/537.36"
176.223.140.16 - - [29/May/2020:10:54:11 +0300] "GET /modules/mod_gruemenu/css/styles.css HTTP/1.1" 200 4507 "http://rafalex.ru/" "Mozilla/5.0 (Windows NT 10.0; Win64; x64) AppleWebKit/537.36 (KHTML, like Gecko) Chrome/83.0.4103.61 Safari/537.36"
176.223.140.16 - - [29/May/2020:10:54:11 +0300] "GET /modules/mod_contactus/css/contactus_form.css HTTP/1.1" 200 7109 "http://rafalex.ru/" "Mozilla/5.0 (Windows NT 10.0; Win64; x64) AppleWebKit/537.36 (KHTML, like Gecko) Chrome/83.0.4103.61 Safari/537.36"
176.223.140.16 - - [29/May/2020:10:54:11 +0300] "GET /modules/mod_contactus/css/contactus_lightbox.css HTTP/1.1" 200 8994 "http://rafalex.ru/" "Mozilla/5.0 (Windows NT 10.0; Win64; x64) AppleWebKit/537.36 (KHTML, like Gecko) Chrome/83.0.4103.61 Safari/537.36"
176.223.140.16 - - [29/May/2020:10:54:11 +0300] "GET /components/com_sppagebuilder/assets/css/sppagebuilder.css HTTP/1.1" 200 99520 "http://rafalex.ru/" "Mozilla/5.0 (Windows NT 10.0; Win64; x64) AppleWebKit/537.36 (KHTML, like Gecko) Chrome/83.0.4103.61 Safari/537.36"
176.223.140.16 - - [29/May/2020:10:54:11 +0300] "GET /templates/shaper_helix3/css/font-awesome.min.css HTTP/1.1" 200 31000 "http://rafalex.ru/" "Mozilla/5.0 (Windows NT 10.0; Win64; x64) AppleWebKit/537.36 (KHTML, like Gecko) Chrome/83.0.4103.61 Safari/537.36"
176.223.140.16 - - [29/May/2020:10:54:11 +0300] "GET /templates/shaper_helix3/css/legacy.css HTTP/1.1" 200 27359 "http://rafalex.ru/" "Mozilla/5.0 (Windows NT 10.0; Win64; x64) AppleWebKit/537.36 (KHTML, like Gecko) Chrome/83.0.4103.61 Safari/537.36"
176.223.140.16 - - [29/May/2020:10:54:11 +0300] "GET /templates/shaper_helix3/css/template.css HTTP/1.1" 200 75440 "http://rafalex.ru/" "Mozilla/5.0 (Windows NT 10.0; Win64; x64) AppleWebKit/537.36 (KHTML, like Gecko) Chrome/83.0.4103.61 Safari/537.36"
176.223.140.16 - - [29/May/2020:10:54:11 +0300] "GET /templates/shaper_helix3/css/presets/preset1.css HTTP/1.1" 200 2159 "http://rafalex.ru/" "Mozilla/5.0 (Windows NT 10.0; Win64; x64) AppleWebKit/537.36 (KHTML, like Gecko) Chrome/83.0.4103.61 Safari/537.36"
176.223.140.16 - - [29/May/2020:10:54:11 +0300] "GET /plugins/system/helix3/assets/css/pagebuilder.css HTTP/1.1" 200 546 "http://rafalex.ru/" "Mozilla/5.0 (Windows NT 10.0; Win64; x64) AppleWebKit/537.36 (KHTML, like Gecko) Chrome/83.0.4103.61 Safari/537.36"
176.223.140.16 - - [29/May/2020:10:54:11 +0300] "GET /templates/shaper_helix3/css/frontend-edit.css HTTP/1.1" 200 3030 "http://rafalex.ru/" "Mozilla/5.0 (Windows NT 10.0; Win64; x64) AppleWebKit/537.36 (KHTML, like Gecko) Chrome/83.0.4103.61 Safari/537.36"
176.223.140.16 - - [29/May/2020:10:54:11 +0300] "GET /templates/shaper_helix3/css/bootstrap.min.css HTTP/1.1" 200 121200 "http://rafalex.ru/" "Mozilla/5.0 (Windows NT 10.0; Win64; x64) AppleWebKit/537.36 (KHTML, like Gecko) Chrome/83.0.4103.61 Safari/537.36"
176.223.140.16 - - [29/May/2020:10:54:11 +0300] "GET /media/system/js/core.js?f4bbe972fee0799e654108a6602c942f HTTP/1.1" 200 7698 "http://rafalex.ru/" "Mozilla/5.0 (Windows NT 10.0; Win64; x64) AppleWebKit/537.36 (KHTML, like Gecko) Chrome/83.0.4103.61 Safari/537.36"
176.223.140.16 - - [29/May/2020:10:54:11 +0300] "GET /media/jui/js/jquery.min.js?f4bbe972fee0799e654108a6602c942f HTTP/1.1" 200 97163 "http://rafalex.ru/" "Mozilla/5.0 (Windows NT 10.0; Win64; x64) AppleWebKit/537.36 (KHTML, like Gecko) Chrome/83.0.4103.61 Safari/537.36"
176.223.140.16 - - [29/May/2020:10:54:11 +0300] "GET /media/jui/js/jquery-noconflict.js?f4bbe972fee0799e654108a6602c942f HTTP/1.1" 200 21 "http://rafalex.ru/" "Mozilla/5.0 (Windows NT 10.0; Win64; x64) AppleWebKit/537.36 (KHTML, like Gecko) Chrome/83.0.4103.61 Safari/537.36"
176.223.140.16 - - [29/May/2020:10:54:11 +0300] "GET /media/jui/js/jquery-migrate.min.js?f4bbe972fee0799e654108a6602c942f HTTP/1.1" 200 10056 "http://rafalex.ru/" "Mozilla/5.0 (Windows NT 10.0; Win64; x64) AppleWebKit/537.36 (KHTML, like Gecko) Chrome/83.0.4103.61 Safari/537.36"
176.223.140.16 - - [29/May/2020:10:54:11 +0300] "GET /components/com_sppagebuilder/assets/js/jquery.parallax-1.1.3.js HTTP/1.1" 200 892 "http://rafalex.ru/" "Mozilla/5.0 (Windows NT 10.0; Win64; x64) AppleWebKit/537.36 (KHTML, like Gecko) Chrome/83.0.4103.61 Safari/537.36"
176.223.140.16 - - [29/May/2020:10:54:12 +0300] "GET /components/com_sppagebuilder/assets/js/sppagebuilder.js HTTP/1.1" 200 35661 "http://rafalex.ru/" "Mozilla/5.0 (Windows NT 10.0; Win64; x64) AppleWebKit/537.36 (KHTML, like Gecko) Chrome/83.0.4103.61 Safari/537.36"
176.223.140.16 - - [29/May/2020:10:54:12 +0300] "GET /modules/mod_gruemenu/js/touchwipe.min.js HTTP/1.1" 200 2254 "http://rafalex.ru/" "Mozilla/5.0 (Windows NT 10.0; Win64; x64) AppleWebKit/537.36 (KHTML, like Gecko) Chrome/83.0.4103.61 Safari/537.36"
176.223.140.16 - - [29/May/2020:10:54:12 +0300] "GET /modules/mod_gruemenu/js/sidr.js HTTP/1.1" 200 9880 "http://rafalex.ru/" "Mozilla/5.0 (Windows NT 10.0; Win64; x64) AppleWebKit/537.36 (KHTML, like Gecko) Chrome/83.0.4103.61 Safari/537.36"
176.223.140.16 - - [29/May/2020:10:54:12 +0300] "GET /modules/mod_gruemenu/js/script.js HTTP/1.1" 200 752 "http://rafalex.ru/" "Mozilla/5.0 (Windows NT 10.0; Win64; x64) AppleWebKit/537.36 (KHTML, like Gecko) Chrome/83.0.4103.61 Safari/537.36"
176.223.140.16 - - [29/May/2020:10:54:12 +0300] "GET /modules/mod_contactus/js/contactus_common.js HTTP/1.1" 200 5018 "http://rafalex.ru/" "Mozilla/5.0 (Windows NT 10.0; Win64; x64) AppleWebKit/537.36 (KHTML, like Gecko) Chrome/83.0.4103.61 Safari/537.36"
176.223.140.16 - - [29/May/2020:10:54:12 +0300] "GET /modules/mod_contactus/js/contactus_form.js HTTP/1.1" 200 2290 "http://rafalex.ru/" "Mozilla/5.0 (Windows NT 10.0; Win64; x64) AppleWebKit/537.36 (KHTML, like Gecko) Chrome/83.0.4103.61 Safari/537.36"
176.223.140.16 - - [29/May/2020:10:54:12 +0300] "GET /modules/mod_contactus/js/contactus_lightbox.js HTTP/1.1" 200 4279 "http://rafalex.ru/" "Mozilla/5.0 (Windows NT 10.0; Win64; x64) AppleWebKit/537.36 (KHTML, like Gecko) Chrome/83.0.4103.61 Safari/537.36"
176.223.140.16 - - [29/May/2020:10:54:12 +0300] "GET /templates/shaper_helix3/js/bootstrap.min.js HTTP/1.1" 200 37045 "http://rafalex.ru/" "Mozilla/5.0 (Windows NT 10.0; Win64; x64) AppleWebKit/537.36 (KHTML, like Gecko) Chrome/83.0.4103.61 Safari/537.36"
176.223.140.16 - - [29/May/2020:10:54:12 +0300] "GET /templates/shaper_helix3/js/jquery.sticky.js HTTP/1.1" 200 5739 "http://rafalex.ru/" "Mozilla/5.0 (Windows NT 10.0; Win64; x64) AppleWebKit/537.36 (KHTML, like Gecko) Chrome/83.0.4103.61 Safari/537.36"
176.223.140.16 - - [29/May/2020:10:54:12 +0300] "GET /templates/shaper_helix3/js/main.js HTTP/1.1" 200 8773 "http://rafalex.ru/" "Mozilla/5.0 (Windows NT 10.0; Win64; x64) AppleWebKit/537.36 (KHTML, like Gecko) Chrome/83.0.4103.61 Safari/537.36"
176.223.140.16 - - [29/May/2020:10:54:12 +0300] "GET /templates/shaper_helix3/js/frontend-edit.js HTTP/1.1" 200 1948 "http://rafalex.ru/" "Mozilla/5.0 (Windows NT 10.0; Win64; x64) AppleWebKit/537.36 (KHTML, like Gecko) Chrome/83.0.4103.61 Safari/537.36"
176.223.140.16 - - [29/May/2020:10:54:12 +0300] "GET /images/logo_03.png HTTP/1.1" 200 10758 "http://rafalex.ru/" "Mozilla/5.0 (Windows NT 10.0; Win64; x64) AppleWebKit/537.36 (KHTML, like Gecko) Chrome/83.0.4103.61 Safari/537.36"
176.223.140.16 - - [29/May/2020:10:54:12 +0300] "GET /images/2018/06/01/menu.png HTTP/1.1" 200 1951 "http://rafalex.ru/" "Mozilla/5.0 (Windows NT 10.0; Win64; x64) AppleWebKit/537.36 (KHTML, like Gecko) Chrome/83.0.4103.61 Safari/537.36"
176.223.140.16 - - [29/May/2020:10:54:12 +0300] "GET /images/2018/06/13/sl5.jpg HTTP/1.1" 200 237797 "http://rafalex.ru/" "Mozilla/5.0 (Windows NT 10.0; Win64; x64) AppleWebKit/537.36 (KHTML, like Gecko) Chrome/83.0.4103.61 Safari/537.36"
176.223.140.16 - - [29/May/2020:10:54:12 +0300] "GET /images/topfon.jpg HTTP/1.1" 200 269134 "http://rafalex.ru/" "Mozilla/5.0 (Windows NT 10.0; Win64; x64) AppleWebKit/537.36 (KHTML, like Gecko) Chrome/83.0.4103.61 Safari/537.36"
176.223.140.16 - - [29/May/2020:10:54:12 +0300] "GET /images/design3_15.png HTTP/1.1" 200 292 "http://rafalex.ru/templates/shaper_helix3/css/template.css" "Mozilla/5.0 (Windows NT 10.0; Win64; x64) AppleWebKit/537.36 (KHTML, like Gecko) Chrome/83.0.4103.61 Safari/537.36"
176.223.140.16 - - [29/May/2020:10:54:12 +0300] "GET /templates/shaper_helix3/fonts/fontawesome-webfont.woff2?v=4.7.0 HTTP/1.0" 200 77387 "http://rafalex.ru/templates/shaper_helix3/css/font-awesome.min.css" "Mozilla/5.0 (Windows NT 10.0; Win64; x64) AppleWebKit/537.36 (KHTML, like Gecko) Chrome/83.0.4103.61 Safari/537.36"
176.223.140.16 - - [29/May/2020:10:54:12 +0300] "GET /images/2018/06/04/sl2.jpg HTTP/1.1" 200 216332 "http://rafalex.ru/" "Mozilla/5.0 (Windows NT 10.0; Win64; x64) AppleWebKit/537.36 (KHTML, like Gecko) Chrome/83.0.4103.61 Safari/537.36"
176.223.140.16 - - [29/May/2020:10:54:12 +0300] "GET /images/design3_10.jpg HTTP/1.1" 200 361 "http://rafalex.ru/" "Mozilla/5.0 (Windows NT 10.0; Win64; x64) AppleWebKit/537.36 (KHTML, like Gecko) Chrome/83.0.4103.61 Safari/537.36"
176.223.140.16 - - [29/May/2020:10:54:12 +0300] "GET /images/2018/06/04/sl4.jpg HTTP/1.1" 200 228301 "http://rafalex.ru/" "Mozilla/5.0 (Windows NT 10.0; Win64; x64) AppleWebKit/537.36 (KHTML, like Gecko) Chrome/83.0.4103.61 Safari/537.36"
176.223.140.16 - - [29/May/2020:10:54:12 +0300] "GET /images/design3_07.jpg HTTP/1.1" 200 437 "http://rafalex.ru/templates/shaper_helix3/css/template.css" "Mozilla/5.0 (Windows NT 10.0; Win64; x64) AppleWebKit/537.36 (KHTML, like Gecko) Chrome/83.0.4103.61 Safari/537.36"
176.223.140.16 - - [29/May/2020:10:54:12 +0300] "GET /images/2018/06/01/fast-delivery-2.png HTTP/1.1" 200 1362 "http://rafalex.ru/" "Mozilla/5.0 (Windows NT 10.0; Win64; x64) AppleWebKit/537.36 (KHTML, like Gecko) Chrome/83.0.4103.61 Safari/537.36"
176.223.140.16 - - [29/May/2020:10:54:12 +0300] "GET /images/2018/06/04/sl3.jpg HTTP/1.1" 200 151618 "http://rafalex.ru/" "Mozilla/5.0 (Windows NT 10.0; Win64; x64) AppleWebKit/537.36 (KHTML, like Gecko) Chrome/83.0.4103.61 Safari/537.36"
176.223.140.16 - - [29/May/2020:10:54:12 +0300] "GET /images/2018/06/01/shield.png HTTP/1.1" 200 2105 "http://rafalex.ru/" "Mozilla/5.0 (Windows NT 10.0; Win64; x64) AppleWebKit/537.36 (KHTML, like Gecko) Chrome/83.0.4103.61 Safari/537.36"
176.223.140.16 - - [29/May/2020:10:54:12 +0300] "GET /images/2018/06/01/map.png HTTP/1.1" 200 1772 "http://rafalex.ru/" "Mozilla/5.0 (Windows NT 10.0; Win64; x64) AppleWebKit/537.36 (KHTML, like Gecko) Chrome/83.0.4103.61 Safari/537.36"
176.223.140.16 - - [29/May/2020:10:54:12 +0300] "GET /images/2018/06/01/guarantee.png HTTP/1.1" 200 1112 "http://rafalex.ru/" "Mozilla/5.0 (Windows NT 10.0; Win64; x64) AppleWebKit/537.36 (KHTML, like Gecko) Chrome/83.0.4103.61 Safari/537.36"
176.223.140.16 - - [29/May/2020:10:54:12 +0300] "GET /images/2018/06/13/tr30-c.png HTTP/1.1" 200 2458 "http://rafalex.ru/" "Mozilla/5.0 (Windows NT 10.0; Win64; x64) AppleWebKit/537.36 (KHTML, like Gecko) Chrome/83.0.4103.61 Safari/537.36"
