104.45.12.191 - - [29/May/2020:16:19:29 +0300] "GET / HTTP/1.0" 200 93607 "http://rafalex.ru/" "Mozilla/5.0 (Windows NT 10.0; Win64; x64) AppleWebKit/537.36 (KHTML, like Gecko) Chrome/64.0.3282.140 Safari/537.36 Edge/17.17134"
89.108.65.227 - - [29/May/2020:16:36:38 +0300] "GET /phpmyadmin/ HTTP/1.1" 200 3103 "-" "Mozilla/5.0 (X11; Ubuntu; Linux x86_64; rv:62.0) Gecko/20100101 Firefox/62.0"
89.108.65.227 - - [29/May/2020:16:36:38 +0300] "POST /phpmyadmin//index.php HTTP/1.1" 200 3161 "-" "Mozilla/5.0 (X11; Ubuntu; Linux x86_64; rv:62.0) Gecko/20100101 Firefox/62.0"
83.150.212.212 - - [29/May/2020:16:55:26 +0300] "GET /phpmyadmin/ HTTP/1.1" 200 3105 "-" "Mozilla/5.0 (X11; Ubuntu; Linux x86_64; rv:62.0) Gecko/20100101 Firefox/62.0"
83.150.212.212 - - [29/May/2020:16:55:27 +0300] "POST /phpmyadmin//index.php HTTP/1.1" 200 3181 "-" "Mozilla/5.0 (X11; Ubuntu; Linux x86_64; rv:62.0) Gecko/20100101 Firefox/62.0"
52.178.134.108 - - [29/May/2020:16:58:25 +0300] "GET / HTTP/1.0" 200 93612 "http://rafalex.ru/" "Mozilla/5.0 (Windows NT 6.1; Win64; x64) AppleWebKit/537.36 (KHTML, like Gecko) Chrome/68.0.3440.106 Safari/537.36 OPR/55.0.2994.44"
51.159.18.78 - - [29/May/2020:16:59:41 +0300] "GET /administrator/index.php HTTP/1.0" 200 3072 "-" "Mozilla/5.0 (Windows NT 6.3; WOW64; Trident/7.0; rv:11.0) like Gecko"
51.159.18.78 - - [29/May/2020:16:59:41 +0300] "GET /administrator/index.php HTTP/1.0" 200 3073 "-" "Mozilla/5.0 (Windows NT 6.3; WOW64; Trident/7.0; rv:11.0) like Gecko"
51.159.18.78 - - [29/May/2020:16:59:42 +0300] "POST /administrator/index.php HTTP/1.0" 200 3140 "-" "Mozilla/5.0 (Windows NT 6.3; WOW64; Trident/7.0; rv:11.0) like Gecko"
51.159.18.78 - - [29/May/2020:16:59:42 +0300] "POST /administrator/index.php HTTP/1.0" 200 3140 "-" "Mozilla/5.0 (Windows NT 6.3; WOW64; Trident/7.0; rv:11.0) like Gecko"
179.43.156.126 - - [29/May/2020:17:00:27 +0300] "GET / HTTP/1.0" 200 93612 "http://rafalex.ru/" "Mozilla/5.0 (Windows NT 6.1; WOW64) AppleWebKit/537.36 (KHTML, like Gecko) Chrome/67.0.3396.87 Safari/537.36 OPR/54.0.2952.64 (Edition Yx)"
179.43.156.126 - - [29/May/2020:17:00:34 +0300] "POST / HTTP/1.0" 303 664 "http://rafalex.ru/" "Mozilla/5.0 (Windows NT 6.1; WOW64) AppleWebKit/537.36 (KHTML, like Gecko) Chrome/67.0.3396.87 Safari/537.36 OPR/54.0.2952.64 (Edition Yx)"
185.220.101.137 - - [29/May/2020:17:00:34 +0300] "POST /xmlrpc.php HTTP/1.0" 404 1924 "-" "Mozilla/5.0 (Windows NT 10.0; Win64; x64; rv:68.0) Gecko/20100101 Firefox/68.0"
179.43.156.126 - - [29/May/2020:17:00:34 +0300] "GET / HTTP/1.0" 200 93517 "http://rafalex.ru/" "Mozilla/5.0 (Windows NT 6.1; WOW64) AppleWebKit/537.36 (KHTML, like Gecko) Chrome/67.0.3396.87 Safari/537.36 OPR/54.0.2952.64 (Edition Yx)"
13.92.56.237 - - [29/May/2020:17:01:09 +0300] "GET / HTTP/1.0" 200 14124 "-" "Mozilla/5.0 (iPhone; CPU iPhone OS 5_0 like Mac OS X) AppleWebKit/534.46 (KHTML, like Gecko) Version/5.1 Mobile/9A334 Safari/7534.48.3"
13.92.56.237 - - [29/May/2020:17:01:10 +0300] "GET / HTTP/1.0" 200 14027 "-" "Mozilla/5.0 (iPhone; CPU iPhone OS 5_0 like Mac OS X) AppleWebKit/534.46 (KHTML, like Gecko) Version/5.1 Mobile/9A334 Safari/7534.48.3"
13.92.56.237 - - [29/May/2020:17:01:11 +0300] "GET / HTTP/1.0" 200 14027 "-" "Mozilla/5.0 (iPhone; CPU iPhone OS 5_0 like Mac OS X) AppleWebKit/534.46 (KHTML, like Gecko) Version/5.1 Mobile/9A334 Safari/7534.48.3"
13.92.56.237 - - [29/May/2020:17:01:12 +0300] "GET / HTTP/1.0" 200 14027 "-" "Mozilla/5.0 (iPhone; CPU iPhone OS 5_0 like Mac OS X) AppleWebKit/534.46 (KHTML, like Gecko) Version/5.1 Mobile/9A334 Safari/7534.48.3"
13.92.56.237 - - [29/May/2020:17:01:13 +0300] "GET /rxr.php?rxr HTTP/1.0" 404 1921 "-" "python-requests/2.23.0"
13.92.56.237 - - [29/May/2020:17:01:14 +0300] "POST /index.php?option=com_jdownloads&Itemid=0&view=upload HTTP/1.0" 404 1923 "-" "python-requests/2.23.0"
13.92.56.237 - - [29/May/2020:17:01:14 +0300] "GET /images/jdownloads/screenshots/rxrking.php3.g?rxr HTTP/1.0" 404 1936 "-" "python-requests/2.23.0"
13.92.56.237 - - [29/May/2020:17:01:15 +0300] "GET /components/com_jbcatalog/libraries/jsupload/ HTTP/1.0" 404 1936 "-" "python-requests/2.23.0"
13.92.56.237 - - [29/May/2020:17:01:15 +0300] "POST /index.php?option=com_b2jcontact&view=loader&type=uploader&owner=component&bid=1&qqfile=/../../../RxR_1590616136.php HTTP/1.0" 404 1923 "-" "python-requests/2.23.0"
13.92.56.237 - - [29/May/2020:17:01:15 +0300] "GET /components/RxR_1590616136.php HTTP/1.0" 404 1943 "-" "python-requests/2.23.0"
13.92.56.237 - - [29/May/2020:17:01:16 +0300] "GET /index.php?option=com_fabrik&format=raw&task=plugin.pluginAjax&plugin=fileupload&method=ajax_upload HTTP/1.0" 500 287 "-" "python-requests/2.23.0"
13.92.56.237 - - [29/May/2020:17:01:16 +0300] "GET /index.php?option=com_adsmanager&task=upload&tmpl=component HTTP/1.0" 404 1923 "-" "python-requests/2.23.0"
13.92.56.237 - - [29/May/2020:17:01:17 +0300] "GET /index.php?option=com_myblog&task=ajaxupload HTTP/1.0" 404 1923 "-" "python-requests/2.23.0"
13.92.56.237 - - [29/May/2020:17:01:17 +0300] "GET /components/com_hdflvplayer/hdflvplayer/download.php?f=../../../configuration.php HTTP/1.0" 404 1943 "-" "python-requests/2.23.0"
13.92.56.237 - - [29/May/2020:17:01:18 +0300] "GET /index.php?option=com_macgallery&view=download&albumid=../../configuration.php HTTP/1.0" 404 1923 "-" "python-requests/2.23.0"
13.92.56.237 - - [29/May/2020:17:01:19 +0300] "GET /index.php?option=com_joomanager&controller=details&task=download&path=configuration.php HTTP/1.0" 404 1923 "-" "python-requests/2.23.0"
13.92.56.237 - - [29/May/2020:17:01:19 +0300] "GET /index.php?option=com_jtagmembersdirectory&task=attachment&download_file=/../../../../configuration.php HTTP/1.0" 404 1923 "-" "python-requests/2.23.0"
13.92.56.237 - - [29/May/2020:17:01:20 +0300] "GET /index.php?option=com_facegallery&task=imageDownload&img_name=../../configuration.php HTTP/1.0" 404 1923 "-" "python-requests/2.23.0"
94.123.198.30 - - [29/May/2020:17:15:20 +0300] "GET /phpmyadmin/ HTTP/1.1" 200 3104 "-" "Mozilla/5.0 (X11; Ubuntu; Linux x86_64; rv:62.0) Gecko/20100101 Firefox/62.0"
94.123.198.30 - - [29/May/2020:17:15:21 +0300] "POST /phpmyadmin//index.php HTTP/1.1" 200 3162 "-" "Mozilla/5.0 (X11; Ubuntu; Linux x86_64; rv:62.0) Gecko/20100101 Firefox/62.0"
213.133.111.73 - - [29/May/2020:17:33:34 +0300] "GET /phpmyadmin/ HTTP/1.1" 200 3105 "-" "Mozilla/5.0 (X11; Ubuntu; Linux x86_64; rv:62.0) Gecko/20100101 Firefox/62.0"
213.133.111.73 - - [29/May/2020:17:33:34 +0300] "POST /phpmyadmin//index.php HTTP/1.1" 200 3185 "-" "Mozilla/5.0 (X11; Ubuntu; Linux x86_64; rv:62.0) Gecko/20100101 Firefox/62.0"
51.159.18.78 - - [29/May/2020:17:40:39 +0300] "GET /administrator/index.php HTTP/1.0" 200 3073 "-" "Mozilla/5.0 (Windows NT 6.3; WOW64; Trident/7.0; rv:11.0) like Gecko"
51.159.18.78 - - [29/May/2020:17:40:39 +0300] "GET /administrator/index.php HTTP/1.0" 200 3072 "-" "Mozilla/5.0 (Windows NT 6.3; WOW64; Trident/7.0; rv:11.0) like Gecko"
51.159.18.78 - - [29/May/2020:17:40:40 +0300] "POST /administrator/index.php HTTP/1.0" 200 3140 "-" "Mozilla/5.0 (Windows NT 6.3; WOW64; Trident/7.0; rv:11.0) like Gecko"
51.159.18.78 - - [29/May/2020:17:40:40 +0300] "POST /administrator/index.php HTTP/1.0" 200 3139 "-" "Mozilla/5.0 (Windows NT 6.3; WOW64; Trident/7.0; rv:11.0) like Gecko"
177.247.64.80 - - [29/May/2020:17:54:00 +0300] "GET /phpmyadmin/ HTTP/1.1" 200 3106 "-" "Mozilla/5.0 (X11; Ubuntu; Linux x86_64; rv:62.0) Gecko/20100101 Firefox/62.0"
177.247.64.80 - - [29/May/2020:17:54:01 +0300] "POST /phpmyadmin//index.php HTTP/1.1" 200 3161 "-" "Mozilla/5.0 (X11; Ubuntu; Linux x86_64; rv:62.0) Gecko/20100101 Firefox/62.0"
183.136.225.46 - - [29/May/2020:18:02:03 +0300] "GET / HTTP/1.0" 200 93627 "-" "Mozilla/5.0 (Macintosh; Intel Mac OS X 10.11; rv:47.0) Gecko/20100101 Firefox/47.0"
160.120.178.119 - - [29/May/2020:18:02:57 +0300] "GET /phpmyadmin/ HTTP/1.1" 200 3105 "-" "Mozilla/5.0 (X11; Ubuntu; Linux x86_64; rv:62.0) Gecko/20100101 Firefox/62.0"
160.120.178.119 - - [29/May/2020:18:02:58 +0300] "POST /phpmyadmin//index.php HTTP/1.1" 200 3161 "-" "Mozilla/5.0 (X11; Ubuntu; Linux x86_64; rv:62.0) Gecko/20100101 Firefox/62.0"
54.36.149.67 - - [29/May/2020:18:04:26 +0300] "GET / HTTP/1.0" 200 14129 "-" "Mozilla/5.0 (compatible; AhrefsBot/6.1; +http://ahrefs.com/robot/)"
146.247.25.90 - - [29/May/2020:18:05:48 +0300] "GET / HTTP/1.0" 200 93605 "http://rafalex.ru/" "Mozilla/5.0 (Windows NT 10.0; Win64; x64) AppleWebKit/537.36 (KHTML, like Gecko) Chrome/68.0.3440.84 Safari/537.36"
146.247.25.90 - - [29/May/2020:18:05:49 +0300] "POST / HTTP/1.0" 303 664 "http://rafalex.ru/" "Mozilla/5.0 (Windows NT 10.0; Win64; x64) AppleWebKit/537.36 (KHTML, like Gecko) Chrome/68.0.3440.84 Safari/537.36"
146.247.25.90 - - [29/May/2020:18:05:50 +0300] "GET / HTTP/1.0" 200 93510 "http://rafalex.ru/" "Mozilla/5.0 (Windows NT 10.0; Win64; x64) AppleWebKit/537.36 (KHTML, like Gecko) Chrome/68.0.3440.84 Safari/537.36"
103.213.131.152 - - [29/May/2020:18:14:02 +0300] "GET /phpmyadmin/ HTTP/1.1" 200 3105 "-" "Mozilla/5.0 (X11; Ubuntu; Linux x86_64; rv:62.0) Gecko/20100101 Firefox/62.0"
103.213.131.152 - - [29/May/2020:18:14:03 +0300] "POST /phpmyadmin//index.php HTTP/1.1" 200 3184 "-" "Mozilla/5.0 (X11; Ubuntu; Linux x86_64; rv:62.0) Gecko/20100101 Firefox/62.0"
51.159.18.78 - - [29/May/2020:18:21:57 +0300] "GET /administrator/index.php HTTP/1.0" 200 3074 "-" "Mozilla/5.0 (Windows NT 6.3; WOW64; Trident/7.0; rv:11.0) like Gecko"
51.159.18.78 - - [29/May/2020:18:21:57 +0300] "GET /administrator/index.php HTTP/1.0" 200 3073 "-" "Mozilla/5.0 (Windows NT 6.3; WOW64; Trident/7.0; rv:11.0) like Gecko"
51.159.18.78 - - [29/May/2020:18:21:58 +0300] "POST /administrator/index.php HTTP/1.0" 200 3140 "-" "Mozilla/5.0 (Windows NT 6.3; WOW64; Trident/7.0; rv:11.0) like Gecko"
51.159.18.78 - - [29/May/2020:18:21:58 +0300] "POST /administrator/index.php HTTP/1.0" 200 3141 "-" "Mozilla/5.0 (Windows NT 6.3; WOW64; Trident/7.0; rv:11.0) like Gecko"
158.69.55.25 - - [29/May/2020:18:26:42 +0300] "GET /phpmyadmin/ HTTP/1.1" 200 3104 "-" "Mozilla/5.0 (X11; Ubuntu; Linux x86_64; rv:62.0) Gecko/20100101 Firefox/62.0"
158.69.55.25 - - [29/May/2020:18:26:43 +0300] "POST /phpmyadmin//index.php HTTP/1.1" 200 3162 "-" "Mozilla/5.0 (X11; Ubuntu; Linux x86_64; rv:62.0) Gecko/20100101 Firefox/62.0"
89.108.65.227 - - [29/May/2020:18:38:29 +0300] "GET /phpmyadmin/ HTTP/1.1" 200 3106 "-" "Mozilla/5.0 (X11; Ubuntu; Linux x86_64; rv:62.0) Gecko/20100101 Firefox/62.0"
89.108.65.227 - - [29/May/2020:18:38:29 +0300] "POST /phpmyadmin//index.php HTTP/1.1" 200 3162 "-" "Mozilla/5.0 (X11; Ubuntu; Linux x86_64; rv:62.0) Gecko/20100101 Firefox/62.0"
188.114.36.159 - - [29/May/2020:18:39:01 +0300] "GET / HTTP/1.0" 200 93625 "https://rafalex.ru/" "Mozilla/5.0 (Windows NT 10.0; Win64; x64) AppleWebKit/537.36 (KHTML, like Gecko) Chrome/66.0.3359.170 Safari/537.36 OPR/53.0.2907.99"
188.114.36.159 - - [29/May/2020:18:39:19 +0300] "POST / HTTP/1.0" 303 665 "https://rafalex.ru/" "Mozilla/5.0 (Windows NT 10.0; Win64; x64) AppleWebKit/537.36 (KHTML, like Gecko) Chrome/66.0.3359.170 Safari/537.36 OPR/53.0.2907.99"
188.114.36.159 - - [29/May/2020:18:39:20 +0300] "GET / HTTP/1.0" 200 93530 "https://rafalex.ru/" "Mozilla/5.0 (Windows NT 10.0; Win64; x64) AppleWebKit/537.36 (KHTML, like Gecko) Chrome/66.0.3359.170 Safari/537.36 OPR/53.0.2907.99"
172.96.186.131 - - [29/May/2020:18:51:06 +0300] "GET /phpmyadmin/ HTTP/1.1" 200 3105 "-" "Mozilla/5.0 (X11; Ubuntu; Linux x86_64; rv:62.0) Gecko/20100101 Firefox/62.0"
172.96.186.131 - - [29/May/2020:18:51:07 +0300] "POST /phpmyadmin//index.php HTTP/1.1" 200 3161 "-" "Mozilla/5.0 (X11; Ubuntu; Linux x86_64; rv:62.0) Gecko/20100101 Firefox/62.0"
51.159.18.78 - - [29/May/2020:19:01:58 +0300] "GET /administrator/index.php HTTP/1.0" 200 3074 "-" "Mozilla/5.0 (Windows NT 6.3; WOW64; Trident/7.0; rv:11.0) like Gecko"
51.159.18.78 - - [29/May/2020:19:01:59 +0300] "GET /administrator/index.php HTTP/1.0" 200 3072 "-" "Mozilla/5.0 (Windows NT 6.3; WOW64; Trident/7.0; rv:11.0) like Gecko"
51.159.18.78 - - [29/May/2020:19:01:59 +0300] "POST /administrator/index.php HTTP/1.0" 200 3139 "-" "Mozilla/5.0 (Windows NT 6.3; WOW64; Trident/7.0; rv:11.0) like Gecko"
51.159.18.78 - - [29/May/2020:19:02:00 +0300] "POST /administrator/index.php HTTP/1.0" 200 3141 "-" "Mozilla/5.0 (Windows NT 6.3; WOW64; Trident/7.0; rv:11.0) like Gecko"
188.152.107.131 - - [29/May/2020:19:04:04 +0300] "GET /phpmyadmin/ HTTP/1.1" 200 3106 "-" "Mozilla/5.0 (X11; Ubuntu; Linux x86_64; rv:62.0) Gecko/20100101 Firefox/62.0"
188.152.107.131 - - [29/May/2020:19:04:04 +0300] "POST /phpmyadmin//index.php HTTP/1.1" 200 3162 "-" "Mozilla/5.0 (X11; Ubuntu; Linux x86_64; rv:62.0) Gecko/20100101 Firefox/62.0"
165.22.63.58 - - [29/May/2020:19:15:58 +0300] "GET /phpmyadmin/ HTTP/1.1" 200 3104 "-" "Mozilla/5.0 (X11; Ubuntu; Linux x86_64; rv:62.0) Gecko/20100101 Firefox/62.0"
165.22.63.58 - - [29/May/2020:19:16:03 +0300] "POST /phpmyadmin//index.php HTTP/1.1" 200 3161 "-" "Mozilla/5.0 (X11; Ubuntu; Linux x86_64; rv:62.0) Gecko/20100101 Firefox/62.0"
89.108.65.227 - - [29/May/2020:19:27:11 +0300] "GET /phpmyadmin/ HTTP/1.1" 200 3106 "-" "Mozilla/5.0 (X11; Ubuntu; Linux x86_64; rv:62.0) Gecko/20100101 Firefox/62.0"
89.108.65.227 - - [29/May/2020:19:27:11 +0300] "POST /phpmyadmin//index.php HTTP/1.1" 200 3160 "-" "Mozilla/5.0 (X11; Ubuntu; Linux x86_64; rv:62.0) Gecko/20100101 Firefox/62.0"
45.139.48.21 - - [29/May/2020:19:27:56 +0300] "GET / HTTP/1.0" 200 93598 "http://rafalex.ru/" "Mozilla/5.0 (Windows NT 6.1; Win64; x64) AppleWebKit/537.36 (KHTML, like Gecko) Chrome/67.0.3396.87 Safari/537.36 OPR/54.0.2952.64"
45.139.48.21 - - [29/May/2020:19:27:58 +0300] "POST / HTTP/1.0" 303 664 "http://rafalex.ru/" "Mozilla/5.0 (Windows NT 6.1; Win64; x64) AppleWebKit/537.36 (KHTML, like Gecko) Chrome/67.0.3396.87 Safari/537.36 OPR/54.0.2952.64"
45.139.48.21 - - [29/May/2020:19:27:59 +0300] "GET / HTTP/1.0" 200 93501 "http://rafalex.ru/" "Mozilla/5.0 (Windows NT 6.1; Win64; x64) AppleWebKit/537.36 (KHTML, like Gecko) Chrome/67.0.3396.87 Safari/537.36 OPR/54.0.2952.64"
88.84.193.158 - - [29/May/2020:19:39:42 +0300] "GET /phpmyadmin/ HTTP/1.1" 200 3104 "-" "Mozilla/5.0 (X11; Ubuntu; Linux x86_64; rv:62.0) Gecko/20100101 Firefox/62.0"
88.84.193.158 - - [29/May/2020:19:39:42 +0300] "POST /phpmyadmin//index.php HTTP/1.1" 200 3177 "-" "Mozilla/5.0 (X11; Ubuntu; Linux x86_64; rv:62.0) Gecko/20100101 Firefox/62.0"
51.159.18.78 - - [29/May/2020:19:43:12 +0300] "GET /administrator/index.php HTTP/1.0" 200 3072 "-" "Mozilla/5.0 (Windows NT 6.3; WOW64; Trident/7.0; rv:11.0) like Gecko"
51.159.18.78 - - [29/May/2020:19:43:12 +0300] "GET /administrator/index.php HTTP/1.0" 200 3073 "-" "Mozilla/5.0 (Windows NT 6.3; WOW64; Trident/7.0; rv:11.0) like Gecko"
51.159.18.78 - - [29/May/2020:19:43:12 +0300] "POST /administrator/index.php HTTP/1.0" 200 3141 "-" "Mozilla/5.0 (Windows NT 6.3; WOW64; Trident/7.0; rv:11.0) like Gecko"
51.159.18.78 - - [29/May/2020:19:43:13 +0300] "POST /administrator/index.php HTTP/1.0" 200 3139 "-" "Mozilla/5.0 (Windows NT 6.3; WOW64; Trident/7.0; rv:11.0) like Gecko"
148.72.22.177 - - [29/May/2020:19:52:22 +0300] "GET /phpmyadmin/ HTTP/1.1" 200 3106 "-" "Mozilla/5.0 (X11; Ubuntu; Linux x86_64; rv:62.0) Gecko/20100101 Firefox/62.0"
148.72.22.177 - - [29/May/2020:19:52:23 +0300] "POST /phpmyadmin//index.php HTTP/1.1" 200 3162 "-" "Mozilla/5.0 (X11; Ubuntu; Linux x86_64; rv:62.0) Gecko/20100101 Firefox/62.0"
51.158.186.255 - - [29/May/2020:20:01:07 +0300] "GET / HTTP/1.0" 200 93612 "http://rafalex.ru/" "Mozilla/5.0 (Windows NT 6.1) AppleWebKit/537.36 (KHTML, like Gecko) Chrome/66.0.3359.181 Safari/537.36 Kinza/4.7.2"
23.91.71.220 - - [29/May/2020:20:03:39 +0300] "GET /phpmyadmin/ HTTP/1.1" 200 3106 "-" "Mozilla/5.0 (X11; Ubuntu; Linux x86_64; rv:62.0) Gecko/20100101 Firefox/62.0"
23.91.71.220 - - [29/May/2020:20:03:40 +0300] "POST /phpmyadmin//index.php HTTP/1.1" 200 3181 "-" "Mozilla/5.0 (X11; Ubuntu; Linux x86_64; rv:62.0) Gecko/20100101 Firefox/62.0"
52.15.128.14 - - [29/May/2020:20:12:40 +0300] "GET / HTTP/1.0" 200 14125 "-" "Mozilla/5.0 (Macintosh; Intel Mac OS X 10_15_0) AppleWebKit/537.36 (KHTML, like Gecko) Chrome/78.0.3904.87 Safari/537.36"
201.111.181.113 - - [29/May/2020:20:15:35 +0300] "GET /phpmyadmin/ HTTP/1.1" 200 3104 "-" "Mozilla/5.0 (X11; Ubuntu; Linux x86_64; rv:62.0) Gecko/20100101 Firefox/62.0"
201.111.181.113 - - [29/May/2020:20:15:39 +0300] "POST /phpmyadmin//index.php HTTP/1.1" 200 3161 "-" "Mozilla/5.0 (X11; Ubuntu; Linux x86_64; rv:62.0) Gecko/20100101 Firefox/62.0"
45.76.150.104 - - [29/May/2020:20:22:20 +0300] "GET / HTTP/1.0" 200 93607 "http://rafalex.ru/" "Mozilla/5.0 (Windows NT 6.1; Win64; x64) AppleWebKit/537.36 (KHTML, like Gecko) Chrome/68.0.3440.106 Safari/537.36"
51.159.18.78 - - [29/May/2020:20:22:39 +0300] "GET /administrator/index.php HTTP/1.0" 200 3075 "-" "Mozilla/5.0 (Windows NT 6.3; WOW64; Trident/7.0; rv:11.0) like Gecko"
51.159.18.78 - - [29/May/2020:20:22:40 +0300] "GET /administrator/index.php HTTP/1.0" 200 3074 "-" "Mozilla/5.0 (Windows NT 6.3; WOW64; Trident/7.0; rv:11.0) like Gecko"
51.159.18.78 - - [29/May/2020:20:22:41 +0300] "POST /administrator/index.php HTTP/1.0" 200 3142 "-" "Mozilla/5.0 (Windows NT 6.3; WOW64; Trident/7.0; rv:11.0) like Gecko"
51.159.18.78 - - [29/May/2020:20:22:41 +0300] "POST /administrator/index.php HTTP/1.0" 200 3142 "-" "Mozilla/5.0 (Windows NT 6.3; WOW64; Trident/7.0; rv:11.0) like Gecko"
89.108.65.227 - - [29/May/2020:20:27:50 +0300] "GET /phpmyadmin/ HTTP/1.1" 200 3104 "-" "Mozilla/5.0 (X11; Ubuntu; Linux x86_64; rv:62.0) Gecko/20100101 Firefox/62.0"
89.108.65.227 - - [29/May/2020:20:27:50 +0300] "POST /phpmyadmin//index.php HTTP/1.1" 200 3162 "-" "Mozilla/5.0 (X11; Ubuntu; Linux x86_64; rv:62.0) Gecko/20100101 Firefox/62.0"
54.36.149.57 - - [29/May/2020:20:37:38 +0300] "GET /robots.txt HTTP/1.0" 200 696 "-" "Mozilla/5.0 (compatible; AhrefsBot/6.1; +http://ahrefs.com/robot/)"
93.88.74.71 - - [29/May/2020:20:38:48 +0300] "HEAD /registration HTTP/1.0" 404 294 "-" "Mozilla/5.0 (Windows NT 10.0; Win64; x64) AppleWebKit/537.36 (KHTML, like Gecko) Chrome/81.0.4044.138 Safari/537.36"
89.108.65.227 - - [29/May/2020:20:40:10 +0300] "GET /phpmyadmin/ HTTP/1.1" 200 3106 "-" "Mozilla/5.0 (X11; Ubuntu; Linux x86_64; rv:62.0) Gecko/20100101 Firefox/62.0"
89.108.65.227 - - [29/May/2020:20:40:11 +0300] "POST /phpmyadmin//index.php HTTP/1.1" 200 3162 "-" "Mozilla/5.0 (X11; Ubuntu; Linux x86_64; rv:62.0) Gecko/20100101 Firefox/62.0"
178.154.200.243 - - [29/May/2020:20:46:02 +0300] "GET /robots.txt HTTP/1.0" 200 1108 "-" "Mozilla/5.0 (compatible; YandexBot/3.0; +http://yandex.com/bots)"
178.154.200.243 - - [29/May/2020:20:46:06 +0300] "GET /images/1527807057.ico HTTP/1.0" 200 740 "-" "Mozilla/5.0 (compatible; YandexBot/3.0; +http://yandex.com/bots)"
78.141.221.65 - - [29/May/2020:20:54:18 +0300] "GET /phpmyadmin/ HTTP/1.1" 200 3106 "-" "Mozilla/5.0 (X11; Ubuntu; Linux x86_64; rv:62.0) Gecko/20100101 Firefox/62.0"
78.141.221.65 - - [29/May/2020:20:54:18 +0300] "POST /phpmyadmin//index.php HTTP/1.1" 200 3179 "-" "Mozilla/5.0 (X11; Ubuntu; Linux x86_64; rv:62.0) Gecko/20100101 Firefox/62.0"
146.247.25.90 - - [29/May/2020:21:01:49 +0300] "GET / HTTP/1.0" 200 93605 "http://rafalex.ru/" "Mozilla/5.0 (Windows NT 10.0; Win64; x64) AppleWebKit/537.36 (KHTML, like Gecko) Chrome/66.0.3359.170 Safari/537.36 OPR/53.0.2907.68"
146.247.25.90 - - [29/May/2020:21:01:50 +0300] "POST / HTTP/1.0" 303 664 "http://rafalex.ru/" "Mozilla/5.0 (Windows NT 10.0; Win64; x64) AppleWebKit/537.36 (KHTML, like Gecko) Chrome/66.0.3359.170 Safari/537.36 OPR/53.0.2907.68"
146.247.25.90 - - [29/May/2020:21:01:51 +0300] "GET / HTTP/1.0" 200 93510 "http://rafalex.ru/" "Mozilla/5.0 (Windows NT 10.0; Win64; x64) AppleWebKit/537.36 (KHTML, like Gecko) Chrome/66.0.3359.170 Safari/537.36 OPR/53.0.2907.68"
51.159.18.78 - - [29/May/2020:21:02:46 +0300] "GET /administrator/index.php HTTP/1.0" 200 3073 "-" "Mozilla/5.0 (Windows NT 6.3; WOW64; Trident/7.0; rv:11.0) like Gecko"
51.159.18.78 - - [29/May/2020:21:02:46 +0300] "GET /administrator/index.php HTTP/1.0" 200 3073 "-" "Mozilla/5.0 (Windows NT 6.3; WOW64; Trident/7.0; rv:11.0) like Gecko"
51.159.18.78 - - [29/May/2020:21:02:48 +0300] "POST /administrator/index.php HTTP/1.0" 200 3140 "-" "Mozilla/5.0 (Windows NT 6.3; WOW64; Trident/7.0; rv:11.0) like Gecko"
51.159.18.78 - - [29/May/2020:21:02:48 +0300] "POST /administrator/index.php HTTP/1.0" 200 3140 "-" "Mozilla/5.0 (Windows NT 6.3; WOW64; Trident/7.0; rv:11.0) like Gecko"
177.37.184.96 - - [29/May/2020:21:05:24 +0300] "GET /phpmyadmin/ HTTP/1.1" 200 3106 "-" "Mozilla/5.0 (X11; Ubuntu; Linux x86_64; rv:62.0) Gecko/20100101 Firefox/62.0"
177.37.184.96 - - [29/May/2020:21:05:25 +0300] "POST /phpmyadmin//index.php HTTP/1.1" 200 3160 "-" "Mozilla/5.0 (X11; Ubuntu; Linux x86_64; rv:62.0) Gecko/20100101 Firefox/62.0"
172.96.186.131 - - [29/May/2020:21:16:56 +0300] "GET /phpmyadmin/ HTTP/1.1" 200 3105 "-" "Mozilla/5.0 (X11; Ubuntu; Linux x86_64; rv:62.0) Gecko/20100101 Firefox/62.0"
172.96.186.131 - - [29/May/2020:21:16:57 +0300] "POST /phpmyadmin//index.php HTTP/1.1" 200 3160 "-" "Mozilla/5.0 (X11; Ubuntu; Linux x86_64; rv:62.0) Gecko/20100101 Firefox/62.0"
54.36.149.26 - - [29/May/2020:21:23:10 +0300] "GET /robots.txt HTTP/1.0" 200 696 "-" "Mozilla/5.0 (compatible; AhrefsBot/6.1; +http://ahrefs.com/robot/)"
54.36.148.123 - - [29/May/2020:21:23:11 +0300] "GET /nashi-uslugi/arenda-spetstekhniki HTTP/1.0" 200 12228 "-" "Mozilla/5.0 (compatible; AhrefsBot/6.1; +http://ahrefs.com/robot/)"
103.119.139.14 - - [29/May/2020:21:29:03 +0300] "GET /phpmyadmin/ HTTP/1.1" 200 3105 "-" "Mozilla/5.0 (X11; Ubuntu; Linux x86_64; rv:62.0) Gecko/20100101 Firefox/62.0"
103.119.139.14 - - [29/May/2020:21:29:04 +0300] "POST /phpmyadmin//index.php HTTP/1.1" 200 3162 "-" "Mozilla/5.0 (X11; Ubuntu; Linux x86_64; rv:62.0) Gecko/20100101 Firefox/62.0"
178.154.200.243 - - [29/May/2020:21:36:05 +0300] "GET / HTTP/1.0" 200 14133 "-" "Mozilla/5.0 (compatible; YandexBot/3.0; +http://yandex.com/bots)"
51.159.18.78 - - [29/May/2020:21:43:28 +0300] "GET /administrator/index.php HTTP/1.0" 200 3073 "-" "Mozilla/5.0 (Windows NT 6.3; WOW64; Trident/7.0; rv:11.0) like Gecko"
51.159.18.78 - - [29/May/2020:21:43:29 +0300] "GET /administrator/index.php HTTP/1.0" 200 3073 "-" "Mozilla/5.0 (Windows NT 6.3; WOW64; Trident/7.0; rv:11.0) like Gecko"
51.159.18.78 - - [29/May/2020:21:43:30 +0300] "POST /administrator/index.php HTTP/1.0" 200 3140 "-" "Mozilla/5.0 (Windows NT 6.3; WOW64; Trident/7.0; rv:11.0) like Gecko"
51.159.18.78 - - [29/May/2020:21:43:30 +0300] "POST /administrator/index.php HTTP/1.0" 200 3140 "-" "Mozilla/5.0 (Windows NT 6.3; WOW64; Trident/7.0; rv:11.0) like Gecko"
5.188.15.31 - - [29/May/2020:21:51:33 +0300] "GET /nashi-uslugi/gruzoperevozki-po-rossii HTTP/1.0" 200 12371 "-" "Mozilla/5.0 (compatible; AhrefsBot/6.1; +http://ahrefs.com/robot/)"
182.92.9.216 - - [29/May/2020:21:54:00 +0300] "GET /phpmyadmin/ HTTP/1.1" 200 3105 "-" "Mozilla/5.0 (X11; Ubuntu; Linux x86_64; rv:62.0) Gecko/20100101 Firefox/62.0"
182.92.9.216 - - [29/May/2020:21:54:01 +0300] "POST /phpmyadmin//index.php HTTP/1.1" 200 3160 "-" "Mozilla/5.0 (X11; Ubuntu; Linux x86_64; rv:62.0) Gecko/20100101 Firefox/62.0"
173.208.244.42 - - [29/May/2020:22:06:07 +0300] "GET /phpmyadmin/ HTTP/1.1" 200 3106 "-" "Mozilla/5.0 (X11; Ubuntu; Linux x86_64; rv:62.0) Gecko/20100101 Firefox/62.0"
173.208.244.42 - - [29/May/2020:22:06:07 +0300] "POST /phpmyadmin//index.php HTTP/1.1" 200 3181 "-" "Mozilla/5.0 (X11; Ubuntu; Linux x86_64; rv:62.0) Gecko/20100101 Firefox/62.0"
5.188.15.31 - - [29/May/2020:22:07:51 +0300] "GET /nashi-uslugi/morskie-gruzoperevozki HTTP/1.0" 200 11714 "-" "Mozilla/5.0 (compatible; AhrefsBot/6.1; +http://ahrefs.com/robot/)"
192.99.39.119 - - [29/May/2020:22:18:42 +0300] "GET /phpmyadmin/ HTTP/1.1" 200 3107 "-" "Mozilla/5.0 (X11; Ubuntu; Linux x86_64; rv:62.0) Gecko/20100101 Firefox/62.0"
192.99.39.119 - - [29/May/2020:22:18:43 +0300] "POST /phpmyadmin//index.php HTTP/1.1" 200 3184 "-" "Mozilla/5.0 (X11; Ubuntu; Linux x86_64; rv:62.0) Gecko/20100101 Firefox/62.0"
51.159.18.78 - - [29/May/2020:22:22:50 +0300] "GET /administrator/index.php HTTP/1.0" 200 3072 "-" "Mozilla/5.0 (Windows NT 6.3; WOW64; Trident/7.0; rv:11.0) like Gecko"
51.159.18.78 - - [29/May/2020:22:22:50 +0300] "GET /administrator/index.php HTTP/1.0" 200 3073 "-" "Mozilla/5.0 (Windows NT 6.3; WOW64; Trident/7.0; rv:11.0) like Gecko"
51.159.18.78 - - [29/May/2020:22:22:51 +0300] "POST /administrator/index.php HTTP/1.0" 200 3141 "-" "Mozilla/5.0 (Windows NT 6.3; WOW64; Trident/7.0; rv:11.0) like Gecko"
51.159.18.78 - - [29/May/2020:22:22:51 +0300] "POST /administrator/index.php HTTP/1.0" 200 3139 "-" "Mozilla/5.0 (Windows NT 6.3; WOW64; Trident/7.0; rv:11.0) like Gecko"
5.188.15.31 - - [29/May/2020:22:30:05 +0300] "GET /kontakty HTTP/1.0" 200 10616 "-" "Mozilla/5.0 (compatible; AhrefsBot/6.1; +http://ahrefs.com/robot/)"
192.99.39.119 - - [29/May/2020:22:31:32 +0300] "GET /phpmyadmin/ HTTP/1.1" 200 3105 "-" "Mozilla/5.0 (X11; Ubuntu; Linux x86_64; rv:62.0) Gecko/20100101 Firefox/62.0"
192.99.39.119 - - [29/May/2020:22:31:33 +0300] "POST /phpmyadmin//index.php HTTP/1.1" 200 3161 "-" "Mozilla/5.0 (X11; Ubuntu; Linux x86_64; rv:62.0) Gecko/20100101 Firefox/62.0"
80.93.187.124 - - [29/May/2020:22:37:31 +0300] "GET /dump.sql.gz HTTP/1.0" 404 1926 "-" "Mozilla/5.0 (Windows NT 10.0; Win64; x64) AppleWebKit/537.36 (KHTML, like Gecko) Chrome/72.0.3626.109 Safari/537.36"
213.163.39.242 - - [29/May/2020:22:44:47 +0300] "GET /phpmyadmin/ HTTP/1.1" 200 3104 "-" "Mozilla/5.0 (X11; Ubuntu; Linux x86_64; rv:62.0) Gecko/20100101 Firefox/62.0"
213.163.39.242 - - [29/May/2020:22:44:48 +0300] "POST /phpmyadmin//index.php HTTP/1.1" 200 3161 "-" "Mozilla/5.0 (X11; Ubuntu; Linux x86_64; rv:62.0) Gecko/20100101 Firefox/62.0"
89.108.65.227 - - [29/May/2020:22:57:54 +0300] "GET /phpmyadmin/ HTTP/1.1" 200 3105 "-" "Mozilla/5.0 (X11; Ubuntu; Linux x86_64; rv:62.0) Gecko/20100101 Firefox/62.0"
89.108.65.227 - - [29/May/2020:22:57:54 +0300] "POST /phpmyadmin//index.php HTTP/1.1" 200 3178 "-" "Mozilla/5.0 (X11; Ubuntu; Linux x86_64; rv:62.0) Gecko/20100101 Firefox/62.0"
51.159.18.78 - - [29/May/2020:23:03:56 +0300] "GET /administrator/index.php HTTP/1.0" 200 3073 "-" "Mozilla/5.0 (Windows NT 6.3; WOW64; Trident/7.0; rv:11.0) like Gecko"
51.159.18.78 - - [29/May/2020:23:03:56 +0300] "GET /administrator/index.php HTTP/1.0" 200 3072 "-" "Mozilla/5.0 (Windows NT 6.3; WOW64; Trident/7.0; rv:11.0) like Gecko"
51.159.18.78 - - [29/May/2020:23:03:57 +0300] "POST /administrator/index.php HTTP/1.0" 200 3141 "-" "Mozilla/5.0 (Windows NT 6.3; WOW64; Trident/7.0; rv:11.0) like Gecko"
51.159.18.78 - - [29/May/2020:23:03:58 +0300] "POST /administrator/index.php HTTP/1.0" 200 3140 "-" "Mozilla/5.0 (Windows NT 6.3; WOW64; Trident/7.0; rv:11.0) like Gecko"
51.89.2.81 - - [29/May/2020:23:10:23 +0300] "GET /phpmyadmin/ HTTP/1.1" 200 3106 "-" "Mozilla/5.0 (X11; Ubuntu; Linux x86_64; rv:62.0) Gecko/20100101 Firefox/62.0"
51.89.2.81 - - [29/May/2020:23:10:23 +0300] "POST /phpmyadmin//index.php HTTP/1.1" 200 3163 "-" "Mozilla/5.0 (X11; Ubuntu; Linux x86_64; rv:62.0) Gecko/20100101 Firefox/62.0"
54.36.148.185 - - [29/May/2020:23:11:08 +0300] "GET /strakhovanie HTTP/1.0" 200 12849 "-" "Mozilla/5.0 (compatible; AhrefsBot/6.1; +http://ahrefs.com/robot/)"
5.188.210.18 - - [29/May/2020:23:19:17 +0300] "GET / HTTP/1.0" 200 93598 "http://rafalex.ru/" "Mozilla/5.0 (Windows NT 6.3; Win64; x64) AppleWebKit/537.36 (KHTML, like Gecko) Chrome/66.0.3359.181 Safari/537.36"
5.188.210.18 - - [29/May/2020:23:19:18 +0300] "POST / HTTP/1.0" 303 664 "http://rafalex.ru/" "Mozilla/5.0 (Windows NT 6.3; Win64; x64) AppleWebKit/537.36 (KHTML, like Gecko) Chrome/66.0.3359.181 Safari/537.36"
5.188.210.18 - - [29/May/2020:23:19:18 +0300] "GET / HTTP/1.0" 200 93503 "http://rafalex.ru/" "Mozilla/5.0 (Windows NT 6.3; Win64; x64) AppleWebKit/537.36 (KHTML, like Gecko) Chrome/66.0.3359.181 Safari/537.36"
158.69.55.25 - - [29/May/2020:23:23:13 +0300] "GET /phpmyadmin/ HTTP/1.1" 200 3105 "-" "Mozilla/5.0 (X11; Ubuntu; Linux x86_64; rv:62.0) Gecko/20100101 Firefox/62.0"
158.69.55.25 - - [29/May/2020:23:23:14 +0300] "POST /phpmyadmin//index.php HTTP/1.1" 200 3163 "-" "Mozilla/5.0 (X11; Ubuntu; Linux x86_64; rv:62.0) Gecko/20100101 Firefox/62.0"
5.188.210.87 - - [29/May/2020:23:34:54 +0300] "GET / HTTP/1.0" 200 93600 "http://rafalex.ru/" "Mozilla/5.0 (Windows NT 6.1; Win64; x64) AppleWebKit/537.36 (KHTML, like Gecko) Chrome/67.0.3396.87 Safari/537.36 OPR/54.0.2952.54"
5.188.210.87 - - [29/May/2020:23:34:56 +0300] "POST / HTTP/1.0" 303 664 "http://rafalex.ru/" "Mozilla/5.0 (Windows NT 6.1; Win64; x64) AppleWebKit/537.36 (KHTML, like Gecko) Chrome/67.0.3396.87 Safari/537.36 OPR/54.0.2952.54"
5.188.210.87 - - [29/May/2020:23:34:56 +0300] "GET / HTTP/1.0" 200 93503 "http://rafalex.ru/" "Mozilla/5.0 (Windows NT 6.1; Win64; x64) AppleWebKit/537.36 (KHTML, like Gecko) Chrome/67.0.3396.87 Safari/537.36 OPR/54.0.2952.54"
172.96.186.131 - - [29/May/2020:23:35:17 +0300] "GET /phpmyadmin/ HTTP/1.1" 200 3105 "-" "Mozilla/5.0 (X11; Ubuntu; Linux x86_64; rv:62.0) Gecko/20100101 Firefox/62.0"
172.96.186.131 - - [29/May/2020:23:35:17 +0300] "POST /phpmyadmin//index.php HTTP/1.1" 200 3184 "-" "Mozilla/5.0 (X11; Ubuntu; Linux x86_64; rv:62.0) Gecko/20100101 Firefox/62.0"
51.159.18.78 - - [29/May/2020:23:45:20 +0300] "GET /administrator/index.php HTTP/1.0" 200 3072 "-" "Mozilla/5.0 (Windows NT 6.3; WOW64; Trident/7.0; rv:11.0) like Gecko"
51.159.18.78 - - [29/May/2020:23:45:21 +0300] "GET /administrator/index.php HTTP/1.0" 200 3074 "-" "Mozilla/5.0 (Windows NT 6.3; WOW64; Trident/7.0; rv:11.0) like Gecko"
51.159.18.78 - - [29/May/2020:23:45:21 +0300] "POST /administrator/index.php HTTP/1.0" 200 3139 "-" "Mozilla/5.0 (Windows NT 6.3; WOW64; Trident/7.0; rv:11.0) like Gecko"
51.159.18.78 - - [29/May/2020:23:45:22 +0300] "POST /administrator/index.php HTTP/1.0" 200 3141 "-" "Mozilla/5.0 (Windows NT 6.3; WOW64; Trident/7.0; rv:11.0) like Gecko"
94.247.133.40 - - [29/May/2020:23:47:30 +0300] "GET /phpmyadmin/ HTTP/1.1" 200 3103 "-" "Mozilla/5.0 (X11; Ubuntu; Linux x86_64; rv:62.0) Gecko/20100101 Firefox/62.0"
94.247.133.40 - - [29/May/2020:23:47:30 +0300] "POST /phpmyadmin//index.php HTTP/1.1" 200 3180 "-" "Mozilla/5.0 (X11; Ubuntu; Linux x86_64; rv:62.0) Gecko/20100101 Firefox/62.0"
5.188.84.215 - - [29/May/2020:23:53:11 +0300] "GET / HTTP/1.0" 200 93600 "http://rafalex.ru/" "Mozilla/5.0 (Windows NT 6.1; WOW64) AppleWebKit/537.36 (KHTML, like Gecko) Chrome/67.0.3396.87 Safari/537.36 OPR/54.0.2952.64 (Edition Yx)"
5.188.84.215 - - [29/May/2020:23:53:12 +0300] "POST / HTTP/1.0" 303 664 "http://rafalex.ru/" "Mozilla/5.0 (Windows NT 6.1; WOW64) AppleWebKit/537.36 (KHTML, like Gecko) Chrome/67.0.3396.87 Safari/537.36 OPR/54.0.2952.64 (Edition Yx)"
5.188.84.215 - - [29/May/2020:23:53:13 +0300] "GET / HTTP/1.0" 200 93503 "http://rafalex.ru/" "Mozilla/5.0 (Windows NT 6.1; WOW64) AppleWebKit/537.36 (KHTML, like Gecko) Chrome/67.0.3396.87 Safari/537.36 OPR/54.0.2952.64 (Edition Yx)"
5.188.84.215 - - [29/May/2020:23:53:28 +0300] "GET / HTTP/1.0" 200 93600 "-" "Mozilla/5.0 (Windows NT 6.3; Win64; x64) AppleWebKit/537.36 (KHTML, like Gecko) Chrome/75.0.3770.100 Safari/537.36"
197.38.55.143 - - [30/May/2020:00:00:45 +0300] "GET /phpmyadmin/ HTTP/1.1" 200 3105 "-" "Mozilla/5.0 (X11; Ubuntu; Linux x86_64; rv:62.0) Gecko/20100101 Firefox/62.0"
197.38.55.143 - - [30/May/2020:00:00:47 +0300] "POST /phpmyadmin//index.php HTTP/1.1" 200 3162 "-" "Mozilla/5.0 (X11; Ubuntu; Linux x86_64; rv:62.0) Gecko/20100101 Firefox/62.0"
83.150.212.212 - - [30/May/2020:00:12:32 +0300] "GET /phpmyadmin/ HTTP/1.1" 200 3104 "-" "Mozilla/5.0 (X11; Ubuntu; Linux x86_64; rv:62.0) Gecko/20100101 Firefox/62.0"
83.150.212.212 - - [30/May/2020:00:12:33 +0300] "POST /phpmyadmin//index.php HTTP/1.1" 200 3161 "-" "Mozilla/5.0 (X11; Ubuntu; Linux x86_64; rv:62.0) Gecko/20100101 Firefox/62.0"
89.108.65.227 - - [30/May/2020:00:24:23 +0300] "GET /phpmyadmin/ HTTP/1.1" 200 3107 "-" "Mozilla/5.0 (X11; Ubuntu; Linux x86_64; rv:62.0) Gecko/20100101 Firefox/62.0"
89.108.65.227 - - [30/May/2020:00:24:23 +0300] "POST /phpmyadmin//index.php HTTP/1.1" 200 3175 "-" "Mozilla/5.0 (X11; Ubuntu; Linux x86_64; rv:62.0) Gecko/20100101 Firefox/62.0"
51.159.18.78 - - [30/May/2020:00:26:28 +0300] "GET /administrator/index.php HTTP/1.0" 200 3073 "-" "Mozilla/5.0 (Windows NT 6.3; WOW64; Trident/7.0; rv:11.0) like Gecko"
51.159.18.78 - - [30/May/2020:00:26:29 +0300] "GET /administrator/index.php HTTP/1.0" 200 3074 "-" "Mozilla/5.0 (Windows NT 6.3; WOW64; Trident/7.0; rv:11.0) like Gecko"
51.159.18.78 - - [30/May/2020:00:26:30 +0300] "POST /administrator/index.php HTTP/1.0" 200 3141 "-" "Mozilla/5.0 (Windows NT 6.3; WOW64; Trident/7.0; rv:11.0) like Gecko"
51.159.18.78 - - [30/May/2020:00:26:31 +0300] "POST /administrator/index.php HTTP/1.0" 200 3141 "-" "Mozilla/5.0 (Windows NT 6.3; WOW64; Trident/7.0; rv:11.0) like Gecko"
185.12.124.78 - - [30/May/2020:00:34:16 +0300] "GET / HTTP/1.0" 200 14125 "-" "Mozilla/5.0 (compatible; BackupLand/1.0; https://go.backupland.com/; Domain check for viruses;)"
89.223.28.241 - - [30/May/2020:00:41:36 +0300] "GET / HTTP/1.0" 200 14126 "-" "Mozilla/4.0 (compatible; MSIE 6.0; Windows NT 5.1; SV1)"
51.89.2.81 - - [30/May/2020:00:50:06 +0300] "GET /phpmyadmin/ HTTP/1.1" 200 3105 "-" "Mozilla/5.0 (X11; Ubuntu; Linux x86_64; rv:62.0) Gecko/20100101 Firefox/62.0"
51.89.2.81 - - [30/May/2020:00:50:06 +0300] "POST /phpmyadmin//index.php HTTP/1.1" 200 3160 "-" "Mozilla/5.0 (X11; Ubuntu; Linux x86_64; rv:62.0) Gecko/20100101 Firefox/62.0"
88.227.58.38 - - [30/May/2020:01:02:27 +0300] "GET /phpmyadmin/ HTTP/1.1" 200 3105 "-" "Mozilla/5.0 (X11; Ubuntu; Linux x86_64; rv:62.0) Gecko/20100101 Firefox/62.0"
88.227.58.38 - - [30/May/2020:01:02:27 +0300] "POST /phpmyadmin//index.php HTTP/1.1" 200 3162 "-" "Mozilla/5.0 (X11; Ubuntu; Linux x86_64; rv:62.0) Gecko/20100101 Firefox/62.0"
51.159.18.78 - - [30/May/2020:01:07:12 +0300] "GET /administrator/index.php HTTP/1.0" 200 3070 "-" "Mozilla/5.0 (Windows NT 6.3; WOW64; Trident/7.0; rv:11.0) like Gecko"
51.159.18.78 - - [30/May/2020:01:07:12 +0300] "GET /administrator/index.php HTTP/1.0" 200 3072 "-" "Mozilla/5.0 (Windows NT 6.3; WOW64; Trident/7.0; rv:11.0) like Gecko"
51.159.18.78 - - [30/May/2020:01:07:14 +0300] "POST /administrator/index.php HTTP/1.0" 200 3139 "-" "Mozilla/5.0 (Windows NT 6.3; WOW64; Trident/7.0; rv:11.0) like Gecko"
51.159.18.78 - - [30/May/2020:01:07:14 +0300] "POST /administrator/index.php HTTP/1.0" 200 3139 "-" "Mozilla/5.0 (Windows NT 6.3; WOW64; Trident/7.0; rv:11.0) like Gecko"
176.99.15.195 - - [30/May/2020:01:20:08 +0300] "GET / HTTP/1.0" 200 14126 "-" "Python/3.7 aiohttp/3.4.4"
213.163.39.242 - - [30/May/2020:01:40:57 +0300] "GET /phpmyadmin/ HTTP/1.1" 200 3103 "-" "Mozilla/5.0 (X11; Ubuntu; Linux x86_64; rv:62.0) Gecko/20100101 Firefox/62.0"
213.163.39.242 - - [30/May/2020:01:40:57 +0300] "POST /phpmyadmin//index.php HTTP/1.1" 200 3162 "-" "Mozilla/5.0 (X11; Ubuntu; Linux x86_64; rv:62.0) Gecko/20100101 Firefox/62.0"
51.159.18.78 - - [30/May/2020:01:49:28 +0300] "GET /administrator/index.php HTTP/1.0" 200 3072 "-" "Mozilla/5.0 (Windows NT 6.3; WOW64; Trident/7.0; rv:11.0) like Gecko"
51.159.18.78 - - [30/May/2020:01:49:28 +0300] "GET /administrator/index.php HTTP/1.0" 200 3071 "-" "Mozilla/5.0 (Windows NT 6.3; WOW64; Trident/7.0; rv:11.0) like Gecko"
51.159.18.78 - - [30/May/2020:01:49:28 +0300] "POST /administrator/index.php HTTP/1.0" 200 3140 "-" "Mozilla/5.0 (Windows NT 6.3; WOW64; Trident/7.0; rv:11.0) like Gecko"
51.159.18.78 - - [30/May/2020:01:49:29 +0300] "POST /administrator/index.php HTTP/1.0" 200 3139 "-" "Mozilla/5.0 (Windows NT 6.3; WOW64; Trident/7.0; rv:11.0) like Gecko"
139.162.15.31 - - [30/May/2020:01:54:00 +0300] "GET /phpmyadmin/ HTTP/1.1" 200 3104 "-" "Mozilla/5.0 (X11; Ubuntu; Linux x86_64; rv:62.0) Gecko/20100101 Firefox/62.0"
139.162.15.31 - - [30/May/2020:01:54:02 +0300] "POST /phpmyadmin//index.php HTTP/1.1" 200 3161 "-" "Mozilla/5.0 (X11; Ubuntu; Linux x86_64; rv:62.0) Gecko/20100101 Firefox/62.0"
182.92.9.216 - - [30/May/2020:02:07:54 +0300] "GET /phpmyadmin/ HTTP/1.1" 200 3105 "-" "Mozilla/5.0 (X11; Ubuntu; Linux x86_64; rv:62.0) Gecko/20100101 Firefox/62.0"
182.92.9.216 - - [30/May/2020:02:07:55 +0300] "POST /phpmyadmin//index.php HTTP/1.1" 200 3186 "-" "Mozilla/5.0 (X11; Ubuntu; Linux x86_64; rv:62.0) Gecko/20100101 Firefox/62.0"
54.36.149.90 - - [30/May/2020:02:15:05 +0300] "GET / HTTP/1.0" 200 14124 "-" "Mozilla/5.0 (compatible; AhrefsBot/6.1; +http://ahrefs.com/robot/)"
5.180.185.253 - - [30/May/2020:02:20:31 +0300] "GET /phpmyadmin/ HTTP/1.1" 200 3103 "-" "Mozilla/5.0 (X11; Ubuntu; Linux x86_64; rv:62.0) Gecko/20100101 Firefox/62.0"
5.180.185.253 - - [30/May/2020:02:20:31 +0300] "POST /phpmyadmin//index.php HTTP/1.1" 200 3161 "-" "Mozilla/5.0 (X11; Ubuntu; Linux x86_64; rv:62.0) Gecko/20100101 Firefox/62.0"
195.138.67.136 - - [30/May/2020:02:26:31 +0300] "GET / HTTP/1.0" 200 93614 "http://rafalex.ru/" "Mozilla/5.0 (Windows NT 10.0; Win64; x64) AppleWebKit/537.36 (KHTML, like Gecko) Chrome/67.0.3396.62 Safari/537.36"
195.138.67.136 - - [30/May/2020:02:26:33 +0300] "POST / HTTP/1.0" 303 664 "http://rafalex.ru/" "Mozilla/5.0 (Windows NT 10.0; Win64; x64) AppleWebKit/537.36 (KHTML, like Gecko) Chrome/67.0.3396.62 Safari/537.36"
195.138.67.136 - - [30/May/2020:02:26:33 +0300] "GET / HTTP/1.0" 200 93517 "http://rafalex.ru/" "Mozilla/5.0 (Windows NT 10.0; Win64; x64) AppleWebKit/537.36 (KHTML, like Gecko) Chrome/67.0.3396.62 Safari/537.36"
51.159.18.78 - - [30/May/2020:02:30:57 +0300] "GET /administrator/index.php HTTP/1.0" 200 3075 "-" "Mozilla/5.0 (Windows NT 6.3; WOW64; Trident/7.0; rv:11.0) like Gecko"
51.159.18.78 - - [30/May/2020:02:30:57 +0300] "GET /administrator/index.php HTTP/1.0" 200 3073 "-" "Mozilla/5.0 (Windows NT 6.3; WOW64; Trident/7.0; rv:11.0) like Gecko"
51.159.18.78 - - [30/May/2020:02:30:57 +0300] "POST /administrator/index.php HTTP/1.0" 200 3140 "-" "Mozilla/5.0 (Windows NT 6.3; WOW64; Trident/7.0; rv:11.0) like Gecko"
51.159.18.78 - - [30/May/2020:02:30:57 +0300] "POST /administrator/index.php HTTP/1.0" 200 3142 "-" "Mozilla/5.0 (Windows NT 6.3; WOW64; Trident/7.0; rv:11.0) like Gecko"
91.239.233.48 - - [30/May/2020:02:33:50 +0300] "GET /phpmyadmin/ HTTP/1.1" 200 3106 "-" "Mozilla/5.0 (X11; Ubuntu; Linux x86_64; rv:62.0) Gecko/20100101 Firefox/62.0"
91.239.233.48 - - [30/May/2020:02:33:51 +0300] "POST /phpmyadmin//index.php HTTP/1.1" 200 3162 "-" "Mozilla/5.0 (X11; Ubuntu; Linux x86_64; rv:62.0) Gecko/20100101 Firefox/62.0"
54.36.148.139 - - [30/May/2020:02:40:24 +0300] "GET /nashi-uslugi/gruzoperevozki-po-blizhnemu-zarubezhyu-i-evrope HTTP/1.0" 200 12380 "-" "Mozilla/5.0 (compatible; AhrefsBot/6.1; +http://ahrefs.com/robot/)"
89.108.65.227 - - [30/May/2020:02:46:53 +0300] "GET /phpmyadmin/ HTTP/1.1" 200 3105 "-" "Mozilla/5.0 (X11; Ubuntu; Linux x86_64; rv:62.0) Gecko/20100101 Firefox/62.0"
89.108.65.227 - - [30/May/2020:02:46:53 +0300] "POST /phpmyadmin//index.php HTTP/1.1" 200 3160 "-" "Mozilla/5.0 (X11; Ubuntu; Linux x86_64; rv:62.0) Gecko/20100101 Firefox/62.0"
45.32.153.24 - - [30/May/2020:02:58:58 +0300] "GET /phpmyadmin/ HTTP/1.1" 200 3106 "-" "Mozilla/5.0 (X11; Ubuntu; Linux x86_64; rv:62.0) Gecko/20100101 Firefox/62.0"
45.32.153.24 - - [30/May/2020:02:58:58 +0300] "POST /phpmyadmin//index.php HTTP/1.1" 200 3182 "-" "Mozilla/5.0 (X11; Ubuntu; Linux x86_64; rv:62.0) Gecko/20100101 Firefox/62.0"
51.89.2.81 - - [30/May/2020:03:00:18 +0300] "GET /phpmyadmin/ HTTP/1.1" 200 3104 "-" "Mozilla/5.0 (X11; Ubuntu; Linux x86_64; rv:62.0) Gecko/20100101 Firefox/62.0"
51.89.2.81 - - [30/May/2020:03:00:18 +0300] "POST /phpmyadmin//index.php HTTP/1.1" 200 3161 "-" "Mozilla/5.0 (X11; Ubuntu; Linux x86_64; rv:62.0) Gecko/20100101 Firefox/62.0"
54.36.148.45 - - [30/May/2020:03:12:13 +0300] "GET /nashi-uslugi/perevozka-negabaritnykh-gruzov HTTP/1.0" 200 13001 "-" "Mozilla/5.0 (compatible; AhrefsBot/6.1; +http://ahrefs.com/robot/)"
51.159.18.78 - - [30/May/2020:03:12:29 +0300] "GET /administrator/index.php HTTP/1.0" 200 3073 "-" "Mozilla/5.0 (Windows NT 6.3; WOW64; Trident/7.0; rv:11.0) like Gecko"
51.159.18.78 - - [30/May/2020:03:12:29 +0300] "GET /administrator/index.php HTTP/1.0" 200 3074 "-" "Mozilla/5.0 (Windows NT 6.3; WOW64; Trident/7.0; rv:11.0) like Gecko"
51.159.18.78 - - [30/May/2020:03:12:31 +0300] "POST /administrator/index.php HTTP/1.0" 200 3140 "-" "Mozilla/5.0 (Windows NT 6.3; WOW64; Trident/7.0; rv:11.0) like Gecko"
51.159.18.78 - - [30/May/2020:03:12:31 +0300] "POST /administrator/index.php HTTP/1.0" 200 3141 "-" "Mozilla/5.0 (Windows NT 6.3; WOW64; Trident/7.0; rv:11.0) like Gecko"
83.150.212.212 - - [30/May/2020:03:14:02 +0300] "GET /phpmyadmin/ HTTP/1.1" 200 3105 "-" "Mozilla/5.0 (X11; Ubuntu; Linux x86_64; rv:62.0) Gecko/20100101 Firefox/62.0"
83.150.212.212 - - [30/May/2020:03:14:02 +0300] "POST /phpmyadmin//index.php HTTP/1.1" 200 3185 "-" "Mozilla/5.0 (X11; Ubuntu; Linux x86_64; rv:62.0) Gecko/20100101 Firefox/62.0"
91.77.198.11 - - [30/May/2020:03:18:11 +0300] "GET / HTTP/1.0" 200 93598 "http://rafalex.ru/" "Mozilla/5.0 (Windows NT 10.0; Win64; x64) AppleWebKit/537.36 (KHTML, like Gecko) Chrome/58.0.3029.110 Safari/537.36 Edge/16.16299"
91.77.198.11 - - [30/May/2020:03:18:11 +0300] "POST / HTTP/1.0" 303 664 "http://rafalex.ru/" "Mozilla/5.0 (Windows NT 10.0; Win64; x64) AppleWebKit/537.36 (KHTML, like Gecko) Chrome/58.0.3029.110 Safari/537.36 Edge/16.16299"
91.77.198.11 - - [30/May/2020:03:18:12 +0300] "GET / HTTP/1.0" 200 93503 "http://rafalex.ru/" "Mozilla/5.0 (Windows NT 10.0; Win64; x64) AppleWebKit/537.36 (KHTML, like Gecko) Chrome/58.0.3029.110 Safari/537.36 Edge/16.16299"
54.36.148.204 - - [30/May/2020:03:43:51 +0300] "GET /nashi-uslugi/perevozka-opasnykh-gruzov HTTP/1.0" 200 12403 "-" "Mozilla/5.0 (compatible; AhrefsBot/6.1; +http://ahrefs.com/robot/)"
89.108.65.227 - - [30/May/2020:03:52:53 +0300] "GET /phpmyadmin/ HTTP/1.1" 200 3104 "-" "Mozilla/5.0 (X11; Ubuntu; Linux x86_64; rv:62.0) Gecko/20100101 Firefox/62.0"
89.108.65.227 - - [30/May/2020:03:52:53 +0300] "POST /phpmyadmin//index.php HTTP/1.1" 200 3161 "-" "Mozilla/5.0 (X11; Ubuntu; Linux x86_64; rv:62.0) Gecko/20100101 Firefox/62.0"
51.159.18.78 - - [30/May/2020:03:54:21 +0300] "GET /administrator/index.php HTTP/1.0" 200 3073 "-" "Mozilla/5.0 (Windows NT 6.3; WOW64; Trident/7.0; rv:11.0) like Gecko"
51.159.18.78 - - [30/May/2020:03:54:22 +0300] "POST /administrator/index.php HTTP/1.0" 200 3140 "-" "Mozilla/5.0 (Windows NT 6.3; WOW64; Trident/7.0; rv:11.0) like Gecko"
51.159.18.78 - - [30/May/2020:03:54:23 +0300] "GET /administrator/index.php HTTP/1.0" 200 3075 "-" "Mozilla/5.0 (Windows NT 6.3; WOW64; Trident/7.0; rv:11.0) like Gecko"
51.159.18.78 - - [30/May/2020:03:54:24 +0300] "POST /administrator/index.php HTTP/1.0" 200 3142 "-" "Mozilla/5.0 (Windows NT 6.3; WOW64; Trident/7.0; rv:11.0) like Gecko"
94.247.133.40 - - [30/May/2020:04:19:42 +0300] "GET /phpmyadmin/ HTTP/1.1" 200 3107 "-" "Mozilla/5.0 (X11; Ubuntu; Linux x86_64; rv:62.0) Gecko/20100101 Firefox/62.0"
94.247.133.40 - - [30/May/2020:04:19:42 +0300] "POST /phpmyadmin//index.php HTTP/1.1" 200 3184 "-" "Mozilla/5.0 (X11; Ubuntu; Linux x86_64; rv:62.0) Gecko/20100101 Firefox/62.0"
89.108.65.227 - - [30/May/2020:04:33:25 +0300] "GET /phpmyadmin/ HTTP/1.1" 200 3105 "-" "Mozilla/5.0 (X11; Ubuntu; Linux x86_64; rv:62.0) Gecko/20100101 Firefox/62.0"
89.108.65.227 - - [30/May/2020:04:33:25 +0300] "POST /phpmyadmin//index.php HTTP/1.1" 200 3160 "-" "Mozilla/5.0 (X11; Ubuntu; Linux x86_64; rv:62.0) Gecko/20100101 Firefox/62.0"
51.159.18.78 - - [30/May/2020:04:36:39 +0300] "GET /administrator/index.php HTTP/1.0" 200 3073 "-" "Mozilla/5.0 (Windows NT 6.3; WOW64; Trident/7.0; rv:11.0) like Gecko"
51.159.18.78 - - [30/May/2020:04:36:40 +0300] "GET /administrator/index.php HTTP/1.0" 200 3072 "-" "Mozilla/5.0 (Windows NT 6.3; WOW64; Trident/7.0; rv:11.0) like Gecko"
51.159.18.78 - - [30/May/2020:04:36:40 +0300] "POST /administrator/index.php HTTP/1.0" 200 3140 "-" "Mozilla/5.0 (Windows NT 6.3; WOW64; Trident/7.0; rv:11.0) like Gecko"
51.159.18.78 - - [30/May/2020:04:36:41 +0300] "POST /administrator/index.php HTTP/1.0" 200 3139 "-" "Mozilla/5.0 (Windows NT 6.3; WOW64; Trident/7.0; rv:11.0) like Gecko"
23.91.71.220 - - [30/May/2020:04:47:29 +0300] "GET /phpmyadmin/ HTTP/1.1" 200 3103 "-" "Mozilla/5.0 (X11; Ubuntu; Linux x86_64; rv:62.0) Gecko/20100101 Firefox/62.0"
23.91.71.220 - - [30/May/2020:04:47:30 +0300] "POST /phpmyadmin//index.php HTTP/1.1" 200 3162 "-" "Mozilla/5.0 (X11; Ubuntu; Linux x86_64; rv:62.0) Gecko/20100101 Firefox/62.0"
94.242.54.22 - - [30/May/2020:04:54:02 +0300] "GET / HTTP/1.0" 200 93600 "http://rafalex.ru/" "Mozilla/5.0 (Windows NT 6.3; Win64; x64) AppleWebKit/537.36 (KHTML, like Gecko) Chrome/67.0.3396.99 Safari/537.36"
94.242.54.22 - - [30/May/2020:04:54:03 +0300] "POST / HTTP/1.0" 303 664 "http://rafalex.ru/" "Mozilla/5.0 (Windows NT 6.3; Win64; x64) AppleWebKit/537.36 (KHTML, like Gecko) Chrome/67.0.3396.99 Safari/537.36"
94.242.54.22 - - [30/May/2020:04:54:04 +0300] "GET / HTTP/1.0" 200 93503 "http://rafalex.ru/" "Mozilla/5.0 (Windows NT 6.3; Win64; x64) AppleWebKit/537.36 (KHTML, like Gecko) Chrome/67.0.3396.99 Safari/537.36"
103.119.139.14 - - [30/May/2020:05:00:45 +0300] "GET /phpmyadmin/ HTTP/1.1" 200 3105 "-" "Mozilla/5.0 (X11; Ubuntu; Linux x86_64; rv:62.0) Gecko/20100101 Firefox/62.0"
103.119.139.14 - - [30/May/2020:05:00:46 +0300] "POST /phpmyadmin//index.php HTTP/1.1" 200 3160 "-" "Mozilla/5.0 (X11; Ubuntu; Linux x86_64; rv:62.0) Gecko/20100101 Firefox/62.0"
89.108.65.227 - - [30/May/2020:05:14:26 +0300] "GET /phpmyadmin/ HTTP/1.1" 200 3104 "-" "Mozilla/5.0 (X11; Ubuntu; Linux x86_64; rv:62.0) Gecko/20100101 Firefox/62.0"
89.108.65.227 - - [30/May/2020:05:14:26 +0300] "POST /phpmyadmin//index.php HTTP/1.1" 200 3181 "-" "Mozilla/5.0 (X11; Ubuntu; Linux x86_64; rv:62.0) Gecko/20100101 Firefox/62.0"
51.159.18.78 - - [30/May/2020:05:18:00 +0300] "GET /administrator/index.php HTTP/1.0" 200 3071 "-" "Mozilla/5.0 (Windows NT 6.3; WOW64; Trident/7.0; rv:11.0) like Gecko"
51.159.18.78 - - [30/May/2020:05:18:01 +0300] "GET /administrator/index.php HTTP/1.0" 200 3073 "-" "Mozilla/5.0 (Windows NT 6.3; WOW64; Trident/7.0; rv:11.0) like Gecko"
51.159.18.78 - - [30/May/2020:05:18:01 +0300] "POST /administrator/index.php HTTP/1.0" 200 3139 "-" "Mozilla/5.0 (Windows NT 6.3; WOW64; Trident/7.0; rv:11.0) like Gecko"
51.159.18.78 - - [30/May/2020:05:18:03 +0300] "POST /administrator/index.php HTTP/1.0" 200 3140 "-" "Mozilla/5.0 (Windows NT 6.3; WOW64; Trident/7.0; rv:11.0) like Gecko"
195.98.87.68 - - [30/May/2020:05:30:58 +0300] "GET /phpmyadmin/ HTTP/1.1" 200 3106 "-" "Mozilla/5.0 (X11; Ubuntu; Linux x86_64; rv:62.0) Gecko/20100101 Firefox/62.0"
195.98.87.68 - - [30/May/2020:05:30:58 +0300] "POST /phpmyadmin//index.php HTTP/1.1" 200 3161 "-" "Mozilla/5.0 (X11; Ubuntu; Linux x86_64; rv:62.0) Gecko/20100101 Firefox/62.0"
37.192.147.114 - - [30/May/2020:05:34:31 +0300] "GET / HTTP/1.0" 200 14124 "-" "Mozilla/5.0 (Windows NT 6.1; Trident/7.0; rv:11.0) like Gecko"
37.192.147.114 - - [30/May/2020:05:34:38 +0300] "GET /index.php/component/users HTTP/1.0" 200 4718 "http://rafalex.ru/" "Mozilla/5.0 (Windows NT 6.1; Trident/7.0; rv:11.0) like Gecko"
37.192.147.114 - - [30/May/2020:05:35:01 +0300] "POST /index.php/component/users HTTP/1.0" 303 407 "http://rafalex.ru/index.php/component/users" "Mozilla/5.0 (Windows NT 6.1; Trident/7.0; rv:11.0) like Gecko"
37.192.147.114 - - [30/May/2020:05:35:03 +0300] "GET /component/users/?view=login&Itemid=101 HTTP/1.0" 200 4928 "http://rafalex.ru/index.php/component/users" "Mozilla/5.0 (Windows NT 6.1; Trident/7.0; rv:11.0) like Gecko"
37.192.147.114 - - [30/May/2020:05:35:04 +0300] "GET /index.php/component/users/?view=login HTTP/1.0" 200 4770 "http://rafalex.ru/component/users/?view=login&Itemid=101" "Mozilla/5.0 (Windows NT 6.1; Trident/7.0; rv:11.0) like Gecko"
37.192.147.114 - - [30/May/2020:05:35:06 +0300] "GET /accesson1.php HTTP/1.0" 404 1830 "http://rafalex.ru/index.php/component/users/?view=login" "Mozilla/5.0 (Windows NT 6.1; Trident/7.0; rv:11.0) like Gecko"
91.218.231.153 - - [30/May/2020:05:40:13 +0300] "GET / HTTP/1.0" 200 93614 "-" "Wget/1.12 (linux-gnu)"
41.234.57.89 - - [30/May/2020:05:43:48 +0300] "GET /phpmyadmin/ HTTP/1.1" 200 3104 "-" "Mozilla/5.0 (X11; Ubuntu; Linux x86_64; rv:62.0) Gecko/20100101 Firefox/62.0"
41.234.57.89 - - [30/May/2020:05:43:53 +0300] "POST /phpmyadmin//index.php HTTP/1.1" 200 3173 "-" "Mozilla/5.0 (X11; Ubuntu; Linux x86_64; rv:62.0) Gecko/20100101 Firefox/62.0"
91.246.120.28 - - [30/May/2020:05:44:05 +0300] "GET / HTTP/1.0" 200 93605 "http://rafalex.ru/" "Mozilla/5.0 (Windows NT 6.3; Win64; x64) AppleWebKit/537.36 (KHTML, like Gecko) Chrome/66.0.3359.181 Safari/537.36"
91.246.120.28 - - [30/May/2020:05:44:06 +0300] "POST / HTTP/1.0" 303 664 "http://rafalex.ru/" "Mozilla/5.0 (Windows NT 6.3; Win64; x64) AppleWebKit/537.36 (KHTML, like Gecko) Chrome/66.0.3359.181 Safari/537.36"
91.246.120.28 - - [30/May/2020:05:44:07 +0300] "GET / HTTP/1.0" 200 93510 "http://rafalex.ru/" "Mozilla/5.0 (Windows NT 6.3; Win64; x64) AppleWebKit/537.36 (KHTML, like Gecko) Chrome/66.0.3359.181 Safari/537.36"
54.36.148.123 - - [30/May/2020:05:48:38 +0300] "GET /nashi-uslugi/perevozka-opasnykh-gruzov HTTP/1.0" 200 12403 "-" "Mozilla/5.0 (compatible; AhrefsBot/6.1; +http://ahrefs.com/robot/)"
91.207.102.156 - - [30/May/2020:05:49:20 +0300] "GET /index.php?option=com_users&view=registration HTTP/1.0" 303 504 "-" "Mozilla/5.0 (compatible; Googlebot/2.1; +http://www.google.com/bot.html)"
51.89.2.81 - - [30/May/2020:05:56:32 +0300] "GET /phpmyadmin/ HTTP/1.1" 200 3104 "-" "Mozilla/5.0 (X11; Ubuntu; Linux x86_64; rv:62.0) Gecko/20100101 Firefox/62.0"
