91.132.139.19 - - [21/May/2020:18:15:00 +0300] "POST /administrator/index.php HTTP/1.0" 200 3140 "http://rafalex.ru/administrator/index.php" "Mozilla/5.0 (Windows NT 10.0; Win64; x64) AppleWebKit/537.36 (KHTML, like Gecko) Chrome/64.0.3282.140 Safari/537.36 Edge/17.17134"
182.186.210.38 - - [21/May/2020:18:27:39 +0300] "GET /phpmyadmin/ HTTP/1.1" 200 3105 "-" "Mozilla/5.0 (X11; Ubuntu; Linux x86_64; rv:62.0) Gecko/20100101 Firefox/62.0"
182.186.210.38 - - [21/May/2020:18:27:43 +0300] "POST /phpmyadmin//index.php HTTP/1.1" 200 3170 "-" "Mozilla/5.0 (X11; Ubuntu; Linux x86_64; rv:62.0) Gecko/20100101 Firefox/62.0"
54.36.148.30 - - [21/May/2020:18:30:38 +0300] "GET /nashi-uslugi/zheleznodorozhnye-gruzoperevozki HTTP/1.0" 200 12322 "-" "Mozilla/5.0 (compatible; AhrefsBot/6.1; +http://ahrefs.com/robot/)"
5.183.94.55 - - [21/May/2020:19:02:48 +0300] "GET / HTTP/1.0" 200 93591 "http://rafalex.ru/" "Mozilla/5.0 (Windows NT 6.1) AppleWebKit/537.36 (KHTML, like Gecko) Chrome/67.0.3396.99 Safari/537.36"
5.183.94.55 - - [21/May/2020:19:02:50 +0300] "POST / HTTP/1.0" 303 664 "http://rafalex.ru/" "Mozilla/5.0 (Windows NT 6.1) AppleWebKit/537.36 (KHTML, like Gecko) Chrome/67.0.3396.99 Safari/537.36"
5.183.94.55 - - [21/May/2020:19:02:50 +0300] "GET / HTTP/1.0" 200 93494 "http://rafalex.ru/" "Mozilla/5.0 (Windows NT 6.1) AppleWebKit/537.36 (KHTML, like Gecko) Chrome/67.0.3396.99 Safari/537.36"
188.163.101.88 - - [21/May/2020:19:09:57 +0300] "GET /administrator/index.php HTTP/1.0" 200 7641 "-" "Mozilla/5.0 (Windows NT 6.3; Win64; x64) AppleWebKit/537.36 (KHTML, like Gecko) Chrome/80.0.3987.132 Safari/537.36"
188.163.101.88 - - [21/May/2020:19:09:58 +0300] "POST /administrator/index.php HTTP/1.0" 200 7935 "-" "Mozilla/5.0 (Windows NT 6.3; Win64; x64) AppleWebKit/537.36 (KHTML, like Gecko) Chrome/80.0.3987.132 Safari/537.36"
188.163.101.88 - - [21/May/2020:19:09:59 +0300] "GET /administrator/index.php HTTP/1.0" 200 7544 "-" "Mozilla/5.0 (Windows NT 6.3; Win64; x64) AppleWebKit/537.36 (KHTML, like Gecko) Chrome/80.0.3987.132 Safari/537.36"
54.36.148.234 - - [21/May/2020:19:22:17 +0300] "GET /personalnye-dannye HTTP/1.0" 200 11434 "-" "Mozilla/5.0 (compatible; AhrefsBot/6.1; +http://ahrefs.com/robot/)"
149.129.69.214 - - [21/May/2020:19:36:03 +0300] "GET /phpmyadmin/ HTTP/1.1" 200 3105 "-" "Mozilla/5.0 (X11; Ubuntu; Linux x86_64; rv:62.0) Gecko/20100101 Firefox/62.0"
149.129.69.214 - - [21/May/2020:19:36:04 +0300] "POST /phpmyadmin//index.php HTTP/1.1" 200 3178 "-" "Mozilla/5.0 (X11; Ubuntu; Linux x86_64; rv:62.0) Gecko/20100101 Firefox/62.0"
185.220.100.253 - - [21/May/2020:19:56:30 +0300] "GET /administrator/ HTTP/1.0" 200 7641 "-" "Mozilla/5.0 (X11; Linux x86_64) AppleWebKit/537.36 (KHTML, like Gecko) Ubuntu Chromium/68.0.3440.106 Chrome/68.0.3440.106 Safari/537.36"
185.220.100.253 - - [21/May/2020:19:56:32 +0300] "POST /administrator/ HTTP/1.0" 200 7935 "-" "Mozilla/5.0 (X11; Linux x86_64) AppleWebKit/537.36 (KHTML, like Gecko) Ubuntu Chromium/68.0.3440.106 Chrome/68.0.3440.106 Safari/537.36"
51.75.175.27 - - [21/May/2020:20:10:17 +0300] "GET / HTTP/1.0" 200 93598 "http://rafalex.ru/" "Mozilla/5.0 (Windows NT 10.0; Win64; x64) AppleWebKit/537.36 (KHTML, like Gecko) Chrome/66.0.3359.170 Safari/537.36 OPR/53.0.2907.99"
51.75.175.27 - - [21/May/2020:20:10:19 +0300] "POST / HTTP/1.0" 303 664 "http://rafalex.ru/" "Mozilla/5.0 (Windows NT 10.0; Win64; x64) AppleWebKit/537.36 (KHTML, like Gecko) Chrome/66.0.3359.170 Safari/537.36 OPR/53.0.2907.99"
51.75.175.27 - - [21/May/2020:20:10:20 +0300] "GET / HTTP/1.0" 200 93503 "http://rafalex.ru/" "Mozilla/5.0 (Windows NT 10.0; Win64; x64) AppleWebKit/537.36 (KHTML, like Gecko) Chrome/66.0.3359.170 Safari/537.36 OPR/53.0.2907.99"
18.191.33.128 - - [21/May/2020:20:11:24 +0300] "GET / HTTP/1.0" 200 14124 "-" "Mozilla/5.0 (Macintosh; Intel Mac OS X 10_15_0) AppleWebKit/537.36 (KHTML, like Gecko) Chrome/78.0.3904.87 Safari/537.36"
5.3.218.33 - - [21/May/2020:20:17:52 +0300] "GET / HTTP/1.0" 200 93586 "http://rafalex.ru/" "Mozilla/5.0 (Windows NT 6.1) AppleWebKit/537.36 (KHTML, like Gecko) Chrome/66.0.3359.181 Safari/537.36"
5.3.218.33 - - [21/May/2020:20:17:53 +0300] "POST / HTTP/1.0" 303 664 "http://rafalex.ru/" "Mozilla/5.0 (Windows NT 6.1) AppleWebKit/537.36 (KHTML, like Gecko) Chrome/66.0.3359.181 Safari/537.36"
5.3.218.33 - - [21/May/2020:20:17:54 +0300] "GET / HTTP/1.0" 200 93487 "http://rafalex.ru/" "Mozilla/5.0 (Windows NT 6.1) AppleWebKit/537.36 (KHTML, like Gecko) Chrome/66.0.3359.181 Safari/537.36"
5.3.218.33 - - [21/May/2020:20:17:54 +0300] "GET / HTTP/1.0" 200 93487 "http://rafalex.ru/" "Mozilla/5.0 (Windows NT 6.1) AppleWebKit/537.36 (KHTML, like Gecko) Chrome/66.0.3359.181 Safari/537.36"
54.36.148.233 - - [21/May/2020:20:21:03 +0300] "GET / HTTP/1.0" 200 14126 "-" "Mozilla/5.0 (compatible; AhrefsBot/6.1; +http://ahrefs.com/robot/)"
188.163.101.88 - - [21/May/2020:20:28:00 +0300] "GET /administrator/index.php HTTP/1.0" 200 7641 "-" "Mozilla/5.0 (Windows NT 6.3; Win64; x64) AppleWebKit/537.36 (KHTML, like Gecko) Chrome/80.0.3987.132 Safari/537.36"
188.163.101.88 - - [21/May/2020:20:28:00 +0300] "POST /administrator/index.php HTTP/1.0" 200 7935 "-" "Mozilla/5.0 (Windows NT 6.3; Win64; x64) AppleWebKit/537.36 (KHTML, like Gecko) Chrome/80.0.3987.132 Safari/537.36"
188.163.101.88 - - [21/May/2020:20:28:01 +0300] "GET /administrator/index.php HTTP/1.0" 200 7544 "-" "Mozilla/5.0 (Windows NT 6.3; Win64; x64) AppleWebKit/537.36 (KHTML, like Gecko) Chrome/80.0.3987.132 Safari/537.36"
62.149.29.53 - - [21/May/2020:20:30:57 +0300] "GET / HTTP/1.0" 200 93600 "http://rafalex.ru/" "Mozilla/5.0 (Windows NT 10.0; Win64; x64) AppleWebKit/537.36 (KHTML, like Gecko) Chrome/67.0.3396.87 Safari/537.36 OPR/54.0.2952.71"
62.149.29.53 - - [21/May/2020:20:30:59 +0300] "POST / HTTP/1.0" 303 664 "http://rafalex.ru/" "Mozilla/5.0 (Windows NT 10.0; Win64; x64) AppleWebKit/537.36 (KHTML, like Gecko) Chrome/67.0.3396.87 Safari/537.36 OPR/54.0.2952.71"
62.149.29.53 - - [21/May/2020:20:30:59 +0300] "GET / HTTP/1.0" 200 93503 "http://rafalex.ru/" "Mozilla/5.0 (Windows NT 10.0; Win64; x64) AppleWebKit/537.36 (KHTML, like Gecko) Chrome/67.0.3396.87 Safari/537.36 OPR/54.0.2952.71"
51.77.52.160 - - [21/May/2020:20:49:37 +0300] "GET / HTTP/1.0" 200 14125 "-" "Mozilla/5.0 (X11; Linux x86_64) AppleWebKit/537.36 (KHTML, like Gecko) Chrome/75.0.3770.100 Safari/537.36 OPR/62.0.3331.99"
88.202.177.227 - - [21/May/2020:20:52:37 +0300] "GET / HTTP/1.0" 200 93614 "http://rafalex.ru/" "Mozilla/5.0 (Windows NT 6.1; Win64; x64) AppleWebKit/537.36 (KHTML, like Gecko) Chrome/66.0.3359.170 Safari/537.36 OPR/53.0.2907.68"
88.202.177.227 - - [21/May/2020:20:52:39 +0300] "POST / HTTP/1.0" 303 664 "http://rafalex.ru/" "Mozilla/5.0 (Windows NT 6.1; Win64; x64) AppleWebKit/537.36 (KHTML, like Gecko) Chrome/66.0.3359.170 Safari/537.36 OPR/53.0.2907.68"
88.202.177.227 - - [21/May/2020:20:52:39 +0300] "GET / HTTP/1.0" 200 93513 "http://rafalex.ru/" "Mozilla/5.0 (Windows NT 6.1; Win64; x64) AppleWebKit/537.36 (KHTML, like Gecko) Chrome/66.0.3359.170 Safari/537.36 OPR/53.0.2907.68"
88.202.177.227 - - [21/May/2020:20:52:40 +0300] "GET / HTTP/1.0" 200 93515 "http://rafalex.ru/" "Mozilla/5.0 (Windows NT 6.1; Win64; x64) AppleWebKit/537.36 (KHTML, like Gecko) Chrome/66.0.3359.170 Safari/537.36 OPR/53.0.2907.68"
91.132.139.19 - - [21/May/2020:20:56:07 +0300] "GET /administrator/index.php HTTP/1.0" 200 3074 "-" "Mozilla/5.0 (Windows NT 10.0; Win64; x64) AppleWebKit/537.36 (KHTML, like Gecko) Chrome/64.0.3282.140 Safari/537.36 Edge/17.17134"
91.132.139.19 - - [21/May/2020:20:56:07 +0300] "POST /administrator/index.php HTTP/1.0" 200 3141 "http://rafalex.ru/administrator/index.php" "Mozilla/5.0 (Windows NT 10.0; Win64; x64) AppleWebKit/537.36 (KHTML, like Gecko) Chrome/64.0.3282.140 Safari/537.36 Edge/17.17134"
54.224.39.252 - - [21/May/2020:21:07:17 +0300] "GET /robots.txt HTTP/1.0" 200 696 "-" "MauiBot (crawler.feedback+wc@gmail.com)"
54.224.39.252 - - [21/May/2020:21:07:17 +0300] "GET / HTTP/1.0" 200 14125 "-" "MauiBot (crawler.feedback+wc@gmail.com)"
54.224.39.252 - - [21/May/2020:21:08:19 +0300] "GET /personalnye-dannye HTTP/1.0" 200 11337 "-" "MauiBot (crawler.feedback+wc@gmail.com)"
54.224.39.252 - - [21/May/2020:21:09:20 +0300] "GET /nashi-uslugi/perevozka-negabaritnykh-gruzov HTTP/1.0" 200 12899 "-" "MauiBot (crawler.feedback+wc@gmail.com)"
54.224.39.252 - - [21/May/2020:21:09:21 +0300] "GET /nashi-uslugi/refrizheratornye-gruzoperevozki HTTP/1.0" 200 12061 "-" "MauiBot (crawler.feedback+wc@gmail.com)"
54.224.39.252 - - [21/May/2020:21:10:22 +0300] "GET /nashi-uslugi/perevozka-opasnykh-gruzov HTTP/1.0" 200 12302 "-" "MauiBot (crawler.feedback+wc@gmail.com)"
54.224.39.252 - - [21/May/2020:21:11:23 +0300] "GET /nashi-uslugi/zheleznodorozhnye-gruzoperevozki HTTP/1.0" 200 12226 "-" "MauiBot (crawler.feedback+wc@gmail.com)"
54.224.39.252 - - [21/May/2020:21:12:25 +0300] "GET /nashi-uslugi/morskie-gruzoperevozki HTTP/1.0" 200 11616 "-" "MauiBot (crawler.feedback+wc@gmail.com)"
54.224.39.252 - - [21/May/2020:21:13:26 +0300] "GET /nashi-uslugi/arenda-spetstekhniki HTTP/1.0" 200 12124 "-" "MauiBot (crawler.feedback+wc@gmail.com)"
54.224.39.252 - - [21/May/2020:21:14:27 +0300] "GET /nashi-uslugi/gruzoperevozki-po-blizhnemu-zarubezhyu-i-evrope HTTP/1.0" 200 12280 "-" "MauiBot (crawler.feedback+wc@gmail.com)"
54.224.39.252 - - [21/May/2020:21:14:27 +0300] "GET /nashi-uslugi/gruzoperevozki-po-rossii HTTP/1.0" 200 12272 "-" "MauiBot (crawler.feedback+wc@gmail.com)"
54.224.39.252 - - [21/May/2020:21:15:28 +0300] "GET /strakhovanie HTTP/1.0" 200 12749 "-" "MauiBot (crawler.feedback+wc@gmail.com)"
54.224.39.252 - - [21/May/2020:21:16:29 +0300] "GET /kontakty HTTP/1.0" 200 10516 "-" "MauiBot (crawler.feedback+wc@gmail.com)"
54.224.39.252 - - [21/May/2020:21:16:30 +0300] "GET /nashi-uslugi/ HTTP/1.0" 404 1830 "-" "MauiBot (crawler.feedback+wc@gmail.com)"
188.163.101.88 - - [21/May/2020:21:48:07 +0300] "GET /administrator/index.php HTTP/1.0" 200 7641 "-" "Mozilla/5.0 (Windows NT 6.3; Win64; x64) AppleWebKit/537.36 (KHTML, like Gecko) Chrome/80.0.3987.132 Safari/537.36"
188.163.101.88 - - [21/May/2020:21:48:07 +0300] "POST /administrator/index.php HTTP/1.0" 200 7935 "-" "Mozilla/5.0 (Windows NT 6.3; Win64; x64) AppleWebKit/537.36 (KHTML, like Gecko) Chrome/80.0.3987.132 Safari/537.36"
188.163.101.88 - - [21/May/2020:21:48:08 +0300] "GET /administrator/index.php HTTP/1.0" 200 7544 "-" "Mozilla/5.0 (Windows NT 6.3; Win64; x64) AppleWebKit/537.36 (KHTML, like Gecko) Chrome/80.0.3987.132 Safari/537.36"
178.154.200.243 - - [21/May/2020:21:49:33 +0300] "GET /robots.txt HTTP/1.0" 200 1108 "-" "Mozilla/5.0 (compatible; YandexBot/3.0; +http://yandex.com/bots)"
178.154.200.243 - - [21/May/2020:21:49:37 +0300] "GET /kontakty HTTP/1.0" 200 10615 "-" "Mozilla/5.0 (compatible; YandexBot/3.0; +http://yandex.com/bots)"
34.202.233.199 - - [21/May/2020:21:50:30 +0300] "GET /robots.txt HTTP/1.0" 200 696 "-" "MauiBot (crawler.feedback+wc@gmail.com)"
34.202.233.199 - - [21/May/2020:21:51:30 +0300] "GET / HTTP/1.0" 200 14125 "-" "MauiBot (crawler.feedback+wc@gmail.com)"
54.36.148.0 - - [21/May/2020:21:52:20 +0300] "GET /kontakty HTTP/1.0" 200 10611 "-" "Mozilla/5.0 (compatible; AhrefsBot/6.1; +http://ahrefs.com/robot/)"
34.202.233.199 - - [21/May/2020:21:52:31 +0300] "GET /personalnye-dannye HTTP/1.0" 200 11338 "-" "MauiBot (crawler.feedback+wc@gmail.com)"
34.202.233.199 - - [21/May/2020:21:52:32 +0300] "GET /nashi-uslugi/perevozka-negabaritnykh-gruzov HTTP/1.0" 200 12899 "-" "MauiBot (crawler.feedback+wc@gmail.com)"
34.202.233.199 - - [21/May/2020:21:53:33 +0300] "GET /nashi-uslugi/refrizheratornye-gruzoperevozki HTTP/1.0" 200 12062 "-" "MauiBot (crawler.feedback+wc@gmail.com)"
34.202.233.199 - - [21/May/2020:21:53:33 +0300] "GET /nashi-uslugi/perevozka-opasnykh-gruzov HTTP/1.0" 200 12302 "-" "MauiBot (crawler.feedback+wc@gmail.com)"
188.163.109.153 - - [21/May/2020:22:13:24 +0300] "GET / HTTP/1.0" 200 93619 "http://rafalex.ru/" "Mozilla/5.0 (Windows NT 6.1) AppleWebKit/537.36 (KHTML, like Gecko) Chrome/66.0.3359.181 Safari/537.36 Kinza/4.7.2"
188.163.109.153 - - [21/May/2020:22:13:25 +0300] "POST / HTTP/1.0" 303 664 "http://rafalex.ru/" "Mozilla/5.0 (Windows NT 6.1) AppleWebKit/537.36 (KHTML, like Gecko) Chrome/66.0.3359.181 Safari/537.36 Kinza/4.7.2"
188.163.109.153 - - [21/May/2020:22:13:25 +0300] "GET / HTTP/1.0" 200 93524 "http://rafalex.ru/" "Mozilla/5.0 (Windows NT 6.1) AppleWebKit/537.36 (KHTML, like Gecko) Chrome/66.0.3359.181 Safari/537.36 Kinza/4.7.2"
87.228.41.10 - - [21/May/2020:22:19:48 +0300] "GET / HTTP/1.0" 200 93598 "http://rafalex.ru/" "Mozilla/5.0 (Windows NT 6.1; Win64; x64) AppleWebKit/537.36 (KHTML, like Gecko) Chrome/67.0.3396.79 Safari/537.36"
185.210.218.101 - - [21/May/2020:22:52:26 +0300] "GET /desktopmodules/Admin/RadEditorProvider/DialogHandler.aspx HTTP/1.0" 404 1949 "-" "-"
34.202.233.199 - - [21/May/2020:22:54:37 +0300] "GET /nashi-uslugi/zheleznodorozhnye-gruzoperevozki HTTP/1.0" 200 12544 "-" "MauiBot (crawler.feedback+wc@gmail.com)"
34.202.233.199 - - [21/May/2020:22:55:38 +0300] "GET /nashi-uslugi/morskie-gruzoperevozki HTTP/1.0" 200 11617 "-" "MauiBot (crawler.feedback+wc@gmail.com)"
34.202.233.199 - - [21/May/2020:22:55:39 +0300] "GET /nashi-uslugi/arenda-spetstekhniki HTTP/1.0" 200 12126 "-" "MauiBot (crawler.feedback+wc@gmail.com)"
34.202.233.199 - - [21/May/2020:22:57:14 +0300] "GET /nashi-uslugi/gruzoperevozki-po-blizhnemu-zarubezhyu-i-evrope HTTP/1.0" 200 12281 "-" "MauiBot (crawler.feedback+wc@gmail.com)"
34.202.233.199 - - [21/May/2020:22:58:15 +0300] "GET /nashi-uslugi/gruzoperevozki-po-rossii HTTP/1.0" 200 12273 "-" "MauiBot (crawler.feedback+wc@gmail.com)"
34.202.233.199 - - [21/May/2020:22:59:17 +0300] "GET /robots.txt HTTP/1.0" 200 696 "-" "MauiBot (crawler.feedback+wc@gmail.com)"
34.202.233.199 - - [21/May/2020:23:00:17 +0300] "GET /strakhovanie HTTP/1.0" 200 12749 "-" "MauiBot (crawler.feedback+wc@gmail.com)"
34.202.233.199 - - [21/May/2020:23:01:18 +0300] "GET /kontakty HTTP/1.0" 200 10517 "-" "MauiBot (crawler.feedback+wc@gmail.com)"
34.202.233.199 - - [21/May/2020:23:02:19 +0300] "GET /nashi-uslugi/ HTTP/1.0" 404 1830 "-" "MauiBot (crawler.feedback+wc@gmail.com)"
149.200.173.89 - - [21/May/2020:23:09:58 +0300] "GET /phpmyadmin/ HTTP/1.1" 200 3106 "-" "Mozilla/5.0 (X11; Ubuntu; Linux x86_64; rv:62.0) Gecko/20100101 Firefox/62.0"
149.200.173.89 - - [21/May/2020:23:09:58 +0300] "POST /phpmyadmin//index.php HTTP/1.1" 200 3180 "-" "Mozilla/5.0 (X11; Ubuntu; Linux x86_64; rv:62.0) Gecko/20100101 Firefox/62.0"
188.163.101.88 - - [21/May/2020:23:10:53 +0300] "GET /administrator/index.php HTTP/1.0" 200 7641 "-" "Mozilla/5.0 (Windows NT 6.3; Win64; x64) AppleWebKit/537.36 (KHTML, like Gecko) Chrome/80.0.3987.132 Safari/537.36"
188.163.101.88 - - [21/May/2020:23:10:54 +0300] "POST /administrator/index.php HTTP/1.0" 200 7935 "-" "Mozilla/5.0 (Windows NT 6.3; Win64; x64) AppleWebKit/537.36 (KHTML, like Gecko) Chrome/80.0.3987.132 Safari/537.36"
188.163.101.88 - - [21/May/2020:23:10:54 +0300] "GET /administrator/index.php HTTP/1.0" 200 7544 "-" "Mozilla/5.0 (Windows NT 6.3; Win64; x64) AppleWebKit/537.36 (KHTML, like Gecko) Chrome/80.0.3987.132 Safari/537.36"
84.17.51.63 - - [21/May/2020:23:13:05 +0300] "GET / HTTP/1.0" 200 93593 "http://rafalex.ru/" "Mozilla/5.0 (Windows NT 6.1; Win64; x64) AppleWebKit/537.36 (KHTML, like Gecko) Chrome/67.0.3396.87 Safari/537.36 OPR/54.0.2952.54"
84.17.51.63 - - [21/May/2020:23:13:06 +0300] "POST / HTTP/1.0" 303 664 "http://rafalex.ru/" "Mozilla/5.0 (Windows NT 6.1; Win64; x64) AppleWebKit/537.36 (KHTML, like Gecko) Chrome/67.0.3396.87 Safari/537.36 OPR/54.0.2952.54"
84.17.51.63 - - [21/May/2020:23:13:07 +0300] "GET / HTTP/1.0" 200 93494 "http://rafalex.ru/" "Mozilla/5.0 (Windows NT 6.1; Win64; x64) AppleWebKit/537.36 (KHTML, like Gecko) Chrome/67.0.3396.87 Safari/537.36 OPR/54.0.2952.54"
92.38.136.69 - - [21/May/2020:23:21:49 +0300] "GET / HTTP/1.0" 200 93600 "http://rafalex.ru/" "Mozilla/5.0 (Windows NT 10.0; Win64; x64) AppleWebKit/537.36 (KHTML, like Gecko) Chrome/67.0.3396.79 Safari/537.36"
92.38.136.69 - - [21/May/2020:23:21:50 +0300] "POST / HTTP/1.0" 303 664 "http://rafalex.ru/" "Mozilla/5.0 (Windows NT 10.0; Win64; x64) AppleWebKit/537.36 (KHTML, like Gecko) Chrome/67.0.3396.79 Safari/537.36"
92.38.136.69 - - [21/May/2020:23:21:50 +0300] "GET / HTTP/1.0" 200 93501 "http://rafalex.ru/" "Mozilla/5.0 (Windows NT 10.0; Win64; x64) AppleWebKit/537.36 (KHTML, like Gecko) Chrome/67.0.3396.79 Safari/537.36"
91.132.139.19 - - [21/May/2020:23:31:02 +0300] "GET /administrator/index.php HTTP/1.0" 200 3074 "-" "Mozilla/5.0 (Windows NT 10.0; Win64; x64) AppleWebKit/537.36 (KHTML, like Gecko) Chrome/64.0.3282.140 Safari/537.36 Edge/17.17134"
91.132.139.19 - - [21/May/2020:23:31:02 +0300] "POST /administrator/index.php HTTP/1.0" 200 3140 "http://rafalex.ru/administrator/index.php" "Mozilla/5.0 (Windows NT 10.0; Win64; x64) AppleWebKit/537.36 (KHTML, like Gecko) Chrome/64.0.3282.140 Safari/537.36 Edge/17.17134"
91.228.153.170 - - [21/May/2020:23:36:54 +0300] "GET /phpmyadmin/ HTTP/1.1" 200 3105 "-" "Mozilla/5.0 (X11; Ubuntu; Linux x86_64; rv:62.0) Gecko/20100101 Firefox/62.0"
91.228.153.170 - - [21/May/2020:23:36:55 +0300] "POST /phpmyadmin//index.php HTTP/1.1" 200 3183 "-" "Mozilla/5.0 (X11; Ubuntu; Linux x86_64; rv:62.0) Gecko/20100101 Firefox/62.0"
54.36.148.253 - - [21/May/2020:23:38:23 +0300] "GET /robots.txt HTTP/1.0" 200 696 "-" "Mozilla/5.0 (compatible; AhrefsBot/6.1; +http://ahrefs.com/robot/)"
54.36.149.68 - - [21/May/2020:23:38:27 +0300] "GET / HTTP/1.0" 200 14132 "-" "Mozilla/5.0 (compatible; AhrefsBot/6.1; +http://ahrefs.com/robot/)"
157.55.39.10 - - [21/May/2020:23:50:32 +0300] "GET /nashi-uslugi/gruzoperevozki-po-blizhnemu-zarubezhyu-i-evrope HTTP/1.0" 200 12376 "-" "Mozilla/5.0 (compatible; bingbot/2.0; +http://www.bing.com/bingbot.htm)"
149.200.173.89 - - [22/May/2020:00:03:32 +0300] "GET /phpmyadmin/ HTTP/1.1" 200 3104 "-" "Mozilla/5.0 (X11; Ubuntu; Linux x86_64; rv:62.0) Gecko/20100101 Firefox/62.0"
149.200.173.89 - - [22/May/2020:00:03:32 +0300] "POST /phpmyadmin//index.php HTTP/1.1" 200 3161 "-" "Mozilla/5.0 (X11; Ubuntu; Linux x86_64; rv:62.0) Gecko/20100101 Firefox/62.0"
62.149.29.53 - - [22/May/2020:00:11:10 +0300] "GET / HTTP/1.0" 200 93600 "http://rafalex.ru/" "Mozilla/5.0 (Windows NT 10.0; Win64; x64) AppleWebKit/537.36 (KHTML, like Gecko) Chrome/67.0.3396.87 Safari/537.36 OPR/54.0.2952.54"
62.149.29.53 - - [22/May/2020:00:11:12 +0300] "POST / HTTP/1.0" 303 664 "http://rafalex.ru/" "Mozilla/5.0 (Windows NT 10.0; Win64; x64) AppleWebKit/537.36 (KHTML, like Gecko) Chrome/67.0.3396.87 Safari/537.36 OPR/54.0.2952.54"
62.149.29.53 - - [22/May/2020:00:11:12 +0300] "GET / HTTP/1.0" 200 93501 "http://rafalex.ru/" "Mozilla/5.0 (Windows NT 10.0; Win64; x64) AppleWebKit/537.36 (KHTML, like Gecko) Chrome/67.0.3396.87 Safari/537.36 OPR/54.0.2952.54"
161.117.0.66 - - [22/May/2020:00:11:49 +0300] "GET / HTTP/1.0" 200 93598 "http://rafalex.ru/" "Mozilla/5.0 (Windows NT 6.1; Win64; x64) AppleWebKit/537.36 (KHTML, like Gecko) Chrome/68.0.3440.106 Safari/537.36 OPR/55.0.2994.44"
161.117.10.233 - - [22/May/2020:00:11:50 +0300] "GET / HTTP/1.0" 200 93614 "http://rafalex.ru/" "Mozilla/5.0 (Windows NT 6.1; Win64; x64) AppleWebKit/537.36 (KHTML, like Gecko) Chrome/66.0.3359.181 Safari/537.36"
161.117.0.66 - - [22/May/2020:00:11:50 +0300] "POST / HTTP/1.0" 303 664 "http://rafalex.ru/" "Mozilla/5.0 (Windows NT 6.1; Win64; x64) AppleWebKit/537.36 (KHTML, like Gecko) Chrome/68.0.3440.106 Safari/537.36 OPR/55.0.2994.44"
161.117.10.233 - - [22/May/2020:00:11:51 +0300] "POST / HTTP/1.0" 303 664 "http://rafalex.ru/" "Mozilla/5.0 (Windows NT 6.1; Win64; x64) AppleWebKit/537.36 (KHTML, like Gecko) Chrome/66.0.3359.181 Safari/537.36"
161.117.0.66 - - [22/May/2020:00:11:51 +0300] "GET / HTTP/1.0" 200 93503 "http://rafalex.ru/" "Mozilla/5.0 (Windows NT 6.1; Win64; x64) AppleWebKit/537.36 (KHTML, like Gecko) Chrome/68.0.3440.106 Safari/537.36 OPR/55.0.2994.44"
161.117.10.233 - - [22/May/2020:00:11:52 +0300] "GET / HTTP/1.0" 200 93517 "http://rafalex.ru/" "Mozilla/5.0 (Windows NT 6.1; Win64; x64) AppleWebKit/537.36 (KHTML, like Gecko) Chrome/66.0.3359.181 Safari/537.36"
188.163.101.88 - - [22/May/2020:00:35:56 +0300] "GET /administrator/index.php HTTP/1.0" 200 7641 "-" "Mozilla/5.0 (Windows NT 6.3; Win64; x64) AppleWebKit/537.36 (KHTML, like Gecko) Chrome/80.0.3987.132 Safari/537.36"
188.163.101.88 - - [22/May/2020:00:35:57 +0300] "POST /administrator/index.php HTTP/1.0" 200 7935 "-" "Mozilla/5.0 (Windows NT 6.3; Win64; x64) AppleWebKit/537.36 (KHTML, like Gecko) Chrome/80.0.3987.132 Safari/537.36"
188.163.101.88 - - [22/May/2020:00:35:57 +0300] "GET /administrator/index.php HTTP/1.0" 200 7544 "-" "Mozilla/5.0 (Windows NT 6.3; Win64; x64) AppleWebKit/537.36 (KHTML, like Gecko) Chrome/80.0.3987.132 Safari/537.36"
94.103.84.26 - - [22/May/2020:00:55:49 +0300] "GET / HTTP/1.0" 200 93598 "http://rafalex.ru/" "Mozilla/5.0 (Windows NT 10.0; Win64; x64) AppleWebKit/537.36 (KHTML, like Gecko) Chrome/68.0.3440.84 Safari/537.36"
94.103.84.26 - - [22/May/2020:00:55:50 +0300] "POST / HTTP/1.0" 303 664 "http://rafalex.ru/" "Mozilla/5.0 (Windows NT 10.0; Win64; x64) AppleWebKit/537.36 (KHTML, like Gecko) Chrome/68.0.3440.84 Safari/537.36"
94.103.84.26 - - [22/May/2020:00:55:50 +0300] "GET / HTTP/1.0" 200 93503 "http://rafalex.ru/" "Mozilla/5.0 (Windows NT 10.0; Win64; x64) AppleWebKit/537.36 (KHTML, like Gecko) Chrome/68.0.3440.84 Safari/537.36"
182.92.9.216 - - [22/May/2020:00:59:57 +0300] "GET /phpmyadmin/ HTTP/1.1" 200 3105 "-" "Mozilla/5.0 (X11; Ubuntu; Linux x86_64; rv:62.0) Gecko/20100101 Firefox/62.0"
182.92.9.216 - - [22/May/2020:00:59:57 +0300] "POST /phpmyadmin//index.php HTTP/1.1" 200 3175 "-" "Mozilla/5.0 (X11; Ubuntu; Linux x86_64; rv:62.0) Gecko/20100101 Firefox/62.0"
54.36.148.176 - - [22/May/2020:01:13:20 +0300] "GET /robots.txt HTTP/1.0" 200 696 "-" "Mozilla/5.0 (compatible; AhrefsBot/6.1; +http://ahrefs.com/robot/)"
54.36.148.163 - - [22/May/2020:01:13:21 +0300] "GET /nashi-uslugi/gruzoperevozki-po-blizhnemu-zarubezhyu-i-evrope HTTP/1.0" 200 12377 "-" "Mozilla/5.0 (compatible; AhrefsBot/6.1; +http://ahrefs.com/robot/)"
207.180.234.195 - - [22/May/2020:01:13:59 +0300] "GET / HTTP/1.0" 200 93619 "http://rafalex.ru/" "Mozilla/5.0 (Windows NT 10.0; Win64; x64) AppleWebKit/537.36 (KHTML, like Gecko) Chrome/67.0.3396.87 Safari/537.36 OPR/54.0.2952.51"
207.180.234.195 - - [22/May/2020:01:14:00 +0300] "POST / HTTP/1.0" 303 664 "http://rafalex.ru/" "Mozilla/5.0 (Windows NT 10.0; Win64; x64) AppleWebKit/537.36 (KHTML, like Gecko) Chrome/67.0.3396.87 Safari/537.36 OPR/54.0.2952.51"
207.180.234.195 - - [22/May/2020:01:14:01 +0300] "GET / HTTP/1.0" 200 93522 "http://rafalex.ru/" "Mozilla/5.0 (Windows NT 10.0; Win64; x64) AppleWebKit/537.36 (KHTML, like Gecko) Chrome/67.0.3396.87 Safari/537.36 OPR/54.0.2952.51"
83.150.212.212 - - [22/May/2020:01:28:37 +0300] "GET /phpmyadmin/ HTTP/1.1" 200 3105 "-" "Mozilla/5.0 (X11; Ubuntu; Linux x86_64; rv:62.0) Gecko/20100101 Firefox/62.0"
83.150.212.212 - - [22/May/2020:01:28:37 +0300] "POST /phpmyadmin//index.php HTTP/1.1" 200 3178 "-" "Mozilla/5.0 (X11; Ubuntu; Linux x86_64; rv:62.0) Gecko/20100101 Firefox/62.0"
188.152.107.131 - - [22/May/2020:01:58:46 +0300] "GET /phpmyadmin/ HTTP/1.1" 200 3105 "-" "Mozilla/5.0 (X11; Ubuntu; Linux x86_64; rv:62.0) Gecko/20100101 Firefox/62.0"
188.152.107.131 - - [22/May/2020:01:58:49 +0300] "POST /phpmyadmin//index.php HTTP/1.1" 200 3177 "-" "Mozilla/5.0 (X11; Ubuntu; Linux x86_64; rv:62.0) Gecko/20100101 Firefox/62.0"
188.163.101.88 - - [22/May/2020:02:03:24 +0300] "GET /administrator/index.php HTTP/1.0" 200 7641 "-" "Mozilla/5.0 (Windows NT 6.3; Win64; x64) AppleWebKit/537.36 (KHTML, like Gecko) Chrome/80.0.3987.132 Safari/537.36"
188.163.101.88 - - [22/May/2020:02:03:24 +0300] "POST /administrator/index.php HTTP/1.0" 200 7935 "-" "Mozilla/5.0 (Windows NT 6.3; Win64; x64) AppleWebKit/537.36 (KHTML, like Gecko) Chrome/80.0.3987.132 Safari/537.36"
188.163.101.88 - - [22/May/2020:02:03:25 +0300] "GET /administrator/index.php HTTP/1.0" 200 7544 "-" "Mozilla/5.0 (Windows NT 6.3; Win64; x64) AppleWebKit/537.36 (KHTML, like Gecko) Chrome/80.0.3987.132 Safari/537.36"
51.89.200.100 - - [22/May/2020:02:13:04 +0300] "GET /administrator/ HTTP/1.0" 200 7641 "-" "Mozilla/5.0 (Windows NT 6.1; Win64; x64) AppleWebKit/537.36 (KHTML, like Gecko) Chrome/69.0.3497.81 Safari/537.36"
51.89.200.100 - - [22/May/2020:02:13:05 +0300] "POST /administrator/ HTTP/1.0" 200 7935 "-" "Mozilla/5.0 (Windows NT 6.1; Win64; x64) AppleWebKit/537.36 (KHTML, like Gecko) Chrome/69.0.3497.81 Safari/537.36"
54.36.4.68 - - [22/May/2020:02:43:30 +0300] "GET /administrator/index.php HTTP/1.0" 200 3073 "-" "Mozilla/5.0 (Windows NT 10.0; Win64; x64) AppleWebKit/537.36 (KHTML, like Gecko) Chrome/64.0.3282.140 Safari/537.36 Edge/17.17134"
54.36.4.68 - - [22/May/2020:02:43:31 +0300] "POST /administrator/index.php HTTP/1.0" 200 3140 "http://rafalex.ru/administrator/index.php" "Mozilla/5.0 (Windows NT 10.0; Win64; x64) AppleWebKit/537.36 (KHTML, like Gecko) Chrome/64.0.3282.140 Safari/537.36 Edge/17.17134"
66.249.66.195 - - [22/May/2020:02:43:42 +0300] "GET /robots.txt HTTP/1.0" 200 696 "-" "Mozilla/5.0 (compatible; Googlebot/2.1; +http://www.google.com/bot.html)"
66.249.66.223 - - [22/May/2020:02:43:43 +0300] "GET /.well-known/assetlinks.json HTTP/1.0" 404 1942 "-" "Mozilla/5.0 (compatible; Googlebot/2.1; +http://www.google.com/bot.html)"
66.249.66.214 - - [22/May/2020:02:47:27 +0300] "GET /robots.txt HTTP/1.0" 200 696 "-" "Mozilla/5.0 (compatible; Googlebot/2.1; +http://www.google.com/bot.html)"
66.249.66.216 - - [22/May/2020:02:47:27 +0300] "GET / HTTP/1.0" 200 14081 "-" "Mozilla/5.0 (Linux; Android 6.0.1; Nexus 5X Build/MMB29P) AppleWebKit/537.36 (KHTML, like Gecko) Chrome/80.0.3987.92 Mobile Safari/537.36 (compatible; Googlebot/2.1; +http://www.google.com/bot.html)"
62.149.29.53 - - [22/May/2020:02:49:37 +0300] "GET / HTTP/1.0" 200 93598 "http://rafalex.ru/" "Mozilla/5.0 (Windows NT 10.0; Win64; x64) AppleWebKit/537.36 (KHTML, like Gecko) Chrome/67.0.3396.87 Safari/537.36 OPR/54.0.2952.54"
62.149.29.53 - - [22/May/2020:02:49:40 +0300] "POST / HTTP/1.0" 303 664 "http://rafalex.ru/" "Mozilla/5.0 (Windows NT 10.0; Win64; x64) AppleWebKit/537.36 (KHTML, like Gecko) Chrome/67.0.3396.87 Safari/537.36 OPR/54.0.2952.54"
62.149.29.53 - - [22/May/2020:02:49:40 +0300] "GET / HTTP/1.0" 200 93503 "http://rafalex.ru/" "Mozilla/5.0 (Windows NT 10.0; Win64; x64) AppleWebKit/537.36 (KHTML, like Gecko) Chrome/67.0.3396.87 Safari/537.36 OPR/54.0.2952.54"
179.153.103.241 - - [22/May/2020:02:58:06 +0300] "GET /phpmyadmin/ HTTP/1.1" 200 3104 "-" "Mozilla/5.0 (X11; Ubuntu; Linux x86_64; rv:62.0) Gecko/20100101 Firefox/62.0"
179.153.103.241 - - [22/May/2020:02:58:07 +0300] "POST /phpmyadmin//index.php HTTP/1.1" 200 3179 "-" "Mozilla/5.0 (X11; Ubuntu; Linux x86_64; rv:62.0) Gecko/20100101 Firefox/62.0"
66.249.66.206 - - [22/May/2020:03:09:56 +0300] "GET / HTTP/1.0" 200 14071 "-" "Mozilla/5.0 (Linux; Android 6.0.1; Nexus 5X Build/MMB29P) AppleWebKit/537.36 (KHTML, like Gecko) Chrome/80.0.3987.92 Mobile Safari/537.36 (compatible; Googlebot/2.1; +http://www.google.com/bot.html)"
181.65.158.26 - - [22/May/2020:03:18:47 +0300] "GET / HTTP/1.0" 200 93618 "-" "Mozilla/5.0 (Windows NT 10.0; Win64; x64; rv:57.0) Gecko/20100101 Firefox/57.0"
179.7.224.185 - - [22/May/2020:03:27:45 +0300] "GET /phpmyadmin/ HTTP/1.1" 200 3107 "-" "Mozilla/5.0 (X11; Ubuntu; Linux x86_64; rv:62.0) Gecko/20100101 Firefox/62.0"
179.7.224.185 - - [22/May/2020:03:27:55 +0300] "POST /phpmyadmin//index.php HTTP/1.1" 200 3181 "-" "Mozilla/5.0 (X11; Ubuntu; Linux x86_64; rv:62.0) Gecko/20100101 Firefox/62.0"
188.163.101.88 - - [22/May/2020:03:33:24 +0300] "GET /administrator/index.php HTTP/1.0" 200 7641 "-" "Mozilla/5.0 (Windows NT 6.3; Win64; x64) AppleWebKit/537.36 (KHTML, like Gecko) Chrome/80.0.3987.132 Safari/537.36"
188.163.101.88 - - [22/May/2020:03:33:24 +0300] "POST /administrator/index.php HTTP/1.0" 200 7935 "-" "Mozilla/5.0 (Windows NT 6.3; Win64; x64) AppleWebKit/537.36 (KHTML, like Gecko) Chrome/80.0.3987.132 Safari/537.36"
188.163.101.88 - - [22/May/2020:03:33:25 +0300] "GET /administrator/index.php HTTP/1.0" 200 7544 "-" "Mozilla/5.0 (Windows NT 6.3; Win64; x64) AppleWebKit/537.36 (KHTML, like Gecko) Chrome/80.0.3987.132 Safari/537.36"
185.181.61.40 - - [22/May/2020:03:48:10 +0300] "GET / HTTP/1.0" 200 93607 "http://rafalex.ru/" "Mozilla/5.0 (Windows NT 6.2; Win64; x64) AppleWebKit/537.36 (KHTML, like Gecko) Chrome/68.0.3440.106 Safari/537.36"
185.181.61.40 - - [22/May/2020:03:48:11 +0300] "POST / HTTP/1.0" 303 664 "http://rafalex.ru/" "Mozilla/5.0 (Windows NT 6.2; Win64; x64) AppleWebKit/537.36 (KHTML, like Gecko) Chrome/68.0.3440.106 Safari/537.36"
185.181.61.40 - - [22/May/2020:03:48:11 +0300] "GET / HTTP/1.0" 200 93508 "http://rafalex.ru/" "Mozilla/5.0 (Windows NT 6.2; Win64; x64) AppleWebKit/537.36 (KHTML, like Gecko) Chrome/68.0.3440.106 Safari/537.36"
185.181.61.40 - - [22/May/2020:03:48:12 +0300] "GET / HTTP/1.0" 200 93508 "http://rafalex.ru/" "Mozilla/5.0 (Windows NT 6.2; Win64; x64) AppleWebKit/537.36 (KHTML, like Gecko) Chrome/68.0.3440.106 Safari/537.36"
54.36.148.16 - - [22/May/2020:03:51:27 +0300] "GET /nashi-uslugi/morskie-gruzoperevozki HTTP/1.0" 200 11712 "-" "Mozilla/5.0 (compatible; AhrefsBot/6.1; +http://ahrefs.com/robot/)"
82.202.226.51 - - [22/May/2020:03:57:05 +0300] "GET /phpmyadmin/ HTTP/1.1" 200 3104 "-" "Mozilla/5.0 (X11; Ubuntu; Linux x86_64; rv:62.0) Gecko/20100101 Firefox/62.0"
82.202.226.51 - - [22/May/2020:03:57:05 +0300] "POST /phpmyadmin//index.php HTTP/1.1" 200 3184 "-" "Mozilla/5.0 (X11; Ubuntu; Linux x86_64; rv:62.0) Gecko/20100101 Firefox/62.0"
213.222.224.238 - - [22/May/2020:04:00:36 +0300] "GET / HTTP/1.0" 200 14127 "https://www.trygym.ru/" "Mozilla/5.0 (Windows NT 10.0; Win64; x64; rv:73.0) Gecko/20100101 Firefox/73.0\tFirefox Generic"
163.47.149.141 - - [22/May/2020:04:27:28 +0300] "GET /phpmyadmin/ HTTP/1.1" 200 3101 "-" "Mozilla/5.0 (X11; Ubuntu; Linux x86_64; rv:62.0) Gecko/20100101 Firefox/62.0"
163.47.149.141 - - [22/May/2020:04:27:29 +0300] "POST /phpmyadmin//index.php HTTP/1.1" 200 3160 "-" "Mozilla/5.0 (X11; Ubuntu; Linux x86_64; rv:62.0) Gecko/20100101 Firefox/62.0"
216.10.216.88 - - [22/May/2020:04:59:22 +0300] "GET /phpmyadmin/ HTTP/1.1" 200 3106 "-" "Mozilla/5.0 (X11; Ubuntu; Linux x86_64; rv:62.0) Gecko/20100101 Firefox/62.0"
216.10.216.88 - - [22/May/2020:04:59:23 +0300] "POST /phpmyadmin//index.php HTTP/1.1" 200 3178 "-" "Mozilla/5.0 (X11; Ubuntu; Linux x86_64; rv:62.0) Gecko/20100101 Firefox/62.0"
178.154.200.243 - - [22/May/2020:05:05:57 +0300] "GET /robots.txt HTTP/1.0" 200 1108 "-" "Mozilla/5.0 (compatible; YandexBot/3.0; +http://yandex.com/bots)"
213.180.203.41 - - [22/May/2020:05:06:01 +0300] "GET /kontakty HTTP/1.0" 200 10618 "-" "Mozilla/5.0 (compatible; YandexBot/3.0; +http://yandex.com/bots)"
188.163.101.88 - - [22/May/2020:05:06:08 +0300] "GET /administrator/index.php HTTP/1.0" 200 7641 "-" "Mozilla/5.0 (Windows NT 6.3; Win64; x64) AppleWebKit/537.36 (KHTML, like Gecko) Chrome/80.0.3987.132 Safari/537.36"
188.163.101.88 - - [22/May/2020:05:06:08 +0300] "POST /administrator/index.php HTTP/1.0" 200 7935 "-" "Mozilla/5.0 (Windows NT 6.3; Win64; x64) AppleWebKit/537.36 (KHTML, like Gecko) Chrome/80.0.3987.132 Safari/537.36"
188.163.101.88 - - [22/May/2020:05:06:09 +0300] "GET /administrator/index.php HTTP/1.0" 200 7544 "-" "Mozilla/5.0 (Windows NT 6.3; Win64; x64) AppleWebKit/537.36 (KHTML, like Gecko) Chrome/80.0.3987.132 Safari/537.36"
206.189.66.165 - - [22/May/2020:05:30:13 +0300] "GET /phpmyadmin/ HTTP/1.1" 200 3106 "-" "Mozilla/5.0 (X11; Ubuntu; Linux x86_64; rv:62.0) Gecko/20100101 Firefox/62.0"
206.189.66.165 - - [22/May/2020:05:30:14 +0300] "POST /phpmyadmin//index.php HTTP/1.1" 200 3171 "-" "Mozilla/5.0 (X11; Ubuntu; Linux x86_64; rv:62.0) Gecko/20100101 Firefox/62.0"
54.36.148.53 - - [22/May/2020:05:30:21 +0300] "GET /robots.txt HTTP/1.0" 200 696 "-" "Mozilla/5.0 (compatible; AhrefsBot/6.1; +http://ahrefs.com/robot/)"
54.36.148.66 - - [22/May/2020:05:30:22 +0300] "GET / HTTP/1.0" 200 14126 "-" "Mozilla/5.0 (compatible; AhrefsBot/6.1; +http://ahrefs.com/robot/)"
66.249.66.208 - - [22/May/2020:05:36:11 +0300] "GET /robots.txt HTTP/1.0" 200 696 "-" "Mozilla/5.0 (compatible; Googlebot/2.1; +http://www.google.com/bot.html)"
66.249.66.206 - - [22/May/2020:05:36:12 +0300] "GET / HTTP/1.0" 200 14079 "-" "Mozilla/5.0 (Linux; Android 6.0.1; Nexus 5X Build/MMB29P) AppleWebKit/537.36 (KHTML, like Gecko) Chrome/80.0.3987.92 Mobile Safari/537.36 (compatible; Googlebot/2.1; +http://www.google.com/bot.html)"
91.228.153.170 - - [22/May/2020:06:01:10 +0300] "GET /phpmyadmin/ HTTP/1.1" 200 3105 "-" "Mozilla/5.0 (X11; Ubuntu; Linux x86_64; rv:62.0) Gecko/20100101 Firefox/62.0"
91.228.153.170 - - [22/May/2020:06:01:10 +0300] "POST /phpmyadmin//index.php HTTP/1.1" 200 3180 "-" "Mozilla/5.0 (X11; Ubuntu; Linux x86_64; rv:62.0) Gecko/20100101 Firefox/62.0"
91.216.164.252 - - [22/May/2020:06:32:34 +0300] "GET /phpmyadmin/ HTTP/1.1" 200 3105 "-" "Mozilla/5.0 (X11; Ubuntu; Linux x86_64; rv:62.0) Gecko/20100101 Firefox/62.0"
91.216.164.252 - - [22/May/2020:06:32:34 +0300] "POST /phpmyadmin//index.php HTTP/1.1" 200 3175 "-" "Mozilla/5.0 (X11; Ubuntu; Linux x86_64; rv:62.0) Gecko/20100101 Firefox/62.0"
159.224.242.253 - - [22/May/2020:06:35:11 +0300] "GET / HTTP/1.0" 200 14128 "-" "Mozilla/4.0 (compatible; MSIE 6.0; Windows NT 5.1; SV1)"
188.163.101.88 - - [22/May/2020:06:42:13 +0300] "GET /administrator/index.php HTTP/1.0" 200 7641 "-" "Mozilla/5.0 (Windows NT 6.3; Win64; x64) AppleWebKit/537.36 (KHTML, like Gecko) Chrome/80.0.3987.132 Safari/537.36"
188.163.101.88 - - [22/May/2020:06:42:14 +0300] "POST /administrator/index.php HTTP/1.0" 200 7935 "-" "Mozilla/5.0 (Windows NT 6.3; Win64; x64) AppleWebKit/537.36 (KHTML, like Gecko) Chrome/80.0.3987.132 Safari/537.36"
188.163.101.88 - - [22/May/2020:06:42:14 +0300] "GET /administrator/index.php HTTP/1.0" 200 7544 "-" "Mozilla/5.0 (Windows NT 6.3; Win64; x64) AppleWebKit/537.36 (KHTML, like Gecko) Chrome/80.0.3987.132 Safari/537.36"
91.228.153.170 - - [22/May/2020:07:02:41 +0300] "GET /phpmyadmin/ HTTP/1.1" 200 3098 "-" "Mozilla/5.0 (X11; Ubuntu; Linux x86_64; rv:62.0) Gecko/20100101 Firefox/62.0"
91.228.153.170 - - [22/May/2020:07:02:41 +0300] "POST /phpmyadmin//index.php HTTP/1.1" 200 3173 "-" "Mozilla/5.0 (X11; Ubuntu; Linux x86_64; rv:62.0) Gecko/20100101 Firefox/62.0"
46.229.168.146 - - [22/May/2020:07:03:08 +0300] "GET /robots.txt HTTP/1.0" 200 696 "-" "Mozilla/5.0 (compatible; SemrushBot/6~bl; +http://www.semrush.com/bot.html)"
46.229.168.135 - - [22/May/2020:07:03:09 +0300] "GET /nashi-uslugi/morskie-gruzoperevozki HTTP/1.0" 200 11713 "-" "Mozilla/5.0 (compatible; SemrushBot/6~bl; +http://www.semrush.com/bot.html)"
195.138.67.136 - - [22/May/2020:07:16:54 +0300] "GET / HTTP/1.0" 200 93614 "http://rafalex.ru/" "Mozilla/5.0 (Windows NT 10.0; Win64; x64) AppleWebKit/537.36 (KHTML, like Gecko) Chrome/64.0.3282.140 Safari/537.36 Edge/17.17134"
195.138.67.136 - - [22/May/2020:07:16:56 +0300] "POST / HTTP/1.0" 303 664 "http://rafalex.ru/" "Mozilla/5.0 (Windows NT 10.0; Win64; x64) AppleWebKit/537.36 (KHTML, like Gecko) Chrome/64.0.3282.140 Safari/537.36 Edge/17.17134"
195.138.67.136 - - [22/May/2020:07:16:57 +0300] "GET / HTTP/1.0" 200 93515 "http://rafalex.ru/" "Mozilla/5.0 (Windows NT 10.0; Win64; x64) AppleWebKit/537.36 (KHTML, like Gecko) Chrome/64.0.3282.140 Safari/537.36 Edge/17.17134"
54.36.148.186 - - [22/May/2020:07:19:27 +0300] "GET /nashi-uslugi/perevozka-opasnykh-gruzov HTTP/1.0" 200 12398 "-" "Mozilla/5.0 (compatible; AhrefsBot/6.1; +http://ahrefs.com/robot/)"
103.82.10.2 - - [22/May/2020:07:32:51 +0300] "GET /phpmyadmin/ HTTP/1.1" 200 3105 "-" "Mozilla/5.0 (X11; Ubuntu; Linux x86_64; rv:62.0) Gecko/20100101 Firefox/62.0"
103.82.10.2 - - [22/May/2020:07:32:51 +0300] "POST /phpmyadmin//index.php HTTP/1.1" 200 3170 "-" "Mozilla/5.0 (X11; Ubuntu; Linux x86_64; rv:62.0) Gecko/20100101 Firefox/62.0"
186.91.0.210 - - [22/May/2020:08:05:52 +0300] "GET /phpmyadmin/ HTTP/1.1" 200 3105 "-" "Mozilla/5.0 (X11; Ubuntu; Linux x86_64; rv:62.0) Gecko/20100101 Firefox/62.0"
186.91.0.210 - - [22/May/2020:08:06:07 +0300] "POST /phpmyadmin//index.php HTTP/1.1" 200 3181 "-" "Mozilla/5.0 (X11; Ubuntu; Linux x86_64; rv:62.0) Gecko/20100101 Firefox/62.0"
176.107.182.236 - - [22/May/2020:08:18:45 +0300] "GET / HTTP/1.0" 200 93619 "http://rafalex.ru/" "Mozilla/5.0 (Windows NT 6.1; Win64; x64) AppleWebKit/537.36 (KHTML, like Gecko) Chrome/66.0.3359.170 Safari/537.36 OPR/53.0.2907.68"
176.107.182.236 - - [22/May/2020:08:18:46 +0300] "POST / HTTP/1.0" 303 664 "http://rafalex.ru/" "Mozilla/5.0 (Windows NT 6.1; Win64; x64) AppleWebKit/537.36 (KHTML, like Gecko) Chrome/66.0.3359.170 Safari/537.36 OPR/53.0.2907.68"
176.107.182.236 - - [22/May/2020:08:18:47 +0300] "GET / HTTP/1.0" 200 93522 "http://rafalex.ru/" "Mozilla/5.0 (Windows NT 6.1; Win64; x64) AppleWebKit/537.36 (KHTML, like Gecko) Chrome/66.0.3359.170 Safari/537.36 OPR/53.0.2907.68"
188.163.101.88 - - [22/May/2020:08:21:00 +0300] "GET /administrator/index.php HTTP/1.0" 200 7641 "-" "Mozilla/5.0 (Windows NT 6.3; Win64; x64) AppleWebKit/537.36 (KHTML, like Gecko) Chrome/80.0.3987.132 Safari/537.36"
188.163.101.88 - - [22/May/2020:08:21:00 +0300] "POST /administrator/index.php HTTP/1.0" 200 7935 "-" "Mozilla/5.0 (Windows NT 6.3; Win64; x64) AppleWebKit/537.36 (KHTML, like Gecko) Chrome/80.0.3987.132 Safari/537.36"
188.163.101.88 - - [22/May/2020:08:21:00 +0300] "GET /administrator/index.php HTTP/1.0" 200 7544 "-" "Mozilla/5.0 (Windows NT 6.3; Win64; x64) AppleWebKit/537.36 (KHTML, like Gecko) Chrome/80.0.3987.132 Safari/537.36"
149.129.69.214 - - [22/May/2020:08:31:08 +0300] "GET /phpmyadmin/ HTTP/1.1" 200 3098 "-" "Mozilla/5.0 (X11; Ubuntu; Linux x86_64; rv:62.0) Gecko/20100101 Firefox/62.0"
149.129.69.214 - - [22/May/2020:08:31:09 +0300] "POST /phpmyadmin//index.php HTTP/1.1" 200 3184 "-" "Mozilla/5.0 (X11; Ubuntu; Linux x86_64; rv:62.0) Gecko/20100101 Firefox/62.0"
109.252.17.124 - - [22/May/2020:08:39:30 +0300] "GET / HTTP/1.0" 200 93614 "http://rafalex.ru/" "Mozilla/5.0 (Windows NT 6.1; Win64; x64) AppleWebKit/537.36 (KHTML, like Gecko) Chrome/66.0.3359.181 Safari/537.36"
144.217.108.11 - - [22/May/2020:08:40:11 +0300] "GET /administrator/ HTTP/1.0" 200 7641 "-" "Mozilla/5.0 (X11; Linux x86_64; rv:60.0) Gecko/20100101 Firefox/60.0"
144.217.108.11 - - [22/May/2020:08:40:12 +0300] "POST /administrator/ HTTP/1.0" 200 7935 "-" "Mozilla/5.0 (X11; Linux x86_64; rv:60.0) Gecko/20100101 Firefox/60.0"
5.167.118.77 - - [22/May/2020:08:43:43 +0300] "GET / HTTP/1.0" 200 93598 "http://rafalex.ru/" "Mozilla/5.0 (Windows NT 6.1) AppleWebKit/537.36 (KHTML, like Gecko) Chrome/66.0.3359.181 Safari/537.36 Kinza/4.7.2"
5.167.118.77 - - [22/May/2020:08:44:07 +0300] "POST / HTTP/1.0" 303 567 "http://rafalex.ru/" "Mozilla/5.0 (Windows NT 6.1) AppleWebKit/537.36 (KHTML, like Gecko) Chrome/66.0.3359.181 Safari/537.36 Kinza/4.7.2"
5.167.118.77 - - [22/May/2020:08:44:08 +0300] "GET / HTTP/1.0" 200 93501 "http://rafalex.ru/" "Mozilla/5.0 (Windows NT 6.1) AppleWebKit/537.36 (KHTML, like Gecko) Chrome/66.0.3359.181 Safari/537.36 Kinza/4.7.2"
5.167.118.77 - - [22/May/2020:08:44:08 +0300] "GET / HTTP/1.0" 200 93503 "http://rafalex.ru/" "Mozilla/5.0 (Windows NT 6.1) AppleWebKit/537.36 (KHTML, like Gecko) Chrome/66.0.3359.181 Safari/537.36 Kinza/4.7.2"
5.180.185.253 - - [22/May/2020:09:00:07 +0300] "GET /phpmyadmin/ HTTP/1.1" 200 3104 "-" "Mozilla/5.0 (X11; Ubuntu; Linux x86_64; rv:62.0) Gecko/20100101 Firefox/62.0"
5.180.185.253 - - [22/May/2020:09:00:08 +0300] "POST /phpmyadmin//index.php HTTP/1.1" 200 3163 "-" "Mozilla/5.0 (X11; Ubuntu; Linux x86_64; rv:62.0) Gecko/20100101 Firefox/62.0"
66.249.66.204 - - [22/May/2020:09:08:28 +0300] "GET /nashi-uslugi/perevozka-opasnykh-gruzov HTTP/1.0" 200 12342 "-" "Mozilla/5.0 (Linux; Android 6.0.1; Nexus 5X Build/MMB29P) AppleWebKit/537.36 (KHTML, like Gecko) Chrome/80.0.3987.92 Mobile Safari/537.36 (compatible; Googlebot/2.1; +http://www.google.com/bot.html)"
54.36.148.207 - - [22/May/2020:09:10:56 +0300] "GET /nashi-uslugi/refrizheratornye-gruzoperevozki HTTP/1.0" 200 12155 "-" "Mozilla/5.0 (compatible; AhrefsBot/6.1; +http://ahrefs.com/robot/)"
66.249.66.206 - - [22/May/2020:09:14:44 +0300] "GET /nashi-uslugi/zheleznodorozhnye-gruzoperevozki HTTP/1.0" 200 12263 "-" "Mozilla/5.0 (Linux; Android 6.0.1; Nexus 5X Build/MMB29P) AppleWebKit/537.36 (KHTML, like Gecko) Chrome/80.0.3987.92 Mobile Safari/537.36 (compatible; Googlebot/2.1; +http://www.google.com/bot.html)"
64.145.94.235 - - [22/May/2020:09:18:34 +0300] "GET / HTTP/1.0" 200 93605 "http://rafalex.ru/" "Mozilla/5.0 (Windows NT 6.1; Win64; x64) AppleWebKit/537.36 (KHTML, like Gecko) Chrome/67.0.3396.87 Safari/537.36 OPR/54.0.2952.54"
64.145.94.235 - - [22/May/2020:09:22:30 +0300] "POST / HTTP/1.0" 303 567 "http://rafalex.ru/" "Mozilla/5.0 (Windows NT 6.1; Win64; x64) AppleWebKit/537.36 (KHTML, like Gecko) Chrome/67.0.3396.87 Safari/537.36 OPR/54.0.2952.54"
64.145.94.235 - - [22/May/2020:09:22:31 +0300] "GET / HTTP/1.0" 200 93508 "http://rafalex.ru/" "Mozilla/5.0 (Windows NT 6.1; Win64; x64) AppleWebKit/537.36 (KHTML, like Gecko) Chrome/67.0.3396.87 Safari/537.36 OPR/54.0.2952.54"
37.120.149.122 - - [22/May/2020:09:26:35 +0300] "GET /administrator/index.php HTTP/1.0" 200 3074 "-" "Mozilla/5.0 (Windows NT 10.0; Win64; x64) AppleWebKit/537.36 (KHTML, like Gecko) Chrome/64.0.3282.140 Safari/537.36 Edge/17.17134"
37.120.149.122 - - [22/May/2020:09:26:36 +0300] "POST /administrator/index.php HTTP/1.0" 200 3141 "http://rafalex.ru/administrator/index.php" "Mozilla/5.0 (Windows NT 10.0; Win64; x64) AppleWebKit/537.36 (KHTML, like Gecko) Chrome/64.0.3282.140 Safari/537.36 Edge/17.17134"
91.144.154.81 - - [22/May/2020:09:47:35 +0300] "GET / HTTP/1.0" 200 14126 "https://link.2gis.ru/" "Mozilla/5.0 (Windows NT 10.0; Win64; x64) AppleWebKit/537.36 (KHTML, like Gecko) Chrome/81.0.4044.138 Safari/537.36"
91.144.154.81 - - [22/May/2020:09:47:36 +0300] "GET /components/com_sppagebuilder/assets/css/font-awesome.min.css HTTP/1.1" 200 30961 "http://rafalex.ru/" "Mozilla/5.0 (Windows NT 10.0; Win64; x64) AppleWebKit/537.36 (KHTML, like Gecko) Chrome/81.0.4044.138 Safari/537.36"
91.144.154.81 - - [22/May/2020:09:47:36 +0300] "GET /components/com_sppagebuilder/assets/css/animate.min.css HTTP/1.1" 200 53431 "http://rafalex.ru/" "Mozilla/5.0 (Windows NT 10.0; Win64; x64) AppleWebKit/537.36 (KHTML, like Gecko) Chrome/81.0.4044.138 Safari/537.36"
91.144.154.81 - - [22/May/2020:09:47:36 +0300] "GET /components/com_sppagebuilder/assets/css/sppagecontainer.css HTTP/1.1" 200 268 "http://rafalex.ru/" "Mozilla/5.0 (Windows NT 10.0; Win64; x64) AppleWebKit/537.36 (KHTML, like Gecko) Chrome/81.0.4044.138 Safari/537.36"
91.144.154.81 - - [22/May/2020:09:47:36 +0300] "GET /modules/mod_gruemenu/css/styles.css HTTP/1.1" 200 4507 "http://rafalex.ru/" "Mozilla/5.0 (Windows NT 10.0; Win64; x64) AppleWebKit/537.36 (KHTML, like Gecko) Chrome/81.0.4044.138 Safari/537.36"
91.144.154.81 - - [22/May/2020:09:47:36 +0300] "GET /modules/mod_contactus/css/contactus_form.css HTTP/1.1" 200 7109 "http://rafalex.ru/" "Mozilla/5.0 (Windows NT 10.0; Win64; x64) AppleWebKit/537.36 (KHTML, like Gecko) Chrome/81.0.4044.138 Safari/537.36"
91.144.154.81 - - [22/May/2020:09:47:36 +0300] "GET /components/com_sppagebuilder/assets/css/sppagebuilder.css HTTP/1.1" 200 99520 "http://rafalex.ru/" "Mozilla/5.0 (Windows NT 10.0; Win64; x64) AppleWebKit/537.36 (KHTML, like Gecko) Chrome/81.0.4044.138 Safari/537.36"
91.144.154.81 - - [22/May/2020:09:47:36 +0300] "GET /modules/mod_contactus/css/contactus_lightbox.css HTTP/1.1" 200 8994 "http://rafalex.ru/" "Mozilla/5.0 (Windows NT 10.0; Win64; x64) AppleWebKit/537.36 (KHTML, like Gecko) Chrome/81.0.4044.138 Safari/537.36"
91.144.154.81 - - [22/May/2020:09:47:37 +0300] "GET /templates/shaper_helix3/css/font-awesome.min.css HTTP/1.1" 200 31000 "http://rafalex.ru/" "Mozilla/5.0 (Windows NT 10.0; Win64; x64) AppleWebKit/537.36 (KHTML, like Gecko) Chrome/81.0.4044.138 Safari/537.36"
91.144.154.81 - - [22/May/2020:09:47:37 +0300] "GET /templates/shaper_helix3/css/legacy.css HTTP/1.1" 200 27359 "http://rafalex.ru/" "Mozilla/5.0 (Windows NT 10.0; Win64; x64) AppleWebKit/537.36 (KHTML, like Gecko) Chrome/81.0.4044.138 Safari/537.36"
91.144.154.81 - - [22/May/2020:09:47:37 +0300] "GET /templates/shaper_helix3/css/template.css HTTP/1.1" 200 75440 "http://rafalex.ru/" "Mozilla/5.0 (Windows NT 10.0; Win64; x64) AppleWebKit/537.36 (KHTML, like Gecko) Chrome/81.0.4044.138 Safari/537.36"
91.144.154.81 - - [22/May/2020:09:47:37 +0300] "GET /templates/shaper_helix3/css/bootstrap.min.css HTTP/1.1" 200 121200 "http://rafalex.ru/" "Mozilla/5.0 (Windows NT 10.0; Win64; x64) AppleWebKit/537.36 (KHTML, like Gecko) Chrome/81.0.4044.138 Safari/537.36"
91.144.154.81 - - [22/May/2020:09:47:37 +0300] "GET /templates/shaper_helix3/css/presets/preset1.css HTTP/1.1" 200 2159 "http://rafalex.ru/" "Mozilla/5.0 (Windows NT 10.0; Win64; x64) AppleWebKit/537.36 (KHTML, like Gecko) Chrome/81.0.4044.138 Safari/537.36"
91.144.154.81 - - [22/May/2020:09:47:37 +0300] "GET /plugins/system/helix3/assets/css/pagebuilder.css HTTP/1.1" 200 546 "http://rafalex.ru/" "Mozilla/5.0 (Windows NT 10.0; Win64; x64) AppleWebKit/537.36 (KHTML, like Gecko) Chrome/81.0.4044.138 Safari/537.36"
91.144.154.81 - - [22/May/2020:09:47:37 +0300] "GET /templates/shaper_helix3/css/frontend-edit.css HTTP/1.1" 200 3030 "http://rafalex.ru/" "Mozilla/5.0 (Windows NT 10.0; Win64; x64) AppleWebKit/537.36 (KHTML, like Gecko) Chrome/81.0.4044.138 Safari/537.36"
91.144.154.81 - - [22/May/2020:09:47:37 +0300] "GET /media/system/js/core.js?f4bbe972fee0799e654108a6602c942f HTTP/1.1" 200 7698 "http://rafalex.ru/" "Mozilla/5.0 (Windows NT 10.0; Win64; x64) AppleWebKit/537.36 (KHTML, like Gecko) Chrome/81.0.4044.138 Safari/537.36"
91.144.154.81 - - [22/May/2020:09:47:37 +0300] "GET /media/jui/js/jquery.min.js?f4bbe972fee0799e654108a6602c942f HTTP/1.1" 200 97163 "http://rafalex.ru/" "Mozilla/5.0 (Windows NT 10.0; Win64; x64) AppleWebKit/537.36 (KHTML, like Gecko) Chrome/81.0.4044.138 Safari/537.36"
91.144.154.81 - - [22/May/2020:09:47:37 +0300] "GET /media/jui/js/jquery-noconflict.js?f4bbe972fee0799e654108a6602c942f HTTP/1.1" 200 21 "http://rafalex.ru/" "Mozilla/5.0 (Windows NT 10.0; Win64; x64) AppleWebKit/537.36 (KHTML, like Gecko) Chrome/81.0.4044.138 Safari/537.36"
91.144.154.81 - - [22/May/2020:09:47:37 +0300] "GET /media/jui/js/jquery-migrate.min.js?f4bbe972fee0799e654108a6602c942f HTTP/1.1" 200 10056 "http://rafalex.ru/" "Mozilla/5.0 (Windows NT 10.0; Win64; x64) AppleWebKit/537.36 (KHTML, like Gecko) Chrome/81.0.4044.138 Safari/537.36"
91.144.154.81 - - [22/May/2020:09:47:37 +0300] "GET /components/com_sppagebuilder/assets/js/jquery.parallax-1.1.3.js HTTP/1.1" 200 892 "http://rafalex.ru/" "Mozilla/5.0 (Windows NT 10.0; Win64; x64) AppleWebKit/537.36 (KHTML, like Gecko) Chrome/81.0.4044.138 Safari/537.36"
91.144.154.81 - - [22/May/2020:09:47:37 +0300] "GET /components/com_sppagebuilder/assets/js/sppagebuilder.js HTTP/1.1" 200 35661 "http://rafalex.ru/" "Mozilla/5.0 (Windows NT 10.0; Win64; x64) AppleWebKit/537.36 (KHTML, like Gecko) Chrome/81.0.4044.138 Safari/537.36"
91.144.154.81 - - [22/May/2020:09:47:37 +0300] "GET /modules/mod_gruemenu/js/touchwipe.min.js HTTP/1.1" 200 2254 "http://rafalex.ru/" "Mozilla/5.0 (Windows NT 10.0; Win64; x64) AppleWebKit/537.36 (KHTML, like Gecko) Chrome/81.0.4044.138 Safari/537.36"
91.144.154.81 - - [22/May/2020:09:47:37 +0300] "GET /modules/mod_gruemenu/js/sidr.js HTTP/1.1" 200 9880 "http://rafalex.ru/" "Mozilla/5.0 (Windows NT 10.0; Win64; x64) AppleWebKit/537.36 (KHTML, like Gecko) Chrome/81.0.4044.138 Safari/537.36"
91.144.154.81 - - [22/May/2020:09:47:37 +0300] "GET /modules/mod_gruemenu/js/script.js HTTP/1.1" 200 752 "http://rafalex.ru/" "Mozilla/5.0 (Windows NT 10.0; Win64; x64) AppleWebKit/537.36 (KHTML, like Gecko) Chrome/81.0.4044.138 Safari/537.36"
91.144.154.81 - - [22/May/2020:09:47:37 +0300] "GET /modules/mod_contactus/js/contactus_common.js HTTP/1.1" 200 5018 "http://rafalex.ru/" "Mozilla/5.0 (Windows NT 10.0; Win64; x64) AppleWebKit/537.36 (KHTML, like Gecko) Chrome/81.0.4044.138 Safari/537.36"
91.144.154.81 - - [22/May/2020:09:47:37 +0300] "GET /modules/mod_contactus/js/contactus_form.js HTTP/1.1" 200 2290 "http://rafalex.ru/" "Mozilla/5.0 (Windows NT 10.0; Win64; x64) AppleWebKit/537.36 (KHTML, like Gecko) Chrome/81.0.4044.138 Safari/537.36"
91.144.154.81 - - [22/May/2020:09:47:37 +0300] "GET /modules/mod_contactus/js/contactus_lightbox.js HTTP/1.1" 200 4279 "http://rafalex.ru/" "Mozilla/5.0 (Windows NT 10.0; Win64; x64) AppleWebKit/537.36 (KHTML, like Gecko) Chrome/81.0.4044.138 Safari/537.36"
91.144.154.81 - - [22/May/2020:09:47:37 +0300] "GET /templates/shaper_helix3/js/bootstrap.min.js HTTP/1.1" 200 37045 "http://rafalex.ru/" "Mozilla/5.0 (Windows NT 10.0; Win64; x64) AppleWebKit/537.36 (KHTML, like Gecko) Chrome/81.0.4044.138 Safari/537.36"
91.144.154.81 - - [22/May/2020:09:47:37 +0300] "GET /templates/shaper_helix3/js/jquery.sticky.js HTTP/1.1" 200 5739 "http://rafalex.ru/" "Mozilla/5.0 (Windows NT 10.0; Win64; x64) AppleWebKit/537.36 (KHTML, like Gecko) Chrome/81.0.4044.138 Safari/537.36"
91.144.154.81 - - [22/May/2020:09:47:37 +0300] "GET /templates/shaper_helix3/js/main.js HTTP/1.1" 200 8773 "http://rafalex.ru/" "Mozilla/5.0 (Windows NT 10.0; Win64; x64) AppleWebKit/537.36 (KHTML, like Gecko) Chrome/81.0.4044.138 Safari/537.36"
91.144.154.81 - - [22/May/2020:09:47:38 +0300] "GET /templates/shaper_helix3/js/frontend-edit.js HTTP/1.1" 200 1948 "http://rafalex.ru/" "Mozilla/5.0 (Windows NT 10.0; Win64; x64) AppleWebKit/537.36 (KHTML, like Gecko) Chrome/81.0.4044.138 Safari/537.36"
