51.89.2.81 - - [30/May/2020:05:56:33 +0300] "POST /phpmyadmin//index.php HTTP/1.1" 200 3175 "-" "Mozilla/5.0 (X11; Ubuntu; Linux x86_64; rv:62.0) Gecko/20100101 Firefox/62.0"
51.159.18.78 - - [30/May/2020:06:00:32 +0300] "GET /administrator/index.php HTTP/1.0" 200 3073 "-" "Mozilla/5.0 (Windows NT 6.3; WOW64; Trident/7.0; rv:11.0) like Gecko"
51.159.18.78 - - [30/May/2020:06:00:32 +0300] "GET /administrator/index.php HTTP/1.0" 200 3070 "-" "Mozilla/5.0 (Windows NT 6.3; WOW64; Trident/7.0; rv:11.0) like Gecko"
51.159.18.78 - - [30/May/2020:06:00:32 +0300] "POST /administrator/index.php HTTP/1.0" 200 3137 "-" "Mozilla/5.0 (Windows NT 6.3; WOW64; Trident/7.0; rv:11.0) like Gecko"
51.159.18.78 - - [30/May/2020:06:00:33 +0300] "POST /administrator/index.php HTTP/1.0" 200 3140 "-" "Mozilla/5.0 (Windows NT 6.3; WOW64; Trident/7.0; rv:11.0) like Gecko"
88.84.193.158 - - [30/May/2020:06:11:30 +0300] "GET /phpmyadmin/ HTTP/1.1" 200 3105 "-" "Mozilla/5.0 (X11; Ubuntu; Linux x86_64; rv:62.0) Gecko/20100101 Firefox/62.0"
88.84.193.158 - - [30/May/2020:06:11:30 +0300] "POST /phpmyadmin//index.php HTTP/1.1" 200 3162 "-" "Mozilla/5.0 (X11; Ubuntu; Linux x86_64; rv:62.0) Gecko/20100101 Firefox/62.0"
84.42.222.170 - - [30/May/2020:06:24:41 +0300] "GET /phpmyadmin/ HTTP/1.1" 200 3104 "-" "Mozilla/5.0 (X11; Ubuntu; Linux x86_64; rv:62.0) Gecko/20100101 Firefox/62.0"
84.42.222.170 - - [30/May/2020:06:24:41 +0300] "POST /phpmyadmin//index.php HTTP/1.1" 200 3179 "-" "Mozilla/5.0 (X11; Ubuntu; Linux x86_64; rv:62.0) Gecko/20100101 Firefox/62.0"
54.36.148.42 - - [30/May/2020:06:25:55 +0300] "GET /nashi-uslugi/refrizheratornye-gruzoperevozki HTTP/1.0" 200 12165 "-" "Mozilla/5.0 (compatible; AhrefsBot/6.1; +http://ahrefs.com/robot/)"
104.149.141.6 - - [30/May/2020:06:38:49 +0300] "GET /phpmyadmin/ HTTP/1.1" 200 3103 "-" "Mozilla/5.0 (X11; Ubuntu; Linux x86_64; rv:62.0) Gecko/20100101 Firefox/62.0"
104.149.141.6 - - [30/May/2020:06:38:50 +0300] "POST /phpmyadmin//index.php HTTP/1.1" 200 3160 "-" "Mozilla/5.0 (X11; Ubuntu; Linux x86_64; rv:62.0) Gecko/20100101 Firefox/62.0"
51.159.18.78 - - [30/May/2020:06:44:20 +0300] "GET /administrator/index.php HTTP/1.0" 200 3072 "-" "Mozilla/5.0 (Windows NT 6.3; WOW64; Trident/7.0; rv:11.0) like Gecko"
51.159.18.78 - - [30/May/2020:06:44:20 +0300] "GET /administrator/index.php HTTP/1.0" 200 3071 "-" "Mozilla/5.0 (Windows NT 6.3; WOW64; Trident/7.0; rv:11.0) like Gecko"
51.159.18.78 - - [30/May/2020:06:44:22 +0300] "POST /administrator/index.php HTTP/1.0" 200 3139 "-" "Mozilla/5.0 (Windows NT 6.3; WOW64; Trident/7.0; rv:11.0) like Gecko"
51.159.18.78 - - [30/May/2020:06:44:22 +0300] "POST /administrator/index.php HTTP/1.0" 200 3138 "-" "Mozilla/5.0 (Windows NT 6.3; WOW64; Trident/7.0; rv:11.0) like Gecko"
198.27.81.31 - - [30/May/2020:06:54:02 +0300] "GET /phpmyadmin/ HTTP/1.1" 200 3106 "-" "Mozilla/5.0 (X11; Ubuntu; Linux x86_64; rv:62.0) Gecko/20100101 Firefox/62.0"
198.27.81.31 - - [30/May/2020:06:54:08 +0300] "POST /phpmyadmin//index.php HTTP/1.1" 200 3182 "-" "Mozilla/5.0 (X11; Ubuntu; Linux x86_64; rv:62.0) Gecko/20100101 Firefox/62.0"
54.36.148.92 - - [30/May/2020:06:57:26 +0300] "GET /nashi-uslugi/zheleznodorozhnye-gruzoperevozki HTTP/1.0" 200 12329 "-" "Mozilla/5.0 (compatible; AhrefsBot/6.1; +http://ahrefs.com/robot/)"
163.172.190.160 - - [30/May/2020:06:57:56 +0300] "GET / HTTP/1.0" 200 93621 "http://rafalex.ru/" "Mozilla/5.0 (Windows NT 10.0; Win64; x64) AppleWebKit/537.36 (KHTML, like Gecko) Chrome/64.0.3282.140 Safari/537.36 Edge/17.17134"
163.172.190.160 - - [30/May/2020:06:57:57 +0300] "POST / HTTP/1.0" 303 664 "http://rafalex.ru/" "Mozilla/5.0 (Windows NT 10.0; Win64; x64) AppleWebKit/537.36 (KHTML, like Gecko) Chrome/64.0.3282.140 Safari/537.36 Edge/17.17134"
163.172.190.160 - - [30/May/2020:06:57:58 +0300] "GET / HTTP/1.0" 200 93522 "http://rafalex.ru/" "Mozilla/5.0 (Windows NT 10.0; Win64; x64) AppleWebKit/537.36 (KHTML, like Gecko) Chrome/64.0.3282.140 Safari/537.36 Edge/17.17134"
163.172.190.160 - - [30/May/2020:06:57:59 +0300] "GET / HTTP/1.0" 200 93524 "http://rafalex.ru/" "Mozilla/5.0 (Windows NT 10.0; Win64; x64) AppleWebKit/537.36 (KHTML, like Gecko) Chrome/64.0.3282.140 Safari/537.36 Edge/17.17134"
103.119.139.14 - - [30/May/2020:07:06:59 +0300] "GET /phpmyadmin/ HTTP/1.1" 200 3106 "-" "Mozilla/5.0 (X11; Ubuntu; Linux x86_64; rv:62.0) Gecko/20100101 Firefox/62.0"
103.119.139.14 - - [30/May/2020:07:07:01 +0300] "POST /phpmyadmin//index.php HTTP/1.1" 200 3179 "-" "Mozilla/5.0 (X11; Ubuntu; Linux x86_64; rv:62.0) Gecko/20100101 Firefox/62.0"
213.133.111.73 - - [30/May/2020:07:21:58 +0300] "GET /phpmyadmin/ HTTP/1.1" 200 3105 "-" "Mozilla/5.0 (X11; Ubuntu; Linux x86_64; rv:62.0) Gecko/20100101 Firefox/62.0"
213.133.111.73 - - [30/May/2020:07:21:58 +0300] "POST /phpmyadmin//index.php HTTP/1.1" 200 3162 "-" "Mozilla/5.0 (X11; Ubuntu; Linux x86_64; rv:62.0) Gecko/20100101 Firefox/62.0"
51.159.18.78 - - [30/May/2020:07:25:19 +0300] "GET /administrator/index.php HTTP/1.0" 200 3072 "-" "Mozilla/5.0 (Windows NT 6.3; WOW64; Trident/7.0; rv:11.0) like Gecko"
51.159.18.78 - - [30/May/2020:07:25:20 +0300] "GET /administrator/index.php HTTP/1.0" 200 3074 "-" "Mozilla/5.0 (Windows NT 6.3; WOW64; Trident/7.0; rv:11.0) like Gecko"
51.159.18.78 - - [30/May/2020:07:25:22 +0300] "POST /administrator/index.php HTTP/1.0" 200 3140 "-" "Mozilla/5.0 (Windows NT 6.3; WOW64; Trident/7.0; rv:11.0) like Gecko"
51.159.18.78 - - [30/May/2020:07:25:22 +0300] "POST /administrator/index.php HTTP/1.0" 200 3141 "-" "Mozilla/5.0 (Windows NT 6.3; WOW64; Trident/7.0; rv:11.0) like Gecko"
54.36.148.166 - - [30/May/2020:07:29:45 +0300] "GET /kontakty HTTP/1.0" 200 10616 "-" "Mozilla/5.0 (compatible; AhrefsBot/6.1; +http://ahrefs.com/robot/)"
173.208.244.42 - - [30/May/2020:07:34:23 +0300] "GET /phpmyadmin/ HTTP/1.1" 200 3107 "-" "Mozilla/5.0 (X11; Ubuntu; Linux x86_64; rv:62.0) Gecko/20100101 Firefox/62.0"
173.208.244.42 - - [30/May/2020:07:34:23 +0300] "POST /phpmyadmin//index.php HTTP/1.1" 200 3187 "-" "Mozilla/5.0 (X11; Ubuntu; Linux x86_64; rv:62.0) Gecko/20100101 Firefox/62.0"
18.221.76.31 - - [30/May/2020:07:47:44 +0300] "GET / HTTP/1.0" 200 93598 "http://rafalex.ru/" "Mozilla/5.0 (Windows NT 10.0; Win64; x64) AppleWebKit/537.36 (KHTML, like Gecko) Chrome/68.0.3440.106 Safari/537.36"
18.221.76.31 - - [30/May/2020:07:48:13 +0300] "POST / HTTP/1.0" 303 567 "http://rafalex.ru/" "Mozilla/5.0 (Windows NT 10.0; Win64; x64) AppleWebKit/537.36 (KHTML, like Gecko) Chrome/68.0.3440.106 Safari/537.36"
18.221.76.31 - - [30/May/2020:07:48:15 +0300] "GET / HTTP/1.0" 200 93501 "http://rafalex.ru/" "Mozilla/5.0 (Windows NT 10.0; Win64; x64) AppleWebKit/537.36 (KHTML, like Gecko) Chrome/68.0.3440.106 Safari/537.36"
212.47.243.28 - - [30/May/2020:07:48:52 +0300] "GET /phpmyadmin/ HTTP/1.1" 200 3105 "-" "Mozilla/5.0 (X11; Ubuntu; Linux x86_64; rv:62.0) Gecko/20100101 Firefox/62.0"
212.47.243.28 - - [30/May/2020:07:48:52 +0300] "POST /phpmyadmin//index.php HTTP/1.1" 200 3172 "-" "Mozilla/5.0 (X11; Ubuntu; Linux x86_64; rv:62.0) Gecko/20100101 Firefox/62.0"
46.119.187.93 - - [30/May/2020:08:00:54 +0300] "GET / HTTP/1.0" 200 93605 "http://rafalex.ru/" "Mozilla/5.0 (Windows NT 6.3; Win64; x64) AppleWebKit/537.36 (KHTML, like Gecko) Chrome/66.0.3359.181 Safari/537.36"
89.108.65.227 - - [30/May/2020:08:01:09 +0300] "GET /phpmyadmin/ HTTP/1.1" 200 3103 "-" "Mozilla/5.0 (X11; Ubuntu; Linux x86_64; rv:62.0) Gecko/20100101 Firefox/62.0"
89.108.65.227 - - [30/May/2020:08:01:09 +0300] "POST /phpmyadmin//index.php HTTP/1.1" 200 3162 "-" "Mozilla/5.0 (X11; Ubuntu; Linux x86_64; rv:62.0) Gecko/20100101 Firefox/62.0"
46.119.187.93 - - [30/May/2020:08:01:46 +0300] "POST / HTTP/1.0" 303 567 "http://rafalex.ru/" "Mozilla/5.0 (Windows NT 6.3; Win64; x64) AppleWebKit/537.36 (KHTML, like Gecko) Chrome/66.0.3359.181 Safari/537.36"
46.119.187.93 - - [30/May/2020:08:01:47 +0300] "GET / HTTP/1.0" 200 93508 "http://rafalex.ru/" "Mozilla/5.0 (Windows NT 6.3; Win64; x64) AppleWebKit/537.36 (KHTML, like Gecko) Chrome/66.0.3359.181 Safari/537.36"
51.159.18.78 - - [30/May/2020:08:06:32 +0300] "GET /administrator/index.php HTTP/1.0" 200 3071 "-" "Mozilla/5.0 (Windows NT 6.3; WOW64; Trident/7.0; rv:11.0) like Gecko"
51.159.18.78 - - [30/May/2020:08:06:32 +0300] "GET /administrator/index.php HTTP/1.0" 200 3074 "-" "Mozilla/5.0 (Windows NT 6.3; WOW64; Trident/7.0; rv:11.0) like Gecko"
51.159.18.78 - - [30/May/2020:08:06:33 +0300] "POST /administrator/index.php HTTP/1.0" 200 3139 "-" "Mozilla/5.0 (Windows NT 6.3; WOW64; Trident/7.0; rv:11.0) like Gecko"
51.159.18.78 - - [30/May/2020:08:06:34 +0300] "POST /administrator/index.php HTTP/1.0" 200 3140 "-" "Mozilla/5.0 (Windows NT 6.3; WOW64; Trident/7.0; rv:11.0) like Gecko"
158.69.55.25 - - [30/May/2020:08:15:52 +0300] "GET /phpmyadmin/ HTTP/1.1" 200 3104 "-" "Mozilla/5.0 (X11; Ubuntu; Linux x86_64; rv:62.0) Gecko/20100101 Firefox/62.0"
158.69.55.25 - - [30/May/2020:08:15:52 +0300] "POST /phpmyadmin//index.php HTTP/1.1" 200 3163 "-" "Mozilla/5.0 (X11; Ubuntu; Linux x86_64; rv:62.0) Gecko/20100101 Firefox/62.0"
46.229.168.146 - - [30/May/2020:08:20:24 +0300] "GET /robots.txt HTTP/1.0" 200 696 "-" "Mozilla/5.0 (compatible; SemrushBot/6~bl; +http://www.semrush.com/bot.html)"
46.229.168.148 - - [30/May/2020:08:20:24 +0300] "GET / HTTP/1.0" 200 14128 "-" "Mozilla/5.0 (compatible; SemrushBot/6~bl; +http://www.semrush.com/bot.html)"
104.149.141.6 - - [30/May/2020:08:28:19 +0300] "GET /phpmyadmin/ HTTP/1.1" 200 3106 "-" "Mozilla/5.0 (X11; Ubuntu; Linux x86_64; rv:62.0) Gecko/20100101 Firefox/62.0"
104.149.141.6 - - [30/May/2020:08:28:20 +0300] "POST /phpmyadmin//index.php HTTP/1.1" 200 3163 "-" "Mozilla/5.0 (X11; Ubuntu; Linux x86_64; rv:62.0) Gecko/20100101 Firefox/62.0"
185.175.119.14 - - [30/May/2020:08:42:17 +0300] "POST /phpmyadmin//index.php HTTP/1.1" 200 3192 "-" "Mozilla/5.0 (X11; Ubuntu; Linux x86_64; rv:62.0) Gecko/20100101 Firefox/62.0"
51.159.18.78 - - [30/May/2020:08:47:56 +0300] "GET /administrator/index.php HTTP/1.0" 200 3071 "-" "Mozilla/5.0 (Windows NT 6.3; WOW64; Trident/7.0; rv:11.0) like Gecko"
51.159.18.78 - - [30/May/2020:08:47:56 +0300] "GET /administrator/index.php HTTP/1.0" 200 3072 "-" "Mozilla/5.0 (Windows NT 6.3; WOW64; Trident/7.0; rv:11.0) like Gecko"
51.159.18.78 - - [30/May/2020:08:47:58 +0300] "POST /administrator/index.php HTTP/1.0" 200 3139 "-" "Mozilla/5.0 (Windows NT 6.3; WOW64; Trident/7.0; rv:11.0) like Gecko"
51.159.18.78 - - [30/May/2020:08:47:58 +0300] "POST /administrator/index.php HTTP/1.0" 200 3138 "-" "Mozilla/5.0 (Windows NT 6.3; WOW64; Trident/7.0; rv:11.0) like Gecko"
5.180.185.253 - - [30/May/2020:08:54:43 +0300] "GET /phpmyadmin/ HTTP/1.1" 200 3105 "-" "Mozilla/5.0 (X11; Ubuntu; Linux x86_64; rv:62.0) Gecko/20100101 Firefox/62.0"
5.180.185.253 - - [30/May/2020:08:54:43 +0300] "POST /phpmyadmin//index.php HTTP/1.1" 200 3188 "-" "Mozilla/5.0 (X11; Ubuntu; Linux x86_64; rv:62.0) Gecko/20100101 Firefox/62.0"
104.149.141.6 - - [30/May/2020:09:07:50 +0300] "GET /phpmyadmin/ HTTP/1.1" 200 3104 "-" "Mozilla/5.0 (X11; Ubuntu; Linux x86_64; rv:62.0) Gecko/20100101 Firefox/62.0"
104.149.141.6 - - [30/May/2020:09:07:50 +0300] "POST /phpmyadmin//index.php HTTP/1.1" 200 3161 "-" "Mozilla/5.0 (X11; Ubuntu; Linux x86_64; rv:62.0) Gecko/20100101 Firefox/62.0"
45.32.153.24 - - [30/May/2020:09:08:34 +0300] "GET /phpmyadmin/ HTTP/1.1" 200 3105 "-" "Mozilla/5.0 (X11; Ubuntu; Linux x86_64; rv:62.0) Gecko/20100101 Firefox/62.0"
45.32.153.24 - - [30/May/2020:09:08:34 +0300] "POST /phpmyadmin//index.php HTTP/1.1" 200 3182 "-" "Mozilla/5.0 (X11; Ubuntu; Linux x86_64; rv:62.0) Gecko/20100101 Firefox/62.0"
195.238.108.90 - - [30/May/2020:09:21:03 +0300] "GET / HTTP/1.0" 200 14124 "http://rafalex.ru" "Mozilla/5.0 (Windows NT 6.2; Win64; x64) AppleWebKit/537.36 (KHTML, like Gecko) Chrome/66.0.3359.139 Safari/537.36"
195.238.108.90 - - [30/May/2020:09:21:04 +0300] "GET /personalnye-dannye HTTP/1.0" 200 11337 "http://rafalex.ru/" "Mozilla/5.0 (Windows NT 6.2; Win64; x64) AppleWebKit/537.36 (KHTML, like Gecko) Chrome/66.0.3359.139 Safari/537.36"
39.35.118.65 - - [30/May/2020:09:23:35 +0300] "GET /phpmyadmin/ HTTP/1.1" 200 3105 "-" "Mozilla/5.0 (X11; Ubuntu; Linux x86_64; rv:62.0) Gecko/20100101 Firefox/62.0"
39.35.118.65 - - [30/May/2020:09:23:36 +0300] "POST /phpmyadmin//index.php HTTP/1.1" 200 3162 "-" "Mozilla/5.0 (X11; Ubuntu; Linux x86_64; rv:62.0) Gecko/20100101 Firefox/62.0"
51.159.18.78 - - [30/May/2020:09:28:52 +0300] "GET /administrator/index.php HTTP/1.0" 200 3070 "-" "Mozilla/5.0 (Windows NT 6.3; WOW64; Trident/7.0; rv:11.0) like Gecko"
51.159.18.78 - - [30/May/2020:09:28:52 +0300] "GET /administrator/index.php HTTP/1.0" 200 3073 "-" "Mozilla/5.0 (Windows NT 6.3; WOW64; Trident/7.0; rv:11.0) like Gecko"
51.159.18.78 - - [30/May/2020:09:28:53 +0300] "POST /administrator/index.php HTTP/1.0" 200 3138 "-" "Mozilla/5.0 (Windows NT 6.3; WOW64; Trident/7.0; rv:11.0) like Gecko"
51.159.18.78 - - [30/May/2020:09:28:54 +0300] "POST /administrator/index.php HTTP/1.0" 200 3139 "-" "Mozilla/5.0 (Windows NT 6.3; WOW64; Trident/7.0; rv:11.0) like Gecko"
23.91.71.220 - - [30/May/2020:09:48:15 +0300] "GET /phpmyadmin/ HTTP/1.1" 200 3107 "-" "Mozilla/5.0 (X11; Ubuntu; Linux x86_64; rv:62.0) Gecko/20100101 Firefox/62.0"
23.91.71.220 - - [30/May/2020:09:48:16 +0300] "POST /phpmyadmin//index.php HTTP/1.1" 200 3161 "-" "Mozilla/5.0 (X11; Ubuntu; Linux x86_64; rv:62.0) Gecko/20100101 Firefox/62.0"
82.202.226.51 - - [30/May/2020:10:01:46 +0300] "GET /phpmyadmin/ HTTP/1.1" 200 3105 "-" "Mozilla/5.0 (X11; Ubuntu; Linux x86_64; rv:62.0) Gecko/20100101 Firefox/62.0"
82.202.226.51 - - [30/May/2020:10:01:46 +0300] "POST /phpmyadmin//index.php HTTP/1.1" 200 3161 "-" "Mozilla/5.0 (X11; Ubuntu; Linux x86_64; rv:62.0) Gecko/20100101 Firefox/62.0"
51.159.18.78 - - [30/May/2020:10:10:32 +0300] "GET /administrator/index.php HTTP/1.0" 200 3075 "-" "Mozilla/5.0 (Windows NT 6.3; WOW64; Trident/7.0; rv:11.0) like Gecko"
51.159.18.78 - - [30/May/2020:10:10:32 +0300] "GET /administrator/index.php HTTP/1.0" 200 3072 "-" "Mozilla/5.0 (Windows NT 6.3; WOW64; Trident/7.0; rv:11.0) like Gecko"
51.159.18.78 - - [30/May/2020:10:10:34 +0300] "POST /administrator/index.php HTTP/1.0" 200 3139 "-" "Mozilla/5.0 (Windows NT 6.3; WOW64; Trident/7.0; rv:11.0) like Gecko"
51.159.18.78 - - [30/May/2020:10:10:34 +0300] "POST /administrator/index.php HTTP/1.0" 200 3142 "-" "Mozilla/5.0 (Windows NT 6.3; WOW64; Trident/7.0; rv:11.0) like Gecko"
31.132.211.144 - - [30/May/2020:10:11:27 +0300] "GET / HTTP/1.0" 200 93614 "http://rafalex.ru/" "Mozilla/5.0 (Windows NT 6.3; Win64; x64) AppleWebKit/537.36 (KHTML, like Gecko) Chrome/66.0.3359.181 Safari/537.36"
31.132.211.144 - - [30/May/2020:10:11:29 +0300] "POST / HTTP/1.0" 303 664 "http://rafalex.ru/" "Mozilla/5.0 (Windows NT 6.3; Win64; x64) AppleWebKit/537.36 (KHTML, like Gecko) Chrome/66.0.3359.181 Safari/537.36"
31.132.211.144 - - [30/May/2020:10:11:30 +0300] "GET / HTTP/1.0" 200 93517 "http://rafalex.ru/" "Mozilla/5.0 (Windows NT 6.3; Win64; x64) AppleWebKit/537.36 (KHTML, like Gecko) Chrome/66.0.3359.181 Safari/537.36"
54.36.148.51 - - [30/May/2020:10:14:59 +0300] "GET /robots.txt HTTP/1.0" 200 696 "-" "Mozilla/5.0 (compatible; AhrefsBot/6.1; +http://ahrefs.com/robot/)"
54.36.148.89 - - [30/May/2020:10:15:00 +0300] "GET / HTTP/1.0" 200 14128 "-" "Mozilla/5.0 (compatible; AhrefsBot/6.1; +http://ahrefs.com/robot/)"
104.149.141.6 - - [30/May/2020:10:15:21 +0300] "GET /phpmyadmin/ HTTP/1.1" 200 3103 "-" "Mozilla/5.0 (X11; Ubuntu; Linux x86_64; rv:62.0) Gecko/20100101 Firefox/62.0"
104.149.141.6 - - [30/May/2020:10:15:21 +0300] "POST /phpmyadmin//index.php HTTP/1.1" 200 3181 "-" "Mozilla/5.0 (X11; Ubuntu; Linux x86_64; rv:62.0) Gecko/20100101 Firefox/62.0"
90.154.102.15 - - [30/May/2020:10:21:46 +0300] "GET /administrator/index.php HTTP/1.0" 200 3074 "-" "Mozilla/5.0 (Macintosh; Intel Mac OS X 10.9; rv:51.0) Gecko/20100101 Firefox/51.0"
90.154.102.15 - - [30/May/2020:10:21:59 +0300] "POST /administrator/index.php HTTP/1.0" 200 2847 "http://rafalex.ru/administrator/index.php" "Mozilla/5.0 (Macintosh; Intel Mac OS X 10.9; rv:51.0) Gecko/20100101 Firefox/51.0"
90.154.102.15 - - [30/May/2020:10:21:59 +0300] "GET /administrator/index.php HTTP/1.0" 200 2739 "http://rafalex.ru/administrator/index.php" "Mozilla/5.0 (Macintosh; Intel Mac OS X 10.9; rv:51.0) Gecko/20100101 Firefox/51.0"
89.108.65.227 - - [30/May/2020:10:28:57 +0300] "GET /phpmyadmin/ HTTP/1.1" 200 3104 "-" "Mozilla/5.0 (X11; Ubuntu; Linux x86_64; rv:62.0) Gecko/20100101 Firefox/62.0"
89.108.65.227 - - [30/May/2020:10:28:57 +0300] "POST /phpmyadmin//index.php HTTP/1.1" 200 3162 "-" "Mozilla/5.0 (X11; Ubuntu; Linux x86_64; rv:62.0) Gecko/20100101 Firefox/62.0"
173.208.244.42 - - [30/May/2020:10:42:47 +0300] "GET /phpmyadmin/ HTTP/1.1" 200 3104 "-" "Mozilla/5.0 (X11; Ubuntu; Linux x86_64; rv:62.0) Gecko/20100101 Firefox/62.0"
173.208.244.42 - - [30/May/2020:10:42:48 +0300] "POST /phpmyadmin//index.php HTTP/1.1" 200 3173 "-" "Mozilla/5.0 (X11; Ubuntu; Linux x86_64; rv:62.0) Gecko/20100101 Firefox/62.0"
209.17.96.90 - - [30/May/2020:10:44:13 +0300] "GET / HTTP/1.0" 200 93695 "-" "Mozilla/5.0 (compatible; Nimbostratus-Bot/v1.3.2; http://cloudsystemnetworks.com)"
51.159.18.78 - - [30/May/2020:10:50:49 +0300] "GET /administrator/index.php HTTP/1.0" 200 3072 "-" "Mozilla/5.0 (Windows NT 6.3; WOW64; Trident/7.0; rv:11.0) like Gecko"
51.159.18.78 - - [30/May/2020:10:50:50 +0300] "POST /administrator/index.php HTTP/1.0" 200 3139 "-" "Mozilla/5.0 (Windows NT 6.3; WOW64; Trident/7.0; rv:11.0) like Gecko"
51.159.18.78 - - [30/May/2020:10:50:51 +0300] "GET /administrator/index.php HTTP/1.0" 200 3073 "-" "Mozilla/5.0 (Windows NT 6.3; WOW64; Trident/7.0; rv:11.0) like Gecko"
51.159.18.78 - - [30/May/2020:10:50:53 +0300] "POST /administrator/index.php HTTP/1.0" 200 3140 "-" "Mozilla/5.0 (Windows NT 6.3; WOW64; Trident/7.0; rv:11.0) like Gecko"
188.165.232.202 - - [30/May/2020:10:55:29 +0300] "GET / HTTP/1.0" 200 93621 "http://rafalex.ru/" "Mozilla/5.0 (Windows NT 6.1) AppleWebKit/537.36 (KHTML, like Gecko) Chrome/68.0.3440.106 Safari/537.36 Kinza/4.9.1"
213.163.39.242 - - [30/May/2020:10:56:25 +0300] "GET /phpmyadmin/ HTTP/1.1" 200 3099 "-" "Mozilla/5.0 (X11; Ubuntu; Linux x86_64; rv:62.0) Gecko/20100101 Firefox/62.0"
213.163.39.242 - - [30/May/2020:10:56:26 +0300] "POST /phpmyadmin//index.php HTTP/1.1" 200 3172 "-" "Mozilla/5.0 (X11; Ubuntu; Linux x86_64; rv:62.0) Gecko/20100101 Firefox/62.0"
163.47.149.229 - - [30/May/2020:11:10:21 +0300] "GET /phpmyadmin/ HTTP/1.1" 200 3105 "-" "Mozilla/5.0 (X11; Ubuntu; Linux x86_64; rv:62.0) Gecko/20100101 Firefox/62.0"
163.47.149.229 - - [30/May/2020:11:10:24 +0300] "POST /phpmyadmin//index.php HTTP/1.1" 200 3162 "-" "Mozilla/5.0 (X11; Ubuntu; Linux x86_64; rv:62.0) Gecko/20100101 Firefox/62.0"
95.31.245.93 - - [30/May/2020:11:23:53 +0300] "GET /phpmyadmin/ HTTP/1.1" 200 3103 "-" "Mozilla/5.0 (X11; Ubuntu; Linux x86_64; rv:62.0) Gecko/20100101 Firefox/62.0"
95.31.245.93 - - [30/May/2020:11:23:55 +0300] "POST /phpmyadmin//index.php HTTP/1.1" 200 3182 "-" "Mozilla/5.0 (X11; Ubuntu; Linux x86_64; rv:62.0) Gecko/20100101 Firefox/62.0"
66.249.66.195 - - [30/May/2020:11:29:56 +0300] "GET /robots.txt HTTP/1.0" 200 696 "-" "Mozilla/5.0 (compatible; Googlebot/2.1; +http://www.google.com/bot.html)"
66.249.66.223 - - [30/May/2020:11:29:56 +0300] "GET /.well-known/assetlinks.json HTTP/1.0" 404 1942 "-" "Mozilla/5.0 (compatible; Googlebot/2.1; +http://www.google.com/bot.html)"
51.159.18.78 - - [30/May/2020:11:32:57 +0300] "GET /administrator/index.php HTTP/1.0" 200 3072 "-" "Mozilla/5.0 (Windows NT 6.3; WOW64; Trident/7.0; rv:11.0) like Gecko"
51.159.18.78 - - [30/May/2020:11:32:58 +0300] "GET /administrator/index.php HTTP/1.0" 200 3074 "-" "Mozilla/5.0 (Windows NT 6.3; WOW64; Trident/7.0; rv:11.0) like Gecko"
51.159.18.78 - - [30/May/2020:11:32:58 +0300] "POST /administrator/index.php HTTP/1.0" 200 3141 "-" "Mozilla/5.0 (Windows NT 6.3; WOW64; Trident/7.0; rv:11.0) like Gecko"
51.159.18.78 - - [30/May/2020:11:32:59 +0300] "POST /administrator/index.php HTTP/1.0" 200 3139 "-" "Mozilla/5.0 (Windows NT 6.3; WOW64; Trident/7.0; rv:11.0) like Gecko"
173.208.244.42 - - [30/May/2020:11:36:07 +0300] "GET /phpmyadmin/ HTTP/1.1" 200 3106 "-" "Mozilla/5.0 (X11; Ubuntu; Linux x86_64; rv:62.0) Gecko/20100101 Firefox/62.0"
173.208.244.42 - - [30/May/2020:11:36:08 +0300] "POST /phpmyadmin//index.php HTTP/1.1" 200 3178 "-" "Mozilla/5.0 (X11; Ubuntu; Linux x86_64; rv:62.0) Gecko/20100101 Firefox/62.0"
104.149.141.6 - - [30/May/2020:11:49:11 +0300] "GET /phpmyadmin/ HTTP/1.1" 200 3104 "-" "Mozilla/5.0 (X11; Ubuntu; Linux x86_64; rv:62.0) Gecko/20100101 Firefox/62.0"
104.149.141.6 - - [30/May/2020:11:49:13 +0300] "POST /phpmyadmin//index.php HTTP/1.1" 200 3161 "-" "Mozilla/5.0 (X11; Ubuntu; Linux x86_64; rv:62.0) Gecko/20100101 Firefox/62.0"
52.12.13.134 - - [30/May/2020:11:50:42 +0300] "GET / HTTP/1.0" 200 14123 "-" "Mozilla/5.0 (Windows NT 10.0; Win64; x64)AppleWebKit/537.36 (KHTML, like Gecko) Chrome/66.0.3359.181 Safari/537.36"
51.89.2.81 - - [30/May/2020:12:02:14 +0300] "GET /phpmyadmin/ HTTP/1.1" 200 3105 "-" "Mozilla/5.0 (X11; Ubuntu; Linux x86_64; rv:62.0) Gecko/20100101 Firefox/62.0"
51.89.2.81 - - [30/May/2020:12:02:14 +0300] "POST /phpmyadmin//index.php HTTP/1.1" 200 3162 "-" "Mozilla/5.0 (X11; Ubuntu; Linux x86_64; rv:62.0) Gecko/20100101 Firefox/62.0"
13.90.155.45 - - [30/May/2020:12:07:54 +0300] "GET / HTTP/1.0" 200 14125 "http://rafalex.ru" "Mozilla/5.0 (X11; Fedora; Linux x86_64) AppleWebKit/537.36 (KHTML, like Gecko) Chrome/66.0.3359.117 Safari/537.36"
51.159.18.78 - - [30/May/2020:12:14:02 +0300] "GET /administrator/index.php HTTP/1.0" 200 3072 "-" "Mozilla/5.0 (Windows NT 6.3; WOW64; Trident/7.0; rv:11.0) like Gecko"
51.159.18.78 - - [30/May/2020:12:14:03 +0300] "GET /administrator/index.php HTTP/1.0" 200 3074 "-" "Mozilla/5.0 (Windows NT 6.3; WOW64; Trident/7.0; rv:11.0) like Gecko"
51.159.18.78 - - [30/May/2020:12:14:04 +0300] "POST /administrator/index.php HTTP/1.0" 200 3139 "-" "Mozilla/5.0 (Windows NT 6.3; WOW64; Trident/7.0; rv:11.0) like Gecko"
51.159.18.78 - - [30/May/2020:12:14:04 +0300] "POST /administrator/index.php HTTP/1.0" 200 3141 "-" "Mozilla/5.0 (Windows NT 6.3; WOW64; Trident/7.0; rv:11.0) like Gecko"
148.72.22.177 - - [30/May/2020:12:16:26 +0300] "GET /phpmyadmin/ HTTP/1.1" 200 3106 "-" "Mozilla/5.0 (X11; Ubuntu; Linux x86_64; rv:62.0) Gecko/20100101 Firefox/62.0"
148.72.22.177 - - [30/May/2020:12:16:27 +0300] "POST /phpmyadmin//index.php HTTP/1.1" 200 3162 "-" "Mozilla/5.0 (X11; Ubuntu; Linux x86_64; rv:62.0) Gecko/20100101 Firefox/62.0"
85.26.151.114 - - [30/May/2020:12:28:07 +0300] "GET /phpmyadmin/ HTTP/1.1" 200 3103 "-" "Mozilla/5.0 (X11; Ubuntu; Linux x86_64; rv:62.0) Gecko/20100101 Firefox/62.0"
85.26.151.114 - - [30/May/2020:12:28:07 +0300] "POST /phpmyadmin//index.php HTTP/1.1" 200 3160 "-" "Mozilla/5.0 (X11; Ubuntu; Linux x86_64; rv:62.0) Gecko/20100101 Firefox/62.0"
213.163.39.242 - - [30/May/2020:12:39:50 +0300] "GET /phpmyadmin/ HTTP/1.1" 200 3106 "-" "Mozilla/5.0 (X11; Ubuntu; Linux x86_64; rv:62.0) Gecko/20100101 Firefox/62.0"
213.163.39.242 - - [30/May/2020:12:39:50 +0300] "POST /phpmyadmin//index.php HTTP/1.1" 200 3158 "-" "Mozilla/5.0 (X11; Ubuntu; Linux x86_64; rv:62.0) Gecko/20100101 Firefox/62.0"
51.159.18.78 - - [30/May/2020:12:54:28 +0300] "GET /administrator/index.php HTTP/1.0" 200 3074 "-" "Mozilla/5.0 (Windows NT 6.3; WOW64; Trident/7.0; rv:11.0) like Gecko"
51.159.18.78 - - [30/May/2020:12:54:28 +0300] "GET /administrator/index.php HTTP/1.0" 200 3073 "-" "Mozilla/5.0 (Windows NT 6.3; WOW64; Trident/7.0; rv:11.0) like Gecko"
51.159.18.78 - - [30/May/2020:12:54:30 +0300] "POST /administrator/index.php HTTP/1.0" 200 3141 "-" "Mozilla/5.0 (Windows NT 6.3; WOW64; Trident/7.0; rv:11.0) like Gecko"
51.159.18.78 - - [30/May/2020:12:54:30 +0300] "POST /administrator/index.php HTTP/1.0" 200 3141 "-" "Mozilla/5.0 (Windows NT 6.3; WOW64; Trident/7.0; rv:11.0) like Gecko"
81.170.156.164 - - [30/May/2020:13:06:07 +0300] "GET /phpmyadmin/ HTTP/1.1" 200 3106 "-" "Mozilla/5.0 (X11; Ubuntu; Linux x86_64; rv:62.0) Gecko/20100101 Firefox/62.0"
81.170.156.164 - - [30/May/2020:13:06:08 +0300] "POST /phpmyadmin//index.php HTTP/1.1" 200 3160 "-" "Mozilla/5.0 (X11; Ubuntu; Linux x86_64; rv:62.0) Gecko/20100101 Firefox/62.0"
173.208.244.42 - - [30/May/2020:13:17:10 +0300] "GET /phpmyadmin/ HTTP/1.1" 200 3104 "-" "Mozilla/5.0 (X11; Ubuntu; Linux x86_64; rv:62.0) Gecko/20100101 Firefox/62.0"
173.208.244.42 - - [30/May/2020:13:17:10 +0300] "POST /phpmyadmin//index.php HTTP/1.1" 200 3161 "-" "Mozilla/5.0 (X11; Ubuntu; Linux x86_64; rv:62.0) Gecko/20100101 Firefox/62.0"
5.180.185.253 - - [30/May/2020:13:29:21 +0300] "GET /phpmyadmin/ HTTP/1.1" 200 3106 "-" "Mozilla/5.0 (X11; Ubuntu; Linux x86_64; rv:62.0) Gecko/20100101 Firefox/62.0"
5.180.185.253 - - [30/May/2020:13:29:22 +0300] "POST /phpmyadmin//index.php HTTP/1.1" 200 3163 "-" "Mozilla/5.0 (X11; Ubuntu; Linux x86_64; rv:62.0) Gecko/20100101 Firefox/62.0"
51.159.18.78 - - [30/May/2020:13:34:59 +0300] "GET /administrator/index.php HTTP/1.0" 200 3072 "-" "Mozilla/5.0 (Windows NT 6.3; WOW64; Trident/7.0; rv:11.0) like Gecko"
51.159.18.78 - - [30/May/2020:13:34:59 +0300] "GET /administrator/index.php HTTP/1.0" 200 3073 "-" "Mozilla/5.0 (Windows NT 6.3; WOW64; Trident/7.0; rv:11.0) like Gecko"
51.159.18.78 - - [30/May/2020:13:35:02 +0300] "POST /administrator/index.php HTTP/1.0" 200 3140 "-" "Mozilla/5.0 (Windows NT 6.3; WOW64; Trident/7.0; rv:11.0) like Gecko"
51.159.18.78 - - [30/May/2020:13:35:02 +0300] "POST /administrator/index.php HTTP/1.0" 200 3139 "-" "Mozilla/5.0 (Windows NT 6.3; WOW64; Trident/7.0; rv:11.0) like Gecko"
172.96.186.131 - - [30/May/2020:13:41:22 +0300] "GET /phpmyadmin/ HTTP/1.1" 200 3105 "-" "Mozilla/5.0 (X11; Ubuntu; Linux x86_64; rv:62.0) Gecko/20100101 Firefox/62.0"
172.96.186.131 - - [30/May/2020:13:41:22 +0300] "POST /phpmyadmin//index.php HTTP/1.1" 200 3163 "-" "Mozilla/5.0 (X11; Ubuntu; Linux x86_64; rv:62.0) Gecko/20100101 Firefox/62.0"
179.108.184.233 - - [30/May/2020:13:55:53 +0300] "GET /phpmyadmin/ HTTP/1.1" 200 3105 "-" "Mozilla/5.0 (X11; Ubuntu; Linux x86_64; rv:62.0) Gecko/20100101 Firefox/62.0"
161.117.14.183 - - [30/May/2020:14:07:01 +0300] "GET /phpmyadmin/ HTTP/1.1" 200 3105 "-" "Mozilla/5.0 (X11; Ubuntu; Linux x86_64; rv:62.0) Gecko/20100101 Firefox/62.0"
161.117.14.183 - - [30/May/2020:14:07:06 +0300] "POST /phpmyadmin//index.php HTTP/1.1" 200 3185 "-" "Mozilla/5.0 (X11; Ubuntu; Linux x86_64; rv:62.0) Gecko/20100101 Firefox/62.0"
51.159.18.78 - - [30/May/2020:14:16:11 +0300] "GET /administrator/index.php HTTP/1.0" 200 3074 "-" "Mozilla/5.0 (Windows NT 6.3; WOW64; Trident/7.0; rv:11.0) like Gecko"
51.159.18.78 - - [30/May/2020:14:16:12 +0300] "GET /administrator/index.php HTTP/1.0" 200 3074 "-" "Mozilla/5.0 (Windows NT 6.3; WOW64; Trident/7.0; rv:11.0) like Gecko"
51.159.18.78 - - [30/May/2020:14:16:13 +0300] "POST /administrator/index.php HTTP/1.0" 200 3141 "-" "Mozilla/5.0 (Windows NT 6.3; WOW64; Trident/7.0; rv:11.0) like Gecko"
51.159.18.78 - - [30/May/2020:14:16:13 +0300] "POST /administrator/index.php HTTP/1.0" 200 3142 "-" "Mozilla/5.0 (Windows NT 6.3; WOW64; Trident/7.0; rv:11.0) like Gecko"
94.247.133.40 - - [30/May/2020:14:18:56 +0300] "GET /phpmyadmin/ HTTP/1.1" 200 3103 "-" "Mozilla/5.0 (X11; Ubuntu; Linux x86_64; rv:62.0) Gecko/20100101 Firefox/62.0"
94.247.133.40 - - [30/May/2020:14:18:56 +0300] "POST /phpmyadmin//index.php HTTP/1.1" 200 3161 "-" "Mozilla/5.0 (X11; Ubuntu; Linux x86_64; rv:62.0) Gecko/20100101 Firefox/62.0"
51.89.2.81 - - [30/May/2020:14:31:20 +0300] "GET /phpmyadmin/ HTTP/1.1" 200 3104 "-" "Mozilla/5.0 (X11; Ubuntu; Linux x86_64; rv:62.0) Gecko/20100101 Firefox/62.0"
51.89.2.81 - - [30/May/2020:14:31:20 +0300] "POST /phpmyadmin//index.php HTTP/1.1" 200 3183 "-" "Mozilla/5.0 (X11; Ubuntu; Linux x86_64; rv:62.0) Gecko/20100101 Firefox/62.0"
139.162.15.31 - - [30/May/2020:14:44:04 +0300] "GET /phpmyadmin/ HTTP/1.1" 200 3105 "-" "Mozilla/5.0 (X11; Ubuntu; Linux x86_64; rv:62.0) Gecko/20100101 Firefox/62.0"
139.162.15.31 - - [30/May/2020:14:44:04 +0300] "POST /phpmyadmin//index.php HTTP/1.1" 200 3162 "-" "Mozilla/5.0 (X11; Ubuntu; Linux x86_64; rv:62.0) Gecko/20100101 Firefox/62.0"
91.228.153.170 - - [30/May/2020:14:56:30 +0300] "GET /phpmyadmin/ HTTP/1.1" 200 3105 "-" "Mozilla/5.0 (X11; Ubuntu; Linux x86_64; rv:62.0) Gecko/20100101 Firefox/62.0"
91.228.153.170 - - [30/May/2020:14:56:31 +0300] "POST /phpmyadmin//index.php HTTP/1.1" 200 3162 "-" "Mozilla/5.0 (X11; Ubuntu; Linux x86_64; rv:62.0) Gecko/20100101 Firefox/62.0"
51.159.18.78 - - [30/May/2020:14:57:53 +0300] "GET /administrator/index.php HTTP/1.0" 200 3072 "-" "Mozilla/5.0 (Windows NT 6.3; WOW64; Trident/7.0; rv:11.0) like Gecko"
51.159.18.78 - - [30/May/2020:14:57:54 +0300] "GET /administrator/index.php HTTP/1.0" 200 3072 "-" "Mozilla/5.0 (Windows NT 6.3; WOW64; Trident/7.0; rv:11.0) like Gecko"
51.159.18.78 - - [30/May/2020:14:57:54 +0300] "POST /administrator/index.php HTTP/1.0" 200 3139 "-" "Mozilla/5.0 (Windows NT 6.3; WOW64; Trident/7.0; rv:11.0) like Gecko"
51.159.18.78 - - [30/May/2020:14:57:55 +0300] "POST /administrator/index.php HTTP/1.0" 200 3140 "-" "Mozilla/5.0 (Windows NT 6.3; WOW64; Trident/7.0; rv:11.0) like Gecko"
213.222.224.238 - - [30/May/2020:15:00:08 +0300] "GET / HTTP/1.0" 200 14126 "https://www.velodepo.ru/ves-velosipeda.php" "Mozilla/5.0 (Windows NT 10.0; Win64; x64) AppleWebKit/537.36 (KHTML, like Gecko) Chrome/80.0.3987.106 Safari/537.36\tChrome Generic"
88.84.193.158 - - [30/May/2020:15:08:45 +0300] "GET /phpmyadmin/ HTTP/1.1" 200 3105 "-" "Mozilla/5.0 (X11; Ubuntu; Linux x86_64; rv:62.0) Gecko/20100101 Firefox/62.0"
142.4.4.113 - - [30/May/2020:15:21:15 +0300] "GET /phpmyadmin/ HTTP/1.1" 200 3103 "-" "Mozilla/5.0 (X11; Ubuntu; Linux x86_64; rv:62.0) Gecko/20100101 Firefox/62.0"
142.4.4.113 - - [30/May/2020:15:21:16 +0300] "POST /phpmyadmin//index.php HTTP/1.1" 200 3182 "-" "Mozilla/5.0 (X11; Ubuntu; Linux x86_64; rv:62.0) Gecko/20100101 Firefox/62.0"
51.159.18.78 - - [30/May/2020:15:39:21 +0300] "GET /administrator/index.php HTTP/1.0" 200 3071 "-" "Mozilla/5.0 (Windows NT 6.3; WOW64; Trident/7.0; rv:11.0) like Gecko"
51.159.18.78 - - [30/May/2020:15:39:22 +0300] "GET /administrator/index.php HTTP/1.0" 200 3071 "-" "Mozilla/5.0 (Windows NT 6.3; WOW64; Trident/7.0; rv:11.0) like Gecko"
51.159.18.78 - - [30/May/2020:15:39:22 +0300] "POST /administrator/index.php HTTP/1.0" 200 3139 "-" "Mozilla/5.0 (Windows NT 6.3; WOW64; Trident/7.0; rv:11.0) like Gecko"
51.159.18.78 - - [30/May/2020:15:39:24 +0300] "POST /administrator/index.php HTTP/1.0" 200 3138 "-" "Mozilla/5.0 (Windows NT 6.3; WOW64; Trident/7.0; rv:11.0) like Gecko"
194.54.83.94 - - [30/May/2020:15:42:31 +0300] "GET /phpmyadmin/ HTTP/1.1" 200 3104 "-" "Mozilla/5.0 (X11; Ubuntu; Linux x86_64; rv:62.0) Gecko/20100101 Firefox/62.0"
194.54.83.94 - - [30/May/2020:15:42:44 +0300] "POST /phpmyadmin//index.php HTTP/1.1" 200 3177 "-" "Mozilla/5.0 (X11; Ubuntu; Linux x86_64; rv:62.0) Gecko/20100101 Firefox/62.0"
81.170.156.164 - - [30/May/2020:16:00:33 +0300] "GET /phpmyadmin/ HTTP/1.1" 200 3104 "-" "Mozilla/5.0 (X11; Ubuntu; Linux x86_64; rv:62.0) Gecko/20100101 Firefox/62.0"
81.170.156.164 - - [30/May/2020:16:00:34 +0300] "POST /phpmyadmin//index.php HTTP/1.1" 200 3161 "-" "Mozilla/5.0 (X11; Ubuntu; Linux x86_64; rv:62.0) Gecko/20100101 Firefox/62.0"
51.159.18.78 - - [30/May/2020:16:20:31 +0300] "GET /administrator/index.php HTTP/1.0" 200 3074 "-" "Mozilla/5.0 (Windows NT 6.3; WOW64; Trident/7.0; rv:11.0) like Gecko"
51.159.18.78 - - [30/May/2020:16:20:32 +0300] "GET /administrator/index.php HTTP/1.0" 200 3071 "-" "Mozilla/5.0 (Windows NT 6.3; WOW64; Trident/7.0; rv:11.0) like Gecko"
51.159.18.78 - - [30/May/2020:16:20:33 +0300] "POST /administrator/index.php HTTP/1.0" 200 3141 "-" "Mozilla/5.0 (Windows NT 6.3; WOW64; Trident/7.0; rv:11.0) like Gecko"
51.159.18.78 - - [30/May/2020:16:20:33 +0300] "POST /administrator/index.php HTTP/1.0" 200 3138 "-" "Mozilla/5.0 (Windows NT 6.3; WOW64; Trident/7.0; rv:11.0) like Gecko"
85.26.151.114 - - [30/May/2020:16:26:14 +0300] "GET /phpmyadmin/ HTTP/1.1" 200 3105 "-" "Mozilla/5.0 (X11; Ubuntu; Linux x86_64; rv:62.0) Gecko/20100101 Firefox/62.0"
85.26.151.114 - - [30/May/2020:16:26:14 +0300] "POST /phpmyadmin//index.php HTTP/1.1" 200 3183 "-" "Mozilla/5.0 (X11; Ubuntu; Linux x86_64; rv:62.0) Gecko/20100101 Firefox/62.0"
51.159.18.78 - - [30/May/2020:17:03:06 +0300] "GET /administrator/index.php HTTP/1.0" 200 3072 "-" "Mozilla/5.0 (Windows NT 6.3; WOW64; Trident/7.0; rv:11.0) like Gecko"
51.159.18.78 - - [30/May/2020:17:03:08 +0300] "GET /administrator/index.php HTTP/1.0" 200 3073 "-" "Mozilla/5.0 (Windows NT 6.3; WOW64; Trident/7.0; rv:11.0) like Gecko"
51.159.18.78 - - [30/May/2020:17:03:09 +0300] "POST /administrator/index.php HTTP/1.0" 200 3139 "-" "Mozilla/5.0 (Windows NT 6.3; WOW64; Trident/7.0; rv:11.0) like Gecko"
51.159.18.78 - - [30/May/2020:17:03:09 +0300] "POST /administrator/index.php HTTP/1.0" 200 3140 "-" "Mozilla/5.0 (Windows NT 6.3; WOW64; Trident/7.0; rv:11.0) like Gecko"
172.96.186.131 - - [30/May/2020:17:30:20 +0300] "GET /phpmyadmin/ HTTP/1.1" 200 3104 "-" "Mozilla/5.0 (X11; Ubuntu; Linux x86_64; rv:62.0) Gecko/20100101 Firefox/62.0"
172.96.186.131 - - [30/May/2020:17:30:20 +0300] "POST /phpmyadmin//index.php HTTP/1.1" 200 3161 "-" "Mozilla/5.0 (X11; Ubuntu; Linux x86_64; rv:62.0) Gecko/20100101 Firefox/62.0"
51.159.18.78 - - [30/May/2020:17:45:40 +0300] "GET /administrator/index.php HTTP/1.0" 200 3074 "-" "Mozilla/5.0 (Windows NT 6.3; WOW64; Trident/7.0; rv:11.0) like Gecko"
51.159.18.78 - - [30/May/2020:17:45:40 +0300] "GET /administrator/index.php HTTP/1.0" 200 3073 "-" "Mozilla/5.0 (Windows NT 6.3; WOW64; Trident/7.0; rv:11.0) like Gecko"
51.159.18.78 - - [30/May/2020:17:45:41 +0300] "POST /administrator/index.php HTTP/1.0" 200 3141 "-" "Mozilla/5.0 (Windows NT 6.3; WOW64; Trident/7.0; rv:11.0) like Gecko"
51.159.18.78 - - [30/May/2020:17:45:41 +0300] "POST /administrator/index.php HTTP/1.0" 200 3140 "-" "Mozilla/5.0 (Windows NT 6.3; WOW64; Trident/7.0; rv:11.0) like Gecko"
66.249.66.206 - - [30/May/2020:17:53:56 +0300] "GET /robots.txt HTTP/1.0" 200 696 "-" "Mozilla/5.0 (compatible; Googlebot/2.1; +http://www.google.com/bot.html)"
66.249.66.206 - - [30/May/2020:17:53:56 +0300] "GET / HTTP/1.0" 200 14081 "-" "Mozilla/5.0 (Linux; Android 6.0.1; Nexus 5X Build/MMB29P) AppleWebKit/537.36 (KHTML, like Gecko) Chrome/80.0.3987.92 Mobile Safari/537.36 (compatible; Googlebot/2.1; +http://www.google.com/bot.html)"
213.133.111.73 - - [30/May/2020:18:04:52 +0300] "GET /phpmyadmin/ HTTP/1.1" 200 3105 "-" "Mozilla/5.0 (X11; Ubuntu; Linux x86_64; rv:62.0) Gecko/20100101 Firefox/62.0"
213.133.111.73 - - [30/May/2020:18:04:52 +0300] "POST /phpmyadmin//index.php HTTP/1.1" 200 3172 "-" "Mozilla/5.0 (X11; Ubuntu; Linux x86_64; rv:62.0) Gecko/20100101 Firefox/62.0"
51.159.18.78 - - [30/May/2020:18:27:24 +0300] "GET /administrator/index.php HTTP/1.0" 200 3072 "-" "Mozilla/5.0 (Windows NT 6.3; WOW64; Trident/7.0; rv:11.0) like Gecko"
51.159.18.78 - - [30/May/2020:18:27:24 +0300] "POST /administrator/index.php HTTP/1.0" 200 3141 "-" "Mozilla/5.0 (Windows NT 6.3; WOW64; Trident/7.0; rv:11.0) like Gecko"
51.159.18.78 - - [30/May/2020:18:27:25 +0300] "GET /administrator/index.php HTTP/1.0" 200 3072 "-" "Mozilla/5.0 (Windows NT 6.3; WOW64; Trident/7.0; rv:11.0) like Gecko"
51.159.18.78 - - [30/May/2020:18:27:26 +0300] "POST /administrator/index.php HTTP/1.0" 200 3140 "-" "Mozilla/5.0 (Windows NT 6.3; WOW64; Trident/7.0; rv:11.0) like Gecko"
54.36.148.41 - - [30/May/2020:18:27:50 +0300] "GET / HTTP/1.0" 200 14129 "-" "Mozilla/5.0 (compatible; AhrefsBot/6.1; +http://ahrefs.com/robot/)"
178.154.200.243 - - [30/May/2020:18:31:07 +0300] "GET /robots.txt HTTP/1.0" 200 1108 "-" "Mozilla/5.0 (compatible; YandexBot/3.0; +http://yandex.com/bots)"
178.154.200.243 - - [30/May/2020:18:31:11 +0300] "GET /kontakty HTTP/1.0" 200 10614 "-" "Mozilla/5.0 (compatible; YandexBot/3.0; +http://yandex.com/bots)"
80.93.187.124 - - [30/May/2020:18:41:14 +0300] "GET /rafalex_ru.sql.gz HTTP/1.0" 404 1932 "-" "Mozilla/5.0 (Windows NT 10.0; Win64; x64) AppleWebKit/537.36 (KHTML, like Gecko) Chrome/72.0.3626.109 Safari/537.36"
165.22.63.58 - - [30/May/2020:18:44:56 +0300] "GET /phpmyadmin/ HTTP/1.1" 200 3104 "-" "Mozilla/5.0 (X11; Ubuntu; Linux x86_64; rv:62.0) Gecko/20100101 Firefox/62.0"
165.22.63.58 - - [30/May/2020:18:44:59 +0300] "POST /phpmyadmin//index.php HTTP/1.1" 200 3163 "-" "Mozilla/5.0 (X11; Ubuntu; Linux x86_64; rv:62.0) Gecko/20100101 Firefox/62.0"
185.220.101.160 - - [30/May/2020:18:47:27 +0300] "GET / HTTP/1.0" 200 93621 "http://rafalex.ru/" "Mozilla/5.0 (Windows NT 6.1; Win64; x64) AppleWebKit/537.36 (KHTML, like Gecko) Chrome/66.0.3359.170 Safari/537.36 OPR/53.0.2907.106"
199.249.230.101 - - [30/May/2020:18:47:30 +0300] "POST / HTTP/1.0" 303 664 "http://rafalex.ru/" "Mozilla/5.0 (Windows NT 6.1; Win64; x64) AppleWebKit/537.36 (KHTML, like Gecko) Chrome/66.0.3359.170 Safari/537.36 OPR/53.0.2907.106"
199.249.230.101 - - [30/May/2020:18:47:31 +0300] "GET / HTTP/1.0" 200 93522 "http://rafalex.ru/" "Mozilla/5.0 (Windows NT 6.1; Win64; x64) AppleWebKit/537.36 (KHTML, like Gecko) Chrome/66.0.3359.170 Safari/537.36 OPR/53.0.2907.106"
51.159.18.78 - - [30/May/2020:19:08:45 +0300] "GET /administrator/index.php HTTP/1.0" 200 3073 "-" "Mozilla/5.0 (Windows NT 6.3; WOW64; Trident/7.0; rv:11.0) like Gecko"
51.159.18.78 - - [30/May/2020:19:08:46 +0300] "GET /administrator/index.php HTTP/1.0" 200 3074 "-" "Mozilla/5.0 (Windows NT 6.3; WOW64; Trident/7.0; rv:11.0) like Gecko"
51.159.18.78 - - [30/May/2020:19:08:47 +0300] "POST /administrator/index.php HTTP/1.0" 200 3140 "-" "Mozilla/5.0 (Windows NT 6.3; WOW64; Trident/7.0; rv:11.0) like Gecko"
51.159.18.78 - - [30/May/2020:19:08:47 +0300] "POST /administrator/index.php HTTP/1.0" 200 3141 "-" "Mozilla/5.0 (Windows NT 6.3; WOW64; Trident/7.0; rv:11.0) like Gecko"
212.47.243.28 - - [30/May/2020:19:27:14 +0300] "GET /phpmyadmin/ HTTP/1.1" 200 3106 "-" "Mozilla/5.0 (X11; Ubuntu; Linux x86_64; rv:62.0) Gecko/20100101 Firefox/62.0"
212.47.243.28 - - [30/May/2020:19:27:14 +0300] "POST /phpmyadmin//index.php HTTP/1.1" 200 3180 "-" "Mozilla/5.0 (X11; Ubuntu; Linux x86_64; rv:62.0) Gecko/20100101 Firefox/62.0"
51.159.18.78 - - [30/May/2020:19:49:46 +0300] "GET /administrator/index.php HTTP/1.0" 200 3072 "-" "Mozilla/5.0 (Windows NT 6.3; WOW64; Trident/7.0; rv:11.0) like Gecko"
51.159.18.78 - - [30/May/2020:19:49:46 +0300] "GET /administrator/index.php HTTP/1.0" 200 3074 "-" "Mozilla/5.0 (Windows NT 6.3; WOW64; Trident/7.0; rv:11.0) like Gecko"
51.159.18.78 - - [30/May/2020:19:49:47 +0300] "POST /administrator/index.php HTTP/1.0" 200 3139 "-" "Mozilla/5.0 (Windows NT 6.3; WOW64; Trident/7.0; rv:11.0) like Gecko"
51.159.18.78 - - [30/May/2020:19:49:48 +0300] "POST /administrator/index.php HTTP/1.0" 200 3141 "-" "Mozilla/5.0 (Windows NT 6.3; WOW64; Trident/7.0; rv:11.0) like Gecko"
78.106.122.233 - - [30/May/2020:20:17:20 +0300] "GET / HTTP/1.0" 200 93614 "http://rafalex.ru/" "Mozilla/5.0 (Windows NT 6.1; Win64; x64) AppleWebKit/537.36 (KHTML, like Gecko) Chrome/67.0.3396.87 Safari/537.36 OPR/54.0.2952.54"
78.106.122.233 - - [30/May/2020:20:17:22 +0300] "POST / HTTP/1.0" 303 664 "http://rafalex.ru/" "Mozilla/5.0 (Windows NT 6.1; Win64; x64) AppleWebKit/537.36 (KHTML, like Gecko) Chrome/67.0.3396.87 Safari/537.36 OPR/54.0.2952.54"
78.106.122.233 - - [30/May/2020:20:17:22 +0300] "GET / HTTP/1.0" 200 93517 "http://rafalex.ru/" "Mozilla/5.0 (Windows NT 6.1; Win64; x64) AppleWebKit/537.36 (KHTML, like Gecko) Chrome/67.0.3396.87 Safari/537.36 OPR/54.0.2952.54"
78.106.122.233 - - [30/May/2020:20:17:23 +0300] "GET / HTTP/1.0" 200 93517 "http://rafalex.ru/" "Mozilla/5.0 (Windows NT 6.1; Win64; x64) AppleWebKit/537.36 (KHTML, like Gecko) Chrome/67.0.3396.87 Safari/537.36 OPR/54.0.2952.54"
51.159.18.78 - - [30/May/2020:20:30:13 +0300] "GET /administrator/index.php HTTP/1.0" 200 3073 "-" "Mozilla/5.0 (Windows NT 6.3; WOW64; Trident/7.0; rv:11.0) like Gecko"
51.159.18.78 - - [30/May/2020:20:30:13 +0300] "GET /administrator/index.php HTTP/1.0" 200 3072 "-" "Mozilla/5.0 (Windows NT 6.3; WOW64; Trident/7.0; rv:11.0) like Gecko"
51.159.18.78 - - [30/May/2020:20:30:14 +0300] "POST /administrator/index.php HTTP/1.0" 200 3139 "-" "Mozilla/5.0 (Windows NT 6.3; WOW64; Trident/7.0; rv:11.0) like Gecko"
51.159.18.78 - - [30/May/2020:20:30:15 +0300] "POST /administrator/index.php HTTP/1.0" 200 3140 "-" "Mozilla/5.0 (Windows NT 6.3; WOW64; Trident/7.0; rv:11.0) like Gecko"
161.117.9.99 - - [30/May/2020:20:47:14 +0300] "GET / HTTP/1.0" 200 93600 "http://rafalex.ru/" "Mozilla/5.0 (Windows NT 6.1; Win64; x64) AppleWebKit/537.36 (KHTML, like Gecko) Chrome/68.0.3440.106 Safari/537.36"
161.117.9.99 - - [30/May/2020:20:47:18 +0300] "POST / HTTP/1.0" 303 664 "http://rafalex.ru/" "Mozilla/5.0 (Windows NT 6.1; Win64; x64) AppleWebKit/537.36 (KHTML, like Gecko) Chrome/68.0.3440.106 Safari/537.36"
161.117.9.99 - - [30/May/2020:20:47:19 +0300] "GET / HTTP/1.0" 200 93501 "http://rafalex.ru/" "Mozilla/5.0 (Windows NT 6.1; Win64; x64) AppleWebKit/537.36 (KHTML, like Gecko) Chrome/68.0.3440.106 Safari/537.36"
182.92.9.216 - - [30/May/2020:20:49:05 +0300] "GET /phpmyadmin/ HTTP/1.1" 200 3104 "-" "Mozilla/5.0 (X11; Ubuntu; Linux x86_64; rv:62.0) Gecko/20100101 Firefox/62.0"
182.92.9.216 - - [30/May/2020:20:49:08 +0300] "POST /phpmyadmin//index.php HTTP/1.1" 200 3160 "-" "Mozilla/5.0 (X11; Ubuntu; Linux x86_64; rv:62.0) Gecko/20100101 Firefox/62.0"
209.17.96.34 - - [30/May/2020:20:57:39 +0300] "GET / HTTP/1.0" 200 93598 "-" "Mozilla/5.0 (compatible; Nimbostratus-Bot/v1.3.2; http://cloudsystemnetworks.com)"
51.159.18.78 - - [30/May/2020:21:10:46 +0300] "GET /administrator/index.php HTTP/1.0" 200 3072 "-" "Mozilla/5.0 (Windows NT 6.3; WOW64; Trident/7.0; rv:11.0) like Gecko"
51.159.18.78 - - [30/May/2020:21:10:46 +0300] "GET /administrator/index.php HTTP/1.0" 200 3073 "-" "Mozilla/5.0 (Windows NT 6.3; WOW64; Trident/7.0; rv:11.0) like Gecko"
51.159.18.78 - - [30/May/2020:21:10:47 +0300] "POST /administrator/index.php HTTP/1.0" 200 3140 "-" "Mozilla/5.0 (Windows NT 6.3; WOW64; Trident/7.0; rv:11.0) like Gecko"
51.159.18.78 - - [30/May/2020:21:10:48 +0300] "POST /administrator/index.php HTTP/1.0" 200 3140 "-" "Mozilla/5.0 (Windows NT 6.3; WOW64; Trident/7.0; rv:11.0) like Gecko"
2.95.166.213 - - [30/May/2020:21:18:01 +0300] "GET / HTTP/1.0" 200 93600 "http://rafalex.ru/" "Mozilla/5.0 (Windows NT 6.1; WOW64) AppleWebKit/537.36 (KHTML, like Gecko) Chrome/66.0.3359.170 Safari/537.36 OPR/53.0.2907.99"
2.95.166.213 - - [30/May/2020:21:22:03 +0300] "POST / HTTP/1.0" 303 664 "http://rafalex.ru/" "Mozilla/5.0 (Windows NT 6.1; WOW64) AppleWebKit/537.36 (KHTML, like Gecko) Chrome/66.0.3359.170 Safari/537.36 OPR/53.0.2907.99"
2.95.166.213 - - [30/May/2020:21:22:03 +0300] "GET / HTTP/1.0" 200 93503 "http://rafalex.ru/" "Mozilla/5.0 (Windows NT 6.1; WOW64) AppleWebKit/537.36 (KHTML, like Gecko) Chrome/66.0.3359.170 Safari/537.36 OPR/53.0.2907.99"
66.249.64.11 - - [30/May/2020:21:29:55 +0300] "GET /robots.txt HTTP/1.0" 200 696 "-" "Mozilla/5.0 (compatible; Googlebot/2.1; +http://www.google.com/bot.html)"
66.249.64.14 - - [30/May/2020:21:29:56 +0300] "GET /nashi-uslugi/gruzoperevozki-po-rossii HTTP/1.0" 200 12309 "-" "Mozilla/5.0 (Linux; Android 6.0.1; Nexus 5X Build/MMB29P) AppleWebKit/537.36 (KHTML, like Gecko) Chrome/80.0.3987.92 Mobile Safari/537.36 (compatible; Googlebot/2.1; +http://www.google.com/bot.html)"
198.27.81.31 - - [30/May/2020:21:30:15 +0300] "GET /phpmyadmin/ HTTP/1.1" 200 3106 "-" "Mozilla/5.0 (X11; Ubuntu; Linux x86_64; rv:62.0) Gecko/20100101 Firefox/62.0"
198.27.81.31 - - [30/May/2020:21:30:31 +0300] "POST /phpmyadmin//index.php HTTP/1.1" 200 3161 "-" "Mozilla/5.0 (X11; Ubuntu; Linux x86_64; rv:62.0) Gecko/20100101 Firefox/62.0"
51.159.18.78 - - [30/May/2020:21:52:59 +0300] "GET /administrator/index.php HTTP/1.0" 200 3071 "-" "Mozilla/5.0 (Windows NT 6.3; WOW64; Trident/7.0; rv:11.0) like Gecko"
51.159.18.78 - - [30/May/2020:21:53:00 +0300] "GET /administrator/index.php HTTP/1.0" 200 3071 "-" "Mozilla/5.0 (Windows NT 6.3; WOW64; Trident/7.0; rv:11.0) like Gecko"
51.159.18.78 - - [30/May/2020:21:53:01 +0300] "POST /administrator/index.php HTTP/1.0" 200 3138 "-" "Mozilla/5.0 (Windows NT 6.3; WOW64; Trident/7.0; rv:11.0) like Gecko"
51.159.18.78 - - [30/May/2020:21:53:02 +0300] "POST /administrator/index.php HTTP/1.0" 200 3138 "-" "Mozilla/5.0 (Windows NT 6.3; WOW64; Trident/7.0; rv:11.0) like Gecko"
83.150.212.212 - - [30/May/2020:22:09:24 +0300] "GET /phpmyadmin/ HTTP/1.1" 200 3105 "-" "Mozilla/5.0 (X11; Ubuntu; Linux x86_64; rv:62.0) Gecko/20100101 Firefox/62.0"
83.150.212.212 - - [30/May/2020:22:09:26 +0300] "POST /phpmyadmin//index.php HTTP/1.1" 200 3162 "-" "Mozilla/5.0 (X11; Ubuntu; Linux x86_64; rv:62.0) Gecko/20100101 Firefox/62.0"
78.106.122.233 - - [30/May/2020:22:20:42 +0300] "GET / HTTP/1.0" 200 93614 "-" "Mozilla/5.0 (Windows NT 6.3; Win64; x64) AppleWebKit/537.36 (KHTML, like Gecko) Chrome/75.0.3770.100 Safari/537.36"
89.223.28.241 - - [30/May/2020:22:31:33 +0300] "GET / HTTP/1.0" 200 14127 "-" "Mozilla/4.0 (compatible; MSIE 6.0; Windows NT 5.1; SV1)"
89.223.28.241 - - [30/May/2020:22:31:35 +0300] "GET / HTTP/1.0" 200 14126 "-" "Mozilla/4.0 (compatible; MSIE 6.0; Windows NT 5.1; SV1)"
89.223.27.159 - - [30/May/2020:22:31:40 +0300] "GET /robots.txt HTTP/1.0" 200 1108 "-" "Mozilla/5.0 (Macintosh; Intel Mac OS X 10.11; rv:45.0) Gecko/20100101 Firefox/45.0"
89.223.27.159 - - [30/May/2020:22:31:41 +0300] "GET / HTTP/1.0" 200 93607 "-" "Mozilla/5.0 (Macintosh; Intel Mac OS X 10.11; rv:45.0) Gecko/20100101 Firefox/45.0"
89.223.27.159 - - [30/May/2020:22:31:42 +0300] "GET /personalnye-dannye HTTP/1.0" 200 70017 "-" "Mozilla/5.0 (Macintosh; Intel Mac OS X 10.11; rv:45.0) Gecko/20100101 Firefox/45.0"
89.223.27.159 - - [30/May/2020:22:31:43 +0300] "GET /nashi-uslugi/perevozka-negabaritnykh-gruzov HTTP/1.0" 200 75503 "-" "Mozilla/5.0 (Macintosh; Intel Mac OS X 10.11; rv:45.0) Gecko/20100101 Firefox/45.0"
89.223.27.159 - - [30/May/2020:22:31:43 +0300] "GET /nashi-uslugi/refrizheratornye-gruzoperevozki HTTP/1.0" 200 72944 "-" "Mozilla/5.0 (Macintosh; Intel Mac OS X 10.11; rv:45.0) Gecko/20100101 Firefox/45.0"
89.223.27.159 - - [30/May/2020:22:31:44 +0300] "GET /nashi-uslugi/perevozka-opasnykh-gruzov HTTP/1.0" 200 73203 "-" "Mozilla/5.0 (Macintosh; Intel Mac OS X 10.11; rv:45.0) Gecko/20100101 Firefox/45.0"
89.223.27.159 - - [30/May/2020:22:31:45 +0300] "GET /nashi-uslugi/zheleznodorozhnye-gruzoperevozki HTTP/1.0" 200 72875 "-" "Mozilla/5.0 (Macintosh; Intel Mac OS X 10.11; rv:45.0) Gecko/20100101 Firefox/45.0"
89.223.27.159 - - [30/May/2020:22:31:45 +0300] "GET /nashi-uslugi/morskie-gruzoperevozki HTTP/1.0" 200 70999 "-" "Mozilla/5.0 (Macintosh; Intel Mac OS X 10.11; rv:45.0) Gecko/20100101 Firefox/45.0"
89.223.27.159 - - [30/May/2020:22:31:46 +0300] "GET /nashi-uslugi/arenda-spetstekhniki HTTP/1.0" 200 72192 "-" "Mozilla/5.0 (Macintosh; Intel Mac OS X 10.11; rv:45.0) Gecko/20100101 Firefox/45.0"
89.223.27.159 - - [30/May/2020:22:31:47 +0300] "GET /nashi-uslugi/gruzoperevozki-po-blizhnemu-zarubezhyu-i-evrope HTTP/1.0" 200 73924 "-" "Mozilla/5.0 (Macintosh; Intel Mac OS X 10.11; rv:45.0) Gecko/20100101 Firefox/45.0"
89.223.27.159 - - [30/May/2020:22:31:47 +0300] "GET /nashi-uslugi/gruzoperevozki-po-rossii HTTP/1.0" 200 73054 "-" "Mozilla/5.0 (Macintosh; Intel Mac OS X 10.11; rv:45.0) Gecko/20100101 Firefox/45.0"
89.223.27.159 - - [30/May/2020:22:31:48 +0300] "GET /strakhovanie HTTP/1.0" 200 74068 "-" "Mozilla/5.0 (Macintosh; Intel Mac OS X 10.11; rv:45.0) Gecko/20100101 Firefox/45.0"
89.223.27.159 - - [30/May/2020:22:31:49 +0300] "GET /kontakty HTTP/1.0" 200 67364 "-" "Mozilla/5.0 (Macintosh; Intel Mac OS X 10.11; rv:45.0) Gecko/20100101 Firefox/45.0"
89.223.27.159 - - [30/May/2020:22:31:49 +0300] "GET /media/system/js/core.js?f4bbe972fee0799e654108a6602c942f HTTP/1.1" 200 7698 "-" "Mozilla/5.0 (Macintosh; Intel Mac OS X 10.11; rv:45.0) Gecko/20100101 Firefox/45.0"
89.223.27.159 - - [30/May/2020:22:31:49 +0300] "GET /media/jui/js/jquery.min.js?f4bbe972fee0799e654108a6602c942f HTTP/1.1" 200 97163 "-" "Mozilla/5.0 (Macintosh; Intel Mac OS X 10.11; rv:45.0) Gecko/20100101 Firefox/45.0"
89.223.27.159 - - [30/May/2020:22:31:49 +0300] "GET /media/jui/js/jquery-noconflict.js?f4bbe972fee0799e654108a6602c942f HTTP/1.1" 200 21 "-" "Mozilla/5.0 (Macintosh; Intel Mac OS X 10.11; rv:45.0) Gecko/20100101 Firefox/45.0"
89.223.27.159 - - [30/May/2020:22:31:49 +0300] "GET /media/jui/js/jquery-migrate.min.js?f4bbe972fee0799e654108a6602c942f HTTP/1.1" 200 10056 "-" "Mozilla/5.0 (Macintosh; Intel Mac OS X 10.11; rv:45.0) Gecko/20100101 Firefox/45.0"
89.223.27.159 - - [30/May/2020:22:31:49 +0300] "GET /components/com_sppagebuilder/assets/js/jquery.parallax-1.1.3.js HTTP/1.1" 200 892 "-" "Mozilla/5.0 (Macintosh; Intel Mac OS X 10.11; rv:45.0) Gecko/20100101 Firefox/45.0"
89.223.27.159 - - [30/May/2020:22:31:49 +0300] "GET /components/com_sppagebuilder/assets/js/sppagebuilder.js HTTP/1.1" 200 35661 "-" "Mozilla/5.0 (Macintosh; Intel Mac OS X 10.11; rv:45.0) Gecko/20100101 Firefox/45.0"
89.223.27.159 - - [30/May/2020:22:31:49 +0300] "GET /modules/mod_gruemenu/js/touchwipe.min.js HTTP/1.1" 200 2254 "-" "Mozilla/5.0 (Macintosh; Intel Mac OS X 10.11; rv:45.0) Gecko/20100101 Firefox/45.0"
89.223.27.159 - - [30/May/2020:22:31:49 +0300] "GET /modules/mod_gruemenu/js/sidr.js HTTP/1.1" 200 9880 "-" "Mozilla/5.0 (Macintosh; Intel Mac OS X 10.11; rv:45.0) Gecko/20100101 Firefox/45.0"
89.223.27.159 - - [30/May/2020:22:31:49 +0300] "GET /modules/mod_gruemenu/js/script.js HTTP/1.1" 200 752 "-" "Mozilla/5.0 (Macintosh; Intel Mac OS X 10.11; rv:45.0) Gecko/20100101 Firefox/45.0"
