103.119.139.14 - - [31/May/2020:09:31:19 +0300] "POST /phpmyadmin//index.php HTTP/1.1" 200 3161 "-" "Mozilla/5.0 (X11; Ubuntu; Linux x86_64; rv:62.0) Gecko/20100101 Firefox/62.0"
51.159.18.78 - - [31/May/2020:09:59:58 +0300] "GET /administrator/index.php HTTP/1.0" 200 3072 "-" "Mozilla/5.0 (Windows NT 6.3; WOW64; Trident/7.0; rv:11.0) like Gecko"
51.159.18.78 - - [31/May/2020:09:59:59 +0300] "GET /administrator/index.php HTTP/1.0" 200 3071 "-" "Mozilla/5.0 (Windows NT 6.3; WOW64; Trident/7.0; rv:11.0) like Gecko"
51.159.18.78 - - [31/May/2020:09:59:59 +0300] "POST /administrator/index.php HTTP/1.0" 200 3140 "-" "Mozilla/5.0 (Windows NT 6.3; WOW64; Trident/7.0; rv:11.0) like Gecko"
51.159.18.78 - - [31/May/2020:10:00:00 +0300] "POST /administrator/index.php HTTP/1.0" 200 3139 "-" "Mozilla/5.0 (Windows NT 6.3; WOW64; Trident/7.0; rv:11.0) like Gecko"
206.189.66.165 - - [31/May/2020:10:00:47 +0300] "GET /phpmyadmin/ HTTP/1.1" 200 3104 "-" "Mozilla/5.0 (X11; Ubuntu; Linux x86_64; rv:62.0) Gecko/20100101 Firefox/62.0"
206.189.66.165 - - [31/May/2020:10:00:47 +0300] "POST /phpmyadmin//index.php HTTP/1.1" 200 3181 "-" "Mozilla/5.0 (X11; Ubuntu; Linux x86_64; rv:62.0) Gecko/20100101 Firefox/62.0"
80.93.187.124 - - [31/May/2020:10:01:47 +0300] "GET /logs/ HTTP/1.0" 404 1920 "-" "Mozilla/5.0 (Windows NT 10.0; Win64; x64) AppleWebKit/537.36 (KHTML, like Gecko) Chrome/72.0.3626.109 Safari/537.36"
85.26.151.114 - - [31/May/2020:10:28:17 +0300] "GET /phpmyadmin/ HTTP/1.1" 200 3105 "-" "Mozilla/5.0 (X11; Ubuntu; Linux x86_64; rv:62.0) Gecko/20100101 Firefox/62.0"
85.26.151.114 - - [31/May/2020:10:28:17 +0300] "POST /phpmyadmin//index.php HTTP/1.1" 200 3161 "-" "Mozilla/5.0 (X11; Ubuntu; Linux x86_64; rv:62.0) Gecko/20100101 Firefox/62.0"
54.36.149.96 - - [31/May/2020:10:30:51 +0300] "GET /robots.txt HTTP/1.0" 200 696 "-" "Mozilla/5.0 (compatible; AhrefsBot/6.1; +http://ahrefs.com/robot/)"
54.36.148.189 - - [31/May/2020:10:30:52 +0300] "GET / HTTP/1.0" 200 14129 "-" "Mozilla/5.0 (compatible; AhrefsBot/6.1; +http://ahrefs.com/robot/)"
85.26.151.114 - - [31/May/2020:10:56:51 +0300] "GET /phpmyadmin/ HTTP/1.1" 200 3105 "-" "Mozilla/5.0 (X11; Ubuntu; Linux x86_64; rv:62.0) Gecko/20100101 Firefox/62.0"
85.26.151.114 - - [31/May/2020:10:56:51 +0300] "POST /phpmyadmin//index.php HTTP/1.1" 200 3161 "-" "Mozilla/5.0 (X11; Ubuntu; Linux x86_64; rv:62.0) Gecko/20100101 Firefox/62.0"
90.154.102.15 - - [31/May/2020:10:59:05 +0300] "GET / HTTP/1.0" 200 14125 "-" "Mozilla/5.0 (X11; Ubuntu; Linux i686; rv:47.0) Gecko/20100101 Firefox/47.0"
90.154.102.15 - - [31/May/2020:10:59:07 +0300] "GET /index.php/component/users HTTP/1.0" 200 4716 "http://rafalex.ru/" "Mozilla/5.0 (X11; Ubuntu; Linux i686; rv:47.0) Gecko/20100101 Firefox/47.0"
90.154.102.15 - - [31/May/2020:10:59:07 +0300] "POST /index.php/component/users HTTP/1.0" 303 407 "http://rafalex.ru/index.php/component/users" "Mozilla/5.0 (X11; Ubuntu; Linux i686; rv:47.0) Gecko/20100101 Firefox/47.0"
90.154.102.15 - - [31/May/2020:10:59:08 +0300] "GET /component/users/?view=login&Itemid=101 HTTP/1.0" 200 4927 "http://rafalex.ru/index.php/component/users" "Mozilla/5.0 (X11; Ubuntu; Linux i686; rv:47.0) Gecko/20100101 Firefox/47.0"
90.154.102.15 - - [31/May/2020:10:59:09 +0300] "GET /index.php/component/users/?view=login HTTP/1.0" 200 4769 "http://rafalex.ru/component/users/?view=login&Itemid=101" "Mozilla/5.0 (X11; Ubuntu; Linux i686; rv:47.0) Gecko/20100101 Firefox/47.0"
90.154.102.15 - - [31/May/2020:10:59:09 +0300] "POST /cache/accesson1.php HTTP/1.0" 404 1836 "http://rafalex.ru/index.php/component/users/?view=login" "Mozilla/5.0 (X11; Ubuntu; Linux i686; rv:47.0) Gecko/20100101 Firefox/47.0"
90.154.102.15 - - [31/May/2020:11:00:13 +0300] "GET /cache/accesson.php HTTP/1.0" 404 1835 "http://rafalex.ru/cache/accesson1.php" "Mozilla/5.0 (X11; Ubuntu; Linux i686; rv:47.0) Gecko/20100101 Firefox/47.0"
51.159.18.78 - - [31/May/2020:11:09:00 +0300] "GET /administrator/index.php HTTP/1.0" 200 3074 "-" "Mozilla/5.0 (Macintosh; Intel Mac OS X 10.12; rv:48.0) Gecko/20100101 Firefox/48.0"
51.159.18.78 - - [31/May/2020:11:09:00 +0300] "GET /administrator/index.php HTTP/1.0" 200 3074 "-" "Mozilla/5.0 (Macintosh; Intel Mac OS X 10.12; rv:48.0) Gecko/20100101 Firefox/48.0"
51.159.18.78 - - [31/May/2020:11:09:01 +0300] "POST /administrator/index.php HTTP/1.0" 200 3141 "-" "Mozilla/5.0 (Macintosh; Intel Mac OS X 10.12; rv:48.0) Gecko/20100101 Firefox/48.0"
51.159.18.78 - - [31/May/2020:11:09:02 +0300] "POST /administrator/index.php HTTP/1.0" 200 3141 "-" "Mozilla/5.0 (Macintosh; Intel Mac OS X 10.12; rv:48.0) Gecko/20100101 Firefox/48.0"
54.188.94.91 - - [31/May/2020:11:21:48 +0300] "GET / HTTP/1.0" 200 14129 "-" "Go-http-client/1.1"
84.42.222.170 - - [31/May/2020:11:24:21 +0300] "GET /phpmyadmin/ HTTP/1.1" 200 3104 "-" "Mozilla/5.0 (X11; Ubuntu; Linux x86_64; rv:62.0) Gecko/20100101 Firefox/62.0"
84.42.222.170 - - [31/May/2020:11:24:21 +0300] "POST /phpmyadmin//index.php HTTP/1.1" 200 3176 "-" "Mozilla/5.0 (X11; Ubuntu; Linux x86_64; rv:62.0) Gecko/20100101 Firefox/62.0"
212.47.243.28 - - [31/May/2020:11:52:05 +0300] "GET /phpmyadmin/ HTTP/1.1" 200 3105 "-" "Mozilla/5.0 (X11; Ubuntu; Linux x86_64; rv:62.0) Gecko/20100101 Firefox/62.0"
212.47.243.28 - - [31/May/2020:11:52:10 +0300] "POST /phpmyadmin//index.php HTTP/1.1" 200 3161 "-" "Mozilla/5.0 (X11; Ubuntu; Linux x86_64; rv:62.0) Gecko/20100101 Firefox/62.0"
34.219.95.19 - - [31/May/2020:12:03:06 +0300] "GET / HTTP/1.0" 200 14126 "-" "Mozilla/5.0 (Windows NT 10.0; Win64; x64)AppleWebKit/537.36 (KHTML, like Gecko) Chrome/66.0.3359.181 Safari/537.36"
51.159.18.78 - - [31/May/2020:12:03:29 +0300] "GET /administrator/index.php HTTP/1.0" 200 3072 "-" "Mozilla/5.0 (Macintosh; Intel Mac OS X 10.12; rv:48.0) Gecko/20100101 Firefox/48.0"
51.159.18.78 - - [31/May/2020:12:03:29 +0300] "GET /administrator/index.php HTTP/1.0" 200 3071 "-" "Mozilla/5.0 (Macintosh; Intel Mac OS X 10.12; rv:48.0) Gecko/20100101 Firefox/48.0"
51.159.18.78 - - [31/May/2020:12:03:30 +0300] "POST /administrator/index.php HTTP/1.0" 200 3139 "-" "Mozilla/5.0 (Macintosh; Intel Mac OS X 10.12; rv:48.0) Gecko/20100101 Firefox/48.0"
51.159.18.78 - - [31/May/2020:12:03:31 +0300] "POST /administrator/index.php HTTP/1.0" 200 3138 "-" "Mozilla/5.0 (Macintosh; Intel Mac OS X 10.12; rv:48.0) Gecko/20100101 Firefox/48.0"
42.114.162.111 - - [31/May/2020:12:05:20 +0300] "GET / HTTP/1.0" 200 93612 "http://rafalex.ru/" "Mozilla/5.0 (Windows NT 10.0; Win64; x64) AppleWebKit/537.36 (KHTML, like Gecko) Chrome/64.0.3282.140 Safari/537.36 Edge/17.17134"
42.114.162.111 - - [31/May/2020:12:05:26 +0300] "POST / HTTP/1.0" 303 664 "http://rafalex.ru/" "Mozilla/5.0 (Windows NT 10.0; Win64; x64) AppleWebKit/537.36 (KHTML, like Gecko) Chrome/64.0.3282.140 Safari/537.36 Edge/17.17134"
42.114.162.111 - - [31/May/2020:12:05:26 +0300] "GET / HTTP/1.0" 200 93517 "http://rafalex.ru/" "Mozilla/5.0 (Windows NT 10.0; Win64; x64) AppleWebKit/537.36 (KHTML, like Gecko) Chrome/64.0.3282.140 Safari/537.36 Edge/17.17134"
185.234.219.246 - - [31/May/2020:12:07:03 +0300] "GET / HTTP/1.0" 200 93619 "http://rafalex.ru/" "Mozilla/5.0 (Windows NT 6.1; rv:26.0) Gecko/20100101 Firefox/26.0"
185.234.219.246 - - [31/May/2020:12:07:04 +0300] "POST / HTTP/1.0" 303 664 "http://rafalex.ru/" "Mozilla/5.0 (Windows NT 6.1; rv:26.0) Gecko/20100101 Firefox/26.0"
185.234.219.246 - - [31/May/2020:12:07:04 +0300] "GET / HTTP/1.0" 200 93524 "http://rafalex.ru/" "Mozilla/5.0 (Windows NT 6.1; rv:26.0) Gecko/20100101 Firefox/26.0"
213.133.111.73 - - [31/May/2020:12:18:13 +0300] "GET /phpmyadmin/ HTTP/1.1" 200 3105 "-" "Mozilla/5.0 (X11; Ubuntu; Linux x86_64; rv:62.0) Gecko/20100101 Firefox/62.0"
213.133.111.73 - - [31/May/2020:12:18:13 +0300] "POST /phpmyadmin//index.php HTTP/1.1" 200 3160 "-" "Mozilla/5.0 (X11; Ubuntu; Linux x86_64; rv:62.0) Gecko/20100101 Firefox/62.0"
172.96.186.131 - - [31/May/2020:12:45:32 +0300] "GET /phpmyadmin/ HTTP/1.1" 200 3104 "-" "Mozilla/5.0 (X11; Ubuntu; Linux x86_64; rv:62.0) Gecko/20100101 Firefox/62.0"
172.96.186.131 - - [31/May/2020:12:45:32 +0300] "POST /phpmyadmin//index.php HTTP/1.1" 200 3162 "-" "Mozilla/5.0 (X11; Ubuntu; Linux x86_64; rv:62.0) Gecko/20100101 Firefox/62.0"
51.159.18.78 - - [31/May/2020:12:55:53 +0300] "GET /administrator/index.php HTTP/1.0" 200 3073 "-" "Mozilla/5.0 (Macintosh; Intel Mac OS X 10.12; rv:48.0) Gecko/20100101 Firefox/48.0"
51.159.18.78 - - [31/May/2020:12:55:53 +0300] "GET /administrator/index.php HTTP/1.0" 200 3073 "-" "Mozilla/5.0 (Macintosh; Intel Mac OS X 10.12; rv:48.0) Gecko/20100101 Firefox/48.0"
51.159.18.78 - - [31/May/2020:12:55:54 +0300] "POST /administrator/index.php HTTP/1.0" 200 3141 "-" "Mozilla/5.0 (Macintosh; Intel Mac OS X 10.12; rv:48.0) Gecko/20100101 Firefox/48.0"
51.159.18.78 - - [31/May/2020:12:55:54 +0300] "POST /administrator/index.php HTTP/1.0" 200 3140 "-" "Mozilla/5.0 (Macintosh; Intel Mac OS X 10.12; rv:48.0) Gecko/20100101 Firefox/48.0"
185.192.69.81 - - [31/May/2020:13:12:37 +0300] "GET / HTTP/1.0" 200 93605 "http://rafalex.ru/" "Mozilla/5.0 (Windows NT 6.3; Win64; x64) AppleWebKit/537.36 (KHTML, like Gecko) Chrome/68.0.3440.106 Safari/537.36"
185.192.69.81 - - [31/May/2020:13:12:39 +0300] "POST / HTTP/1.0" 303 664 "http://rafalex.ru/" "Mozilla/5.0 (Windows NT 6.3; Win64; x64) AppleWebKit/537.36 (KHTML, like Gecko) Chrome/68.0.3440.106 Safari/537.36"
185.192.69.81 - - [31/May/2020:13:12:39 +0300] "GET / HTTP/1.0" 200 93510 "http://rafalex.ru/" "Mozilla/5.0 (Windows NT 6.3; Win64; x64) AppleWebKit/537.36 (KHTML, like Gecko) Chrome/68.0.3440.106 Safari/537.36"
51.159.18.78 - - [31/May/2020:13:46:37 +0300] "GET /administrator/index.php HTTP/1.0" 200 3072 "-" "Mozilla/5.0 (Macintosh; Intel Mac OS X 10.12; rv:48.0) Gecko/20100101 Firefox/48.0"
51.159.18.78 - - [31/May/2020:13:46:37 +0300] "GET /administrator/index.php HTTP/1.0" 200 3074 "-" "Mozilla/5.0 (Macintosh; Intel Mac OS X 10.12; rv:48.0) Gecko/20100101 Firefox/48.0"
51.159.18.78 - - [31/May/2020:13:46:38 +0300] "POST /administrator/index.php HTTP/1.0" 200 3140 "-" "Mozilla/5.0 (Macintosh; Intel Mac OS X 10.12; rv:48.0) Gecko/20100101 Firefox/48.0"
51.159.18.78 - - [31/May/2020:13:46:39 +0300] "POST /administrator/index.php HTTP/1.0" 200 3142 "-" "Mozilla/5.0 (Macintosh; Intel Mac OS X 10.12; rv:48.0) Gecko/20100101 Firefox/48.0"
192.3.235.249 - - [31/May/2020:13:52:13 +0300] "GET / HTTP/1.0" 200 14126 "http://rafalex.ru" "Mozilla/5.0 (Windows NT 6.1; WOW64) AppleWebKit/537.36 (KHTML, like Gecko) Chrome/67.0.3396.79 Safari/537.36"
192.3.235.249 - - [31/May/2020:13:52:15 +0300] "GET /index.php?option=com_easyblog&view=dashboard&layout=write HTTP/1.0" 404 1826 "http://rafalex.ru" "Mozilla/5.0 (Windows NT 6.1; WOW64) AppleWebKit/537.36 (KHTML, like Gecko) Chrome/67.0.3396.79 Safari/537.36"
192.3.235.249 - - [31/May/2020:13:52:16 +0300] "GET / HTTP/1.0" 200 14030 "http://rafalex.ru" "Mozilla/5.0 (Windows NT 6.1; WOW64) AppleWebKit/537.36 (KHTML, like Gecko) Chrome/67.0.3396.79 Safari/537.36"
192.3.235.249 - - [31/May/2020:13:52:18 +0300] "GET /personalnye-dannye HTTP/1.0" 200 11337 "http://rafalex.ru/" "Mozilla/5.0 (Windows NT 6.1; WOW64) AppleWebKit/537.36 (KHTML, like Gecko) Chrome/67.0.3396.79 Safari/537.36"
66.249.64.14 - - [31/May/2020:14:05:55 +0300] "GET /nashi-uslugi/refrizheratornye-gruzoperevozki HTTP/1.0" 200 12100 "-" "Mozilla/5.0 (Linux; Android 6.0.1; Nexus 5X Build/MMB29P) AppleWebKit/537.36 (KHTML, like Gecko) Chrome/80.0.3987.92 Mobile Safari/537.36 (compatible; Googlebot/2.1; +http://www.google.com/bot.html)"
213.222.224.238 - - [31/May/2020:14:22:16 +0300] "GET / HTTP/1.0" 200 14126 "http://otzhimaniya.ru/upory_stojki_dlya_otzhimanij.php" "Mozilla/5.0 (Windows NT 10.0; Win64; x64) AppleWebKit/537.36 (KHTML, like Gecko) Chrome/74.0.3729.169 Safari/537.36\tChrome 74.0"
213.159.213.137 - - [31/May/2020:14:23:21 +0300] "GET / HTTP/1.0" 200 14128 "-" "Internet-structure-research-project-bot"
139.162.15.31 - - [31/May/2020:14:33:41 +0300] "GET /phpmyadmin/ HTTP/1.1" 200 3105 "-" "Mozilla/5.0 (X11; Ubuntu; Linux x86_64; rv:62.0) Gecko/20100101 Firefox/62.0"
139.162.15.31 - - [31/May/2020:14:33:41 +0300] "POST /phpmyadmin//index.php HTTP/1.1" 200 3159 "-" "Mozilla/5.0 (X11; Ubuntu; Linux x86_64; rv:62.0) Gecko/20100101 Firefox/62.0"
51.159.18.78 - - [31/May/2020:14:36:13 +0300] "GET /administrator/index.php HTTP/1.0" 200 3073 "-" "Mozilla/5.0 (Macintosh; Intel Mac OS X 10.12; rv:48.0) Gecko/20100101 Firefox/48.0"
51.159.18.78 - - [31/May/2020:14:36:13 +0300] "GET /administrator/index.php HTTP/1.0" 200 3075 "-" "Mozilla/5.0 (Macintosh; Intel Mac OS X 10.12; rv:48.0) Gecko/20100101 Firefox/48.0"
51.159.18.78 - - [31/May/2020:14:36:14 +0300] "POST /administrator/index.php HTTP/1.0" 200 3140 "-" "Mozilla/5.0 (Macintosh; Intel Mac OS X 10.12; rv:48.0) Gecko/20100101 Firefox/48.0"
51.159.18.78 - - [31/May/2020:14:36:14 +0300] "POST /administrator/index.php HTTP/1.0" 200 3141 "-" "Mozilla/5.0 (Macintosh; Intel Mac OS X 10.12; rv:48.0) Gecko/20100101 Firefox/48.0"
178.170.219.212 - - [31/May/2020:14:42:37 +0300] "GET /robots.txt HTTP/1.0" 200 696 "-" "Mozilla/5.0 (Windows NT 10.0; Win64; x64) AppleWebKit/537.36 (KHTML, like Gecko) Chrome/78.0.3904.108 Safari/537.36"
178.170.219.212 - - [31/May/2020:14:42:37 +0300] "GET / HTTP/1.0" 200 14130 "-" "Mozilla/5.0 (Windows NT 10.0; Win64; x64) AppleWebKit/537.36 (KHTML, like Gecko) Chrome/78.0.3904.108 Safari/537.36"
85.26.151.114 - - [31/May/2020:15:01:38 +0300] "GET /phpmyadmin/ HTTP/1.1" 200 3105 "-" "Mozilla/5.0 (X11; Ubuntu; Linux x86_64; rv:62.0) Gecko/20100101 Firefox/62.0"
85.26.151.114 - - [31/May/2020:15:01:39 +0300] "POST /phpmyadmin//index.php HTTP/1.1" 200 3162 "-" "Mozilla/5.0 (X11; Ubuntu; Linux x86_64; rv:62.0) Gecko/20100101 Firefox/62.0"
37.192.120.228 - - [31/May/2020:15:05:01 +0300] "GET / HTTP/1.0" 200 14126 "-" "Mozilla/5.0 (X11; Ubuntu; Linux i686 on x86_64) AppleWebKit/537.36 (KHTML, like Gecko) Chrome/51.0.2742.80 Safari/537.36"
37.192.120.228 - - [31/May/2020:15:05:10 +0300] "GET /index.php/component/users/ HTTP/1.0" 200 4720 "http://rafalex.ru/" "Mozilla/5.0 (X11; Ubuntu; Linux i686 on x86_64) AppleWebKit/537.36 (KHTML, like Gecko) Chrome/51.0.2742.80 Safari/537.36"
37.192.120.228 - - [31/May/2020:15:05:11 +0300] "POST / HTTP/1.0" 303 407 "http://rafalex.ru/index.php/component/users/" "Mozilla/5.0 (X11; Ubuntu; Linux i686 on x86_64) AppleWebKit/537.36 (KHTML, like Gecko) Chrome/51.0.2742.80 Safari/537.36"
37.192.120.228 - - [31/May/2020:15:05:12 +0300] "GET /component/users/?view=login&Itemid=101 HTTP/1.0" 200 4932 "http://rafalex.ru/index.php/component/users/" "Mozilla/5.0 (X11; Ubuntu; Linux i686 on x86_64) AppleWebKit/537.36 (KHTML, like Gecko) Chrome/51.0.2742.80 Safari/537.36"
51.159.18.78 - - [31/May/2020:15:25:06 +0300] "GET /administrator/index.php HTTP/1.0" 200 3072 "-" "Mozilla/5.0 (Macintosh; Intel Mac OS X 10.12; rv:48.0) Gecko/20100101 Firefox/48.0"
51.159.18.78 - - [31/May/2020:15:25:06 +0300] "GET /administrator/index.php HTTP/1.0" 200 3072 "-" "Mozilla/5.0 (Macintosh; Intel Mac OS X 10.12; rv:48.0) Gecko/20100101 Firefox/48.0"
51.159.18.78 - - [31/May/2020:15:25:08 +0300] "POST /administrator/index.php HTTP/1.0" 200 3139 "-" "Mozilla/5.0 (Macintosh; Intel Mac OS X 10.12; rv:48.0) Gecko/20100101 Firefox/48.0"
51.159.18.78 - - [31/May/2020:15:25:08 +0300] "POST /administrator/index.php HTTP/1.0" 200 3138 "-" "Mozilla/5.0 (Macintosh; Intel Mac OS X 10.12; rv:48.0) Gecko/20100101 Firefox/48.0"
85.26.151.114 - - [31/May/2020:15:29:24 +0300] "GET /phpmyadmin/ HTTP/1.1" 200 3103 "-" "Mozilla/5.0 (X11; Ubuntu; Linux x86_64; rv:62.0) Gecko/20100101 Firefox/62.0"
85.26.151.114 - - [31/May/2020:15:29:24 +0300] "POST /phpmyadmin//index.php HTTP/1.1" 200 3160 "-" "Mozilla/5.0 (X11; Ubuntu; Linux x86_64; rv:62.0) Gecko/20100101 Firefox/62.0"
91.239.233.48 - - [31/May/2020:15:56:18 +0300] "GET /phpmyadmin/ HTTP/1.1" 200 3104 "-" "Mozilla/5.0 (X11; Ubuntu; Linux x86_64; rv:62.0) Gecko/20100101 Firefox/62.0"
91.239.233.48 - - [31/May/2020:15:56:19 +0300] "POST /phpmyadmin//index.php HTTP/1.1" 200 3162 "-" "Mozilla/5.0 (X11; Ubuntu; Linux x86_64; rv:62.0) Gecko/20100101 Firefox/62.0"
51.159.18.78 - - [31/May/2020:16:12:36 +0300] "GET /administrator/index.php HTTP/1.0" 200 3072 "-" "Mozilla/5.0 (Macintosh; Intel Mac OS X 10.12; rv:48.0) Gecko/20100101 Firefox/48.0"
51.159.18.78 - - [31/May/2020:16:12:36 +0300] "GET /administrator/index.php HTTP/1.0" 200 3072 "-" "Mozilla/5.0 (Macintosh; Intel Mac OS X 10.12; rv:48.0) Gecko/20100101 Firefox/48.0"
51.159.18.78 - - [31/May/2020:16:12:38 +0300] "POST /administrator/index.php HTTP/1.0" 200 3139 "-" "Mozilla/5.0 (Macintosh; Intel Mac OS X 10.12; rv:48.0) Gecko/20100101 Firefox/48.0"
51.159.18.78 - - [31/May/2020:16:12:38 +0300] "POST /administrator/index.php HTTP/1.0" 200 3139 "-" "Mozilla/5.0 (Macintosh; Intel Mac OS X 10.12; rv:48.0) Gecko/20100101 Firefox/48.0"
42.114.162.111 - - [31/May/2020:16:20:09 +0300] "GET / HTTP/1.0" 200 93614 "http://rafalex.ru/" "Mozilla/5.0 (Windows NT 6.1; Win64; x64) AppleWebKit/537.36 (KHTML, like Gecko) Chrome/68.0.3440.106 Safari/537.36 OPR/55.0.2994.44"
42.114.162.111 - - [31/May/2020:16:20:41 +0300] "POST / HTTP/1.0" 303 664 "http://rafalex.ru/" "Mozilla/5.0 (Windows NT 6.1; Win64; x64) AppleWebKit/537.36 (KHTML, like Gecko) Chrome/68.0.3440.106 Safari/537.36 OPR/55.0.2994.44"
42.114.162.111 - - [31/May/2020:16:20:41 +0300] "GET / HTTP/1.0" 200 93517 "http://rafalex.ru/" "Mozilla/5.0 (Windows NT 6.1; Win64; x64) AppleWebKit/537.36 (KHTML, like Gecko) Chrome/68.0.3440.106 Safari/537.36 OPR/55.0.2994.44"
83.150.212.212 - - [31/May/2020:16:24:26 +0300] "GET /phpmyadmin/ HTTP/1.1" 200 3105 "-" "Mozilla/5.0 (X11; Ubuntu; Linux x86_64; rv:62.0) Gecko/20100101 Firefox/62.0"
83.150.212.212 - - [31/May/2020:16:24:27 +0300] "POST /phpmyadmin//index.php HTTP/1.1" 200 3180 "-" "Mozilla/5.0 (X11; Ubuntu; Linux x86_64; rv:62.0) Gecko/20100101 Firefox/62.0"
23.91.71.220 - - [31/May/2020:16:52:13 +0300] "GET /phpmyadmin/ HTTP/1.1" 200 3104 "-" "Mozilla/5.0 (X11; Ubuntu; Linux x86_64; rv:62.0) Gecko/20100101 Firefox/62.0"
23.91.71.220 - - [31/May/2020:16:52:13 +0300] "POST /phpmyadmin//index.php HTTP/1.1" 200 3180 "-" "Mozilla/5.0 (X11; Ubuntu; Linux x86_64; rv:62.0) Gecko/20100101 Firefox/62.0"
216.244.66.200 - - [31/May/2020:16:58:20 +0300] "GET /robots.txt HTTP/1.0" 200 1108 "-" "Mozilla/5.0 (compatible; DotBot/1.1; http://www.opensiteexplorer.org/dotbot, help@moz.com)"
51.159.18.78 - - [31/May/2020:17:00:16 +0300] "GET /administrator/index.php HTTP/1.0" 200 3071 "-" "Mozilla/5.0 (Macintosh; Intel Mac OS X 10.12; rv:48.0) Gecko/20100101 Firefox/48.0"
51.159.18.78 - - [31/May/2020:17:00:16 +0300] "GET /administrator/index.php HTTP/1.0" 200 3072 "-" "Mozilla/5.0 (Macintosh; Intel Mac OS X 10.12; rv:48.0) Gecko/20100101 Firefox/48.0"
51.159.18.78 - - [31/May/2020:17:00:17 +0300] "POST /administrator/index.php HTTP/1.0" 200 3139 "-" "Mozilla/5.0 (Macintosh; Intel Mac OS X 10.12; rv:48.0) Gecko/20100101 Firefox/48.0"
51.159.18.78 - - [31/May/2020:17:00:17 +0300] "POST /administrator/index.php HTTP/1.0" 200 3138 "-" "Mozilla/5.0 (Macintosh; Intel Mac OS X 10.12; rv:48.0) Gecko/20100101 Firefox/48.0"
216.244.66.200 - - [31/May/2020:17:02:35 +0300] "GET /nashi-uslugi/zheleznodorozhnye-gruzoperevozki HTTP/1.0" 200 72979 "-" "Mozilla/5.0 (compatible; DotBot/1.1; http://www.opensiteexplorer.org/dotbot, help@moz.com)"
178.159.37.88 - - [31/May/2020:17:03:13 +0300] "GET / HTTP/1.0" 200 93607 "http://rafalex.ru/" "Mozilla/5.0 (Windows NT 6.1; WOW64) AppleWebKit/537.36 (KHTML, like Gecko) Chrome/66.0.3359.170 Safari/537.36 OPR/53.0.2907.99"
178.159.37.88 - - [31/May/2020:17:03:14 +0300] "POST / HTTP/1.0" 303 664 "http://rafalex.ru/" "Mozilla/5.0 (Windows NT 6.1; WOW64) AppleWebKit/537.36 (KHTML, like Gecko) Chrome/66.0.3359.170 Safari/537.36 OPR/53.0.2907.99"
178.159.37.88 - - [31/May/2020:17:03:14 +0300] "GET / HTTP/1.0" 200 93510 "http://rafalex.ru/" "Mozilla/5.0 (Windows NT 6.1; WOW64) AppleWebKit/537.36 (KHTML, like Gecko) Chrome/66.0.3359.170 Safari/537.36 OPR/53.0.2907.99"
185.12.124.78 - - [31/May/2020:17:08:05 +0300] "GET / HTTP/1.0" 200 14125 "-" "Mozilla/5.0 (compatible; BackupLand/1.0; https://go.backupland.com/; Domain check for viruses;)"
173.249.10.49 - - [31/May/2020:17:15:04 +0300] "HEAD /license.txt HTTP/1.0" 404 294 "-" "-"
213.163.39.242 - - [31/May/2020:17:19:55 +0300] "GET /phpmyadmin/ HTTP/1.1" 200 3106 "-" "Mozilla/5.0 (X11; Ubuntu; Linux x86_64; rv:62.0) Gecko/20100101 Firefox/62.0"
213.163.39.242 - - [31/May/2020:17:19:56 +0300] "POST /phpmyadmin//index.php HTTP/1.1" 200 3162 "-" "Mozilla/5.0 (X11; Ubuntu; Linux x86_64; rv:62.0) Gecko/20100101 Firefox/62.0"
83.150.212.212 - - [31/May/2020:17:48:17 +0300] "GET /phpmyadmin/ HTTP/1.1" 200 3104 "-" "Mozilla/5.0 (X11; Ubuntu; Linux x86_64; rv:62.0) Gecko/20100101 Firefox/62.0"
83.150.212.212 - - [31/May/2020:17:48:17 +0300] "POST /phpmyadmin//index.php HTTP/1.1" 200 3159 "-" "Mozilla/5.0 (X11; Ubuntu; Linux x86_64; rv:62.0) Gecko/20100101 Firefox/62.0"
51.159.18.78 - - [31/May/2020:17:49:11 +0300] "GET /administrator/index.php HTTP/1.0" 200 3075 "-" "Mozilla/5.0 (Macintosh; Intel Mac OS X 10.12; rv:48.0) Gecko/20100101 Firefox/48.0"
51.159.18.78 - - [31/May/2020:17:49:11 +0300] "GET /administrator/index.php HTTP/1.0" 200 3071 "-" "Mozilla/5.0 (Macintosh; Intel Mac OS X 10.12; rv:48.0) Gecko/20100101 Firefox/48.0"
51.159.18.78 - - [31/May/2020:17:49:12 +0300] "POST /administrator/index.php HTTP/1.0" 200 3142 "-" "Mozilla/5.0 (Macintosh; Intel Mac OS X 10.12; rv:48.0) Gecko/20100101 Firefox/48.0"
51.159.18.78 - - [31/May/2020:17:49:12 +0300] "POST /administrator/index.php HTTP/1.0" 200 3140 "-" "Mozilla/5.0 (Macintosh; Intel Mac OS X 10.12; rv:48.0) Gecko/20100101 Firefox/48.0"
18.223.33.67 - - [31/May/2020:18:12:35 +0300] "GET / HTTP/1.0" 200 14125 "-" "Mozilla/5.0 (Macintosh; Intel Mac OS X 10_15_0) AppleWebKit/537.36 (KHTML, like Gecko) Chrome/78.0.3904.87 Safari/537.36"
88.84.193.158 - - [31/May/2020:18:15:45 +0300] "GET /phpmyadmin/ HTTP/1.1" 200 3106 "-" "Mozilla/5.0 (X11; Ubuntu; Linux x86_64; rv:62.0) Gecko/20100101 Firefox/62.0"
88.84.193.158 - - [31/May/2020:18:15:45 +0300] "POST /phpmyadmin//index.php HTTP/1.1" 200 3162 "-" "Mozilla/5.0 (X11; Ubuntu; Linux x86_64; rv:62.0) Gecko/20100101 Firefox/62.0"
5.164.223.148 - - [31/May/2020:18:19:50 +0300] "GET / HTTP/1.0" 200 93605 "http://rafalex.ru/" "Mozilla/5.0 (Windows NT 6.1; Win64; x64) AppleWebKit/537.36 (KHTML, like Gecko) Chrome/66.0.3359.170 Safari/537.36 OPR/53.0.2907.68"
5.164.223.148 - - [31/May/2020:18:21:26 +0300] "POST / HTTP/1.0" 303 664 "http://rafalex.ru/" "Mozilla/5.0 (Windows NT 6.1; Win64; x64) AppleWebKit/537.36 (KHTML, like Gecko) Chrome/66.0.3359.170 Safari/537.36 OPR/53.0.2907.68"
5.164.223.148 - - [31/May/2020:18:21:26 +0300] "GET / HTTP/1.0" 200 93510 "http://rafalex.ru/" "Mozilla/5.0 (Windows NT 6.1; Win64; x64) AppleWebKit/537.36 (KHTML, like Gecko) Chrome/66.0.3359.170 Safari/537.36 OPR/53.0.2907.68"
5.164.223.148 - - [31/May/2020:18:21:27 +0300] "GET / HTTP/1.0" 200 93508 "http://rafalex.ru/" "Mozilla/5.0 (Windows NT 6.1; Win64; x64) AppleWebKit/537.36 (KHTML, like Gecko) Chrome/66.0.3359.170 Safari/537.36 OPR/53.0.2907.68"
54.36.148.129 - - [31/May/2020:18:24:12 +0300] "GET / HTTP/1.0" 200 14131 "-" "Mozilla/5.0 (compatible; AhrefsBot/6.1; +http://ahrefs.com/robot/)"
51.159.18.78 - - [31/May/2020:18:37:23 +0300] "GET /administrator/index.php HTTP/1.0" 200 3073 "-" "Mozilla/5.0 (Macintosh; Intel Mac OS X 10.12; rv:48.0) Gecko/20100101 Firefox/48.0"
51.159.18.78 - - [31/May/2020:18:37:24 +0300] "GET /administrator/index.php HTTP/1.0" 200 3073 "-" "Mozilla/5.0 (Macintosh; Intel Mac OS X 10.12; rv:48.0) Gecko/20100101 Firefox/48.0"
51.159.18.78 - - [31/May/2020:18:37:25 +0300] "POST /administrator/index.php HTTP/1.0" 200 3140 "-" "Mozilla/5.0 (Macintosh; Intel Mac OS X 10.12; rv:48.0) Gecko/20100101 Firefox/48.0"
51.159.18.78 - - [31/May/2020:18:37:25 +0300] "POST /administrator/index.php HTTP/1.0" 200 3140 "-" "Mozilla/5.0 (Macintosh; Intel Mac OS X 10.12; rv:48.0) Gecko/20100101 Firefox/48.0"
88.84.193.158 - - [31/May/2020:18:43:04 +0300] "GET /phpmyadmin/ HTTP/1.1" 200 3105 "-" "Mozilla/5.0 (X11; Ubuntu; Linux x86_64; rv:62.0) Gecko/20100101 Firefox/62.0"
88.84.193.158 - - [31/May/2020:18:43:04 +0300] "POST /phpmyadmin//index.php HTTP/1.1" 200 3160 "-" "Mozilla/5.0 (X11; Ubuntu; Linux x86_64; rv:62.0) Gecko/20100101 Firefox/62.0"
212.46.18.203 - - [31/May/2020:18:45:50 +0300] "GET / HTTP/1.0" 200 93605 "-" "Mozilla/5.0 (Windows NT 6.3; Win64; x64) AppleWebKit/537.36 (KHTML, like Gecko) Chrome/75.0.3770.100 Safari/537.36"
158.69.55.25 - - [31/May/2020:19:10:32 +0300] "GET /phpmyadmin/ HTTP/1.1" 200 3105 "-" "Mozilla/5.0 (X11; Ubuntu; Linux x86_64; rv:62.0) Gecko/20100101 Firefox/62.0"
158.69.55.25 - - [31/May/2020:19:10:32 +0300] "POST /phpmyadmin//index.php HTTP/1.1" 200 3160 "-" "Mozilla/5.0 (X11; Ubuntu; Linux x86_64; rv:62.0) Gecko/20100101 Firefox/62.0"
51.159.18.78 - - [31/May/2020:19:24:15 +0300] "GET /administrator/index.php HTTP/1.0" 200 3073 "-" "Mozilla/5.0 (Macintosh; Intel Mac OS X 10.12; rv:48.0) Gecko/20100101 Firefox/48.0"
51.159.18.78 - - [31/May/2020:19:24:16 +0300] "POST /administrator/index.php HTTP/1.0" 200 3141 "-" "Mozilla/5.0 (Macintosh; Intel Mac OS X 10.12; rv:48.0) Gecko/20100101 Firefox/48.0"
51.159.18.78 - - [31/May/2020:19:24:16 +0300] "GET /administrator/index.php HTTP/1.0" 200 3073 "-" "Mozilla/5.0 (Macintosh; Intel Mac OS X 10.12; rv:48.0) Gecko/20100101 Firefox/48.0"
51.159.18.78 - - [31/May/2020:19:24:17 +0300] "POST /administrator/index.php HTTP/1.0" 200 3140 "-" "Mozilla/5.0 (Macintosh; Intel Mac OS X 10.12; rv:48.0) Gecko/20100101 Firefox/48.0"
68.183.84.166 - - [31/May/2020:19:39:31 +0300] "GET /phpmyadmin/ HTTP/1.1" 200 3104 "-" "Mozilla/5.0 (X11; Ubuntu; Linux x86_64; rv:62.0) Gecko/20100101 Firefox/62.0"
68.183.84.166 - - [31/May/2020:19:39:37 +0300] "POST /phpmyadmin//index.php HTTP/1.1" 200 3161 "-" "Mozilla/5.0 (X11; Ubuntu; Linux x86_64; rv:62.0) Gecko/20100101 Firefox/62.0"
77.247.181.163 - - [31/May/2020:20:05:22 +0300] "GET / HTTP/1.0" 200 14126 "-" "Mozilla/5.0 (Windows NT 6.1; rv:60.0) Gecko/20100101 Firefox/60.0"
51.159.18.78 - - [31/May/2020:20:11:28 +0300] "GET /administrator/index.php HTTP/1.0" 200 3071 "-" "Mozilla/5.0 (Macintosh; Intel Mac OS X 10.12; rv:48.0) Gecko/20100101 Firefox/48.0"
51.159.18.78 - - [31/May/2020:20:11:29 +0300] "GET /administrator/index.php HTTP/1.0" 200 3072 "-" "Mozilla/5.0 (Macintosh; Intel Mac OS X 10.12; rv:48.0) Gecko/20100101 Firefox/48.0"
51.159.18.78 - - [31/May/2020:20:11:30 +0300] "POST /administrator/index.php HTTP/1.0" 200 3139 "-" "Mozilla/5.0 (Macintosh; Intel Mac OS X 10.12; rv:48.0) Gecko/20100101 Firefox/48.0"
51.159.18.78 - - [31/May/2020:20:11:30 +0300] "POST /administrator/index.php HTTP/1.0" 200 3139 "-" "Mozilla/5.0 (Macintosh; Intel Mac OS X 10.12; rv:48.0) Gecko/20100101 Firefox/48.0"
83.150.212.212 - - [31/May/2020:20:45:07 +0300] "GET /phpmyadmin/ HTTP/1.1" 200 3105 "-" "Mozilla/5.0 (X11; Ubuntu; Linux x86_64; rv:62.0) Gecko/20100101 Firefox/62.0"
83.150.212.212 - - [31/May/2020:20:45:08 +0300] "POST /phpmyadmin//index.php HTTP/1.1" 200 3162 "-" "Mozilla/5.0 (X11; Ubuntu; Linux x86_64; rv:62.0) Gecko/20100101 Firefox/62.0"
51.159.18.78 - - [31/May/2020:20:58:53 +0300] "GET /administrator/index.php HTTP/1.0" 200 3071 "-" "Mozilla/5.0 (Macintosh; Intel Mac OS X 10.12; rv:48.0) Gecko/20100101 Firefox/48.0"
51.159.18.78 - - [31/May/2020:20:58:53 +0300] "GET /administrator/index.php HTTP/1.0" 200 3074 "-" "Mozilla/5.0 (Macintosh; Intel Mac OS X 10.12; rv:48.0) Gecko/20100101 Firefox/48.0"
51.159.18.78 - - [31/May/2020:20:58:55 +0300] "POST /administrator/index.php HTTP/1.0" 200 3138 "-" "Mozilla/5.0 (Macintosh; Intel Mac OS X 10.12; rv:48.0) Gecko/20100101 Firefox/48.0"
51.159.18.78 - - [31/May/2020:20:58:55 +0300] "POST /administrator/index.php HTTP/1.0" 200 3141 "-" "Mozilla/5.0 (Macintosh; Intel Mac OS X 10.12; rv:48.0) Gecko/20100101 Firefox/48.0"
42.114.162.111 - - [31/May/2020:21:13:27 +0300] "GET / HTTP/1.0" 200 93614 "http://rafalex.ru/" "Mozilla/5.0 (Windows NT 6.1; Win64; x64) AppleWebKit/537.36 (KHTML, like Gecko) Chrome/67.0.3396.79 Safari/537.36"
42.114.162.111 - - [31/May/2020:21:13:32 +0300] "POST / HTTP/1.0" 303 664 "http://rafalex.ru/" "Mozilla/5.0 (Windows NT 6.1; Win64; x64) AppleWebKit/537.36 (KHTML, like Gecko) Chrome/67.0.3396.79 Safari/537.36"
42.114.162.111 - - [31/May/2020:21:13:33 +0300] "GET / HTTP/1.0" 200 93517 "http://rafalex.ru/" "Mozilla/5.0 (Windows NT 6.1; Win64; x64) AppleWebKit/537.36 (KHTML, like Gecko) Chrome/67.0.3396.79 Safari/537.36"
51.159.18.78 - - [31/May/2020:21:45:25 +0300] "GET /administrator/index.php HTTP/1.0" 200 3072 "-" "Mozilla/5.0 (Macintosh; Intel Mac OS X 10.12; rv:48.0) Gecko/20100101 Firefox/48.0"
51.159.18.78 - - [31/May/2020:21:45:25 +0300] "GET /administrator/index.php HTTP/1.0" 200 3073 "-" "Mozilla/5.0 (Macintosh; Intel Mac OS X 10.12; rv:48.0) Gecko/20100101 Firefox/48.0"
51.159.18.78 - - [31/May/2020:21:45:25 +0300] "POST /administrator/index.php HTTP/1.0" 200 3138 "-" "Mozilla/5.0 (Macintosh; Intel Mac OS X 10.12; rv:48.0) Gecko/20100101 Firefox/48.0"
51.159.18.78 - - [31/May/2020:21:45:26 +0300] "POST /administrator/index.php HTTP/1.0" 200 3140 "-" "Mozilla/5.0 (Macintosh; Intel Mac OS X 10.12; rv:48.0) Gecko/20100101 Firefox/48.0"
51.159.18.78 - - [31/May/2020:22:31:18 +0300] "GET /administrator/index.php HTTP/1.0" 200 3073 "-" "Mozilla/5.0 (Macintosh; Intel Mac OS X 10.12; rv:48.0) Gecko/20100101 Firefox/48.0"
51.159.18.78 - - [31/May/2020:22:31:18 +0300] "GET /administrator/index.php HTTP/1.0" 200 3073 "-" "Mozilla/5.0 (Macintosh; Intel Mac OS X 10.12; rv:48.0) Gecko/20100101 Firefox/48.0"
51.159.18.78 - - [31/May/2020:22:31:20 +0300] "POST /administrator/index.php HTTP/1.0" 200 3140 "-" "Mozilla/5.0 (Macintosh; Intel Mac OS X 10.12; rv:48.0) Gecko/20100101 Firefox/48.0"
51.159.18.78 - - [31/May/2020:22:31:20 +0300] "POST /administrator/index.php HTTP/1.0" 200 3140 "-" "Mozilla/5.0 (Macintosh; Intel Mac OS X 10.12; rv:48.0) Gecko/20100101 Firefox/48.0"
42.114.162.111 - - [31/May/2020:22:31:31 +0300] "GET / HTTP/1.0" 200 93614 "http://rafalex.ru/" "Mozilla/5.0 (Windows NT 6.3; Win64; x64) AppleWebKit/537.36 (KHTML, like Gecko) Chrome/68.0.3440.84 Safari/537.36"
42.114.162.111 - - [31/May/2020:22:31:34 +0300] "POST / HTTP/1.0" 303 664 "http://rafalex.ru/" "Mozilla/5.0 (Windows NT 6.3; Win64; x64) AppleWebKit/537.36 (KHTML, like Gecko) Chrome/68.0.3440.84 Safari/537.36"
42.114.162.111 - - [31/May/2020:22:31:34 +0300] "GET / HTTP/1.0" 200 93517 "http://rafalex.ru/" "Mozilla/5.0 (Windows NT 6.3; Win64; x64) AppleWebKit/537.36 (KHTML, like Gecko) Chrome/68.0.3440.84 Safari/537.36"
178.154.200.243 - - [31/May/2020:22:56:36 +0300] "GET /robots.txt HTTP/1.0" 200 1108 "-" "Mozilla/5.0 (compatible; YandexBot/3.0; +http://yandex.com/bots)"
178.154.200.107 - - [31/May/2020:22:56:40 +0300] "GET / HTTP/1.0" 200 14124 "-" "Mozilla/5.0 (compatible; YandexBot/3.0; +http://yandex.com/bots) AppleWebKit/537.36 (KHTML, like Gecko) Chrome/51.0.2704.106"
178.154.200.243 - - [31/May/2020:22:59:12 +0300] "GET /templates/shaper_helix3/css/font-awesome.min.css HTTP/1.1" 200 31000 "http://rafalex.ru/" "Mozilla/5.0 (compatible; YandexBot/3.0; +http://yandex.com/bots) AppleWebKit/537.36 (KHTML, like Gecko) Chrome/51.0.2704.106"
213.180.203.62 - - [31/May/2020:22:59:13 +0300] "GET /templates/shaper_helix3/js/bootstrap.min.js HTTP/1.1" 200 37045 "http://rafalex.ru/" "Mozilla/5.0 (compatible; YandexBot/3.0; +http://yandex.com/bots) AppleWebKit/537.36 (KHTML, like Gecko) Chrome/51.0.2704.106"
178.154.200.243 - - [31/May/2020:22:59:14 +0300] "GET /media/jui/js/jquery.min.js?f4bbe972fee0799e654108a6602c942f HTTP/1.1" 200 97163 "http://rafalex.ru/" "Mozilla/5.0 (compatible; YandexBot/3.0; +http://yandex.com/bots) AppleWebKit/537.36 (KHTML, like Gecko) Chrome/51.0.2704.106"
213.180.203.62 - - [31/May/2020:22:59:15 +0300] "GET /templates/shaper_helix3/css/presets/preset1.css HTTP/1.1" 200 2159 "http://rafalex.ru/" "Mozilla/5.0 (compatible; YandexBot/3.0; +http://yandex.com/bots) AppleWebKit/537.36 (KHTML, like Gecko) Chrome/51.0.2704.106"
178.154.200.243 - - [31/May/2020:22:59:16 +0300] "GET /templates/shaper_helix3/css/frontend-edit.css HTTP/1.1" 200 3030 "http://rafalex.ru/" "Mozilla/5.0 (compatible; YandexBot/3.0; +http://yandex.com/bots) AppleWebKit/537.36 (KHTML, like Gecko) Chrome/51.0.2704.106"
213.180.203.62 - - [31/May/2020:22:59:17 +0300] "GET /templates/shaper_helix3/css/template.css HTTP/1.1" 200 75440 "http://rafalex.ru/" "Mozilla/5.0 (compatible; YandexBot/3.0; +http://yandex.com/bots) AppleWebKit/537.36 (KHTML, like Gecko) Chrome/51.0.2704.106"
178.154.200.243 - - [31/May/2020:22:59:18 +0300] "GET /templates/shaper_helix3/js/frontend-edit.js HTTP/1.1" 200 1948 "http://rafalex.ru/" "Mozilla/5.0 (compatible; YandexBot/3.0; +http://yandex.com/bots) AppleWebKit/537.36 (KHTML, like Gecko) Chrome/51.0.2704.106"
213.180.203.62 - - [31/May/2020:22:59:18 +0300] "GET /media/system/js/core.js?f4bbe972fee0799e654108a6602c942f HTTP/1.1" 200 7698 "http://rafalex.ru/" "Mozilla/5.0 (compatible; YandexBot/3.0; +http://yandex.com/bots) AppleWebKit/537.36 (KHTML, like Gecko) Chrome/51.0.2704.106"
178.154.200.243 - - [31/May/2020:22:59:19 +0300] "GET /templates/shaper_helix3/js/main.js HTTP/1.1" 200 8773 "http://rafalex.ru/" "Mozilla/5.0 (compatible; YandexBot/3.0; +http://yandex.com/bots) AppleWebKit/537.36 (KHTML, like Gecko) Chrome/51.0.2704.106"
213.180.203.62 - - [31/May/2020:22:59:20 +0300] "GET /templates/shaper_helix3/css/legacy.css HTTP/1.1" 200 27359 "http://rafalex.ru/" "Mozilla/5.0 (compatible; YandexBot/3.0; +http://yandex.com/bots) AppleWebKit/537.36 (KHTML, like Gecko) Chrome/51.0.2704.106"
178.154.200.243 - - [31/May/2020:22:59:21 +0300] "GET /media/jui/js/jquery-noconflict.js?f4bbe972fee0799e654108a6602c942f HTTP/1.1" 200 21 "http://rafalex.ru/" "Mozilla/5.0 (compatible; YandexBot/3.0; +http://yandex.com/bots) AppleWebKit/537.36 (KHTML, like Gecko) Chrome/51.0.2704.106"
213.180.203.62 - - [31/May/2020:22:59:22 +0300] "GET /media/jui/js/jquery-migrate.min.js?f4bbe972fee0799e654108a6602c942f HTTP/1.1" 200 10056 "http://rafalex.ru/" "Mozilla/5.0 (compatible; YandexBot/3.0; +http://yandex.com/bots) AppleWebKit/537.36 (KHTML, like Gecko) Chrome/51.0.2704.106"
178.154.200.243 - - [31/May/2020:22:59:22 +0300] "GET /templates/shaper_helix3/css/bootstrap.min.css HTTP/1.1" 200 121200 "http://rafalex.ru/" "Mozilla/5.0 (compatible; YandexBot/3.0; +http://yandex.com/bots) AppleWebKit/537.36 (KHTML, like Gecko) Chrome/51.0.2704.106"
213.180.203.62 - - [31/May/2020:22:59:23 +0300] "GET /templates/shaper_helix3/js/jquery.sticky.js HTTP/1.1" 200 5739 "http://rafalex.ru/" "Mozilla/5.0 (compatible; YandexBot/3.0; +http://yandex.com/bots) AppleWebKit/537.36 (KHTML, like Gecko) Chrome/51.0.2704.106"
178.154.200.243 - - [31/May/2020:22:59:24 +0300] "GET /templates/shaper_helix3/fonts/fontawesome-webfont.woff2?v=4.7.0 HTTP/1.0" 200 77387 "http://rafalex.ru/templates/shaper_helix3/css/font-awesome.min.css" "Mozilla/5.0 (compatible; YandexBot/3.0; +http://yandex.com/bots) AppleWebKit/537.36 (KHTML, like Gecko) Chrome/51.0.2704.106"
104.149.141.6 - - [31/May/2020:23:03:17 +0300] "GET /phpmyadmin/ HTTP/1.1" 200 3105 "-" "Mozilla/5.0 (X11; Ubuntu; Linux x86_64; rv:62.0) Gecko/20100101 Firefox/62.0"
104.149.141.6 - - [31/May/2020:23:03:18 +0300] "POST /phpmyadmin//index.php HTTP/1.1" 200 3161 "-" "Mozilla/5.0 (X11; Ubuntu; Linux x86_64; rv:62.0) Gecko/20100101 Firefox/62.0"
178.159.37.69 - - [31/May/2020:23:11:37 +0300] "GET / HTTP/1.0" 200 93605 "-" "Mozilla/5.0 (Windows NT 6.3; Win64; x64) AppleWebKit/537.36 (KHTML, like Gecko) Chrome/75.0.3770.100 Safari/537.36"
51.159.18.78 - - [31/May/2020:23:17:49 +0300] "GET /administrator/index.php HTTP/1.0" 200 3074 "-" "Mozilla/5.0 (Macintosh; Intel Mac OS X 10.12; rv:48.0) Gecko/20100101 Firefox/48.0"
51.159.18.78 - - [31/May/2020:23:17:49 +0300] "GET /administrator/index.php HTTP/1.0" 200 3072 "-" "Mozilla/5.0 (Macintosh; Intel Mac OS X 10.12; rv:48.0) Gecko/20100101 Firefox/48.0"
51.159.18.78 - - [31/May/2020:23:17:51 +0300] "POST /administrator/index.php HTTP/1.0" 200 3142 "-" "Mozilla/5.0 (Macintosh; Intel Mac OS X 10.12; rv:48.0) Gecko/20100101 Firefox/48.0"
51.159.18.78 - - [31/May/2020:23:17:51 +0300] "POST /administrator/index.php HTTP/1.0" 200 3139 "-" "Mozilla/5.0 (Macintosh; Intel Mac OS X 10.12; rv:48.0) Gecko/20100101 Firefox/48.0"
51.159.18.78 - - [01/Jun/2020:00:05:40 +0300] "GET /administrator/index.php HTTP/1.0" 200 3071 "-" "Mozilla/5.0 (Macintosh; Intel Mac OS X 10.12; rv:48.0) Gecko/20100101 Firefox/48.0"
51.159.18.78 - - [01/Jun/2020:00:05:41 +0300] "GET /administrator/index.php HTTP/1.0" 200 3074 "-" "Mozilla/5.0 (Macintosh; Intel Mac OS X 10.12; rv:48.0) Gecko/20100101 Firefox/48.0"
51.159.18.78 - - [01/Jun/2020:00:05:41 +0300] "POST /administrator/index.php HTTP/1.0" 200 3138 "-" "Mozilla/5.0 (Macintosh; Intel Mac OS X 10.12; rv:48.0) Gecko/20100101 Firefox/48.0"
51.159.18.78 - - [01/Jun/2020:00:05:42 +0300] "POST /administrator/index.php HTTP/1.0" 200 3141 "-" "Mozilla/5.0 (Macintosh; Intel Mac OS X 10.12; rv:48.0) Gecko/20100101 Firefox/48.0"
192.99.39.119 - - [01/Jun/2020:00:28:09 +0300] "GET /phpmyadmin/ HTTP/1.1" 200 3103 "-" "Mozilla/5.0 (X11; Ubuntu; Linux x86_64; rv:62.0) Gecko/20100101 Firefox/62.0"
192.99.39.119 - - [01/Jun/2020:00:28:10 +0300] "POST /phpmyadmin//index.php HTTP/1.1" 200 3162 "-" "Mozilla/5.0 (X11; Ubuntu; Linux x86_64; rv:62.0) Gecko/20100101 Firefox/62.0"
51.159.18.78 - - [01/Jun/2020:00:52:59 +0300] "GET /administrator/index.php HTTP/1.0" 200 3073 "-" "Mozilla/5.0 (Macintosh; Intel Mac OS X 10.12; rv:48.0) Gecko/20100101 Firefox/48.0"
51.159.18.78 - - [01/Jun/2020:00:52:59 +0300] "GET /administrator/index.php HTTP/1.0" 200 3073 "-" "Mozilla/5.0 (Macintosh; Intel Mac OS X 10.12; rv:48.0) Gecko/20100101 Firefox/48.0"
51.159.18.78 - - [01/Jun/2020:00:53:00 +0300] "POST /administrator/index.php HTTP/1.0" 200 3140 "-" "Mozilla/5.0 (Macintosh; Intel Mac OS X 10.12; rv:48.0) Gecko/20100101 Firefox/48.0"
51.159.18.78 - - [01/Jun/2020:00:53:00 +0300] "POST /administrator/index.php HTTP/1.0" 200 3140 "-" "Mozilla/5.0 (Macintosh; Intel Mac OS X 10.12; rv:48.0) Gecko/20100101 Firefox/48.0"
173.208.244.42 - - [01/Jun/2020:01:10:16 +0300] "GET /phpmyadmin/ HTTP/1.1" 200 3106 "-" "Mozilla/5.0 (X11; Ubuntu; Linux x86_64; rv:62.0) Gecko/20100101 Firefox/62.0"
173.208.244.42 - - [01/Jun/2020:01:10:17 +0300] "POST /phpmyadmin//index.php HTTP/1.1" 200 3160 "-" "Mozilla/5.0 (X11; Ubuntu; Linux x86_64; rv:62.0) Gecko/20100101 Firefox/62.0"
51.159.18.78 - - [01/Jun/2020:01:40:15 +0300] "GET /administrator/index.php HTTP/1.0" 200 3074 "-" "Mozilla/5.0 (Macintosh; Intel Mac OS X 10.12; rv:48.0) Gecko/20100101 Firefox/48.0"
51.159.18.78 - - [01/Jun/2020:01:40:15 +0300] "GET /administrator/index.php HTTP/1.0" 200 3072 "-" "Mozilla/5.0 (Macintosh; Intel Mac OS X 10.12; rv:48.0) Gecko/20100101 Firefox/48.0"
51.159.18.78 - - [01/Jun/2020:01:40:17 +0300] "POST /administrator/index.php HTTP/1.0" 200 3138 "-" "Mozilla/5.0 (Macintosh; Intel Mac OS X 10.12; rv:48.0) Gecko/20100101 Firefox/48.0"
51.159.18.78 - - [01/Jun/2020:01:40:17 +0300] "POST /administrator/index.php HTTP/1.0" 200 3141 "-" "Mozilla/5.0 (Macintosh; Intel Mac OS X 10.12; rv:48.0) Gecko/20100101 Firefox/48.0"
118.67.216.94 - - [01/Jun/2020:02:05:57 +0300] "GET / HTTP/1.0" 200 93607 "http://rafalex.ru/" "Mozilla/5.0 (Windows NT 6.1; Win64; x64) AppleWebKit/537.36 (KHTML, like Gecko) Chrome/67.0.3396.87 Safari/537.36"
51.159.18.78 - - [01/Jun/2020:02:27:04 +0300] "GET /administrator/index.php HTTP/1.0" 200 3070 "-" "Mozilla/5.0 (Macintosh; Intel Mac OS X 10.12; rv:48.0) Gecko/20100101 Firefox/48.0"
51.159.18.78 - - [01/Jun/2020:02:27:04 +0300] "GET /administrator/index.php HTTP/1.0" 200 3073 "-" "Mozilla/5.0 (Macintosh; Intel Mac OS X 10.12; rv:48.0) Gecko/20100101 Firefox/48.0"
51.159.18.78 - - [01/Jun/2020:02:27:06 +0300] "POST /administrator/index.php HTTP/1.0" 200 3137 "-" "Mozilla/5.0 (Macintosh; Intel Mac OS X 10.12; rv:48.0) Gecko/20100101 Firefox/48.0"
51.159.18.78 - - [01/Jun/2020:02:27:07 +0300] "POST /administrator/index.php HTTP/1.0" 200 3140 "-" "Mozilla/5.0 (Macintosh; Intel Mac OS X 10.12; rv:48.0) Gecko/20100101 Firefox/48.0"
54.36.148.56 - - [01/Jun/2020:02:30:20 +0300] "GET / HTTP/1.0" 200 14129 "-" "Mozilla/5.0 (compatible; AhrefsBot/6.1; +http://ahrefs.com/robot/)"
51.159.18.78 - - [01/Jun/2020:03:15:12 +0300] "GET /administrator/index.php HTTP/1.0" 200 3074 "-" "Mozilla/5.0 (Macintosh; Intel Mac OS X 10.12; rv:48.0) Gecko/20100101 Firefox/48.0"
51.159.18.78 - - [01/Jun/2020:03:15:12 +0300] "GET /administrator/index.php HTTP/1.0" 200 3073 "-" "Mozilla/5.0 (Macintosh; Intel Mac OS X 10.12; rv:48.0) Gecko/20100101 Firefox/48.0"
51.159.18.78 - - [01/Jun/2020:03:15:15 +0300] "POST /administrator/index.php HTTP/1.0" 200 3141 "-" "Mozilla/5.0 (Macintosh; Intel Mac OS X 10.12; rv:48.0) Gecko/20100101 Firefox/48.0"
51.159.18.78 - - [01/Jun/2020:03:15:15 +0300] "POST /administrator/index.php HTTP/1.0" 200 3140 "-" "Mozilla/5.0 (Macintosh; Intel Mac OS X 10.12; rv:48.0) Gecko/20100101 Firefox/48.0"
51.159.18.78 - - [01/Jun/2020:04:01:30 +0300] "GET /administrator/index.php HTTP/1.0" 200 3074 "-" "Mozilla/5.0 (Macintosh; Intel Mac OS X 10.12; rv:48.0) Gecko/20100101 Firefox/48.0"
51.159.18.78 - - [01/Jun/2020:04:01:30 +0300] "GET /administrator/index.php HTTP/1.0" 200 3072 "-" "Mozilla/5.0 (Macintosh; Intel Mac OS X 10.12; rv:48.0) Gecko/20100101 Firefox/48.0"
51.159.18.78 - - [01/Jun/2020:04:01:32 +0300] "POST /administrator/index.php HTTP/1.0" 200 3141 "-" "Mozilla/5.0 (Macintosh; Intel Mac OS X 10.12; rv:48.0) Gecko/20100101 Firefox/48.0"
51.159.18.78 - - [01/Jun/2020:04:01:32 +0300] "POST /administrator/index.php HTTP/1.0" 200 3139 "-" "Mozilla/5.0 (Macintosh; Intel Mac OS X 10.12; rv:48.0) Gecko/20100101 Firefox/48.0"
51.159.18.78 - - [01/Jun/2020:04:48:59 +0300] "GET /administrator/index.php HTTP/1.0" 200 3074 "-" "Mozilla/5.0 (Macintosh; Intel Mac OS X 10.12; rv:48.0) Gecko/20100101 Firefox/48.0"
51.159.18.78 - - [01/Jun/2020:04:48:59 +0300] "GET /administrator/index.php HTTP/1.0" 200 3070 "-" "Mozilla/5.0 (Macintosh; Intel Mac OS X 10.12; rv:48.0) Gecko/20100101 Firefox/48.0"
51.159.18.78 - - [01/Jun/2020:04:49:01 +0300] "POST /administrator/index.php HTTP/1.0" 200 3137 "-" "Mozilla/5.0 (Macintosh; Intel Mac OS X 10.12; rv:48.0) Gecko/20100101 Firefox/48.0"
51.159.18.78 - - [01/Jun/2020:04:49:01 +0300] "POST /administrator/index.php HTTP/1.0" 200 3141 "-" "Mozilla/5.0 (Macintosh; Intel Mac OS X 10.12; rv:48.0) Gecko/20100101 Firefox/48.0"
51.159.18.78 - - [01/Jun/2020:05:37:15 +0300] "GET /administrator/index.php HTTP/1.0" 200 3071 "-" "Mozilla/5.0 (Macintosh; Intel Mac OS X 10.12; rv:48.0) Gecko/20100101 Firefox/48.0"
51.159.18.78 - - [01/Jun/2020:05:37:15 +0300] "GET /administrator/index.php HTTP/1.0" 200 3073 "-" "Mozilla/5.0 (Macintosh; Intel Mac OS X 10.12; rv:48.0) Gecko/20100101 Firefox/48.0"
51.159.18.78 - - [01/Jun/2020:05:37:17 +0300] "POST /administrator/index.php HTTP/1.0" 200 3140 "-" "Mozilla/5.0 (Macintosh; Intel Mac OS X 10.12; rv:48.0) Gecko/20100101 Firefox/48.0"
51.159.18.78 - - [01/Jun/2020:05:37:17 +0300] "POST /administrator/index.php HTTP/1.0" 200 3139 "-" "Mozilla/5.0 (Macintosh; Intel Mac OS X 10.12; rv:48.0) Gecko/20100101 Firefox/48.0"
51.159.18.78 - - [01/Jun/2020:06:25:11 +0300] "GET /administrator/index.php HTTP/1.0" 200 3075 "-" "Mozilla/5.0 (Macintosh; Intel Mac OS X 10.12; rv:48.0) Gecko/20100101 Firefox/48.0"
209.17.96.234 - - [02/Jun/2020:14:00:04 +0300] "GET / HTTP/1.0" 200 93618 "-" "Mozilla/5.0 (compatible; Nimbostratus-Bot/v1.3.2; http://cloudsystemnetworks.com)"
209.17.97.34 - - [03/Jun/2020:09:27:23 +0300] "GET / HTTP/1.0" 200 93697 "-" "Mozilla/5.0 (compatible; Nimbostratus-Bot/v1.3.2; http://cloudsystemnetworks.com)"
209.17.96.202 - - [03/Jun/2020:11:50:25 +0300] "GET / HTTP/1.0" 200 93607 "-" "Mozilla/5.0 (compatible; Nimbostratus-Bot/v1.3.2; http://cloudsystemnetworks.com)"
209.17.96.146 - - [03/Jun/2020:12:57:00 +0300] "GET / HTTP/1.0" 200 93689 "-" "Mozilla/5.0 (compatible; Nimbostratus-Bot/v1.3.2; http://cloudsystemnetworks.com)"
209.17.96.42 - - [05/Jun/2020:12:24:22 +0300] "GET / HTTP/1.0" 200 93699 "-" "Mozilla/5.0 (compatible; Nimbostratus-Bot/v1.3.2; http://cloudsystemnetworks.com)"
209.17.96.146 - - [05/Jun/2020:14:07:25 +0300] "GET / HTTP/1.0" 200 93605 "-" "Mozilla/5.0 (compatible; Nimbostratus-Bot/v1.3.2; http://cloudsystemnetworks.com)"
209.17.96.162 - - [06/Jun/2020:13:27:21 +0300] "GET / HTTP/1.0" 200 93620 "-" "Mozilla/5.0 (compatible; Nimbostratus-Bot/v1.3.2; http://cloudsystemnetworks.com)"
183.136.225.46 - - [06/Jun/2020:14:16:57 +0300] "GET / HTTP/1.0" 200 93614 "-" "Mozilla/5.0 (Macintosh; Intel Mac OS X 10.11; rv:47.0) Gecko/20100101 Firefox/47.0"
209.17.96.210 - - [07/Jun/2020:08:05:01 +0300] "GET / HTTP/1.0" 200 93693 "-" "Mozilla/5.0 (compatible; Nimbostratus-Bot/v1.3.2; http://cloudsystemnetworks.com)"
209.17.97.82 - - [09/Jun/2020:04:04:32 +0300] "GET / HTTP/1.0" 200 93686 "-" "Mozilla/5.0 (compatible; Nimbostratus-Bot/v1.3.2; http://cloudsystemnetworks.com)"
209.17.96.58 - - [10/Jun/2020:15:37:22 +0300] "GET / HTTP/1.0" 200 93611 "-" "Mozilla/5.0 (compatible; Nimbostratus-Bot/v1.3.2; http://cloudsystemnetworks.com)"
209.17.97.106 - - [10/Jun/2020:16:24:45 +0300] "GET / HTTP/1.0" 200 93605 "-" "Mozilla/5.0 (compatible; Nimbostratus-Bot/v1.3.2; http://cloudsystemnetworks.com)"
209.17.96.242 - - [10/Jun/2020:17:26:54 +0300] "GET / HTTP/1.0" 200 93706 "-" "Mozilla/5.0 (compatible; Nimbostratus-Bot/v1.3.2; http://cloudsystemnetworks.com)"
209.17.96.18 - - [13/Jun/2020:11:21:42 +0300] "GET / HTTP/1.0" 200 93600 "-" "Mozilla/5.0 (compatible; Nimbostratus-Bot/v1.3.2; http://cloudsystemnetworks.com)"
209.17.96.18 - - [13/Jun/2020:12:46:08 +0300] "GET / HTTP/1.0" 200 93611 "-" "Mozilla/5.0 (compatible; Nimbostratus-Bot/v1.3.2; http://cloudsystemnetworks.com)"
209.17.97.74 - - [13/Jun/2020:16:59:02 +0300] "GET / HTTP/1.0" 200 93686 "-" "Mozilla/5.0 (compatible; Nimbostratus-Bot/v1.3.2; http://cloudsystemnetworks.com)"
183.136.225.46 - - [14/Jun/2020:13:43:31 +0300] "GET / HTTP/1.0" 200 93627 "-" "Mozilla/5.0 (Macintosh; Intel Mac OS X 10.11; rv:47.0) Gecko/20100101 Firefox/47.0"
209.17.96.178 - - [16/Jun/2020:08:32:03 +0300] "GET / HTTP/1.0" 200 93607 "-" "Mozilla/5.0 (compatible; Nimbostratus-Bot/v1.3.2; http://cloudsystemnetworks.com)"
209.17.96.186 - - [16/Jun/2020:11:54:35 +0300] "GET / HTTP/1.0" 200 93693 "-" "Mozilla/5.0 (compatible; Nimbostratus-Bot/v1.3.2; http://cloudsystemnetworks.com)"
64.246.165.170 - - [17/Jun/2020:01:31:06 +0300] "GET /robots.txt HTTP/1.0" 200 1108 "-" "Mozilla/5.0 (Macintosh; Intel Mac OS X 10.10; rv:59.0) Gecko/20100101 Firefox/59.0"
64.246.165.170 - - [17/Jun/2020:01:31:06 +0300] "GET / HTTP/1.0" 200 14133 "-" "Mozilla/5.0 (Macintosh; Intel Mac OS X 10.10; rv:59.0) Gecko/20100101 Firefox/59.0"
209.17.97.66 - - [17/Jun/2020:14:42:58 +0300] "GET / HTTP/1.0" 200 93699 "-" "Mozilla/5.0 (compatible; Nimbostratus-Bot/v1.3.2; http://cloudsystemnetworks.com)"
209.17.96.250 - - [17/Jun/2020:17:18:57 +0300] "GET / HTTP/1.0" 200 93618 "-" "Mozilla/5.0 (compatible; Nimbostratus-Bot/v1.3.2; http://cloudsystemnetworks.com)"
209.17.96.226 - - [20/Jun/2020:10:26:15 +0300] "GET / HTTP/1.0" 200 93693 "-" "Mozilla/5.0 (compatible; Nimbostratus-Bot/v1.3.2; http://cloudsystemnetworks.com)"
209.17.97.90 - - [20/Jun/2020:17:54:35 +0300] "GET / HTTP/1.0" 200 93699 "-" "Mozilla/5.0 (compatible; Nimbostratus-Bot/v1.3.2; http://cloudsystemnetworks.com)"
209.17.97.42 - - [20/Jun/2020:19:16:46 +0300] "GET / HTTP/1.0" 200 93600 "-" "Mozilla/5.0 (compatible; Nimbostratus-Bot/v1.3.2; http://cloudsystemnetworks.com)"
183.136.225.46 - - [22/Jun/2020:10:38:10 +0300] "GET / HTTP/1.0" 200 93614 "-" "Mozilla/5.0 (Macintosh; Intel Mac OS X 10.11; rv:47.0) Gecko/20100101 Firefox/47.0"
209.17.96.50 - - [23/Jun/2020:20:15:50 +0300] "GET / HTTP/1.0" 200 93611 "-" "Mozilla/5.0 (compatible; Nimbostratus-Bot/v1.3.2; http://cloudsystemnetworks.com)"
209.17.96.202 - - [24/Jun/2020:18:34:32 +0300] "GET / HTTP/1.0" 200 93693 "-" "Mozilla/5.0 (compatible; Nimbostratus-Bot/v1.3.2; http://cloudsystemnetworks.com)"
209.17.97.42 - - [26/Jun/2020:17:36:21 +0300] "GET / HTTP/1.0" 200 93613 "-" "Mozilla/5.0 (compatible; Nimbostratus-Bot/v1.3.2; http://cloudsystemnetworks.com)"
209.17.96.130 - - [26/Jun/2020:23:55:50 +0300] "GET / HTTP/1.0" 200 93693 "-" "Mozilla/5.0 (compatible; Nimbostratus-Bot/v1.3.2; http://cloudsystemnetworks.com)"
209.17.97.82 - - [30/Jun/2020:18:18:55 +0300] "GET / HTTP/1.0" 200 93697 "-" "Mozilla/5.0 (compatible; Nimbostratus-Bot/v1.3.2; http://cloudsystemnetworks.com)"
209.17.96.186 - - [01/Jul/2020:14:29:15 +0300] "GET / HTTP/1.0" 200 93693 "-" "Mozilla/5.0 (compatible; Nimbostratus-Bot/v1.3.2; http://cloudsystemnetworks.com)"
209.17.97.10 - - [01/Jul/2020:19:47:28 +0300] "GET / HTTP/1.0" 200 93613 "-" "Mozilla/5.0 (compatible; Nimbostratus-Bot/v1.3.2; http://cloudsystemnetworks.com)"
209.17.96.10 - - [04/Jul/2020:13:18:02 +0300] "GET / HTTP/1.0" 200 93682 "-" "Mozilla/5.0 (compatible; Nimbostratus-Bot/v1.3.2; http://cloudsystemnetworks.com)"
209.17.96.42 - - [04/Jul/2020:15:59:18 +0300] "GET / HTTP/1.0" 200 93598 "-" "Mozilla/5.0 (compatible; Nimbostratus-Bot/v1.3.2; http://cloudsystemnetworks.com)"
209.17.96.42 - - [04/Jul/2020:18:11:46 +0300] "GET / HTTP/1.0" 200 93699 "-" "Mozilla/5.0 (compatible; Nimbostratus-Bot/v1.3.2; http://cloudsystemnetworks.com)"
209.17.96.202 - - [07/Jul/2020:07:11:36 +0300] "GET / HTTP/1.0" 200 93618 "-" "Mozilla/5.0 (compatible; Nimbostratus-Bot/v1.3.2; http://cloudsystemnetworks.com)"
