85.140.1.212 - - [26/Jan/2022:21:44:18 +0300] "GET /images/2018/06/20/img-slider-8.jpg HTTP/1.1" 200 173709 "https://mendeleevskazot.ru/ru/" "Mozilla/5.0 (iPhone; CPU iPhone OS 14_4 like Mac OS X) AppleWebKit/605.1.15 (KHTML, like Gecko) Version/14.0.3 Mobile/15E148 Safari/604.1"
85.140.1.212 - - [26/Jan/2022:21:44:18 +0300] "GET /images/2018/06/19/rg-fon.gif HTTP/1.1" 200 8719 "https://mendeleevskazot.ru/ru/" "Mozilla/5.0 (iPhone; CPU iPhone OS 14_4 like Mac OS X) AppleWebKit/605.1.15 (KHTML, like Gecko) Version/14.0.3 Mobile/15E148 Safari/604.1"
85.140.1.212 - - [26/Jan/2022:21:44:18 +0300] "GET /templates/shaper_helix3/images/helix-logo-white.png HTTP/1.0" 301 521 "https://mendeleevskazot.ru/ru/" "Mozilla/5.0 (iPhone; CPU iPhone OS 14_4 like Mac OS X) AppleWebKit/605.1.15 (KHTML, like Gecko) Version/14.0.3 Mobile/15E148 Safari/604.1"
85.140.1.212 - - [26/Jan/2022:21:44:19 +0300] "GET /ru/templates/shaper_helix3/images/helix-logo-white.png HTTP/1.0" 404 1692 "https://mendeleevskazot.ru/ru/" "Mozilla/5.0 (iPhone; CPU iPhone OS 14_4 like Mac OS X) AppleWebKit/605.1.15 (KHTML, like Gecko) Version/14.0.3 Mobile/15E148 Safari/604.1"
85.140.1.212 - - [26/Jan/2022:21:44:21 +0300] "GET /images/favicon.ico HTTP/1.0" 200 4551 "https://mendeleevskazot.ru/ru/" "Mozilla/5.0 (iPhone; CPU iPhone OS 14_4 like Mac OS X) AppleWebKit/605.1.15 (KHTML, like Gecko) Version/14.0.3 Mobile/15E148 Safari/604.1"
85.140.1.212 - - [26/Jan/2022:21:44:29 +0300] "GET /ru/about-ru HTTP/1.0" 200 9227 "https://mendeleevskazot.ru/ru/" "Mozilla/5.0 (iPhone; CPU iPhone OS 14_4 like Mac OS X) AppleWebKit/605.1.15 (KHTML, like Gecko) Version/14.0.3 Mobile/15E148 Safari/604.1"
85.140.1.212 - - [26/Jan/2022:21:44:30 +0300] "GET /templates/shaper_helix3/images/helix-logo-white.png HTTP/1.0" 301 521 "https://mendeleevskazot.ru/ru/about-ru" "Mozilla/5.0 (iPhone; CPU iPhone OS 14_4 like Mac OS X) AppleWebKit/605.1.15 (KHTML, like Gecko) Version/14.0.3 Mobile/15E148 Safari/604.1"
85.140.1.212 - - [26/Jan/2022:21:44:30 +0300] "GET /ru/templates/shaper_helix3/images/helix-logo-white.png HTTP/1.0" 404 1692 "https://mendeleevskazot.ru/ru/about-ru" "Mozilla/5.0 (iPhone; CPU iPhone OS 14_4 like Mac OS X) AppleWebKit/605.1.15 (KHTML, like Gecko) Version/14.0.3 Mobile/15E148 Safari/604.1"
91.199.149.239 - - [26/Jan/2022:21:45:10 +0300] "GET /administrator/index.php HTTP/1.1" 301 196 "-" "Mozilla/5.0 (Windows NT 6.1) AppleWebKit/537.36 (KHTML, like Gecko) Chrome/45.0.2454.85 Safari/537.36 OPR/32.0.1948.45"
91.199.149.239 - - [26/Jan/2022:21:45:10 +0300] "GET /administrator/index.php HTTP/1.0" 200 7478 "-" "Mozilla/5.0 (Windows NT 6.1) AppleWebKit/537.36 (KHTML, like Gecko) Chrome/45.0.2454.85 Safari/537.36 OPR/32.0.1948.45"
91.199.149.239 - - [26/Jan/2022:21:45:11 +0300] "POST /administrator/index.php HTTP/1.0" 301 185 "-" "Mozilla/5.0 (Windows NT 6.1) AppleWebKit/537.36 (KHTML, like Gecko) Chrome/45.0.2454.85 Safari/537.36 OPR/32.0.1948.45"
91.199.149.239 - - [26/Jan/2022:21:45:12 +0300] "POST /administrator/index.php HTTP/1.0" 200 7764 "-" "Mozilla/5.0 (Windows NT 6.1) AppleWebKit/537.36 (KHTML, like Gecko) Chrome/45.0.2454.85 Safari/537.36 OPR/32.0.1948.45"
114.119.150.149 - - [26/Jan/2022:21:48:41 +0300] "HEAD / HTTP/1.0" 301 556 "-" "Mozilla/5.0 (Windows NT 10.0; Win64; x64) AppleWebKit/537.36 (KHTML, like Gecko) Chrome/74.0.1868.67 Safari/537.36"
91.199.149.239 - - [26/Jan/2022:21:54:00 +0300] "GET /administrator/index.php HTTP/1.1" 301 196 "-" "Mozilla/5.0 (Windows NT 6.1) AppleWebKit/537.36 (KHTML, like Gecko) Chrome/45.0.2454.85 Safari/537.36 OPR/32.0.1948.45"
91.199.149.239 - - [26/Jan/2022:21:54:00 +0300] "GET /administrator/index.php HTTP/1.0" 200 7478 "-" "Mozilla/5.0 (Windows NT 6.1) AppleWebKit/537.36 (KHTML, like Gecko) Chrome/45.0.2454.85 Safari/537.36 OPR/32.0.1948.45"
91.199.149.239 - - [26/Jan/2022:21:54:01 +0300] "POST /administrator/index.php HTTP/1.0" 301 185 "-" "Mozilla/5.0 (Windows NT 6.1) AppleWebKit/537.36 (KHTML, like Gecko) Chrome/45.0.2454.85 Safari/537.36 OPR/32.0.1948.45"
91.199.149.239 - - [26/Jan/2022:21:54:01 +0300] "POST /administrator/index.php HTTP/1.0" 200 7764 "-" "Mozilla/5.0 (Windows NT 6.1) AppleWebKit/537.36 (KHTML, like Gecko) Chrome/45.0.2454.85 Safari/537.36 OPR/32.0.1948.45"
138.201.214.188 - - [26/Jan/2022:22:02:34 +0300] "GET /ru/vakansii HTTP/1.0" 200 6949 "-" "Mozilla/5.0 (compatible; DataForSeoBot/1.0; +https://dataforseo.com/dataforseo-bot)"
91.199.149.239 - - [26/Jan/2022:22:02:46 +0300] "GET /administrator/index.php HTTP/1.1" 301 196 "-" "Mozilla/5.0 (Windows NT 6.1) AppleWebKit/537.36 (KHTML, like Gecko) Chrome/45.0.2454.85 Safari/537.36 OPR/32.0.1948.45"
91.199.149.239 - - [26/Jan/2022:22:02:47 +0300] "GET /administrator/index.php HTTP/1.0" 200 7478 "-" "Mozilla/5.0 (Windows NT 6.1) AppleWebKit/537.36 (KHTML, like Gecko) Chrome/45.0.2454.85 Safari/537.36 OPR/32.0.1948.45"
91.199.149.239 - - [26/Jan/2022:22:02:48 +0300] "POST /administrator/index.php HTTP/1.0" 301 185 "-" "Mozilla/5.0 (Windows NT 6.1) AppleWebKit/537.36 (KHTML, like Gecko) Chrome/45.0.2454.85 Safari/537.36 OPR/32.0.1948.45"
91.199.149.239 - - [26/Jan/2022:22:02:48 +0300] "POST /administrator/index.php HTTP/1.0" 200 7764 "-" "Mozilla/5.0 (Windows NT 6.1) AppleWebKit/537.36 (KHTML, like Gecko) Chrome/45.0.2454.85 Safari/537.36 OPR/32.0.1948.45"
138.201.214.188 - - [26/Jan/2022:22:05:03 +0300] "GET /ru/kontakty HTTP/1.0" 200 8251 "-" "Mozilla/5.0 (compatible; DataForSeoBot/1.0; +https://dataforseo.com/dataforseo-bot)"
45.86.202.34 - - [26/Jan/2022:22:06:12 +0300] "GET /administrator/index.php HTTP/1.1" 301 196 "-" "Mozilla/5.0 (Windows NT 6.1) AppleWebKit/537.36 (KHTML, like Gecko) Chrome/45.0.2454.85 Safari/537.36 OPR/32.0.1948.45"
45.86.202.34 - - [26/Jan/2022:22:06:15 +0300] "GET /administrator/index.php HTTP/1.0" 200 7478 "-" "Mozilla/5.0 (Windows NT 6.1) AppleWebKit/537.36 (KHTML, like Gecko) Chrome/45.0.2454.85 Safari/537.36 OPR/32.0.1948.45"
45.86.202.34 - - [26/Jan/2022:22:06:17 +0300] "POST /administrator/index.php HTTP/1.0" 301 185 "-" "Mozilla/5.0 (Windows NT 6.1) AppleWebKit/537.36 (KHTML, like Gecko) Chrome/45.0.2454.85 Safari/537.36 OPR/32.0.1948.45"
45.86.202.34 - - [26/Jan/2022:22:06:18 +0300] "POST /administrator/index.php HTTP/1.0" 200 7764 "-" "Mozilla/5.0 (Windows NT 6.1) AppleWebKit/537.36 (KHTML, like Gecko) Chrome/45.0.2454.85 Safari/537.36 OPR/32.0.1948.45"
138.201.214.188 - - [26/Jan/2022:22:07:22 +0300] "GET /ru/ HTTP/1.0" 200 14826 "-" "Mozilla/5.0 (compatible; DataForSeoBot/1.0; +https://dataforseo.com/dataforseo-bot)"
91.199.149.239 - - [26/Jan/2022:22:11:14 +0300] "GET /administrator/index.php HTTP/1.1" 301 196 "-" "Mozilla/5.0 (Windows NT 6.1) AppleWebKit/537.36 (KHTML, like Gecko) Chrome/45.0.2454.85 Safari/537.36 OPR/32.0.1948.45"
91.199.149.239 - - [26/Jan/2022:22:11:15 +0300] "GET /administrator/index.php HTTP/1.0" 200 7478 "-" "Mozilla/5.0 (Windows NT 6.1) AppleWebKit/537.36 (KHTML, like Gecko) Chrome/45.0.2454.85 Safari/537.36 OPR/32.0.1948.45"
91.199.149.239 - - [26/Jan/2022:22:11:16 +0300] "POST /administrator/index.php HTTP/1.0" 301 185 "-" "Mozilla/5.0 (Windows NT 6.1) AppleWebKit/537.36 (KHTML, like Gecko) Chrome/45.0.2454.85 Safari/537.36 OPR/32.0.1948.45"
91.199.149.239 - - [26/Jan/2022:22:11:16 +0300] "POST /administrator/index.php HTTP/1.0" 200 7764 "-" "Mozilla/5.0 (Windows NT 6.1) AppleWebKit/537.36 (KHTML, like Gecko) Chrome/45.0.2454.85 Safari/537.36 OPR/32.0.1948.45"
138.201.214.188 - - [26/Jan/2022:22:14:38 +0300] "GET /ru/component/content/article/2-uncategorised/5-politika-konfidentsialnosti?Itemid=119 HTTP/1.0" 200 12926 "-" "Mozilla/5.0 (compatible; DataForSeoBot/1.0; +https://dataforseo.com/dataforseo-bot)"
205.185.122.184 - - [26/Jan/2022:22:16:58 +0300] "GET / HTTP/1.0" 301 575 "-" "Mozilla/5.0 (Macintosh; Intel Mac OS X 10_15_7) AppleWebKit/537.36 (KHTML, like Gecko) Chrome/96.0.4664.110 Safari/537.36"
205.185.122.184 - - [26/Jan/2022:22:16:58 +0300] "GET /ru/ HTTP/1.0" 200 14829 "https://mendeleevskazot.ru" "Mozilla/5.0 (Macintosh; Intel Mac OS X 10_15_7) AppleWebKit/537.36 (KHTML, like Gecko) Chrome/96.0.4664.110 Safari/537.36"
8.45.145.16 - - [26/Jan/2022:22:17:01 +0300] "GET / HTTP/1.0" 301 575 "-" "Mozilla/5.0 (Macintosh; Intel Mac OS X 11_0_0) AppleWebKit/537.36 (KHTML, like Gecko) Chrome/87.0.4280.88 Safari/537.36"
209.141.41.193 - - [26/Jan/2022:22:17:03 +0300] "GET /ru/ HTTP/1.0" 200 14721 "-" "Mozilla/5.0 (Macintosh; Intel Mac OS X 11_0_0) AppleWebKit/537.36 (KHTML, like Gecko) Chrome/87.0.4280.88 Safari/537.36"
209.141.41.193 - - [26/Jan/2022:22:17:06 +0300] "GET /media/system/js/core.js?174e1f4285ca6738dd507f1e7561b65c HTTP/1.1" 200 8808 "https://mendeleevskazot.ru/ru/" "Mozilla/5.0 (Macintosh; Intel Mac OS X 11_0_0) AppleWebKit/537.36 (KHTML, like Gecko) Chrome/87.0.4280.88 Safari/537.36"
205.185.117.203 - - [26/Jan/2022:22:17:06 +0300] "GET /components/com_sppagebuilder/assets/js/sppagebuilder.js HTTP/1.1" 200 35661 "https://mendeleevskazot.ru/ru/" "Mozilla/5.0 (Macintosh; Intel Mac OS X 11_0_0) AppleWebKit/537.36 (KHTML, like Gecko) Chrome/87.0.4280.88 Safari/537.36"
205.185.122.184 - - [26/Jan/2022:22:17:06 +0300] "GET /templates/shaper_helix3/js/jquery.sticky.js HTTP/1.1" 200 5739 "https://mendeleevskazot.ru/ru/" "Mozilla/5.0 (Macintosh; Intel Mac OS X 11_0_0) AppleWebKit/537.36 (KHTML, like Gecko) Chrome/87.0.4280.88 Safari/537.36"
209.141.41.193 - - [26/Jan/2022:22:17:06 +0300] "GET /modules/mod_gruemenu/js/script.js HTTP/1.1" 200 752 "https://mendeleevskazot.ru/ru/" "Mozilla/5.0 (Macintosh; Intel Mac OS X 11_0_0) AppleWebKit/537.36 (KHTML, like Gecko) Chrome/87.0.4280.88 Safari/537.36"
209.141.36.231 - - [26/Jan/2022:22:17:06 +0300] "GET /components/com_sppagebuilder/assets/js/jquery.parallax-1.1.3.js HTTP/1.1" 200 892 "https://mendeleevskazot.ru/ru/" "Mozilla/5.0 (Macintosh; Intel Mac OS X 11_0_0) AppleWebKit/537.36 (KHTML, like Gecko) Chrome/87.0.4280.88 Safari/537.36"
209.141.51.49 - - [26/Jan/2022:22:17:06 +0300] "GET /modules/mod_gruemenu/js/touchwipe.min.js HTTP/1.1" 200 2254 "https://mendeleevskazot.ru/ru/" "Mozilla/5.0 (Macintosh; Intel Mac OS X 11_0_0) AppleWebKit/537.36 (KHTML, like Gecko) Chrome/87.0.4280.88 Safari/537.36"
209.141.35.128 - - [26/Jan/2022:22:17:06 +0300] "GET /media/jui/js/jquery-migrate.min.js?174e1f4285ca6738dd507f1e7561b65c HTTP/1.1" 200 10056 "https://mendeleevskazot.ru/ru/" "Mozilla/5.0 (Macintosh; Intel Mac OS X 11_0_0) AppleWebKit/537.36 (KHTML, like Gecko) Chrome/87.0.4280.88 Safari/537.36"
8.45.145.16 - - [26/Jan/2022:22:17:06 +0300] "GET /media/jui/js/jquery-noconflict.js?174e1f4285ca6738dd507f1e7561b65c HTTP/1.1" 200 21 "https://mendeleevskazot.ru/ru/" "Mozilla/5.0 (Macintosh; Intel Mac OS X 11_0_0) AppleWebKit/537.36 (KHTML, like Gecko) Chrome/87.0.4280.88 Safari/537.36"
8.45.145.24 - - [26/Jan/2022:22:17:06 +0300] "GET /templates/shaper_helix3/js/frontend-edit.js HTTP/1.1" 200 1948 "https://mendeleevskazot.ru/ru/" "Mozilla/5.0 (Macintosh; Intel Mac OS X 11_0_0) AppleWebKit/537.36 (KHTML, like Gecko) Chrome/87.0.4280.88 Safari/537.36"
103.114.158.1 - - [26/Jan/2022:22:17:06 +0300] "GET /media/jui/js/jquery.min.js?174e1f4285ca6738dd507f1e7561b65c HTTP/1.1" 200 97646 "https://mendeleevskazot.ru/ru/" "Mozilla/5.0 (Macintosh; Intel Mac OS X 11_0_0) AppleWebKit/537.36 (KHTML, like Gecko) Chrome/87.0.4280.88 Safari/537.36"
103.114.158.1 - - [26/Jan/2022:22:17:06 +0300] "GET /templates/shaper_helix3/js/main.js HTTP/1.1" 200 8773 "https://mendeleevskazot.ru/ru/" "Mozilla/5.0 (Macintosh; Intel Mac OS X 11_0_0) AppleWebKit/537.36 (KHTML, like Gecko) Chrome/87.0.4280.88 Safari/537.36"
209.141.36.112 - - [26/Jan/2022:22:17:06 +0300] "GET /components/com_sppagebuilder/assets/js/jquery.magnific-popup.min.js HTTP/1.1" 200 20033 "https://mendeleevskazot.ru/ru/" "Mozilla/5.0 (Macintosh; Intel Mac OS X 11_0_0) AppleWebKit/537.36 (KHTML, like Gecko) Chrome/87.0.4280.88 Safari/537.36"
8.31.2.22 - - [26/Jan/2022:22:17:06 +0300] "GET /modules/mod_gruemenu/js/sidr.js HTTP/1.1" 200 9880 "https://mendeleevskazot.ru/ru/" "Mozilla/5.0 (Macintosh; Intel Mac OS X 11_0_0) AppleWebKit/537.36 (KHTML, like Gecko) Chrome/87.0.4280.88 Safari/537.36"
8.45.145.27 - - [26/Jan/2022:22:17:06 +0300] "GET /templates/shaper_helix3/js/bootstrap.min.js HTTP/1.1" 200 37045 "https://mendeleevskazot.ru/ru/" "Mozilla/5.0 (Macintosh; Intel Mac OS X 11_0_0) AppleWebKit/537.36 (KHTML, like Gecko) Chrome/87.0.4280.88 Safari/537.36"
205.185.122.184 - - [26/Jan/2022:22:17:10 +0300] "GET /images/favicon.ico HTTP/1.0" 200 4551 "-" "Mozilla/5.0 (Macintosh; Intel Mac OS X 10_15_7) AppleWebKit/537.36 (KHTML, like Gecko) Chrome/96.0.4664.110 Safari/537.36"
91.199.149.239 - - [26/Jan/2022:22:19:38 +0300] "GET /administrator/index.php HTTP/1.1" 301 196 "-" "Mozilla/5.0 (Windows NT 6.1) AppleWebKit/537.36 (KHTML, like Gecko) Chrome/45.0.2454.85 Safari/537.36 OPR/32.0.1948.45"
91.199.149.239 - - [26/Jan/2022:22:19:38 +0300] "GET /administrator/index.php HTTP/1.0" 200 7478 "-" "Mozilla/5.0 (Windows NT 6.1) AppleWebKit/537.36 (KHTML, like Gecko) Chrome/45.0.2454.85 Safari/537.36 OPR/32.0.1948.45"
91.199.149.239 - - [26/Jan/2022:22:19:39 +0300] "POST /administrator/index.php HTTP/1.0" 301 185 "-" "Mozilla/5.0 (Windows NT 6.1) AppleWebKit/537.36 (KHTML, like Gecko) Chrome/45.0.2454.85 Safari/537.36 OPR/32.0.1948.45"
91.199.149.239 - - [26/Jan/2022:22:19:39 +0300] "POST /administrator/index.php HTTP/1.0" 200 7764 "-" "Mozilla/5.0 (Windows NT 6.1) AppleWebKit/537.36 (KHTML, like Gecko) Chrome/45.0.2454.85 Safari/537.36 OPR/32.0.1948.45"
109.234.161.233 - - [26/Jan/2022:22:22:05 +0300] "GET /wp-login.php HTTP/1.1" 301 196 "-" "Mozilla/5.0 (X11; Ubuntu; Linux x86_64; rv:62.0) Gecko/20100101 Firefox/62.0"
109.234.161.233 - - [26/Jan/2022:22:22:05 +0300] "GET /wp-login.php HTTP/1.0" 301 587 "http://mendeleevskazot.ru/wp-login.php" "Mozilla/5.0 (X11; Ubuntu; Linux x86_64; rv:62.0) Gecko/20100101 Firefox/62.0"
109.234.161.233 - - [26/Jan/2022:22:22:06 +0300] "GET /ru/wp-login.php HTTP/1.0" 404 1780 "https://mendeleevskazot.ru:443/wp-login.php" "Mozilla/5.0 (X11; Ubuntu; Linux x86_64; rv:62.0) Gecko/20100101 Firefox/62.0"
66.249.66.142 - - [26/Jan/2022:22:23:23 +0300] "GET /robots.txt HTTP/1.1" 301 196 "-" "Mozilla/5.0 (compatible; Googlebot/2.1; +http://www.google.com/bot.html)"
66.249.66.146 - - [26/Jan/2022:22:23:23 +0300] "GET /robots.txt HTTP/1.0" 200 696 "-" "Mozilla/5.0 (compatible; Googlebot/2.1; +http://www.google.com/bot.html)"
66.249.66.142 - - [26/Jan/2022:22:23:23 +0300] "GET / HTTP/1.1" 301 196 "-" "Mozilla/5.0 (Linux; Android 6.0.1; Nexus 5X Build/MMB29P) AppleWebKit/537.36 (KHTML, like Gecko) Chrome/97.0.4692.99 Mobile Safari/537.36 (compatible; Googlebot/2.1; +http://www.google.com/bot.html)"
66.249.66.146 - - [26/Jan/2022:22:23:24 +0300] "GET / HTTP/1.0" 301 579 "-" "Mozilla/5.0 (Linux; Android 6.0.1; Nexus 5X Build/MMB29P) AppleWebKit/537.36 (KHTML, like Gecko) Chrome/97.0.4692.99 Mobile Safari/537.36 (compatible; Googlebot/2.1; +http://www.google.com/bot.html)"
66.249.66.146 - - [26/Jan/2022:22:23:24 +0300] "GET /ru/ HTTP/1.0" 200 14722 "-" "Mozilla/5.0 (Linux; Android 6.0.1; Nexus 5X Build/MMB29P) AppleWebKit/537.36 (KHTML, like Gecko) Chrome/97.0.4692.99 Mobile Safari/537.36 (compatible; Googlebot/2.1; +http://www.google.com/bot.html)"
138.201.214.188 - - [26/Jan/2022:22:24:10 +0300] "GET / HTTP/1.0" 301 575 "-" "Mozilla/5.0 (compatible; DataForSeoBot/1.0; +https://dataforseo.com/dataforseo-bot)"
95.163.255.202 - - [26/Jan/2022:22:25:41 +0300] "GET /robots.txt HTTP/1.0" 301 185 "-" "Mozilla/5.0 (compatible; Linux x86_64; Mail.RU_Bot/2.0; +http://go.mail.ru/help/robots)"
95.163.255.224 - - [26/Jan/2022:22:25:42 +0300] "GET /produktsiya/prajs-na-produktsiyu HTTP/1.1" 301 196 "-" "Mozilla/5.0 (compatible; Linux x86_64; Mail.RU_Bot/2.0; +http://go.mail.ru/help/robots)"
95.163.255.202 - - [26/Jan/2022:22:25:44 +0300] "GET /robots.txt HTTP/1.0" 200 1108 "-" "Mozilla/5.0 (compatible; Linux x86_64; Mail.RU_Bot/2.0; +http://go.mail.ru/help/robots)"
95.163.255.219 - - [26/Jan/2022:22:25:49 +0300] "GET /produktsiya/prajs-na-produktsiyu HTTP/1.0" 301 611 "http://www.mendeleevskazot.ru/produktsiya/prajs-na-produktsiyu" "Mozilla/5.0 (compatible; Linux x86_64; Mail.RU_Bot/2.0; +http://go.mail.ru/help/robots)"
95.163.255.213 - - [26/Jan/2022:22:25:51 +0300] "GET /ru/produktsiya/prajs-na-produktsiyu HTTP/1.0" 404 1804 "https://www.mendeleevskazot.ru/produktsiya/prajs-na-produktsiyu" "Mozilla/5.0 (compatible; Linux x86_64; Mail.RU_Bot/2.0; +http://go.mail.ru/help/robots)"
91.199.149.239 - - [26/Jan/2022:22:27:46 +0300] "GET /administrator/index.php HTTP/1.1" 301 196 "-" "Mozilla/5.0 (Windows NT 6.1) AppleWebKit/537.36 (KHTML, like Gecko) Chrome/45.0.2454.85 Safari/537.36 OPR/32.0.1948.45"
91.199.149.239 - - [26/Jan/2022:22:27:46 +0300] "GET /administrator/index.php HTTP/1.0" 200 7478 "-" "Mozilla/5.0 (Windows NT 6.1) AppleWebKit/537.36 (KHTML, like Gecko) Chrome/45.0.2454.85 Safari/537.36 OPR/32.0.1948.45"
91.199.149.239 - - [26/Jan/2022:22:27:47 +0300] "POST /administrator/index.php HTTP/1.0" 301 185 "-" "Mozilla/5.0 (Windows NT 6.1) AppleWebKit/537.36 (KHTML, like Gecko) Chrome/45.0.2454.85 Safari/537.36 OPR/32.0.1948.45"
91.199.149.239 - - [26/Jan/2022:22:27:47 +0300] "POST /administrator/index.php HTTP/1.0" 200 7764 "-" "Mozilla/5.0 (Windows NT 6.1) AppleWebKit/537.36 (KHTML, like Gecko) Chrome/45.0.2454.85 Safari/537.36 OPR/32.0.1948.45"
138.201.214.188 - - [26/Jan/2022:22:29:48 +0300] "GET /ru/component/content/article/2-uncategorised/7-uvedomlenie-ob-ispolzovanii-fajlov-cookie-i-pokhozhikh-tekhnologij?Itemid=119 HTTP/1.0" 200 10979 "-" "Mozilla/5.0 (compatible; DataForSeoBot/1.0; +https://dataforseo.com/dataforseo-bot)"
45.86.202.34 - - [26/Jan/2022:22:31:57 +0300] "GET /administrator/index.php HTTP/1.1" 301 196 "-" "Mozilla/5.0 (Windows NT 6.1) AppleWebKit/537.36 (KHTML, like Gecko) Chrome/45.0.2454.85 Safari/537.36 OPR/32.0.1948.45"
45.86.202.34 - - [26/Jan/2022:22:31:58 +0300] "GET /administrator/index.php HTTP/1.0" 200 7478 "-" "Mozilla/5.0 (Windows NT 6.1) AppleWebKit/537.36 (KHTML, like Gecko) Chrome/45.0.2454.85 Safari/537.36 OPR/32.0.1948.45"
45.86.202.34 - - [26/Jan/2022:22:32:03 +0300] "POST /administrator/index.php HTTP/1.0" 301 185 "-" "Mozilla/5.0 (Windows NT 6.1) AppleWebKit/537.36 (KHTML, like Gecko) Chrome/45.0.2454.85 Safari/537.36 OPR/32.0.1948.45"
45.86.202.34 - - [26/Jan/2022:22:32:05 +0300] "POST /administrator/index.php HTTP/1.0" 200 7764 "-" "Mozilla/5.0 (Windows NT 6.1) AppleWebKit/537.36 (KHTML, like Gecko) Chrome/45.0.2454.85 Safari/537.36 OPR/32.0.1948.45"
138.201.214.188 - - [26/Jan/2022:22:33:38 +0300] "GET /ru/about-ru HTTP/1.0" 200 9332 "-" "Mozilla/5.0 (compatible; DataForSeoBot/1.0; +https://dataforseo.com/dataforseo-bot)"
91.199.149.239 - - [26/Jan/2022:22:36:06 +0300] "GET /administrator/index.php HTTP/1.1" 301 196 "-" "Mozilla/5.0 (Windows NT 6.1) AppleWebKit/537.36 (KHTML, like Gecko) Chrome/45.0.2454.85 Safari/537.36 OPR/32.0.1948.45"
91.199.149.239 - - [26/Jan/2022:22:36:06 +0300] "GET /administrator/index.php HTTP/1.0" 200 7478 "-" "Mozilla/5.0 (Windows NT 6.1) AppleWebKit/537.36 (KHTML, like Gecko) Chrome/45.0.2454.85 Safari/537.36 OPR/32.0.1948.45"
91.199.149.239 - - [26/Jan/2022:22:36:07 +0300] "POST /administrator/index.php HTTP/1.0" 301 185 "-" "Mozilla/5.0 (Windows NT 6.1) AppleWebKit/537.36 (KHTML, like Gecko) Chrome/45.0.2454.85 Safari/537.36 OPR/32.0.1948.45"
91.199.149.239 - - [26/Jan/2022:22:36:08 +0300] "POST /administrator/index.php HTTP/1.0" 200 7764 "-" "Mozilla/5.0 (Windows NT 6.1) AppleWebKit/537.36 (KHTML, like Gecko) Chrome/45.0.2454.85 Safari/537.36 OPR/32.0.1948.45"
91.199.149.239 - - [26/Jan/2022:22:44:02 +0300] "GET /administrator/index.php HTTP/1.1" 301 196 "-" "Mozilla/5.0 (Windows NT 6.1) AppleWebKit/537.36 (KHTML, like Gecko) Chrome/45.0.2454.85 Safari/537.36 OPR/32.0.1948.45"
91.199.149.239 - - [26/Jan/2022:22:44:03 +0300] "GET /administrator/index.php HTTP/1.0" 200 7478 "-" "Mozilla/5.0 (Windows NT 6.1) AppleWebKit/537.36 (KHTML, like Gecko) Chrome/45.0.2454.85 Safari/537.36 OPR/32.0.1948.45"
91.199.149.239 - - [26/Jan/2022:22:44:03 +0300] "POST /administrator/index.php HTTP/1.0" 301 185 "-" "Mozilla/5.0 (Windows NT 6.1) AppleWebKit/537.36 (KHTML, like Gecko) Chrome/45.0.2454.85 Safari/537.36 OPR/32.0.1948.45"
91.199.149.239 - - [26/Jan/2022:22:44:04 +0300] "POST /administrator/index.php HTTP/1.0" 200 7764 "-" "Mozilla/5.0 (Windows NT 6.1) AppleWebKit/537.36 (KHTML, like Gecko) Chrome/45.0.2454.85 Safari/537.36 OPR/32.0.1948.45"
40.77.167.105 - - [26/Jan/2022:22:47:45 +0300] "GET /robots.txt HTTP/1.0" 200 696 "-" "Mozilla/5.0 (compatible; bingbot/2.0; +http://www.bing.com/bingbot.htm)"
40.77.167.105 - - [26/Jan/2022:22:47:46 +0300] "GET /robots.txt HTTP/1.0" 200 696 "-" "Mozilla/5.0 (compatible; bingbot/2.0; +http://www.bing.com/bingbot.htm)"
207.46.13.12 - - [26/Jan/2022:22:47:49 +0300] "GET /images/2018/07/31/green18-2.jpg HTTP/1.1" 200 58915 "-" "Mozilla/5.0 (compatible; bingbot/2.0; +http://www.bing.com/bingbot.htm)"
91.199.149.239 - - [26/Jan/2022:22:51:47 +0300] "GET /administrator/index.php HTTP/1.1" 301 196 "-" "Mozilla/5.0 (Windows NT 6.1) AppleWebKit/537.36 (KHTML, like Gecko) Chrome/45.0.2454.85 Safari/537.36 OPR/32.0.1948.45"
91.199.149.239 - - [26/Jan/2022:22:51:47 +0300] "GET /administrator/index.php HTTP/1.0" 200 7478 "-" "Mozilla/5.0 (Windows NT 6.1) AppleWebKit/537.36 (KHTML, like Gecko) Chrome/45.0.2454.85 Safari/537.36 OPR/32.0.1948.45"
91.199.149.239 - - [26/Jan/2022:22:51:48 +0300] "POST /administrator/index.php HTTP/1.0" 301 185 "-" "Mozilla/5.0 (Windows NT 6.1) AppleWebKit/537.36 (KHTML, like Gecko) Chrome/45.0.2454.85 Safari/537.36 OPR/32.0.1948.45"
91.199.149.239 - - [26/Jan/2022:22:51:48 +0300] "POST /administrator/index.php HTTP/1.0" 200 7764 "-" "Mozilla/5.0 (Windows NT 6.1) AppleWebKit/537.36 (KHTML, like Gecko) Chrome/45.0.2454.85 Safari/537.36 OPR/32.0.1948.45"
45.86.202.34 - - [26/Jan/2022:22:58:01 +0300] "GET /administrator/index.php HTTP/1.1" 301 196 "-" "Mozilla/5.0 (Windows NT 6.1) AppleWebKit/537.36 (KHTML, like Gecko) Chrome/45.0.2454.85 Safari/537.36 OPR/32.0.1948.45"
45.86.202.34 - - [26/Jan/2022:22:58:02 +0300] "GET /administrator/index.php HTTP/1.0" 200 7478 "-" "Mozilla/5.0 (Windows NT 6.1) AppleWebKit/537.36 (KHTML, like Gecko) Chrome/45.0.2454.85 Safari/537.36 OPR/32.0.1948.45"
45.86.202.34 - - [26/Jan/2022:22:58:03 +0300] "POST /administrator/index.php HTTP/1.0" 301 185 "-" "Mozilla/5.0 (Windows NT 6.1) AppleWebKit/537.36 (KHTML, like Gecko) Chrome/45.0.2454.85 Safari/537.36 OPR/32.0.1948.45"
45.86.202.34 - - [26/Jan/2022:22:58:05 +0300] "POST /administrator/index.php HTTP/1.0" 200 7764 "-" "Mozilla/5.0 (Windows NT 6.1) AppleWebKit/537.36 (KHTML, like Gecko) Chrome/45.0.2454.85 Safari/537.36 OPR/32.0.1948.45"
91.199.149.239 - - [26/Jan/2022:22:59:35 +0300] "GET /administrator/index.php HTTP/1.1" 301 196 "-" "Mozilla/5.0 (Windows NT 6.1) AppleWebKit/537.36 (KHTML, like Gecko) Chrome/45.0.2454.85 Safari/537.36 OPR/32.0.1948.45"
91.199.149.239 - - [26/Jan/2022:22:59:36 +0300] "GET /administrator/index.php HTTP/1.0" 200 7478 "-" "Mozilla/5.0 (Windows NT 6.1) AppleWebKit/537.36 (KHTML, like Gecko) Chrome/45.0.2454.85 Safari/537.36 OPR/32.0.1948.45"
91.199.149.239 - - [26/Jan/2022:22:59:36 +0300] "POST /administrator/index.php HTTP/1.0" 301 185 "-" "Mozilla/5.0 (Windows NT 6.1) AppleWebKit/537.36 (KHTML, like Gecko) Chrome/45.0.2454.85 Safari/537.36 OPR/32.0.1948.45"
91.199.149.239 - - [26/Jan/2022:22:59:37 +0300] "POST /administrator/index.php HTTP/1.0" 200 7764 "-" "Mozilla/5.0 (Windows NT 6.1) AppleWebKit/537.36 (KHTML, like Gecko) Chrome/45.0.2454.85 Safari/537.36 OPR/32.0.1948.45"
114.119.150.149 - - [26/Jan/2022:23:04:32 +0300] "GET / HTTP/1.0" 301 575 "-" "Mozilla/5.0 (Windows NT 10.0; Win64; x64) AppleWebKit/537.36 (KHTML, like Gecko) Chrome/73.0.3365.36 Safari/537.36"
114.119.150.149 - - [26/Jan/2022:23:04:32 +0300] "GET /ru/ HTTP/1.0" 200 14723 "-" "Mozilla/5.0 (Windows NT 10.0; Win64; x64) AppleWebKit/537.36 (KHTML, like Gecko) Chrome/73.0.3365.36 Safari/537.36"
91.199.149.239 - - [26/Jan/2022:23:07:36 +0300] "GET /administrator/index.php HTTP/1.1" 301 196 "-" "Mozilla/5.0 (Windows NT 6.1) AppleWebKit/537.36 (KHTML, like Gecko) Chrome/45.0.2454.85 Safari/537.36 OPR/32.0.1948.45"
91.199.149.239 - - [26/Jan/2022:23:07:36 +0300] "GET /administrator/index.php HTTP/1.0" 200 7478 "-" "Mozilla/5.0 (Windows NT 6.1) AppleWebKit/537.36 (KHTML, like Gecko) Chrome/45.0.2454.85 Safari/537.36 OPR/32.0.1948.45"
91.199.149.239 - - [26/Jan/2022:23:07:37 +0300] "POST /administrator/index.php HTTP/1.0" 301 185 "-" "Mozilla/5.0 (Windows NT 6.1) AppleWebKit/537.36 (KHTML, like Gecko) Chrome/45.0.2454.85 Safari/537.36 OPR/32.0.1948.45"
91.199.149.239 - - [26/Jan/2022:23:07:37 +0300] "POST /administrator/index.php HTTP/1.0" 200 7764 "-" "Mozilla/5.0 (Windows NT 6.1) AppleWebKit/537.36 (KHTML, like Gecko) Chrome/45.0.2454.85 Safari/537.36 OPR/32.0.1948.45"
54.36.148.234 - - [26/Jan/2022:23:15:03 +0300] "GET /robots.txt HTTP/1.1" 301 196 "-" "Mozilla/5.0 (compatible; AhrefsBot/7.0; +http://ahrefs.com/robot/)"
54.36.148.234 - - [26/Jan/2022:23:15:03 +0300] "GET /robots.txt HTTP/1.0" 200 696 "-" "Mozilla/5.0 (compatible; AhrefsBot/7.0; +http://ahrefs.com/robot/)"
91.199.149.239 - - [26/Jan/2022:23:15:22 +0300] "GET /administrator/index.php HTTP/1.1" 301 196 "-" "Mozilla/5.0 (Windows NT 6.1) AppleWebKit/537.36 (KHTML, like Gecko) Chrome/45.0.2454.85 Safari/537.36 OPR/32.0.1948.45"
91.199.149.239 - - [26/Jan/2022:23:15:22 +0300] "GET /administrator/index.php HTTP/1.0" 200 7478 "-" "Mozilla/5.0 (Windows NT 6.1) AppleWebKit/537.36 (KHTML, like Gecko) Chrome/45.0.2454.85 Safari/537.36 OPR/32.0.1948.45"
91.199.149.239 - - [26/Jan/2022:23:15:23 +0300] "POST /administrator/index.php HTTP/1.0" 301 185 "-" "Mozilla/5.0 (Windows NT 6.1) AppleWebKit/537.36 (KHTML, like Gecko) Chrome/45.0.2454.85 Safari/537.36 OPR/32.0.1948.45"
91.199.149.239 - - [26/Jan/2022:23:15:23 +0300] "POST /administrator/index.php HTTP/1.0" 200 7764 "-" "Mozilla/5.0 (Windows NT 6.1) AppleWebKit/537.36 (KHTML, like Gecko) Chrome/45.0.2454.85 Safari/537.36 OPR/32.0.1948.45"
138.201.214.188 - - [26/Jan/2022:23:17:28 +0300] "GET /ru/vakansii/2-uncategorised/5-politika-konfidentsialnosti HTTP/1.0" 200 12805 "-" "Mozilla/5.0 (compatible; DataForSeoBot/1.0; +https://dataforseo.com/dataforseo-bot)"
45.86.202.34 - - [26/Jan/2022:23:22:51 +0300] "GET /administrator/index.php HTTP/1.1" 301 196 "-" "Mozilla/5.0 (Windows NT 6.1) AppleWebKit/537.36 (KHTML, like Gecko) Chrome/45.0.2454.85 Safari/537.36 OPR/32.0.1948.45"
45.86.202.34 - - [26/Jan/2022:23:22:52 +0300] "GET /administrator/index.php HTTP/1.0" 200 7478 "-" "Mozilla/5.0 (Windows NT 6.1) AppleWebKit/537.36 (KHTML, like Gecko) Chrome/45.0.2454.85 Safari/537.36 OPR/32.0.1948.45"
45.86.202.34 - - [26/Jan/2022:23:22:53 +0300] "POST /administrator/index.php HTTP/1.0" 301 185 "-" "Mozilla/5.0 (Windows NT 6.1) AppleWebKit/537.36 (KHTML, like Gecko) Chrome/45.0.2454.85 Safari/537.36 OPR/32.0.1948.45"
45.86.202.34 - - [26/Jan/2022:23:22:54 +0300] "POST /administrator/index.php HTTP/1.0" 200 7764 "-" "Mozilla/5.0 (Windows NT 6.1) AppleWebKit/537.36 (KHTML, like Gecko) Chrome/45.0.2454.85 Safari/537.36 OPR/32.0.1948.45"
91.199.149.239 - - [26/Jan/2022:23:23:33 +0300] "GET /administrator/index.php HTTP/1.1" 301 196 "-" "Mozilla/5.0 (Windows NT 6.1) AppleWebKit/537.36 (KHTML, like Gecko) Chrome/45.0.2454.85 Safari/537.36 OPR/32.0.1948.45"
91.199.149.239 - - [26/Jan/2022:23:23:33 +0300] "GET /administrator/index.php HTTP/1.0" 200 7478 "-" "Mozilla/5.0 (Windows NT 6.1) AppleWebKit/537.36 (KHTML, like Gecko) Chrome/45.0.2454.85 Safari/537.36 OPR/32.0.1948.45"
91.199.149.239 - - [26/Jan/2022:23:23:33 +0300] "POST /administrator/index.php HTTP/1.0" 301 185 "-" "Mozilla/5.0 (Windows NT 6.1) AppleWebKit/537.36 (KHTML, like Gecko) Chrome/45.0.2454.85 Safari/537.36 OPR/32.0.1948.45"
91.199.149.239 - - [26/Jan/2022:23:23:34 +0300] "POST /administrator/index.php HTTP/1.0" 200 7764 "-" "Mozilla/5.0 (Windows NT 6.1) AppleWebKit/537.36 (KHTML, like Gecko) Chrome/45.0.2454.85 Safari/537.36 OPR/32.0.1948.45"
138.201.214.188 - - [26/Jan/2022:23:23:40 +0300] "GET /ru/vakansii/2-uncategorised/7-uvedomlenie-ob-ispolzovanii-fajlov-cookie-i-pokhozhikh-tekhnologij HTTP/1.0" 200 10846 "-" "Mozilla/5.0 (compatible; DataForSeoBot/1.0; +https://dataforseo.com/dataforseo-bot)"
91.199.149.239 - - [26/Jan/2022:23:31:45 +0300] "GET /administrator/index.php HTTP/1.1" 301 196 "-" "Mozilla/5.0 (Windows NT 6.1) AppleWebKit/537.36 (KHTML, like Gecko) Chrome/45.0.2454.85 Safari/537.36 OPR/32.0.1948.45"
91.199.149.239 - - [26/Jan/2022:23:31:45 +0300] "GET /administrator/index.php HTTP/1.0" 200 7478 "-" "Mozilla/5.0 (Windows NT 6.1) AppleWebKit/537.36 (KHTML, like Gecko) Chrome/45.0.2454.85 Safari/537.36 OPR/32.0.1948.45"
91.199.149.239 - - [26/Jan/2022:23:31:46 +0300] "POST /administrator/index.php HTTP/1.0" 301 185 "-" "Mozilla/5.0 (Windows NT 6.1) AppleWebKit/537.36 (KHTML, like Gecko) Chrome/45.0.2454.85 Safari/537.36 OPR/32.0.1948.45"
91.199.149.239 - - [26/Jan/2022:23:31:46 +0300] "POST /administrator/index.php HTTP/1.0" 200 7764 "-" "Mozilla/5.0 (Windows NT 6.1) AppleWebKit/537.36 (KHTML, like Gecko) Chrome/45.0.2454.85 Safari/537.36 OPR/32.0.1948.45"
91.199.149.239 - - [26/Jan/2022:23:39:50 +0300] "GET /administrator/index.php HTTP/1.1" 301 196 "-" "Mozilla/5.0 (Windows NT 6.1) AppleWebKit/537.36 (KHTML, like Gecko) Chrome/45.0.2454.85 Safari/537.36 OPR/32.0.1948.45"
91.199.149.239 - - [26/Jan/2022:23:39:50 +0300] "GET /administrator/index.php HTTP/1.0" 200 7478 "-" "Mozilla/5.0 (Windows NT 6.1) AppleWebKit/537.36 (KHTML, like Gecko) Chrome/45.0.2454.85 Safari/537.36 OPR/32.0.1948.45"
91.199.149.239 - - [26/Jan/2022:23:39:51 +0300] "POST /administrator/index.php HTTP/1.0" 301 185 "-" "Mozilla/5.0 (Windows NT 6.1) AppleWebKit/537.36 (KHTML, like Gecko) Chrome/45.0.2454.85 Safari/537.36 OPR/32.0.1948.45"
91.199.149.239 - - [26/Jan/2022:23:39:51 +0300] "POST /administrator/index.php HTTP/1.0" 200 7764 "-" "Mozilla/5.0 (Windows NT 6.1) AppleWebKit/537.36 (KHTML, like Gecko) Chrome/45.0.2454.85 Safari/537.36 OPR/32.0.1948.45"
89.251.16.247 - - [26/Jan/2022:23:41:08 +0300] "GET /ru/vakansii HTTP/1.0" 200 6950 "https://www.google.com/" "Mozilla/5.0 (Linux; Android 11; M2003J15SC) AppleWebKit/537.36 (KHTML, like Gecko) Chrome/97.0.4692.98 Mobile Safari/537.36"
89.251.16.247 - - [26/Jan/2022:23:41:09 +0300] "GET /templates/shaper_helix3/css/bootstrap.min.css HTTP/1.1" 200 121200 "https://mendeleevskazot.ru/ru/vakansii" "Mozilla/5.0 (Linux; Android 11; M2003J15SC) AppleWebKit/537.36 (KHTML, like Gecko) Chrome/97.0.4692.98 Mobile Safari/537.36"
89.251.16.247 - - [26/Jan/2022:23:41:09 +0300] "GET /templates/shaper_helix3/css/font-awesome.min.css HTTP/1.1" 200 31000 "https://mendeleevskazot.ru/ru/vakansii" "Mozilla/5.0 (Linux; Android 11; M2003J15SC) AppleWebKit/537.36 (KHTML, like Gecko) Chrome/97.0.4692.98 Mobile Safari/537.36"
89.251.16.247 - - [26/Jan/2022:23:41:09 +0300] "GET /templates/shaper_helix3/css/legacy.css HTTP/1.1" 200 27359 "https://mendeleevskazot.ru/ru/vakansii" "Mozilla/5.0 (Linux; Android 11; M2003J15SC) AppleWebKit/537.36 (KHTML, like Gecko) Chrome/97.0.4692.98 Mobile Safari/537.36"
89.251.16.247 - - [26/Jan/2022:23:41:09 +0300] "GET /modules/mod_sj_flat_menu/assets/css/styles-responsive.css HTTP/1.1" 200 2389 "https://mendeleevskazot.ru/ru/vakansii" "Mozilla/5.0 (Linux; Android 11; M2003J15SC) AppleWebKit/537.36 (KHTML, like Gecko) Chrome/97.0.4692.98 Mobile Safari/537.36"
89.251.16.247 - - [26/Jan/2022:23:41:09 +0300] "GET /templates/shaper_helix3/css/template.css HTTP/1.1" 200 75182 "https://mendeleevskazot.ru/ru/vakansii" "Mozilla/5.0 (Linux; Android 11; M2003J15SC) AppleWebKit/537.36 (KHTML, like Gecko) Chrome/97.0.4692.98 Mobile Safari/537.36"
89.251.16.247 - - [26/Jan/2022:23:41:09 +0300] "GET /templates/shaper_helix3/css/frontend-edit.css HTTP/1.1" 200 3030 "https://mendeleevskazot.ru/ru/vakansii" "Mozilla/5.0 (Linux; Android 11; M2003J15SC) AppleWebKit/537.36 (KHTML, like Gecko) Chrome/97.0.4692.98 Mobile Safari/537.36"
89.251.16.247 - - [26/Jan/2022:23:41:09 +0300] "GET /templates/shaper_helix3/css/presets/preset3.css HTTP/1.1" 200 2172 "https://mendeleevskazot.ru/ru/vakansii" "Mozilla/5.0 (Linux; Android 11; M2003J15SC) AppleWebKit/537.36 (KHTML, like Gecko) Chrome/97.0.4692.98 Mobile Safari/537.36"
89.251.16.247 - - [26/Jan/2022:23:41:09 +0300] "GET /components/com_sppagebuilder/assets/css/sppagebuilder.css HTTP/1.1" 200 99521 "https://mendeleevskazot.ru/ru/vakansii" "Mozilla/5.0 (Linux; Android 11; M2003J15SC) AppleWebKit/537.36 (KHTML, like Gecko) Chrome/97.0.4692.98 Mobile Safari/537.36"
89.251.16.247 - - [26/Jan/2022:23:41:09 +0300] "GET /modules/mod_sj_flat_menu/assets/css/styles.css HTTP/1.1" 200 2436 "https://mendeleevskazot.ru/ru/vakansii" "Mozilla/5.0 (Linux; Android 11; M2003J15SC) AppleWebKit/537.36 (KHTML, like Gecko) Chrome/97.0.4692.98 Mobile Safari/537.36"
89.251.16.247 - - [26/Jan/2022:23:41:09 +0300] "GET /components/com_sppagebuilder/assets/css/magnific-popup.css HTTP/1.1" 200 5920 "https://mendeleevskazot.ru/ru/vakansii" "Mozilla/5.0 (Linux; Android 11; M2003J15SC) AppleWebKit/537.36 (KHTML, like Gecko) Chrome/97.0.4692.98 Mobile Safari/537.36"
89.251.16.247 - - [26/Jan/2022:23:41:09 +0300] "GET /media/jui/js/jquery-noconflict.js?174e1f4285ca6738dd507f1e7561b65c HTTP/1.1" 200 21 "https://mendeleevskazot.ru/ru/vakansii" "Mozilla/5.0 (Linux; Android 11; M2003J15SC) AppleWebKit/537.36 (KHTML, like Gecko) Chrome/97.0.4692.98 Mobile Safari/537.36"
89.251.16.247 - - [26/Jan/2022:23:41:09 +0300] "GET /media/mod_languages/css/template.css?174e1f4285ca6738dd507f1e7561b65c HTTP/1.1" 200 335 "https://mendeleevskazot.ru/ru/vakansii" "Mozilla/5.0 (Linux; Android 11; M2003J15SC) AppleWebKit/537.36 (KHTML, like Gecko) Chrome/97.0.4692.98 Mobile Safari/537.36"
89.251.16.247 - - [26/Jan/2022:23:41:09 +0300] "GET /modules/mod_gruemenu/css/styles.css HTTP/1.1" 200 4474 "https://mendeleevskazot.ru/ru/vakansii" "Mozilla/5.0 (Linux; Android 11; M2003J15SC) AppleWebKit/537.36 (KHTML, like Gecko) Chrome/97.0.4692.98 Mobile Safari/537.36"
89.251.16.247 - - [26/Jan/2022:23:41:09 +0300] "GET /media/jui/js/jquery-migrate.min.js?174e1f4285ca6738dd507f1e7561b65c HTTP/1.1" 200 10056 "https://mendeleevskazot.ru/ru/vakansii" "Mozilla/5.0 (Linux; Android 11; M2003J15SC) AppleWebKit/537.36 (KHTML, like Gecko) Chrome/97.0.4692.98 Mobile Safari/537.36"
89.251.16.247 - - [26/Jan/2022:23:41:09 +0300] "GET /media/jui/js/jquery.min.js?174e1f4285ca6738dd507f1e7561b65c HTTP/1.1" 200 97646 "https://mendeleevskazot.ru/ru/vakansii" "Mozilla/5.0 (Linux; Android 11; M2003J15SC) AppleWebKit/537.36 (KHTML, like Gecko) Chrome/97.0.4692.98 Mobile Safari/537.36"
89.251.16.247 - - [26/Jan/2022:23:41:09 +0300] "GET /media/system/js/caption.js?174e1f4285ca6738dd507f1e7561b65c HTTP/1.1" 200 491 "https://mendeleevskazot.ru/ru/vakansii" "Mozilla/5.0 (Linux; Android 11; M2003J15SC) AppleWebKit/537.36 (KHTML, like Gecko) Chrome/97.0.4692.98 Mobile Safari/537.36"
89.251.16.247 - - [26/Jan/2022:23:41:09 +0300] "GET /templates/shaper_helix3/js/frontend-edit.js HTTP/1.1" 200 1948 "https://mendeleevskazot.ru/ru/vakansii" "Mozilla/5.0 (Linux; Android 11; M2003J15SC) AppleWebKit/537.36 (KHTML, like Gecko) Chrome/97.0.4692.98 Mobile Safari/537.36"
89.251.16.247 - - [26/Jan/2022:23:41:09 +0300] "GET /templates/shaper_helix3/js/bootstrap.min.js HTTP/1.1" 200 37045 "https://mendeleevskazot.ru/ru/vakansii" "Mozilla/5.0 (Linux; Android 11; M2003J15SC) AppleWebKit/537.36 (KHTML, like Gecko) Chrome/97.0.4692.98 Mobile Safari/537.36"
89.251.16.247 - - [26/Jan/2022:23:41:09 +0300] "GET /components/com_sppagebuilder/assets/js/jquery.parallax-1.1.3.js HTTP/1.1" 200 892 "https://mendeleevskazot.ru/ru/vakansii" "Mozilla/5.0 (Linux; Android 11; M2003J15SC) AppleWebKit/537.36 (KHTML, like Gecko) Chrome/97.0.4692.98 Mobile Safari/537.36"
89.251.16.247 - - [26/Jan/2022:23:41:09 +0300] "GET /templates/shaper_helix3/js/jquery.sticky.js HTTP/1.1" 200 5739 "https://mendeleevskazot.ru/ru/vakansii" "Mozilla/5.0 (Linux; Android 11; M2003J15SC) AppleWebKit/537.36 (KHTML, like Gecko) Chrome/97.0.4692.98 Mobile Safari/537.36"
89.251.16.247 - - [26/Jan/2022:23:41:09 +0300] "GET /templates/shaper_helix3/js/main.js HTTP/1.1" 200 8773 "https://mendeleevskazot.ru/ru/vakansii" "Mozilla/5.0 (Linux; Android 11; M2003J15SC) AppleWebKit/537.36 (KHTML, like Gecko) Chrome/97.0.4692.98 Mobile Safari/537.36"
89.251.16.247 - - [26/Jan/2022:23:41:09 +0300] "GET /components/com_sppagebuilder/assets/js/sppagebuilder.js HTTP/1.1" 200 35661 "https://mendeleevskazot.ru/ru/vakansii" "Mozilla/5.0 (Linux; Android 11; M2003J15SC) AppleWebKit/537.36 (KHTML, like Gecko) Chrome/97.0.4692.98 Mobile Safari/537.36"
89.251.16.247 - - [26/Jan/2022:23:41:09 +0300] "GET /modules/mod_gruemenu/js/touchwipe.min.js HTTP/1.1" 200 2254 "https://mendeleevskazot.ru/ru/vakansii" "Mozilla/5.0 (Linux; Android 11; M2003J15SC) AppleWebKit/537.36 (KHTML, like Gecko) Chrome/97.0.4692.98 Mobile Safari/537.36"
89.251.16.247 - - [26/Jan/2022:23:41:09 +0300] "GET /components/com_sppagebuilder/assets/js/jquery.magnific-popup.min.js HTTP/1.1" 200 20033 "https://mendeleevskazot.ru/ru/vakansii" "Mozilla/5.0 (Linux; Android 11; M2003J15SC) AppleWebKit/537.36 (KHTML, like Gecko) Chrome/97.0.4692.98 Mobile Safari/537.36"
89.251.16.247 - - [26/Jan/2022:23:41:09 +0300] "GET /modules/mod_gruemenu/js/sidr.js HTTP/1.1" 200 9880 "https://mendeleevskazot.ru/ru/vakansii" "Mozilla/5.0 (Linux; Android 11; M2003J15SC) AppleWebKit/537.36 (KHTML, like Gecko) Chrome/97.0.4692.98 Mobile Safari/537.36"
89.251.16.247 - - [26/Jan/2022:23:41:09 +0300] "GET /modules/mod_gruemenu/js/script.js HTTP/1.1" 200 752 "https://mendeleevskazot.ru/ru/vakansii" "Mozilla/5.0 (Linux; Android 11; M2003J15SC) AppleWebKit/537.36 (KHTML, like Gecko) Chrome/97.0.4692.98 Mobile Safari/537.36"
89.251.16.247 - - [26/Jan/2022:23:41:09 +0300] "GET /media/mod_languages/images/ru_ru.gif HTTP/1.1" 200 94 "https://mendeleevskazot.ru/ru/vakansii" "Mozilla/5.0 (Linux; Android 11; M2003J15SC) AppleWebKit/537.36 (KHTML, like Gecko) Chrome/97.0.4692.98 Mobile Safari/537.36"
89.251.16.247 - - [26/Jan/2022:23:41:09 +0300] "GET /media/mod_languages/images/en_gb.gif HTTP/1.1" 200 1027 "https://mendeleevskazot.ru/ru/vakansii" "Mozilla/5.0 (Linux; Android 11; M2003J15SC) AppleWebKit/537.36 (KHTML, like Gecko) Chrome/97.0.4692.98 Mobile Safari/537.36"
89.251.16.247 - - [26/Jan/2022:23:41:09 +0300] "GET /images/placeholder-1.png HTTP/1.1" 200 1226 "https://mendeleevskazot.ru/ru/vakansii" "Mozilla/5.0 (Linux; Android 11; M2003J15SC) AppleWebKit/537.36 (KHTML, like Gecko) Chrome/97.0.4692.98 Mobile Safari/537.36"
89.251.16.247 - - [26/Jan/2022:23:41:09 +0300] "GET /images/2021/12/10/logo-mendeleevskazot.png HTTP/1.1" 200 35174 "https://mendeleevskazot.ru/ru/vakansii" "Mozilla/5.0 (Linux; Android 11; M2003J15SC) AppleWebKit/537.36 (KHTML, like Gecko) Chrome/97.0.4692.98 Mobile Safari/537.36"
89.251.16.247 - - [26/Jan/2022:23:41:09 +0300] "GET /images/word.png HTTP/1.1" 200 738 "https://mendeleevskazot.ru/ru/vakansii" "Mozilla/5.0 (Linux; Android 11; M2003J15SC) AppleWebKit/537.36 (KHTML, like Gecko) Chrome/97.0.4692.98 Mobile Safari/537.36"
89.251.16.247 - - [26/Jan/2022:23:41:09 +0300] "GET /templates/shaper_helix3/fonts/fontawesome-webfont.woff2?v=4.7.0 HTTP/1.0" 200 77387 "https://mendeleevskazot.ru/templates/shaper_helix3/css/font-awesome.min.css" "Mozilla/5.0 (Linux; Android 11; M2003J15SC) AppleWebKit/537.36 (KHTML, like Gecko) Chrome/97.0.4692.98 Mobile Safari/537.36"
89.251.16.247 - - [26/Jan/2022:23:41:09 +0300] "GET /templates/shaper_helix3/images/helix-logo-white.png HTTP/1.0" 301 521 "https://mendeleevskazot.ru/templates/shaper_helix3/css/template.css" "Mozilla/5.0 (Linux; Android 11; M2003J15SC) AppleWebKit/537.36 (KHTML, like Gecko) Chrome/97.0.4692.98 Mobile Safari/537.36"
89.251.16.247 - - [26/Jan/2022:23:41:09 +0300] "GET /images/2018/06/20/img-slider-8.jpg HTTP/1.1" 200 173709 "https://mendeleevskazot.ru/ru/vakansii" "Mozilla/5.0 (Linux; Android 11; M2003J15SC) AppleWebKit/537.36 (KHTML, like Gecko) Chrome/97.0.4692.98 Mobile Safari/537.36"
89.251.16.247 - - [26/Jan/2022:23:41:10 +0300] "GET /ru/templates/shaper_helix3/images/helix-logo-white.png HTTP/1.0" 404 1692 "https://mendeleevskazot.ru/templates/shaper_helix3/css/template.css" "Mozilla/5.0 (Linux; Android 11; M2003J15SC) AppleWebKit/537.36 (KHTML, like Gecko) Chrome/97.0.4692.98 Mobile Safari/537.36"
89.251.16.247 - - [26/Jan/2022:23:41:10 +0300] "GET /images/favicon.ico HTTP/1.0" 200 4551 "https://mendeleevskazot.ru/ru/vakansii" "Mozilla/5.0 (Linux; Android 11; M2003J15SC) AppleWebKit/537.36 (KHTML, like Gecko) Chrome/97.0.4692.98 Mobile Safari/537.36"
207.46.13.101 - - [26/Jan/2022:23:46:57 +0300] "GET /en/contacts HTTP/1.0" 200 7498 "-" "Mozilla/5.0 (compatible; bingbot/2.0; +http://www.bing.com/bingbot.htm)"
91.199.149.239 - - [26/Jan/2022:23:47:44 +0300] "GET /administrator/index.php HTTP/1.1" 301 196 "-" "Mozilla/5.0 (Windows NT 6.1) AppleWebKit/537.36 (KHTML, like Gecko) Chrome/45.0.2454.85 Safari/537.36 OPR/32.0.1948.45"
91.199.149.239 - - [26/Jan/2022:23:47:45 +0300] "GET /administrator/index.php HTTP/1.0" 200 7478 "-" "Mozilla/5.0 (Windows NT 6.1) AppleWebKit/537.36 (KHTML, like Gecko) Chrome/45.0.2454.85 Safari/537.36 OPR/32.0.1948.45"
91.199.149.239 - - [26/Jan/2022:23:47:45 +0300] "POST /administrator/index.php HTTP/1.0" 301 185 "-" "Mozilla/5.0 (Windows NT 6.1) AppleWebKit/537.36 (KHTML, like Gecko) Chrome/45.0.2454.85 Safari/537.36 OPR/32.0.1948.45"
91.199.149.239 - - [26/Jan/2022:23:47:46 +0300] "POST /administrator/index.php HTTP/1.0" 200 7764 "-" "Mozilla/5.0 (Windows NT 6.1) AppleWebKit/537.36 (KHTML, like Gecko) Chrome/45.0.2454.85 Safari/537.36 OPR/32.0.1948.45"
45.86.202.34 - - [26/Jan/2022:23:49:40 +0300] "GET /administrator/index.php HTTP/1.1" 301 196 "-" "Mozilla/5.0 (Windows NT 6.1) AppleWebKit/537.36 (KHTML, like Gecko) Chrome/45.0.2454.85 Safari/537.36 OPR/32.0.1948.45"
45.86.202.34 - - [26/Jan/2022:23:49:42 +0300] "GET /administrator/index.php HTTP/1.0" 200 7478 "-" "Mozilla/5.0 (Windows NT 6.1) AppleWebKit/537.36 (KHTML, like Gecko) Chrome/45.0.2454.85 Safari/537.36 OPR/32.0.1948.45"
45.86.202.34 - - [26/Jan/2022:23:49:43 +0300] "POST /administrator/index.php HTTP/1.0" 301 185 "-" "Mozilla/5.0 (Windows NT 6.1) AppleWebKit/537.36 (KHTML, like Gecko) Chrome/45.0.2454.85 Safari/537.36 OPR/32.0.1948.45"
45.86.202.34 - - [26/Jan/2022:23:49:44 +0300] "POST /administrator/index.php HTTP/1.0" 200 7764 "-" "Mozilla/5.0 (Windows NT 6.1) AppleWebKit/537.36 (KHTML, like Gecko) Chrome/45.0.2454.85 Safari/537.36 OPR/32.0.1948.45"
54.37.22.6 - - [26/Jan/2022:23:49:59 +0300] "GET /images/2018/06/18/award.png HTTP/1.1" 200 3422 "-" "-"
54.37.22.6 - - [26/Jan/2022:23:49:59 +0300] "GET /images/2018/06/20/logos_05.jpg HTTP/1.1" 200 9640 "-" "-"
54.37.22.6 - - [26/Jan/2022:23:50:00 +0300] "GET /images/2020/03/02/av4cwvxhlq0ws404c8oowcgkwww88w.jpg HTTP/1.1" 200 23496 "-" "-"
54.37.22.6 - - [26/Jan/2022:23:50:20 +0300] "GET /images/2018/06/20/logos_09.jpg HTTP/1.1" 200 7998 "-" "-"
54.37.22.6 - - [26/Jan/2022:23:50:20 +0300] "GET /images/2018/06/18/book.png HTTP/1.1" 200 2518 "-" "-"
54.37.22.6 - - [26/Jan/2022:23:50:20 +0300] "GET /images/2018/06/18/handshake.png HTTP/1.1" 200 2299 "-" "-"
91.199.149.239 - - [26/Jan/2022:23:55:46 +0300] "GET /administrator/index.php HTTP/1.1" 301 196 "-" "Mozilla/5.0 (Windows NT 6.1) AppleWebKit/537.36 (KHTML, like Gecko) Chrome/45.0.2454.85 Safari/537.36 OPR/32.0.1948.45"
91.199.149.239 - - [26/Jan/2022:23:55:46 +0300] "GET /administrator/index.php HTTP/1.0" 200 7478 "-" "Mozilla/5.0 (Windows NT 6.1) AppleWebKit/537.36 (KHTML, like Gecko) Chrome/45.0.2454.85 Safari/537.36 OPR/32.0.1948.45"
91.199.149.239 - - [26/Jan/2022:23:55:47 +0300] "POST /administrator/index.php HTTP/1.0" 301 185 "-" "Mozilla/5.0 (Windows NT 6.1) AppleWebKit/537.36 (KHTML, like Gecko) Chrome/45.0.2454.85 Safari/537.36 OPR/32.0.1948.45"
91.199.149.239 - - [26/Jan/2022:23:55:47 +0300] "POST /administrator/index.php HTTP/1.0" 200 7764 "-" "Mozilla/5.0 (Windows NT 6.1) AppleWebKit/537.36 (KHTML, like Gecko) Chrome/45.0.2454.85 Safari/537.36 OPR/32.0.1948.45"
85.140.7.123 - - [26/Jan/2022:23:59:56 +0300] "GET /images/2021/12/10/logo-mendeleevskazot.png HTTP/1.1" 200 35174 "https://myactivity.google.com/" "Mozilla/5.0 (Linux; Android 10; HRY-LX1 Build/HONORHRY-L21; wv) AppleWebKit/537.36 (KHTML, like Gecko) Version/4.0 Chrome/97.0.4692.87 Mobile Safari/537.36 OcIdWebView ({\x22os\x22:\x22Android\x22,\x22osVersion\x22:\x2229\x22,\x22app\x22:\x22com.google.android.gms\x22,\x22appVersion\x22:\x22219\x22,\x22style\x22:2,\x22isDarkTheme\x22:false})"
91.199.149.239 - - [27/Jan/2022:00:03:47 +0300] "GET /administrator/index.php HTTP/1.1" 301 196 "-" "Mozilla/5.0 (Windows NT 6.1) AppleWebKit/537.36 (KHTML, like Gecko) Chrome/45.0.2454.85 Safari/537.36 OPR/32.0.1948.45"
91.199.149.239 - - [27/Jan/2022:00:03:47 +0300] "GET /administrator/index.php HTTP/1.0" 200 7478 "-" "Mozilla/5.0 (Windows NT 6.1) AppleWebKit/537.36 (KHTML, like Gecko) Chrome/45.0.2454.85 Safari/537.36 OPR/32.0.1948.45"
91.199.149.239 - - [27/Jan/2022:00:03:48 +0300] "POST /administrator/index.php HTTP/1.0" 301 185 "-" "Mozilla/5.0 (Windows NT 6.1) AppleWebKit/537.36 (KHTML, like Gecko) Chrome/45.0.2454.85 Safari/537.36 OPR/32.0.1948.45"
91.199.149.239 - - [27/Jan/2022:00:03:48 +0300] "POST /administrator/index.php HTTP/1.0" 200 7764 "-" "Mozilla/5.0 (Windows NT 6.1) AppleWebKit/537.36 (KHTML, like Gecko) Chrome/45.0.2454.85 Safari/537.36 OPR/32.0.1948.45"
40.77.167.105 - - [27/Jan/2022:00:09:20 +0300] "GET /robots.txt HTTP/1.0" 200 696 "-" "Mozilla/5.0 (compatible; bingbot/2.0; +http://www.bing.com/bingbot.htm)"
40.77.167.105 - - [27/Jan/2022:00:09:20 +0300] "GET /robots.txt HTTP/1.0" 200 696 "-" "Mozilla/5.0 (compatible; bingbot/2.0; +http://www.bing.com/bingbot.htm)"
157.55.39.122 - - [27/Jan/2022:00:09:32 +0300] "GET /registrations/aqkho-pvtmrdx-vzdb-w10005-vhspgcf-kdyimv-q244331-jqidg.cfm HTTP/1.0" 301 647 "-" "Mozilla/5.0 (compatible; bingbot/2.0; +http://www.bing.com/bingbot.htm)"
91.199.149.239 - - [27/Jan/2022:00:11:49 +0300] "GET /administrator/index.php HTTP/1.1" 301 196 "-" "Mozilla/5.0 (Windows NT 6.1) AppleWebKit/537.36 (KHTML, like Gecko) Chrome/45.0.2454.85 Safari/537.36 OPR/32.0.1948.45"
91.199.149.239 - - [27/Jan/2022:00:11:49 +0300] "GET /administrator/index.php HTTP/1.0" 200 7478 "-" "Mozilla/5.0 (Windows NT 6.1) AppleWebKit/537.36 (KHTML, like Gecko) Chrome/45.0.2454.85 Safari/537.36 OPR/32.0.1948.45"
91.199.149.239 - - [27/Jan/2022:00:11:50 +0300] "POST /administrator/index.php HTTP/1.0" 301 185 "-" "Mozilla/5.0 (Windows NT 6.1) AppleWebKit/537.36 (KHTML, like Gecko) Chrome/45.0.2454.85 Safari/537.36 OPR/32.0.1948.45"
91.199.149.239 - - [27/Jan/2022:00:11:50 +0300] "POST /administrator/index.php HTTP/1.0" 200 7764 "-" "Mozilla/5.0 (Windows NT 6.1) AppleWebKit/537.36 (KHTML, like Gecko) Chrome/45.0.2454.85 Safari/537.36 OPR/32.0.1948.45"
45.86.202.34 - - [27/Jan/2022:00:12:24 +0300] "GET /administrator/index.php HTTP/1.1" 301 196 "-" "Mozilla/5.0 (Windows NT 6.1) AppleWebKit/537.36 (KHTML, like Gecko) Chrome/45.0.2454.85 Safari/537.36 OPR/32.0.1948.45"
45.86.202.34 - - [27/Jan/2022:00:12:25 +0300] "GET /administrator/index.php HTTP/1.0" 200 7478 "-" "Mozilla/5.0 (Windows NT 6.1) AppleWebKit/537.36 (KHTML, like Gecko) Chrome/45.0.2454.85 Safari/537.36 OPR/32.0.1948.45"
45.86.202.34 - - [27/Jan/2022:00:12:26 +0300] "POST /administrator/index.php HTTP/1.0" 301 185 "-" "Mozilla/5.0 (Windows NT 6.1) AppleWebKit/537.36 (KHTML, like Gecko) Chrome/45.0.2454.85 Safari/537.36 OPR/32.0.1948.45"
45.86.202.34 - - [27/Jan/2022:00:12:27 +0300] "POST /administrator/index.php HTTP/1.0" 200 7764 "-" "Mozilla/5.0 (Windows NT 6.1) AppleWebKit/537.36 (KHTML, like Gecko) Chrome/45.0.2454.85 Safari/537.36 OPR/32.0.1948.45"
91.199.149.239 - - [27/Jan/2022:00:19:33 +0300] "GET /administrator/index.php HTTP/1.1" 301 196 "-" "Mozilla/5.0 (Windows NT 6.1) AppleWebKit/537.36 (KHTML, like Gecko) Chrome/45.0.2454.85 Safari/537.36 OPR/32.0.1948.45"
91.199.149.239 - - [27/Jan/2022:00:19:33 +0300] "GET /administrator/index.php HTTP/1.0" 200 7478 "-" "Mozilla/5.0 (Windows NT 6.1) AppleWebKit/537.36 (KHTML, like Gecko) Chrome/45.0.2454.85 Safari/537.36 OPR/32.0.1948.45"
91.199.149.239 - - [27/Jan/2022:00:19:34 +0300] "POST /administrator/index.php HTTP/1.0" 301 185 "-" "Mozilla/5.0 (Windows NT 6.1) AppleWebKit/537.36 (KHTML, like Gecko) Chrome/45.0.2454.85 Safari/537.36 OPR/32.0.1948.45"
91.199.149.239 - - [27/Jan/2022:00:19:34 +0300] "POST /administrator/index.php HTTP/1.0" 200 7764 "-" "Mozilla/5.0 (Windows NT 6.1) AppleWebKit/537.36 (KHTML, like Gecko) Chrome/45.0.2454.85 Safari/537.36 OPR/32.0.1948.45"
91.199.149.239 - - [27/Jan/2022:00:27:39 +0300] "GET /administrator/index.php HTTP/1.1" 301 196 "-" "Mozilla/5.0 (Windows NT 6.1) AppleWebKit/537.36 (KHTML, like Gecko) Chrome/45.0.2454.85 Safari/537.36 OPR/32.0.1948.45"
91.199.149.239 - - [27/Jan/2022:00:27:39 +0300] "GET /administrator/index.php HTTP/1.0" 200 7478 "-" "Mozilla/5.0 (Windows NT 6.1) AppleWebKit/537.36 (KHTML, like Gecko) Chrome/45.0.2454.85 Safari/537.36 OPR/32.0.1948.45"
91.199.149.239 - - [27/Jan/2022:00:27:40 +0300] "POST /administrator/index.php HTTP/1.0" 301 185 "-" "Mozilla/5.0 (Windows NT 6.1) AppleWebKit/537.36 (KHTML, like Gecko) Chrome/45.0.2454.85 Safari/537.36 OPR/32.0.1948.45"
91.199.149.239 - - [27/Jan/2022:00:27:40 +0300] "POST /administrator/index.php HTTP/1.0" 200 7764 "-" "Mozilla/5.0 (Windows NT 6.1) AppleWebKit/537.36 (KHTML, like Gecko) Chrome/45.0.2454.85 Safari/537.36 OPR/32.0.1948.45"
45.86.202.34 - - [27/Jan/2022:00:33:53 +0300] "GET /administrator/index.php HTTP/1.1" 301 196 "-" "Mozilla/5.0 (Windows NT 6.1) AppleWebKit/537.36 (KHTML, like Gecko) Chrome/45.0.2454.85 Safari/537.36 OPR/32.0.1948.45"
