91.199.149.239 - - [27/Jan/2022:22:23:56 +0300] "GET /administrator/index.php HTTP/1.0" 200 7478 "-" "Mozilla/5.0 (Windows NT 6.1) AppleWebKit/537.36 (KHTML, like Gecko) Chrome/45.0.2454.85 Safari/537.36 OPR/32.0.1948.45"
91.199.149.239 - - [27/Jan/2022:22:23:57 +0300] "POST /administrator/index.php HTTP/1.0" 301 185 "-" "Mozilla/5.0 (Windows NT 6.1) AppleWebKit/537.36 (KHTML, like Gecko) Chrome/45.0.2454.85 Safari/537.36 OPR/32.0.1948.45"
91.199.149.239 - - [27/Jan/2022:22:23:57 +0300] "POST /administrator/index.php HTTP/1.0" 200 7764 "-" "Mozilla/5.0 (Windows NT 6.1) AppleWebKit/537.36 (KHTML, like Gecko) Chrome/45.0.2454.85 Safari/537.36 OPR/32.0.1948.45"
91.199.149.239 - - [27/Jan/2022:22:32:04 +0300] "GET /administrator/index.php HTTP/1.1" 301 196 "-" "Mozilla/5.0 (Windows NT 6.1) AppleWebKit/537.36 (KHTML, like Gecko) Chrome/45.0.2454.85 Safari/537.36 OPR/32.0.1948.45"
91.199.149.239 - - [27/Jan/2022:22:32:04 +0300] "GET /administrator/index.php HTTP/1.0" 200 7478 "-" "Mozilla/5.0 (Windows NT 6.1) AppleWebKit/537.36 (KHTML, like Gecko) Chrome/45.0.2454.85 Safari/537.36 OPR/32.0.1948.45"
91.199.149.239 - - [27/Jan/2022:22:32:05 +0300] "POST /administrator/index.php HTTP/1.0" 301 185 "-" "Mozilla/5.0 (Windows NT 6.1) AppleWebKit/537.36 (KHTML, like Gecko) Chrome/45.0.2454.85 Safari/537.36 OPR/32.0.1948.45"
91.199.149.239 - - [27/Jan/2022:22:32:05 +0300] "POST /administrator/index.php HTTP/1.0" 200 7764 "-" "Mozilla/5.0 (Windows NT 6.1) AppleWebKit/537.36 (KHTML, like Gecko) Chrome/45.0.2454.85 Safari/537.36 OPR/32.0.1948.45"
46.161.11.4 - - [27/Jan/2022:22:40:14 +0300] "GET /media/attachments/2018/09/16/certificate_iso_14001-2015.pdf HTTP/1.0" 200 564714 "-" "Mozilla/4.0 (compatible; MSIE 6.0; Windows NT 5.1; SV1)"
91.199.149.239 - - [27/Jan/2022:22:40:30 +0300] "GET /administrator/index.php HTTP/1.1" 301 196 "-" "Mozilla/5.0 (Windows NT 6.1) AppleWebKit/537.36 (KHTML, like Gecko) Chrome/45.0.2454.85 Safari/537.36 OPR/32.0.1948.45"
91.199.149.239 - - [27/Jan/2022:22:40:30 +0300] "GET /administrator/index.php HTTP/1.0" 200 7478 "-" "Mozilla/5.0 (Windows NT 6.1) AppleWebKit/537.36 (KHTML, like Gecko) Chrome/45.0.2454.85 Safari/537.36 OPR/32.0.1948.45"
91.199.149.239 - - [27/Jan/2022:22:40:31 +0300] "POST /administrator/index.php HTTP/1.0" 301 185 "-" "Mozilla/5.0 (Windows NT 6.1) AppleWebKit/537.36 (KHTML, like Gecko) Chrome/45.0.2454.85 Safari/537.36 OPR/32.0.1948.45"
91.199.149.239 - - [27/Jan/2022:22:40:31 +0300] "POST /administrator/index.php HTTP/1.0" 200 7764 "-" "Mozilla/5.0 (Windows NT 6.1) AppleWebKit/537.36 (KHTML, like Gecko) Chrome/45.0.2454.85 Safari/537.36 OPR/32.0.1948.45"
157.55.39.149 - - [27/Jan/2022:22:40:35 +0300] "GET /robots.txt HTTP/1.0" 200 696 "-" "Mozilla/5.0 (compatible; bingbot/2.0; +http://www.bing.com/bingbot.htm)"
157.55.39.149 - - [27/Jan/2022:22:40:36 +0300] "GET /robots.txt HTTP/1.0" 200 696 "-" "Mozilla/5.0 (compatible; bingbot/2.0; +http://www.bing.com/bingbot.htm)"
207.46.13.101 - - [27/Jan/2022:22:40:41 +0300] "GET /media/system/js/caption.js?174e1f4285ca6738dd507f1e7561b65c HTTP/1.1" 200 491 "-" "Mozilla/5.0 (compatible; MSIE 9.0; Windows NT 6.1; Trident/5.0)"
216.244.66.249 - - [27/Jan/2022:22:42:07 +0300] "GET /robots.txt HTTP/1.1" 301 196 "-" "Mozilla/5.0 (compatible; DotBot/1.2; +https://opensiteexplorer.org/dotbot; help@moz.com)"
216.244.66.249 - - [27/Jan/2022:22:42:08 +0300] "GET /robots.txt HTTP/1.1" 301 196 "-" "Mozilla/5.0 (compatible; DotBot/1.2; +https://opensiteexplorer.org/dotbot; help@moz.com)"
216.244.66.249 - - [27/Jan/2022:22:42:08 +0300] "GET /robots.txt HTTP/1.0" 200 1108 "-" "Mozilla/5.0 (compatible; DotBot/1.2; +https://opensiteexplorer.org/dotbot; help@moz.com)"
216.244.66.249 - - [27/Jan/2022:22:42:08 +0300] "GET /robots.txt HTTP/1.0" 200 1108 "-" "Mozilla/5.0 (compatible; DotBot/1.2; +https://opensiteexplorer.org/dotbot; help@moz.com)"
77.88.5.6 - - [27/Jan/2022:22:46:33 +0300] "GET /robots.txt HTTP/1.1" 301 196 "-" "Mozilla/5.0 (compatible; YandexBot/3.0; +http://yandex.com/bots)"
77.88.5.6 - - [27/Jan/2022:22:46:33 +0300] "GET /robots.txt HTTP/1.0" 200 1108 "-" "Mozilla/5.0 (compatible; YandexBot/3.0; +http://yandex.com/bots)"
77.88.5.6 - - [27/Jan/2022:22:46:37 +0300] "GET / HTTP/1.1" 301 196 "-" "Mozilla/5.0 (compatible; YandexBot/3.0; +http://yandex.com/bots)"
77.88.5.6 - - [27/Jan/2022:22:46:37 +0300] "GET /robots.txt HTTP/1.0" 200 1108 "-" "Mozilla/5.0 (compatible; YandexBot/3.0; +http://yandex.com/bots)"
77.88.5.6 - - [27/Jan/2022:22:46:41 +0300] "GET / HTTP/1.0" 301 575 "-" "Mozilla/5.0 (compatible; YandexBot/3.0; +http://yandex.com/bots)"
93.158.161.73 - - [27/Jan/2022:22:46:55 +0300] "GET /ru/ HTTP/1.0" 200 14827 "-" "Mozilla/5.0 (compatible; YandexBot/3.0; +http://yandex.com/bots)"
85.140.1.144 - - [27/Jan/2022:22:47:26 +0300] "GET /ru/kontakty HTTP/1.0" 200 8250 "-" "Mozilla/5.0 (iPhone; CPU iPhone OS 14_4 like Mac OS X) AppleWebKit/605.1.15 (KHTML, like Gecko) CriOS/96.0.4664.53 Mobile/15E148 Safari/604.1"
85.140.1.144 - - [27/Jan/2022:22:47:29 +0300] "GET /templates/shaper_helix3/images/helix-logo-white.png HTTP/1.0" 301 521 "https://mendeleevskazot.ru/ru/kontakty" "Mozilla/5.0 (iPhone; CPU iPhone OS 14_4 like Mac OS X) AppleWebKit/605.1.15 (KHTML, like Gecko) CriOS/96.0.4664.53 Mobile/15E148 Safari/604.1"
85.140.1.144 - - [27/Jan/2022:22:47:29 +0300] "GET /ru/templates/shaper_helix3/images/helix-logo-white.png HTTP/1.0" 404 1692 "https://mendeleevskazot.ru/ru/kontakty" "Mozilla/5.0 (iPhone; CPU iPhone OS 14_4 like Mac OS X) AppleWebKit/605.1.15 (KHTML, like Gecko) CriOS/96.0.4664.53 Mobile/15E148 Safari/604.1"
216.244.66.249 - - [27/Jan/2022:22:47:31 +0300] "GET /media/jmsm-rgxqhp-jilbmp-w10002-zsbnqps-vltbf-pxlltclm-hjrgxjep-qtxvtbhj-q56852-emeiye.cfm HTTP/1.0" 301 665 "-" "Mozilla/5.0 (compatible; DotBot/1.2; +https://opensiteexplorer.org/dotbot; help@moz.com)"
45.86.202.34 - - [27/Jan/2022:22:47:51 +0300] "GET /administrator/index.php HTTP/1.1" 301 196 "-" "Mozilla/5.0 (Windows NT 6.1) AppleWebKit/537.36 (KHTML, like Gecko) Chrome/45.0.2454.85 Safari/537.36 OPR/32.0.1948.45"
45.86.202.34 - - [27/Jan/2022:22:47:52 +0300] "GET /administrator/index.php HTTP/1.0" 200 7478 "-" "Mozilla/5.0 (Windows NT 6.1) AppleWebKit/537.36 (KHTML, like Gecko) Chrome/45.0.2454.85 Safari/537.36 OPR/32.0.1948.45"
45.86.202.34 - - [27/Jan/2022:22:47:53 +0300] "POST /administrator/index.php HTTP/1.0" 301 185 "-" "Mozilla/5.0 (Windows NT 6.1) AppleWebKit/537.36 (KHTML, like Gecko) Chrome/45.0.2454.85 Safari/537.36 OPR/32.0.1948.45"
45.86.202.34 - - [27/Jan/2022:22:47:54 +0300] "POST /administrator/index.php HTTP/1.0" 200 7764 "-" "Mozilla/5.0 (Windows NT 6.1) AppleWebKit/537.36 (KHTML, like Gecko) Chrome/45.0.2454.85 Safari/537.36 OPR/32.0.1948.45"
216.244.66.249 - - [27/Jan/2022:22:48:43 +0300] "GET /vakansii/78-main/80-politika-v-oblasti-kachestva HTTP/1.0" 301 623 "-" "Mozilla/5.0 (compatible; DotBot/1.2; +https://opensiteexplorer.org/dotbot; help@moz.com)"
77.88.5.6 - - [27/Jan/2022:22:48:46 +0300] "GET /ru/ HTTP/1.0" 200 14827 "-" "Mozilla/5.0 (compatible; YandexBot/3.0; +http://yandex.com/bots)"
77.88.5.6 - - [27/Jan/2022:22:48:50 +0300] "GET /media/system/js/core.js?174e1f4285ca6738dd507f1e7561b65c HTTP/1.1" 200 8808 "https://mendeleevskazot.ru/ru/" "Mozilla/5.0 (compatible; YandexBot/3.0; +http://yandex.com/bots)"
77.88.5.6 - - [27/Jan/2022:22:48:53 +0300] "GET /media/jui/js/jquery-noconflict.js?174e1f4285ca6738dd507f1e7561b65c HTTP/1.1" 200 21 "https://mendeleevskazot.ru/ru/" "Mozilla/5.0 (compatible; YandexBot/3.0; +http://yandex.com/bots)"
91.199.149.239 - - [27/Jan/2022:22:48:54 +0300] "GET /administrator/index.php HTTP/1.1" 301 196 "-" "Mozilla/5.0 (Windows NT 6.1) AppleWebKit/537.36 (KHTML, like Gecko) Chrome/45.0.2454.85 Safari/537.36 OPR/32.0.1948.45"
91.199.149.239 - - [27/Jan/2022:22:48:54 +0300] "GET /administrator/index.php HTTP/1.0" 200 7478 "-" "Mozilla/5.0 (Windows NT 6.1) AppleWebKit/537.36 (KHTML, like Gecko) Chrome/45.0.2454.85 Safari/537.36 OPR/32.0.1948.45"
91.199.149.239 - - [27/Jan/2022:22:48:55 +0300] "POST /administrator/index.php HTTP/1.0" 301 185 "-" "Mozilla/5.0 (Windows NT 6.1) AppleWebKit/537.36 (KHTML, like Gecko) Chrome/45.0.2454.85 Safari/537.36 OPR/32.0.1948.45"
91.199.149.239 - - [27/Jan/2022:22:48:55 +0300] "POST /administrator/index.php HTTP/1.0" 200 7764 "-" "Mozilla/5.0 (Windows NT 6.1) AppleWebKit/537.36 (KHTML, like Gecko) Chrome/45.0.2454.85 Safari/537.36 OPR/32.0.1948.45"
77.88.5.6 - - [27/Jan/2022:22:48:56 +0300] "GET /templates/shaper_helix3/js/frontend-edit.js HTTP/1.1" 200 1948 "https://mendeleevskazot.ru/ru/" "Mozilla/5.0 (compatible; YandexBot/3.0; +http://yandex.com/bots)"
77.88.5.6 - - [27/Jan/2022:22:48:59 +0300] "GET /media/jui/js/jquery-migrate.min.js?174e1f4285ca6738dd507f1e7561b65c HTTP/1.1" 200 10056 "https://mendeleevskazot.ru/ru/" "Mozilla/5.0 (compatible; YandexBot/3.0; +http://yandex.com/bots)"
77.88.5.6 - - [27/Jan/2022:22:49:02 +0300] "GET /templates/shaper_helix3/js/jquery.sticky.js HTTP/1.1" 200 5739 "https://mendeleevskazot.ru/ru/" "Mozilla/5.0 (compatible; YandexBot/3.0; +http://yandex.com/bots)"
77.88.5.6 - - [27/Jan/2022:22:49:04 +0300] "GET /media/jui/js/jquery.min.js?174e1f4285ca6738dd507f1e7561b65c HTTP/1.1" 200 97646 "https://mendeleevskazot.ru/ru/" "Mozilla/5.0 (compatible; YandexBot/3.0; +http://yandex.com/bots)"
77.88.5.6 - - [27/Jan/2022:22:49:07 +0300] "GET /templates/shaper_helix3/js/bootstrap.min.js HTTP/1.1" 200 37045 "https://mendeleevskazot.ru/ru/" "Mozilla/5.0 (compatible; YandexBot/3.0; +http://yandex.com/bots)"
216.244.66.249 - - [27/Jan/2022:22:49:28 +0300] "GET /images/crkfl_7_.xls HTTP/1.0" 301 598 "-" "Mozilla/5.0 (compatible; DotBot/1.2; +https://opensiteexplorer.org/dotbot; help@moz.com)"
216.244.66.249 - - [27/Jan/2022:22:50:17 +0300] "GET /component/content/article/78-main/93-struktura-vyruchki-v-period-2012-goda-en HTTP/1.0" 301 652 "-" "Mozilla/5.0 (compatible; DotBot/1.2; +https://opensiteexplorer.org/dotbot; help@moz.com)"
216.244.66.249 - - [27/Jan/2022:22:50:22 +0300] "GET /images/2018/07/30/sert2.jpg HTTP/1.1" 200 188911 "-" "Mozilla/5.0 (compatible; DotBot/1.2; +https://opensiteexplorer.org/dotbot; help@moz.com)"
216.244.66.249 - - [27/Jan/2022:22:50:31 +0300] "GET /produktsiya/tekhnicheskij-kislorod/78-main/80-politika-v-oblasti-kachestva-en HTTP/1.0" 301 652 "-" "Mozilla/5.0 (compatible; DotBot/1.2; +https://opensiteexplorer.org/dotbot; help@moz.com)"
77.88.5.6 - - [27/Jan/2022:22:50:32 +0300] "GET /templates/shaper_helix3/js/main.js HTTP/1.1" 200 8773 "https://mendeleevskazot.ru/ru/" "Mozilla/5.0 (compatible; YandexBot/3.0; +http://yandex.com/bots)"
216.244.66.249 - - [27/Jan/2022:22:51:09 +0300] "GET /produktsiya/78-main/80-politika-v-oblasti-kachestva-en HTTP/1.0" 301 633 "-" "Mozilla/5.0 (compatible; DotBot/1.2; +https://opensiteexplorer.org/dotbot; help@moz.com)"
216.244.66.249 - - [27/Jan/2022:22:51:15 +0300] "GET /proizvodstvo/78-main/95-proizvodstvo-en HTTP/1.0" 301 618 "-" "Mozilla/5.0 (compatible; DotBot/1.2; +https://opensiteexplorer.org/dotbot; help@moz.com)"
216.244.66.249 - - [27/Jan/2022:22:53:02 +0300] "GET /component/content/article/78-main/93-struktura-vyruchki-v-period-2012-goda-en HTTP/1.0" 301 656 "-" "Mozilla/5.0 (compatible; DotBot/1.2; +https://opensiteexplorer.org/dotbot; help@moz.com)"
46.161.11.4 - - [27/Jan/2022:22:54:08 +0300] "GET /ru/kontakty HTTP/1.0" 200 8246 "-" "Mozilla/4.0 (compatible; MSIE 6.0; Windows NT 5.1; SV1)"
91.199.149.239 - - [27/Jan/2022:22:56:49 +0300] "GET /administrator/index.php HTTP/1.1" 301 196 "-" "Mozilla/5.0 (Windows NT 6.1) AppleWebKit/537.36 (KHTML, like Gecko) Chrome/45.0.2454.85 Safari/537.36 OPR/32.0.1948.45"
91.199.149.239 - - [27/Jan/2022:22:56:49 +0300] "GET /administrator/index.php HTTP/1.0" 200 7478 "-" "Mozilla/5.0 (Windows NT 6.1) AppleWebKit/537.36 (KHTML, like Gecko) Chrome/45.0.2454.85 Safari/537.36 OPR/32.0.1948.45"
91.199.149.239 - - [27/Jan/2022:22:56:49 +0300] "POST /administrator/index.php HTTP/1.0" 301 185 "-" "Mozilla/5.0 (Windows NT 6.1) AppleWebKit/537.36 (KHTML, like Gecko) Chrome/45.0.2454.85 Safari/537.36 OPR/32.0.1948.45"
91.199.149.239 - - [27/Jan/2022:22:56:50 +0300] "POST /administrator/index.php HTTP/1.0" 200 7764 "-" "Mozilla/5.0 (Windows NT 6.1) AppleWebKit/537.36 (KHTML, like Gecko) Chrome/45.0.2454.85 Safari/537.36 OPR/32.0.1948.45"
216.244.66.249 - - [27/Jan/2022:23:01:55 +0300] "GET /media/attachments/2018/09/16/certificate_iso_14001-2015.pdf HTTP/1.0" 200 564714 "-" "Mozilla/5.0 (compatible; DotBot/1.2; +https://opensiteexplorer.org/dotbot; help@moz.com)"
91.199.149.239 - - [27/Jan/2022:23:04:49 +0300] "GET /administrator/index.php HTTP/1.1" 301 196 "-" "Mozilla/5.0 (Windows NT 6.1) AppleWebKit/537.36 (KHTML, like Gecko) Chrome/45.0.2454.85 Safari/537.36 OPR/32.0.1948.45"
91.199.149.239 - - [27/Jan/2022:23:04:49 +0300] "GET /administrator/index.php HTTP/1.0" 200 7478 "-" "Mozilla/5.0 (Windows NT 6.1) AppleWebKit/537.36 (KHTML, like Gecko) Chrome/45.0.2454.85 Safari/537.36 OPR/32.0.1948.45"
91.199.149.239 - - [27/Jan/2022:23:04:50 +0300] "POST /administrator/index.php HTTP/1.0" 301 185 "-" "Mozilla/5.0 (Windows NT 6.1) AppleWebKit/537.36 (KHTML, like Gecko) Chrome/45.0.2454.85 Safari/537.36 OPR/32.0.1948.45"
91.199.149.239 - - [27/Jan/2022:23:04:50 +0300] "POST /administrator/index.php HTTP/1.0" 200 7764 "-" "Mozilla/5.0 (Windows NT 6.1) AppleWebKit/537.36 (KHTML, like Gecko) Chrome/45.0.2454.85 Safari/537.36 OPR/32.0.1948.45"
91.199.149.239 - - [27/Jan/2022:23:13:04 +0300] "GET /administrator/index.php HTTP/1.1" 301 196 "-" "Mozilla/5.0 (Windows NT 6.1) AppleWebKit/537.36 (KHTML, like Gecko) Chrome/45.0.2454.85 Safari/537.36 OPR/32.0.1948.45"
91.199.149.239 - - [27/Jan/2022:23:13:04 +0300] "GET /administrator/index.php HTTP/1.0" 200 7478 "-" "Mozilla/5.0 (Windows NT 6.1) AppleWebKit/537.36 (KHTML, like Gecko) Chrome/45.0.2454.85 Safari/537.36 OPR/32.0.1948.45"
91.199.149.239 - - [27/Jan/2022:23:13:06 +0300] "POST /administrator/index.php HTTP/1.0" 301 185 "-" "Mozilla/5.0 (Windows NT 6.1) AppleWebKit/537.36 (KHTML, like Gecko) Chrome/45.0.2454.85 Safari/537.36 OPR/32.0.1948.45"
91.199.149.239 - - [27/Jan/2022:23:13:06 +0300] "POST /administrator/index.php HTTP/1.0" 200 7764 "-" "Mozilla/5.0 (Windows NT 6.1) AppleWebKit/537.36 (KHTML, like Gecko) Chrome/45.0.2454.85 Safari/537.36 OPR/32.0.1948.45"
45.86.202.34 - - [27/Jan/2022:23:14:12 +0300] "GET /administrator/index.php HTTP/1.1" 301 196 "-" "Mozilla/5.0 (Windows NT 6.1) AppleWebKit/537.36 (KHTML, like Gecko) Chrome/45.0.2454.85 Safari/537.36 OPR/32.0.1948.45"
45.86.202.34 - - [27/Jan/2022:23:14:14 +0300] "GET /administrator/index.php HTTP/1.0" 200 7478 "-" "Mozilla/5.0 (Windows NT 6.1) AppleWebKit/537.36 (KHTML, like Gecko) Chrome/45.0.2454.85 Safari/537.36 OPR/32.0.1948.45"
45.86.202.34 - - [27/Jan/2022:23:14:15 +0300] "POST /administrator/index.php HTTP/1.0" 301 185 "-" "Mozilla/5.0 (Windows NT 6.1) AppleWebKit/537.36 (KHTML, like Gecko) Chrome/45.0.2454.85 Safari/537.36 OPR/32.0.1948.45"
45.86.202.34 - - [27/Jan/2022:23:14:15 +0300] "POST /administrator/index.php HTTP/1.0" 200 7764 "-" "Mozilla/5.0 (Windows NT 6.1) AppleWebKit/537.36 (KHTML, like Gecko) Chrome/45.0.2454.85 Safari/537.36 OPR/32.0.1948.45"
91.199.149.239 - - [27/Jan/2022:23:21:19 +0300] "GET /administrator/index.php HTTP/1.1" 301 196 "-" "Mozilla/5.0 (Windows NT 6.1) AppleWebKit/537.36 (KHTML, like Gecko) Chrome/45.0.2454.85 Safari/537.36 OPR/32.0.1948.45"
91.199.149.239 - - [27/Jan/2022:23:21:20 +0300] "GET /administrator/index.php HTTP/1.0" 200 7478 "-" "Mozilla/5.0 (Windows NT 6.1) AppleWebKit/537.36 (KHTML, like Gecko) Chrome/45.0.2454.85 Safari/537.36 OPR/32.0.1948.45"
91.199.149.239 - - [27/Jan/2022:23:21:20 +0300] "POST /administrator/index.php HTTP/1.0" 301 185 "-" "Mozilla/5.0 (Windows NT 6.1) AppleWebKit/537.36 (KHTML, like Gecko) Chrome/45.0.2454.85 Safari/537.36 OPR/32.0.1948.45"
91.199.149.239 - - [27/Jan/2022:23:21:21 +0300] "POST /administrator/index.php HTTP/1.0" 200 7764 "-" "Mozilla/5.0 (Windows NT 6.1) AppleWebKit/537.36 (KHTML, like Gecko) Chrome/45.0.2454.85 Safari/537.36 OPR/32.0.1948.45"
207.46.13.101 - - [27/Jan/2022:23:23:15 +0300] "GET /en/contacts HTTP/1.0" 200 7502 "-" "Mozilla/5.0 (compatible; bingbot/2.0; +http://www.bing.com/bingbot.htm)"
91.199.149.239 - - [27/Jan/2022:23:29:31 +0300] "GET /administrator/index.php HTTP/1.1" 301 196 "-" "Mozilla/5.0 (Windows NT 6.1) AppleWebKit/537.36 (KHTML, like Gecko) Chrome/45.0.2454.85 Safari/537.36 OPR/32.0.1948.45"
91.199.149.239 - - [27/Jan/2022:23:29:31 +0300] "GET /administrator/index.php HTTP/1.0" 200 7478 "-" "Mozilla/5.0 (Windows NT 6.1) AppleWebKit/537.36 (KHTML, like Gecko) Chrome/45.0.2454.85 Safari/537.36 OPR/32.0.1948.45"
91.199.149.239 - - [27/Jan/2022:23:29:32 +0300] "POST /administrator/index.php HTTP/1.0" 301 185 "-" "Mozilla/5.0 (Windows NT 6.1) AppleWebKit/537.36 (KHTML, like Gecko) Chrome/45.0.2454.85 Safari/537.36 OPR/32.0.1948.45"
91.199.149.239 - - [27/Jan/2022:23:29:32 +0300] "POST /administrator/index.php HTTP/1.0" 200 7764 "-" "Mozilla/5.0 (Windows NT 6.1) AppleWebKit/537.36 (KHTML, like Gecko) Chrome/45.0.2454.85 Safari/537.36 OPR/32.0.1948.45"
216.244.66.249 - - [27/Jan/2022:23:31:52 +0300] "GET /robots.txt HTTP/1.1" 301 196 "-" "Mozilla/5.0 (compatible; DotBot/1.2; +https://opensiteexplorer.org/dotbot; help@moz.com)"
216.244.66.249 - - [27/Jan/2022:23:31:53 +0300] "GET /robots.txt HTTP/1.0" 200 1108 "-" "Mozilla/5.0 (compatible; DotBot/1.2; +https://opensiteexplorer.org/dotbot; help@moz.com)"
216.244.66.249 - - [27/Jan/2022:23:31:54 +0300] "GET /robots.txt HTTP/1.1" 301 196 "-" "Mozilla/5.0 (compatible; DotBot/1.2; +https://opensiteexplorer.org/dotbot; help@moz.com)"
216.244.66.249 - - [27/Jan/2022:23:31:55 +0300] "GET /robots.txt HTTP/1.0" 200 1108 "-" "Mozilla/5.0 (compatible; DotBot/1.2; +https://opensiteexplorer.org/dotbot; help@moz.com)"
176.52.16.106 - - [27/Jan/2022:23:33:17 +0300] "GET /ru/kontakty HTTP/1.0" 200 8250 "https://www.google.com/" "Mozilla/5.0 (Windows NT 10.0; Win64; x64) AppleWebKit/537.36 (KHTML, like Gecko) Chrome/97.0.4692.99 Safari/537.36"
176.52.16.106 - - [27/Jan/2022:23:33:18 +0300] "GET /components/com_sppagebuilder/assets/css/font-awesome.min.css HTTP/1.1" 200 30961 "https://mendeleevskazot.ru/ru/kontakty" "Mozilla/5.0 (Windows NT 10.0; Win64; x64) AppleWebKit/537.36 (KHTML, like Gecko) Chrome/97.0.4692.99 Safari/537.36"
176.52.16.106 - - [27/Jan/2022:23:33:18 +0300] "GET /components/com_sppagebuilder/assets/css/animate.min.css HTTP/1.1" 200 53431 "https://mendeleevskazot.ru/ru/kontakty" "Mozilla/5.0 (Windows NT 10.0; Win64; x64) AppleWebKit/537.36 (KHTML, like Gecko) Chrome/97.0.4692.99 Safari/537.36"
176.52.16.106 - - [27/Jan/2022:23:33:18 +0300] "GET /components/com_sppagebuilder/assets/css/sppagebuilder.css HTTP/1.1" 200 99521 "https://mendeleevskazot.ru/ru/kontakty" "Mozilla/5.0 (Windows NT 10.0; Win64; x64) AppleWebKit/537.36 (KHTML, like Gecko) Chrome/97.0.4692.99 Safari/537.36"
176.52.16.106 - - [27/Jan/2022:23:33:18 +0300] "GET /components/com_sppagebuilder/assets/css/sppagecontainer.css HTTP/1.1" 200 268 "https://mendeleevskazot.ru/ru/kontakty" "Mozilla/5.0 (Windows NT 10.0; Win64; x64) AppleWebKit/537.36 (KHTML, like Gecko) Chrome/97.0.4692.99 Safari/537.36"
176.52.16.106 - - [27/Jan/2022:23:33:18 +0300] "GET /templates/shaper_helix3/css/bootstrap.min.css HTTP/1.1" 200 121200 "https://mendeleevskazot.ru/ru/kontakty" "Mozilla/5.0 (Windows NT 10.0; Win64; x64) AppleWebKit/537.36 (KHTML, like Gecko) Chrome/97.0.4692.99 Safari/537.36"
176.52.16.106 - - [27/Jan/2022:23:33:18 +0300] "GET /templates/shaper_helix3/css/font-awesome.min.css HTTP/1.1" 200 31000 "https://mendeleevskazot.ru/ru/kontakty" "Mozilla/5.0 (Windows NT 10.0; Win64; x64) AppleWebKit/537.36 (KHTML, like Gecko) Chrome/97.0.4692.99 Safari/537.36"
176.52.16.106 - - [27/Jan/2022:23:33:18 +0300] "GET /templates/shaper_helix3/css/legacy.css HTTP/1.1" 200 27359 "https://mendeleevskazot.ru/ru/kontakty" "Mozilla/5.0 (Windows NT 10.0; Win64; x64) AppleWebKit/537.36 (KHTML, like Gecko) Chrome/97.0.4692.99 Safari/537.36"
176.52.16.106 - - [27/Jan/2022:23:33:18 +0300] "GET /templates/shaper_helix3/css/template.css HTTP/1.1" 200 75182 "https://mendeleevskazot.ru/ru/kontakty" "Mozilla/5.0 (Windows NT 10.0; Win64; x64) AppleWebKit/537.36 (KHTML, like Gecko) Chrome/97.0.4692.99 Safari/537.36"
176.52.16.106 - - [27/Jan/2022:23:33:18 +0300] "GET /templates/shaper_helix3/css/presets/preset3.css HTTP/1.1" 200 2172 "https://mendeleevskazot.ru/ru/kontakty" "Mozilla/5.0 (Windows NT 10.0; Win64; x64) AppleWebKit/537.36 (KHTML, like Gecko) Chrome/97.0.4692.99 Safari/537.36"
176.52.16.106 - - [27/Jan/2022:23:33:18 +0300] "GET /plugins/system/helix3/assets/css/pagebuilder.css HTTP/1.1" 200 546 "https://mendeleevskazot.ru/ru/kontakty" "Mozilla/5.0 (Windows NT 10.0; Win64; x64) AppleWebKit/537.36 (KHTML, like Gecko) Chrome/97.0.4692.99 Safari/537.36"
176.52.16.106 - - [27/Jan/2022:23:33:18 +0300] "GET /templates/shaper_helix3/css/frontend-edit.css HTTP/1.1" 200 3030 "https://mendeleevskazot.ru/ru/kontakty" "Mozilla/5.0 (Windows NT 10.0; Win64; x64) AppleWebKit/537.36 (KHTML, like Gecko) Chrome/97.0.4692.99 Safari/537.36"
176.52.16.106 - - [27/Jan/2022:23:33:18 +0300] "GET /modules/mod_sj_flat_menu/assets/css/styles-responsive.css HTTP/1.1" 200 2389 "https://mendeleevskazot.ru/ru/kontakty" "Mozilla/5.0 (Windows NT 10.0; Win64; x64) AppleWebKit/537.36 (KHTML, like Gecko) Chrome/97.0.4692.99 Safari/537.36"
176.52.16.106 - - [27/Jan/2022:23:33:18 +0300] "GET /modules/mod_sj_flat_menu/assets/css/styles.css HTTP/1.1" 200 2436 "https://mendeleevskazot.ru/ru/kontakty" "Mozilla/5.0 (Windows NT 10.0; Win64; x64) AppleWebKit/537.36 (KHTML, like Gecko) Chrome/97.0.4692.99 Safari/537.36"
176.52.16.106 - - [27/Jan/2022:23:33:18 +0300] "GET /components/com_sppagebuilder/assets/css/magnific-popup.css HTTP/1.1" 200 5920 "https://mendeleevskazot.ru/ru/kontakty" "Mozilla/5.0 (Windows NT 10.0; Win64; x64) AppleWebKit/537.36 (KHTML, like Gecko) Chrome/97.0.4692.99 Safari/537.36"
176.52.16.106 - - [27/Jan/2022:23:33:18 +0300] "GET /media/mod_languages/css/template.css?174e1f4285ca6738dd507f1e7561b65c HTTP/1.1" 200 335 "https://mendeleevskazot.ru/ru/kontakty" "Mozilla/5.0 (Windows NT 10.0; Win64; x64) AppleWebKit/537.36 (KHTML, like Gecko) Chrome/97.0.4692.99 Safari/537.36"
176.52.16.106 - - [27/Jan/2022:23:33:18 +0300] "GET /modules/mod_gruemenu/css/styles.css HTTP/1.1" 200 4474 "https://mendeleevskazot.ru/ru/kontakty" "Mozilla/5.0 (Windows NT 10.0; Win64; x64) AppleWebKit/537.36 (KHTML, like Gecko) Chrome/97.0.4692.99 Safari/537.36"
176.52.16.106 - - [27/Jan/2022:23:33:18 +0300] "GET /media/system/js/core.js?174e1f4285ca6738dd507f1e7561b65c HTTP/1.1" 200 8808 "https://mendeleevskazot.ru/ru/kontakty" "Mozilla/5.0 (Windows NT 10.0; Win64; x64) AppleWebKit/537.36 (KHTML, like Gecko) Chrome/97.0.4692.99 Safari/537.36"
176.52.16.106 - - [27/Jan/2022:23:33:18 +0300] "GET /media/jui/js/jquery-noconflict.js?174e1f4285ca6738dd507f1e7561b65c HTTP/1.1" 200 21 "https://mendeleevskazot.ru/ru/kontakty" "Mozilla/5.0 (Windows NT 10.0; Win64; x64) AppleWebKit/537.36 (KHTML, like Gecko) Chrome/97.0.4692.99 Safari/537.36"
176.52.16.106 - - [27/Jan/2022:23:33:18 +0300] "GET /media/jui/js/jquery-migrate.min.js?174e1f4285ca6738dd507f1e7561b65c HTTP/1.1" 200 10056 "https://mendeleevskazot.ru/ru/kontakty" "Mozilla/5.0 (Windows NT 10.0; Win64; x64) AppleWebKit/537.36 (KHTML, like Gecko) Chrome/97.0.4692.99 Safari/537.36"
176.52.16.106 - - [27/Jan/2022:23:33:18 +0300] "GET /components/com_sppagebuilder/assets/js/jquery.parallax-1.1.3.js HTTP/1.1" 200 892 "https://mendeleevskazot.ru/ru/kontakty" "Mozilla/5.0 (Windows NT 10.0; Win64; x64) AppleWebKit/537.36 (KHTML, like Gecko) Chrome/97.0.4692.99 Safari/537.36"
176.52.16.106 - - [27/Jan/2022:23:33:18 +0300] "GET /media/jui/js/jquery.min.js?174e1f4285ca6738dd507f1e7561b65c HTTP/1.1" 200 97646 "https://mendeleevskazot.ru/ru/kontakty" "Mozilla/5.0 (Windows NT 10.0; Win64; x64) AppleWebKit/537.36 (KHTML, like Gecko) Chrome/97.0.4692.99 Safari/537.36"
176.52.16.106 - - [27/Jan/2022:23:33:18 +0300] "GET /components/com_sppagebuilder/assets/js/sppagebuilder.js HTTP/1.1" 200 35661 "https://mendeleevskazot.ru/ru/kontakty" "Mozilla/5.0 (Windows NT 10.0; Win64; x64) AppleWebKit/537.36 (KHTML, like Gecko) Chrome/97.0.4692.99 Safari/537.36"
176.52.16.106 - - [27/Jan/2022:23:33:18 +0300] "GET /templates/shaper_helix3/js/bootstrap.min.js HTTP/1.1" 200 37045 "https://mendeleevskazot.ru/ru/kontakty" "Mozilla/5.0 (Windows NT 10.0; Win64; x64) AppleWebKit/537.36 (KHTML, like Gecko) Chrome/97.0.4692.99 Safari/537.36"
176.52.16.106 - - [27/Jan/2022:23:33:18 +0300] "GET /templates/shaper_helix3/js/jquery.sticky.js HTTP/1.1" 200 5739 "https://mendeleevskazot.ru/ru/kontakty" "Mozilla/5.0 (Windows NT 10.0; Win64; x64) AppleWebKit/537.36 (KHTML, like Gecko) Chrome/97.0.4692.99 Safari/537.36"
176.52.16.106 - - [27/Jan/2022:23:33:18 +0300] "GET /templates/shaper_helix3/js/main.js HTTP/1.1" 200 8773 "https://mendeleevskazot.ru/ru/kontakty" "Mozilla/5.0 (Windows NT 10.0; Win64; x64) AppleWebKit/537.36 (KHTML, like Gecko) Chrome/97.0.4692.99 Safari/537.36"
176.52.16.106 - - [27/Jan/2022:23:33:18 +0300] "GET /templates/shaper_helix3/js/frontend-edit.js HTTP/1.1" 200 1948 "https://mendeleevskazot.ru/ru/kontakty" "Mozilla/5.0 (Windows NT 10.0; Win64; x64) AppleWebKit/537.36 (KHTML, like Gecko) Chrome/97.0.4692.99 Safari/537.36"
176.52.16.106 - - [27/Jan/2022:23:33:18 +0300] "GET /components/com_sppagebuilder/assets/js/jquery.magnific-popup.min.js HTTP/1.1" 200 20033 "https://mendeleevskazot.ru/ru/kontakty" "Mozilla/5.0 (Windows NT 10.0; Win64; x64) AppleWebKit/537.36 (KHTML, like Gecko) Chrome/97.0.4692.99 Safari/537.36"
176.52.16.106 - - [27/Jan/2022:23:33:18 +0300] "GET /modules/mod_gruemenu/js/touchwipe.min.js HTTP/1.1" 200 2254 "https://mendeleevskazot.ru/ru/kontakty" "Mozilla/5.0 (Windows NT 10.0; Win64; x64) AppleWebKit/537.36 (KHTML, like Gecko) Chrome/97.0.4692.99 Safari/537.36"
176.52.16.106 - - [27/Jan/2022:23:33:18 +0300] "GET /modules/mod_gruemenu/js/sidr.js HTTP/1.1" 200 9880 "https://mendeleevskazot.ru/ru/kontakty" "Mozilla/5.0 (Windows NT 10.0; Win64; x64) AppleWebKit/537.36 (KHTML, like Gecko) Chrome/97.0.4692.99 Safari/537.36"
176.52.16.106 - - [27/Jan/2022:23:33:18 +0300] "GET /modules/mod_gruemenu/js/script.js HTTP/1.1" 200 752 "https://mendeleevskazot.ru/ru/kontakty" "Mozilla/5.0 (Windows NT 10.0; Win64; x64) AppleWebKit/537.36 (KHTML, like Gecko) Chrome/97.0.4692.99 Safari/537.36"
176.52.16.106 - - [27/Jan/2022:23:33:18 +0300] "GET /media/mod_languages/images/ru_ru.gif HTTP/1.1" 200 94 "https://mendeleevskazot.ru/ru/kontakty" "Mozilla/5.0 (Windows NT 10.0; Win64; x64) AppleWebKit/537.36 (KHTML, like Gecko) Chrome/97.0.4692.99 Safari/537.36"
176.52.16.106 - - [27/Jan/2022:23:33:18 +0300] "GET /media/mod_languages/images/en_gb.gif HTTP/1.1" 200 1027 "https://mendeleevskazot.ru/ru/kontakty" "Mozilla/5.0 (Windows NT 10.0; Win64; x64) AppleWebKit/537.36 (KHTML, like Gecko) Chrome/97.0.4692.99 Safari/537.36"
176.52.16.106 - - [27/Jan/2022:23:33:18 +0300] "GET /images/placeholder-1.png HTTP/1.1" 200 1226 "https://mendeleevskazot.ru/ru/kontakty" "Mozilla/5.0 (Windows NT 10.0; Win64; x64) AppleWebKit/537.36 (KHTML, like Gecko) Chrome/97.0.4692.99 Safari/537.36"
176.52.16.106 - - [27/Jan/2022:23:33:18 +0300] "GET /images/2021/12/10/logo-mendeleevskazot.png HTTP/1.1" 200 35174 "https://mendeleevskazot.ru/ru/kontakty" "Mozilla/5.0 (Windows NT 10.0; Win64; x64) AppleWebKit/537.36 (KHTML, like Gecko) Chrome/97.0.4692.99 Safari/537.36"
176.52.16.106 - - [27/Jan/2022:23:33:18 +0300] "GET /images/2018/06/20/img-slider-8.jpg HTTP/1.1" 200 173709 "https://mendeleevskazot.ru/ru/kontakty" "Mozilla/5.0 (Windows NT 10.0; Win64; x64) AppleWebKit/537.36 (KHTML, like Gecko) Chrome/97.0.4692.99 Safari/537.36"
176.52.16.106 - - [27/Jan/2022:23:33:18 +0300] "GET /templates/shaper_helix3/fonts/fontawesome-webfont.woff2?v=4.7.0 HTTP/1.0" 200 77387 "https://mendeleevskazot.ru/templates/shaper_helix3/css/font-awesome.min.css" "Mozilla/5.0 (Windows NT 10.0; Win64; x64) AppleWebKit/537.36 (KHTML, like Gecko) Chrome/97.0.4692.99 Safari/537.36"
176.52.16.106 - - [27/Jan/2022:23:33:18 +0300] "GET /templates/shaper_helix3/images/helix-logo-white.png HTTP/1.0" 301 521 "https://mendeleevskazot.ru/templates/shaper_helix3/css/template.css" "Mozilla/5.0 (Windows NT 10.0; Win64; x64) AppleWebKit/537.36 (KHTML, like Gecko) Chrome/97.0.4692.99 Safari/537.36"
176.52.16.106 - - [27/Jan/2022:23:33:18 +0300] "GET /ru/templates/shaper_helix3/images/helix-logo-white.png HTTP/1.0" 404 1692 "https://mendeleevskazot.ru/templates/shaper_helix3/css/template.css" "Mozilla/5.0 (Windows NT 10.0; Win64; x64) AppleWebKit/537.36 (KHTML, like Gecko) Chrome/97.0.4692.99 Safari/537.36"
176.52.16.106 - - [27/Jan/2022:23:33:18 +0300] "GET /images/favicon.ico HTTP/1.0" 200 4551 "https://mendeleevskazot.ru/ru/kontakty" "Mozilla/5.0 (Windows NT 10.0; Win64; x64) AppleWebKit/537.36 (KHTML, like Gecko) Chrome/97.0.4692.99 Safari/537.36"
176.52.16.106 - - [27/Jan/2022:23:33:31 +0300] "GET /ru/about-ru HTTP/1.0" 200 9224 "https://mendeleevskazot.ru/ru/kontakty" "Mozilla/5.0 (Windows NT 10.0; Win64; x64) AppleWebKit/537.36 (KHTML, like Gecko) Chrome/97.0.4692.99 Safari/537.36"
176.52.16.106 - - [27/Jan/2022:23:33:32 +0300] "GET /templates/shaper_helix3/images/helix-logo-white.png HTTP/1.0" 301 521 "https://mendeleevskazot.ru/templates/shaper_helix3/css/template.css" "Mozilla/5.0 (Windows NT 10.0; Win64; x64) AppleWebKit/537.36 (KHTML, like Gecko) Chrome/97.0.4692.99 Safari/537.36"
176.52.16.106 - - [27/Jan/2022:23:33:32 +0300] "GET /ru/templates/shaper_helix3/images/helix-logo-white.png HTTP/1.0" 404 1692 "https://mendeleevskazot.ru/templates/shaper_helix3/css/template.css" "Mozilla/5.0 (Windows NT 10.0; Win64; x64) AppleWebKit/537.36 (KHTML, like Gecko) Chrome/97.0.4692.99 Safari/537.36"
216.244.66.249 - - [27/Jan/2022:23:37:32 +0300] "GET /images/funk.jpg HTTP/1.0" 301 590 "-" "Mozilla/5.0 (compatible; DotBot/1.2; +https://opensiteexplorer.org/dotbot; help@moz.com)"
216.244.66.249 - - [27/Jan/2022:23:37:38 +0300] "GET /media/q34868-ffwlq-djzae-w10002-btipknlv-wabvdqrl.cfm HTTP/1.0" 301 628 "-" "Mozilla/5.0 (compatible; DotBot/1.2; +https://opensiteexplorer.org/dotbot; help@moz.com)"
91.199.149.239 - - [27/Jan/2022:23:37:53 +0300] "GET /administrator/index.php HTTP/1.1" 301 196 "-" "Mozilla/5.0 (Windows NT 6.1) AppleWebKit/537.36 (KHTML, like Gecko) Chrome/45.0.2454.85 Safari/537.36 OPR/32.0.1948.45"
91.199.149.239 - - [27/Jan/2022:23:37:53 +0300] "GET /administrator/index.php HTTP/1.0" 200 7478 "-" "Mozilla/5.0 (Windows NT 6.1) AppleWebKit/537.36 (KHTML, like Gecko) Chrome/45.0.2454.85 Safari/537.36 OPR/32.0.1948.45"
91.199.149.239 - - [27/Jan/2022:23:37:54 +0300] "POST /administrator/index.php HTTP/1.0" 301 185 "-" "Mozilla/5.0 (Windows NT 6.1) AppleWebKit/537.36 (KHTML, like Gecko) Chrome/45.0.2454.85 Safari/537.36 OPR/32.0.1948.45"
91.199.149.239 - - [27/Jan/2022:23:37:54 +0300] "POST /administrator/index.php HTTP/1.0" 200 7764 "-" "Mozilla/5.0 (Windows NT 6.1) AppleWebKit/537.36 (KHTML, like Gecko) Chrome/45.0.2454.85 Safari/537.36 OPR/32.0.1948.45"
216.244.66.249 - - [27/Jan/2022:23:38:51 +0300] "GET /beware-of-fraud/78-main/114-trade-policy HTTP/1.0" 301 615 "-" "Mozilla/5.0 (compatible; DotBot/1.2; +https://opensiteexplorer.org/dotbot; help@moz.com)"
216.244.66.249 - - [27/Jan/2022:23:39:00 +0300] "GET /media/xbigarkj-q26921-dhdqxaxb/w10002-vzpun-mjxph.cfm HTTP/1.0" 301 628 "-" "Mozilla/5.0 (compatible; DotBot/1.2; +https://opensiteexplorer.org/dotbot; help@moz.com)"
216.244.66.249 - - [27/Jan/2022:23:39:04 +0300] "GET /registrations/pdyxghg-xzbzi-bcljzrnq-dnvgax/swtqp-w10005-q328585-cwplhpsa-siuen-jzgnhal-rcljtdx-hnogj.cfm%3E HTTP/1.0" 301 681 "-" "Mozilla/5.0 (compatible; DotBot/1.2; +https://opensiteexplorer.org/dotbot; help@moz.com)"
45.86.202.34 - - [27/Jan/2022:23:41:48 +0300] "GET /administrator/index.php HTTP/1.1" 301 196 "-" "Mozilla/5.0 (Windows NT 6.1) AppleWebKit/537.36 (KHTML, like Gecko) Chrome/45.0.2454.85 Safari/537.36 OPR/32.0.1948.45"
45.86.202.34 - - [27/Jan/2022:23:41:49 +0300] "GET /administrator/index.php HTTP/1.0" 200 7478 "-" "Mozilla/5.0 (Windows NT 6.1) AppleWebKit/537.36 (KHTML, like Gecko) Chrome/45.0.2454.85 Safari/537.36 OPR/32.0.1948.45"
45.86.202.34 - - [27/Jan/2022:23:41:50 +0300] "POST /administrator/index.php HTTP/1.0" 301 185 "-" "Mozilla/5.0 (Windows NT 6.1) AppleWebKit/537.36 (KHTML, like Gecko) Chrome/45.0.2454.85 Safari/537.36 OPR/32.0.1948.45"
45.86.202.34 - - [27/Jan/2022:23:41:52 +0300] "POST /administrator/index.php HTTP/1.0" 200 7764 "-" "Mozilla/5.0 (Windows NT 6.1) AppleWebKit/537.36 (KHTML, like Gecko) Chrome/45.0.2454.85 Safari/537.36 OPR/32.0.1948.45"
216.244.66.249 - - [27/Jan/2022:23:43:10 +0300] "GET /produktsiya/geografiya-prodazh/78-main/115-the-charter-of-llc-mendeleevskazot HTTP/1.0" 301 656 "-" "Mozilla/5.0 (compatible; DotBot/1.2; +https://opensiteexplorer.org/dotbot; help@moz.com)"
216.244.66.249 - - [27/Jan/2022:23:43:18 +0300] "GET /produktsiya/kislota/78-main/83-ekologicheskaya-politika-en HTTP/1.0" 301 637 "-" "Mozilla/5.0 (compatible; DotBot/1.2; +https://opensiteexplorer.org/dotbot; help@moz.com)"
91.199.149.239 - - [27/Jan/2022:23:46:18 +0300] "GET /administrator/index.php HTTP/1.1" 301 196 "-" "Mozilla/5.0 (Windows NT 6.1) AppleWebKit/537.36 (KHTML, like Gecko) Chrome/45.0.2454.85 Safari/537.36 OPR/32.0.1948.45"
91.199.149.239 - - [27/Jan/2022:23:46:18 +0300] "GET /administrator/index.php HTTP/1.0" 200 7478 "-" "Mozilla/5.0 (Windows NT 6.1) AppleWebKit/537.36 (KHTML, like Gecko) Chrome/45.0.2454.85 Safari/537.36 OPR/32.0.1948.45"
91.199.149.239 - - [27/Jan/2022:23:46:19 +0300] "POST /administrator/index.php HTTP/1.0" 301 185 "-" "Mozilla/5.0 (Windows NT 6.1) AppleWebKit/537.36 (KHTML, like Gecko) Chrome/45.0.2454.85 Safari/537.36 OPR/32.0.1948.45"
91.199.149.239 - - [27/Jan/2022:23:46:19 +0300] "POST /administrator/index.php HTTP/1.0" 200 7764 "-" "Mozilla/5.0 (Windows NT 6.1) AppleWebKit/537.36 (KHTML, like Gecko) Chrome/45.0.2454.85 Safari/537.36 OPR/32.0.1948.45"
91.199.149.239 - - [27/Jan/2022:23:54:55 +0300] "GET /administrator/index.php HTTP/1.1" 301 196 "-" "Mozilla/5.0 (Windows NT 6.1) AppleWebKit/537.36 (KHTML, like Gecko) Chrome/45.0.2454.85 Safari/537.36 OPR/32.0.1948.45"
91.199.149.239 - - [27/Jan/2022:23:54:55 +0300] "GET /administrator/index.php HTTP/1.0" 200 7478 "-" "Mozilla/5.0 (Windows NT 6.1) AppleWebKit/537.36 (KHTML, like Gecko) Chrome/45.0.2454.85 Safari/537.36 OPR/32.0.1948.45"
91.199.149.239 - - [27/Jan/2022:23:54:56 +0300] "POST /administrator/index.php HTTP/1.0" 301 185 "-" "Mozilla/5.0 (Windows NT 6.1) AppleWebKit/537.36 (KHTML, like Gecko) Chrome/45.0.2454.85 Safari/537.36 OPR/32.0.1948.45"
91.199.149.239 - - [27/Jan/2022:23:54:56 +0300] "POST /administrator/index.php HTTP/1.0" 200 7764 "-" "Mozilla/5.0 (Windows NT 6.1) AppleWebKit/537.36 (KHTML, like Gecko) Chrome/45.0.2454.85 Safari/537.36 OPR/32.0.1948.45"
157.55.39.149 - - [27/Jan/2022:23:59:19 +0300] "GET /robots.txt HTTP/1.0" 200 696 "-" "Mozilla/5.0 (compatible; bingbot/2.0; +http://www.bing.com/bingbot.htm)"
157.55.39.149 - - [27/Jan/2022:23:59:20 +0300] "GET /robots.txt HTTP/1.0" 200 696 "-" "Mozilla/5.0 (compatible; bingbot/2.0; +http://www.bing.com/bingbot.htm)"
207.46.13.163 - - [27/Jan/2022:23:59:31 +0300] "GET /ru/ HTTP/1.0" 200 14826 "-" "Mozilla/5.0 (compatible; bingbot/2.0; +http://www.bing.com/bingbot.htm)"
157.55.39.128 - - [27/Jan/2022:23:59:48 +0300] "GET /templates/shaper_helix3/css/presets/preset3.css HTTP/1.1" 200 2172 "-" "Mozilla/5.0 (compatible; bingbot/2.0; +http://www.bing.com/bingbot.htm)"
40.77.167.19 - - [27/Jan/2022:23:59:48 +0300] "GET /templates/shaper_helix3/css/bootstrap.min.css HTTP/1.1" 200 121200 "-" "Mozilla/5.0 (compatible; bingbot/2.0; +http://www.bing.com/bingbot.htm)"
207.46.13.101 - - [27/Jan/2022:23:59:48 +0300] "GET /templates/shaper_helix3/js/main.js HTTP/1.1" 200 8773 "-" "Mozilla/5.0 (compatible; bingbot/2.0; +http://www.bing.com/bingbot.htm)"
40.77.167.19 - - [27/Jan/2022:23:59:49 +0300] "GET /templates/shaper_helix3/css/legacy.css HTTP/1.1" 200 27359 "-" "Mozilla/5.0 (compatible; bingbot/2.0; +http://www.bing.com/bingbot.htm)"
157.55.39.128 - - [27/Jan/2022:23:59:50 +0300] "GET /templates/shaper_helix3/css/template.css HTTP/1.1" 200 75182 "-" "Mozilla/5.0 (compatible; bingbot/2.0; +http://www.bing.com/bingbot.htm)"
207.46.13.163 - - [27/Jan/2022:23:59:51 +0300] "GET /media/jui/js/jquery-noconflict.js?174e1f4285ca6738dd507f1e7561b65c HTTP/1.1" 200 21 "-" "Mozilla/5.0 (compatible; bingbot/2.0; +http://www.bing.com/bingbot.htm)"
157.55.39.128 - - [27/Jan/2022:23:59:53 +0300] "GET /templates/shaper_helix3/js/frontend-edit.js HTTP/1.1" 200 1948 "-" "Mozilla/5.0 (compatible; bingbot/2.0; +http://www.bing.com/bingbot.htm)"
207.46.13.163 - - [27/Jan/2022:23:59:53 +0300] "GET /media/jui/js/jquery.min.js?174e1f4285ca6738dd507f1e7561b65c HTTP/1.1" 200 97646 "-" "Mozilla/5.0 (compatible; bingbot/2.0; +http://www.bing.com/bingbot.htm)"
207.46.13.163 - - [27/Jan/2022:23:59:56 +0300] "GET /media/system/js/core.js?174e1f4285ca6738dd507f1e7561b65c HTTP/1.1" 200 8808 "-" "Mozilla/5.0 (compatible; bingbot/2.0; +http://www.bing.com/bingbot.htm)"
157.55.39.230 - - [27/Jan/2022:23:59:56 +0300] "GET /images/2020/03/02/png. HTTP/1.0" 200 13619 "-" "Mozilla/5.0 (compatible; bingbot/2.0; +http://www.bing.com/bingbot.htm)"
207.46.13.163 - - [27/Jan/2022:23:59:59 +0300] "GET /templates/shaper_helix3/css/font-awesome.min.css HTTP/1.1" 200 31000 "-" "Mozilla/5.0 (compatible; bingbot/2.0; +http://www.bing.com/bingbot.htm)"
157.55.39.230 - - [27/Jan/2022:23:59:59 +0300] "GET /media/mod_languages/css/template.css?174e1f4285ca6738dd507f1e7561b65c HTTP/1.1" 200 335 "-" "Mozilla/5.0 (compatible; bingbot/2.0; +http://www.bing.com/bingbot.htm)"
207.46.13.163 - - [28/Jan/2022:00:00:02 +0300] "GET /templates/shaper_helix3/js/bootstrap.min.js HTTP/1.1" 200 37045 "-" "Mozilla/5.0 (compatible; bingbot/2.0; +http://www.bing.com/bingbot.htm)"
157.55.39.230 - - [28/Jan/2022:00:00:02 +0300] "GET /templates/shaper_helix3/css/frontend-edit.css HTTP/1.1" 200 3030 "-" "Mozilla/5.0 (compatible; bingbot/2.0; +http://www.bing.com/bingbot.htm)"
207.46.13.12 - - [28/Jan/2022:00:00:05 +0300] "GET /media/jui/js/jquery-migrate.min.js?174e1f4285ca6738dd507f1e7561b65c HTTP/1.1" 200 10056 "-" "Mozilla/5.0 (compatible; bingbot/2.0; +http://www.bing.com/bingbot.htm)"
157.55.39.230 - - [28/Jan/2022:00:00:05 +0300] "GET /templates/shaper_helix3/js/jquery.sticky.js HTTP/1.1" 200 5739 "-" "Mozilla/5.0 (compatible; bingbot/2.0; +http://www.bing.com/bingbot.htm)"
91.199.149.239 - - [28/Jan/2022:00:03:31 +0300] "GET /administrator/index.php HTTP/1.1" 301 196 "-" "Mozilla/5.0 (Windows NT 6.1) AppleWebKit/537.36 (KHTML, like Gecko) Chrome/45.0.2454.85 Safari/537.36 OPR/32.0.1948.45"
91.199.149.239 - - [28/Jan/2022:00:03:31 +0300] "GET /administrator/index.php HTTP/1.0" 200 7478 "-" "Mozilla/5.0 (Windows NT 6.1) AppleWebKit/537.36 (KHTML, like Gecko) Chrome/45.0.2454.85 Safari/537.36 OPR/32.0.1948.45"
91.199.149.239 - - [28/Jan/2022:00:03:32 +0300] "POST /administrator/index.php HTTP/1.0" 301 185 "-" "Mozilla/5.0 (Windows NT 6.1) AppleWebKit/537.36 (KHTML, like Gecko) Chrome/45.0.2454.85 Safari/537.36 OPR/32.0.1948.45"
91.199.149.239 - - [28/Jan/2022:00:03:33 +0300] "POST /administrator/index.php HTTP/1.0" 200 7764 "-" "Mozilla/5.0 (Windows NT 6.1) AppleWebKit/537.36 (KHTML, like Gecko) Chrome/45.0.2454.85 Safari/537.36 OPR/32.0.1948.45"
114.119.144.38 - - [28/Jan/2022:00:05:18 +0300] "GET /robots.txt HTTP/1.0" 200 696 "-" "Mozilla/5.0 (compatible;PetalBot;+https://webmaster.petalsearch.com/site/petalbot)"
45.86.202.34 - - [28/Jan/2022:00:09:12 +0300] "GET /administrator/index.php HTTP/1.1" 301 196 "-" "Mozilla/5.0 (Windows NT 6.1) AppleWebKit/537.36 (KHTML, like Gecko) Chrome/45.0.2454.85 Safari/537.36 OPR/32.0.1948.45"
45.86.202.34 - - [28/Jan/2022:00:09:13 +0300] "GET /administrator/index.php HTTP/1.0" 200 7478 "-" "Mozilla/5.0 (Windows NT 6.1) AppleWebKit/537.36 (KHTML, like Gecko) Chrome/45.0.2454.85 Safari/537.36 OPR/32.0.1948.45"
45.86.202.34 - - [28/Jan/2022:00:09:16 +0300] "POST /administrator/index.php HTTP/1.0" 301 185 "-" "Mozilla/5.0 (Windows NT 6.1) AppleWebKit/537.36 (KHTML, like Gecko) Chrome/45.0.2454.85 Safari/537.36 OPR/32.0.1948.45"
45.86.202.34 - - [28/Jan/2022:00:09:17 +0300] "POST /administrator/index.php HTTP/1.0" 200 7764 "-" "Mozilla/5.0 (Windows NT 6.1) AppleWebKit/537.36 (KHTML, like Gecko) Chrome/45.0.2454.85 Safari/537.36 OPR/32.0.1948.45"
91.199.149.239 - - [28/Jan/2022:00:12:13 +0300] "GET /administrator/index.php HTTP/1.1" 301 196 "-" "Mozilla/5.0 (Windows NT 6.1) AppleWebKit/537.36 (KHTML, like Gecko) Chrome/45.0.2454.85 Safari/537.36 OPR/32.0.1948.45"
91.199.149.239 - - [28/Jan/2022:00:12:13 +0300] "GET /administrator/index.php HTTP/1.0" 200 7478 "-" "Mozilla/5.0 (Windows NT 6.1) AppleWebKit/537.36 (KHTML, like Gecko) Chrome/45.0.2454.85 Safari/537.36 OPR/32.0.1948.45"
91.199.149.239 - - [28/Jan/2022:00:12:15 +0300] "POST /administrator/index.php HTTP/1.0" 301 185 "-" "Mozilla/5.0 (Windows NT 6.1) AppleWebKit/537.36 (KHTML, like Gecko) Chrome/45.0.2454.85 Safari/537.36 OPR/32.0.1948.45"
91.199.149.239 - - [28/Jan/2022:00:12:15 +0300] "POST /administrator/index.php HTTP/1.0" 200 7764 "-" "Mozilla/5.0 (Windows NT 6.1) AppleWebKit/537.36 (KHTML, like Gecko) Chrome/45.0.2454.85 Safari/537.36 OPR/32.0.1948.45"
46.161.11.4 - - [28/Jan/2022:00:17:05 +0300] "GET /images/2019/PDF/sout_results_2015.pdf HTTP/1.0" 200 2081344 "-" "Mozilla/4.0 (compatible; MSIE 6.0; Windows NT 5.1; SV1)"
91.199.149.239 - - [28/Jan/2022:00:20:35 +0300] "GET /administrator/index.php HTTP/1.1" 301 196 "-" "Mozilla/5.0 (Windows NT 6.1) AppleWebKit/537.36 (KHTML, like Gecko) Chrome/45.0.2454.85 Safari/537.36 OPR/32.0.1948.45"
91.199.149.239 - - [28/Jan/2022:00:20:35 +0300] "GET /administrator/index.php HTTP/1.0" 200 7478 "-" "Mozilla/5.0 (Windows NT 6.1) AppleWebKit/537.36 (KHTML, like Gecko) Chrome/45.0.2454.85 Safari/537.36 OPR/32.0.1948.45"
91.199.149.239 - - [28/Jan/2022:00:20:36 +0300] "POST /administrator/index.php HTTP/1.0" 301 185 "-" "Mozilla/5.0 (Windows NT 6.1) AppleWebKit/537.36 (KHTML, like Gecko) Chrome/45.0.2454.85 Safari/537.36 OPR/32.0.1948.45"
91.199.149.239 - - [28/Jan/2022:00:20:36 +0300] "POST /administrator/index.php HTTP/1.0" 200 7764 "-" "Mozilla/5.0 (Windows NT 6.1) AppleWebKit/537.36 (KHTML, like Gecko) Chrome/45.0.2454.85 Safari/537.36 OPR/32.0.1948.45"
91.199.149.239 - - [28/Jan/2022:00:29:00 +0300] "GET /administrator/index.php HTTP/1.1" 301 196 "-" "Mozilla/5.0 (Windows NT 6.1) AppleWebKit/537.36 (KHTML, like Gecko) Chrome/45.0.2454.85 Safari/537.36 OPR/32.0.1948.45"
91.199.149.239 - - [28/Jan/2022:00:29:01 +0300] "GET /administrator/index.php HTTP/1.0" 200 7478 "-" "Mozilla/5.0 (Windows NT 6.1) AppleWebKit/537.36 (KHTML, like Gecko) Chrome/45.0.2454.85 Safari/537.36 OPR/32.0.1948.45"
91.199.149.239 - - [28/Jan/2022:00:29:02 +0300] "POST /administrator/index.php HTTP/1.0" 301 185 "-" "Mozilla/5.0 (Windows NT 6.1) AppleWebKit/537.36 (KHTML, like Gecko) Chrome/45.0.2454.85 Safari/537.36 OPR/32.0.1948.45"
91.199.149.239 - - [28/Jan/2022:00:29:02 +0300] "POST /administrator/index.php HTTP/1.0" 200 7764 "-" "Mozilla/5.0 (Windows NT 6.1) AppleWebKit/537.36 (KHTML, like Gecko) Chrome/45.0.2454.85 Safari/537.36 OPR/32.0.1948.45"
40.77.189.168 - - [28/Jan/2022:00:30:45 +0300] "GET /templates/shaper_helix3/fonts/fontawesome-webfont.woff2?v=4.7.0 HTTP/1.0" 200 77387 "-" "Mozilla/5.0 (Windows NT 6.1; WOW64) AppleWebKit/534+ (KHTML, like Gecko) BingPreview/1.0b"
216.244.66.249 - - [28/Jan/2022:00:30:52 +0300] "GET /robots.txt HTTP/1.1" 301 196 "-" "Mozilla/5.0 (compatible; DotBot/1.2; +https://opensiteexplorer.org/dotbot; help@moz.com)"
216.244.66.249 - - [28/Jan/2022:00:30:53 +0300] "GET /robots.txt HTTP/1.0" 200 1108 "-" "Mozilla/5.0 (compatible; DotBot/1.2; +https://opensiteexplorer.org/dotbot; help@moz.com)"
216.244.66.249 - - [28/Jan/2022:00:30:53 +0300] "GET /robots.txt HTTP/1.1" 301 196 "-" "Mozilla/5.0 (compatible; DotBot/1.2; +https://opensiteexplorer.org/dotbot; help@moz.com)"
216.244.66.249 - - [28/Jan/2022:00:30:54 +0300] "GET /robots.txt HTTP/1.0" 200 1108 "-" "Mozilla/5.0 (compatible; DotBot/1.2; +https://opensiteexplorer.org/dotbot; help@moz.com)"
45.86.202.34 - - [28/Jan/2022:00:36:33 +0300] "GET /administrator/index.php HTTP/1.1" 301 196 "-" "Mozilla/5.0 (Windows NT 6.1) AppleWebKit/537.36 (KHTML, like Gecko) Chrome/45.0.2454.85 Safari/537.36 OPR/32.0.1948.45"
45.86.202.34 - - [28/Jan/2022:00:36:34 +0300] "GET /administrator/index.php HTTP/1.0" 200 7478 "-" "Mozilla/5.0 (Windows NT 6.1) AppleWebKit/537.36 (KHTML, like Gecko) Chrome/45.0.2454.85 Safari/537.36 OPR/32.0.1948.45"
45.86.202.34 - - [28/Jan/2022:00:36:36 +0300] "POST /administrator/index.php HTTP/1.0" 301 185 "-" "Mozilla/5.0 (Windows NT 6.1) AppleWebKit/537.36 (KHTML, like Gecko) Chrome/45.0.2454.85 Safari/537.36 OPR/32.0.1948.45"
45.86.202.34 - - [28/Jan/2022:00:36:37 +0300] "POST /administrator/index.php HTTP/1.0" 200 7764 "-" "Mozilla/5.0 (Windows NT 6.1) AppleWebKit/537.36 (KHTML, like Gecko) Chrome/45.0.2454.85 Safari/537.36 OPR/32.0.1948.45"
91.199.149.239 - - [28/Jan/2022:00:37:33 +0300] "GET /administrator/index.php HTTP/1.1" 301 196 "-" "Mozilla/5.0 (Windows NT 6.1) AppleWebKit/537.36 (KHTML, like Gecko) Chrome/45.0.2454.85 Safari/537.36 OPR/32.0.1948.45"
91.199.149.239 - - [28/Jan/2022:00:37:33 +0300] "GET /administrator/index.php HTTP/1.0" 200 7478 "-" "Mozilla/5.0 (Windows NT 6.1) AppleWebKit/537.36 (KHTML, like Gecko) Chrome/45.0.2454.85 Safari/537.36 OPR/32.0.1948.45"
91.199.149.239 - - [28/Jan/2022:00:37:34 +0300] "POST /administrator/index.php HTTP/1.0" 301 185 "-" "Mozilla/5.0 (Windows NT 6.1) AppleWebKit/537.36 (KHTML, like Gecko) Chrome/45.0.2454.85 Safari/537.36 OPR/32.0.1948.45"
91.199.149.239 - - [28/Jan/2022:00:37:34 +0300] "POST /administrator/index.php HTTP/1.0" 200 7764 "-" "Mozilla/5.0 (Windows NT 6.1) AppleWebKit/537.36 (KHTML, like Gecko) Chrome/45.0.2454.85 Safari/537.36 OPR/32.0.1948.45"
216.244.66.249 - - [28/Jan/2022:00:38:44 +0300] "GET /asup/78-main/80-politika-v-oblasti-kachestva HTTP/1.0" 301 619 "-" "Mozilla/5.0 (compatible; DotBot/1.2; +https://opensiteexplorer.org/dotbot; help@moz.com)"
216.244.66.249 - - [28/Jan/2022:00:38:49 +0300] "GET /media/hamr-hyayxy-pahncm-w10002-bjmcttn-umgon-hranijaa-mzbrcubv-bxmowjfn-q27062-ywfbnx/ HTTP/1.0" 301 661 "-" "Mozilla/5.0 (compatible; DotBot/1.2; +https://opensiteexplorer.org/dotbot; help@moz.com)"
216.244.66.249 - - [28/Jan/2022:00:38:54 +0300] "GET /proizvodstvo/78-main/113-licence-for-official-registration-of-legal-entity HTTP/1.0" 301 649 "-" "Mozilla/5.0 (compatible; DotBot/1.2; +https://opensiteexplorer.org/dotbot; help@moz.com)"
216.244.66.249 - - [28/Jan/2022:00:40:45 +0300] "GET /produktsiya/prodazha-nelikvidov/78-main/92-torogovaya-politika-ooo-mendeleevskazot HTTP/1.0" 301 657 "-" "Mozilla/5.0 (compatible; DotBot/1.2; +https://opensiteexplorer.org/dotbot; help@moz.com)"
216.244.66.249 - - [28/Jan/2022:00:41:55 +0300] "GET /comments/feed/ HTTP/1.0" 301 592 "-" "Mozilla/5.0 (compatible; DotBot/1.2; +https://opensiteexplorer.org/dotbot; help@moz.com)"
216.244.66.249 - - [28/Jan/2022:00:41:58 +0300] "GET /ekologiya/78-main/79-tseli-v-oblasti-kachestva-ooo-mendeleevskazot-na-2012-god HTTP/1.0" 301 657 "-" "Mozilla/5.0 (compatible; DotBot/1.2; +https://opensiteexplorer.org/dotbot; help@moz.com)"
91.199.149.239 - - [28/Jan/2022:00:45:57 +0300] "GET /administrator/index.php HTTP/1.1" 301 196 "-" "Mozilla/5.0 (Windows NT 6.1) AppleWebKit/537.36 (KHTML, like Gecko) Chrome/45.0.2454.85 Safari/537.36 OPR/32.0.1948.45"
91.199.149.239 - - [28/Jan/2022:00:45:58 +0300] "GET /administrator/index.php HTTP/1.0" 200 7478 "-" "Mozilla/5.0 (Windows NT 6.1) AppleWebKit/537.36 (KHTML, like Gecko) Chrome/45.0.2454.85 Safari/537.36 OPR/32.0.1948.45"
91.199.149.239 - - [28/Jan/2022:00:45:58 +0300] "POST /administrator/index.php HTTP/1.0" 301 185 "-" "Mozilla/5.0 (Windows NT 6.1) AppleWebKit/537.36 (KHTML, like Gecko) Chrome/45.0.2454.85 Safari/537.36 OPR/32.0.1948.45"
91.199.149.239 - - [28/Jan/2022:00:45:59 +0300] "POST /administrator/index.php HTTP/1.0" 200 7764 "-" "Mozilla/5.0 (Windows NT 6.1) AppleWebKit/537.36 (KHTML, like Gecko) Chrome/45.0.2454.85 Safari/537.36 OPR/32.0.1948.45"
95.213.141.126 - - [28/Jan/2022:00:48:10 +0300] "GET / HTTP/1.1" 301 196 "-" "Opera/9.80 (Windows NT 6.1; WOW64; U; ru) Presto/2.10.289 Version/12.01"
95.213.141.126 - - [28/Jan/2022:00:48:10 +0300] "GET / HTTP/1.0" 301 579 "-" "Opera/9.80 (Windows NT 6.1; WOW64; U; ru) Presto/2.10.289 Version/12.01"
95.213.141.126 - - [28/Jan/2022:00:48:10 +0300] "GET /ru/ HTTP/1.0" 200 14721 "-" "Opera/9.80 (Windows NT 6.1; WOW64; U; ru) Presto/2.10.289 Version/12.01"
95.213.141.126 - - [28/Jan/2022:00:48:11 +0300] "GET /images/favicon.ico HTTP/1.0" 200 4551 "-" "Opera/9.80 (Windows NT 6.1; WOW64; U; ru) Presto/2.10.289 Version/12.01"
91.199.149.239 - - [28/Jan/2022:00:54:17 +0300] "GET /administrator/index.php HTTP/1.1" 301 196 "-" "Mozilla/5.0 (Windows NT 6.1) AppleWebKit/537.36 (KHTML, like Gecko) Chrome/45.0.2454.85 Safari/537.36 OPR/32.0.1948.45"
91.199.149.239 - - [28/Jan/2022:00:54:17 +0300] "GET /administrator/index.php HTTP/1.0" 200 7478 "-" "Mozilla/5.0 (Windows NT 6.1) AppleWebKit/537.36 (KHTML, like Gecko) Chrome/45.0.2454.85 Safari/537.36 OPR/32.0.1948.45"
91.199.149.239 - - [28/Jan/2022:00:54:18 +0300] "POST /administrator/index.php HTTP/1.0" 301 185 "-" "Mozilla/5.0 (Windows NT 6.1) AppleWebKit/537.36 (KHTML, like Gecko) Chrome/45.0.2454.85 Safari/537.36 OPR/32.0.1948.45"
91.199.149.239 - - [28/Jan/2022:00:54:18 +0300] "POST /administrator/index.php HTTP/1.0" 200 7764 "-" "Mozilla/5.0 (Windows NT 6.1) AppleWebKit/537.36 (KHTML, like Gecko) Chrome/45.0.2454.85 Safari/537.36 OPR/32.0.1948.45"
