199.58.86.209 - - [28/Jan/2022:01:02:17 +0300] "GET /robots.txt HTTP/1.1" 301 196 "-" "Mozilla/5.0 (compatible; MJ12bot/v1.4.8; http://mj12bot.com/)"
199.58.86.209 - - [28/Jan/2022:01:02:18 +0300] "GET /robots.txt HTTP/1.0" 200 1108 "-" "Mozilla/5.0 (compatible; MJ12bot/v1.4.8; http://mj12bot.com/)"
199.58.86.209 - - [28/Jan/2022:01:02:21 +0300] "GET / HTTP/1.1" 301 196 "-" "Mozilla/5.0 (compatible; MJ12bot/v1.4.8; http://mj12bot.com/)"
91.199.149.239 - - [28/Jan/2022:01:02:33 +0300] "GET /administrator/index.php HTTP/1.1" 301 196 "-" "Mozilla/5.0 (Windows NT 6.1) AppleWebKit/537.36 (KHTML, like Gecko) Chrome/45.0.2454.85 Safari/537.36 OPR/32.0.1948.45"
199.58.86.209 - - [28/Jan/2022:01:02:33 +0300] "GET / HTTP/1.0" 301 575 "-" "Mozilla/5.0 (compatible; MJ12bot/v1.4.8; http://mj12bot.com/)"
91.199.149.239 - - [28/Jan/2022:01:02:33 +0300] "GET /administrator/index.php HTTP/1.0" 200 7478 "-" "Mozilla/5.0 (Windows NT 6.1) AppleWebKit/537.36 (KHTML, like Gecko) Chrome/45.0.2454.85 Safari/537.36 OPR/32.0.1948.45"
91.199.149.239 - - [28/Jan/2022:01:02:34 +0300] "POST /administrator/index.php HTTP/1.0" 301 185 "-" "Mozilla/5.0 (Windows NT 6.1) AppleWebKit/537.36 (KHTML, like Gecko) Chrome/45.0.2454.85 Safari/537.36 OPR/32.0.1948.45"
91.199.149.239 - - [28/Jan/2022:01:02:34 +0300] "POST /administrator/index.php HTTP/1.0" 200 7764 "-" "Mozilla/5.0 (Windows NT 6.1) AppleWebKit/537.36 (KHTML, like Gecko) Chrome/45.0.2454.85 Safari/537.36 OPR/32.0.1948.45"
199.58.86.209 - - [28/Jan/2022:01:02:35 +0300] "GET /ru/ HTTP/1.0" 200 14829 "-" "Mozilla/5.0 (compatible; MJ12bot/v1.4.8; http://mj12bot.com/)"
199.58.86.209 - - [28/Jan/2022:01:02:38 +0300] "GET /robots.txt HTTP/1.1" 301 196 "-" "Mozilla/5.0 (compatible; MJ12bot/v1.4.8; http://mj12bot.com/)"
199.58.86.209 - - [28/Jan/2022:01:02:40 +0300] "GET /robots.txt HTTP/1.0" 200 1108 "-" "Mozilla/5.0 (compatible; MJ12bot/v1.4.8; http://mj12bot.com/)"
199.58.86.209 - - [28/Jan/2022:01:02:42 +0300] "GET / HTTP/1.1" 301 196 "-" "Mozilla/5.0 (compatible; MJ12bot/v1.4.8; http://mj12bot.com/)"
199.58.86.209 - - [28/Jan/2022:01:02:45 +0300] "GET / HTTP/1.0" 301 579 "-" "Mozilla/5.0 (compatible; MJ12bot/v1.4.8; http://mj12bot.com/)"
199.58.86.209 - - [28/Jan/2022:01:02:48 +0300] "GET /ru/ HTTP/1.0" 200 14824 "-" "Mozilla/5.0 (compatible; MJ12bot/v1.4.8; http://mj12bot.com/)"
45.86.202.34 - - [28/Jan/2022:01:02:55 +0300] "GET /administrator/index.php HTTP/1.1" 301 196 "-" "Mozilla/5.0 (Windows NT 6.1) AppleWebKit/537.36 (KHTML, like Gecko) Chrome/45.0.2454.85 Safari/537.36 OPR/32.0.1948.45"
45.86.202.34 - - [28/Jan/2022:01:02:56 +0300] "GET /administrator/index.php HTTP/1.0" 200 7478 "-" "Mozilla/5.0 (Windows NT 6.1) AppleWebKit/537.36 (KHTML, like Gecko) Chrome/45.0.2454.85 Safari/537.36 OPR/32.0.1948.45"
45.86.202.34 - - [28/Jan/2022:01:02:57 +0300] "POST /administrator/index.php HTTP/1.0" 301 185 "-" "Mozilla/5.0 (Windows NT 6.1) AppleWebKit/537.36 (KHTML, like Gecko) Chrome/45.0.2454.85 Safari/537.36 OPR/32.0.1948.45"
45.86.202.34 - - [28/Jan/2022:01:02:58 +0300] "POST /administrator/index.php HTTP/1.0" 200 7764 "-" "Mozilla/5.0 (Windows NT 6.1) AppleWebKit/537.36 (KHTML, like Gecko) Chrome/45.0.2454.85 Safari/537.36 OPR/32.0.1948.45"
91.199.149.239 - - [28/Jan/2022:01:10:53 +0300] "GET /administrator/index.php HTTP/1.1" 301 196 "-" "Mozilla/5.0 (Windows NT 6.1) AppleWebKit/537.36 (KHTML, like Gecko) Chrome/45.0.2454.85 Safari/537.36 OPR/32.0.1948.45"
91.199.149.239 - - [28/Jan/2022:01:10:53 +0300] "GET /administrator/index.php HTTP/1.0" 200 7478 "-" "Mozilla/5.0 (Windows NT 6.1) AppleWebKit/537.36 (KHTML, like Gecko) Chrome/45.0.2454.85 Safari/537.36 OPR/32.0.1948.45"
91.199.149.239 - - [28/Jan/2022:01:10:54 +0300] "POST /administrator/index.php HTTP/1.0" 301 185 "-" "Mozilla/5.0 (Windows NT 6.1) AppleWebKit/537.36 (KHTML, like Gecko) Chrome/45.0.2454.85 Safari/537.36 OPR/32.0.1948.45"
91.199.149.239 - - [28/Jan/2022:01:10:54 +0300] "POST /administrator/index.php HTTP/1.0" 200 7764 "-" "Mozilla/5.0 (Windows NT 6.1) AppleWebKit/537.36 (KHTML, like Gecko) Chrome/45.0.2454.85 Safari/537.36 OPR/32.0.1948.45"
91.199.149.239 - - [28/Jan/2022:01:19:17 +0300] "GET /administrator/index.php HTTP/1.1" 301 196 "-" "Mozilla/5.0 (Windows NT 6.1) AppleWebKit/537.36 (KHTML, like Gecko) Chrome/45.0.2454.85 Safari/537.36 OPR/32.0.1948.45"
91.199.149.239 - - [28/Jan/2022:01:19:17 +0300] "GET /administrator/index.php HTTP/1.0" 200 7478 "-" "Mozilla/5.0 (Windows NT 6.1) AppleWebKit/537.36 (KHTML, like Gecko) Chrome/45.0.2454.85 Safari/537.36 OPR/32.0.1948.45"
91.199.149.239 - - [28/Jan/2022:01:19:18 +0300] "POST /administrator/index.php HTTP/1.0" 301 185 "-" "Mozilla/5.0 (Windows NT 6.1) AppleWebKit/537.36 (KHTML, like Gecko) Chrome/45.0.2454.85 Safari/537.36 OPR/32.0.1948.45"
91.199.149.239 - - [28/Jan/2022:01:19:18 +0300] "POST /administrator/index.php HTTP/1.0" 200 7764 "-" "Mozilla/5.0 (Windows NT 6.1) AppleWebKit/537.36 (KHTML, like Gecko) Chrome/45.0.2454.85 Safari/537.36 OPR/32.0.1948.45"
91.199.149.239 - - [28/Jan/2022:01:27:46 +0300] "GET /administrator/index.php HTTP/1.1" 301 196 "-" "Mozilla/5.0 (Windows NT 6.1) AppleWebKit/537.36 (KHTML, like Gecko) Chrome/45.0.2454.85 Safari/537.36 OPR/32.0.1948.45"
91.199.149.239 - - [28/Jan/2022:01:27:46 +0300] "GET /administrator/index.php HTTP/1.0" 200 7478 "-" "Mozilla/5.0 (Windows NT 6.1) AppleWebKit/537.36 (KHTML, like Gecko) Chrome/45.0.2454.85 Safari/537.36 OPR/32.0.1948.45"
91.199.149.239 - - [28/Jan/2022:01:27:47 +0300] "POST /administrator/index.php HTTP/1.0" 301 185 "-" "Mozilla/5.0 (Windows NT 6.1) AppleWebKit/537.36 (KHTML, like Gecko) Chrome/45.0.2454.85 Safari/537.36 OPR/32.0.1948.45"
91.199.149.239 - - [28/Jan/2022:01:27:47 +0300] "POST /administrator/index.php HTTP/1.0" 200 7764 "-" "Mozilla/5.0 (Windows NT 6.1) AppleWebKit/537.36 (KHTML, like Gecko) Chrome/45.0.2454.85 Safari/537.36 OPR/32.0.1948.45"
45.86.202.34 - - [28/Jan/2022:01:31:07 +0300] "GET /administrator/index.php HTTP/1.1" 301 196 "-" "Mozilla/5.0 (Windows NT 6.1) AppleWebKit/537.36 (KHTML, like Gecko) Chrome/45.0.2454.85 Safari/537.36 OPR/32.0.1948.45"
45.86.202.34 - - [28/Jan/2022:01:31:08 +0300] "GET /administrator/index.php HTTP/1.0" 200 7478 "-" "Mozilla/5.0 (Windows NT 6.1) AppleWebKit/537.36 (KHTML, like Gecko) Chrome/45.0.2454.85 Safari/537.36 OPR/32.0.1948.45"
45.86.202.34 - - [28/Jan/2022:01:31:10 +0300] "POST /administrator/index.php HTTP/1.0" 301 185 "-" "Mozilla/5.0 (Windows NT 6.1) AppleWebKit/537.36 (KHTML, like Gecko) Chrome/45.0.2454.85 Safari/537.36 OPR/32.0.1948.45"
45.86.202.34 - - [28/Jan/2022:01:31:11 +0300] "POST /administrator/index.php HTTP/1.0" 200 7764 "-" "Mozilla/5.0 (Windows NT 6.1) AppleWebKit/537.36 (KHTML, like Gecko) Chrome/45.0.2454.85 Safari/537.36 OPR/32.0.1948.45"
37.192.177.23 - - [28/Jan/2022:01:32:00 +0300] "GET / HTTP/1.0" 301 185 "http://mendeleevskazot.ru/" "Mozilla/5.0 (Windows NT 6.1) AppleWebKit/537.36 (KHTML, like Gecko) Chrome/90.0.4430.85 Safari/537.36"
37.192.177.23 - - [28/Jan/2022:01:32:01 +0300] "GET / HTTP/1.0" 301 575 "https://mendeleevskazot.ru/" "Mozilla/5.0 (Windows NT 6.1) AppleWebKit/537.36 (KHTML, like Gecko) Chrome/90.0.4430.85 Safari/537.36"
37.192.177.23 - - [28/Jan/2022:01:32:02 +0300] "GET /ru/ HTTP/1.0" 200 69616 "https://mendeleevskazot.ru/ru/" "Mozilla/5.0 (Windows NT 6.1) AppleWebKit/537.36 (KHTML, like Gecko) Chrome/90.0.4430.85 Safari/537.36"
37.192.177.23 - - [28/Jan/2022:01:32:03 +0300] "GET /ru/kontakty HTTP/1.0" 200 33746 "https://mendeleevskazot.ru/ru/kontakty" "Mozilla/5.0 (Windows NT 6.1) AppleWebKit/537.36 (KHTML, like Gecko) Chrome/90.0.4430.85 Safari/537.36"
216.244.66.249 - - [28/Jan/2022:01:35:02 +0300] "GET /robots.txt HTTP/1.1" 301 196 "-" "Mozilla/5.0 (compatible; DotBot/1.2; +https://opensiteexplorer.org/dotbot; help@moz.com)"
216.244.66.249 - - [28/Jan/2022:01:35:02 +0300] "GET /robots.txt HTTP/1.1" 301 196 "-" "Mozilla/5.0 (compatible; DotBot/1.2; +https://opensiteexplorer.org/dotbot; help@moz.com)"
216.244.66.249 - - [28/Jan/2022:01:35:03 +0300] "GET /robots.txt HTTP/1.0" 200 1108 "-" "Mozilla/5.0 (compatible; DotBot/1.2; +https://opensiteexplorer.org/dotbot; help@moz.com)"
216.244.66.249 - - [28/Jan/2022:01:35:03 +0300] "GET /robots.txt HTTP/1.0" 200 1108 "-" "Mozilla/5.0 (compatible; DotBot/1.2; +https://opensiteexplorer.org/dotbot; help@moz.com)"
91.199.149.239 - - [28/Jan/2022:01:36:13 +0300] "GET /administrator/index.php HTTP/1.1" 301 196 "-" "Mozilla/5.0 (Windows NT 6.1) AppleWebKit/537.36 (KHTML, like Gecko) Chrome/45.0.2454.85 Safari/537.36 OPR/32.0.1948.45"
91.199.149.239 - - [28/Jan/2022:01:36:13 +0300] "GET /administrator/index.php HTTP/1.0" 200 7478 "-" "Mozilla/5.0 (Windows NT 6.1) AppleWebKit/537.36 (KHTML, like Gecko) Chrome/45.0.2454.85 Safari/537.36 OPR/32.0.1948.45"
91.199.149.239 - - [28/Jan/2022:01:36:14 +0300] "POST /administrator/index.php HTTP/1.0" 301 185 "-" "Mozilla/5.0 (Windows NT 6.1) AppleWebKit/537.36 (KHTML, like Gecko) Chrome/45.0.2454.85 Safari/537.36 OPR/32.0.1948.45"
91.199.149.239 - - [28/Jan/2022:01:36:14 +0300] "POST /administrator/index.php HTTP/1.0" 200 7764 "-" "Mozilla/5.0 (Windows NT 6.1) AppleWebKit/537.36 (KHTML, like Gecko) Chrome/45.0.2454.85 Safari/537.36 OPR/32.0.1948.45"
216.244.66.249 - - [28/Jan/2022:01:42:58 +0300] "GET /media/ctdogo-haynvxv-gziotae-w10002-axpeksa/avju-kalexy-uquelugp-npfc-q18089-dkpj.cfm HTTP/1.0" 301 660 "-" "Mozilla/5.0 (compatible; DotBot/1.2; +https://opensiteexplorer.org/dotbot; help@moz.com)"
216.244.66.249 - - [28/Jan/2022:01:43:04 +0300] "GET /registrations/rrelc-ofvyeps-svbp/mxpzsmr-zruxxz-w10005-q407421-ubfnv-ifiuum-uqto.cfm HTTP/1.0" 301 659 "-" "Mozilla/5.0 (compatible; DotBot/1.2; +https://opensiteexplorer.org/dotbot; help@moz.com)"
216.244.66.249 - - [28/Jan/2022:01:43:42 +0300] "GET /images/%D1%81%D0%B5%D1%80%D1%82%D0%B8%D1%84%D0%B8%D0%BA%D0%B0%D1%82_%D0%93%D0%BE%D1%81%D1%82_2-85.pdf HTTP/1.0" 301 624 "-" "Mozilla/5.0 (compatible; DotBot/1.2; +https://opensiteexplorer.org/dotbot; help@moz.com)"
91.199.149.239 - - [28/Jan/2022:01:44:32 +0300] "GET /administrator/index.php HTTP/1.1" 301 196 "-" "Mozilla/5.0 (Windows NT 6.1) AppleWebKit/537.36 (KHTML, like Gecko) Chrome/45.0.2454.85 Safari/537.36 OPR/32.0.1948.45"
91.199.149.239 - - [28/Jan/2022:01:44:33 +0300] "GET /administrator/index.php HTTP/1.0" 200 7478 "-" "Mozilla/5.0 (Windows NT 6.1) AppleWebKit/537.36 (KHTML, like Gecko) Chrome/45.0.2454.85 Safari/537.36 OPR/32.0.1948.45"
91.199.149.239 - - [28/Jan/2022:01:44:34 +0300] "POST /administrator/index.php HTTP/1.0" 301 185 "-" "Mozilla/5.0 (Windows NT 6.1) AppleWebKit/537.36 (KHTML, like Gecko) Chrome/45.0.2454.85 Safari/537.36 OPR/32.0.1948.45"
216.244.66.249 - - [28/Jan/2022:01:44:34 +0300] "GET /produktsiya/prajs-na-produktsiyu/78-main/83-ekologicheskaya-politika-en HTTP/1.0" 301 646 "-" "Mozilla/5.0 (compatible; DotBot/1.2; +https://opensiteexplorer.org/dotbot; help@moz.com)"
91.199.149.239 - - [28/Jan/2022:01:44:34 +0300] "POST /administrator/index.php HTTP/1.0" 200 7764 "-" "Mozilla/5.0 (Windows NT 6.1) AppleWebKit/537.36 (KHTML, like Gecko) Chrome/45.0.2454.85 Safari/537.36 OPR/32.0.1948.45"
216.244.66.249 - - [28/Jan/2022:01:44:37 +0300] "GET /produktsiya/prodazha-nelikvidov/78-main/93-struktura-vyruchki-v-period-2012-goda HTTP/1.0" 301 655 "-" "Mozilla/5.0 (compatible; DotBot/1.2; +https://opensiteexplorer.org/dotbot; help@moz.com)"
216.244.66.249 - - [28/Jan/2022:01:45:24 +0300] "GET /asup/78-main/93-struktura-vyruchki-v-period-2012-goda-en HTTP/1.0" 301 635 "-" "Mozilla/5.0 (compatible; DotBot/1.2; +https://opensiteexplorer.org/dotbot; help@moz.com)"
216.244.66.249 - - [28/Jan/2022:01:45:27 +0300] "GET /produktsiya/78-main/82-pasport-kachestva HTTP/1.0" 301 619 "-" "Mozilla/5.0 (compatible; DotBot/1.2; +https://opensiteexplorer.org/dotbot; help@moz.com)"
216.244.66.249 - - [28/Jan/2022:01:45:30 +0300] "GET /proizvodstvo/78-main/79-tseli-v-oblasti-kachestva-ooo-mendeleevskazot-na-2012-god HTTP/1.0" 301 660 "-" "Mozilla/5.0 (compatible; DotBot/1.2; +https://opensiteexplorer.org/dotbot; help@moz.com)"
91.199.149.239 - - [28/Jan/2022:01:52:44 +0300] "GET /administrator/index.php HTTP/1.1" 301 196 "-" "Mozilla/5.0 (Windows NT 6.1) AppleWebKit/537.36 (KHTML, like Gecko) Chrome/45.0.2454.85 Safari/537.36 OPR/32.0.1948.45"
91.199.149.239 - - [28/Jan/2022:01:52:44 +0300] "GET /administrator/index.php HTTP/1.0" 200 7478 "-" "Mozilla/5.0 (Windows NT 6.1) AppleWebKit/537.36 (KHTML, like Gecko) Chrome/45.0.2454.85 Safari/537.36 OPR/32.0.1948.45"
91.199.149.239 - - [28/Jan/2022:01:52:45 +0300] "POST /administrator/index.php HTTP/1.0" 301 185 "-" "Mozilla/5.0 (Windows NT 6.1) AppleWebKit/537.36 (KHTML, like Gecko) Chrome/45.0.2454.85 Safari/537.36 OPR/32.0.1948.45"
91.199.149.239 - - [28/Jan/2022:01:52:45 +0300] "POST /administrator/index.php HTTP/1.0" 200 7764 "-" "Mozilla/5.0 (Windows NT 6.1) AppleWebKit/537.36 (KHTML, like Gecko) Chrome/45.0.2454.85 Safari/537.36 OPR/32.0.1948.45"
45.86.202.34 - - [28/Jan/2022:02:00:10 +0300] "GET /administrator/index.php HTTP/1.1" 301 196 "-" "Mozilla/5.0 (Windows NT 6.1) AppleWebKit/537.36 (KHTML, like Gecko) Chrome/45.0.2454.85 Safari/537.36 OPR/32.0.1948.45"
45.86.202.34 - - [28/Jan/2022:02:00:11 +0300] "GET /administrator/index.php HTTP/1.0" 200 7478 "-" "Mozilla/5.0 (Windows NT 6.1) AppleWebKit/537.36 (KHTML, like Gecko) Chrome/45.0.2454.85 Safari/537.36 OPR/32.0.1948.45"
45.86.202.34 - - [28/Jan/2022:02:00:13 +0300] "POST /administrator/index.php HTTP/1.0" 301 185 "-" "Mozilla/5.0 (Windows NT 6.1) AppleWebKit/537.36 (KHTML, like Gecko) Chrome/45.0.2454.85 Safari/537.36 OPR/32.0.1948.45"
45.86.202.34 - - [28/Jan/2022:02:00:14 +0300] "POST /administrator/index.php HTTP/1.0" 200 7764 "-" "Mozilla/5.0 (Windows NT 6.1) AppleWebKit/537.36 (KHTML, like Gecko) Chrome/45.0.2454.85 Safari/537.36 OPR/32.0.1948.45"
91.199.149.239 - - [28/Jan/2022:02:00:57 +0300] "GET /administrator/index.php HTTP/1.1" 301 196 "-" "Mozilla/5.0 (Windows NT 6.1) AppleWebKit/537.36 (KHTML, like Gecko) Chrome/45.0.2454.85 Safari/537.36 OPR/32.0.1948.45"
91.199.149.239 - - [28/Jan/2022:02:00:57 +0300] "GET /administrator/index.php HTTP/1.0" 200 7478 "-" "Mozilla/5.0 (Windows NT 6.1) AppleWebKit/537.36 (KHTML, like Gecko) Chrome/45.0.2454.85 Safari/537.36 OPR/32.0.1948.45"
91.199.149.239 - - [28/Jan/2022:02:00:58 +0300] "POST /administrator/index.php HTTP/1.0" 301 185 "-" "Mozilla/5.0 (Windows NT 6.1) AppleWebKit/537.36 (KHTML, like Gecko) Chrome/45.0.2454.85 Safari/537.36 OPR/32.0.1948.45"
91.199.149.239 - - [28/Jan/2022:02:00:58 +0300] "POST /administrator/index.php HTTP/1.0" 200 7764 "-" "Mozilla/5.0 (Windows NT 6.1) AppleWebKit/537.36 (KHTML, like Gecko) Chrome/45.0.2454.85 Safari/537.36 OPR/32.0.1948.45"
91.199.149.239 - - [28/Jan/2022:02:09:22 +0300] "GET /administrator/index.php HTTP/1.1" 301 196 "-" "Mozilla/5.0 (Windows NT 6.1) AppleWebKit/537.36 (KHTML, like Gecko) Chrome/45.0.2454.85 Safari/537.36 OPR/32.0.1948.45"
91.199.149.239 - - [28/Jan/2022:02:09:22 +0300] "GET /administrator/index.php HTTP/1.0" 200 7478 "-" "Mozilla/5.0 (Windows NT 6.1) AppleWebKit/537.36 (KHTML, like Gecko) Chrome/45.0.2454.85 Safari/537.36 OPR/32.0.1948.45"
91.199.149.239 - - [28/Jan/2022:02:09:23 +0300] "POST /administrator/index.php HTTP/1.0" 301 185 "-" "Mozilla/5.0 (Windows NT 6.1) AppleWebKit/537.36 (KHTML, like Gecko) Chrome/45.0.2454.85 Safari/537.36 OPR/32.0.1948.45"
91.199.149.239 - - [28/Jan/2022:02:09:23 +0300] "POST /administrator/index.php HTTP/1.0" 200 7764 "-" "Mozilla/5.0 (Windows NT 6.1) AppleWebKit/537.36 (KHTML, like Gecko) Chrome/45.0.2454.85 Safari/537.36 OPR/32.0.1948.45"
91.199.149.239 - - [28/Jan/2022:02:17:41 +0300] "GET /administrator/index.php HTTP/1.1" 301 196 "-" "Mozilla/5.0 (Windows NT 6.1) AppleWebKit/537.36 (KHTML, like Gecko) Chrome/45.0.2454.85 Safari/537.36 OPR/32.0.1948.45"
91.199.149.239 - - [28/Jan/2022:02:17:41 +0300] "GET /administrator/index.php HTTP/1.0" 200 7478 "-" "Mozilla/5.0 (Windows NT 6.1) AppleWebKit/537.36 (KHTML, like Gecko) Chrome/45.0.2454.85 Safari/537.36 OPR/32.0.1948.45"
91.199.149.239 - - [28/Jan/2022:02:17:42 +0300] "POST /administrator/index.php HTTP/1.0" 301 185 "-" "Mozilla/5.0 (Windows NT 6.1) AppleWebKit/537.36 (KHTML, like Gecko) Chrome/45.0.2454.85 Safari/537.36 OPR/32.0.1948.45"
91.199.149.239 - - [28/Jan/2022:02:17:42 +0300] "POST /administrator/index.php HTTP/1.0" 200 7764 "-" "Mozilla/5.0 (Windows NT 6.1) AppleWebKit/537.36 (KHTML, like Gecko) Chrome/45.0.2454.85 Safari/537.36 OPR/32.0.1948.45"
51.222.253.15 - - [28/Jan/2022:02:23:58 +0300] "GET /robots.txt HTTP/1.1" 301 196 "-" "Mozilla/5.0 (compatible; AhrefsBot/7.0; +http://ahrefs.com/robot/)"
51.222.253.15 - - [28/Jan/2022:02:23:59 +0300] "GET /robots.txt HTTP/1.0" 200 696 "-" "Mozilla/5.0 (compatible; AhrefsBot/7.0; +http://ahrefs.com/robot/)"
216.244.66.249 - - [28/Jan/2022:02:24:39 +0300] "GET /robots.txt HTTP/1.1" 301 196 "-" "Mozilla/5.0 (compatible; DotBot/1.2; +https://opensiteexplorer.org/dotbot; help@moz.com)"
216.244.66.249 - - [28/Jan/2022:02:24:39 +0300] "GET /robots.txt HTTP/1.1" 301 196 "-" "Mozilla/5.0 (compatible; DotBot/1.2; +https://opensiteexplorer.org/dotbot; help@moz.com)"
216.244.66.249 - - [28/Jan/2022:02:24:40 +0300] "GET /robots.txt HTTP/1.0" 200 1108 "-" "Mozilla/5.0 (compatible; DotBot/1.2; +https://opensiteexplorer.org/dotbot; help@moz.com)"
216.244.66.249 - - [28/Jan/2022:02:24:40 +0300] "GET /robots.txt HTTP/1.0" 200 1108 "-" "Mozilla/5.0 (compatible; DotBot/1.2; +https://opensiteexplorer.org/dotbot; help@moz.com)"
91.199.149.239 - - [28/Jan/2022:02:26:16 +0300] "GET /administrator/index.php HTTP/1.1" 301 196 "-" "Mozilla/5.0 (Windows NT 6.1) AppleWebKit/537.36 (KHTML, like Gecko) Chrome/45.0.2454.85 Safari/537.36 OPR/32.0.1948.45"
91.199.149.239 - - [28/Jan/2022:02:26:16 +0300] "GET /administrator/index.php HTTP/1.0" 200 7478 "-" "Mozilla/5.0 (Windows NT 6.1) AppleWebKit/537.36 (KHTML, like Gecko) Chrome/45.0.2454.85 Safari/537.36 OPR/32.0.1948.45"
91.199.149.239 - - [28/Jan/2022:02:26:17 +0300] "POST /administrator/index.php HTTP/1.0" 301 185 "-" "Mozilla/5.0 (Windows NT 6.1) AppleWebKit/537.36 (KHTML, like Gecko) Chrome/45.0.2454.85 Safari/537.36 OPR/32.0.1948.45"
91.199.149.239 - - [28/Jan/2022:02:26:17 +0300] "POST /administrator/index.php HTTP/1.0" 200 7764 "-" "Mozilla/5.0 (Windows NT 6.1) AppleWebKit/537.36 (KHTML, like Gecko) Chrome/45.0.2454.85 Safari/537.36 OPR/32.0.1948.45"
45.86.202.34 - - [28/Jan/2022:02:26:26 +0300] "GET /administrator/index.php HTTP/1.1" 301 196 "-" "Mozilla/5.0 (Windows NT 6.1) AppleWebKit/537.36 (KHTML, like Gecko) Chrome/45.0.2454.85 Safari/537.36 OPR/32.0.1948.45"
45.86.202.34 - - [28/Jan/2022:02:26:27 +0300] "GET /administrator/index.php HTTP/1.0" 200 7478 "-" "Mozilla/5.0 (Windows NT 6.1) AppleWebKit/537.36 (KHTML, like Gecko) Chrome/45.0.2454.85 Safari/537.36 OPR/32.0.1948.45"
45.86.202.34 - - [28/Jan/2022:02:26:29 +0300] "POST /administrator/index.php HTTP/1.0" 301 185 "-" "Mozilla/5.0 (Windows NT 6.1) AppleWebKit/537.36 (KHTML, like Gecko) Chrome/45.0.2454.85 Safari/537.36 OPR/32.0.1948.45"
45.86.202.34 - - [28/Jan/2022:02:26:30 +0300] "POST /administrator/index.php HTTP/1.0" 200 7764 "-" "Mozilla/5.0 (Windows NT 6.1) AppleWebKit/537.36 (KHTML, like Gecko) Chrome/45.0.2454.85 Safari/537.36 OPR/32.0.1948.45"
216.244.66.249 - - [28/Jan/2022:02:31:49 +0300] "GET /produktsiya/78-main/83-ekologicheskaya-politika HTTP/1.0" 301 622 "-" "Mozilla/5.0 (compatible; DotBot/1.2; +https://opensiteexplorer.org/dotbot; help@moz.com)"
216.244.66.249 - - [28/Jan/2022:02:34:19 +0300] "GET /kulturnaya-deyatelnost/78-main/91-raskrytie-informatsii HTTP/1.0" 301 634 "-" "Mozilla/5.0 (compatible; DotBot/1.2; +https://opensiteexplorer.org/dotbot; help@moz.com)"
216.244.66.249 - - [28/Jan/2022:02:34:28 +0300] "GET /produktsiya/78-main/71-o-kompanii-en HTTP/1.0" 301 615 "-" "Mozilla/5.0 (compatible; DotBot/1.2; +https://opensiteexplorer.org/dotbot; help@moz.com)"
91.199.149.239 - - [28/Jan/2022:02:34:54 +0300] "GET /administrator/index.php HTTP/1.1" 301 196 "-" "Mozilla/5.0 (Windows NT 6.1) AppleWebKit/537.36 (KHTML, like Gecko) Chrome/45.0.2454.85 Safari/537.36 OPR/32.0.1948.45"
91.199.149.239 - - [28/Jan/2022:02:34:55 +0300] "GET /administrator/index.php HTTP/1.0" 200 7478 "-" "Mozilla/5.0 (Windows NT 6.1) AppleWebKit/537.36 (KHTML, like Gecko) Chrome/45.0.2454.85 Safari/537.36 OPR/32.0.1948.45"
91.199.149.239 - - [28/Jan/2022:02:34:55 +0300] "POST /administrator/index.php HTTP/1.0" 301 185 "-" "Mozilla/5.0 (Windows NT 6.1) AppleWebKit/537.36 (KHTML, like Gecko) Chrome/45.0.2454.85 Safari/537.36 OPR/32.0.1948.45"
91.199.149.239 - - [28/Jan/2022:02:34:56 +0300] "POST /administrator/index.php HTTP/1.0" 200 7764 "-" "Mozilla/5.0 (Windows NT 6.1) AppleWebKit/537.36 (KHTML, like Gecko) Chrome/45.0.2454.85 Safari/537.36 OPR/32.0.1948.45"
95.163.255.231 - - [28/Jan/2022:02:40:25 +0300] "GET /robots.txt HTTP/1.0" 200 1108 "-" "Mozilla/5.0 (compatible; Linux x86_64; Mail.RU_Bot/2.0; +http://go.mail.ru/help/robots)"
95.163.255.205 - - [28/Jan/2022:02:40:27 +0300] "GET /en/component/content/?view=featured HTTP/1.0" 200 5827 "-" "Mozilla/5.0 (compatible; Linux x86_64; Mail.RU_Bot/2.0; +http://go.mail.ru/help/robots)"
91.199.149.239 - - [28/Jan/2022:02:43:42 +0300] "GET /administrator/index.php HTTP/1.1" 301 196 "-" "Mozilla/5.0 (Windows NT 6.1) AppleWebKit/537.36 (KHTML, like Gecko) Chrome/45.0.2454.85 Safari/537.36 OPR/32.0.1948.45"
91.199.149.239 - - [28/Jan/2022:02:43:43 +0300] "GET /administrator/index.php HTTP/1.0" 200 7478 "-" "Mozilla/5.0 (Windows NT 6.1) AppleWebKit/537.36 (KHTML, like Gecko) Chrome/45.0.2454.85 Safari/537.36 OPR/32.0.1948.45"
91.199.149.239 - - [28/Jan/2022:02:43:43 +0300] "POST /administrator/index.php HTTP/1.0" 301 185 "-" "Mozilla/5.0 (Windows NT 6.1) AppleWebKit/537.36 (KHTML, like Gecko) Chrome/45.0.2454.85 Safari/537.36 OPR/32.0.1948.45"
91.199.149.239 - - [28/Jan/2022:02:43:44 +0300] "POST /administrator/index.php HTTP/1.0" 200 7764 "-" "Mozilla/5.0 (Windows NT 6.1) AppleWebKit/537.36 (KHTML, like Gecko) Chrome/45.0.2454.85 Safari/537.36 OPR/32.0.1948.45"
91.199.149.239 - - [28/Jan/2022:02:52:34 +0300] "GET /administrator/index.php HTTP/1.1" 301 196 "-" "Mozilla/5.0 (Windows NT 6.1) AppleWebKit/537.36 (KHTML, like Gecko) Chrome/45.0.2454.85 Safari/537.36 OPR/32.0.1948.45"
91.199.149.239 - - [28/Jan/2022:02:52:34 +0300] "GET /administrator/index.php HTTP/1.0" 200 7478 "-" "Mozilla/5.0 (Windows NT 6.1) AppleWebKit/537.36 (KHTML, like Gecko) Chrome/45.0.2454.85 Safari/537.36 OPR/32.0.1948.45"
91.199.149.239 - - [28/Jan/2022:02:52:35 +0300] "POST /administrator/index.php HTTP/1.0" 301 185 "-" "Mozilla/5.0 (Windows NT 6.1) AppleWebKit/537.36 (KHTML, like Gecko) Chrome/45.0.2454.85 Safari/537.36 OPR/32.0.1948.45"
91.199.149.239 - - [28/Jan/2022:02:52:35 +0300] "POST /administrator/index.php HTTP/1.0" 200 7764 "-" "Mozilla/5.0 (Windows NT 6.1) AppleWebKit/537.36 (KHTML, like Gecko) Chrome/45.0.2454.85 Safari/537.36 OPR/32.0.1948.45"
45.86.202.34 - - [28/Jan/2022:02:53:10 +0300] "GET /administrator/index.php HTTP/1.1" 301 196 "-" "Mozilla/5.0 (Windows NT 6.1) AppleWebKit/537.36 (KHTML, like Gecko) Chrome/45.0.2454.85 Safari/537.36 OPR/32.0.1948.45"
45.86.202.34 - - [28/Jan/2022:02:53:11 +0300] "GET /administrator/index.php HTTP/1.0" 200 7478 "-" "Mozilla/5.0 (Windows NT 6.1) AppleWebKit/537.36 (KHTML, like Gecko) Chrome/45.0.2454.85 Safari/537.36 OPR/32.0.1948.45"
45.86.202.34 - - [28/Jan/2022:02:53:12 +0300] "POST /administrator/index.php HTTP/1.0" 301 185 "-" "Mozilla/5.0 (Windows NT 6.1) AppleWebKit/537.36 (KHTML, like Gecko) Chrome/45.0.2454.85 Safari/537.36 OPR/32.0.1948.45"
45.86.202.34 - - [28/Jan/2022:02:53:13 +0300] "POST /administrator/index.php HTTP/1.0" 200 7764 "-" "Mozilla/5.0 (Windows NT 6.1) AppleWebKit/537.36 (KHTML, like Gecko) Chrome/45.0.2454.85 Safari/537.36 OPR/32.0.1948.45"
91.199.149.239 - - [28/Jan/2022:03:01:07 +0300] "GET /administrator/index.php HTTP/1.1" 301 196 "-" "Mozilla/5.0 (Windows NT 6.1) AppleWebKit/537.36 (KHTML, like Gecko) Chrome/45.0.2454.85 Safari/537.36 OPR/32.0.1948.45"
91.199.149.239 - - [28/Jan/2022:03:01:08 +0300] "GET /administrator/index.php HTTP/1.0" 200 7478 "-" "Mozilla/5.0 (Windows NT 6.1) AppleWebKit/537.36 (KHTML, like Gecko) Chrome/45.0.2454.85 Safari/537.36 OPR/32.0.1948.45"
91.199.149.239 - - [28/Jan/2022:03:01:08 +0300] "POST /administrator/index.php HTTP/1.0" 301 185 "-" "Mozilla/5.0 (Windows NT 6.1) AppleWebKit/537.36 (KHTML, like Gecko) Chrome/45.0.2454.85 Safari/537.36 OPR/32.0.1948.45"
91.199.149.239 - - [28/Jan/2022:03:01:09 +0300] "POST /administrator/index.php HTTP/1.0" 200 7764 "-" "Mozilla/5.0 (Windows NT 6.1) AppleWebKit/537.36 (KHTML, like Gecko) Chrome/45.0.2454.85 Safari/537.36 OPR/32.0.1948.45"
91.199.149.239 - - [28/Jan/2022:03:09:54 +0300] "GET /administrator/index.php HTTP/1.1" 301 196 "-" "Mozilla/5.0 (Windows NT 6.1) AppleWebKit/537.36 (KHTML, like Gecko) Chrome/45.0.2454.85 Safari/537.36 OPR/32.0.1948.45"
91.199.149.239 - - [28/Jan/2022:03:09:54 +0300] "GET /administrator/index.php HTTP/1.0" 200 7478 "-" "Mozilla/5.0 (Windows NT 6.1) AppleWebKit/537.36 (KHTML, like Gecko) Chrome/45.0.2454.85 Safari/537.36 OPR/32.0.1948.45"
91.199.149.239 - - [28/Jan/2022:03:09:55 +0300] "POST /administrator/index.php HTTP/1.0" 301 185 "-" "Mozilla/5.0 (Windows NT 6.1) AppleWebKit/537.36 (KHTML, like Gecko) Chrome/45.0.2454.85 Safari/537.36 OPR/32.0.1948.45"
91.199.149.239 - - [28/Jan/2022:03:09:56 +0300] "POST /administrator/index.php HTTP/1.0" 200 7764 "-" "Mozilla/5.0 (Windows NT 6.1) AppleWebKit/537.36 (KHTML, like Gecko) Chrome/45.0.2454.85 Safari/537.36 OPR/32.0.1948.45"
95.108.129.200 - - [28/Jan/2022:03:13:28 +0300] "GET / HTTP/1.1" 301 196 "-" "Mozilla/5.0 (compatible; YandexMetrika/2.0; +http://yandex.com/bots)"
95.108.129.200 - - [28/Jan/2022:03:13:28 +0300] "GET / HTTP/1.0" 301 575 "-" "Mozilla/5.0 (compatible; YandexMetrika/2.0; +http://yandex.com/bots)"
95.108.129.200 - - [28/Jan/2022:03:13:28 +0300] "GET /ru/ HTTP/1.0" 200 14719 "-" "Mozilla/5.0 (compatible; YandexMetrika/2.0; +http://yandex.com/bots)"
95.108.129.200 - - [28/Jan/2022:03:13:29 +0300] "GET /media/system/js/core.js?174e1f4285ca6738dd507f1e7561b65c HTTP/1.1" 200 8808 "https://mendeleevskazot.ru/ru/" "Mozilla/5.0 (compatible; YandexMetrika/2.0; +http://yandex.com/bots)"
95.108.129.200 - - [28/Jan/2022:03:13:29 +0300] "GET /media/jui/js/jquery.min.js?174e1f4285ca6738dd507f1e7561b65c HTTP/1.1" 200 97646 "https://mendeleevskazot.ru/ru/" "Mozilla/5.0 (compatible; YandexMetrika/2.0; +http://yandex.com/bots)"
95.108.129.200 - - [28/Jan/2022:03:13:29 +0300] "GET /media/jui/js/jquery-noconflict.js?174e1f4285ca6738dd507f1e7561b65c HTTP/1.1" 200 21 "https://mendeleevskazot.ru/ru/" "Mozilla/5.0 (compatible; YandexMetrika/2.0; +http://yandex.com/bots)"
95.108.129.200 - - [28/Jan/2022:03:13:29 +0300] "GET /components/com_sppagebuilder/assets/js/jquery.parallax-1.1.3.js HTTP/1.1" 200 892 "https://mendeleevskazot.ru/ru/" "Mozilla/5.0 (compatible; YandexMetrika/2.0; +http://yandex.com/bots)"
95.108.129.200 - - [28/Jan/2022:03:13:29 +0300] "GET /components/com_sppagebuilder/assets/js/sppagebuilder.js HTTP/1.1" 200 35661 "https://mendeleevskazot.ru/ru/" "Mozilla/5.0 (compatible; YandexMetrika/2.0; +http://yandex.com/bots)"
95.108.129.200 - - [28/Jan/2022:03:13:29 +0300] "GET /media/jui/js/jquery-migrate.min.js?174e1f4285ca6738dd507f1e7561b65c HTTP/1.1" 200 10056 "https://mendeleevskazot.ru/ru/" "Mozilla/5.0 (compatible; YandexMetrika/2.0; +http://yandex.com/bots)"
95.108.129.200 - - [28/Jan/2022:03:13:29 +0300] "GET /components/com_sppagebuilder/assets/js/jquery.magnific-popup.min.js HTTP/1.1" 200 20033 "https://mendeleevskazot.ru/ru/" "Mozilla/5.0 (compatible; YandexMetrika/2.0; +http://yandex.com/bots)"
95.108.129.200 - - [28/Jan/2022:03:13:29 +0300] "GET /templates/shaper_helix3/js/bootstrap.min.js HTTP/1.1" 200 37045 "https://mendeleevskazot.ru/ru/" "Mozilla/5.0 (compatible; YandexMetrika/2.0; +http://yandex.com/bots)"
95.108.129.200 - - [28/Jan/2022:03:13:29 +0300] "GET /templates/shaper_helix3/js/jquery.sticky.js HTTP/1.1" 200 5739 "https://mendeleevskazot.ru/ru/" "Mozilla/5.0 (compatible; YandexMetrika/2.0; +http://yandex.com/bots)"
95.108.129.200 - - [28/Jan/2022:03:13:29 +0300] "GET /templates/shaper_helix3/js/main.js HTTP/1.1" 200 8773 "https://mendeleevskazot.ru/ru/" "Mozilla/5.0 (compatible; YandexMetrika/2.0; +http://yandex.com/bots)"
95.108.129.200 - - [28/Jan/2022:03:13:29 +0300] "GET /templates/shaper_helix3/js/frontend-edit.js HTTP/1.1" 200 1948 "https://mendeleevskazot.ru/ru/" "Mozilla/5.0 (compatible; YandexMetrika/2.0; +http://yandex.com/bots)"
95.108.129.200 - - [28/Jan/2022:03:13:29 +0300] "GET /modules/mod_gruemenu/js/touchwipe.min.js HTTP/1.1" 200 2254 "https://mendeleevskazot.ru/ru/" "Mozilla/5.0 (compatible; YandexMetrika/2.0; +http://yandex.com/bots)"
95.108.129.200 - - [28/Jan/2022:03:13:29 +0300] "GET /modules/mod_gruemenu/js/sidr.js HTTP/1.1" 200 9880 "https://mendeleevskazot.ru/ru/" "Mozilla/5.0 (compatible; YandexMetrika/2.0; +http://yandex.com/bots)"
95.108.129.200 - - [28/Jan/2022:03:13:29 +0300] "GET /modules/mod_gruemenu/js/script.js HTTP/1.1" 200 752 "https://mendeleevskazot.ru/ru/" "Mozilla/5.0 (compatible; YandexMetrika/2.0; +http://yandex.com/bots)"
216.244.66.249 - - [28/Jan/2022:03:14:04 +0300] "GET /robots.txt HTTP/1.1" 301 196 "-" "Mozilla/5.0 (compatible; DotBot/1.2; +https://opensiteexplorer.org/dotbot; help@moz.com)"
216.244.66.249 - - [28/Jan/2022:03:14:05 +0300] "GET /robots.txt HTTP/1.1" 301 196 "-" "Mozilla/5.0 (compatible; DotBot/1.2; +https://opensiteexplorer.org/dotbot; help@moz.com)"
216.244.66.249 - - [28/Jan/2022:03:14:05 +0300] "GET /robots.txt HTTP/1.0" 200 1108 "-" "Mozilla/5.0 (compatible; DotBot/1.2; +https://opensiteexplorer.org/dotbot; help@moz.com)"
216.244.66.249 - - [28/Jan/2022:03:14:05 +0300] "GET /robots.txt HTTP/1.0" 200 1108 "-" "Mozilla/5.0 (compatible; DotBot/1.2; +https://opensiteexplorer.org/dotbot; help@moz.com)"
91.199.149.239 - - [28/Jan/2022:03:18:29 +0300] "GET /administrator/index.php HTTP/1.1" 301 196 "-" "Mozilla/5.0 (Windows NT 6.1) AppleWebKit/537.36 (KHTML, like Gecko) Chrome/45.0.2454.85 Safari/537.36 OPR/32.0.1948.45"
91.199.149.239 - - [28/Jan/2022:03:18:29 +0300] "GET /administrator/index.php HTTP/1.0" 200 7478 "-" "Mozilla/5.0 (Windows NT 6.1) AppleWebKit/537.36 (KHTML, like Gecko) Chrome/45.0.2454.85 Safari/537.36 OPR/32.0.1948.45"
91.199.149.239 - - [28/Jan/2022:03:18:30 +0300] "POST /administrator/index.php HTTP/1.0" 301 185 "-" "Mozilla/5.0 (Windows NT 6.1) AppleWebKit/537.36 (KHTML, like Gecko) Chrome/45.0.2454.85 Safari/537.36 OPR/32.0.1948.45"
91.199.149.239 - - [28/Jan/2022:03:18:30 +0300] "POST /administrator/index.php HTTP/1.0" 200 7764 "-" "Mozilla/5.0 (Windows NT 6.1) AppleWebKit/537.36 (KHTML, like Gecko) Chrome/45.0.2454.85 Safari/537.36 OPR/32.0.1948.45"
216.244.66.249 - - [28/Jan/2022:03:18:57 +0300] "GET /kontakty HTTP/1.0" 301 583 "-" "Mozilla/5.0 (compatible; DotBot/1.2; +https://opensiteexplorer.org/dotbot; help@moz.com)"
216.244.66.249 - - [28/Jan/2022:03:20:02 +0300] "GET /registrations/fucqlra-qunay-nexhwqir-btwwfb-wolbs-kaadbbfm-xzzgz-ycdossw-wmzzlsg-w10005-pjjum-syva-q387515-tvspavx.cfm%3E HTTP/1.0" 301 694 "-" "Mozilla/5.0 (compatible; DotBot/1.2; +https://opensiteexplorer.org/dotbot; help@moz.com)"
216.244.66.249 - - [28/Jan/2022:03:21:28 +0300] "GET /produktsiya/78-main/93-struktura-vyruchki-v-period-2012-goda-en HTTP/1.0" 301 638 "-" "Mozilla/5.0 (compatible; DotBot/1.2; +https://opensiteexplorer.org/dotbot; help@moz.com)"
45.86.202.34 - - [28/Jan/2022:03:21:35 +0300] "GET /administrator/index.php HTTP/1.1" 301 196 "-" "Mozilla/5.0 (Windows NT 6.1) AppleWebKit/537.36 (KHTML, like Gecko) Chrome/45.0.2454.85 Safari/537.36 OPR/32.0.1948.45"
45.86.202.34 - - [28/Jan/2022:03:21:36 +0300] "GET /administrator/index.php HTTP/1.0" 200 7478 "-" "Mozilla/5.0 (Windows NT 6.1) AppleWebKit/537.36 (KHTML, like Gecko) Chrome/45.0.2454.85 Safari/537.36 OPR/32.0.1948.45"
45.86.202.34 - - [28/Jan/2022:03:21:37 +0300] "POST /administrator/index.php HTTP/1.0" 301 185 "-" "Mozilla/5.0 (Windows NT 6.1) AppleWebKit/537.36 (KHTML, like Gecko) Chrome/45.0.2454.85 Safari/537.36 OPR/32.0.1948.45"
45.86.202.34 - - [28/Jan/2022:03:21:38 +0300] "POST /administrator/index.php HTTP/1.0" 200 7764 "-" "Mozilla/5.0 (Windows NT 6.1) AppleWebKit/537.36 (KHTML, like Gecko) Chrome/45.0.2454.85 Safari/537.36 OPR/32.0.1948.45"
216.244.66.249 - - [28/Jan/2022:03:22:18 +0300] "GET /images/mazot_nagr.jpg HTTP/1.0" 301 600 "-" "Mozilla/5.0 (compatible; DotBot/1.2; +https://opensiteexplorer.org/dotbot; help@moz.com)"
216.244.66.249 - - [28/Jan/2022:03:22:24 +0300] "GET /produktsiya/ammiachnaya-selitra HTTP/1.0" 301 610 "-" "Mozilla/5.0 (compatible; DotBot/1.2; +https://opensiteexplorer.org/dotbot; help@moz.com)"
216.244.66.249 - - [28/Jan/2022:03:23:16 +0300] "GET /produktsiya/geografiya-prodazh/78-main/112-tax-registration-testimony-of-legal-entity-on-the-territory-of-russian-federation HTTP/1.0" 301 699 "-" "Mozilla/5.0 (compatible; DotBot/1.2; +https://opensiteexplorer.org/dotbot; help@moz.com)"
216.244.66.249 - - [28/Jan/2022:03:23:25 +0300] "GET /proizvodstvo/uslugi/78-main/114-trade-policy HTTP/1.0" 301 619 "-" "Mozilla/5.0 (compatible; DotBot/1.2; +https://opensiteexplorer.org/dotbot; help@moz.com)"
216.244.66.249 - - [28/Jan/2022:03:24:19 +0300] "GET /ekologiya/78-main/114-trade-policy HTTP/1.0" 301 613 "-" "Mozilla/5.0 (compatible; DotBot/1.2; +https://opensiteexplorer.org/dotbot; help@moz.com)"
216.244.66.249 - - [28/Jan/2022:03:24:23 +0300] "GET /kulturnaya-deyatelnost/78-main/93-struktura-vyruchki-v-period-2012-goda HTTP/1.0" 301 650 "-" "Mozilla/5.0 (compatible; DotBot/1.2; +https://opensiteexplorer.org/dotbot; help@moz.com)"
216.244.66.249 - - [28/Jan/2022:03:24:26 +0300] "GET /proizvodstvo/78-main/83-ekologicheskaya-politika-en HTTP/1.0" 301 630 "-" "Mozilla/5.0 (compatible; DotBot/1.2; +https://opensiteexplorer.org/dotbot; help@moz.com)"
216.244.66.249 - - [28/Jan/2022:03:26:23 +0300] "GET /produktsiya/tekhnicheskij-kislorod/78-main/83-ekologicheskaya-politika HTTP/1.0" 301 649 "-" "Mozilla/5.0 (compatible; DotBot/1.2; +https://opensiteexplorer.org/dotbot; help@moz.com)"
91.199.149.239 - - [28/Jan/2022:03:26:40 +0300] "GET /administrator/index.php HTTP/1.1" 301 196 "-" "Mozilla/5.0 (Windows NT 6.1) AppleWebKit/537.36 (KHTML, like Gecko) Chrome/45.0.2454.85 Safari/537.36 OPR/32.0.1948.45"
91.199.149.239 - - [28/Jan/2022:03:26:40 +0300] "GET /administrator/index.php HTTP/1.0" 200 7478 "-" "Mozilla/5.0 (Windows NT 6.1) AppleWebKit/537.36 (KHTML, like Gecko) Chrome/45.0.2454.85 Safari/537.36 OPR/32.0.1948.45"
91.199.149.239 - - [28/Jan/2022:03:26:40 +0300] "POST /administrator/index.php HTTP/1.0" 301 185 "-" "Mozilla/5.0 (Windows NT 6.1) AppleWebKit/537.36 (KHTML, like Gecko) Chrome/45.0.2454.85 Safari/537.36 OPR/32.0.1948.45"
91.199.149.239 - - [28/Jan/2022:03:26:41 +0300] "POST /administrator/index.php HTTP/1.0" 200 7764 "-" "Mozilla/5.0 (Windows NT 6.1) AppleWebKit/537.36 (KHTML, like Gecko) Chrome/45.0.2454.85 Safari/537.36 OPR/32.0.1948.45"
54.36.148.133 - - [28/Jan/2022:03:28:29 +0300] "GET /robots.txt HTTP/1.1" 301 196 "-" "Mozilla/5.0 (compatible; AhrefsBot/7.0; +http://ahrefs.com/robot/)"
54.36.148.133 - - [28/Jan/2022:03:28:30 +0300] "GET /robots.txt HTTP/1.0" 200 696 "-" "Mozilla/5.0 (compatible; AhrefsBot/7.0; +http://ahrefs.com/robot/)"
91.199.149.239 - - [28/Jan/2022:03:35:31 +0300] "GET /administrator/index.php HTTP/1.1" 301 196 "-" "Mozilla/5.0 (Windows NT 6.1) AppleWebKit/537.36 (KHTML, like Gecko) Chrome/45.0.2454.85 Safari/537.36 OPR/32.0.1948.45"
91.199.149.239 - - [28/Jan/2022:03:35:32 +0300] "GET /administrator/index.php HTTP/1.0" 200 7478 "-" "Mozilla/5.0 (Windows NT 6.1) AppleWebKit/537.36 (KHTML, like Gecko) Chrome/45.0.2454.85 Safari/537.36 OPR/32.0.1948.45"
91.199.149.239 - - [28/Jan/2022:03:35:32 +0300] "POST /administrator/index.php HTTP/1.0" 301 185 "-" "Mozilla/5.0 (Windows NT 6.1) AppleWebKit/537.36 (KHTML, like Gecko) Chrome/45.0.2454.85 Safari/537.36 OPR/32.0.1948.45"
91.199.149.239 - - [28/Jan/2022:03:35:33 +0300] "POST /administrator/index.php HTTP/1.0" 200 7764 "-" "Mozilla/5.0 (Windows NT 6.1) AppleWebKit/537.36 (KHTML, like Gecko) Chrome/45.0.2454.85 Safari/537.36 OPR/32.0.1948.45"
157.55.39.149 - - [28/Jan/2022:03:41:16 +0300] "GET /robots.txt HTTP/1.0" 200 696 "-" "Mozilla/5.0 (compatible; bingbot/2.0; +http://www.bing.com/bingbot.htm)"
157.55.39.149 - - [28/Jan/2022:03:41:16 +0300] "GET /robots.txt HTTP/1.0" 200 696 "-" "Mozilla/5.0 (compatible; bingbot/2.0; +http://www.bing.com/bingbot.htm)"
157.55.39.230 - - [28/Jan/2022:03:41:25 +0300] "GET / HTTP/1.0" 301 575 "-" "Mozilla/5.0 (compatible; bingbot/2.0; +http://www.bing.com/bingbot.htm)"
114.119.149.78 - - [28/Jan/2022:03:44:26 +0300] "GET /robots.txt HTTP/1.1" 301 196 "-" "Mozilla/5.0 (compatible;PetalBot;+https://webmaster.petalsearch.com/site/petalbot)"
114.119.149.78 - - [28/Jan/2022:03:44:27 +0300] "GET /robots.txt HTTP/1.0" 200 696 "-" "Mozilla/5.0 (compatible;PetalBot;+https://webmaster.petalsearch.com/site/petalbot)"
91.199.149.239 - - [28/Jan/2022:03:44:31 +0300] "GET /administrator/index.php HTTP/1.1" 301 196 "-" "Mozilla/5.0 (Windows NT 6.1) AppleWebKit/537.36 (KHTML, like Gecko) Chrome/45.0.2454.85 Safari/537.36 OPR/32.0.1948.45"
91.199.149.239 - - [28/Jan/2022:03:44:32 +0300] "GET /administrator/index.php HTTP/1.0" 200 7478 "-" "Mozilla/5.0 (Windows NT 6.1) AppleWebKit/537.36 (KHTML, like Gecko) Chrome/45.0.2454.85 Safari/537.36 OPR/32.0.1948.45"
91.199.149.239 - - [28/Jan/2022:03:44:32 +0300] "POST /administrator/index.php HTTP/1.0" 301 185 "-" "Mozilla/5.0 (Windows NT 6.1) AppleWebKit/537.36 (KHTML, like Gecko) Chrome/45.0.2454.85 Safari/537.36 OPR/32.0.1948.45"
91.199.149.239 - - [28/Jan/2022:03:44:33 +0300] "POST /administrator/index.php HTTP/1.0" 200 7764 "-" "Mozilla/5.0 (Windows NT 6.1) AppleWebKit/537.36 (KHTML, like Gecko) Chrome/45.0.2454.85 Safari/537.36 OPR/32.0.1948.45"
89.187.175.242 - - [28/Jan/2022:03:48:29 +0300] "GET /wp-login.php HTTP/1.1" 301 196 "-" "Mozilla/5.0 (Windows NT 10.0; Win64; x64) AppleWebKit/537.36 (KHTML, like Gecko) Chrome/91.0.4472.124 Safari/537.36"
89.187.175.242 - - [28/Jan/2022:03:48:30 +0300] "GET /wp-login.php HTTP/1.0" 301 587 "-" "Mozilla/5.0 (Windows NT 10.0; Win64; x64) AppleWebKit/537.36 (KHTML, like Gecko) Chrome/91.0.4472.124 Safari/537.36"
89.187.175.242 - - [28/Jan/2022:03:48:31 +0300] "GET /ru/wp-login.php HTTP/1.0" 404 1780 "-" "Mozilla/5.0 (Windows NT 10.0; Win64; x64) AppleWebKit/537.36 (KHTML, like Gecko) Chrome/91.0.4472.124 Safari/537.36"
45.86.202.34 - - [28/Jan/2022:03:49:38 +0300] "GET /administrator/index.php HTTP/1.1" 301 196 "-" "Mozilla/5.0 (Windows NT 6.1) AppleWebKit/537.36 (KHTML, like Gecko) Chrome/45.0.2454.85 Safari/537.36 OPR/32.0.1948.45"
45.86.202.34 - - [28/Jan/2022:03:49:39 +0300] "GET /administrator/index.php HTTP/1.0" 200 7478 "-" "Mozilla/5.0 (Windows NT 6.1) AppleWebKit/537.36 (KHTML, like Gecko) Chrome/45.0.2454.85 Safari/537.36 OPR/32.0.1948.45"
45.86.202.34 - - [28/Jan/2022:03:49:41 +0300] "POST /administrator/index.php HTTP/1.0" 301 185 "-" "Mozilla/5.0 (Windows NT 6.1) AppleWebKit/537.36 (KHTML, like Gecko) Chrome/45.0.2454.85 Safari/537.36 OPR/32.0.1948.45"
45.86.202.34 - - [28/Jan/2022:03:49:42 +0300] "POST /administrator/index.php HTTP/1.0" 200 7764 "-" "Mozilla/5.0 (Windows NT 6.1) AppleWebKit/537.36 (KHTML, like Gecko) Chrome/45.0.2454.85 Safari/537.36 OPR/32.0.1948.45"
66.249.66.68 - - [28/Jan/2022:03:51:34 +0300] "GET /ads.txt HTTP/1.1" 301 196 "-" "Mozilla/5.0 (compatible; Googlebot/2.1; +http://www.google.com/bot.html)"
66.249.66.69 - - [28/Jan/2022:03:51:35 +0300] "GET /robots.txt HTTP/1.0" 200 696 "-" "Mozilla/5.0 (compatible; Googlebot/2.1; +http://www.google.com/bot.html)"
66.249.66.71 - - [28/Jan/2022:03:51:36 +0300] "GET /ads.txt HTTP/1.0" 301 582 "-" "Mozilla/5.0 (compatible; Googlebot/2.1; +http://www.google.com/bot.html)"
66.249.66.69 - - [28/Jan/2022:03:51:36 +0300] "GET /ru/ads.txt HTTP/1.0" 404 1670 "-" "Mozilla/5.0 (compatible; Googlebot/2.1; +http://www.google.com/bot.html)"
66.249.66.70 - - [28/Jan/2022:03:51:37 +0300] "GET /ru/ads.txt HTTP/1.0" 404 1670 "-" "Mozilla/5.0 (compatible; Googlebot/2.1; +http://www.google.com/bot.html)"
91.199.149.239 - - [28/Jan/2022:03:53:19 +0300] "GET /administrator/index.php HTTP/1.1" 301 196 "-" "Mozilla/5.0 (Windows NT 6.1) AppleWebKit/537.36 (KHTML, like Gecko) Chrome/45.0.2454.85 Safari/537.36 OPR/32.0.1948.45"
91.199.149.239 - - [28/Jan/2022:03:53:19 +0300] "GET /administrator/index.php HTTP/1.0" 200 7478 "-" "Mozilla/5.0 (Windows NT 6.1) AppleWebKit/537.36 (KHTML, like Gecko) Chrome/45.0.2454.85 Safari/537.36 OPR/32.0.1948.45"
91.199.149.239 - - [28/Jan/2022:03:53:20 +0300] "POST /administrator/index.php HTTP/1.0" 301 185 "-" "Mozilla/5.0 (Windows NT 6.1) AppleWebKit/537.36 (KHTML, like Gecko) Chrome/45.0.2454.85 Safari/537.36 OPR/32.0.1948.45"
91.199.149.239 - - [28/Jan/2022:03:53:20 +0300] "POST /administrator/index.php HTTP/1.0" 200 7764 "-" "Mozilla/5.0 (Windows NT 6.1) AppleWebKit/537.36 (KHTML, like Gecko) Chrome/45.0.2454.85 Safari/537.36 OPR/32.0.1948.45"
54.36.149.29 - - [28/Jan/2022:03:54:48 +0300] "GET /ru/ HTTP/1.0" 200 14827 "-" "Mozilla/5.0 (compatible; AhrefsBot/7.0; +http://ahrefs.com/robot/)"
91.199.149.239 - - [28/Jan/2022:04:01:39 +0300] "GET /administrator/index.php HTTP/1.1" 301 196 "-" "Mozilla/5.0 (Windows NT 6.1) AppleWebKit/537.36 (KHTML, like Gecko) Chrome/45.0.2454.85 Safari/537.36 OPR/32.0.1948.45"
91.199.149.239 - - [28/Jan/2022:04:01:40 +0300] "GET /administrator/index.php HTTP/1.0" 200 7478 "-" "Mozilla/5.0 (Windows NT 6.1) AppleWebKit/537.36 (KHTML, like Gecko) Chrome/45.0.2454.85 Safari/537.36 OPR/32.0.1948.45"
91.199.149.239 - - [28/Jan/2022:04:01:40 +0300] "POST /administrator/index.php HTTP/1.0" 301 185 "-" "Mozilla/5.0 (Windows NT 6.1) AppleWebKit/537.36 (KHTML, like Gecko) Chrome/45.0.2454.85 Safari/537.36 OPR/32.0.1948.45"
91.199.149.239 - - [28/Jan/2022:04:01:41 +0300] "POST /administrator/index.php HTTP/1.0" 200 7764 "-" "Mozilla/5.0 (Windows NT 6.1) AppleWebKit/537.36 (KHTML, like Gecko) Chrome/45.0.2454.85 Safari/537.36 OPR/32.0.1948.45"
91.199.149.239 - - [28/Jan/2022:04:10:04 +0300] "GET /administrator/index.php HTTP/1.1" 301 196 "-" "Mozilla/5.0 (Windows NT 6.1) AppleWebKit/537.36 (KHTML, like Gecko) Chrome/45.0.2454.85 Safari/537.36 OPR/32.0.1948.45"
91.199.149.239 - - [28/Jan/2022:04:10:04 +0300] "GET /administrator/index.php HTTP/1.0" 200 7478 "-" "Mozilla/5.0 (Windows NT 6.1) AppleWebKit/537.36 (KHTML, like Gecko) Chrome/45.0.2454.85 Safari/537.36 OPR/32.0.1948.45"
91.199.149.239 - - [28/Jan/2022:04:10:06 +0300] "POST /administrator/index.php HTTP/1.0" 301 185 "-" "Mozilla/5.0 (Windows NT 6.1) AppleWebKit/537.36 (KHTML, like Gecko) Chrome/45.0.2454.85 Safari/537.36 OPR/32.0.1948.45"
91.199.149.239 - - [28/Jan/2022:04:10:06 +0300] "POST /administrator/index.php HTTP/1.0" 200 7764 "-" "Mozilla/5.0 (Windows NT 6.1) AppleWebKit/537.36 (KHTML, like Gecko) Chrome/45.0.2454.85 Safari/537.36 OPR/32.0.1948.45"
188.120.235.221 - - [28/Jan/2022:04:15:38 +0300] "GET / HTTP/1.1" 301 196 "-" "Mozilla/5.0 (compatible; Googlebot/2.1; +http://www.google.com/bot.html)"
188.120.235.221 - - [28/Jan/2022:04:15:38 +0300] "GET / HTTP/1.0" 301 575 "-" "Mozilla/5.0 (compatible; Googlebot/2.1; +http://www.google.com/bot.html)"
188.120.235.221 - - [28/Jan/2022:04:15:39 +0300] "GET /ru/ HTTP/1.0" 200 69608 "-" "Mozilla/5.0 (compatible; Googlebot/2.1; +http://www.google.com/bot.html)"
45.86.202.34 - - [28/Jan/2022:04:15:56 +0300] "GET /administrator/index.php HTTP/1.1" 301 196 "-" "Mozilla/5.0 (Windows NT 6.1) AppleWebKit/537.36 (KHTML, like Gecko) Chrome/45.0.2454.85 Safari/537.36 OPR/32.0.1948.45"
45.86.202.34 - - [28/Jan/2022:04:15:58 +0300] "GET /administrator/index.php HTTP/1.0" 200 7478 "-" "Mozilla/5.0 (Windows NT 6.1) AppleWebKit/537.36 (KHTML, like Gecko) Chrome/45.0.2454.85 Safari/537.36 OPR/32.0.1948.45"
45.86.202.34 - - [28/Jan/2022:04:15:59 +0300] "POST /administrator/index.php HTTP/1.0" 301 185 "-" "Mozilla/5.0 (Windows NT 6.1) AppleWebKit/537.36 (KHTML, like Gecko) Chrome/45.0.2454.85 Safari/537.36 OPR/32.0.1948.45"
45.86.202.34 - - [28/Jan/2022:04:16:00 +0300] "POST /administrator/index.php HTTP/1.0" 200 7764 "-" "Mozilla/5.0 (Windows NT 6.1) AppleWebKit/537.36 (KHTML, like Gecko) Chrome/45.0.2454.85 Safari/537.36 OPR/32.0.1948.45"
91.199.149.239 - - [28/Jan/2022:04:18:18 +0300] "GET /administrator/index.php HTTP/1.1" 301 196 "-" "Mozilla/5.0 (Windows NT 6.1) AppleWebKit/537.36 (KHTML, like Gecko) Chrome/45.0.2454.85 Safari/537.36 OPR/32.0.1948.45"
91.199.149.239 - - [28/Jan/2022:04:18:19 +0300] "GET /administrator/index.php HTTP/1.0" 200 7478 "-" "Mozilla/5.0 (Windows NT 6.1) AppleWebKit/537.36 (KHTML, like Gecko) Chrome/45.0.2454.85 Safari/537.36 OPR/32.0.1948.45"
91.199.149.239 - - [28/Jan/2022:04:18:19 +0300] "POST /administrator/index.php HTTP/1.0" 301 185 "-" "Mozilla/5.0 (Windows NT 6.1) AppleWebKit/537.36 (KHTML, like Gecko) Chrome/45.0.2454.85 Safari/537.36 OPR/32.0.1948.45"
91.199.149.239 - - [28/Jan/2022:04:18:20 +0300] "POST /administrator/index.php HTTP/1.0" 200 7764 "-" "Mozilla/5.0 (Windows NT 6.1) AppleWebKit/537.36 (KHTML, like Gecko) Chrome/45.0.2454.85 Safari/537.36 OPR/32.0.1948.45"
194.32.122.39 - - [28/Jan/2022:04:18:34 +0300] "GET / HTTP/1.0" 301 185 "http://mendeleevskazot.ru/" "Mozilla/5.0 (Windows NT 6.1; ) AppleWebKit/537.36 (KHTML, like Gecko) Chrome/90.0.4430.72 Safari/537.36"
194.32.122.39 - - [28/Jan/2022:04:18:34 +0300] "GET / HTTP/1.0" 301 575 "https://mendeleevskazot.ru/" "Mozilla/5.0 (Windows NT 6.1; ) AppleWebKit/537.36 (KHTML, like Gecko) Chrome/90.0.4430.72 Safari/537.36"
194.32.122.39 - - [28/Jan/2022:04:18:35 +0300] "GET /ru/ HTTP/1.0" 200 69616 "https://mendeleevskazot.ru/ru/" "Mozilla/5.0 (Windows NT 6.1; ) AppleWebKit/537.36 (KHTML, like Gecko) Chrome/90.0.4430.72 Safari/537.36"
194.32.122.39 - - [28/Jan/2022:04:18:36 +0300] "GET /ru/kontakty HTTP/1.0" 200 33746 "https://mendeleevskazot.ru/ru/kontakty" "Mozilla/5.0 (Windows NT 6.1; ) AppleWebKit/537.36 (KHTML, like Gecko) Chrome/90.0.4430.72 Safari/537.36"
91.199.149.239 - - [28/Jan/2022:04:26:42 +0300] "GET /administrator/index.php HTTP/1.1" 301 196 "-" "Mozilla/5.0 (Windows NT 6.1) AppleWebKit/537.36 (KHTML, like Gecko) Chrome/45.0.2454.85 Safari/537.36 OPR/32.0.1948.45"
91.199.149.239 - - [28/Jan/2022:04:26:42 +0300] "GET /administrator/index.php HTTP/1.0" 200 7478 "-" "Mozilla/5.0 (Windows NT 6.1) AppleWebKit/537.36 (KHTML, like Gecko) Chrome/45.0.2454.85 Safari/537.36 OPR/32.0.1948.45"
91.199.149.239 - - [28/Jan/2022:04:26:43 +0300] "POST /administrator/index.php HTTP/1.0" 301 185 "-" "Mozilla/5.0 (Windows NT 6.1) AppleWebKit/537.36 (KHTML, like Gecko) Chrome/45.0.2454.85 Safari/537.36 OPR/32.0.1948.45"
91.199.149.239 - - [28/Jan/2022:04:26:43 +0300] "POST /administrator/index.php HTTP/1.0" 200 7764 "-" "Mozilla/5.0 (Windows NT 6.1) AppleWebKit/537.36 (KHTML, like Gecko) Chrome/45.0.2454.85 Safari/537.36 OPR/32.0.1948.45"
46.161.11.4 - - [28/Jan/2022:04:28:22 +0300] "GET /en/contacts HTTP/1.0" 200 7500 "-" "Mozilla/4.0 (compatible; MSIE 6.0; Windows NT 5.1; SV1)"
91.199.149.239 - - [28/Jan/2022:04:35:00 +0300] "GET /administrator/index.php HTTP/1.1" 301 196 "-" "Mozilla/5.0 (Windows NT 6.1) AppleWebKit/537.36 (KHTML, like Gecko) Chrome/45.0.2454.85 Safari/537.36 OPR/32.0.1948.45"
91.199.149.239 - - [28/Jan/2022:04:35:00 +0300] "GET /administrator/index.php HTTP/1.0" 200 7478 "-" "Mozilla/5.0 (Windows NT 6.1) AppleWebKit/537.36 (KHTML, like Gecko) Chrome/45.0.2454.85 Safari/537.36 OPR/32.0.1948.45"
91.199.149.239 - - [28/Jan/2022:04:35:02 +0300] "POST /administrator/index.php HTTP/1.0" 301 185 "-" "Mozilla/5.0 (Windows NT 6.1) AppleWebKit/537.36 (KHTML, like Gecko) Chrome/45.0.2454.85 Safari/537.36 OPR/32.0.1948.45"
91.199.149.239 - - [28/Jan/2022:04:35:02 +0300] "POST /administrator/index.php HTTP/1.0" 200 7764 "-" "Mozilla/5.0 (Windows NT 6.1) AppleWebKit/537.36 (KHTML, like Gecko) Chrome/45.0.2454.85 Safari/537.36 OPR/32.0.1948.45"
45.86.202.34 - - [28/Jan/2022:04:43:24 +0300] "GET /administrator/index.php HTTP/1.1" 301 196 "-" "Mozilla/5.0 (Windows NT 6.1) AppleWebKit/537.36 (KHTML, like Gecko) Chrome/45.0.2454.85 Safari/537.36 OPR/32.0.1948.45"
45.86.202.34 - - [28/Jan/2022:04:43:25 +0300] "GET /administrator/index.php HTTP/1.0" 200 7478 "-" "Mozilla/5.0 (Windows NT 6.1) AppleWebKit/537.36 (KHTML, like Gecko) Chrome/45.0.2454.85 Safari/537.36 OPR/32.0.1948.45"
45.86.202.34 - - [28/Jan/2022:04:43:26 +0300] "POST /administrator/index.php HTTP/1.0" 301 185 "-" "Mozilla/5.0 (Windows NT 6.1) AppleWebKit/537.36 (KHTML, like Gecko) Chrome/45.0.2454.85 Safari/537.36 OPR/32.0.1948.45"
45.86.202.34 - - [28/Jan/2022:04:43:27 +0300] "POST /administrator/index.php HTTP/1.0" 200 7764 "-" "Mozilla/5.0 (Windows NT 6.1) AppleWebKit/537.36 (KHTML, like Gecko) Chrome/45.0.2454.85 Safari/537.36 OPR/32.0.1948.45"
91.199.149.239 - - [28/Jan/2022:04:43:30 +0300] "GET /administrator/index.php HTTP/1.1" 301 196 "-" "Mozilla/5.0 (Windows NT 6.1) AppleWebKit/537.36 (KHTML, like Gecko) Chrome/45.0.2454.85 Safari/537.36 OPR/32.0.1948.45"
91.199.149.239 - - [28/Jan/2022:04:43:30 +0300] "GET /administrator/index.php HTTP/1.0" 200 7478 "-" "Mozilla/5.0 (Windows NT 6.1) AppleWebKit/537.36 (KHTML, like Gecko) Chrome/45.0.2454.85 Safari/537.36 OPR/32.0.1948.45"
91.199.149.239 - - [28/Jan/2022:04:43:31 +0300] "POST /administrator/index.php HTTP/1.0" 301 185 "-" "Mozilla/5.0 (Windows NT 6.1) AppleWebKit/537.36 (KHTML, like Gecko) Chrome/45.0.2454.85 Safari/537.36 OPR/32.0.1948.45"
91.199.149.239 - - [28/Jan/2022:04:43:31 +0300] "POST /administrator/index.php HTTP/1.0" 200 7764 "-" "Mozilla/5.0 (Windows NT 6.1) AppleWebKit/537.36 (KHTML, like Gecko) Chrome/45.0.2454.85 Safari/537.36 OPR/32.0.1948.45"
