185.177.72.50 - - [14/Apr/2026:06:40:29 +0300] "GET /info/acre21383457/ HTTP/1.0" 404 1276 "-" "Mozilla/5.0 (Windows NT 10.0; Win64; x64) AppleWebKit/537.36"
185.177.72.50 - - [14/Apr/2026:06:40:35 +0300] "GET /info/blue62628037/ HTTP/1.0" 404 1276 "-" "Mozilla/5.0 (Windows NT 10.0; Win64; x64) AppleWebKit/537.36"
185.177.72.50 - - [14/Apr/2026:06:40:39 +0300] "GET /info/chees40864931/ HTTP/1.0" 404 1276 "-" "Mozilla/5.0 (Windows NT 10.0; Win64; x64) AppleWebKit/537.36"
185.177.72.50 - - [14/Apr/2026:06:40:45 +0300] "GET /info/chees40864931/ HTTP/1.0" 404 1276 "-" "Mozilla/5.0 (Windows NT 10.0; Win64; x64) AppleWebKit/537.36"
185.177.72.50 - - [14/Apr/2026:06:40:50 +0300] "GET /info/ache40733187/ HTTP/1.0" 404 1276 "-" "Mozilla/5.0 (Windows NT 10.0; Win64; x64) AppleWebKit/537.36"
185.177.72.50 - - [14/Apr/2026:06:40:54 +0300] "GET /info/postc70304238/ HTTP/1.0" 404 1276 "-" "Mozilla/5.0 (Windows NT 10.0; Win64; x64) AppleWebKit/537.36"
216.73.216.1 - - [14/Apr/2026:06:40:59 +0300] "GET /info/hi22502745 HTTP/1.0" 404 1202 "-" "Mozilla/5.0 AppleWebKit/537.36 (KHTML, like Gecko; compatible; ClaudeBot/1.0; +claudebot@anthropic.com)"
185.177.72.50 - - [14/Apr/2026:06:41:02 +0300] "GET /info/yang41841771/ HTTP/1.0" 404 1276 "-" "Mozilla/5.0 (Windows NT 10.0; Win64; x64) AppleWebKit/537.36"
185.177.72.50 - - [14/Apr/2026:06:41:06 +0300] "GET /info/yang41841771/ HTTP/1.0" 404 1276 "-" "Mozilla/5.0 (Windows NT 10.0; Win64; x64) AppleWebKit/537.36"
185.177.72.50 - - [14/Apr/2026:06:41:12 +0300] "GET /info/avow60395821/ HTTP/1.0" 404 1276 "-" "Mozilla/5.0 (Windows NT 10.0; Win64; x64) AppleWebKit/537.36"
185.177.72.50 - - [14/Apr/2026:06:41:17 +0300] "GET /info/until42876259/ HTTP/1.0" 404 1276 "-" "Mozilla/5.0 (Windows NT 10.0; Win64; x64) AppleWebKit/537.36"
185.177.72.50 - - [14/Apr/2026:06:41:22 +0300] "GET /info/until42876259/ HTTP/1.0" 404 1276 "-" "Mozilla/5.0 (Windows NT 10.0; Win64; x64) AppleWebKit/537.36"
185.177.72.50 - - [14/Apr/2026:06:41:26 +0300] "GET /info/ridge71963014/ HTTP/1.0" 404 1276 "-" "Mozilla/5.0 (Windows NT 10.0; Win64; x64) AppleWebKit/537.36"
185.177.72.50 - - [14/Apr/2026:06:41:30 +0300] "GET /info/ridge71963014/ HTTP/1.0" 404 1276 "-" "Mozilla/5.0 (Windows NT 10.0; Win64; x64) AppleWebKit/537.36"
216.73.216.1 - - [14/Apr/2026:06:41:32 +0300] "GET /info/distu11648312 HTTP/1.0" 404 1202 "-" "Mozilla/5.0 AppleWebKit/537.36 (KHTML, like Gecko; compatible; ClaudeBot/1.0; +claudebot@anthropic.com)"
185.177.72.50 - - [14/Apr/2026:06:41:35 +0300] "GET /info/handk11887000/ HTTP/1.0" 404 1276 "-" "Mozilla/5.0 (Windows NT 10.0; Win64; x64) AppleWebKit/537.36"
185.177.72.50 - - [14/Apr/2026:06:41:39 +0300] "GET /info/fourt32860642/ HTTP/1.0" 404 1276 "-" "Mozilla/5.0 (Windows NT 10.0; Win64; x64) AppleWebKit/537.36"
185.177.72.50 - - [14/Apr/2026:06:41:44 +0300] "GET /info/most42057411/ HTTP/1.0" 404 1276 "-" "Mozilla/5.0 (Windows NT 10.0; Win64; x64) AppleWebKit/537.36"
185.177.72.50 - - [14/Apr/2026:06:41:48 +0300] "GET /info/despi72798286/ HTTP/1.0" 404 1276 "-" "Mozilla/5.0 (Windows NT 10.0; Win64; x64) AppleWebKit/537.36"
185.177.72.50 - - [14/Apr/2026:06:41:52 +0300] "GET /info/seam41535883/ HTTP/1.0" 404 1276 "-" "Mozilla/5.0 (Windows NT 10.0; Win64; x64) AppleWebKit/537.36"
216.73.216.1 - - [14/Apr/2026:06:41:54 +0300] "GET /info/showm61774389 HTTP/1.0" 404 1299 "-" "Mozilla/5.0 AppleWebKit/537.36 (KHTML, like Gecko; compatible; ClaudeBot/1.0; +claudebot@anthropic.com)"
185.177.72.50 - - [14/Apr/2026:06:41:59 +0300] "GET /info/seam41535883/ HTTP/1.0" 404 1276 "-" "Mozilla/5.0 (Windows NT 10.0; Win64; x64) AppleWebKit/537.36"
185.177.72.50 - - [14/Apr/2026:06:42:03 +0300] "GET /info/bench40758459/ HTTP/1.0" 404 1276 "-" "Mozilla/5.0 (Windows NT 10.0; Win64; x64) AppleWebKit/537.36"
185.177.72.50 - - [14/Apr/2026:06:42:06 +0300] "GET /info/bench40758459/ HTTP/1.0" 404 1276 "-" "Mozilla/5.0 (Windows NT 10.0; Win64; x64) AppleWebKit/537.36"
185.177.72.50 - - [14/Apr/2026:06:42:10 +0300] "GET /info/each41168339/ HTTP/1.0" 404 1276 "-" "Mozilla/5.0 (Windows NT 10.0; Win64; x64) AppleWebKit/537.36"
216.73.216.1 - - [14/Apr/2026:06:42:12 +0300] "GET /info/wisdo31139658 HTTP/1.0" 404 1299 "-" "Mozilla/5.0 AppleWebKit/537.36 (KHTML, like Gecko; compatible; ClaudeBot/1.0; +claudebot@anthropic.com)"
185.177.72.50 - - [14/Apr/2026:06:42:13 +0300] "GET /info/each41168339/ HTTP/1.0" 404 1276 "-" "Mozilla/5.0 (Windows NT 10.0; Win64; x64) AppleWebKit/537.36"
185.177.72.50 - - [14/Apr/2026:06:42:17 +0300] "GET /info/adver32961170/ HTTP/1.0" 404 1276 "-" "Mozilla/5.0 (Windows NT 10.0; Win64; x64) AppleWebKit/537.36"
185.177.72.50 - - [14/Apr/2026:06:42:21 +0300] "GET /info/adver32961170/ HTTP/1.0" 404 1276 "-" "Mozilla/5.0 (Windows NT 10.0; Win64; x64) AppleWebKit/537.36"
185.177.72.50 - - [14/Apr/2026:06:42:25 +0300] "GET /sitemapc.xml HTTP/1.0" 200 17439 "-" "Mozilla/5.0 (Windows NT 10.0; Win64; x64) AppleWebKit/537.36"
185.177.72.50 - - [14/Apr/2026:06:42:28 +0300] "GET /sitemapc.xml HTTP/1.0" 200 18421 "-" "Mozilla/5.0 (Windows NT 10.0; Win64; x64) AppleWebKit/537.36"
185.177.72.50 - - [14/Apr/2026:06:42:33 +0300] "GET /sitemapd.xml HTTP/1.0" 200 11492 "-" "Mozilla/5.0 (Windows NT 10.0; Win64; x64) AppleWebKit/537.36"
185.177.72.50 - - [14/Apr/2026:06:42:37 +0300] "GET /info/primi72290134/ HTTP/1.0" 404 1276 "-" "Mozilla/5.0 (Windows NT 10.0; Win64; x64) AppleWebKit/537.36"
185.177.72.50 - - [14/Apr/2026:06:42:41 +0300] "GET /info/mire62015861/ HTTP/1.0" 404 1276 "-" "Mozilla/5.0 (Windows NT 10.0; Win64; x64) AppleWebKit/537.36"
216.73.216.1 - - [14/Apr/2026:06:42:42 +0300] "GET /info/fuel82222759 HTTP/1.0" 404 1202 "-" "Mozilla/5.0 AppleWebKit/537.36 (KHTML, like Gecko; compatible; ClaudeBot/1.0; +claudebot@anthropic.com)"
185.177.72.50 - - [14/Apr/2026:06:42:45 +0300] "GET /info/franc11009608/ HTTP/1.0" 404 1276 "-" "Mozilla/5.0 (Windows NT 10.0; Win64; x64) AppleWebKit/537.36"
185.177.72.50 - - [14/Apr/2026:06:42:50 +0300] "GET /info/permi70273462/ HTTP/1.0" 404 1276 "-" "Mozilla/5.0 (Windows NT 10.0; Win64; x64) AppleWebKit/537.36"
185.177.72.50 - - [14/Apr/2026:06:42:54 +0300] "GET /info/heart20436793/ HTTP/1.0" 404 1276 "-" "Mozilla/5.0 (Windows NT 10.0; Win64; x64) AppleWebKit/537.36"
185.177.72.50 - - [14/Apr/2026:06:42:59 +0300] "GET /info/heart20436793/ HTTP/1.0" 404 1276 "-" "Mozilla/5.0 (Windows NT 10.0; Win64; x64) AppleWebKit/537.36"
185.177.72.50 - - [14/Apr/2026:06:43:02 +0300] "GET /info/sunny32308418/ HTTP/1.0" 404 1276 "-" "Mozilla/5.0 (Windows NT 10.0; Win64; x64) AppleWebKit/537.36"
185.177.72.50 - - [14/Apr/2026:06:43:07 +0300] "GET /info/sunny32308418/ HTTP/1.0" 404 1276 "-" "Mozilla/5.0 (Windows NT 10.0; Win64; x64) AppleWebKit/537.36"
216.73.216.1 - - [14/Apr/2026:06:43:09 +0300] "GET /info/adver32549170 HTTP/1.0" 404 1299 "-" "Mozilla/5.0 AppleWebKit/537.36 (KHTML, like Gecko; compatible; ClaudeBot/1.0; +claudebot@anthropic.com)"
185.177.72.50 - - [14/Apr/2026:06:43:11 +0300] "GET /info/certi12966456/ HTTP/1.0" 404 1276 "-" "Mozilla/5.0 (Windows NT 10.0; Win64; x64) AppleWebKit/537.36"
185.177.72.50 - - [14/Apr/2026:06:43:16 +0300] "GET /info/certi12966456/ HTTP/1.0" 404 1276 "-" "Mozilla/5.0 (Windows NT 10.0; Win64; x64) AppleWebKit/537.36"
185.177.72.50 - - [14/Apr/2026:06:43:22 +0300] "GET /info/ball%2020467825/ HTTP/1.0" 404 1276 "-" "Mozilla/5.0 (Windows NT 10.0; Win64; x64) AppleWebKit/537.36"
185.177.72.50 - - [14/Apr/2026:06:43:26 +0300] "GET /info/fairy80107735/ HTTP/1.0" 404 1276 "-" "Mozilla/5.0 (Windows NT 10.0; Win64; x64) AppleWebKit/537.36"
185.177.72.50 - - [14/Apr/2026:06:43:33 +0300] "GET /info/fairy80107735/ HTTP/1.0" 404 1276 "-" "Mozilla/5.0 (Windows NT 10.0; Win64; x64) AppleWebKit/537.36"
185.177.72.50 - - [14/Apr/2026:06:43:37 +0300] "GET /info/rag31010642/ HTTP/1.0" 404 1276 "-" "Mozilla/5.0 (Windows NT 10.0; Win64; x64) AppleWebKit/537.36"
216.73.216.1 - - [14/Apr/2026:06:43:41 +0300] "GET /info/wet71148062 HTTP/1.0" 404 1299 "-" "Mozilla/5.0 AppleWebKit/537.36 (KHTML, like Gecko; compatible; ClaudeBot/1.0; +claudebot@anthropic.com)"
185.177.72.50 - - [14/Apr/2026:06:43:42 +0300] "GET /info/vcd71656230/ HTTP/1.0" 404 1276 "-" "Mozilla/5.0 (Windows NT 10.0; Win64; x64) AppleWebKit/537.36"
185.177.72.50 - - [14/Apr/2026:06:43:46 +0300] "GET /info/vcd71656230/ HTTP/1.0" 404 1276 "-" "Mozilla/5.0 (Windows NT 10.0; Win64; x64) AppleWebKit/537.36"
185.177.72.50 - - [14/Apr/2026:06:43:50 +0300] "GET /info/few20628625/ HTTP/1.0" 404 1276 "-" "Mozilla/5.0 (Windows NT 10.0; Win64; x64) AppleWebKit/537.36"
185.177.72.50 - - [14/Apr/2026:06:43:55 +0300] "GET /info/revie70581110/ HTTP/1.0" 404 1276 "-" "Mozilla/5.0 (Windows NT 10.0; Win64; x64) AppleWebKit/537.36"
185.177.72.50 - - [14/Apr/2026:06:44:00 +0300] "GET /info/mushr42346635/ HTTP/1.0" 404 1276 "-" "Mozilla/5.0 (Windows NT 10.0; Win64; x64) AppleWebKit/537.36"
185.177.72.50 - - [14/Apr/2026:06:44:06 +0300] "GET /info/mushr42346635/ HTTP/1.0" 404 1276 "-" "Mozilla/5.0 (Windows NT 10.0; Win64; x64) AppleWebKit/537.36"
185.177.72.50 - - [14/Apr/2026:06:44:09 +0300] "GET /info/tutor20201361/ HTTP/1.0" 404 1276 "-" "Mozilla/5.0 (Windows NT 10.0; Win64; x64) AppleWebKit/537.36"
185.177.72.50 - - [14/Apr/2026:06:44:15 +0300] "GET /info/tutor20201361/ HTTP/1.0" 404 1276 "-" "Mozilla/5.0 (Windows NT 10.0; Win64; x64) AppleWebKit/537.36"
216.73.216.1 - - [14/Apr/2026:06:44:15 +0300] "GET /info/promi20732545 HTTP/1.0" 404 1299 "-" "Mozilla/5.0 AppleWebKit/537.36 (KHTML, like Gecko; compatible; ClaudeBot/1.0; +claudebot@anthropic.com)"
185.177.72.50 - - [14/Apr/2026:06:44:20 +0300] "GET /info/noise31932410/ HTTP/1.0" 404 1276 "-" "Mozilla/5.0 (Windows NT 10.0; Win64; x64) AppleWebKit/537.36"
185.177.72.50 - - [14/Apr/2026:06:44:25 +0300] "GET /info/noise31932410/ HTTP/1.0" 404 1276 "-" "Mozilla/5.0 (Windows NT 10.0; Win64; x64) AppleWebKit/537.36"
185.177.72.50 - - [14/Apr/2026:06:44:28 +0300] "GET /info/eager20666753/ HTTP/1.0" 404 1276 "-" "Mozilla/5.0 (Windows NT 10.0; Win64; x64) AppleWebKit/537.36"
185.177.72.50 - - [14/Apr/2026:06:44:32 +0300] "GET /info/gnaw60947981/ HTTP/1.0" 404 1276 "-" "Mozilla/5.0 (Windows NT 10.0; Win64; x64) AppleWebKit/537.36"
185.177.72.50 - - [14/Apr/2026:06:44:37 +0300] "GET /info/analy42222107/ HTTP/1.0" 404 1276 "-" "Mozilla/5.0 (Windows NT 10.0; Win64; x64) AppleWebKit/537.36"
185.177.72.50 - - [14/Apr/2026:06:44:45 +0300] "GET /info/refin22110337/ HTTP/1.0" 404 1276 "-" "Mozilla/5.0 (Windows NT 10.0; Win64; x64) AppleWebKit/537.36"
216.73.216.1 - - [14/Apr/2026:06:44:46 +0300] "GET /info/grow61146949 HTTP/1.0" 404 1299 "-" "Mozilla/5.0 AppleWebKit/537.36 (KHTML, like Gecko; compatible; ClaudeBot/1.0; +claudebot@anthropic.com)"
185.177.72.50 - - [14/Apr/2026:06:44:51 +0300] "GET /info/refin22110337/ HTTP/1.0" 404 1276 "-" "Mozilla/5.0 (Windows NT 10.0; Win64; x64) AppleWebKit/537.36"
185.177.72.50 - - [14/Apr/2026:06:44:56 +0300] "GET /sitemape.xml HTTP/1.0" 200 18614 "-" "Mozilla/5.0 (Windows NT 10.0; Win64; x64) AppleWebKit/537.36"
185.177.72.50 - - [14/Apr/2026:06:44:59 +0300] "GET /sitemape.xml HTTP/1.0" 200 17005 "-" "Mozilla/5.0 (Windows NT 10.0; Win64; x64) AppleWebKit/537.36"
216.73.216.1 - - [14/Apr/2026:06:45:13 +0300] "GET /info/monum40330483 HTTP/1.0" 404 1299 "-" "Mozilla/5.0 AppleWebKit/537.36 (KHTML, like Gecko; compatible; ClaudeBot/1.0; +claudebot@anthropic.com)"
146.70.128.238 - - [14/Apr/2026:06:45:28 +0300] "GET / HTTP/1.0" 200 8734 "-" "Mozilla/5.0 (Macintosh; Intel Mac OS X 10_15_7) AppleWebKit/537.36 (KHTML, like Gecko) Chrome/146.0.0.0 Safari/537.36"
146.70.128.238 - - [14/Apr/2026:06:45:33 +0300] "GET /favicon.ico HTTP/1.0" 404 1179 "-" "Mozilla/5.0 (Macintosh; Intel Mac OS X 10_15_7) AppleWebKit/537.36 (KHTML, like Gecko) Chrome/146.0.0.0 Safari/537.36"
216.73.216.1 - - [14/Apr/2026:06:45:45 +0300] "GET /info/boast10543480 HTTP/1.0" 404 1299 "-" "Mozilla/5.0 AppleWebKit/537.36 (KHTML, like Gecko; compatible; ClaudeBot/1.0; +claudebot@anthropic.com)"
216.73.216.1 - - [14/Apr/2026:06:45:51 +0300] "GET /info/nearb51153604 HTTP/1.0" 404 1202 "-" "Mozilla/5.0 AppleWebKit/537.36 (KHTML, like Gecko; compatible; ClaudeBot/1.0; +claudebot@anthropic.com)"
216.73.216.1 - - [14/Apr/2026:06:45:58 +0300] "GET /info/feel41085483 HTTP/1.0" 404 1202 "-" "Mozilla/5.0 AppleWebKit/537.36 (KHTML, like Gecko; compatible; ClaudeBot/1.0; +claudebot@anthropic.com)"
216.73.216.1 - - [14/Apr/2026:06:46:03 +0300] "GET /info/farm41701051 HTTP/1.0" 404 1202 "-" "Mozilla/5.0 AppleWebKit/537.36 (KHTML, like Gecko; compatible; ClaudeBot/1.0; +claudebot@anthropic.com)"
216.73.216.1 - - [14/Apr/2026:06:46:09 +0300] "GET /info/reinf41970211 HTTP/1.0" 404 1202 "-" "Mozilla/5.0 AppleWebKit/537.36 (KHTML, like Gecko; compatible; ClaudeBot/1.0; +claudebot@anthropic.com)"
216.73.216.1 - - [14/Apr/2026:06:46:15 +0300] "GET /info/resis12150072 HTTP/1.0" 404 1202 "-" "Mozilla/5.0 AppleWebKit/537.36 (KHTML, like Gecko; compatible; ClaudeBot/1.0; +claudebot@anthropic.com)"
216.73.216.1 - - [14/Apr/2026:06:46:21 +0300] "GET /info/shoe72384326 HTTP/1.0" 404 1202 "-" "Mozilla/5.0 AppleWebKit/537.36 (KHTML, like Gecko; compatible; ClaudeBot/1.0; +claudebot@anthropic.com)"
216.73.216.1 - - [14/Apr/2026:06:46:26 +0300] "GET /info/heat72272910 HTTP/1.0" 404 1202 "-" "Mozilla/5.0 AppleWebKit/537.36 (KHTML, like Gecko; compatible; ClaudeBot/1.0; +claudebot@anthropic.com)"
216.73.216.1 - - [14/Apr/2026:06:46:32 +0300] "GET /info/incor41614515 HTTP/1.0" 404 1202 "-" "Mozilla/5.0 AppleWebKit/537.36 (KHTML, like Gecko; compatible; ClaudeBot/1.0; +claudebot@anthropic.com)"
216.73.216.1 - - [14/Apr/2026:06:46:39 +0300] "GET /info/weath60204333 HTTP/1.0" 404 1202 "-" "Mozilla/5.0 AppleWebKit/537.36 (KHTML, like Gecko; compatible; ClaudeBot/1.0; +claudebot@anthropic.com)"
216.73.216.1 - - [14/Apr/2026:06:46:45 +0300] "GET /info/heat70740910 HTTP/1.0" 404 1299 "-" "Mozilla/5.0 AppleWebKit/537.36 (KHTML, like Gecko; compatible; ClaudeBot/1.0; +claudebot@anthropic.com)"
216.73.216.1 - - [14/Apr/2026:06:46:54 +0300] "GET /info/clien52110260 HTTP/1.0" 404 1202 "-" "Mozilla/5.0 AppleWebKit/537.36 (KHTML, like Gecko; compatible; ClaudeBot/1.0; +claudebot@anthropic.com)"
216.73.216.1 - - [14/Apr/2026:06:46:59 +0300] "GET /info/cherr32491594 HTTP/1.0" 404 1202 "-" "Mozilla/5.0 AppleWebKit/537.36 (KHTML, like Gecko; compatible; ClaudeBot/1.0; +claudebot@anthropic.com)"
216.73.216.1 - - [14/Apr/2026:06:47:06 +0300] "GET /info/brigh60812637 HTTP/1.0" 404 1202 "-" "Mozilla/5.0 AppleWebKit/537.36 (KHTML, like Gecko; compatible; ClaudeBot/1.0; +claudebot@anthropic.com)"
216.73.216.1 - - [14/Apr/2026:06:47:13 +0300] "GET /info/anniv42903739 HTTP/1.0" 404 1202 "-" "Mozilla/5.0 AppleWebKit/537.36 (KHTML, like Gecko; compatible; ClaudeBot/1.0; +claudebot@anthropic.com)"
216.73.216.1 - - [14/Apr/2026:06:47:16 +0300] "GET /info/airpl72740142 HTTP/1.0" 404 1299 "-" "Mozilla/5.0 AppleWebKit/537.36 (KHTML, like Gecko; compatible; ClaudeBot/1.0; +claudebot@anthropic.com)"
216.73.216.1 - - [14/Apr/2026:06:47:24 +0300] "GET /info/reach40164627 HTTP/1.0" 404 1202 "-" "Mozilla/5.0 AppleWebKit/537.36 (KHTML, like Gecko; compatible; ClaudeBot/1.0; +claudebot@anthropic.com)"
216.73.216.1 - - [14/Apr/2026:06:47:30 +0300] "GET /info/pilla32711178 HTTP/1.0" 404 1202 "-" "Mozilla/5.0 AppleWebKit/537.36 (KHTML, like Gecko; compatible; ClaudeBot/1.0; +claudebot@anthropic.com)"
216.73.216.1 - - [14/Apr/2026:06:47:37 +0300] "GET /info/benef70774094 HTTP/1.0" 404 1202 "-" "Mozilla/5.0 AppleWebKit/537.36 (KHTML, like Gecko; compatible; ClaudeBot/1.0; +claudebot@anthropic.com)"
216.73.216.1 - - [14/Apr/2026:06:47:44 +0300] "GET /info/invin30431706 HTTP/1.0" 404 1202 "-" "Mozilla/5.0 AppleWebKit/537.36 (KHTML, like Gecko; compatible; ClaudeBot/1.0; +claudebot@anthropic.com)"
216.73.216.1 - - [14/Apr/2026:06:47:47 +0300] "GET /info/perfo22865337 HTTP/1.0" 404 1299 "-" "Mozilla/5.0 AppleWebKit/537.36 (KHTML, like Gecko; compatible; ClaudeBot/1.0; +claudebot@anthropic.com)"
216.73.216.1 - - [14/Apr/2026:06:47:53 +0300] "GET /info/cance42132011 HTTP/1.0" 404 1202 "-" "Mozilla/5.0 AppleWebKit/537.36 (KHTML, like Gecko; compatible; ClaudeBot/1.0; +claudebot@anthropic.com)"
216.73.216.1 - - [14/Apr/2026:06:48:00 +0300] "GET /info/where11268136 HTTP/1.0" 404 1202 "-" "Mozilla/5.0 AppleWebKit/537.36 (KHTML, like Gecko; compatible; ClaudeBot/1.0; +claudebot@anthropic.com)"
216.73.216.1 - - [14/Apr/2026:06:48:07 +0300] "GET /info/sofa50980428 HTTP/1.0" 404 1202 "-" "Mozilla/5.0 AppleWebKit/537.36 (KHTML, like Gecko; compatible; ClaudeBot/1.0; +claudebot@anthropic.com)"
216.73.216.1 - - [14/Apr/2026:06:48:14 +0300] "GET /info/chapt12847576 HTTP/1.0" 404 1202 "-" "Mozilla/5.0 AppleWebKit/537.36 (KHTML, like Gecko; compatible; ClaudeBot/1.0; +claudebot@anthropic.com)"
216.73.216.1 - - [14/Apr/2026:06:48:16 +0300] "GET /info/guita22227721 HTTP/1.0" 404 1202 "-" "Mozilla/5.0 AppleWebKit/537.36 (KHTML, like Gecko; compatible; ClaudeBot/1.0; +claudebot@anthropic.com)"
216.73.216.1 - - [14/Apr/2026:06:48:28 +0300] "GET /info/relev21442289 HTTP/1.0" 404 1299 "-" "Mozilla/5.0 AppleWebKit/537.36 (KHTML, like Gecko; compatible; ClaudeBot/1.0; +claudebot@anthropic.com)"
216.73.216.1 - - [14/Apr/2026:06:48:34 +0300] "GET /info/steer60586037 HTTP/1.0" 404 1202 "-" "Mozilla/5.0 AppleWebKit/537.36 (KHTML, like Gecko; compatible; ClaudeBot/1.0; +claudebot@anthropic.com)"
216.73.216.1 - - [14/Apr/2026:06:48:42 +0300] "GET /info/think70405390 HTTP/1.0" 404 1202 "-" "Mozilla/5.0 AppleWebKit/537.36 (KHTML, like Gecko; compatible; ClaudeBot/1.0; +claudebot@anthropic.com)"
216.73.216.1 - - [14/Apr/2026:06:48:50 +0300] "GET /info/queen31384170 HTTP/1.0" 404 1202 "-" "Mozilla/5.0 AppleWebKit/537.36 (KHTML, like Gecko; compatible; ClaudeBot/1.0; +claudebot@anthropic.com)"
216.73.216.1 - - [14/Apr/2026:06:48:56 +0300] "GET /info/clash21451785 HTTP/1.0" 404 1299 "-" "Mozilla/5.0 AppleWebKit/537.36 (KHTML, like Gecko; compatible; ClaudeBot/1.0; +claudebot@anthropic.com)"
216.73.216.1 - - [14/Apr/2026:06:49:03 +0300] "GET /info/high22600633 HTTP/1.0" 404 1202 "-" "Mozilla/5.0 AppleWebKit/537.36 (KHTML, like Gecko; compatible; ClaudeBot/1.0; +claudebot@anthropic.com)"
216.73.216.1 - - [14/Apr/2026:06:49:11 +0300] "GET /info/mite71215862 HTTP/1.0" 404 1202 "-" "Mozilla/5.0 AppleWebKit/537.36 (KHTML, like Gecko; compatible; ClaudeBot/1.0; +claudebot@anthropic.com)"
216.73.216.1 - - [14/Apr/2026:06:49:19 +0300] "GET /info/embas50535812 HTTP/1.0" 404 1202 "-" "Mozilla/5.0 AppleWebKit/537.36 (KHTML, like Gecko; compatible; ClaudeBot/1.0; +claudebot@anthropic.com)"
216.73.216.1 - - [14/Apr/2026:06:49:27 +0300] "GET /info/proud41217131 HTTP/1.0" 404 1202 "-" "Mozilla/5.0 AppleWebKit/537.36 (KHTML, like Gecko; compatible; ClaudeBot/1.0; +claudebot@anthropic.com)"
216.73.216.1 - - [14/Apr/2026:06:49:34 +0300] "GET /info/digit61294837 HTTP/1.0" 404 1202 "-" "Mozilla/5.0 AppleWebKit/537.36 (KHTML, like Gecko; compatible; ClaudeBot/1.0; +claudebot@anthropic.com)"
216.73.216.1 - - [14/Apr/2026:06:49:42 +0300] "GET /info/enter52965308 HTTP/1.0" 404 1202 "-" "Mozilla/5.0 AppleWebKit/537.36 (KHTML, like Gecko; compatible; ClaudeBot/1.0; +claudebot@anthropic.com)"
216.73.216.1 - - [14/Apr/2026:06:49:51 +0300] "GET /info/kit81703935 HTTP/1.0" 404 1202 "-" "Mozilla/5.0 AppleWebKit/537.36 (KHTML, like Gecko; compatible; ClaudeBot/1.0; +claudebot@anthropic.com)"
216.73.216.1 - - [14/Apr/2026:06:50:01 +0300] "GET /info/vent10687904 HTTP/1.0" 404 1202 "-" "Mozilla/5.0 AppleWebKit/537.36 (KHTML, like Gecko; compatible; ClaudeBot/1.0; +claudebot@anthropic.com)"
216.73.216.1 - - [14/Apr/2026:06:50:05 +0300] "GET /info/spide72353702 HTTP/1.0" 404 1202 "-" "Mozilla/5.0 AppleWebKit/537.36 (KHTML, like Gecko; compatible; ClaudeBot/1.0; +claudebot@anthropic.com)"
216.73.216.1 - - [14/Apr/2026:06:50:16 +0300] "GET /info/fun12268248 HTTP/1.0" 404 1202 "-" "Mozilla/5.0 AppleWebKit/537.36 (KHTML, like Gecko; compatible; ClaudeBot/1.0; +claudebot@anthropic.com)"
216.73.216.1 - - [14/Apr/2026:06:50:28 +0300] "GET /info/drop60588613 HTTP/1.0" 404 1202 "-" "Mozilla/5.0 AppleWebKit/537.36 (KHTML, like Gecko; compatible; ClaudeBot/1.0; +claudebot@anthropic.com)"
216.73.216.1 - - [14/Apr/2026:06:50:39 +0300] "GET /info/minis51358532 HTTP/1.0" 404 1299 "-" "Mozilla/5.0 AppleWebKit/537.36 (KHTML, like Gecko; compatible; ClaudeBot/1.0; +claudebot@anthropic.com)"
216.73.216.1 - - [14/Apr/2026:06:50:51 +0300] "GET /info/odor80371871 HTTP/1.0" 404 1202 "-" "Mozilla/5.0 AppleWebKit/537.36 (KHTML, like Gecko; compatible; ClaudeBot/1.0; +claudebot@anthropic.com)"
216.73.216.1 - - [14/Apr/2026:06:51:04 +0300] "GET /info/addit60698045 HTTP/1.0" 404 1202 "-" "Mozilla/5.0 AppleWebKit/537.36 (KHTML, like Gecko; compatible; ClaudeBot/1.0; +claudebot@anthropic.com)"
216.73.216.1 - - [14/Apr/2026:06:51:12 +0300] "GET /info/peer71898390 HTTP/1.0" 404 1299 "-" "Mozilla/5.0 AppleWebKit/537.36 (KHTML, like Gecko; compatible; ClaudeBot/1.0; +claudebot@anthropic.com)"
216.73.216.1 - - [14/Apr/2026:06:51:25 +0300] "GET /info/numer71826854 HTTP/1.0" 404 1202 "-" "Mozilla/5.0 AppleWebKit/537.36 (KHTML, like Gecko; compatible; ClaudeBot/1.0; +claudebot@anthropic.com)"
216.73.216.1 - - [14/Apr/2026:06:51:38 +0300] "GET /info/brack61619701 HTTP/1.0" 404 1202 "-" "Mozilla/5.0 AppleWebKit/537.36 (KHTML, like Gecko; compatible; ClaudeBot/1.0; +claudebot@anthropic.com)"
216.73.216.1 - - [14/Apr/2026:06:51:52 +0300] "GET /info/pledg20010073 HTTP/1.0" 404 1202 "-" "Mozilla/5.0 AppleWebKit/537.36 (KHTML, like Gecko; compatible; ClaudeBot/1.0; +claudebot@anthropic.com)"
216.73.216.1 - - [14/Apr/2026:06:51:57 +0300] "GET /info/baske20732265 HTTP/1.0" 404 1299 "-" "Mozilla/5.0 AppleWebKit/537.36 (KHTML, like Gecko; compatible; ClaudeBot/1.0; +claudebot@anthropic.com)"
216.73.216.1 - - [14/Apr/2026:06:52:11 +0300] "GET /info/luck40420579 HTTP/1.0" 404 1202 "-" "Mozilla/5.0 AppleWebKit/537.36 (KHTML, like Gecko; compatible; ClaudeBot/1.0; +claudebot@anthropic.com)"
216.73.216.1 - - [14/Apr/2026:06:52:24 +0300] "GET /info/trian12147232 HTTP/1.0" 404 1202 "-" "Mozilla/5.0 AppleWebKit/537.36 (KHTML, like Gecko; compatible; ClaudeBot/1.0; +claudebot@anthropic.com)"
216.73.216.1 - - [14/Apr/2026:06:52:31 +0300] "GET /info/fox60020117 HTTP/1.0" 404 1299 "-" "Mozilla/5.0 AppleWebKit/537.36 (KHTML, like Gecko; compatible; ClaudeBot/1.0; +claudebot@anthropic.com)"
216.73.216.1 - - [14/Apr/2026:06:52:45 +0300] "GET /info/easyg30438186 HTTP/1.0" 404 1202 "-" "Mozilla/5.0 AppleWebKit/537.36 (KHTML, like Gecko; compatible; ClaudeBot/1.0; +claudebot@anthropic.com)"
216.73.216.1 - - [14/Apr/2026:06:53:00 +0300] "GET /info/fever32172954 HTTP/1.0" 404 1202 "-" "Mozilla/5.0 AppleWebKit/537.36 (KHTML, like Gecko; compatible; ClaudeBot/1.0; +claudebot@anthropic.com)"
216.73.216.1 - - [14/Apr/2026:06:53:16 +0300] "GET /info/behal61738717 HTTP/1.0" 404 1202 "-" "Mozilla/5.0 AppleWebKit/537.36 (KHTML, like Gecko; compatible; ClaudeBot/1.0; +claudebot@anthropic.com)"
216.73.216.1 - - [14/Apr/2026:06:53:30 +0300] "GET /info/weave61703253 HTTP/1.0" 404 1202 "-" "Mozilla/5.0 AppleWebKit/537.36 (KHTML, like Gecko; compatible; ClaudeBot/1.0; +claudebot@anthropic.com)"
216.73.216.1 - - [14/Apr/2026:06:53:45 +0300] "GET /info/lap82413359 HTTP/1.0" 404 1202 "-" "Mozilla/5.0 AppleWebKit/537.36 (KHTML, like Gecko; compatible; ClaudeBot/1.0; +claudebot@anthropic.com)"
216.73.216.1 - - [14/Apr/2026:06:53:56 +0300] "GET /robots.txt HTTP/1.0" 200 428 "-" "Mozilla/5.0 AppleWebKit/537.36 (KHTML, like Gecko; compatible; ClaudeBot/1.0; +claudebot@anthropic.com)"
216.73.216.1 - - [14/Apr/2026:06:54:01 +0300] "GET /info/crazy32036666 HTTP/1.0" 404 1299 "-" "Mozilla/5.0 AppleWebKit/537.36 (KHTML, like Gecko; compatible; ClaudeBot/1.0; +claudebot@anthropic.com)"
216.73.216.1 - - [14/Apr/2026:06:54:17 +0300] "GET /info/lock32248658 HTTP/1.0" 404 1202 "-" "Mozilla/5.0 AppleWebKit/537.36 (KHTML, like Gecko; compatible; ClaudeBot/1.0; +claudebot@anthropic.com)"
216.73.216.1 - - [14/Apr/2026:06:54:32 +0300] "GET /info/pose42730179 HTTP/1.0" 404 1299 "-" "Mozilla/5.0 AppleWebKit/537.36 (KHTML, like Gecko; compatible; ClaudeBot/1.0; +claudebot@anthropic.com)"
216.73.216.1 - - [14/Apr/2026:06:54:48 +0300] "GET /info/cuse22487921 HTTP/1.0" 404 1202 "-" "Mozilla/5.0 AppleWebKit/537.36 (KHTML, like Gecko; compatible; ClaudeBot/1.0; +claudebot@anthropic.com)"
216.73.216.1 - - [14/Apr/2026:06:55:03 +0300] "GET /info/feder72962950 HTTP/1.0" 404 1299 "-" "Mozilla/5.0 AppleWebKit/537.36 (KHTML, like Gecko; compatible; ClaudeBot/1.0; +claudebot@anthropic.com)"
216.73.216.1 - - [14/Apr/2026:06:55:19 +0300] "GET /info/ask80549039 HTTP/1.0" 404 1202 "-" "Mozilla/5.0 AppleWebKit/537.36 (KHTML, like Gecko; compatible; ClaudeBot/1.0; +claudebot@anthropic.com)"
216.73.216.1 - - [14/Apr/2026:06:55:34 +0300] "GET /info/varia61639397 HTTP/1.0" 404 1202 "-" "Mozilla/5.0 AppleWebKit/537.36 (KHTML, like Gecko; compatible; ClaudeBot/1.0; +claudebot@anthropic.com)"
216.73.216.1 - - [14/Apr/2026:06:55:51 +0300] "GET /info/son70084574 HTTP/1.0" 404 1202 "-" "Mozilla/5.0 AppleWebKit/537.36 (KHTML, like Gecko; compatible; ClaudeBot/1.0; +claudebot@anthropic.com)"
216.73.216.1 - - [14/Apr/2026:06:56:07 +0300] "GET /info/compo61996285 HTTP/1.0" 404 1299 "-" "Mozilla/5.0 AppleWebKit/537.36 (KHTML, like Gecko; compatible; ClaudeBot/1.0; +claudebot@anthropic.com)"
216.73.216.1 - - [14/Apr/2026:06:56:17 +0300] "GET /info/traff40820547 HTTP/1.0" 404 1299 "-" "Mozilla/5.0 AppleWebKit/537.36 (KHTML, like Gecko; compatible; ClaudeBot/1.0; +claudebot@anthropic.com)"
216.73.216.1 - - [14/Apr/2026:06:56:33 +0300] "GET /info/pot20259489 HTTP/1.0" 404 1202 "-" "Mozilla/5.0 AppleWebKit/537.36 (KHTML, like Gecko; compatible; ClaudeBot/1.0; +claudebot@anthropic.com)"
216.73.216.1 - - [14/Apr/2026:06:56:49 +0300] "GET /info/luck40772579 HTTP/1.0" 404 1202 "-" "Mozilla/5.0 AppleWebKit/537.36 (KHTML, like Gecko; compatible; ClaudeBot/1.0; +claudebot@anthropic.com)"
216.73.216.1 - - [14/Apr/2026:06:57:05 +0300] "GET /info/pilot80377263 HTTP/1.0" 404 1202 "-" "Mozilla/5.0 AppleWebKit/537.36 (KHTML, like Gecko; compatible; ClaudeBot/1.0; +claudebot@anthropic.com)"
216.73.216.1 - - [14/Apr/2026:06:57:24 +0300] "GET /info/coord12115520 HTTP/1.0" 404 1202 "-" "Mozilla/5.0 AppleWebKit/537.36 (KHTML, like Gecko; compatible; ClaudeBot/1.0; +claudebot@anthropic.com)"
216.73.216.1 - - [14/Apr/2026:06:57:39 +0300] "GET /info/repub41979227 HTTP/1.0" 404 1202 "-" "Mozilla/5.0 AppleWebKit/537.36 (KHTML, like Gecko; compatible; ClaudeBot/1.0; +claudebot@anthropic.com)"
216.73.216.1 - - [14/Apr/2026:06:57:55 +0300] "GET /info/progr71876542 HTTP/1.0" 404 1299 "-" "Mozilla/5.0 AppleWebKit/537.36 (KHTML, like Gecko; compatible; ClaudeBot/1.0; +claudebot@anthropic.com)"
216.73.216.1 - - [14/Apr/2026:06:58:12 +0300] "GET /info/boast12603480 HTTP/1.0" 404 1299 "-" "Mozilla/5.0 AppleWebKit/537.36 (KHTML, like Gecko; compatible; ClaudeBot/1.0; +claudebot@anthropic.com)"
216.73.216.1 - - [14/Apr/2026:06:58:29 +0300] "GET /info/reach41580627 HTTP/1.0" 404 1202 "-" "Mozilla/5.0 AppleWebKit/537.36 (KHTML, like Gecko; compatible; ClaudeBot/1.0; +claudebot@anthropic.com)"
216.73.216.1 - - [14/Apr/2026:06:58:46 +0300] "GET /info/gover10885088 HTTP/1.0" 404 1299 "-" "Mozilla/5.0 AppleWebKit/537.36 (KHTML, like Gecko; compatible; ClaudeBot/1.0; +claudebot@anthropic.com)"
216.73.216.1 - - [14/Apr/2026:06:59:03 +0300] "GET /info/reven40757915 HTTP/1.0" 404 1202 "-" "Mozilla/5.0 AppleWebKit/537.36 (KHTML, like Gecko; compatible; ClaudeBot/1.0; +claudebot@anthropic.com)"
216.73.216.1 - - [14/Apr/2026:06:59:16 +0300] "GET /info/aerop52126668 HTTP/1.0" 404 1299 "-" "Mozilla/5.0 AppleWebKit/537.36 (KHTML, like Gecko; compatible; ClaudeBot/1.0; +claudebot@anthropic.com)"
216.73.216.1 - - [14/Apr/2026:06:59:33 +0300] "GET /info/kettl70482870 HTTP/1.0" 404 1202 "-" "Mozilla/5.0 AppleWebKit/537.36 (KHTML, like Gecko; compatible; ClaudeBot/1.0; +claudebot@anthropic.com)"
216.73.216.1 - - [14/Apr/2026:06:59:43 +0300] "GET /robots.txt HTTP/1.0" 200 428 "-" ""
216.73.216.1 - - [14/Apr/2026:06:59:44 +0300] "GET /info/marin32011018 HTTP/1.0" 404 1299 "-" "Mozilla/5.0 AppleWebKit/537.36 (KHTML, like Gecko; compatible; ClaudeBot/1.0; +claudebot@anthropic.com)"
216.73.216.1 - - [14/Apr/2026:07:00:01 +0300] "GET /info/thank71261070 HTTP/1.0" 404 1202 "-" "Mozilla/5.0 AppleWebKit/537.36 (KHTML, like Gecko; compatible; ClaudeBot/1.0; +claudebot@anthropic.com)"
216.73.216.1 - - [14/Apr/2026:07:00:15 +0300] "GET /info/subje21488457 HTTP/1.0" 404 1202 "-" "Mozilla/5.0 AppleWebKit/537.36 (KHTML, like Gecko; compatible; ClaudeBot/1.0; +claudebot@anthropic.com)"
216.73.216.1 - - [14/Apr/2026:07:00:31 +0300] "GET /info/londo30197314 HTTP/1.0" 404 1202 "-" "Mozilla/5.0 AppleWebKit/537.36 (KHTML, like Gecko; compatible; ClaudeBot/1.0; +claudebot@anthropic.com)"
216.73.216.1 - - [14/Apr/2026:07:00:45 +0300] "GET /info/cold20169225 HTTP/1.0" 404 1299 "-" "Mozilla/5.0 AppleWebKit/537.36 (KHTML, like Gecko; compatible; ClaudeBot/1.0; +claudebot@anthropic.com)"
216.73.216.1 - - [14/Apr/2026:07:01:02 +0300] "GET /info/advan12945552 HTTP/1.0" 404 1202 "-" "Mozilla/5.0 AppleWebKit/537.36 (KHTML, like Gecko; compatible; ClaudeBot/1.0; +claudebot@anthropic.com)"
216.73.216.1 - - [14/Apr/2026:07:01:19 +0300] "GET /info/orpha80394575 HTTP/1.0" 404 1202 "-" "Mozilla/5.0 AppleWebKit/537.36 (KHTML, like Gecko; compatible; ClaudeBot/1.0; +claudebot@anthropic.com)"
216.73.216.1 - - [14/Apr/2026:07:01:36 +0300] "GET /info/fool12141696 HTTP/1.0" 404 1202 "-" "Mozilla/5.0 AppleWebKit/537.36 (KHTML, like Gecko; compatible; ClaudeBot/1.0; +claudebot@anthropic.com)"
216.73.216.1 - - [14/Apr/2026:07:01:50 +0300] "GET /info/latin10538800 HTTP/1.0" 404 1299 "-" "Mozilla/5.0 AppleWebKit/537.36 (KHTML, like Gecko; compatible; ClaudeBot/1.0; +claudebot@anthropic.com)"
216.73.216.1 - - [14/Apr/2026:07:02:07 +0300] "GET /info/surpa72882318 HTTP/1.0" 404 1299 "-" "Mozilla/5.0 AppleWebKit/537.36 (KHTML, like Gecko; compatible; ClaudeBot/1.0; +claudebot@anthropic.com)"
216.73.216.1 - - [14/Apr/2026:07:02:24 +0300] "GET /info/steal50289548 HTTP/1.0" 404 1202 "-" "Mozilla/5.0 AppleWebKit/537.36 (KHTML, like Gecko; compatible; ClaudeBot/1.0; +claudebot@anthropic.com)"
216.73.216.1 - - [14/Apr/2026:07:02:38 +0300] "GET /info/poem81124879 HTTP/1.0" 404 1299 "-" "Mozilla/5.0 AppleWebKit/537.36 (KHTML, like Gecko; compatible; ClaudeBot/1.0; +claudebot@anthropic.com)"
216.73.216.1 - - [14/Apr/2026:07:02:56 +0300] "GET /info/stric41172315 HTTP/1.0" 404 1202 "-" "Mozilla/5.0 AppleWebKit/537.36 (KHTML, like Gecko; compatible; ClaudeBot/1.0; +claudebot@anthropic.com)"
216.73.216.1 - - [14/Apr/2026:07:03:10 +0300] "GET /info/advic32116922 HTTP/1.0" 404 1299 "-" "Mozilla/5.0 AppleWebKit/537.36 (KHTML, like Gecko; compatible; ClaudeBot/1.0; +claudebot@anthropic.com)"
216.73.216.1 - - [14/Apr/2026:07:03:27 +0300] "GET /info/waken11290744 HTTP/1.0" 404 1202 "-" "Mozilla/5.0 AppleWebKit/537.36 (KHTML, like Gecko; compatible; ClaudeBot/1.0; +claudebot@anthropic.com)"
44.197.109.186 - - [14/Apr/2026:07:03:33 +0300] "GET / HTTP/1.0" 200 8736 "-" "Mozilla/5.0 (Macintosh; Intel Mac OS X 10_15_7) AppleWebKit/537.36 (KHTML, like Gecko) Chrome/127.0.0.0 Safari/537.36"
216.73.216.1 - - [14/Apr/2026:07:03:39 +0300] "GET /info/furni81017631 HTTP/1.0" 404 1299 "-" "Mozilla/5.0 AppleWebKit/537.36 (KHTML, like Gecko; compatible; ClaudeBot/1.0; +claudebot@anthropic.com)"
216.73.216.1 - - [14/Apr/2026:07:03:56 +0300] "GET /info/accum31674386 HTTP/1.0" 404 1202 "-" "Mozilla/5.0 AppleWebKit/537.36 (KHTML, like Gecko; compatible; ClaudeBot/1.0; +claudebot@anthropic.com)"
216.73.216.1 - - [14/Apr/2026:07:04:09 +0300] "GET /info/vehic40116363 HTTP/1.0" 404 1299 "-" "Mozilla/5.0 AppleWebKit/537.36 (KHTML, like Gecko; compatible; ClaudeBot/1.0; +claudebot@anthropic.com)"
94.154.35.236 - - [14/Apr/2026:07:04:20 +0300] "HEAD /blog.7z HTTP/1.0" 404 294 "-" "Mozilla/5.0 (Windows NT 10.0; Win64; x64) AppleWebKit/537.36 (KHTML, like Gecko) Chrome/101.0.4951.67 Safari/537.36"
216.73.216.1 - - [14/Apr/2026:07:04:26 +0300] "GET /info/kilog81030527 HTTP/1.0" 404 1202 "-" "Mozilla/5.0 AppleWebKit/537.36 (KHTML, like Gecko; compatible; ClaudeBot/1.0; +claudebot@anthropic.com)"
216.73.216.1 - - [14/Apr/2026:07:04:40 +0300] "GET /info/artif42570499 HTTP/1.0" 404 1202 "-" "Mozilla/5.0 AppleWebKit/537.36 (KHTML, like Gecko; compatible; ClaudeBot/1.0; +claudebot@anthropic.com)"
216.73.216.1 - - [14/Apr/2026:07:04:57 +0300] "GET /info/snap11183816 HTTP/1.0" 404 1202 "-" "Mozilla/5.0 AppleWebKit/537.36 (KHTML, like Gecko; compatible; ClaudeBot/1.0; +claudebot@anthropic.com)"
216.73.216.1 - - [14/Apr/2026:07:05:14 +0300] "GET /info/reinf40262211 HTTP/1.0" 404 1202 "-" "Mozilla/5.0 AppleWebKit/537.36 (KHTML, like Gecko; compatible; ClaudeBot/1.0; +claudebot@anthropic.com)"
216.73.216.1 - - [14/Apr/2026:07:05:31 +0300] "GET /info/audie10335200 HTTP/1.0" 404 1202 "-" "Mozilla/5.0 AppleWebKit/537.36 (KHTML, like Gecko; compatible; ClaudeBot/1.0; +claudebot@anthropic.com)"
216.73.216.1 - - [14/Apr/2026:07:05:44 +0300] "GET /info/sulfu50539108 HTTP/1.0" 404 1299 "-" "Mozilla/5.0 AppleWebKit/537.36 (KHTML, like Gecko; compatible; ClaudeBot/1.0; +claudebot@anthropic.com)"
216.73.216.1 - - [14/Apr/2026:07:06:02 +0300] "GET /info/sensi52193916 HTTP/1.0" 404 1202 "-" "Mozilla/5.0 AppleWebKit/537.36 (KHTML, like Gecko; compatible; ClaudeBot/1.0; +claudebot@anthropic.com)"
216.73.216.1 - - [14/Apr/2026:07:06:14 +0300] "GET /info/anyon62412213 HTTP/1.0" 404 1299 "-" "Mozilla/5.0 AppleWebKit/537.36 (KHTML, like Gecko; compatible; ClaudeBot/1.0; +claudebot@anthropic.com)"
216.73.216.1 - - [14/Apr/2026:07:06:32 +0300] "GET /info/belt60457469 HTTP/1.0" 404 1202 "-" "Mozilla/5.0 AppleWebKit/537.36 (KHTML, like Gecko; compatible; ClaudeBot/1.0; +claudebot@anthropic.com)"
216.73.216.1 - - [14/Apr/2026:07:06:50 +0300] "GET /info/riot71030350 HTTP/1.0" 404 1202 "-" "Mozilla/5.0 AppleWebKit/537.36 (KHTML, like Gecko; compatible; ClaudeBot/1.0; +claudebot@anthropic.com)"
216.73.216.1 - - [14/Apr/2026:07:07:08 +0300] "GET /info/liber61689893 HTTP/1.0" 404 1202 "-" "Mozilla/5.0 AppleWebKit/537.36 (KHTML, like Gecko; compatible; ClaudeBot/1.0; +claudebot@anthropic.com)"
216.73.216.1 - - [14/Apr/2026:07:07:24 +0300] "GET /info/symbo81872647 HTTP/1.0" 404 1299 "-" "Mozilla/5.0 AppleWebKit/537.36 (KHTML, like Gecko; compatible; ClaudeBot/1.0; +claudebot@anthropic.com)"
216.73.216.1 - - [14/Apr/2026:07:07:44 +0300] "GET /info/song11156112 HTTP/1.0" 404 1202 "-" "Mozilla/5.0 AppleWebKit/537.36 (KHTML, like Gecko; compatible; ClaudeBot/1.0; +claudebot@anthropic.com)"
185.177.72.50 - - [14/Apr/2026:07:08:04 +0300] "GET /robots.txt HTTP/1.0" 200 428 "-" "Mozilla/5.0 (Windows NT 10.0; Win64; x64) AppleWebKit/537.36"
216.73.216.1 - - [14/Apr/2026:07:08:00 +0300] "GET /info/kindn20663641 HTTP/1.0" 404 1202 "-" "Mozilla/5.0 AppleWebKit/537.36 (KHTML, like Gecko; compatible; ClaudeBot/1.0; +claudebot@anthropic.com)"
185.177.72.50 - - [14/Apr/2026:07:08:03 +0300] "GET /signup HTTP/1.0" 404 1276 "-" "Mozilla/5.0 (Windows NT 10.0; Win64; x64) AppleWebKit/537.36, Mozilla/5.0 (Windows NT 10.0; Win64; x64) AppleWebKit/537.36 (KHTML, like Gecko) Chrome/120.0.0.0 Safari/537.36"
185.177.72.50 - - [14/Apr/2026:07:08:03 +0300] "GET /register HTTP/1.0" 404 1276 "-" "Mozilla/5.0 (Windows NT 10.0; Win64; x64) AppleWebKit/537.36, Mozilla/5.0 (Windows NT 10.0; Win64; x64) AppleWebKit/537.36 (KHTML, like Gecko) Chrome/120.0.0.0 Safari/537.36"
185.177.72.50 - - [14/Apr/2026:07:08:04 +0300] "GET /dashboard HTTP/1.0" 404 1276 "-" "Mozilla/5.0 (Windows NT 10.0; Win64; x64) AppleWebKit/537.36, Mozilla/5.0 (Windows NT 10.0; Win64; x64) AppleWebKit/537.36 (KHTML, like Gecko) Chrome/120.0.0.0 Safari/537.36"
185.177.72.50 - - [14/Apr/2026:07:08:04 +0300] "GET /.env.production HTTP/1.0" 404 1276 "-" "Mozilla/5.0 (Windows NT 10.0; Win64; x64) AppleWebKit/537.36, Mozilla/5.0 (Windows NT 10.0; Win64; x64) AppleWebKit/537.36 (KHTML, like Gecko) Chrome/120.0.0.0 Safari/537.36"
185.177.72.50 - - [14/Apr/2026:07:08:05 +0300] "GET /order HTTP/1.0" 404 1276 "-" "Mozilla/5.0 (Windows NT 10.0; Win64; x64) AppleWebKit/537.36, Mozilla/5.0 (Windows NT 10.0; Win64; x64) AppleWebKit/537.36 (KHTML, like Gecko) Chrome/120.0.0.0 Safari/537.36"
185.177.72.50 - - [14/Apr/2026:07:08:05 +0300] "GET /checkout HTTP/1.0" 404 1276 "-" "Mozilla/5.0 (Windows NT 10.0; Win64; x64) AppleWebKit/537.36, Mozilla/5.0 (Windows NT 10.0; Win64; x64) AppleWebKit/537.36 (KHTML, like Gecko) Chrome/120.0.0.0 Safari/537.36"
185.177.72.50 - - [14/Apr/2026:07:08:05 +0300] "GET /account HTTP/1.0" 404 1276 "-" "Mozilla/5.0 (Windows NT 10.0; Win64; x64) AppleWebKit/537.36, Mozilla/5.0 (Windows NT 10.0; Win64; x64) AppleWebKit/537.36 (KHTML, like Gecko) Chrome/120.0.0.0 Safari/537.36"
185.177.72.50 - - [14/Apr/2026:07:08:05 +0300] "GET /admin HTTP/1.0" 404 1276 "-" "Mozilla/5.0 (Windows NT 10.0; Win64; x64) AppleWebKit/537.36, Mozilla/5.0 (Windows NT 10.0; Win64; x64) AppleWebKit/537.36 (KHTML, like Gecko) Chrome/120.0.0.0 Safari/537.36"
185.177.72.50 - - [14/Apr/2026:07:08:05 +0300] "GET /shop HTTP/1.0" 404 1276 "-" "Mozilla/5.0 (Windows NT 10.0; Win64; x64) AppleWebKit/537.36, Mozilla/5.0 (Windows NT 10.0; Win64; x64) AppleWebKit/537.36 (KHTML, like Gecko) Chrome/120.0.0.0 Safari/537.36"
185.177.72.50 - - [14/Apr/2026:07:08:04 +0300] "GET /cart HTTP/1.0" 404 1276 "-" "Mozilla/5.0 (Windows NT 10.0; Win64; x64) AppleWebKit/537.36, Mozilla/5.0 (Windows NT 10.0; Win64; x64) AppleWebKit/537.36 (KHTML, like Gecko) Chrome/120.0.0.0 Safari/537.36"
185.177.72.50 - - [14/Apr/2026:07:08:06 +0300] "GET /payment HTTP/1.0" 404 1276 "-" "Mozilla/5.0 (Windows NT 10.0; Win64; x64) AppleWebKit/537.36, Mozilla/5.0 (Windows NT 10.0; Win64; x64) AppleWebKit/537.36 (KHTML, like Gecko) Chrome/120.0.0.0 Safari/537.36"
185.177.72.50 - - [14/Apr/2026:07:08:06 +0300] "GET /.env HTTP/1.0" 404 1276 "-" "Mozilla/5.0 (Windows NT 10.0; Win64; x64) AppleWebKit/537.36, Mozilla/5.0 (Windows NT 10.0; Win64; x64) AppleWebKit/537.36 (KHTML, like Gecko) Chrome/120.0.0.0 Safari/537.36"
185.177.72.50 - - [14/Apr/2026:07:08:06 +0300] "GET /index.html HTTP/1.0" 404 1276 "-" "Mozilla/5.0 (Windows NT 10.0; Win64; x64) AppleWebKit/537.36, Mozilla/5.0 (Windows NT 10.0; Win64; x64) AppleWebKit/537.36 (KHTML, like Gecko) Chrome/120.0.0.0 Safari/537.36"
185.177.72.50 - - [14/Apr/2026:07:08:05 +0300] "GET /pricing HTTP/1.0" 404 1276 "-" "Mozilla/5.0 (Windows NT 10.0; Win64; x64) AppleWebKit/537.36, Mozilla/5.0 (Windows NT 10.0; Win64; x64) AppleWebKit/537.36 (KHTML, like Gecko) Chrome/120.0.0.0 Safari/537.36"
185.177.72.50 - - [14/Apr/2026:07:08:10 +0300] "GET /robots.txt HTTP/1.0" 200 428 "-" "Mozilla/5.0 (Windows NT 10.0; Win64; x64) AppleWebKit/537.36"
185.177.72.50 - - [14/Apr/2026:07:08:08 +0300] "GET /sitemap.xml HTTP/1.0" 200 420 "-" "Mozilla/5.0 (Windows NT 10.0; Win64; x64) AppleWebKit/537.36"
185.177.72.50 - - [14/Apr/2026:07:08:07 +0300] "GET /plans HTTP/1.0" 404 1276 "-" "Mozilla/5.0 (Windows NT 10.0; Win64; x64) AppleWebKit/537.36, Mozilla/5.0 (Windows NT 10.0; Win64; x64) AppleWebKit/537.36 (KHTML, like Gecko) Chrome/120.0.0.0 Safari/537.36"
185.177.72.50 - - [14/Apr/2026:07:08:08 +0300] "GET /subscribe HTTP/1.0" 404 1276 "-" "Mozilla/5.0 (Windows NT 10.0; Win64; x64) AppleWebKit/537.36, Mozilla/5.0 (Windows NT 10.0; Win64; x64) AppleWebKit/537.36 (KHTML, like Gecko) Chrome/120.0.0.0 Safari/537.36"
185.177.72.50 - - [14/Apr/2026:07:08:08 +0300] "GET /checkout HTTP/1.0" 404 1276 "-" "Mozilla/5.0 (Windows NT 10.0; Win64; x64) AppleWebKit/537.36, Mozilla/5.0 (Windows NT 10.0; Win64; x64) AppleWebKit/537.36 (KHTML, like Gecko) Chrome/120.0.0.0 Safari/537.36"
185.177.72.50 - - [14/Apr/2026:07:08:08 +0300] "GET /subscribe HTTP/1.0" 404 1276 "-" "Mozilla/5.0 (Windows NT 10.0; Win64; x64) AppleWebKit/537.36, Mozilla/5.0 (Windows NT 10.0; Win64; x64) AppleWebKit/537.36 (KHTML, like Gecko) Chrome/120.0.0.0 Safari/537.36"
185.177.72.50 - - [14/Apr/2026:07:08:08 +0300] "GET /checkout HTTP/1.0" 404 1276 "-" "Mozilla/5.0 (Windows NT 10.0; Win64; x64) AppleWebKit/537.36, Mozilla/5.0 (Windows NT 10.0; Win64; x64) AppleWebKit/537.36 (KHTML, like Gecko) Chrome/120.0.0.0 Safari/537.36"
185.177.72.50 - - [14/Apr/2026:07:08:09 +0300] "GET /payment HTTP/1.0" 404 1276 "-" "Mozilla/5.0 (Windows NT 10.0; Win64; x64) AppleWebKit/537.36, Mozilla/5.0 (Windows NT 10.0; Win64; x64) AppleWebKit/537.36 (KHTML, like Gecko) Chrome/120.0.0.0 Safari/537.36"
185.177.72.50 - - [14/Apr/2026:07:08:09 +0300] "GET /pricing HTTP/1.0" 404 1276 "-" "Mozilla/5.0 (Windows NT 10.0; Win64; x64) AppleWebKit/537.36, Mozilla/5.0 (Windows NT 10.0; Win64; x64) AppleWebKit/537.36 (KHTML, like Gecko) Chrome/120.0.0.0 Safari/537.36"
185.177.72.50 - - [14/Apr/2026:07:08:09 +0300] "GET /shop HTTP/1.0" 404 1276 "-" "Mozilla/5.0 (Windows NT 10.0; Win64; x64) AppleWebKit/537.36, Mozilla/5.0 (Windows NT 10.0; Win64; x64) AppleWebKit/537.36 (KHTML, like Gecko) Chrome/120.0.0.0 Safari/537.36"
185.177.72.50 - - [14/Apr/2026:07:08:09 +0300] "GET /donate HTTP/1.0" 404 1276 "-" "Mozilla/5.0 (Windows NT 10.0; Win64; x64) AppleWebKit/537.36, Mozilla/5.0 (Windows NT 10.0; Win64; x64) AppleWebKit/537.36 (KHTML, like Gecko) Chrome/120.0.0.0 Safari/537.36"
185.177.72.50 - - [14/Apr/2026:07:08:09 +0300] "GET /billing HTTP/1.0" 404 1276 "-" "Mozilla/5.0 (Windows NT 10.0; Win64; x64) AppleWebKit/537.36, Mozilla/5.0 (Windows NT 10.0; Win64; x64) AppleWebKit/537.36 (KHTML, like Gecko) Chrome/120.0.0.0 Safari/537.36"
185.177.72.50 - - [14/Apr/2026:07:08:09 +0300] "GET /.env HTTP/1.0" 404 1276 "-" "Mozilla/5.0 (Windows NT 10.0; Win64; x64) AppleWebKit/537.36, Mozilla/5.0 (Windows NT 10.0; Win64; x64) AppleWebKit/537.36 (KHTML, like Gecko) Chrome/120.0.0.0 Safari/537.36"
185.177.72.50 - - [14/Apr/2026:07:08:09 +0300] "GET /.env HTTP/1.0" 404 1276 "-" "Mozilla/5.0 (Windows NT 10.0; Win64; x64) AppleWebKit/537.36, Mozilla/5.0 (Windows NT 10.0; Win64; x64) AppleWebKit/537.36 (KHTML, like Gecko) Chrome/120.0.0.0 Safari/537.36"
185.177.72.50 - - [14/Apr/2026:07:08:10 +0300] "GET /pricing HTTP/1.0" 404 1276 "-" "Mozilla/5.0 (Windows NT 10.0; Win64; x64) AppleWebKit/537.36, Mozilla/5.0 (Windows NT 10.0; Win64; x64) AppleWebKit/537.36 (KHTML, like Gecko) Chrome/120.0.0.0 Safari/537.36"
185.177.72.50 - - [14/Apr/2026:07:08:11 +0300] "GET /sitemap.xml HTTP/1.0" 200 420 "-" "Mozilla/5.0 (Windows NT 10.0; Win64; x64) AppleWebKit/537.36"
185.177.72.50 - - [14/Apr/2026:07:08:12 +0300] "GET /billing HTTP/1.0" 404 1276 "-" "Mozilla/5.0 (Windows NT 10.0; Win64; x64) AppleWebKit/537.36, Mozilla/5.0 (Windows NT 10.0; Win64; x64) AppleWebKit/537.36 (KHTML, like Gecko) Chrome/120.0.0.0 Safari/537.36"
185.177.72.50 - - [14/Apr/2026:07:08:12 +0300] "GET /.env HTTP/1.0" 404 1276 "-" "Mozilla/5.0 (Windows NT 10.0; Win64; x64) AppleWebKit/537.36, Mozilla/5.0 (Windows NT 10.0; Win64; x64) AppleWebKit/537.36 (KHTML, like Gecko) Chrome/120.0.0.0 Safari/537.36"
185.177.72.50 - - [14/Apr/2026:07:08:12 +0300] "GET /sitemapa.xml HTTP/1.0" 200 18192 "-" "Mozilla/5.0 (Windows NT 10.0; Win64; x64) AppleWebKit/537.36"
185.177.72.50 - - [14/Apr/2026:07:08:15 +0300] "GET /sitemapa.xml HTTP/1.0" 200 18152 "-" "Mozilla/5.0 (Windows NT 10.0; Win64; x64) AppleWebKit/537.36"
185.177.72.50 - - [14/Apr/2026:07:08:16 +0300] "GET /sitemapb.xml HTTP/1.0" 200 14523 "-" "Mozilla/5.0 (Windows NT 10.0; Win64; x64) AppleWebKit/537.36"
216.73.216.1 - - [14/Apr/2026:07:08:17 +0300] "GET /info/carve62519557 HTTP/1.0" 404 1202 "-" "Mozilla/5.0 AppleWebKit/537.36 (KHTML, like Gecko; compatible; ClaudeBot/1.0; +claudebot@anthropic.com)"
185.177.72.50 - - [14/Apr/2026:07:08:18 +0300] "GET /sitemapa.xml HTTP/1.0" 200 18763 "-" "Mozilla/5.0 (Windows NT 10.0; Win64; x64) AppleWebKit/537.36"
185.177.72.50 - - [14/Apr/2026:07:08:23 +0300] "GET /.env.save HTTP/1.0" 404 1276 "-" "Mozilla/5.0 (Windows NT 10.0; Win64; x64) AppleWebKit/537.36, Mozilla/5.0 (Windows NT 10.0; Win64; x64) AppleWebKit/537.36 (KHTML, like Gecko) Chrome/120.0.0.0 Safari/537.36"
216.73.216.1 - - [14/Apr/2026:07:08:29 +0300] "GET /info/gang62311181 HTTP/1.0" 404 1299 "-" "Mozilla/5.0 AppleWebKit/537.36 (KHTML, like Gecko; compatible; ClaudeBot/1.0; +claudebot@anthropic.com)"
161.115.239.217 - - [14/Apr/2026:07:08:40 +0300] "GET / HTTP/1.0" 200 8730 "https://www.google.com" "Mozilla/5.0 (Windows NT 10.0; Win64; x64) AppleWebKit/537.36 (KHTML, like Gecko) Chrome/99.0.4844.51 Safari/537.36 Edg/99.0.1150.30"
216.73.216.1 - - [14/Apr/2026:07:08:46 +0300] "GET /info/agric30047242 HTTP/1.0" 404 1202 "-" "Mozilla/5.0 AppleWebKit/537.36 (KHTML, like Gecko; compatible; ClaudeBot/1.0; +claudebot@anthropic.com)"
216.73.216.1 - - [14/Apr/2026:07:09:02 +0300] "GET /info/anywa50889244 HTTP/1.0" 404 1299 "-" "Mozilla/5.0 AppleWebKit/537.36 (KHTML, like Gecko; compatible; ClaudeBot/1.0; +claudebot@anthropic.com)"
43.164.197.209 - - [14/Apr/2026:07:09:07 +0300] "GET / HTTP/1.0" 200 8733 "-" "Mozilla/5.0 (iPhone; CPU iPhone OS 13_2_3 like Mac OS X) AppleWebKit/605.1.15 (KHTML, like Gecko) Version/13.0.3 Mobile/15E148 Safari/604.1"
216.73.216.1 - - [14/Apr/2026:07:09:20 +0300] "GET /info/aboar51911580 HTTP/1.0" 404 1202 "-" "Mozilla/5.0 AppleWebKit/537.36 (KHTML, like Gecko; compatible; ClaudeBot/1.0; +claudebot@anthropic.com)"
216.73.216.1 - - [14/Apr/2026:07:09:38 +0300] "GET /info/sway12713920 HTTP/1.0" 404 1202 "-" "Mozilla/5.0 AppleWebKit/537.36 (KHTML, like Gecko; compatible; ClaudeBot/1.0; +claudebot@anthropic.com)"
216.73.216.1 - - [14/Apr/2026:07:09:56 +0300] "GET /info/fight41033739 HTTP/1.0" 404 1202 "-" "Mozilla/5.0 AppleWebKit/537.36 (KHTML, like Gecko; compatible; ClaudeBot/1.0; +claudebot@anthropic.com)"
103.4.251.89 - - [14/Apr/2026:07:10:01 +0300] "GET / HTTP/1.0" 200 8732 "-" "Mozilla/5.0 (X11; Linux x86_64) AppleWebKit/537.36 (KHTML, like Gecko) Chrome/116.0.0.0 Safari/537.36"
103.196.9.220 - - [14/Apr/2026:07:10:01 +0300] "GET / HTTP/1.0" 200 8732 "-" "Mozilla/5.0 (X11; Linux x86_64) AppleWebKit/537.36 (KHTML, like Gecko) Chrome/117.0.0.0 Safari/537.36"
216.73.216.1 - - [14/Apr/2026:07:10:11 +0300] "GET /info/aboar52263580 HTTP/1.0" 404 1202 "-" "Mozilla/5.0 AppleWebKit/537.36 (KHTML, like Gecko; compatible; ClaudeBot/1.0; +claudebot@anthropic.com)"
103.196.9.220 - - [14/Apr/2026:07:10:14 +0300] "GET / HTTP/1.0" 200 8733 "-" "Mozilla/5.0 (Macintosh; Intel Mac OS X 10_15_7) AppleWebKit/537.36 (KHTML, like Gecko) Chrome/117.0.0.0 Safari/537.36"
103.196.9.220 - - [14/Apr/2026:07:10:32 +0300] "GET /media/jui/js/jquery.min.js?71feb6b9d4470ce879d44191f11f399e HTTP/1.1" 200 97646 "-" "Mozilla/5.0 (Macintosh; Intel Mac OS X 10_15_7) AppleWebKit/537.36 (KHTML, like Gecko) Chrome/117.0.0.0 Safari/537.36"
216.73.216.1 - - [14/Apr/2026:07:10:29 +0300] "GET /info/riot72250350 HTTP/1.0" 404 1202 "-" "Mozilla/5.0 AppleWebKit/537.36 (KHTML, like Gecko; compatible; ClaudeBot/1.0; +claudebot@anthropic.com)"
103.196.9.220 - - [14/Apr/2026:07:10:32 +0300] "GET /media/jui/js/jquery-migrate.min.js?71feb6b9d4470ce879d44191f11f399e HTTP/1.1" 200 10056 "-" "Mozilla/5.0 (Macintosh; Intel Mac OS X 10_15_7) AppleWebKit/537.36 (KHTML, like Gecko) Chrome/117.0.0.0 Safari/537.36"
103.196.9.220 - - [14/Apr/2026:07:10:32 +0300] "GET /media/jui/js/jquery-noconflict.js?71feb6b9d4470ce879d44191f11f399e HTTP/1.1" 200 21 "-" "Mozilla/5.0 (Macintosh; Intel Mac OS X 10_15_7) AppleWebKit/537.36 (KHTML, like Gecko) Chrome/117.0.0.0 Safari/537.36"
103.196.9.220 - - [14/Apr/2026:07:10:33 +0300] "GET /components/com_sppagebuilder/assets/js/jquery.parallax.js HTTP/1.1" 200 892 "-" "Mozilla/5.0 (Macintosh; Intel Mac OS X 10_15_7) AppleWebKit/537.36 (KHTML, like Gecko) Chrome/117.0.0.0 Safari/537.36"
103.196.9.220 - - [14/Apr/2026:07:10:33 +0300] "GET /modules/mod_contactus/js/contactus_common.js HTTP/1.1" 200 5018 "-" "Mozilla/5.0 (Macintosh; Intel Mac OS X 10_15_7) AppleWebKit/537.36 (KHTML, like Gecko) Chrome/117.0.0.0 Safari/537.36"
103.196.9.220 - - [14/Apr/2026:07:10:33 +0300] "GET /components/com_sppagebuilder/assets/js/sppagebuilder.js HTTP/1.1" 200 73269 "-" "Mozilla/5.0 (Macintosh; Intel Mac OS X 10_15_7) AppleWebKit/537.36 (KHTML, like Gecko) Chrome/117.0.0.0 Safari/537.36"
103.196.9.220 - - [14/Apr/2026:07:10:33 +0300] "GET /components/com_sppagebuilder/assets/js/jquery.magnific-popup.min.js HTTP/1.1" 200 20003 "-" "Mozilla/5.0 (Macintosh; Intel Mac OS X 10_15_7) AppleWebKit/537.36 (KHTML, like Gecko) Chrome/117.0.0.0 Safari/537.36"
103.196.9.220 - - [14/Apr/2026:07:10:33 +0300] "GET /templates/shaper_helixultimate/js/bootstrap.min.js HTTP/1.1" 200 50634 "-" "Mozilla/5.0 (Macintosh; Intel Mac OS X 10_15_7) AppleWebKit/537.36 (KHTML, like Gecko) Chrome/117.0.0.0 Safari/537.36"
103.196.9.220 - - [14/Apr/2026:07:10:33 +0300] "GET /templates/shaper_helixultimate/js/popper.min.js HTTP/1.1" 200 19196 "-" "Mozilla/5.0 (Macintosh; Intel Mac OS X 10_15_7) AppleWebKit/537.36 (KHTML, like Gecko) Chrome/117.0.0.0 Safari/537.36"
103.196.9.220 - - [14/Apr/2026:07:10:33 +0300] "GET /modules/mod_contactus/js/contactus_lightbox.js HTTP/1.1" 200 4279 "-" "Mozilla/5.0 (Macintosh; Intel Mac OS X 10_15_7) AppleWebKit/537.36 (KHTML, like Gecko) Chrome/117.0.0.0 Safari/537.36"
103.196.9.220 - - [14/Apr/2026:07:10:33 +0300] "GET /templates/shaper_helixultimate/js/main.js HTTP/1.1" 200 7083 "-" "Mozilla/5.0 (Macintosh; Intel Mac OS X 10_15_7) AppleWebKit/537.36 (KHTML, like Gecko) Chrome/117.0.0.0 Safari/537.36"
103.196.9.220 - - [14/Apr/2026:07:10:33 +0300] "GET /modules/mod_gruemenu/js/sidr.js HTTP/1.1" 200 9880 "-" "Mozilla/5.0 (Macintosh; Intel Mac OS X 10_15_7) AppleWebKit/537.36 (KHTML, like Gecko) Chrome/117.0.0.0 Safari/537.36"
103.196.9.220 - - [14/Apr/2026:07:10:33 +0300] "GET /modules/mod_gruemenu/js/touchwipe.min.js HTTP/1.1" 200 2254 "-" "Mozilla/5.0 (Macintosh; Intel Mac OS X 10_15_7) AppleWebKit/537.36 (KHTML, like Gecko) Chrome/117.0.0.0 Safari/537.36"
