216.73.216.172 - - [14/Apr/2026:08:17:56 +0300] "GET /p/plent70236566?id=252824 HTTP/1.0" 404 2091 "-" "Mozilla/5.0 AppleWebKit/537.36 (KHTML, like Gecko; compatible; ClaudeBot/1.0; +claudebot@anthropic.com)"
216.73.216.172 - - [14/Apr/2026:08:17:59 +0300] "GET /p/stora41210683?id=1226941 HTTP/1.0" 404 2091 "-" "Mozilla/5.0 AppleWebKit/537.36 (KHTML, like Gecko; compatible; ClaudeBot/1.0; +claudebot@anthropic.com)"
216.73.216.172 - - [14/Apr/2026:08:18:02 +0300] "GET /p/mind81965287?id=1981545 HTTP/1.0" 404 2091 "-" "Mozilla/5.0 AppleWebKit/537.36 (KHTML, like Gecko; compatible; ClaudeBot/1.0; +claudebot@anthropic.com)"
74.7.227.38 - - [14/Apr/2026:08:18:04 +0300] "GET /p/sciss32198570?id=2214828 HTTP/1.0" 404 2091 "https://region-saitov.ru/sitemapa.xml" "Mozilla/5.0 AppleWebKit/537.36 (KHTML, like Gecko; compatible; GPTBot/1.3; +https://openai.com/gptbot)"
216.73.216.172 - - [14/Apr/2026:08:18:05 +0300] "GET /p/britt30499538?id=515796 HTTP/1.0" 404 2091 "-" "Mozilla/5.0 AppleWebKit/537.36 (KHTML, like Gecko; compatible; ClaudeBot/1.0; +claudebot@anthropic.com)"
216.73.216.172 - - [14/Apr/2026:08:18:08 +0300] "GET /p/neces41904571?id=1920829 HTTP/1.0" 404 2091 "-" "Mozilla/5.0 AppleWebKit/537.36 (KHTML, like Gecko; compatible; ClaudeBot/1.0; +claudebot@anthropic.com)"
216.73.216.172 - - [14/Apr/2026:08:18:11 +0300] "GET /p/rub41023755?id=1040013 HTTP/1.0" 404 2091 "-" "Mozilla/5.0 AppleWebKit/537.36 (KHTML, like Gecko; compatible; ClaudeBot/1.0; +claudebot@anthropic.com)"
216.73.216.172 - - [14/Apr/2026:08:18:14 +0300] "GET /p/draw62325725?id=2341983 HTTP/1.0" 404 2091 "-" "Mozilla/5.0 AppleWebKit/537.36 (KHTML, like Gecko; compatible; ClaudeBot/1.0; +claudebot@anthropic.com)"
89.111.170.8 - - [14/Apr/2026:08:18:13 +0300] "GET / HTTP/1.0" 200 273999 "-" "https://reg.ru monitoring abuse@reg.ru"
216.73.216.172 - - [14/Apr/2026:08:18:17 +0300] "GET /p/torch62974885?id=2991143 HTTP/1.0" 404 2091 "-" "Mozilla/5.0 AppleWebKit/537.36 (KHTML, like Gecko; compatible; ClaudeBot/1.0; +claudebot@anthropic.com)"
216.73.216.172 - - [14/Apr/2026:08:18:20 +0300] "GET /p/lady31892906?id=1909164 HTTP/1.0" 404 2091 "-" "Mozilla/5.0 AppleWebKit/537.36 (KHTML, like Gecko; compatible; ClaudeBot/1.0; +claudebot@anthropic.com)"
216.73.216.172 - - [14/Apr/2026:08:18:23 +0300] "GET /p/spide72517702?id=2533960 HTTP/1.0" 404 2091 "-" "Mozilla/5.0 AppleWebKit/537.36 (KHTML, like Gecko; compatible; ClaudeBot/1.0; +claudebot@anthropic.com)"
216.73.216.172 - - [14/Apr/2026:08:18:26 +0300] "GET /p/infec81531151?id=1547409 HTTP/1.0" 404 2091 "-" "Mozilla/5.0 AppleWebKit/537.36 (KHTML, like Gecko; compatible; ClaudeBot/1.0; +claudebot@anthropic.com)"
104.248.127.178 - - [14/Apr/2026:08:18:27 +0300] "GET /.git/config HTTP/1.1" 301 196 "-" "Mozilla/5.0 (X11; Linux x86_64) AppleWebKit/537.36 (KHTML, like Gecko) Chrome/81.0.4044.129 Safari/537.36"
216.73.216.172 - - [14/Apr/2026:08:18:29 +0300] "GET /p/orbit41938851?id=1955109 HTTP/1.0" 404 2091 "-" "Mozilla/5.0 AppleWebKit/537.36 (KHTML, like Gecko; compatible; ClaudeBot/1.0; +claudebot@anthropic.com)"
104.248.127.178 - - [14/Apr/2026:08:18:30 +0300] "GET /.git/config HTTP/1.0" 404 2188 "-" "Mozilla/5.0 (X11; Linux x86_64) AppleWebKit/537.36 (KHTML, like Gecko) Chrome/81.0.4044.129 Safari/537.36"
216.73.216.172 - - [14/Apr/2026:08:18:32 +0300] "GET /p/dusk40331211?id=347469 HTTP/1.0" 404 2091 "-" "Mozilla/5.0 AppleWebKit/537.36 (KHTML, like Gecko; compatible; ClaudeBot/1.0; +claudebot@anthropic.com)"
216.73.216.172 - - [14/Apr/2026:08:18:35 +0300] "GET /p/egg12108040?id=2124298 HTTP/1.0" 404 2091 "-" "Mozilla/5.0 AppleWebKit/537.36 (KHTML, like Gecko; compatible; ClaudeBot/1.0; +claudebot@anthropic.com)"
216.73.216.172 - - [14/Apr/2026:08:18:38 +0300] "GET /p/terro62573549?id=2589807 HTTP/1.0" 404 2091 "-" "Mozilla/5.0 AppleWebKit/537.36 (KHTML, like Gecko; compatible; ClaudeBot/1.0; +claudebot@anthropic.com)"
216.73.216.172 - - [14/Apr/2026:08:18:41 +0300] "GET /p/mum80043943?id=60201 HTTP/1.0" 404 2091 "-" "Mozilla/5.0 AppleWebKit/537.36 (KHTML, like Gecko; compatible; ClaudeBot/1.0; +claudebot@anthropic.com)"
216.73.216.172 - - [14/Apr/2026:08:18:44 +0300] "GET /p/vivid82847295?id=2863553 HTTP/1.0" 404 2091 "-" "Mozilla/5.0 AppleWebKit/537.36 (KHTML, like Gecko; compatible; ClaudeBot/1.0; +claudebot@anthropic.com)"
74.7.227.38 - - [14/Apr/2026:08:18:45 +0300] "GET /p/indis21158321?id=1174579 HTTP/1.0" 404 2091 "https://region-saitov.ru/sitemapa.xml" "Mozilla/5.0 AppleWebKit/537.36 (KHTML, like Gecko; compatible; GPTBot/1.3; +https://openai.com/gptbot)"
216.73.216.172 - - [14/Apr/2026:08:18:47 +0300] "GET /p/indoo42293539?id=2309797 HTTP/1.0" 404 2091 "-" "Mozilla/5.0 AppleWebKit/537.36 (KHTML, like Gecko; compatible; ClaudeBot/1.0; +claudebot@anthropic.com)"
216.73.216.172 - - [14/Apr/2026:08:18:50 +0300] "GET /p/route30001442?id=17700 HTTP/1.0" 404 2091 "-" "Mozilla/5.0 AppleWebKit/537.36 (KHTML, like Gecko; compatible; ClaudeBot/1.0; +claudebot@anthropic.com)"
216.73.216.172 - - [14/Apr/2026:08:18:53 +0300] "GET /p/renee20023993?id=40251 HTTP/1.0" 404 2091 "-" "Mozilla/5.0 AppleWebKit/537.36 (KHTML, like Gecko; compatible; ClaudeBot/1.0; +claudebot@anthropic.com)"
66.249.76.232 - - [14/Apr/2026:08:18:53 +0300] "GET /p/rubbi62508165?id=2524423 HTTP/1.0" 200 26253 "-" "Mozilla/5.0 (Linux; Android 6.0.1; Nexus 5X Build/MMB29P) AppleWebKit/537.36 (KHTML, like Gecko) Chrome/146.0.7680.177 Mobile Safari/537.36 (compatible; Googlebot/2.1; +http://www.google.com/bot.html)"
74.7.227.38 - - [14/Apr/2026:08:19:26 +0300] "GET /p/treat41744851?id=1761109 HTTP/1.0" 404 2091 "https://region-saitov.ru/sitemapa.xml" "Mozilla/5.0 AppleWebKit/537.36 (KHTML, like Gecko; compatible; GPTBot/1.3; +https://openai.com/gptbot)"
66.249.70.3 - - [14/Apr/2026:08:19:58 +0300] "GET /p/pluge12983984?id=3000242 HTTP/1.0" 200 27604 "-" "Mozilla/5.0 (Linux; Android 6.0.1; Nexus 5X Build/MMB29P) AppleWebKit/537.36 (KHTML, like Gecko) Chrome/146.0.7680.177 Mobile Safari/537.36 (compatible; Googlebot/2.1; +http://www.google.com/bot.html)"
74.7.227.38 - - [14/Apr/2026:08:20:07 +0300] "GET /p/sausa62948365?id=2964623 HTTP/1.0" 404 2091 "https://region-saitov.ru/sitemapa.xml" "Mozilla/5.0 AppleWebKit/537.36 (KHTML, like Gecko; compatible; GPTBot/1.3; +https://openai.com/gptbot)"
216.244.66.242 - - [14/Apr/2026:08:20:25 +0300] "GET /robots.txt HTTP/1.1" 301 196 "-" "Mozilla/5.0 (compatible; DotBot/1.2; +https://opensiteexplorer.org/dotbot; help@moz.com)"
216.244.66.242 - - [14/Apr/2026:08:20:26 +0300] "GET /robots.txt HTTP/1.0" 200 587 "-" "Mozilla/5.0 (compatible; DotBot/1.2; +https://opensiteexplorer.org/dotbot; help@moz.com)"
74.7.227.38 - - [14/Apr/2026:08:20:49 +0300] "GET /p/paper21816217?id=1832475 HTTP/1.0" 404 2091 "https://region-saitov.ru/sitemape.xml" "Mozilla/5.0 AppleWebKit/537.36 (KHTML, like Gecko; compatible; GPTBot/1.3; +https://openai.com/gptbot)"
185.149.49.50 - - [14/Apr/2026:08:20:50 +0300] "GET / HTTP/1.0" 200 24118 "-" "Mozilla/5.0 (Windows NT 10.0; Win64; x64) AppleWebKit/537.36 (KHTML, like Gecko) Chrome/146.0.0.0 Safari/537.36"
185.149.49.50 - - [14/Apr/2026:08:20:54 +0300] "GET /media/vendor/joomla-custom-elements/css/joomla-alert.min.css?0.2.0 HTTP/1.1" 200 3964 "https://region-saitov.ru/" "Mozilla/5.0 (Windows NT 10.0; Win64; x64) AppleWebKit/537.36 (KHTML, like Gecko) Chrome/146.0.0.0 Safari/537.36"
185.149.49.50 - - [14/Apr/2026:08:20:54 +0300] "GET /components/com_sppagebuilder/assets/css/magnific-popup.css HTTP/1.1" 200 5920 "https://region-saitov.ru/" "Mozilla/5.0 (Windows NT 10.0; Win64; x64) AppleWebKit/537.36 (KHTML, like Gecko) Chrome/146.0.0.0 Safari/537.36"
185.149.49.50 - - [14/Apr/2026:08:20:54 +0300] "GET /components/com_sppagebuilder/assets/css/sppagebuilder.css?0e2c506aa593d331478b48ba5314a03f HTTP/1.1" 200 199257 "https://region-saitov.ru/" "Mozilla/5.0 (Windows NT 10.0; Win64; x64) AppleWebKit/537.36 (KHTML, like Gecko) Chrome/146.0.0.0 Safari/537.36"
88.82.93.126 - - [14/Apr/2026:08:20:54 +0300] "GET /components/com_sppagebuilder/assets/css/animate.min.css?0e2c506aa593d331478b48ba5314a03f HTTP/1.1" 200 70920 "https://region-saitov.ru/" "Mozilla/5.0 (Windows NT 10.0; Win64; x64) AppleWebKit/537.36 (KHTML, like Gecko) Chrome/146.0.0.0 Safari/537.36"
185.149.49.50 - - [14/Apr/2026:08:20:54 +0300] "GET /plugins/system/helixultimate/assets/css/system-j4.min.css HTTP/1.1" 200 5202 "https://region-saitov.ru/" "Mozilla/5.0 (Windows NT 10.0; Win64; x64) AppleWebKit/537.36 (KHTML, like Gecko) Chrome/146.0.0.0 Safari/537.36"
185.149.49.50 - - [14/Apr/2026:08:20:54 +0300] "GET /templates/shaper_helixultimate/css/bootstrap.min.css HTTP/1.1" 200 194854 "https://region-saitov.ru/" "Mozilla/5.0 (Windows NT 10.0; Win64; x64) AppleWebKit/537.36 (KHTML, like Gecko) Chrome/146.0.0.0 Safari/537.36"
185.149.49.50 - - [14/Apr/2026:08:20:54 +0300] "GET /media/system/css/joomla-fontawesome.min.css?2361f80fce7914ef05f9ec219523f0c8 HTTP/1.1" 200 71306 "https://region-saitov.ru/" "Mozilla/5.0 (Windows NT 10.0; Win64; x64) AppleWebKit/537.36 (KHTML, like Gecko) Chrome/146.0.0.0 Safari/537.36"
185.149.49.50 - - [14/Apr/2026:08:20:54 +0300] "GET /templates/shaper_helixultimate/css/template.css HTTP/1.1" 200 79812 "https://region-saitov.ru/" "Mozilla/5.0 (Windows NT 10.0; Win64; x64) AppleWebKit/537.36 (KHTML, like Gecko) Chrome/146.0.0.0 Safari/537.36"
185.149.49.50 - - [14/Apr/2026:08:20:54 +0300] "GET /plugins/system/spcookieconsent/assets/css/style.css HTTP/1.1" 200 2343 "https://region-saitov.ru/" "Mozilla/5.0 (Windows NT 10.0; Win64; x64) AppleWebKit/537.36 (KHTML, like Gecko) Chrome/146.0.0.0 Safari/537.36"
185.149.49.50 - - [14/Apr/2026:08:20:54 +0300] "GET /templates/shaper_helixultimate/css/presets/preset5.css HTTP/1.1" 200 4023 "https://region-saitov.ru/" "Mozilla/5.0 (Windows NT 10.0; Win64; x64) AppleWebKit/537.36 (KHTML, like Gecko) Chrome/146.0.0.0 Safari/537.36"
88.82.93.126 - - [14/Apr/2026:08:20:54 +0300] "GET /modules/mod_djmegamenu/themes/default/css/djmegamenu.css?4.4.1.pro HTTP/1.1" 200 16373 "https://region-saitov.ru/" "Mozilla/5.0 (Windows NT 10.0; Win64; x64) AppleWebKit/537.36 (KHTML, like Gecko) Chrome/146.0.0.0 Safari/537.36"
185.149.49.50 - - [14/Apr/2026:08:20:54 +0300] "GET /modules/mod_djmegamenu/assets/css/offcanvas_right.min.css?4.4.1.pro HTTP/1.1" 200 11057 "https://region-saitov.ru/" "Mozilla/5.0 (Windows NT 10.0; Win64; x64) AppleWebKit/537.36 (KHTML, like Gecko) Chrome/146.0.0.0 Safari/537.36"
185.149.49.50 - - [14/Apr/2026:08:20:54 +0300] "GET /modules/mod_djmegamenu/mobilethemes/dark/djmobilemenu.css?4.4.1.pro HTTP/1.1" 200 12010 "https://region-saitov.ru/" "Mozilla/5.0 (Windows NT 10.0; Win64; x64) AppleWebKit/537.36 (KHTML, like Gecko) Chrome/146.0.0.0 Safari/537.36"
185.149.49.50 - - [14/Apr/2026:08:20:55 +0300] "GET /media/vendor/jquery/js/jquery.min.js?3.7.1 HTTP/1.1" 200 87533 "https://region-saitov.ru/" "Mozilla/5.0 (Windows NT 10.0; Win64; x64) AppleWebKit/537.36 (KHTML, like Gecko) Chrome/146.0.0.0 Safari/537.36"
185.149.49.50 - - [14/Apr/2026:08:20:55 +0300] "GET /media/legacy/js/jquery-noconflict.min.js?647005fc12b79b3ca2bb30c059899d5994e3e34d HTTP/1.1" 200 27 "https://region-saitov.ru/" "Mozilla/5.0 (Windows NT 10.0; Win64; x64) AppleWebKit/537.36 (KHTML, like Gecko) Chrome/146.0.0.0 Safari/537.36"
88.82.93.126 - - [14/Apr/2026:08:20:55 +0300] "GET /media/system/js/core.min.js?37ffe4186289eba9c5df81bea44080aff77b9684 HTTP/1.1" 200 7662 "https://region-saitov.ru/" "Mozilla/5.0 (Windows NT 10.0; Win64; x64) AppleWebKit/537.36 (KHTML, like Gecko) Chrome/146.0.0.0 Safari/537.36"
185.149.49.50 - - [14/Apr/2026:08:20:55 +0300] "GET /media/vendor/bootstrap/js/alert.min.js?5.3.2 HTTP/1.1" 200 987 "https://region-saitov.ru/" "Mozilla/5.0 (Windows NT 10.0; Win64; x64) AppleWebKit/537.36 (KHTML, like Gecko) Chrome/146.0.0.0 Safari/537.36"
185.149.49.50 - - [14/Apr/2026:08:20:55 +0300] "GET /media/vendor/bootstrap/js/button.min.js?5.3.2 HTTP/1.1" 200 787 "https://region-saitov.ru/" "Mozilla/5.0 (Windows NT 10.0; Win64; x64) AppleWebKit/537.36 (KHTML, like Gecko) Chrome/146.0.0.0 Safari/537.36"
185.149.49.50 - - [14/Apr/2026:08:20:55 +0300] "GET /media/vendor/bootstrap/js/carousel.min.js?5.3.2 HTTP/1.1" 200 5752 "https://region-saitov.ru/" "Mozilla/5.0 (Windows NT 10.0; Win64; x64) AppleWebKit/537.36 (KHTML, like Gecko) Chrome/146.0.0.0 Safari/537.36"
185.149.49.50 - - [14/Apr/2026:08:20:55 +0300] "GET /media/vendor/bootstrap/js/collapse.min.js?5.3.2 HTTP/1.1" 200 4047 "https://region-saitov.ru/" "Mozilla/5.0 (Windows NT 10.0; Win64; x64) AppleWebKit/537.36 (KHTML, like Gecko) Chrome/146.0.0.0 Safari/537.36"
185.149.49.50 - - [14/Apr/2026:08:20:55 +0300] "GET /media/vendor/bootstrap/js/dropdown.min.js?5.3.2 HTTP/1.1" 200 6220 "https://region-saitov.ru/" "Mozilla/5.0 (Windows NT 10.0; Win64; x64) AppleWebKit/537.36 (KHTML, like Gecko) Chrome/146.0.0.0 Safari/537.36"
88.82.93.126 - - [14/Apr/2026:08:20:55 +0300] "GET /media/vendor/bootstrap/js/modal.min.js?5.3.2 HTTP/1.1" 200 7145 "https://region-saitov.ru/" "Mozilla/5.0 (Windows NT 10.0; Win64; x64) AppleWebKit/537.36 (KHTML, like Gecko) Chrome/146.0.0.0 Safari/537.36"
185.149.49.50 - - [14/Apr/2026:08:20:55 +0300] "GET /media/vendor/bootstrap/js/offcanvas.min.js?5.3.2 HTTP/1.1" 200 3552 "https://region-saitov.ru/" "Mozilla/5.0 (Windows NT 10.0; Win64; x64) AppleWebKit/537.36 (KHTML, like Gecko) Chrome/146.0.0.0 Safari/537.36"
185.149.49.50 - - [14/Apr/2026:08:20:55 +0300] "GET /media/vendor/bootstrap/js/popover.min.js?5.3.2 HTTP/1.1" 200 11314 "https://region-saitov.ru/" "Mozilla/5.0 (Windows NT 10.0; Win64; x64) AppleWebKit/537.36 (KHTML, like Gecko) Chrome/146.0.0.0 Safari/537.36"
185.149.49.50 - - [14/Apr/2026:08:20:55 +0300] "GET /media/vendor/bootstrap/js/scrollspy.min.js?5.3.2 HTTP/1.1" 200 4096 "https://region-saitov.ru/" "Mozilla/5.0 (Windows NT 10.0; Win64; x64) AppleWebKit/537.36 (KHTML, like Gecko) Chrome/146.0.0.0 Safari/537.36"
88.82.93.126 - - [14/Apr/2026:08:20:55 +0300] "GET /media/vendor/bootstrap/js/tab.min.js?5.3.2 HTTP/1.1" 200 4965 "https://region-saitov.ru/" "Mozilla/5.0 (Windows NT 10.0; Win64; x64) AppleWebKit/537.36 (KHTML, like Gecko) Chrome/146.0.0.0 Safari/537.36"
88.82.93.126 - - [14/Apr/2026:08:20:55 +0300] "GET /media/vendor/bootstrap/js/toast.min.js?5.3.2 HTTP/1.1" 200 2789 "https://region-saitov.ru/" "Mozilla/5.0 (Windows NT 10.0; Win64; x64) AppleWebKit/537.36 (KHTML, like Gecko) Chrome/146.0.0.0 Safari/537.36"
185.149.49.50 - - [14/Apr/2026:08:20:55 +0300] "GET /media/system/js/showon.min.js?f79c256660e2c0ca2179cf7f3168ea8143e1af82 HTTP/1.1" 200 3553 "https://region-saitov.ru/" "Mozilla/5.0 (Windows NT 10.0; Win64; x64) AppleWebKit/537.36 (KHTML, like Gecko) Chrome/146.0.0.0 Safari/537.36"
185.149.49.50 - - [14/Apr/2026:08:20:55 +0300] "GET /media/system/js/messages.min.js?7f7aa28ac8e8d42145850e8b45b3bc82ff9a6411 HTTP/1.1" 200 5598 "https://region-saitov.ru/" "Mozilla/5.0 (Windows NT 10.0; Win64; x64) AppleWebKit/537.36 (KHTML, like Gecko) Chrome/146.0.0.0 Safari/537.36"
88.82.93.126 - - [14/Apr/2026:08:20:55 +0300] "GET /components/com_sppagebuilder/assets/js/common.js HTTP/1.1" 200 144 "https://region-saitov.ru/" "Mozilla/5.0 (Windows NT 10.0; Win64; x64) AppleWebKit/537.36 (KHTML, like Gecko) Chrome/146.0.0.0 Safari/537.36"
185.149.49.50 - - [14/Apr/2026:08:20:55 +0300] "GET /components/com_sppagebuilder/assets/js/jquery.parallax.js?0e2c506aa593d331478b48ba5314a03f HTTP/1.1" 200 898 "https://region-saitov.ru/" "Mozilla/5.0 (Windows NT 10.0; Win64; x64) AppleWebKit/537.36 (KHTML, like Gecko) Chrome/146.0.0.0 Safari/537.36"
185.149.49.50 - - [14/Apr/2026:08:20:55 +0300] "GET /components/com_sppagebuilder/assets/js/jquery.magnific-popup.min.js HTTP/1.1" 200 20321 "https://region-saitov.ru/" "Mozilla/5.0 (Windows NT 10.0; Win64; x64) AppleWebKit/537.36 (KHTML, like Gecko) Chrome/146.0.0.0 Safari/537.36"
88.82.93.126 - - [14/Apr/2026:08:20:55 +0300] "GET /components/com_sppagebuilder/assets/js/addons/text_block.js HTTP/1.1" 200 690 "https://region-saitov.ru/" "Mozilla/5.0 (Windows NT 10.0; Win64; x64) AppleWebKit/537.36 (KHTML, like Gecko) Chrome/146.0.0.0 Safari/537.36"
185.149.49.50 - - [14/Apr/2026:08:20:55 +0300] "GET /components/com_sppagebuilder/assets/js/addons/image.js HTTP/1.1" 200 2417 "https://region-saitov.ru/" "Mozilla/5.0 (Windows NT 10.0; Win64; x64) AppleWebKit/537.36 (KHTML, like Gecko) Chrome/146.0.0.0 Safari/537.36"
185.149.49.50 - - [14/Apr/2026:08:20:55 +0300] "GET /templates/shaper_helixultimate/js/main.js HTTP/1.1" 200 9807 "https://region-saitov.ru/" "Mozilla/5.0 (Windows NT 10.0; Win64; x64) AppleWebKit/537.36 (KHTML, like Gecko) Chrome/146.0.0.0 Safari/537.36"
185.149.49.50 - - [14/Apr/2026:08:20:55 +0300] "GET /media/vendor/bootstrap/js/dom.min.js?5.3.0 HTTP/1.1" 200 18838 "https://region-saitov.ru/media/vendor/bootstrap/js/alert.min.js?5.3.2" "Mozilla/5.0 (Windows NT 10.0; Win64; x64) AppleWebKit/537.36 (KHTML, like Gecko) Chrome/146.0.0.0 Safari/537.36"
185.149.49.50 - - [14/Apr/2026:08:20:55 +0300] "GET /plugins/system/spcookieconsent/assets/js/script.js HTTP/1.1" 200 663 "https://region-saitov.ru/" "Mozilla/5.0 (Windows NT 10.0; Win64; x64) AppleWebKit/537.36 (KHTML, like Gecko) Chrome/146.0.0.0 Safari/537.36"
185.149.49.50 - - [14/Apr/2026:08:20:55 +0300] "GET /images/2025/05/28/logo-rs.png HTTP/1.1" 200 13090 "https://region-saitov.ru/" "Mozilla/5.0 (Windows NT 10.0; Win64; x64) AppleWebKit/537.36 (KHTML, like Gecko) Chrome/146.0.0.0 Safari/537.36"
185.149.49.50 - - [14/Apr/2026:08:20:55 +0300] "GET /media/vendor/bootstrap/js/popper.min.js?5.3.0 HTTP/1.1" 200 20635 "https://region-saitov.ru/media/vendor/bootstrap/js/dropdown.min.js?5.3.2" "Mozilla/5.0 (Windows NT 10.0; Win64; x64) AppleWebKit/537.36 (KHTML, like Gecko) Chrome/146.0.0.0 Safari/537.36"
84.23.46.65 - - [14/Apr/2026:08:20:55 +0300] "GET /rs-grey.png HTTP/1.1" 200 2424 "https://www.xn--7-9sbeamc3b1argoh9m.xn--p1ai/" "Mozilla/5.0 (Linux; Android 10; K) AppleWebKit/537.36 (KHTML, like Gecko) Chrome/146.0.0.0 Mobile Safari/537.36"
185.149.49.50 - - [14/Apr/2026:08:20:56 +0300] "GET /images/2025/06/02/hochu-scenu.jpg HTTP/1.1" 200 112429 "https://region-saitov.ru/" "Mozilla/5.0 (Windows NT 10.0; Win64; x64) AppleWebKit/537.36 (KHTML, like Gecko) Chrome/146.0.0.0 Safari/537.36"
185.149.49.50 - - [14/Apr/2026:08:20:56 +0300] "GET /images/2025/06/02/markains.jpg HTTP/1.1" 200 190180 "https://region-saitov.ru/" "Mozilla/5.0 (Windows NT 10.0; Win64; x64) AppleWebKit/537.36 (KHTML, like Gecko) Chrome/146.0.0.0 Safari/537.36"
185.149.49.50 - - [14/Apr/2026:08:20:56 +0300] "GET /components/com_sppagebuilder/assets/js/sppagebuilder.js?0e2c506aa593d331478b48ba5314a03f HTTP/1.1" 200 82144 "https://region-saitov.ru/" "Mozilla/5.0 (Windows NT 10.0; Win64; x64) AppleWebKit/537.36 (KHTML, like Gecko) Chrome/146.0.0.0 Safari/537.36"
185.149.49.50 - - [14/Apr/2026:08:20:56 +0300] "GET /modules/mod_djmegamenu/assets/js/jquery.djmegamenu.min.js?4.4.1.pro HTTP/1.1" 200 14294 "https://region-saitov.ru/" "Mozilla/5.0 (Windows NT 10.0; Win64; x64) AppleWebKit/537.36 (KHTML, like Gecko) Chrome/146.0.0.0 Safari/537.36"
185.149.49.50 - - [14/Apr/2026:08:20:56 +0300] "GET /images/2025/05/28/villa.jpg HTTP/1.1" 200 204670 "https://region-saitov.ru/" "Mozilla/5.0 (Windows NT 10.0; Win64; x64) AppleWebKit/537.36 (KHTML, like Gecko) Chrome/146.0.0.0 Safari/537.36"
185.149.49.50 - - [14/Apr/2026:08:20:57 +0300] "GET /images/2026/01/07/about-pic.jpg HTTP/1.1" 200 95684 "https://region-saitov.ru/" "Mozilla/5.0 (Windows NT 10.0; Win64; x64) AppleWebKit/537.36 (KHTML, like Gecko) Chrome/146.0.0.0 Safari/537.36"
185.149.49.50 - - [14/Apr/2026:08:20:57 +0300] "GET /modules/mod_djmegamenu/assets/js/jquery.djmobilemenu.min.js?4.4.1.pro HTTP/1.1" 200 9012 "https://region-saitov.ru/" "Mozilla/5.0 (Windows NT 10.0; Win64; x64) AppleWebKit/537.36 (KHTML, like Gecko) Chrome/146.0.0.0 Safari/537.36"
185.149.49.50 - - [14/Apr/2026:08:20:57 +0300] "GET /images/2026/01/07/headlines04_360_200423.jpg HTTP/1.1" 200 186117 "https://region-saitov.ru/" "Mozilla/5.0 (Windows NT 10.0; Win64; x64) AppleWebKit/537.36 (KHTML, like Gecko) Chrome/146.0.0.0 Safari/537.36"
185.149.49.50 - - [14/Apr/2026:08:20:57 +0300] "GET /modules/mod_mycityselector/tmpl/webpack/mcs-modal/dist/build.js HTTP/1.1" 200 237796 "https://region-saitov.ru/" "Mozilla/5.0 (Windows NT 10.0; Win64; x64) AppleWebKit/537.36 (KHTML, like Gecko) Chrome/146.0.0.0 Safari/537.36"
185.149.49.50 - - [14/Apr/2026:08:20:57 +0300] "GET /images/2025/06/02/tedostroy.jpg HTTP/1.1" 200 253339 "https://region-saitov.ru/" "Mozilla/5.0 (Windows NT 10.0; Win64; x64) AppleWebKit/537.36 (KHTML, like Gecko) Chrome/146.0.0.0 Safari/537.36"
185.149.49.50 - - [14/Apr/2026:08:20:58 +0300] "GET /images/2026/01/25/fon1.jpg HTTP/1.1" 200 128210 "https://region-saitov.ru/" "Mozilla/5.0 (Windows NT 10.0; Win64; x64) AppleWebKit/537.36 (KHTML, like Gecko) Chrome/146.0.0.0 Safari/537.36"
185.149.49.50 - - [14/Apr/2026:08:21:00 +0300] "GET /images/fav.png HTTP/1.1" 200 19976 "https://region-saitov.ru/" "Mozilla/5.0 (Windows NT 10.0; Win64; x64) AppleWebKit/537.36 (KHTML, like Gecko) Chrome/146.0.0.0 Safari/537.36"
185.149.49.50 - - [14/Apr/2026:08:21:00 +0300] "GET /images/2025/05/28/pics25_03.png HTTP/1.1" 200 10357 "https://region-saitov.ru/" "Mozilla/5.0 (Windows NT 10.0; Win64; x64) AppleWebKit/537.36 (KHTML, like Gecko) Chrome/146.0.0.0 Safari/537.36"
185.149.49.50 - - [14/Apr/2026:08:21:00 +0300] "GET /images/2025/05/28/pics25_05.png HTTP/1.1" 200 12456 "https://region-saitov.ru/" "Mozilla/5.0 (Windows NT 10.0; Win64; x64) AppleWebKit/537.36 (KHTML, like Gecko) Chrome/146.0.0.0 Safari/537.36"
185.149.49.50 - - [14/Apr/2026:08:21:00 +0300] "GET /images/2025/05/28/pics25_07.png HTTP/1.1" 200 13287 "https://region-saitov.ru/" "Mozilla/5.0 (Windows NT 10.0; Win64; x64) AppleWebKit/537.36 (KHTML, like Gecko) Chrome/146.0.0.0 Safari/537.36"
88.82.93.126 - - [14/Apr/2026:08:21:00 +0300] "GET /images/2025/05/28/up-right.png HTTP/1.1" 200 701 "https://region-saitov.ru/" "Mozilla/5.0 (Windows NT 10.0; Win64; x64) AppleWebKit/537.36 (KHTML, like Gecko) Chrome/146.0.0.0 Safari/537.36"
185.149.49.50 - - [14/Apr/2026:08:21:00 +0300] "GET /images/2025/12/05/ban-usl2.jpg HTTP/1.1" 200 40987 "https://region-saitov.ru/" "Mozilla/5.0 (Windows NT 10.0; Win64; x64) AppleWebKit/537.36 (KHTML, like Gecko) Chrome/146.0.0.0 Safari/537.36"
185.149.49.50 - - [14/Apr/2026:08:21:00 +0300] "GET /images/2025/12/05/ban-usl3.jpg HTTP/1.1" 200 81244 "https://region-saitov.ru/" "Mozilla/5.0 (Windows NT 10.0; Win64; x64) AppleWebKit/537.36 (KHTML, like Gecko) Chrome/146.0.0.0 Safari/537.36"
88.82.93.126 - - [14/Apr/2026:08:21:00 +0300] "GET /images/2025/12/05/ban-usl1.jpg HTTP/1.1" 200 73512 "https://region-saitov.ru/" "Mozilla/5.0 (Windows NT 10.0; Win64; x64) AppleWebKit/537.36 (KHTML, like Gecko) Chrome/146.0.0.0 Safari/537.36"
66.249.76.233 - - [14/Apr/2026:08:21:02 +0300] "GET /p/passa12101184?id=2117442 HTTP/1.0" 200 27320 "-" "Mozilla/5.0 (Linux; Android 6.0.1; Nexus 5X Build/MMB29P) AppleWebKit/537.36 (KHTML, like Gecko) Chrome/146.0.7680.177 Mobile Safari/537.36 (compatible; GoogleOther)"
92.242.60.14 - - [14/Apr/2026:08:21:17 +0300] "GET / HTTP/1.0" 200 273999 "-" "https://reg.ru monitoring abuse@reg.ru"
185.149.49.50 - - [14/Apr/2026:08:21:22 +0300] "GET /rs-white.png HTTP/1.1" 200 2176 "https://tedostroy.ru/" "Mozilla/5.0 (Windows NT 10.0; Win64; x64) AppleWebKit/537.36 (KHTML, like Gecko) Chrome/146.0.0.0 Safari/537.36"
74.7.227.38 - - [14/Apr/2026:08:21:29 +0300] "GET /p/culti51314244?id=1330502 HTTP/1.0" 404 2091 "https://region-saitov.ru/sitemapa.xml" "Mozilla/5.0 AppleWebKit/537.36 (KHTML, like Gecko; compatible; GPTBot/1.3; +https://openai.com/gptbot)"
62.106.76.36 - - [14/Apr/2026:08:21:38 +0300] "GET /rs-grey.png HTTP/1.1" 200 2424 "https://www.xn--7-9sbeamc3b1argoh9m.xn--p1ai/" "Mozilla/5.0 (Linux; Android 10; K) AppleWebKit/537.36 (KHTML, like Gecko) Chrome/146.0.0.0 Mobile Safari/537.36"
66.249.76.231 - - [14/Apr/2026:08:21:41 +0300] "GET /p/harsh82561983?id=2578241 HTTP/1.0" 200 25707 "-" "Mozilla/5.0 (Linux; Android 6.0.1; Nexus 5X Build/MMB29P) AppleWebKit/537.36 (KHTML, like Gecko) Chrome/146.0.7680.177 Mobile Safari/537.36 (compatible; Googlebot/2.1; +http://www.google.com/bot.html)"
89.111.141.101 - - [14/Apr/2026:08:21:48 +0300] "GET / HTTP/1.0" 200 273999 "-" "https://reg.ru monitoring abuse@reg.ru"
66.249.70.1 - - [14/Apr/2026:08:21:51 +0300] "GET /p/rumou51503748?id=1520006 HTTP/1.0" 200 25744 "-" "Mozilla/5.0 (Linux; Android 6.0.1; Nexus 5X Build/MMB29P) AppleWebKit/537.36 (KHTML, like Gecko) Chrome/146.0.7680.177 Mobile Safari/537.36 (compatible; GoogleOther)"
74.7.227.38 - - [14/Apr/2026:08:22:09 +0300] "GET /p/execu51818476?id=1834734 HTTP/1.0" 404 2091 "https://region-saitov.ru/sitemape.xml" "Mozilla/5.0 AppleWebKit/537.36 (KHTML, like Gecko; compatible; GPTBot/1.3; +https://openai.com/gptbot)"
74.7.227.38 - - [14/Apr/2026:08:22:51 +0300] "GET /p/enhan62166189?id=2182447 HTTP/1.0" 404 2188 "https://region-saitov.ru/sitemapa.xml" "Mozilla/5.0 AppleWebKit/537.36 (KHTML, like Gecko; compatible; GPTBot/1.3; +https://openai.com/gptbot)"
84.18.97.79 - - [14/Apr/2026:08:23:17 +0300] "GET /rs-blue.png HTTP/1.1" 200 2931 "https://xn--80aaacq1dwaeb.xn--p1ai/" "Mozilla/5.0 (Windows NT 10.0; Win64; x64; rv:149.0) Gecko/20100101 Firefox/149.0"
89.111.170.8 - - [14/Apr/2026:08:23:17 +0300] "GET / HTTP/1.0" 200 273999 "-" "https://reg.ru monitoring abuse@reg.ru"
176.59.105.29 - - [14/Apr/2026:08:23:23 +0300] "GET /rs-blue.png HTTP/1.1" 200 2931 "https://xn--80aaacq1dwaeb.xn--p1ai/" "Mozilla/5.0 (Linux; arm_64; Android 15; 25028RN03A) AppleWebKit/537.36 (KHTML, like Gecko) Chrome/144.0.7559.639 YaSearchBrowser/26.36.1 BroPP/1.0 YaSearchApp/26.36.1 webOmni Mobile Safari/537.36"
74.7.227.38 - - [14/Apr/2026:08:23:31 +0300] "GET /p/crude81058551?id=1074809 HTTP/1.0" 404 2091 "https://region-saitov.ru/sitemapa.xml" "Mozilla/5.0 AppleWebKit/537.36 (KHTML, like Gecko; compatible; GPTBot/1.3; +https://openai.com/gptbot)"
195.164.49.144 - - [14/Apr/2026:08:24:01 +0300] "GET / HTTP/1.0" 200 24118 "-" "Mozilla/5.0 (Linux; Android 10; K) AppleWebKit/537.36 (KHTML, like Gecko) Chrome/144.0.0.0 Mobile Safari/537.36"
74.7.227.38 - - [14/Apr/2026:08:24:13 +0300] "GET /p/waggo22447313?id=2463571 HTTP/1.0" 404 2091 "https://region-saitov.ru/sitemapa.xml" "Mozilla/5.0 AppleWebKit/537.36 (KHTML, like Gecko; compatible; GPTBot/1.3; +https://openai.com/gptbot)"
74.7.227.38 - - [14/Apr/2026:08:24:55 +0300] "GET /p/bridg52492572?id=2508830 HTTP/1.0" 404 2091 "https://region-saitov.ru/sitemapa.xml" "Mozilla/5.0 AppleWebKit/537.36 (KHTML, like Gecko; compatible; GPTBot/1.3; +https://openai.com/gptbot)"
178.168.205.7 - - [14/Apr/2026:08:25:20 +0300] "GET /rs-grey.png HTTP/1.1" 200 2424 "https://markains.ru/" "Mozilla/5.0 (Linux; Android 10; K) AppleWebKit/537.36 (KHTML, like Gecko) SamsungBrowser/29.0 Chrome/136.0.0.0 Mobile Safari/537.36"
74.7.227.38 - - [14/Apr/2026:08:25:38 +0300] "GET /p/aspec81959399?id=1975657 HTTP/1.0" 404 2091 "https://region-saitov.ru/sitemapa.xml" "Mozilla/5.0 AppleWebKit/537.36 (KHTML, like Gecko; compatible; GPTBot/1.3; +https://openai.com/gptbot)"
91.184.244.208 - - [14/Apr/2026:08:25:59 +0300] "GET /rs-white.png HTTP/1.1" 301 196 "-" "Mozilla/5.0(Linux;Tizen2.4;SAMSUNGSM-Z130H)AppleWebKit/537.3(KHTML,likeGecko)SamsungBrowser/1.1MobileSafari/537.3"
91.184.244.208 - - [14/Apr/2026:08:25:59 +0300] "GET /rs-white.png HTTP/1.1" 200 2176 "-" "Mozilla/5.0(Linux;Tizen2.4;SAMSUNGSM-Z130H)AppleWebKit/537.3(KHTML,likeGecko)SamsungBrowser/1.1MobileSafari/537.3"
66.249.76.231 - - [14/Apr/2026:08:25:56 +0300] "GET /p/endan72938262?id=2954520 HTTP/1.0" 200 27221 "-" "Mozilla/5.0 (Linux; Android 6.0.1; Nexus 5X Build/MMB29P) AppleWebKit/537.36 (KHTML, like Gecko) Chrome/146.0.7680.177 Mobile Safari/537.36 (compatible; Googlebot/2.1; +http://www.google.com/bot.html)"
94.154.35.236 - - [14/Apr/2026:08:26:02 +0300] "HEAD /forum.rar HTTP/1.1" 301 0 "-" "Mozilla/5.0 (Windows NT 10.0; Win64; x64) AppleWebKit/537.36 (KHTML, like Gecko) Chrome/101.0.4951.67 Safari/537.36"
94.154.35.236 - - [14/Apr/2026:08:26:03 +0300] "HEAD /forum.rar HTTP/1.0" 404 554 "-" "Mozilla/5.0 (Windows NT 10.0; Win64; x64) AppleWebKit/537.36 (KHTML, like Gecko) Chrome/101.0.4951.67 Safari/537.36"
216.244.66.242 - - [14/Apr/2026:08:26:07 +0300] "GET /portfolio?start=32 HTTP/1.0" 200 273274 "-" "Mozilla/5.0 (compatible; DotBot/1.2; +https://opensiteexplorer.org/dotbot; help@moz.com)"
74.7.227.38 - - [14/Apr/2026:08:26:20 +0300] "GET /p/paint52772076?id=2788334 HTTP/1.0" 404 2091 "https://region-saitov.ru/sitemape.xml" "Mozilla/5.0 AppleWebKit/537.36 (KHTML, like Gecko; compatible; GPTBot/1.3; +https://openai.com/gptbot)"
92.242.60.14 - - [14/Apr/2026:08:26:26 +0300] "GET / HTTP/1.0" 200 273999 "-" "https://reg.ru monitoring abuse@reg.ru"
185.149.49.50 - - [14/Apr/2026:08:26:45 +0300] "GET /portfolio HTTP/1.0" 200 24379 "https://region-saitov.ru/" "Mozilla/5.0 (Windows NT 10.0; Win64; x64) AppleWebKit/537.36 (KHTML, like Gecko) Chrome/146.0.0.0 Safari/537.36"
185.149.49.50 - - [14/Apr/2026:08:26:49 +0300] "GET /portfolio HTTP/1.0" 200 24379 "https://region-saitov.ru/" "Mozilla/5.0 (Windows NT 10.0; Win64; x64) AppleWebKit/537.36 (KHTML, like Gecko) Chrome/146.0.0.0 Safari/537.36"
185.149.49.50 - - [14/Apr/2026:08:26:51 +0300] "GET /images/2025/06/02/sardar25.jpg HTTP/1.1" 200 108007 "https://region-saitov.ru/portfolio" "Mozilla/5.0 (Windows NT 10.0; Win64; x64) AppleWebKit/537.36 (KHTML, like Gecko) Chrome/146.0.0.0 Safari/537.36"
185.149.49.50 - - [14/Apr/2026:08:26:51 +0300] "GET /images/2025/06/02/dss25.jpg HTTP/1.1" 200 125850 "https://region-saitov.ru/portfolio" "Mozilla/5.0 (Windows NT 10.0; Win64; x64) AppleWebKit/537.36 (KHTML, like Gecko) Chrome/146.0.0.0 Safari/537.36"
185.149.49.50 - - [14/Apr/2026:08:26:51 +0300] "GET /images/2025/06/02/katmysh.jpg HTTP/1.1" 200 275287 "https://region-saitov.ru/portfolio" "Mozilla/5.0 (Windows NT 10.0; Win64; x64) AppleWebKit/537.36 (KHTML, like Gecko) Chrome/146.0.0.0 Safari/537.36"
185.149.49.50 - - [14/Apr/2026:08:26:51 +0300] "GET /images/2025/06/02/tattoo.jpg HTTP/1.1" 200 149063 "https://region-saitov.ru/portfolio" "Mozilla/5.0 (Windows NT 10.0; Win64; x64) AppleWebKit/537.36 (KHTML, like Gecko) Chrome/146.0.0.0 Safari/537.36"
185.149.49.50 - - [14/Apr/2026:08:26:51 +0300] "GET /images/2025/06/02/mramoria.jpg HTTP/1.1" 200 216418 "https://region-saitov.ru/portfolio" "Mozilla/5.0 (Windows NT 10.0; Win64; x64) AppleWebKit/537.36 (KHTML, like Gecko) Chrome/146.0.0.0 Safari/537.36"
185.149.49.50 - - [14/Apr/2026:08:26:51 +0300] "GET /images/2025/06/02/flebo.jpg HTTP/1.1" 200 122673 "https://region-saitov.ru/portfolio" "Mozilla/5.0 (Windows NT 10.0; Win64; x64) AppleWebKit/537.36 (KHTML, like Gecko) Chrome/146.0.0.0 Safari/537.36"
185.149.49.50 - - [14/Apr/2026:08:26:52 +0300] "GET /images/2025/06/02/derevyashka.jpg HTTP/1.1" 200 247357 "https://region-saitov.ru/portfolio" "Mozilla/5.0 (Windows NT 10.0; Win64; x64) AppleWebKit/537.36 (KHTML, like Gecko) Chrome/146.0.0.0 Safari/537.36"
185.149.49.50 - - [14/Apr/2026:08:26:52 +0300] "GET /images/2025/06/02/kardo.jpg HTTP/1.1" 200 182525 "https://region-saitov.ru/portfolio" "Mozilla/5.0 (Windows NT 10.0; Win64; x64) AppleWebKit/537.36 (KHTML, like Gecko) Chrome/146.0.0.0 Safari/537.36"
185.149.49.50 - - [14/Apr/2026:08:26:52 +0300] "GET /images/2025/06/02/devistom.jpg HTTP/1.1" 200 109921 "https://region-saitov.ru/portfolio" "Mozilla/5.0 (Windows NT 10.0; Win64; x64) AppleWebKit/537.36 (KHTML, like Gecko) Chrome/146.0.0.0 Safari/537.36"
185.149.49.50 - - [14/Apr/2026:08:26:52 +0300] "GET /images/2025/06/02/tedocolor.jpg HTTP/1.1" 200 228510 "https://region-saitov.ru/portfolio" "Mozilla/5.0 (Windows NT 10.0; Win64; x64) AppleWebKit/537.36 (KHTML, like Gecko) Chrome/146.0.0.0 Safari/537.36"
185.149.49.50 - - [14/Apr/2026:08:26:52 +0300] "GET /images/2025/06/02/dks-riat-tp.jpg HTTP/1.1" 200 214391 "https://region-saitov.ru/portfolio" "Mozilla/5.0 (Windows NT 10.0; Win64; x64) AppleWebKit/537.36 (KHTML, like Gecko) Chrome/146.0.0.0 Safari/537.36"
185.149.49.50 - - [14/Apr/2026:08:26:52 +0300] "GET /images/2025/06/02/dks-riat-skorlupy.jpg HTTP/1.1" 200 236915 "https://region-saitov.ru/portfolio" "Mozilla/5.0 (Windows NT 10.0; Win64; x64) AppleWebKit/537.36 (KHTML, like Gecko) Chrome/146.0.0.0 Safari/537.36"
185.149.49.50 - - [14/Apr/2026:08:26:52 +0300] "GET /images/2025/06/02/dosaaf-tetushi.jpg HTTP/1.1" 200 207065 "https://region-saitov.ru/portfolio" "Mozilla/5.0 (Windows NT 10.0; Win64; x64) AppleWebKit/537.36 (KHTML, like Gecko) Chrome/146.0.0.0 Safari/537.36"
185.149.49.50 - - [14/Apr/2026:08:26:52 +0300] "GET /images/2025/06/02/color-tat.jpg HTTP/1.1" 200 273842 "https://region-saitov.ru/portfolio" "Mozilla/5.0 (Windows NT 10.0; Win64; x64) AppleWebKit/537.36 (KHTML, like Gecko) Chrome/146.0.0.0 Safari/537.36"
185.149.49.50 - - [14/Apr/2026:08:26:52 +0300] "GET /images/2025/06/02/germetikprof.jpg HTTP/1.1" 200 290718 "https://region-saitov.ru/portfolio" "Mozilla/5.0 (Windows NT 10.0; Win64; x64) AppleWebKit/537.36 (KHTML, like Gecko) Chrome/146.0.0.0 Safari/537.36"
185.149.49.50 - - [14/Apr/2026:08:26:52 +0300] "GET /images/2025/06/02/sk-domcomfort.jpg HTTP/1.1" 200 303522 "https://region-saitov.ru/portfolio" "Mozilla/5.0 (Windows NT 10.0; Win64; x64) AppleWebKit/537.36 (KHTML, like Gecko) Chrome/146.0.0.0 Safari/537.36"
89.111.141.101 - - [14/Apr/2026:08:26:51 +0300] "GET / HTTP/1.0" 200 273999 "-" "https://reg.ru monitoring abuse@reg.ru"
185.149.49.50 - - [14/Apr/2026:08:26:52 +0300] "GET /images/2025/06/02/germetik-srub.jpg HTTP/1.1" 200 321400 "https://region-saitov.ru/portfolio" "Mozilla/5.0 (Windows NT 10.0; Win64; x64) AppleWebKit/537.36 (KHTML, like Gecko) Chrome/146.0.0.0 Safari/537.36"
185.149.49.50 - - [14/Apr/2026:08:26:52 +0300] "GET /images/2025/06/02/sk-domcomfort2.jpg HTTP/1.1" 200 166325 "https://region-saitov.ru/portfolio" "Mozilla/5.0 (Windows NT 10.0; Win64; x64) AppleWebKit/537.36 (KHTML, like Gecko) Chrome/146.0.0.0 Safari/537.36"
185.149.49.50 - - [14/Apr/2026:08:26:53 +0300] "GET /images/2025/06/02/vekanch.jpg HTTP/1.1" 200 176143 "https://region-saitov.ru/portfolio" "Mozilla/5.0 (Windows NT 10.0; Win64; x64) AppleWebKit/537.36 (KHTML, like Gecko) Chrome/146.0.0.0 Safari/537.36"
185.149.49.50 - - [14/Apr/2026:08:26:53 +0300] "GET /images/2025/06/02/yalev.jpg HTTP/1.1" 200 86285 "https://region-saitov.ru/portfolio" "Mozilla/5.0 (Windows NT 10.0; Win64; x64) AppleWebKit/537.36 (KHTML, like Gecko) Chrome/146.0.0.0 Safari/537.36"
185.149.49.50 - - [14/Apr/2026:08:26:53 +0300] "GET /images/2025/06/02/sv.jpg HTTP/1.1" 200 122918 "https://region-saitov.ru/portfolio" "Mozilla/5.0 (Windows NT 10.0; Win64; x64) AppleWebKit/537.36 (KHTML, like Gecko) Chrome/146.0.0.0 Safari/537.36"
185.149.49.50 - - [14/Apr/2026:08:26:53 +0300] "GET /images/2025/06/02/mc-tabib.jpg HTTP/1.1" 200 133041 "https://region-saitov.ru/portfolio" "Mozilla/5.0 (Windows NT 10.0; Win64; x64) AppleWebKit/537.36 (KHTML, like Gecko) Chrome/146.0.0.0 Safari/537.36"
185.149.49.50 - - [14/Apr/2026:08:26:53 +0300] "GET /images/2025/06/02/hrprospekt.jpg HTTP/1.1" 200 178472 "https://region-saitov.ru/portfolio" "Mozilla/5.0 (Windows NT 10.0; Win64; x64) AppleWebKit/537.36 (KHTML, like Gecko) Chrome/146.0.0.0 Safari/537.36"
185.149.49.50 - - [14/Apr/2026:08:26:53 +0300] "GET /images/2025/06/02/tenzo.jpg HTTP/1.1" 200 194371 "https://region-saitov.ru/portfolio" "Mozilla/5.0 (Windows NT 10.0; Win64; x64) AppleWebKit/537.36 (KHTML, like Gecko) Chrome/146.0.0.0 Safari/537.36"
185.149.49.50 - - [14/Apr/2026:08:26:53 +0300] "GET /images/2025/06/02/robukazan.ru.jpg HTTP/1.1" 200 178940 "https://region-saitov.ru/portfolio" "Mozilla/5.0 (Windows NT 10.0; Win64; x64) AppleWebKit/537.36 (KHTML, like Gecko) Chrome/146.0.0.0 Safari/537.36"
185.149.49.50 - - [14/Apr/2026:08:26:53 +0300] "GET /images/2025/06/02/gefest.jpg HTTP/1.1" 200 220551 "https://region-saitov.ru/portfolio" "Mozilla/5.0 (Windows NT 10.0; Win64; x64) AppleWebKit/537.36 (KHTML, like Gecko) Chrome/146.0.0.0 Safari/537.36"
185.149.49.50 - - [14/Apr/2026:08:26:53 +0300] "GET /images/2025/06/02/bazasetok.jpg HTTP/1.1" 200 265765 "https://region-saitov.ru/portfolio" "Mozilla/5.0 (Windows NT 10.0; Win64; x64) AppleWebKit/537.36 (KHTML, like Gecko) Chrome/146.0.0.0 Safari/537.36"
185.149.49.50 - - [14/Apr/2026:08:26:53 +0300] "GET /images/2025/06/02/doctorofis.jpg HTTP/1.1" 200 158941 "https://region-saitov.ru/portfolio" "Mozilla/5.0 (Windows NT 10.0; Win64; x64) AppleWebKit/537.36 (KHTML, like Gecko) Chrome/146.0.0.0 Safari/537.36"
185.149.49.50 - - [14/Apr/2026:08:26:53 +0300] "GET /images/2025/06/02/tatobsada.jpg HTTP/1.1" 200 148270 "https://region-saitov.ru/portfolio" "Mozilla/5.0 (Windows NT 10.0; Win64; x64) AppleWebKit/537.36 (KHTML, like Gecko) Chrome/146.0.0.0 Safari/537.36"
185.149.49.50 - - [14/Apr/2026:08:26:53 +0300] "GET /images/2025/06/02/tatbeton.jpg HTTP/1.1" 200 174835 "https://region-saitov.ru/portfolio" "Mozilla/5.0 (Windows NT 10.0; Win64; x64) AppleWebKit/537.36 (KHTML, like Gecko) Chrome/146.0.0.0 Safari/537.36"
185.149.49.50 - - [14/Apr/2026:08:26:53 +0300] "GET /images/2025/06/02/eco-lab.jpg HTTP/1.1" 200 193965 "https://region-saitov.ru/portfolio" "Mozilla/5.0 (Windows NT 10.0; Win64; x64) AppleWebKit/537.36 (KHTML, like Gecko) Chrome/146.0.0.0 Safari/537.36"
185.149.49.50 - - [14/Apr/2026:08:26:54 +0300] "GET /images/2025/06/02/kran-balka.jpg HTTP/1.1" 200 197675 "https://region-saitov.ru/portfolio" "Mozilla/5.0 (Windows NT 10.0; Win64; x64) AppleWebKit/537.36 (KHTML, like Gecko) Chrome/146.0.0.0 Safari/537.36"
185.149.49.50 - - [14/Apr/2026:08:26:54 +0300] "GET /images/2025/06/02/16es.jpg HTTP/1.1" 200 192356 "https://region-saitov.ru/portfolio" "Mozilla/5.0 (Windows NT 10.0; Win64; x64) AppleWebKit/537.36 (KHTML, like Gecko) Chrome/146.0.0.0 Safari/537.36"
185.149.49.50 - - [14/Apr/2026:08:26:54 +0300] "GET /images/2025/06/02/mishka-gastrobar.jpg HTTP/1.1" 200 364018 "https://region-saitov.ru/portfolio" "Mozilla/5.0 (Windows NT 10.0; Win64; x64) AppleWebKit/537.36 (KHTML, like Gecko) Chrome/146.0.0.0 Safari/537.36"
74.7.227.38 - - [14/Apr/2026:08:27:03 +0300] "GET /p/skill50996852?id=1013110 HTTP/1.0" 404 2091 "https://region-saitov.ru/sitemapa.xml" "Mozilla/5.0 AppleWebKit/537.36 (KHTML, like Gecko; compatible; GPTBot/1.3; +https://openai.com/gptbot)"
185.149.49.50 - - [14/Apr/2026:08:27:11 +0300] "GET /rs-grey.png HTTP/1.1" 200 2424 "https://xn----7sb3aci0akl6b3af.xn--p1ai/" "Mozilla/5.0 (Windows NT 10.0; Win64; x64) AppleWebKit/537.36 (KHTML, like Gecko) Chrome/146.0.0.0 Safari/537.36"
185.149.49.50 - - [14/Apr/2026:08:27:25 +0300] "GET /rs-grey.png HTTP/1.1" 200 2424 "https://mramoria.com/" "Mozilla/5.0 (Windows NT 10.0; Win64; x64) AppleWebKit/537.36 (KHTML, like Gecko) Chrome/146.0.0.0 Safari/537.36"
74.7.227.38 - - [14/Apr/2026:08:27:45 +0300] "GET /p/impac31854450?id=1870708 HTTP/1.0" 404 2091 "https://region-saitov.ru/sitemapa.xml" "Mozilla/5.0 AppleWebKit/537.36 (KHTML, like Gecko; compatible; GPTBot/1.3; +https://openai.com/gptbot)"
51.68.111.213 - - [14/Apr/2026:08:28:12 +0300] "GET /robots.txt HTTP/1.0" 200 420 "-" "Mozilla/5.0 (compatible; MJ12bot/v2.0.5; http://mj12bot.com/)"
51.68.111.213 - - [14/Apr/2026:08:28:12 +0300] "GET / HTTP/1.0" 200 24118 "-" "Mozilla/5.0 (compatible; MJ12bot/v2.0.5; http://mj12bot.com/)"
74.7.227.38 - - [14/Apr/2026:08:28:28 +0300] "GET /p/creep22459065?id=2475323 HTTP/1.0" 404 2188 "https://region-saitov.ru/sitemapa.xml" "Mozilla/5.0 AppleWebKit/537.36 (KHTML, like Gecko; compatible; GPTBot/1.3; +https://openai.com/gptbot)"
89.111.170.8 - - [14/Apr/2026:08:28:40 +0300] "GET / HTTP/1.0" 200 273999 "-" "https://reg.ru monitoring abuse@reg.ru"
193.0.202.143 - - [14/Apr/2026:08:28:56 +0300] "GET /rs-grey.png HTTP/1.1" 200 2424 "http://cpo-dopusk.ru/" "Mozilla/5.0 (Macintosh; Intel Mac OS X 10_15_7) AppleWebKit/537.36 (KHTML, like Gecko) Chrome/138.0.0.0 Safari/537.36"
74.7.227.38 - - [14/Apr/2026:08:29:08 +0300] "GET /p/fract21731537?id=1747795 HTTP/1.0" 404 2091 "https://region-saitov.ru/sitemapa.xml" "Mozilla/5.0 AppleWebKit/537.36 (KHTML, like Gecko; compatible; GPTBot/1.3; +https://openai.com/gptbot)"
176.59.118.156 - - [14/Apr/2026:08:29:16 +0300] "GET /rs-white.png HTTP/1.1" 301 196 "http://eco-lab.ru/" "Mozilla/5.0 (Linux; Android 10; K) AppleWebKit/537.36 (KHTML, like Gecko) Chrome/146.0.0.0 Mobile Safari/537.36"
176.59.118.156 - - [14/Apr/2026:08:29:16 +0300] "GET /rs-white.png HTTP/1.1" 200 2176 "http://eco-lab.ru/" "Mozilla/5.0 (Linux; Android 10; K) AppleWebKit/537.36 (KHTML, like Gecko) Chrome/146.0.0.0 Mobile Safari/537.36"
74.7.227.38 - - [14/Apr/2026:08:29:51 +0300] "GET /p/inter61996293?id=2012551 HTTP/1.0" 404 2091 "https://region-saitov.ru/sitemapa.xml" "Mozilla/5.0 AppleWebKit/537.36 (KHTML, like Gecko; compatible; GPTBot/1.3; +https://openai.com/gptbot)"
178.207.250.174 - - [14/Apr/2026:08:30:00 +0300] "GET /cdh.mp4 HTTP/1.0" 206 1593480 "https://cdh-implant.ru/" "Mozilla/5.0 (Linux; Android 10; K) AppleWebKit/537.36 (KHTML, like Gecko) SamsungBrowser/29.0 Chrome/136.0.0.0 Mobile Safari/537.36"
66.249.70.2 - - [14/Apr/2026:08:30:11 +0300] "GET /p/brita72143238?id=2159496 HTTP/1.0" 200 25537 "-" "Mozilla/5.0 (Linux; Android 6.0.1; Nexus 5X Build/MMB29P) AppleWebKit/537.36 (KHTML, like Gecko) Chrome/146.0.7680.177 Mobile Safari/537.36 (compatible; Googlebot/2.1; +http://www.google.com/bot.html)"
43.159.152.4 - - [14/Apr/2026:08:30:22 +0300] "GET / HTTP/1.1" 301 196 "-" "Mozilla/5.0 (iPhone; CPU iPhone OS 13_2_3 like Mac OS X) AppleWebKit/605.1.15 (KHTML, like Gecko) Version/13.0.3 Mobile/15E148 Safari/604.1"
43.159.152.4 - - [14/Apr/2026:08:30:24 +0300] "GET / HTTP/1.0" 302 303 "http://www.region-saitov.ru" "Mozilla/5.0 (iPhone; CPU iPhone OS 13_2_3 like Mac OS X) AppleWebKit/605.1.15 (KHTML, like Gecko) Version/13.0.3 Mobile/15E148 Safari/604.1"
74.7.227.38 - - [14/Apr/2026:08:30:34 +0300] "GET /p/possi32864890?id=2881148 HTTP/1.0" 404 2091 "https://region-saitov.ru/sitemapa.xml" "Mozilla/5.0 AppleWebKit/537.36 (KHTML, like Gecko; compatible; GPTBot/1.3; +https://openai.com/gptbot)"
43.159.152.4 - - [14/Apr/2026:08:30:33 +0300] "GET / HTTP/1.0" 200 24118 "https://www.region-saitov.ru:443/" "Mozilla/5.0 (iPhone; CPU iPhone OS 13_2_3 like Mac OS X) AppleWebKit/605.1.15 (KHTML, like Gecko) Version/13.0.3 Mobile/15E148 Safari/604.1"
66.249.76.231 - - [14/Apr/2026:08:30:45 +0300] "GET /p/playg12461224?id=2477482 HTTP/1.0" 200 25616 "-" "Mozilla/5.0 (Linux; Android 6.0.1; Nexus 5X Build/MMB29P) AppleWebKit/537.36 (KHTML, like Gecko) Chrome/146.0.7680.177 Mobile Safari/537.36 (compatible; Googlebot/2.1; +http://www.google.com/bot.html)"
178.204.249.157 - - [14/Apr/2026:08:30:52 +0300] "GET /rs-blue.png HTTP/1.1" 200 2931 "https://xn--80aaacq1dwaeb.xn--p1ai/" "Mozilla/5.0 (Linux; arm_64; Android 15; TECNO LJ6) AppleWebKit/537.36 (KHTML, like Gecko) Chrome/144.0.7559.639 YaSearchBrowser/26.36.1 BroPP/1.0 YaSearchApp/26.36.1 webOmni Mobile Safari/537.36"
66.249.70.1 - - [14/Apr/2026:08:31:10 +0300] "GET /p/dude61695829?id=1712087 HTTP/1.0" 200 28308 "-" "Mozilla/5.0 (Linux; Android 6.0.1; Nexus 5X Build/MMB29P) AppleWebKit/537.36 (KHTML, like Gecko) Chrome/146.0.7680.177 Mobile Safari/537.36 (compatible; Googlebot/2.1; +http://www.google.com/bot.html)"
74.7.227.38 - - [14/Apr/2026:08:31:15 +0300] "GET /p/harmf11413864?id=1430122 HTTP/1.0" 404 2091 "https://region-saitov.ru/sitemape.xml" "Mozilla/5.0 AppleWebKit/537.36 (KHTML, like Gecko; compatible; GPTBot/1.3; +https://openai.com/gptbot)"
178.178.208.172 - - [14/Apr/2026:08:31:20 +0300] "GET /rs-white.png HTTP/1.1" 200 2176 "https://dks.riat.ru/" "Mozilla/5.0 (Linux; Android 10; K) AppleWebKit/537.36 (KHTML, like Gecko) Chrome/146.0.0.0 Mobile Safari/537.36"
92.242.60.14 - - [14/Apr/2026:08:31:33 +0300] "GET / HTTP/1.0" 200 273999 "-" "https://reg.ru monitoring abuse@reg.ru"
74.7.227.38 - - [14/Apr/2026:08:31:58 +0300] "GET /p/stamp41176019?id=1192277 HTTP/1.0" 404 2091 "https://region-saitov.ru/sitemape.xml" "Mozilla/5.0 AppleWebKit/537.36 (KHTML, like Gecko; compatible; GPTBot/1.3; +https://openai.com/gptbot)"
66.249.70.2 - - [14/Apr/2026:08:31:56 +0300] "GET /p/excur32595386?id=2611644 HTTP/1.0" 404 2188 "-" "Mozilla/5.0 (Linux; Android 6.0.1; Nexus 5X Build/MMB29P) AppleWebKit/537.36 (KHTML, like Gecko) Chrome/146.0.7680.177 Mobile Safari/537.36 (compatible; Googlebot/2.1; +http://www.google.com/bot.html)"
89.111.141.101 - - [14/Apr/2026:08:32:01 +0300] "GET / HTTP/1.0" 200 273999 "-" "https://reg.ru monitoring abuse@reg.ru"
74.7.227.38 - - [14/Apr/2026:08:32:40 +0300] "GET /p/ridge71955014?id=1971272 HTTP/1.0" 404 2091 "https://region-saitov.ru/sitemapa.xml" "Mozilla/5.0 AppleWebKit/537.36 (KHTML, like Gecko; compatible; GPTBot/1.3; +https://openai.com/gptbot)"
74.7.227.38 - - [14/Apr/2026:08:33:20 +0300] "GET /p/indus41825163?id=1841421 HTTP/1.0" 404 2091 "https://region-saitov.ru/sitemapa.xml" "Mozilla/5.0 AppleWebKit/537.36 (KHTML, like Gecko; compatible; GPTBot/1.3; +https://openai.com/gptbot)"
144.172.108.142 - - [14/Apr/2026:08:33:35 +0300] "HEAD /backup.zip HTTP/1.1" 301 0 "-" "python-requests/2.27.1"
144.172.108.142 - - [14/Apr/2026:08:33:36 +0300] "HEAD /backup.zip HTTP/1.0" 404 554 "-" "python-requests/2.27.1"
89.111.170.8 - - [14/Apr/2026:08:33:49 +0300] "GET / HTTP/1.0" 200 273999 "-" "https://reg.ru monitoring abuse@reg.ru"
74.7.227.38 - - [14/Apr/2026:08:34:03 +0300] "GET /p/kinde72903774?id=2920032 HTTP/1.0" 404 2188 "https://region-saitov.ru/sitemape.xml" "Mozilla/5.0 AppleWebKit/537.36 (KHTML, like Gecko; compatible; GPTBot/1.3; +https://openai.com/gptbot)"
176.52.79.124 - - [14/Apr/2026:08:34:29 +0300] "GET /cdh.mp4 HTTP/1.0" 206 10433685 "https://cdh-implant.ru/" "Mozilla/5.0 (Linux; Android 10; K) AppleWebKit/537.36 (KHTML, like Gecko) Chrome/145.0.0.0 Mobile Safari/537.36"
176.52.79.124 - - [14/Apr/2026:08:34:29 +0300] "GET /cdh.mp4 HTTP/1.0" 206 55839 "https://cdh-implant.ru/" "Mozilla/5.0 (Linux; Android 10; K) AppleWebKit/537.36 (KHTML, like Gecko) Chrome/145.0.0.0 Mobile Safari/537.36"
176.52.79.124 - - [14/Apr/2026:08:34:30 +0300] "GET /cdh.mp4 HTTP/1.0" 206 21611119 "https://cdh-implant.ru/" "Mozilla/5.0 (Linux; Android 10; K) AppleWebKit/537.36 (KHTML, like Gecko) Chrome/145.0.0.0 Mobile Safari/537.36"
91.184.244.208 - - [14/Apr/2026:08:34:34 +0300] "GET /rs-grey.png HTTP/1.1" 200 2424 "-" "Mozilla/5.0 (Linux; U; Android 4.1.2; zh-cn; HUAWEI MT1-U06 Build/HuaweiMT1-U06) AppleWebKit/534.30 (KHTML, like Gecko) Version/4.0 Mobile Safari/534.30 baiduboxapp/042_2.7.3_diordna_8021_027/IEWAUH_61_2.1.4_60U-1TM+IEWAUH/7300001a/91E050E40679F078E51FD06CD5BF0A43%7C544176010472968/1"
104.248.127.178 - - [14/Apr/2026:08:34:43 +0300] "GET /.git/config HTTP/1.1" 301 196 "-" "Mozilla/5.0 (X11; Linux x86_64) AppleWebKit/537.36 (KHTML, like Gecko) Chrome/81.0.4044.129 Safari/537.36"
74.7.227.38 - - [14/Apr/2026:08:34:43 +0300] "GET /p/usual11993072?id=2009330 HTTP/1.0" 404 2091 "https://region-saitov.ru/sitemape.xml" "Mozilla/5.0 AppleWebKit/537.36 (KHTML, like Gecko; compatible; GPTBot/1.3; +https://openai.com/gptbot)"
104.248.127.178 - - [14/Apr/2026:08:34:47 +0300] "GET /.git/config HTTP/1.0" 404 2188 "-" "Mozilla/5.0 (X11; Linux x86_64) AppleWebKit/537.36 (KHTML, like Gecko) Chrome/81.0.4044.129 Safari/537.36"
74.7.227.38 - - [14/Apr/2026:08:35:25 +0300] "GET /p/chris11008768?id=1025026 HTTP/1.0" 404 2091 "https://region-saitov.ru/sitemapa.xml" "Mozilla/5.0 AppleWebKit/537.36 (KHTML, like Gecko; compatible; GPTBot/1.3; +https://openai.com/gptbot)"
66.249.70.1 - - [14/Apr/2026:08:35:45 +0300] "GET /p/down62620789?id=2637047 HTTP/1.0" 200 26350 "-" "Mozilla/5.0 (Linux; Android 6.0.1; Nexus 5X Build/MMB29P) AppleWebKit/537.36 (KHTML, like Gecko) Chrome/146.0.7680.177 Mobile Safari/537.36 (compatible; Googlebot/2.1; +http://www.google.com/bot.html)"
216.73.216.172 - - [14/Apr/2026:08:35:50 +0300] "GET /p/comra60827517?id=843775 HTTP/1.0" 404 2188 "-" "Mozilla/5.0 AppleWebKit/537.36 (KHTML, like Gecko; compatible; ClaudeBot/1.0; +claudebot@anthropic.com)"
216.73.216.172 - - [14/Apr/2026:08:35:53 +0300] "GET /p/pro42733403?id=2749661 HTTP/1.0" 404 2091 "-" "Mozilla/5.0 AppleWebKit/537.36 (KHTML, like Gecko; compatible; ClaudeBot/1.0; +claudebot@anthropic.com)"
216.73.216.172 - - [14/Apr/2026:08:35:56 +0300] "GET /p/confo50242236?id=258494 HTTP/1.0" 404 2091 "-" "Mozilla/5.0 AppleWebKit/537.36 (KHTML, like Gecko; compatible; ClaudeBot/1.0; +claudebot@anthropic.com)"
216.73.216.172 - - [14/Apr/2026:08:35:59 +0300] "GET /p/span30731370?id=747628 HTTP/1.0" 404 2091 "-" "Mozilla/5.0 AppleWebKit/537.36 (KHTML, like Gecko; compatible; ClaudeBot/1.0; +claudebot@anthropic.com)"
66.249.76.232 - - [14/Apr/2026:08:35:57 +0300] "GET /p/those62536917?id=2553175 HTTP/1.0" 200 25308 "-" "Mozilla/5.0 (Linux; Android 6.0.1; Nexus 5X Build/MMB29P) AppleWebKit/537.36 (KHTML, like Gecko) Chrome/146.0.7680.177 Mobile Safari/537.36 (compatible; GoogleOther)"
216.73.216.172 - - [14/Apr/2026:08:36:02 +0300] "GET /p/cool82020231?id=2036489 HTTP/1.0" 404 2091 "-" "Mozilla/5.0 AppleWebKit/537.36 (KHTML, like Gecko; compatible; ClaudeBot/1.0; +claudebot@anthropic.com)"
216.73.216.172 - - [14/Apr/2026:08:36:05 +0300] "GET /p/envir61992341?id=2008599 HTTP/1.0" 404 2091 "-" "Mozilla/5.0 AppleWebKit/537.36 (KHTML, like Gecko; compatible; ClaudeBot/1.0; +claudebot@anthropic.com)"
74.7.227.38 - - [14/Apr/2026:08:36:07 +0300] "GET /p/aroun12009192?id=2025450 HTTP/1.0" 404 2091 "https://region-saitov.ru/sitemape.xml" "Mozilla/5.0 AppleWebKit/537.36 (KHTML, like Gecko; compatible; GPTBot/1.3; +https://openai.com/gptbot)"
216.73.216.172 - - [14/Apr/2026:08:36:08 +0300] "GET /p/sampl62931461?id=2947719 HTTP/1.0" 404 2091 "-" "Mozilla/5.0 AppleWebKit/537.36 (KHTML, like Gecko; compatible; ClaudeBot/1.0; +claudebot@anthropic.com)"
