216.73.216.172 - - [14/Apr/2026:10:34:55 +0300] "GET /p/asham30686210?id=702468 HTTP/1.0" 404 2091 "-" "Mozilla/5.0 AppleWebKit/537.36 (KHTML, like Gecko; compatible; ClaudeBot/1.0; +claudebot@anthropic.com)"
216.73.216.172 - - [14/Apr/2026:10:34:58 +0300] "GET /p/dung42547963?id=2564221 HTTP/1.0" 404 2091 "-" "Mozilla/5.0 AppleWebKit/537.36 (KHTML, like Gecko; compatible; ClaudeBot/1.0; +claudebot@anthropic.com)"
216.73.216.172 - - [14/Apr/2026:10:35:01 +0300] "GET /p/viole42107435?id=2123693 HTTP/1.0" 404 2091 "-" "Mozilla/5.0 AppleWebKit/537.36 (KHTML, like Gecko; compatible; ClaudeBot/1.0; +claudebot@anthropic.com)"
216.73.216.172 - - [14/Apr/2026:10:35:04 +0300] "GET /p/endle11014888?id=1031146 HTTP/1.0" 404 2091 "-" "Mozilla/5.0 AppleWebKit/537.36 (KHTML, like Gecko; compatible; ClaudeBot/1.0; +claudebot@anthropic.com)"
216.73.216.172 - - [14/Apr/2026:10:35:07 +0300] "GET /p/dike71203958?id=1220216 HTTP/1.0" 404 2091 "-" "Mozilla/5.0 AppleWebKit/537.36 (KHTML, like Gecko; compatible; ClaudeBot/1.0; +claudebot@anthropic.com)"
178.178.212.137 - - [14/Apr/2026:10:35:09 +0300] "GET /rs-blue.png HTTP/1.1" 200 2931 "https://xn--80aaacq1dwaeb.xn--p1ai/" "Mozilla/5.0 (Linux; arm_64; Android 15; CRT-NX1) AppleWebKit/537.36 (KHTML, like Gecko) Chrome/144.0.7559.793 YaApp_Android/26.32.1 YaSearchBrowser/26.32.1 BroPP/1.0 Mobile Safari/537.36"
216.73.216.172 - - [14/Apr/2026:10:35:10 +0300] "GET /p/eyesi70690846?id=707104 HTTP/1.0" 404 2091 "-" "Mozilla/5.0 AppleWebKit/537.36 (KHTML, like Gecko; compatible; ClaudeBot/1.0; +claudebot@anthropic.com)"
216.73.216.172 - - [14/Apr/2026:10:35:13 +0300] "GET /p/partn61385701?id=1401959 HTTP/1.0" 404 2091 "-" "Mozilla/5.0 AppleWebKit/537.36 (KHTML, like Gecko; compatible; ClaudeBot/1.0; +claudebot@anthropic.com)"
66.249.76.231 - - [14/Apr/2026:10:35:09 +0300] "GET /p/bloom10694664?id=710922 HTTP/1.0" 200 25418 "-" "Mozilla/5.0 (Linux; Android 6.0.1; Nexus 5X Build/MMB29P) AppleWebKit/537.36 (KHTML, like Gecko) Chrome/146.0.7680.177 Mobile Safari/537.36 (compatible; Googlebot/2.1; +http://www.google.com/bot.html)"
216.73.216.172 - - [14/Apr/2026:10:35:16 +0300] "GET /p/fund41465995?id=1482253 HTTP/1.0" 404 2091 "-" "Mozilla/5.0 AppleWebKit/537.36 (KHTML, like Gecko; compatible; ClaudeBot/1.0; +claudebot@anthropic.com)"
74.7.227.38 - - [14/Apr/2026:10:35:17 +0300] "GET /p/dot70639566?id=655824 HTTP/1.0" 404 2188 "https://region-saitov.ru/sitemape.xml" "Mozilla/5.0 AppleWebKit/537.36 (KHTML, like Gecko; compatible; GPTBot/1.3; +https://openai.com/gptbot)"
216.73.216.172 - - [14/Apr/2026:10:35:19 +0300] "GET /p/terri20693049?id=709307 HTTP/1.0" 404 2091 "-" "Mozilla/5.0 AppleWebKit/537.36 (KHTML, like Gecko; compatible; ClaudeBot/1.0; +claudebot@anthropic.com)"
216.73.216.172 - - [14/Apr/2026:10:35:22 +0300] "GET /p/subma32858770?id=2875028 HTTP/1.0" 404 2091 "-" "Mozilla/5.0 AppleWebKit/537.36 (KHTML, like Gecko; compatible; ClaudeBot/1.0; +claudebot@anthropic.com)"
216.73.216.172 - - [14/Apr/2026:10:35:25 +0300] "GET /p/fund41325995?id=1342253 HTTP/1.0" 404 2091 "-" "Mozilla/5.0 AppleWebKit/537.36 (KHTML, like Gecko; compatible; ClaudeBot/1.0; +claudebot@anthropic.com)"
216.73.216.172 - - [14/Apr/2026:10:35:28 +0300] "GET /p/trend82075207?id=2091465 HTTP/1.0" 404 2091 "-" "Mozilla/5.0 AppleWebKit/537.36 (KHTML, like Gecko; compatible; ClaudeBot/1.0; +claudebot@anthropic.com)"
216.73.216.172 - - [14/Apr/2026:10:35:31 +0300] "GET /p/naugh50571444?id=587702 HTTP/1.0" 404 2091 "-" "Mozilla/5.0 AppleWebKit/537.36 (KHTML, like Gecko; compatible; ClaudeBot/1.0; +claudebot@anthropic.com)"
66.249.70.2 - - [14/Apr/2026:10:35:30 +0300] "GET /p/piano20897297?id=913555 HTTP/1.0" 200 27243 "-" "Mozilla/5.0 (Linux; Android 6.0.1; Nexus 5X Build/MMB29P) AppleWebKit/537.36 (KHTML, like Gecko) Chrome/146.0.7680.177 Mobile Safari/537.36 (compatible; Googlebot/2.1; +http://www.google.com/bot.html)"
216.73.216.172 - - [14/Apr/2026:10:35:34 +0300] "GET /p/sew30487106?id=503364 HTTP/1.0" 404 2091 "-" "Mozilla/5.0 AppleWebKit/537.36 (KHTML, like Gecko; compatible; ClaudeBot/1.0; +claudebot@anthropic.com)"
216.73.216.172 - - [14/Apr/2026:10:35:37 +0300] "GET /p/germa31731226?id=1747484 HTTP/1.0" 404 2091 "-" "Mozilla/5.0 AppleWebKit/537.36 (KHTML, like Gecko; compatible; ClaudeBot/1.0; +claudebot@anthropic.com)"
216.73.216.172 - - [14/Apr/2026:10:35:40 +0300] "GET /p/crash73002014?id=3018272 HTTP/1.0" 404 2091 "-" "Mozilla/5.0 AppleWebKit/537.36 (KHTML, like Gecko; compatible; ClaudeBot/1.0; +claudebot@anthropic.com)"
216.73.216.172 - - [14/Apr/2026:10:35:47 +0300] "GET /p/solem22715105?id=2731363 HTTP/1.0" 404 2188 "-" "Mozilla/5.0 AppleWebKit/537.36 (KHTML, like Gecko; compatible; ClaudeBot/1.0; +claudebot@anthropic.com)"
66.249.70.1 - - [14/Apr/2026:10:35:45 +0300] "GET /p/ban20186209?id=202467 HTTP/1.0" 200 26051 "-" "Mozilla/5.0 (Linux; Android 6.0.1; Nexus 5X Build/MMB29P) AppleWebKit/537.36 (KHTML, like Gecko) Chrome/146.0.7680.177 Mobile Safari/537.36 (compatible; Googlebot/2.1; +http://www.google.com/bot.html)"
216.73.216.172 - - [14/Apr/2026:10:35:50 +0300] "GET /p/bus71036430?id=1052688 HTTP/1.0" 404 2091 "-" "Mozilla/5.0 AppleWebKit/537.36 (KHTML, like Gecko; compatible; ClaudeBot/1.0; +claudebot@anthropic.com)"
216.73.216.172 - - [14/Apr/2026:10:35:53 +0300] "GET /p/rathe82580199?id=2596457 HTTP/1.0" 404 2091 "-" "Mozilla/5.0 AppleWebKit/537.36 (KHTML, like Gecko; compatible; ClaudeBot/1.0; +claudebot@anthropic.com)"
216.73.216.172 - - [14/Apr/2026:10:35:56 +0300] "GET /p/sat51391940?id=1408198 HTTP/1.0" 404 2091 "-" "Mozilla/5.0 AppleWebKit/537.36 (KHTML, like Gecko; compatible; ClaudeBot/1.0; +claudebot@anthropic.com)"
178.207.184.34 - - [14/Apr/2026:10:35:58 +0300] "GET /rs-grey.png HTTP/1.1" 200 2424 "https://xn----7sb3aci0akl6b3af.xn--p1ai/" "Mozilla/5.0 (Linux; Android 10; K) AppleWebKit/537.36 (KHTML, like Gecko) Chrome/147.0.0.0 Mobile Safari/537.36"
74.7.227.38 - - [14/Apr/2026:10:35:58 +0300] "GET /p/sigh72727790?id=2744048 HTTP/1.0" 404 2091 "https://region-saitov.ru/sitemapa.xml" "Mozilla/5.0 AppleWebKit/537.36 (KHTML, like Gecko; compatible; GPTBot/1.3; +https://openai.com/gptbot)"
216.73.216.172 - - [14/Apr/2026:10:35:59 +0300] "GET /p/cashi82551775?id=2568033 HTTP/1.0" 404 2091 "-" "Mozilla/5.0 AppleWebKit/537.36 (KHTML, like Gecko; compatible; ClaudeBot/1.0; +claudebot@anthropic.com)"
216.73.216.172 - - [14/Apr/2026:10:36:02 +0300] "GET /p/resem21950401?id=1966659 HTTP/1.0" 404 2091 "-" "Mozilla/5.0 AppleWebKit/537.36 (KHTML, like Gecko; compatible; ClaudeBot/1.0; +claudebot@anthropic.com)"
216.73.216.172 - - [14/Apr/2026:10:36:05 +0300] "GET /p/freed71394638?id=1410896 HTTP/1.0" 404 2091 "-" "Mozilla/5.0 AppleWebKit/537.36 (KHTML, like Gecko; compatible; ClaudeBot/1.0; +claudebot@anthropic.com)"
176.15.245.200 - - [14/Apr/2026:10:36:08 +0300] "GET /rs-blue.png HTTP/1.1" 200 2931 "https://xn----7sbkbf1bmuairr.xn--p1ai/" "Mozilla/5.0 (iPhone; CPU iPhone OS 18_7 like Mac OS X) AppleWebKit/605.1.15 (KHTML, like Gecko) Version/26.1 Mobile/15E148 Safari/604.1"
216.73.216.172 - - [14/Apr/2026:10:36:08 +0300] "GET /p/lose70781534?id=797792 HTTP/1.0" 404 2091 "-" "Mozilla/5.0 AppleWebKit/537.36 (KHTML, like Gecko; compatible; ClaudeBot/1.0; +claudebot@anthropic.com)"
66.249.70.3 - - [14/Apr/2026:10:36:05 +0300] "GET /p/pen70372398?id=388656 HTTP/1.0" 200 25621 "-" "Mozilla/5.0 (Linux; Android 6.0.1; Nexus 5X Build/MMB29P) AppleWebKit/537.36 (KHTML, like Gecko) Chrome/146.0.7680.177 Mobile Safari/537.36 (compatible; Googlebot/2.1; +http://www.google.com/bot.html)"
216.73.216.172 - - [14/Apr/2026:10:36:11 +0300] "GET /p/heter30855690?id=871948 HTTP/1.0" 404 2091 "-" "Mozilla/5.0 AppleWebKit/537.36 (KHTML, like Gecko; compatible; ClaudeBot/1.0; +claudebot@anthropic.com)"
109.74.141.202 - - [14/Apr/2026:10:36:13 +0300] "GET /rs-blue.png HTTP/1.1" 200 2931 "https://kardogroup.ru/" "Mozilla/5.0 (Windows NT 10.0; Win64; x64) AppleWebKit/537.36 (KHTML, like Gecko) Chrome/147.0.0.0 Safari/537.36"
216.73.216.172 - - [14/Apr/2026:10:36:14 +0300] "GET /p/excla12127088?id=2143346 HTTP/1.0" 404 2091 "-" "Mozilla/5.0 AppleWebKit/537.36 (KHTML, like Gecko; compatible; ClaudeBot/1.0; +claudebot@anthropic.com)"
216.73.216.172 - - [14/Apr/2026:10:36:17 +0300] "GET /p/inwar80302615?id=318873 HTTP/1.0" 404 2091 "-" "Mozilla/5.0 AppleWebKit/537.36 (KHTML, like Gecko; compatible; ClaudeBot/1.0; +claudebot@anthropic.com)"
216.73.216.172 - - [14/Apr/2026:10:36:20 +0300] "GET /p/exclu82270167?id=2286425 HTTP/1.0" 404 2091 "-" "Mozilla/5.0 AppleWebKit/537.36 (KHTML, like Gecko; compatible; ClaudeBot/1.0; +claudebot@anthropic.com)"
66.249.70.2 - - [14/Apr/2026:10:36:15 +0300] "GET /p/solic11223680?id=1239938 HTTP/1.0" 200 25925 "-" "Mozilla/5.0 (Linux; Android 6.0.1; Nexus 5X Build/MMB29P) AppleWebKit/537.36 (KHTML, like Gecko) Chrome/146.0.7680.177 Mobile Safari/537.36 (compatible; GoogleOther)"
216.73.216.172 - - [14/Apr/2026:10:36:23 +0300] "GET /p/fount51071292?id=1087550 HTTP/1.0" 404 2091 "-" "Mozilla/5.0 AppleWebKit/537.36 (KHTML, like Gecko; compatible; ClaudeBot/1.0; +claudebot@anthropic.com)"
216.73.216.172 - - [14/Apr/2026:10:36:26 +0300] "GET /p/easyg30042186?id=58444 HTTP/1.0" 404 2091 "-" "Mozilla/5.0 AppleWebKit/537.36 (KHTML, like Gecko; compatible; ClaudeBot/1.0; +claudebot@anthropic.com)"
66.249.70.1 - - [14/Apr/2026:10:36:24 +0300] "GET /p/propo51382364?id=1398622 HTTP/1.0" 200 27043 "-" "Mozilla/5.0 (Linux; Android 6.0.1; Nexus 5X Build/MMB29P) AppleWebKit/537.36 (KHTML, like Gecko) Chrome/146.0.7680.177 Mobile Safari/537.36 (compatible; Googlebot/2.1; +http://www.google.com/bot.html)"
216.73.216.172 - - [14/Apr/2026:10:36:29 +0300] "GET /p/bosom62587421?id=2603679 HTTP/1.0" 404 2091 "-" "Mozilla/5.0 AppleWebKit/537.36 (KHTML, like Gecko; compatible; ClaudeBot/1.0; +claudebot@anthropic.com)"
185.149.50.30 - - [14/Apr/2026:10:36:30 +0300] "GET /rs-blue.png HTTP/1.1" 200 2931 "https://kardogroup.ru/" "Mozilla/5.0 (Windows NT 10.0; Win64; x64) AppleWebKit/537.36 (KHTML, like Gecko) Chrome/144.0.0.0 YaBrowser/26.3.0.0 Safari/537.36"
216.73.216.172 - - [14/Apr/2026:10:36:32 +0300] "GET /p/ask82533039?id=2549297 HTTP/1.0" 404 2091 "-" "Mozilla/5.0 AppleWebKit/537.36 (KHTML, like Gecko; compatible; ClaudeBot/1.0; +claudebot@anthropic.com)"
216.73.216.172 - - [14/Apr/2026:10:36:35 +0300] "GET /p/immob10453992?id=470250 HTTP/1.0" 404 2091 "-" "Mozilla/5.0 AppleWebKit/537.36 (KHTML, like Gecko; compatible; ClaudeBot/1.0; +claudebot@anthropic.com)"
89.111.170.8 - - [14/Apr/2026:10:36:32 +0300] "GET / HTTP/1.0" 200 273999 "-" "https://reg.ru monitoring abuse@reg.ru"
216.73.216.172 - - [14/Apr/2026:10:36:38 +0300] "GET /p/distr51801404?id=1817662 HTTP/1.0" 404 2091 "-" "Mozilla/5.0 AppleWebKit/537.36 (KHTML, like Gecko; compatible; ClaudeBot/1.0; +claudebot@anthropic.com)"
74.7.227.38 - - [14/Apr/2026:10:36:40 +0300] "GET /p/joke72528022?id=2544280 HTTP/1.0" 404 2091 "https://region-saitov.ru/sitemapa.xml" "Mozilla/5.0 AppleWebKit/537.36 (KHTML, like Gecko; compatible; GPTBot/1.3; +https://openai.com/gptbot)"
216.73.216.172 - - [14/Apr/2026:10:36:41 +0300] "GET /p/eve10311176?id=327434 HTTP/1.0" 404 2091 "-" "Mozilla/5.0 AppleWebKit/537.36 (KHTML, like Gecko; compatible; ClaudeBot/1.0; +claudebot@anthropic.com)"
216.73.216.172 - - [14/Apr/2026:10:36:45 +0300] "GET /p/insur12362616?id=2378874 HTTP/1.0" 404 2188 "-" "Mozilla/5.0 AppleWebKit/537.36 (KHTML, like Gecko; compatible; ClaudeBot/1.0; +claudebot@anthropic.com)"
66.249.70.1 - - [14/Apr/2026:10:36:44 +0300] "GET /p/down61732789?id=1749047 HTTP/1.0" 200 26037 "-" "Mozilla/5.0 (Linux; Android 6.0.1; Nexus 5X Build/MMB29P) AppleWebKit/537.36 (KHTML, like Gecko) Chrome/146.0.7680.177 Mobile Safari/537.36 (compatible; Googlebot/2.1; +http://www.google.com/bot.html)"
62.113.113.43 - - [14/Apr/2026:10:36:46 +0300] "GET / HTTP/1.0" 200 24119 "-" "Mozilla/5.0(WindowsNT6.0)AppleWebKit/537.36(KHTML,likeGecko)Chrome/29.0.1547.76Safari/537.36"
62.113.113.43 - - [14/Apr/2026:10:36:49 +0300] "GET / HTTP/1.1" 301 196 "-" "Mozilla/5.0(WindowsNT6.0)AppleWebKit/537.36(KHTML,likeGecko)Chrome/29.0.1547.76Safari/537.36"
66.249.70.1 - - [14/Apr/2026:10:36:46 +0300] "GET /p/actre61462773?id=1479031 HTTP/1.0" 200 28129 "-" "Mozilla/5.0 (Linux; Android 6.0.1; Nexus 5X Build/MMB29P) AppleWebKit/537.36 (KHTML, like Gecko) Chrome/146.0.7680.177 Mobile Safari/537.36 (compatible; GoogleOther)"
216.73.216.172 - - [14/Apr/2026:10:36:50 +0300] "GET /p/healt21100033?id=1116291 HTTP/1.0" 404 2188 "-" "Mozilla/5.0 AppleWebKit/537.36 (KHTML, like Gecko; compatible; ClaudeBot/1.0; +claudebot@anthropic.com)"
62.113.113.43 - - [14/Apr/2026:10:36:49 +0300] "GET / HTTP/1.0" 200 24022 "-" "Mozilla/5.0(WindowsNT6.0)AppleWebKit/537.36(KHTML,likeGecko)Chrome/29.0.1547.76Safari/537.36"
216.73.216.172 - - [14/Apr/2026:10:36:53 +0300] "GET /p/anxio52101644?id=2117902 HTTP/1.0" 404 2091 "-" "Mozilla/5.0 AppleWebKit/537.36 (KHTML, like Gecko; compatible; ClaudeBot/1.0; +claudebot@anthropic.com)"
216.73.216.172 - - [14/Apr/2026:10:36:56 +0300] "GET /p/japan42584491?id=2600749 HTTP/1.0" 404 2091 "-" "Mozilla/5.0 AppleWebKit/537.36 (KHTML, like Gecko; compatible; ClaudeBot/1.0; +claudebot@anthropic.com)"
216.73.216.172 - - [14/Apr/2026:10:36:59 +0300] "GET /p/alway62364197?id=2380455 HTTP/1.0" 404 2091 "-" "Mozilla/5.0 AppleWebKit/537.36 (KHTML, like Gecko; compatible; ClaudeBot/1.0; +claudebot@anthropic.com)"
216.73.216.172 - - [14/Apr/2026:10:37:02 +0300] "GET /p/herse82636703?id=2652961 HTTP/1.0" 404 2091 "-" "Mozilla/5.0 AppleWebKit/537.36 (KHTML, like Gecko; compatible; ClaudeBot/1.0; +claudebot@anthropic.com)"
216.73.216.172 - - [14/Apr/2026:10:37:05 +0300] "GET /p/clay51459172?id=1475430 HTTP/1.0" 404 2091 "-" "Mozilla/5.0 AppleWebKit/537.36 (KHTML, like Gecko; compatible; ClaudeBot/1.0; +claudebot@anthropic.com)"
216.73.216.172 - - [14/Apr/2026:10:37:08 +0300] "GET /p/umbre80672271?id=688529 HTTP/1.0" 404 2091 "-" "Mozilla/5.0 AppleWebKit/537.36 (KHTML, like Gecko; compatible; ClaudeBot/1.0; +claudebot@anthropic.com)"
66.249.76.231 - - [14/Apr/2026:10:37:06 +0300] "GET /p/pitch70894910?id=911168 HTTP/1.0" 200 26982 "-" "Mozilla/5.0 (Linux; Android 6.0.1; Nexus 5X Build/MMB29P) AppleWebKit/537.36 (KHTML, like Gecko) Chrome/146.0.7680.177 Mobile Safari/537.36 (compatible; Googlebot/2.1; +http://www.google.com/bot.html)"
216.73.216.172 - - [14/Apr/2026:10:37:11 +0300] "GET /p/immen71722926?id=1739184 HTTP/1.0" 404 2091 "-" "Mozilla/5.0 AppleWebKit/537.36 (KHTML, like Gecko; compatible; ClaudeBot/1.0; +claudebot@anthropic.com)"
216.73.216.172 - - [14/Apr/2026:10:37:14 +0300] "GET /p/assem20770353?id=786611 HTTP/1.0" 404 2091 "-" "Mozilla/5.0 AppleWebKit/537.36 (KHTML, like Gecko; compatible; ClaudeBot/1.0; +claudebot@anthropic.com)"
216.73.216.172 - - [14/Apr/2026:10:37:17 +0300] "GET /p/disap62761805?id=2778063 HTTP/1.0" 404 2091 "-" "Mozilla/5.0 AppleWebKit/537.36 (KHTML, like Gecko; compatible; ClaudeBot/1.0; +claudebot@anthropic.com)"
216.73.216.172 - - [14/Apr/2026:10:37:20 +0300] "GET /p/disap61669805?id=1686063 HTTP/1.0" 404 2091 "-" "Mozilla/5.0 AppleWebKit/537.36 (KHTML, like Gecko; compatible; ClaudeBot/1.0; +claudebot@anthropic.com)"
74.7.227.38 - - [14/Apr/2026:10:37:20 +0300] "GET /p/hope62560509?id=2576767 HTTP/1.0" 404 2091 "https://region-saitov.ru/sitemapa.xml" "Mozilla/5.0 AppleWebKit/537.36 (KHTML, like Gecko; compatible; GPTBot/1.3; +https://openai.com/gptbot)"
216.73.216.172 - - [14/Apr/2026:10:37:23 +0300] "GET /p/rsvp10459928?id=476186 HTTP/1.0" 404 2091 "-" "Mozilla/5.0 AppleWebKit/537.36 (KHTML, like Gecko; compatible; ClaudeBot/1.0; +claudebot@anthropic.com)"
216.73.216.172 - - [14/Apr/2026:10:37:26 +0300] "GET /p/occas42754147?id=2770405 HTTP/1.0" 404 2091 "-" "Mozilla/5.0 AppleWebKit/537.36 (KHTML, like Gecko; compatible; ClaudeBot/1.0; +claudebot@anthropic.com)"
66.249.70.2 - - [14/Apr/2026:10:37:24 +0300] "GET /p/parce60098869?id=115127 HTTP/1.0" 200 25761 "-" "Mozilla/5.0 (Linux; Android 6.0.1; Nexus 5X Build/MMB29P) AppleWebKit/537.36 (KHTML, like Gecko) Chrome/146.0.7680.177 Mobile Safari/537.36 (compatible; Googlebot/2.1; +http://www.google.com/bot.html)"
216.73.216.172 - - [14/Apr/2026:10:37:29 +0300] "GET /p/minut82969063?id=2985321 HTTP/1.0" 404 2091 "-" "Mozilla/5.0 AppleWebKit/537.36 (KHTML, like Gecko; compatible; ClaudeBot/1.0; +claudebot@anthropic.com)"
216.73.216.172 - - [14/Apr/2026:10:37:32 +0300] "GET /p/stupi80316087?id=332345 HTTP/1.0" 404 2091 "-" "Mozilla/5.0 AppleWebKit/537.36 (KHTML, like Gecko; compatible; ClaudeBot/1.0; +claudebot@anthropic.com)"
216.73.216.172 - - [14/Apr/2026:10:37:35 +0300] "GET /p/withs72723174?id=2739432 HTTP/1.0" 404 2091 "-" "Mozilla/5.0 AppleWebKit/537.36 (KHTML, like Gecko; compatible; ClaudeBot/1.0; +claudebot@anthropic.com)"
216.73.216.172 - - [14/Apr/2026:10:37:38 +0300] "GET /p/chann42639491?id=2655749 HTTP/1.0" 404 2091 "-" "Mozilla/5.0 AppleWebKit/537.36 (KHTML, like Gecko; compatible; ClaudeBot/1.0; +claudebot@anthropic.com)"
216.73.216.172 - - [14/Apr/2026:10:37:41 +0300] "GET /p/harne30863034?id=879292 HTTP/1.0" 404 2091 "-" "Mozilla/5.0 AppleWebKit/537.36 (KHTML, like Gecko; compatible; ClaudeBot/1.0; +claudebot@anthropic.com)"
62.113.113.43 - - [14/Apr/2026:10:37:44 +0300] "GET /components/com_sppagebuilder/assets/js/addons/image.js HTTP/1.1" 200 2417 "-" "Mozilla/5.0 (iPad; CPU OS 7_0 like Mac OS X) AppleWebKit/537.51.1 (KHTML, like Gecko) Mobile/11A465"
62.113.113.43 - - [14/Apr/2026:10:37:44 +0300] "GET /modules/mod_djmegamenu/themes/default/css/djmegamenu.css?4.4.1.pro HTTP/1.1" 200 16373 "-" "Mozilla/5.0 (iPad; CPU OS 7_0 like Mac OS X) AppleWebKit/537.51.1 (KHTML, like Gecko) Mobile/11A465"
216.73.216.172 - - [14/Apr/2026:10:37:44 +0300] "GET /p/immed31484562?id=1500820 HTTP/1.0" 404 2091 "-" "Mozilla/5.0 AppleWebKit/537.36 (KHTML, like Gecko; compatible; ClaudeBot/1.0; +claudebot@anthropic.com)"
62.113.113.43 - - [14/Apr/2026:10:37:45 +0300] "GET /media/vendor/bootstrap/js/popover.min.js?5.3.2 HTTP/1.1" 200 11314 "-" "Mozilla/5.0 (iPad; CPU OS 7_0 like Mac OS X) AppleWebKit/537.51.1 (KHTML, like Gecko) Mobile/11A465"
62.113.113.43 - - [14/Apr/2026:10:37:46 +0300] "GET /templates/shaper_helixultimate/css/template.css HTTP/1.1" 200 79812 "-" "Mozilla/5.0 (iPad; CPU OS 7_0 like Mac OS X) AppleWebKit/537.51.1 (KHTML, like Gecko) Mobile/11A465"
62.113.113.43 - - [14/Apr/2026:10:37:47 +0300] "GET /plugins/system/spcookieconsent/assets/css/style.css HTTP/1.1" 200 2343 "-" "Mozilla/5.0 (iPad; CPU OS 7_0 like Mac OS X) AppleWebKit/537.51.1 (KHTML, like Gecko) Mobile/11A465"
66.249.76.231 - - [14/Apr/2026:10:37:43 +0300] "GET /p/liver60147053?id=163311 HTTP/1.0" 200 26959 "-" "Mozilla/5.0 (Linux; Android 6.0.1; Nexus 5X Build/MMB29P) AppleWebKit/537.36 (KHTML, like Gecko) Chrome/146.0.7680.177 Mobile Safari/537.36 (compatible; Googlebot/2.1; +http://www.google.com/bot.html)"
216.73.216.172 - - [14/Apr/2026:10:37:49 +0300] "GET /p/estim30642090?id=658348 HTTP/1.0" 404 2188 "-" "Mozilla/5.0 AppleWebKit/537.36 (KHTML, like Gecko; compatible; ClaudeBot/1.0; +claudebot@anthropic.com)"
62.113.113.43 - - [14/Apr/2026:10:37:51 +0300] "GET /templates/shaper_helixultimate/css/bootstrap.min.css HTTP/1.1" 200 194854 "-" "Mozilla/5.0 (iPad; CPU OS 7_0 like Mac OS X) AppleWebKit/537.51.1 (KHTML, like Gecko) Mobile/11A465"
216.73.216.172 - - [14/Apr/2026:10:37:51 +0300] "GET /p/seed20855513?id=871771 HTTP/1.0" 404 2091 "-" "Mozilla/5.0 AppleWebKit/537.36 (KHTML, like Gecko; compatible; ClaudeBot/1.0; +claudebot@anthropic.com)"
62.113.113.43 - - [14/Apr/2026:10:37:53 +0300] "GET /media/system/js/showon-es5.min.js?0e293ba9dec283752e25f4e1d5eb0a6f8c07d3be HTTP/1.1" 200 3699 "-" "Mozilla/5.0 (iPad; CPU OS 7_0 like Mac OS X) AppleWebKit/537.51.1 (KHTML, like Gecko) Mobile/11A465"
62.113.113.43 - - [14/Apr/2026:10:37:54 +0300] "GET /images/2025/12/05/ban-usl1.jpg HTTP/1.1" 200 73512 "-" "Mozilla/5.0 (iPad; CPU OS 7_0 like Mac OS X) AppleWebKit/537.51.1 (KHTML, like Gecko) Mobile/11A465"
216.73.216.172 - - [14/Apr/2026:10:37:54 +0300] "GET /p/tiger62788981?id=2805239 HTTP/1.0" 404 2091 "-" "Mozilla/5.0 AppleWebKit/537.36 (KHTML, like Gecko; compatible; ClaudeBot/1.0; +claudebot@anthropic.com)"
216.73.216.172 - - [14/Apr/2026:10:37:57 +0300] "GET /p/membe41500963?id=1517221 HTTP/1.0" 404 2091 "-" "Mozilla/5.0 AppleWebKit/537.36 (KHTML, like Gecko; compatible; ClaudeBot/1.0; +claudebot@anthropic.com)"
62.113.113.43 - - [14/Apr/2026:10:38:00 +0300] "GET /media/vendor/joomla-custom-elements/css/joomla-alert.min.css?0.2.0 HTTP/1.1" 200 3964 "-" "Mozilla/5.0 (iPad; CPU OS 7_0 like Mac OS X) AppleWebKit/537.51.1 (KHTML, like Gecko) Mobile/11A465"
62.113.113.43 - - [14/Apr/2026:10:38:00 +0300] "GET /components/com_sppagebuilder/assets/css/animate.min.css?0e2c506aa593d331478b48ba5314a03f HTTP/1.1" 200 70920 "-" "Mozilla/5.0 (iPad; CPU OS 7_0 like Mac OS X) AppleWebKit/537.51.1 (KHTML, like Gecko) Mobile/11A465"
74.7.227.38 - - [14/Apr/2026:10:38:00 +0300] "GET /p/lemon61237173?id=1253431 HTTP/1.0" 404 2091 "https://region-saitov.ru/sitemapa.xml" "Mozilla/5.0 AppleWebKit/537.36 (KHTML, like Gecko; compatible; GPTBot/1.3; +https://openai.com/gptbot)"
62.113.113.43 - - [14/Apr/2026:10:38:01 +0300] "GET /images/2025/05/28/up-right.png HTTP/1.1" 200 701 "-" "Mozilla/5.0 (iPad; CPU OS 7_0 like Mac OS X) AppleWebKit/537.51.1 (KHTML, like Gecko) Mobile/11A465"
62.113.113.43 - - [14/Apr/2026:10:38:02 +0300] "GET /images/2025/05/28/pics25_07.png HTTP/1.1" 200 13287 "-" "Mozilla/5.0 (iPad; CPU OS 7_0 like Mac OS X) AppleWebKit/537.51.1 (KHTML, like Gecko) Mobile/11A465"
216.73.216.172 - - [14/Apr/2026:10:38:02 +0300] "GET /p/menti21717145?id=1733403 HTTP/1.0" 404 2188 "-" "Mozilla/5.0 AppleWebKit/537.36 (KHTML, like Gecko; compatible; ClaudeBot/1.0; +claudebot@anthropic.com)"
62.113.113.43 - - [14/Apr/2026:10:38:04 +0300] "GET /media/vendor/jquery/js/jquery.min.js?3.7.1 HTTP/1.1" 200 87533 "-" "Mozilla/5.0 (iPad; CPU OS 7_0 like Mac OS X) AppleWebKit/537.51.1 (KHTML, like Gecko) Mobile/11A465"
62.113.113.43 - - [14/Apr/2026:10:38:05 +0300] "GET /images/2025/05/28/pics25_03.png HTTP/1.1" 200 10357 "-" "Mozilla/5.0 (iPad; CPU OS 7_0 like Mac OS X) AppleWebKit/537.51.1 (KHTML, like Gecko) Mobile/11A465"
216.73.216.172 - - [14/Apr/2026:10:38:05 +0300] "GET /p/cousi81992719?id=2008977 HTTP/1.0" 404 2091 "-" "Mozilla/5.0 AppleWebKit/537.36 (KHTML, like Gecko; compatible; ClaudeBot/1.0; +claudebot@anthropic.com)"
62.113.113.43 - - [14/Apr/2026:10:38:06 +0300] "GET /media/system/js/showon.min.js?f79c256660e2c0ca2179cf7f3168ea8143e1af82 HTTP/1.1" 200 3553 "-" "Mozilla/5.0 (iPad; CPU OS 7_0 like Mac OS X) AppleWebKit/537.51.1 (KHTML, like Gecko) Mobile/11A465"
66.249.76.233 - - [14/Apr/2026:10:38:03 +0300] "GET /p/expla82004895?id=2021153 HTTP/1.0" 200 25763 "-" "Mozilla/5.0 (Linux; Android 6.0.1; Nexus 5X Build/MMB29P) AppleWebKit/537.36 (KHTML, like Gecko) Chrome/146.0.7680.177 Mobile Safari/537.36 (compatible; Googlebot/2.1; +http://www.google.com/bot.html)"
62.113.113.43 - - [14/Apr/2026:10:38:08 +0300] "GET /plugins/system/helixultimate/assets/css/system-j4.min.css HTTP/1.1" 200 5202 "-" "Mozilla/5.0 (iPad; CPU OS 7_0 like Mac OS X) AppleWebKit/537.51.1 (KHTML, like Gecko) Mobile/11A465"
216.73.216.172 - - [14/Apr/2026:10:38:08 +0300] "GET /p/shall40725603?id=741861 HTTP/1.0" 404 2091 "-" "Mozilla/5.0 AppleWebKit/537.36 (KHTML, like Gecko; compatible; ClaudeBot/1.0; +claudebot@anthropic.com)"
216.73.216.172 - - [14/Apr/2026:10:38:11 +0300] "GET /p/versi71050110?id=1066368 HTTP/1.0" 404 2091 "-" "Mozilla/5.0 AppleWebKit/537.36 (KHTML, like Gecko; compatible; ClaudeBot/1.0; +claudebot@anthropic.com)"
62.113.113.43 - - [14/Apr/2026:10:38:13 +0300] "GET /components/com_sppagebuilder/assets/js/sppagebuilder.js?0e2c506aa593d331478b48ba5314a03f HTTP/1.1" 200 82144 "-" "Mozilla/5.0 (iPad; CPU OS 7_0 like Mac OS X) AppleWebKit/537.51.1 (KHTML, like Gecko) Mobile/11A465"
62.113.113.43 - - [14/Apr/2026:10:38:14 +0300] "GET /images/2025/12/05/ban-usl2.jpg HTTP/1.1" 200 40987 "-" "Mozilla/5.0 (iPad; CPU OS 7_0 like Mac OS X) AppleWebKit/537.51.1 (KHTML, like Gecko) Mobile/11A465"
62.113.113.43 - - [14/Apr/2026:10:38:14 +0300] "GET /plugins/system/spcookieconsent/assets/js/script.js HTTP/1.1" 200 663 "-" "Mozilla/5.0 (iPad; CPU OS 7_0 like Mac OS X) AppleWebKit/537.51.1 (KHTML, like Gecko) Mobile/11A465"
62.113.113.43 - - [14/Apr/2026:10:38:14 +0300] "GET /templates/shaper_helixultimate/css/presets/preset5.css HTTP/1.1" 200 4023 "-" "Mozilla/5.0 (iPad; CPU OS 7_0 like Mac OS X) AppleWebKit/537.51.1 (KHTML, like Gecko) Mobile/11A465"
62.113.113.43 - - [14/Apr/2026:10:38:14 +0300] "GET /images/2025/05/28/villa.jpg HTTP/1.1" 200 204670 "-" "Mozilla/5.0 (iPad; CPU OS 7_0 like Mac OS X) AppleWebKit/537.51.1 (KHTML, like Gecko) Mobile/11A465"
216.73.216.172 - - [14/Apr/2026:10:38:15 +0300] "GET /p/naugh51667444?id=1683702 HTTP/1.0" 404 2188 "-" "Mozilla/5.0 AppleWebKit/537.36 (KHTML, like Gecko; compatible; ClaudeBot/1.0; +claudebot@anthropic.com)"
62.113.113.43 - - [14/Apr/2026:10:38:16 +0300] "GET /images/2025/06/02/tedostroy.jpg HTTP/1.1" 200 253339 "-" "Mozilla/5.0 (iPad; CPU OS 7_0 like Mac OS X) AppleWebKit/537.51.1 (KHTML, like Gecko) Mobile/11A465"
62.113.113.43 - - [14/Apr/2026:10:38:16 +0300] "GET /images/2025/06/02/markains.jpg HTTP/1.1" 200 190180 "-" "Mozilla/5.0 (iPad; CPU OS 7_0 like Mac OS X) AppleWebKit/537.51.1 (KHTML, like Gecko) Mobile/11A465"
216.73.216.172 - - [14/Apr/2026:10:38:18 +0300] "GET /p/probl52944956?id=2961214 HTTP/1.0" 404 2091 "-" "Mozilla/5.0 AppleWebKit/537.36 (KHTML, like Gecko; compatible; ClaudeBot/1.0; +claudebot@anthropic.com)"
62.113.113.43 - - [14/Apr/2026:10:38:19 +0300] "GET /components/com_sppagebuilder/assets/js/jquery.parallax.js?0e2c506aa593d331478b48ba5314a03f HTTP/1.1" 200 898 "-" "Mozilla/5.0 (iPad; CPU OS 7_0 like Mac OS X) AppleWebKit/537.51.1 (KHTML, like Gecko) Mobile/11A465"
62.113.113.43 - - [14/Apr/2026:10:38:19 +0300] "GET /modules/mod_djmegamenu/assets/js/jquery.djmegamenu.min.js?4.4.1.pro HTTP/1.1" 200 14294 "-" "Mozilla/5.0 (iPad; CPU OS 7_0 like Mac OS X) AppleWebKit/537.51.1 (KHTML, like Gecko) Mobile/11A465"
62.113.113.43 - - [14/Apr/2026:10:38:20 +0300] "GET /media/legacy/js/jquery-noconflict.min.js?647005fc12b79b3ca2bb30c059899d5994e3e34d HTTP/1.1" 200 27 "-" "Mozilla/5.0 (iPad; CPU OS 7_0 like Mac OS X) AppleWebKit/537.51.1 (KHTML, like Gecko) Mobile/11A465"
62.113.113.43 - - [14/Apr/2026:10:38:20 +0300] "GET /images/2025/05/28/logo-rs.png HTTP/1.1" 200 13090 "-" "Mozilla/5.0 (iPad; CPU OS 7_0 like Mac OS X) AppleWebKit/537.51.1 (KHTML, like Gecko) Mobile/11A465"
216.73.216.172 - - [14/Apr/2026:10:38:21 +0300] "GET /p/degre60277765?id=294023 HTTP/1.0" 404 2091 "-" "Mozilla/5.0 AppleWebKit/537.36 (KHTML, like Gecko; compatible; ClaudeBot/1.0; +claudebot@anthropic.com)"
62.113.113.43 - - [14/Apr/2026:10:38:23 +0300] "GET /images/2025/05/28/logo-rs.png HTTP/1.1" 200 13090 "-" "Mozilla/5.0 (iPad; CPU OS 7_0 like Mac OS X) AppleWebKit/537.51.1 (KHTML, like Gecko) Mobile/11A465"
62.113.113.43 - - [14/Apr/2026:10:38:23 +0300] "GET /media/system/css/joomla-fontawesome.min.css?2361f80fce7914ef05f9ec219523f0c8 HTTP/1.1" 200 71306 "-" "Mozilla/5.0 (iPad; CPU OS 7_0 like Mac OS X) AppleWebKit/537.51.1 (KHTML, like Gecko) Mobile/11A465"
62.113.113.43 - - [14/Apr/2026:10:38:23 +0300] "GET /components/com_sppagebuilder/assets/js/jquery.magnific-popup.min.js HTTP/1.1" 200 20321 "-" "Mozilla/5.0 (iPad; CPU OS 7_0 like Mac OS X) AppleWebKit/537.51.1 (KHTML, like Gecko) Mobile/11A465"
62.113.113.43 - - [14/Apr/2026:10:38:23 +0300] "GET /media/system/js/messages-es5.min.js?c29829fd2432533d05b15b771f86c6637708bd9d HTTP/1.1" 200 8744 "-" "Mozilla/5.0 (iPad; CPU OS 7_0 like Mac OS X) AppleWebKit/537.51.1 (KHTML, like Gecko) Mobile/11A465"
62.113.113.43 - - [14/Apr/2026:10:38:23 +0300] "GET /media/vendor/bootstrap/js/modal.min.js?5.3.2 HTTP/1.1" 200 7145 "-" "Mozilla/5.0 (iPad; CPU OS 7_0 like Mac OS X) AppleWebKit/537.51.1 (KHTML, like Gecko) Mobile/11A465"
62.113.113.43 - - [14/Apr/2026:10:38:24 +0300] "GET /media/vendor/bootstrap/js/collapse.min.js?5.3.2 HTTP/1.1" 200 4047 "-" "Mozilla/5.0 (iPad; CPU OS 7_0 like Mac OS X) AppleWebKit/537.51.1 (KHTML, like Gecko) Mobile/11A465"
216.73.216.172 - - [14/Apr/2026:10:38:24 +0300] "GET /p/germ31026594?id=1042852 HTTP/1.0" 404 2091 "-" "Mozilla/5.0 AppleWebKit/537.36 (KHTML, like Gecko; compatible; ClaudeBot/1.0; +claudebot@anthropic.com)"
62.113.113.43 - - [14/Apr/2026:10:38:25 +0300] "GET /media/vendor/bootstrap/js/dropdown.min.js?5.3.2 HTTP/1.1" 200 6220 "-" "Mozilla/5.0 (iPad; CPU OS 7_0 like Mac OS X) AppleWebKit/537.51.1 (KHTML, like Gecko) Mobile/11A465"
62.113.113.43 - - [14/Apr/2026:10:38:26 +0300] "GET /media/system/js/core.min.js?37ffe4186289eba9c5df81bea44080aff77b9684 HTTP/1.1" 200 7662 "-" "Mozilla/5.0 (iPad; CPU OS 7_0 like Mac OS X) AppleWebKit/537.51.1 (KHTML, like Gecko) Mobile/11A465"
66.249.76.231 - - [14/Apr/2026:10:38:22 +0300] "GET /p/peak10727496?id=743754 HTTP/1.0" 200 26139 "-" "Mozilla/5.0 (Linux; Android 6.0.1; Nexus 5X Build/MMB29P) AppleWebKit/537.36 (KHTML, like Gecko) Chrome/146.0.7680.177 Mobile Safari/537.36 (compatible; Googlebot/2.1; +http://www.google.com/bot.html)"
62.113.113.43 - - [14/Apr/2026:10:38:27 +0300] "GET /components/com_sppagebuilder/assets/js/common.js HTTP/1.1" 200 144 "-" "Mozilla/5.0 (iPad; CPU OS 7_0 like Mac OS X) AppleWebKit/537.51.1 (KHTML, like Gecko) Mobile/11A465"
188.225.48.167 - - [14/Apr/2026:10:38:30 +0300] "GET /rs-white.png HTTP/1.1" 200 2176 "https://dks.riat.ru/" "Mozilla/5.0 (Linux; arm_64; Android 11; SM-A715F) AppleWebKit/537.36 (KHTML, like Gecko) Chrome/144.0.7559.639 YaSearchBrowser/26.36.1 BroPP/1.0 YaSearchApp/26.36.1 webOmni Mobile Safari/537.36"
62.113.113.43 - - [14/Apr/2026:10:38:31 +0300] "GET /media/vendor/bootstrap/js/carousel.min.js?5.3.2 HTTP/1.1" 200 5752 "-" "Mozilla/5.0 (iPad; CPU OS 7_0 like Mac OS X) AppleWebKit/537.51.1 (KHTML, like Gecko) Mobile/11A465"
62.113.113.43 - - [14/Apr/2026:10:38:35 +0300] "GET /images/2025/12/05/ban-usl3.jpg HTTP/1.1" 200 81244 "-" "Mozilla/5.0 (iPad; CPU OS 7_0 like Mac OS X) AppleWebKit/537.51.1 (KHTML, like Gecko) Mobile/11A465"
62.113.113.43 - - [14/Apr/2026:10:38:35 +0300] "GET /components/com_sppagebuilder/assets/js/addons/text_block.js HTTP/1.1" 200 690 "-" "Mozilla/5.0 (iPad; CPU OS 7_0 like Mac OS X) AppleWebKit/537.51.1 (KHTML, like Gecko) Mobile/11A465"
62.113.113.43 - - [14/Apr/2026:10:38:39 +0300] "GET /media/vendor/bootstrap/js/alert.min.js?5.3.2 HTTP/1.1" 200 987 "-" "Mozilla/5.0 (iPad; CPU OS 7_0 like Mac OS X) AppleWebKit/537.51.1 (KHTML, like Gecko) Mobile/11A465"
62.113.113.43 - - [14/Apr/2026:10:38:39 +0300] "GET /media/vendor/bootstrap/js/scrollspy.min.js?5.3.2 HTTP/1.1" 200 4096 "-" "Mozilla/5.0 (iPad; CPU OS 7_0 like Mac OS X) AppleWebKit/537.51.1 (KHTML, like Gecko) Mobile/11A465"
62.113.113.43 - - [14/Apr/2026:10:38:40 +0300] "GET /media/vendor/bootstrap/js/bootstrap-es5.min.js?5.3.2 HTTP/1.1" 200 151843 "-" "Mozilla/5.0 (iPad; CPU OS 7_0 like Mac OS X) AppleWebKit/537.51.1 (KHTML, like Gecko) Mobile/11A465"
62.113.113.43 - - [14/Apr/2026:10:38:42 +0300] "GET /modules/mod_djmegamenu/assets/js/jquery.djmobilemenu.min.js?4.4.1.pro HTTP/1.1" 200 9012 "-" "Mozilla/5.0 (iPad; CPU OS 7_0 like Mac OS X) AppleWebKit/537.51.1 (KHTML, like Gecko) Mobile/11A465"
62.113.113.43 - - [14/Apr/2026:10:38:42 +0300] "GET /images/2025/06/02/hochu-scenu.jpg HTTP/1.1" 200 112429 "-" "Mozilla/5.0 (iPad; CPU OS 7_0 like Mac OS X) AppleWebKit/537.51.1 (KHTML, like Gecko) Mobile/11A465"
74.7.227.38 - - [14/Apr/2026:10:38:43 +0300] "GET /p/worry62528925?id=2545183 HTTP/1.0" 404 2091 "https://region-saitov.ru/sitemapa.xml" "Mozilla/5.0 AppleWebKit/537.36 (KHTML, like Gecko; compatible; GPTBot/1.3; +https://openai.com/gptbot)"
62.113.113.43 - - [14/Apr/2026:10:38:43 +0300] "GET /media/vendor/bootstrap/js/button.min.js?5.3.2 HTTP/1.1" 200 787 "-" "Mozilla/5.0 (iPad; CPU OS 7_0 like Mac OS X) AppleWebKit/537.51.1 (KHTML, like Gecko) Mobile/11A465"
62.113.113.43 - - [14/Apr/2026:10:38:44 +0300] "GET /media/vendor/bootstrap/js/tab.min.js?5.3.2 HTTP/1.1" 200 4965 "-" "Mozilla/5.0 (iPad; CPU OS 7_0 like Mac OS X) AppleWebKit/537.51.1 (KHTML, like Gecko) Mobile/11A465"
62.113.113.43 - - [14/Apr/2026:10:38:45 +0300] "GET /images/fav.png HTTP/1.1" 200 19976 "-" "Mozilla/5.0 (iPad; CPU OS 7_0 like Mac OS X) AppleWebKit/537.51.1 (KHTML, like Gecko) Mobile/11A465"
66.249.76.231 - - [14/Apr/2026:10:38:42 +0300] "GET /p/insis22493289?id=2509547 HTTP/1.0" 200 27482 "-" "Mozilla/5.0 (Linux; Android 6.0.1; Nexus 5X Build/MMB29P) AppleWebKit/537.36 (KHTML, like Gecko) Chrome/146.0.7680.177 Mobile Safari/537.36 (compatible; Googlebot/2.1; +http://www.google.com/bot.html)"
62.113.113.43 - - [14/Apr/2026:10:38:48 +0300] "GET /components/com_sppagebuilder/assets/css/sppagebuilder.css?0e2c506aa593d331478b48ba5314a03f HTTP/1.1" 200 199257 "-" "Mozilla/5.0 (iPad; CPU OS 7_0 like Mac OS X) AppleWebKit/537.51.1 (KHTML, like Gecko) Mobile/11A465"
62.113.113.43 - - [14/Apr/2026:10:38:49 +0300] "GET /templates/shaper_helixultimate/js/main.js HTTP/1.1" 200 9807 "-" "Mozilla/5.0 (iPad; CPU OS 7_0 like Mac OS X) AppleWebKit/537.51.1 (KHTML, like Gecko) Mobile/11A465"
62.113.113.43 - - [14/Apr/2026:10:38:50 +0300] "GET /components/com_sppagebuilder/assets/css/magnific-popup.css HTTP/1.1" 200 5920 "-" "Mozilla/5.0 (iPad; CPU OS 7_0 like Mac OS X) AppleWebKit/537.51.1 (KHTML, like Gecko) Mobile/11A465"
62.113.113.43 - - [14/Apr/2026:10:38:51 +0300] "GET /rs-grey.png HTTP/1.1" 200 2424 "-" "Mozilla/5.0 (Windows NT 6.1; WOW64) AppleWebKit/537.36 (KHTML, like Gecko) Chrome/38.0.2125.122 BIDUBrowser/7.5 Safari/537.36"
62.113.113.43 - - [14/Apr/2026:10:38:54 +0300] "GET /images/2025/05/28/pics25_05.png HTTP/1.1" 200 12456 "-" "Mozilla/5.0 (iPad; CPU OS 7_0 like Mac OS X) AppleWebKit/537.51.1 (KHTML, like Gecko) Mobile/11A465"
62.113.113.43 - - [14/Apr/2026:10:39:01 +0300] "GET /media/vendor/bootstrap/js/offcanvas.min.js?5.3.2 HTTP/1.1" 200 3552 "-" "Mozilla/5.0 (iPad; CPU OS 7_0 like Mac OS X) AppleWebKit/537.51.1 (KHTML, like Gecko) Mobile/11A465"
216.73.216.172 - - [14/Apr/2026:10:39:03 +0300] "GET /p/trend82583207?id=2599465 HTTP/1.0" 404 2188 "-" "Mozilla/5.0 AppleWebKit/537.36 (KHTML, like Gecko; compatible; ClaudeBot/1.0; +claudebot@anthropic.com)"
62.113.113.43 - - [14/Apr/2026:10:39:04 +0300] "GET /media/vendor/bootstrap/js/toast.min.js?5.3.2 HTTP/1.1" 200 2789 "-" "Mozilla/5.0 (iPad; CPU OS 7_0 like Mac OS X) AppleWebKit/537.51.1 (KHTML, like Gecko) Mobile/11A465"
216.73.216.172 - - [14/Apr/2026:10:39:05 +0300] "GET /p/fourt32912642?id=2928900 HTTP/1.0" 404 2091 "-" "Mozilla/5.0 AppleWebKit/537.36 (KHTML, like Gecko; compatible; ClaudeBot/1.0; +claudebot@anthropic.com)"
66.249.76.231 - - [14/Apr/2026:10:39:02 +0300] "GET /p/imagi72696454?id=2712712 HTTP/1.0" 200 25797 "-" "Mozilla/5.0 (Linux; Android 6.0.1; Nexus 5X Build/MMB29P) AppleWebKit/537.36 (KHTML, like Gecko) Chrome/146.0.7680.177 Mobile Safari/537.36 (compatible; Googlebot/2.1; +http://www.google.com/bot.html)"
216.73.216.172 - - [14/Apr/2026:10:39:08 +0300] "GET /p/men10547944?id=564202 HTTP/1.0" 404 2091 "-" "Mozilla/5.0 AppleWebKit/537.36 (KHTML, like Gecko; compatible; ClaudeBot/1.0; +claudebot@anthropic.com)"
62.113.113.43 - - [14/Apr/2026:10:39:10 +0300] "GET /modules/mod_djmegamenu/assets/css/offcanvas_right.min.css?4.4.1.pro HTTP/1.1" 200 11057 "-" "Mozilla/5.0 (iPad; CPU OS 7_0 like Mac OS X) AppleWebKit/537.51.1 (KHTML, like Gecko) Mobile/11A465"
62.113.113.43 - - [14/Apr/2026:10:39:10 +0300] "GET /modules/mod_mycityselector/tmpl/webpack/mcs-modal/dist/build.js HTTP/1.1" 200 237796 "-" "Mozilla/5.0 (iPad; CPU OS 7_0 like Mac OS X) AppleWebKit/537.51.1 (KHTML, like Gecko) Mobile/11A465"
216.73.216.172 - - [14/Apr/2026:10:39:11 +0300] "GET /p/eleph22525017?id=2541275 HTTP/1.0" 404 2091 "-" "Mozilla/5.0 AppleWebKit/537.36 (KHTML, like Gecko; compatible; ClaudeBot/1.0; +claudebot@anthropic.com)"
62.113.113.43 - - [14/Apr/2026:10:39:12 +0300] "GET /modules/mod_djmegamenu/mobilethemes/dark/djmobilemenu.css?4.4.1.pro HTTP/1.1" 200 12010 "-" "Mozilla/5.0 (iPad; CPU OS 7_0 like Mac OS X) AppleWebKit/537.51.1 (KHTML, like Gecko) Mobile/11A465"
62.113.113.43 - - [14/Apr/2026:10:39:13 +0300] "GET /media/system/js/messages.min.js?7f7aa28ac8e8d42145850e8b45b3bc82ff9a6411 HTTP/1.1" 200 5598 "-" "Mozilla/5.0 (iPad; CPU OS 7_0 like Mac OS X) AppleWebKit/537.51.1 (KHTML, like Gecko) Mobile/11A465"
66.249.70.1 - - [14/Apr/2026:10:39:15 +0300] "GET /p/slope50714924?id=731182 HTTP/1.0" 200 27332 "-" "Mozilla/5.0 (Linux; Android 6.0.1; Nexus 5X Build/MMB29P) AppleWebKit/537.36 (KHTML, like Gecko) Chrome/146.0.7680.177 Mobile Safari/537.36 (compatible; GoogleOther)"
74.7.227.38 - - [14/Apr/2026:10:39:22 +0300] "GET /p/timbe12971808?id=2988066 HTTP/1.0" 404 2091 "https://region-saitov.ru/sitemapa.xml" "Mozilla/5.0 AppleWebKit/537.36 (KHTML, like Gecko; compatible; GPTBot/1.3; +https://openai.com/gptbot)"
66.249.76.231 - - [14/Apr/2026:10:39:22 +0300] "GET /p/hell42471091?id=2487349 HTTP/1.0" 200 26024 "-" "Mozilla/5.0 (Linux; Android 6.0.1; Nexus 5X Build/MMB29P) AppleWebKit/537.36 (KHTML, like Gecko) Chrome/146.0.7680.177 Mobile Safari/537.36 (compatible; Googlebot/2.1; +http://www.google.com/bot.html)"
66.249.70.1 - - [14/Apr/2026:10:39:42 +0300] "GET /p/volta80643159?id=659417 HTTP/1.0" 200 28820 "-" "Mozilla/5.0 (Linux; Android 6.0.1; Nexus 5X Build/MMB29P) AppleWebKit/537.36 (KHTML, like Gecko) Chrome/146.0.7680.177 Mobile Safari/537.36 (compatible; Googlebot/2.1; +http://www.google.com/bot.html)"
92.242.60.14 - - [14/Apr/2026:10:39:46 +0300] "GET / HTTP/1.0" 200 273999 "-" "https://reg.ru monitoring abuse@reg.ru"
216.73.216.172 - - [14/Apr/2026:10:39:54 +0300] "GET /p/clasp61622565?id=1638823 HTTP/1.0" 404 2188 "-" "Mozilla/5.0 AppleWebKit/537.36 (KHTML, like Gecko; compatible; ClaudeBot/1.0; +claudebot@anthropic.com)"
216.73.216.172 - - [14/Apr/2026:10:39:57 +0300] "GET /p/lush50295852?id=312110 HTTP/1.0" 404 2091 "-" "Mozilla/5.0 AppleWebKit/537.36 (KHTML, like Gecko; compatible; ClaudeBot/1.0; +claudebot@anthropic.com)"
89.111.141.101 - - [14/Apr/2026:10:39:56 +0300] "GET / HTTP/1.0" 200 273999 "-" "https://reg.ru monitoring abuse@reg.ru"
216.73.216.172 - - [14/Apr/2026:10:40:00 +0300] "GET /p/layou32019410?id=2035668 HTTP/1.0" 404 2091 "-" "Mozilla/5.0 AppleWebKit/537.36 (KHTML, like Gecko; compatible; ClaudeBot/1.0; +claudebot@anthropic.com)"
74.7.227.38 - - [14/Apr/2026:10:40:02 +0300] "GET /p/hairc42427571?id=2443829 HTTP/1.0" 404 2091 "https://region-saitov.ru/sitemape.xml" "Mozilla/5.0 AppleWebKit/537.36 (KHTML, like Gecko; compatible; GPTBot/1.3; +https://openai.com/gptbot)"
216.73.216.172 - - [14/Apr/2026:10:40:03 +0300] "GET /p/takeo41897907?id=1914165 HTTP/1.0" 404 2091 "-" "Mozilla/5.0 AppleWebKit/537.36 (KHTML, like Gecko; compatible; ClaudeBot/1.0; +claudebot@anthropic.com)"
66.249.70.1 - - [14/Apr/2026:10:40:01 +0300] "GET /p/enlar72219502?id=2235760 HTTP/1.0" 200 26371 "-" "Mozilla/5.0 (Linux; Android 6.0.1; Nexus 5X Build/MMB29P) AppleWebKit/537.36 (KHTML, like Gecko) Chrome/146.0.7680.177 Mobile Safari/537.36 (compatible; Googlebot/2.1; +http://www.google.com/bot.html)"
66.249.76.232 - - [14/Apr/2026:10:40:02 +0300] "GET /p/leisu52465964?id=2482222 HTTP/1.0" 200 26471 "-" "Mozilla/5.0 (Linux; Android 6.0.1; Nexus 5X Build/MMB29P) AppleWebKit/537.36 (KHTML, like Gecko) Chrome/146.0.7680.177 Mobile Safari/537.36 (compatible; GoogleOther)"
66.249.70.2 - - [14/Apr/2026:10:40:21 +0300] "GET /p/frida31880202?id=1896460 HTTP/1.0" 200 26585 "-" "Mozilla/5.0 (Linux; Android 6.0.1; Nexus 5X Build/MMB29P) AppleWebKit/537.36 (KHTML, like Gecko) Chrome/146.0.7680.177 Mobile Safari/537.36 (compatible; Googlebot/2.1; +http://www.google.com/bot.html)"
216.73.216.172 - - [14/Apr/2026:10:40:29 +0300] "GET /p/surpl50539676?id=555934 HTTP/1.0" 404 2188 "-" "Mozilla/5.0 AppleWebKit/537.36 (KHTML, like Gecko; compatible; ClaudeBot/1.0; +claudebot@anthropic.com)"
216.73.216.172 - - [14/Apr/2026:10:40:32 +0300] "GET /p/elan40387835?id=404093 HTTP/1.0" 404 2091 "-" "Mozilla/5.0 AppleWebKit/537.36 (KHTML, like Gecko; compatible; ClaudeBot/1.0; +claudebot@anthropic.com)"
216.73.216.172 - - [14/Apr/2026:10:40:35 +0300] "GET /p/suppo12289144?id=2305402 HTTP/1.0" 404 2091 "-" "Mozilla/5.0 AppleWebKit/537.36 (KHTML, like Gecko; compatible; ClaudeBot/1.0; +claudebot@anthropic.com)"
216.73.216.172 - - [14/Apr/2026:10:40:38 +0300] "GET /p/notif50487708?id=503966 HTTP/1.0" 404 2091 "-" "Mozilla/5.0 AppleWebKit/537.36 (KHTML, like Gecko; compatible; ClaudeBot/1.0; +claudebot@anthropic.com)"
216.73.216.172 - - [14/Apr/2026:10:40:44 +0300] "GET /p/glanc10514808?id=531066 HTTP/1.0" 404 2188 "-" "Mozilla/5.0 AppleWebKit/537.36 (KHTML, like Gecko; compatible; ClaudeBot/1.0; +claudebot@anthropic.com)"
66.249.76.231 - - [14/Apr/2026:10:40:41 +0300] "GET /p/dude60935829?id=952087 HTTP/1.0" 200 28012 "-" "Mozilla/5.0 (Linux; Android 6.0.1; Nexus 5X Build/MMB29P) AppleWebKit/537.36 (KHTML, like Gecko) Chrome/146.0.7680.177 Mobile Safari/537.36 (compatible; Googlebot/2.1; +http://www.google.com/bot.html)"
74.7.227.38 - - [14/Apr/2026:10:40:45 +0300] "GET /p/probl51296956?id=1313214 HTTP/1.0" 404 2188 "https://region-saitov.ru/sitemape.xml" "Mozilla/5.0 AppleWebKit/537.36 (KHTML, like Gecko; compatible; GPTBot/1.3; +https://openai.com/gptbot)"
216.73.216.172 - - [14/Apr/2026:10:40:46 +0300] "GET /p/exam30329562?id=345820 HTTP/1.0" 404 2091 "-" "Mozilla/5.0 AppleWebKit/537.36 (KHTML, like Gecko; compatible; ClaudeBot/1.0; +claudebot@anthropic.com)"
216.73.216.172 - - [14/Apr/2026:10:40:49 +0300] "GET /p/forem10526856?id=543114 HTTP/1.0" 404 2091 "-" "Mozilla/5.0 AppleWebKit/537.36 (KHTML, like Gecko; compatible; ClaudeBot/1.0; +claudebot@anthropic.com)"
216.73.216.172 - - [14/Apr/2026:10:40:52 +0300] "GET /p/restl40335275?id=351533 HTTP/1.0" 404 2091 "-" "Mozilla/5.0 AppleWebKit/537.36 (KHTML, like Gecko; compatible; ClaudeBot/1.0; +claudebot@anthropic.com)"
66.249.70.3 - - [14/Apr/2026:10:41:05 +0300] "GET /p/sayin82029607?id=2045865 HTTP/1.0" 404 2188 "-" "Mozilla/5.0 (Linux; Android 6.0.1; Nexus 5X Build/MMB29P) AppleWebKit/537.36 (KHTML, like Gecko) Chrome/146.0.7680.177 Mobile Safari/537.36 (compatible; Googlebot/2.1; +http://www.google.com/bot.html)"
74.7.227.38 - - [14/Apr/2026:10:41:27 +0300] "GET /p/spons72838150?id=2854408 HTTP/1.0" 404 2091 "https://region-saitov.ru/sitemape.xml" "Mozilla/5.0 AppleWebKit/537.36 (KHTML, like Gecko; compatible; GPTBot/1.3; +https://openai.com/gptbot)"
66.249.70.2 - - [14/Apr/2026:10:41:24 +0300] "GET /p/slow22192137?id=2208395 HTTP/1.0" 200 27202 "-" "Mozilla/5.0 (Linux; Android 6.0.1; Nexus 5X Build/MMB29P) AppleWebKit/537.36 (KHTML, like Gecko) Chrome/146.0.7680.177 Mobile Safari/537.36 (compatible; Googlebot/2.1; +http://www.google.com/bot.html)"
216.73.216.172 - - [14/Apr/2026:10:41:41 +0300] "GET /p/realm20782465?id=798723 HTTP/1.0" 404 2188 "-" "Mozilla/5.0 AppleWebKit/537.36 (KHTML, like Gecko; compatible; ClaudeBot/1.0; +claudebot@anthropic.com)"
216.73.216.172 - - [14/Apr/2026:10:41:43 +0300] "GET /p/net12141600?id=2157858 HTTP/1.0" 404 2091 "-" "Mozilla/5.0 AppleWebKit/537.36 (KHTML, like Gecko; compatible; ClaudeBot/1.0; +claudebot@anthropic.com)"
66.249.76.231 - - [14/Apr/2026:10:41:40 +0300] "GET /p/disti52138092?id=2154350 HTTP/1.0" 200 26016 "-" "Mozilla/5.0 (Linux; Android 6.0.1; Nexus 5X Build/MMB29P) AppleWebKit/537.36 (KHTML, like Gecko) Chrome/146.0.7680.177 Mobile Safari/537.36 (compatible; Googlebot/2.1; +http://www.google.com/bot.html)"
216.73.216.172 - - [14/Apr/2026:10:41:46 +0300] "GET /p/recit40573235?id=589493 HTTP/1.0" 404 2091 "-" "Mozilla/5.0 AppleWebKit/537.36 (KHTML, like Gecko; compatible; ClaudeBot/1.0; +claudebot@anthropic.com)"
216.73.216.172 - - [14/Apr/2026:10:41:52 +0300] "GET /p/indis21698321?id=1714579 HTTP/1.0" 404 2188 "-" "Mozilla/5.0 AppleWebKit/537.36 (KHTML, like Gecko; compatible; ClaudeBot/1.0; +claudebot@anthropic.com)"
89.111.170.8 - - [14/Apr/2026:10:41:50 +0300] "GET / HTTP/1.0" 200 273999 "-" "https://reg.ru monitoring abuse@reg.ru"
216.73.216.172 - - [14/Apr/2026:10:41:54 +0300] "GET /p/violi12052720?id=2068978 HTTP/1.0" 404 2091 "-" "Mozilla/5.0 AppleWebKit/537.36 (KHTML, like Gecko; compatible; ClaudeBot/1.0; +claudebot@anthropic.com)"
216.73.216.172 - - [14/Apr/2026:10:41:57 +0300] "GET /p/wish52332340?id=2348598 HTTP/1.0" 404 2091 "-" "Mozilla/5.0 AppleWebKit/537.36 (KHTML, like Gecko; compatible; ClaudeBot/1.0; +claudebot@anthropic.com)"
66.249.76.231 - - [14/Apr/2026:10:42:00 +0300] "GET /p/kilo50860180?id=876438 HTTP/1.0" 200 27564 "-" "Mozilla/5.0 (Linux; Android 6.0.1; Nexus 5X Build/MMB29P) AppleWebKit/537.36 (KHTML, like Gecko) Chrome/146.0.7680.177 Mobile Safari/537.36 (compatible; Googlebot/2.1; +http://www.google.com/bot.html)"
74.7.227.38 - - [14/Apr/2026:10:42:10 +0300] "GET /p/packa31920802?id=1937060 HTTP/1.0" 404 2091 "https://region-saitov.ru/sitemape.xml" "Mozilla/5.0 AppleWebKit/537.36 (KHTML, like Gecko; compatible; GPTBot/1.3; +https://openai.com/gptbot)"
66.249.76.231 - - [14/Apr/2026:10:42:15 +0300] "GET /p/compu72704942?id=2721200 HTTP/1.0" 200 26763 "-" "Mozilla/5.0 (Linux; Android 6.0.1; Nexus 5X Build/MMB29P) AppleWebKit/537.36 (KHTML, like Gecko) Chrome/146.0.7680.177 Mobile Safari/537.36 (compatible; GoogleOther)"
94.154.35.236 - - [14/Apr/2026:10:42:24 +0300] "HEAD /backup/region-saitov.tar.gz HTTP/1.1" 301 0 "-" "Mozilla/5.0 (Windows NT 10.0; Win64; x64) AppleWebKit/537.36 (KHTML, like Gecko) Chrome/101.0.4951.67 Safari/537.36"
66.249.76.231 - - [14/Apr/2026:10:42:20 +0300] "GET /p/chess40536563?id=552821 HTTP/1.0" 200 27213 "-" "Mozilla/5.0 (Linux; Android 6.0.1; Nexus 5X Build/MMB29P) AppleWebKit/537.36 (KHTML, like Gecko) Chrome/146.0.7680.177 Mobile Safari/537.36 (compatible; Googlebot/2.1; +http://www.google.com/bot.html)"
94.154.35.236 - - [14/Apr/2026:10:42:24 +0300] "HEAD /backup/region-saitov.tar.gz HTTP/1.0" 404 554 "-" "Mozilla/5.0 (Windows NT 10.0; Win64; x64) AppleWebKit/537.36 (KHTML, like Gecko) Chrome/101.0.4951.67 Safari/537.36"
66.249.76.231 - - [14/Apr/2026:10:42:42 +0300] "GET /p/disab10081624?id=97882 HTTP/1.0" 200 25726 "-" "Mozilla/5.0 (Linux; Android 6.0.1; Nexus 5X Build/MMB29P) AppleWebKit/537.36 (KHTML, like Gecko) Chrome/146.0.7680.177 Mobile Safari/537.36 (compatible; Googlebot/2.1; +http://www.google.com/bot.html)"
74.7.227.38 - - [14/Apr/2026:10:42:50 +0300] "GET /p/cliff61598573?id=1614831 HTTP/1.0" 404 2091 "https://region-saitov.ru/sitemapa.xml" "Mozilla/5.0 AppleWebKit/537.36 (KHTML, like Gecko; compatible; GPTBot/1.3; +https://openai.com/gptbot)"
216.73.216.172 - - [14/Apr/2026:10:42:55 +0300] "GET /p/arran30386130?id=402388 HTTP/1.0" 404 2188 "-" "Mozilla/5.0 AppleWebKit/537.36 (KHTML, like Gecko; compatible; ClaudeBot/1.0; +claudebot@anthropic.com)"
216.73.216.172 - - [14/Apr/2026:10:42:58 +0300] "GET /p/curl11539080?id=1555338 HTTP/1.0" 404 2091 "-" "Mozilla/5.0 AppleWebKit/537.36 (KHTML, like Gecko; compatible; ClaudeBot/1.0; +claudebot@anthropic.com)"
216.73.216.172 - - [14/Apr/2026:10:43:01 +0300] "GET /p/commu61544317?id=1560575 HTTP/1.0" 404 2091 "-" "Mozilla/5.0 AppleWebKit/537.36 (KHTML, like Gecko; compatible; ClaudeBot/1.0; +claudebot@anthropic.com)"
66.249.70.2 - - [14/Apr/2026:10:43:02 +0300] "GET /p/how60736949?id=753207 HTTP/1.0" 200 25827 "-" "Mozilla/5.0 (Linux; Android 6.0.1; Nexus 5X Build/MMB29P) AppleWebKit/537.36 (KHTML, like Gecko) Chrome/146.0.7680.177 Mobile Safari/537.36 (compatible; Googlebot/2.1; +http://www.google.com/bot.html)"
216.73.216.172 - - [14/Apr/2026:10:43:07 +0300] "GET /p/men12975944?id=2992202 HTTP/1.0" 404 2188 "-" "Mozilla/5.0 AppleWebKit/537.36 (KHTML, like Gecko; compatible; ClaudeBot/1.0; +claudebot@anthropic.com)"
216.73.216.172 - - [14/Apr/2026:10:43:08 +0300] "GET /p/plung40170779?id=187037 HTTP/1.0" 404 2091 "-" "Mozilla/5.0 AppleWebKit/537.36 (KHTML, like Gecko; compatible; ClaudeBot/1.0; +claudebot@anthropic.com)"
66.249.76.233 - - [14/Apr/2026:10:43:04 +0300] "GET /p/subma30178770?id=195028 HTTP/1.0" 200 25644 "-" "Mozilla/5.0 (Linux; Android 6.0.1; Nexus 5X Build/MMB29P) AppleWebKit/537.36 (KHTML, like Gecko) Chrome/146.0.7680.177 Mobile Safari/537.36 (compatible; GoogleOther)"
216.73.216.172 - - [14/Apr/2026:10:43:11 +0300] "GET /p/ambul71214510?id=1230768 HTTP/1.0" 404 2091 "-" "Mozilla/5.0 AppleWebKit/537.36 (KHTML, like Gecko; compatible; ClaudeBot/1.0; +claudebot@anthropic.com)"
66.249.76.232 - - [14/Apr/2026:10:43:19 +0300] "GET /p/rolle30394882?id=411140 HTTP/1.0" 200 27179 "-" "Mozilla/5.0 (Linux; Android 6.0.1; Nexus 5X Build/MMB29P) AppleWebKit/537.36 (KHTML, like Gecko) Chrome/146.0.7680.177 Mobile Safari/537.36 (compatible; Googlebot/2.1; +http://www.google.com/bot.html)"
51.68.107.161 - - [14/Apr/2026:10:43:30 +0300] "GET /robots.txt HTTP/1.0" 200 420 "-" "Mozilla/5.0 (compatible; MJ12bot/v2.0.5; http://mj12bot.com/)"
74.7.227.38 - - [14/Apr/2026:10:43:32 +0300] "GET /p/nervo52533268?id=2549526 HTTP/1.0" 404 2091 "https://region-saitov.ru/sitemapa.xml" "Mozilla/5.0 AppleWebKit/537.36 (KHTML, like Gecko; compatible; GPTBot/1.3; +https://openai.com/gptbot)"
51.68.107.161 - - [14/Apr/2026:10:43:30 +0300] "GET / HTTP/1.0" 200 24117 "-" "Mozilla/5.0 (compatible; MJ12bot/v2.0.5; http://mj12bot.com/)"
66.249.70.1 - - [14/Apr/2026:10:43:42 +0300] "GET /p/wound51761260?id=1777518 HTTP/1.0" 200 26185 "-" "Mozilla/5.0 (Linux; Android 6.0.1; Nexus 5X Build/MMB29P) AppleWebKit/537.36 (KHTML, like Gecko) Chrome/146.0.7680.177 Mobile Safari/537.36 (compatible; Googlebot/2.1; +http://www.google.com/bot.html)"
178.178.211.69 - - [14/Apr/2026:10:43:47 +0300] "GET /rs-white.png HTTP/1.1" 200 2176 "https://dks.riat.ru/" "Mozilla/5.0 (Windows NT 10.0; Win64; x64) AppleWebKit/537.36 (KHTML, like Gecko) Chrome/144.0.0.0 YaBrowser/26.3.0.0 Safari/537.36"
