66.249.76.231 - - [14/Apr/2026:13:44:27 +0300] "GET /?shop/g/g91951495084/ HTTP/1.0" 200 24837 "-" "Mozilla/5.0 (Linux; Android 6.0.1; Nexus 5X Build/MMB29P) AppleWebKit/537.36 (KHTML, like Gecko) Chrome/146.0.7680.177 Mobile Safari/537.36 (compatible; Googlebot/2.1; +http://www.google.com/bot.html)"
66.249.70.1 - - [14/Apr/2026:13:44:32 +0300] "GET /?shop/g/g91951285671/ HTTP/1.0" 200 25014 "-" "Mozilla/5.0 (Linux; Android 6.0.1; Nexus 5X Build/MMB29P) AppleWebKit/537.36 (KHTML, like Gecko) Chrome/146.0.7680.177 Mobile Safari/537.36 (compatible; Googlebot/2.1; +http://www.google.com/bot.html)"
216.73.216.172 - - [14/Apr/2026:13:44:38 +0300] "GET /p/beef%2030207826?id=224084 HTTP/1.0" 500 185 "-" "Mozilla/5.0 AppleWebKit/537.36 (KHTML, like Gecko; compatible; ClaudeBot/1.0; +claudebot@anthropic.com)"
66.249.76.231 - - [14/Apr/2026:13:44:37 +0300] "GET /?shop/g/g91951398960/ HTTP/1.0" 200 25101 "-" "Mozilla/5.0 (Linux; Android 6.0.1; Nexus 5X Build/MMB29P) AppleWebKit/537.36 (KHTML, like Gecko) Chrome/146.0.7680.177 Mobile Safari/537.36 (compatible; Googlebot/2.1; +http://www.google.com/bot.html)"
188.124.255.93 - - [14/Apr/2026:13:44:47 +0300] "GET /rs-grey.png HTTP/1.1" 200 2424 "https://www.xn--7-9sbeamc3b1argoh9m.xn--p1ai/" "Mozilla/5.0 (Linux; Android 10; K) AppleWebKit/537.36 (KHTML, like Gecko) Chrome/147.0.0.0 Mobile Safari/537.36"
66.249.70.1 - - [14/Apr/2026:13:44:47 +0300] "GET /?shop/g/g91972059692/ HTTP/1.0" 200 24627 "-" "Mozilla/5.0 (Linux; Android 6.0.1; Nexus 5X Build/MMB29P) AppleWebKit/537.36 (KHTML, like Gecko) Chrome/146.0.7680.177 Mobile Safari/537.36 (compatible; Googlebot/2.1; +http://www.google.com/bot.html)"
66.249.70.1 - - [14/Apr/2026:13:44:52 +0300] "GET /?shop/g/g91951405826/ HTTP/1.0" 200 25822 "-" "Mozilla/5.0 (Linux; Android 6.0.1; Nexus 5X Build/MMB29P) AppleWebKit/537.36 (KHTML, like Gecko) Chrome/146.0.7680.177 Mobile Safari/537.36 (compatible; Googlebot/2.1; +http://www.google.com/bot.html)"
66.249.70.2 - - [14/Apr/2026:13:44:57 +0300] "GET /?shop/g/g91961654286/ HTTP/1.0" 200 26168 "-" "Mozilla/5.0 (Linux; Android 6.0.1; Nexus 5X Build/MMB29P) AppleWebKit/537.36 (KHTML, like Gecko) Chrome/146.0.7680.177 Mobile Safari/537.36 (compatible; Googlebot/2.1; +http://www.google.com/bot.html)"
74.7.227.38 - - [14/Apr/2026:13:45:07 +0300] "GET /p/howev40960379?id=976637 HTTP/1.0" 500 185 "https://region-saitov.ru/sitemapa.xml" "Mozilla/5.0 AppleWebKit/537.36 (KHTML, like Gecko; compatible; GPTBot/1.3; +https://openai.com/gptbot)"
66.249.76.231 - - [14/Apr/2026:13:45:07 +0300] "GET /?shop/g/g91951089990/ HTTP/1.0" 200 24812 "-" "Mozilla/5.0 (Linux; Android 6.0.1; Nexus 5X Build/MMB29P) AppleWebKit/537.36 (KHTML, like Gecko) Chrome/146.0.7680.177 Mobile Safari/537.36 (compatible; Googlebot/2.1; +http://www.google.com/bot.html)"
66.249.70.1 - - [14/Apr/2026:13:45:12 +0300] "GET /?shop/g/g91961532847/ HTTP/1.0" 200 25160 "-" "Mozilla/5.0 (Linux; Android 6.0.1; Nexus 5X Build/MMB29P) AppleWebKit/537.36 (KHTML, like Gecko) Chrome/146.0.7680.177 Mobile Safari/537.36 (compatible; Googlebot/2.1; +http://www.google.com/bot.html)"
216.73.216.172 - - [14/Apr/2026:13:45:16 +0300] "GET /p/miser80670247?id=686505 HTTP/1.0" 500 185 "-" "Mozilla/5.0 AppleWebKit/537.36 (KHTML, like Gecko; compatible; ClaudeBot/1.0; +claudebot@anthropic.com)"
66.249.76.231 - - [14/Apr/2026:13:45:21 +0300] "GET /?shop/g/g91951436723/ HTTP/1.0" 200 25183 "-" "Mozilla/5.0 (Linux; Android 6.0.1; Nexus 5X Build/MMB29P) AppleWebKit/537.36 (KHTML, like Gecko) Chrome/146.0.7680.177 Mobile Safari/537.36 (compatible; Googlebot/2.1; +http://www.google.com/bot.html)"
66.249.76.231 - - [14/Apr/2026:13:45:26 +0300] "GET /?shop/g/g91972215873/ HTTP/1.0" 200 25449 "-" "Mozilla/5.0 (Linux; Android 6.0.1; Nexus 5X Build/MMB29P) AppleWebKit/537.36 (KHTML, like Gecko) Chrome/146.0.7680.177 Mobile Safari/537.36 (compatible; Googlebot/2.1; +http://www.google.com/bot.html)"
66.249.70.1 - - [14/Apr/2026:13:45:39 +0300] "GET /?shop/g/g91951196413/ HTTP/1.0" 200 25359 "-" "Mozilla/5.0 (Linux; Android 6.0.1; Nexus 5X Build/MMB29P) AppleWebKit/537.36 (KHTML, like Gecko) Chrome/146.0.7680.177 Mobile Safari/537.36 (compatible; Googlebot/2.1; +http://www.google.com/bot.html)"
178.206.178.224 - - [14/Apr/2026:13:45:46 +0300] "GET /cdh.mp4 HTTP/1.0" 304 148 "https://cdh-implant.ru/" "Mozilla/5.0 (Linux; Android 16; 25062RN2DY Build/BP2A.250605.031.A3; wv) AppleWebKit/537.36 (KHTML, like Gecko) Version/4.0 Chrome/146.0.7680.177 Mobile Safari/537.36"
178.206.178.224 - - [14/Apr/2026:13:45:46 +0300] "GET /cdh.mp4 HTTP/1.0" 206 21480425 "https://cdh-implant.ru/" "Mozilla/5.0 (Linux; Android 16; 25062RN2DY Build/BP2A.250605.031.A3; wv) AppleWebKit/537.36 (KHTML, like Gecko) Version/4.0 Chrome/146.0.7680.177 Mobile Safari/537.36"
178.206.178.224 - - [14/Apr/2026:13:45:47 +0300] "GET /cdh.mp4 HTTP/1.0" 206 55839 "https://cdh-implant.ru/" "Mozilla/5.0 (Linux; Android 16; 25062RN2DY Build/BP2A.250605.031.A3; wv) AppleWebKit/537.36 (KHTML, like Gecko) Version/4.0 Chrome/146.0.7680.177 Mobile Safari/537.36"
66.249.70.1 - - [14/Apr/2026:13:45:44 +0300] "GET /?shop/g/g91951059093/ HTTP/1.0" 200 24969 "-" "Mozilla/5.0 (Linux; Android 6.0.1; Nexus 5X Build/MMB29P) AppleWebKit/537.36 (KHTML, like Gecko) Chrome/146.0.7680.177 Mobile Safari/537.36 (compatible; Googlebot/2.1; +http://www.google.com/bot.html)"
89.111.170.8 - - [14/Apr/2026:13:45:49 +0300] "GET / HTTP/1.0" 500 185 "-" "https://reg.ru monitoring abuse@reg.ru"
66.249.70.1 - - [14/Apr/2026:13:45:49 +0300] "GET /?shop/g/g91961512249/ HTTP/1.0" 200 25052 "-" "Mozilla/5.0 (Linux; Android 6.0.1; Nexus 5X Build/MMB29P) AppleWebKit/537.36 (KHTML, like Gecko) Chrome/146.0.7680.177 Mobile Safari/537.36 (compatible; Googlebot/2.1; +http://www.google.com/bot.html)"
66.249.76.231 - - [14/Apr/2026:13:45:53 +0300] "GET /?shop/g/g91972086276/ HTTP/1.0" 200 25139 "-" "Mozilla/5.0 (Linux; Android 6.0.1; Nexus 5X Build/MMB29P) AppleWebKit/537.36 (KHTML, like Gecko) Chrome/146.0.7680.177 Mobile Safari/537.36 (compatible; Googlebot/2.1; +http://www.google.com/bot.html)"
66.249.76.231 - - [14/Apr/2026:13:45:58 +0300] "GET /?shop/g/g91951192980/ HTTP/1.0" 200 25094 "-" "Mozilla/5.0 (Linux; Android 6.0.1; Nexus 5X Build/MMB29P) AppleWebKit/537.36 (KHTML, like Gecko) Chrome/146.0.7680.177 Mobile Safari/537.36 (compatible; Googlebot/2.1; +http://www.google.com/bot.html)"
66.249.76.231 - - [14/Apr/2026:13:46:04 +0300] "GET /p/brim71550998?id=1567256 HTTP/1.0" 200 24425 "-" "Mozilla/5.0 (Linux; Android 6.0.1; Nexus 5X Build/MMB29P) AppleWebKit/537.36 (KHTML, like Gecko) Chrome/146.0.7680.177 Mobile Safari/537.36 (compatible; GoogleOther)"
74.7.227.38 - - [14/Apr/2026:13:46:09 +0300] "GET /p/innoc50933908?id=950166 HTTP/1.0" 500 185 "https://region-saitov.ru/sitemapa.xml" "Mozilla/5.0 AppleWebKit/537.36 (KHTML, like Gecko; compatible; GPTBot/1.3; +https://openai.com/gptbot)"
66.249.76.231 - - [14/Apr/2026:13:46:09 +0300] "GET /?shop/g/g91972249103/ HTTP/1.0" 200 24785 "-" "Mozilla/5.0 (Linux; Android 6.0.1; Nexus 5X Build/MMB29P) AppleWebKit/537.36 (KHTML, like Gecko) Chrome/146.0.7680.177 Mobile Safari/537.36 (compatible; Googlebot/2.1; +http://www.google.com/bot.html)"
66.249.70.1 - - [14/Apr/2026:13:46:14 +0300] "GET /?shop/g/g9194973268/ HTTP/1.0" 200 24585 "-" "Mozilla/5.0 (Linux; Android 6.0.1; Nexus 5X Build/MMB29P) AppleWebKit/537.36 (KHTML, like Gecko) Chrome/146.0.7680.177 Mobile Safari/537.36 (compatible; Googlebot/2.1; +http://www.google.com/bot.html)"
103.4.250.2 - - [14/Apr/2026:13:46:18 +0300] "GET / HTTP/1.0" 500 185 "-" "Mozilla/5.0 (X11; Linux x86_64) AppleWebKit/537.36 (KHTML, like Gecko) Chrome/116.0.0.0 Safari/537.36"
62.106.76.148 - - [14/Apr/2026:13:46:22 +0300] "GET /rs-grey.png HTTP/1.1" 200 2424 "https://www.xn--7-9sbeamc3b1argoh9m.xn--p1ai/" "Mozilla/5.0 (Windows NT 10.0; Win64; x64) AppleWebKit/537.36 (KHTML, like Gecko) Chrome/147.0.0.0 Safari/537.36"
66.249.70.1 - - [14/Apr/2026:13:46:20 +0300] "GET /?shop/g/g91951361197/ HTTP/1.0" 200 25210 "-" "Mozilla/5.0 (Linux; Android 6.0.1; Nexus 5X Build/MMB29P) AppleWebKit/537.36 (KHTML, like Gecko) Chrome/146.0.7680.177 Mobile Safari/537.36 (compatible; Googlebot/2.1; +http://www.google.com/bot.html)"
66.249.70.1 - - [14/Apr/2026:13:46:25 +0300] "GET /?shop/g/g91961587775/ HTTP/1.0" 200 25212 "-" "Mozilla/5.0 (Linux; Android 6.0.1; Nexus 5X Build/MMB29P) AppleWebKit/537.36 (KHTML, like Gecko) Chrome/146.0.7680.177 Mobile Safari/537.36 (compatible; Googlebot/2.1; +http://www.google.com/bot.html)"
103.4.250.47 - - [14/Apr/2026:13:46:28 +0300] "GET / HTTP/1.0" 500 185 "-" "Mozilla/5.0 (Windows NT 10.0; Win64; x64) AppleWebKit/537.36 (KHTML, like Gecko) Chrome/117.0.0.0 Safari/537.36"
66.249.76.231 - - [14/Apr/2026:13:46:31 +0300] "GET /?shop/g/g91972079630/ HTTP/1.0" 200 25842 "-" "Mozilla/5.0 (Linux; Android 6.0.1; Nexus 5X Build/MMB29P) AppleWebKit/537.36 (KHTML, like Gecko) Chrome/146.0.7680.177 Mobile Safari/537.36 (compatible; Googlebot/2.1; +http://www.google.com/bot.html)"
66.249.70.1 - - [14/Apr/2026:13:46:36 +0300] "GET /?shop/g/g91951028196/ HTTP/1.0" 200 24860 "-" "Mozilla/5.0 (Linux; Android 6.0.1; Nexus 5X Build/MMB29P) AppleWebKit/537.36 (KHTML, like Gecko) Chrome/146.0.7680.177 Mobile Safari/537.36 (compatible; Googlebot/2.1; +http://www.google.com/bot.html)"
66.249.76.231 - - [14/Apr/2026:13:46:41 +0300] "GET /?shop/g/g91972156059/ HTTP/1.0" 200 24645 "-" "Mozilla/5.0 (Linux; Android 6.0.1; Nexus 5X Build/MMB29P) AppleWebKit/537.36 (KHTML, like Gecko) Chrome/146.0.7680.177 Mobile Safari/537.36 (compatible; Googlebot/2.1; +http://www.google.com/bot.html)"
216.73.216.172 - - [14/Apr/2026:13:46:46 +0300] "GET /p/hello20589721?id=605979 HTTP/1.0" 500 185 "-" "Mozilla/5.0 AppleWebKit/537.36 (KHTML, like Gecko; compatible; ClaudeBot/1.0; +claudebot@anthropic.com)"
66.249.76.231 - - [14/Apr/2026:13:46:46 +0300] "GET /p/cross70496854?id=513112 HTTP/1.0" 200 25854 "-" "Mozilla/5.0 (Linux; Android 6.0.1; Nexus 5X Build/MMB29P) AppleWebKit/537.36 (KHTML, like Gecko) Chrome/146.0.7680.177 Mobile Safari/537.36 (compatible; GoogleOther)"
216.73.216.172 - - [14/Apr/2026:13:46:50 +0300] "GET /p/coil70878622?id=894880 HTTP/1.0" 500 185 "-" "Mozilla/5.0 AppleWebKit/537.36 (KHTML, like Gecko; compatible; ClaudeBot/1.0; +claudebot@anthropic.com)"
66.249.70.1 - - [14/Apr/2026:13:46:51 +0300] "GET /?shop/g/g91972019816/ HTTP/1.0" 200 24899 "-" "Mozilla/5.0 (Linux; Android 6.0.1; Nexus 5X Build/MMB29P) AppleWebKit/537.36 (KHTML, like Gecko) Chrome/146.0.7680.177 Mobile Safari/537.36 (compatible; Googlebot/2.1; +http://www.google.com/bot.html)"
66.249.70.2 - - [14/Apr/2026:13:46:56 +0300] "GET /?shop/g/g91961996555/ HTTP/1.0" 200 25139 "-" "Mozilla/5.0 (Linux; Android 6.0.1; Nexus 5X Build/MMB29P) AppleWebKit/537.36 (KHTML, like Gecko) Chrome/146.0.7680.177 Mobile Safari/537.36 (compatible; Googlebot/2.1; +http://www.google.com/bot.html)"
66.249.70.1 - - [14/Apr/2026:13:47:01 +0300] "GET /?shop/g/g91972036431/ HTTP/1.0" 200 24230 "-" "Mozilla/5.0 (Linux; Android 6.0.1; Nexus 5X Build/MMB29P) AppleWebKit/537.36 (KHTML, like Gecko) Chrome/146.0.7680.177 Mobile Safari/537.36 (compatible; Googlebot/2.1; +http://www.google.com/bot.html)"
94.77.30.140 - - [14/Apr/2026:13:47:07 +0300] "GET /cdh.mp4 HTTP/1.0" 206 16523604 "https://cdh-implant.ru/" "Mozilla/5.0 (Linux; Android 10; K) AppleWebKit/537.36 (KHTML, like Gecko) Chrome/146.0.0.0 Mobile Safari/537.36"
94.77.30.140 - - [14/Apr/2026:13:47:07 +0300] "GET /cdh.mp4 HTTP/1.0" 206 55839 "https://cdh-implant.ru/" "Mozilla/5.0 (Linux; Android 10; K) AppleWebKit/537.36 (KHTML, like Gecko) Chrome/146.0.0.0 Mobile Safari/537.36"
94.77.30.140 - - [14/Apr/2026:13:47:08 +0300] "GET /cdh.mp4 HTTP/1.0" 206 21594735 "https://cdh-implant.ru/" "Mozilla/5.0 (Linux; Android 10; K) AppleWebKit/537.36 (KHTML, like Gecko) Chrome/146.0.0.0 Mobile Safari/537.36"
116.203.242.227 - - [14/Apr/2026:13:47:06 +0300] "GET /.git/config HTTP/1.0" 500 185 "-" "Mozilla/5.0 (Linux; Android 13; SM-A546B) AppleWebKit/537.36 (KHTML, like Gecko) Chrome/131.0.0.0 Mobile Safari/537.36"
116.203.242.227 - - [14/Apr/2026:13:47:08 +0300] "GET /.git/config HTTP/1.0" 500 185 "https://news.ycombinator.com/" "Mozilla/5.0 (Linux; Android 13; SM-A546B) AppleWebKit/537.36 (KHTML, like Gecko) Chrome/131.0.0.0 Mobile Safari/537.36"
116.203.242.227 - - [14/Apr/2026:13:47:11 +0300] "GET /.git/config HTTP/1.0" 500 185 "-" "Mozilla/5.0 (Linux; Android 13; SM-A546B) AppleWebKit/537.36 (KHTML, like Gecko) Chrome/131.0.0.0 Mobile Safari/537.36"
74.7.227.38 - - [14/Apr/2026:13:47:14 +0300] "GET /p/these70752750?id=769008 HTTP/1.0" 500 185 "https://region-saitov.ru/sitemape.xml" "Mozilla/5.0 AppleWebKit/537.36 (KHTML, like Gecko; compatible; GPTBot/1.3; +https://openai.com/gptbot)"
66.249.70.1 - - [14/Apr/2026:13:47:11 +0300] "GET /?shop/g/g91972006524/ HTTP/1.0" 200 25530 "-" "Mozilla/5.0 (Linux; Android 6.0.1; Nexus 5X Build/MMB29P) AppleWebKit/537.36 (KHTML, like Gecko) Chrome/146.0.7680.177 Mobile Safari/537.36 (compatible; Googlebot/2.1; +http://www.google.com/bot.html)"
66.249.70.1 - - [14/Apr/2026:13:47:16 +0300] "GET /?shop/g/g91961940064/ HTTP/1.0" 200 24479 "-" "Mozilla/5.0 (Linux; Android 6.0.1; Nexus 5X Build/MMB29P) AppleWebKit/537.36 (KHTML, like Gecko) Chrome/146.0.7680.177 Mobile Safari/537.36 (compatible; Googlebot/2.1; +http://www.google.com/bot.html)"
66.249.76.231 - - [14/Apr/2026:13:47:21 +0300] "GET /?shop/g/g91972106214/ HTTP/1.0" 200 24703 "-" "Mozilla/5.0 (Linux; Android 6.0.1; Nexus 5X Build/MMB29P) AppleWebKit/537.36 (KHTML, like Gecko) Chrome/146.0.7680.177 Mobile Safari/537.36 (compatible; Googlebot/2.1; +http://www.google.com/bot.html)"
66.249.70.1 - - [14/Apr/2026:13:47:26 +0300] "GET /?shop/g/g91951392094/ HTTP/1.0" 200 26131 "-" "Mozilla/5.0 (Linux; Android 6.0.1; Nexus 5X Build/MMB29P) AppleWebKit/537.36 (KHTML, like Gecko) Chrome/146.0.7680.177 Mobile Safari/537.36 (compatible; Googlebot/2.1; +http://www.google.com/bot.html)"
66.249.76.231 - - [14/Apr/2026:13:47:36 +0300] "GET /?shop/g/g91972146090/ HTTP/1.0" 200 25143 "-" "Mozilla/5.0 (Linux; Android 6.0.1; Nexus 5X Build/MMB29P) AppleWebKit/537.36 (KHTML, like Gecko) Chrome/146.0.7680.177 Mobile Safari/537.36 (compatible; Googlebot/2.1; +http://www.google.com/bot.html)"
81.222.188.51 - - [14/Apr/2026:13:47:43 +0300] "GET /cdh.mp4 HTTP/1.0" 206 21715483 "https://cdh-implant.ru/" "Mozilla/5.0 (Linux; Android 10; K) AppleWebKit/537.36 (KHTML, like Gecko) Chrome/138.0.0.0 Mobile Safari/537.36"
81.222.188.51 - - [14/Apr/2026:13:47:43 +0300] "GET /cdh.mp4 HTTP/1.0" 206 55839 "https://cdh-implant.ru/" "Mozilla/5.0 (Linux; Android 10; K) AppleWebKit/537.36 (KHTML, like Gecko) Chrome/138.0.0.0 Mobile Safari/537.36"
81.222.188.51 - - [14/Apr/2026:13:47:44 +0300] "GET /cdh.mp4 HTTP/1.0" 206 21561967 "https://cdh-implant.ru/" "Mozilla/5.0 (Linux; Android 10; K) AppleWebKit/537.36 (KHTML, like Gecko) Chrome/138.0.0.0 Mobile Safari/537.36"
66.249.76.231 - - [14/Apr/2026:13:47:40 +0300] "GET /?shop/g/g91951488218/ HTTP/1.0" 200 24769 "-" "Mozilla/5.0 (Linux; Android 6.0.1; Nexus 5X Build/MMB29P) AppleWebKit/537.36 (KHTML, like Gecko) Chrome/146.0.7680.177 Mobile Safari/537.36 (compatible; Googlebot/2.1; +http://www.google.com/bot.html)"
66.249.70.1 - - [14/Apr/2026:13:47:45 +0300] "GET /?shop/g/g91951378362/ HTTP/1.0" 200 24766 "-" "Mozilla/5.0 (Linux; Android 6.0.1; Nexus 5X Build/MMB29P) AppleWebKit/537.36 (KHTML, like Gecko) Chrome/146.0.7680.177 Mobile Safari/537.36 (compatible; Googlebot/2.1; +http://www.google.com/bot.html)"
66.249.76.231 - - [14/Apr/2026:13:47:55 +0300] "GET /?shop/g/g91951083124/ HTTP/1.0" 200 24712 "-" "Mozilla/5.0 (Linux; Android 6.0.1; Nexus 5X Build/MMB29P) AppleWebKit/537.36 (KHTML, like Gecko) Chrome/146.0.7680.177 Mobile Safari/537.36 (compatible; Googlebot/2.1; +http://www.google.com/bot.html)"
66.249.70.2 - - [14/Apr/2026:13:48:00 +0300] "GET /?shop/g/g91951031629/ HTTP/1.0" 200 24488 "-" "Mozilla/5.0 (Linux; Android 6.0.1; Nexus 5X Build/MMB29P) AppleWebKit/537.36 (KHTML, like Gecko) Chrome/146.0.7680.177 Mobile Safari/537.36 (compatible; Googlebot/2.1; +http://www.google.com/bot.html)"
66.249.76.231 - - [14/Apr/2026:13:48:04 +0300] "GET /?shop/g/g91972235811/ HTTP/1.0" 200 24477 "-" "Mozilla/5.0 (Linux; Android 6.0.1; Nexus 5X Build/MMB29P) AppleWebKit/537.36 (KHTML, like Gecko) Chrome/146.0.7680.177 Mobile Safari/537.36 (compatible; Googlebot/2.1; +http://www.google.com/bot.html)"
216.73.216.172 - - [14/Apr/2026:13:48:14 +0300] "GET /p/catch80645647?id=661905 HTTP/1.0" 500 185 "-" "Mozilla/5.0 AppleWebKit/537.36 (KHTML, like Gecko; compatible; ClaudeBot/1.0; +claudebot@anthropic.com)"
74.7.227.38 - - [14/Apr/2026:13:48:17 +0300] "GET /p/notio10423752?id=440010 HTTP/1.0" 500 185 "https://region-saitov.ru/sitemapa.xml" "Mozilla/5.0 AppleWebKit/537.36 (KHTML, like Gecko; compatible; GPTBot/1.3; +https://openai.com/gptbot)"
66.249.70.1 - - [14/Apr/2026:13:48:14 +0300] "GET /?shop/g/g91951330300/ HTTP/1.0" 200 25278 "-" "Mozilla/5.0 (Linux; Android 6.0.1; Nexus 5X Build/MMB29P) AppleWebKit/537.36 (KHTML, like Gecko) Chrome/146.0.7680.177 Mobile Safari/537.36 (compatible; Googlebot/2.1; +http://www.google.com/bot.html)"
66.249.70.1 - - [14/Apr/2026:13:48:19 +0300] "GET /?shop/g/g91961936741/ HTTP/1.0" 200 24670 "-" "Mozilla/5.0 (Linux; Android 6.0.1; Nexus 5X Build/MMB29P) AppleWebKit/537.36 (KHTML, like Gecko) Chrome/146.0.7680.177 Mobile Safari/537.36 (compatible; Googlebot/2.1; +http://www.google.com/bot.html)"
92.255.248.148 - - [14/Apr/2026:13:48:23 +0300] "GET /cdh.mp4 HTTP/1.0" 206 19055841 "https://cdh-implant.ru/" "Mozilla/5.0 (Windows NT 10.0; Win64; x64) AppleWebKit/537.36 (KHTML, like Gecko) Chrome/134.0.0.0 YaBrowser/25.4.0.0 Safari/537.36"
66.249.76.231 - - [14/Apr/2026:13:48:23 +0300] "GET /?shop/g/g91961946710/ HTTP/1.0" 200 24405 "-" "Mozilla/5.0 (Linux; Android 6.0.1; Nexus 5X Build/MMB29P) AppleWebKit/537.36 (KHTML, like Gecko) Chrome/146.0.7680.177 Mobile Safari/537.36 (compatible; Googlebot/2.1; +http://www.google.com/bot.html)"
66.249.70.1 - - [14/Apr/2026:13:48:28 +0300] "GET /?shop/g/g91951048794/ HTTP/1.0" 200 24634 "-" "Mozilla/5.0 (Linux; Android 6.0.1; Nexus 5X Build/MMB29P) AppleWebKit/537.36 (KHTML, like Gecko) Chrome/146.0.7680.177 Mobile Safari/537.36 (compatible; Googlebot/2.1; +http://www.google.com/bot.html)"
66.249.70.1 - - [14/Apr/2026:13:48:33 +0300] "GET /?shop/g/g91972053046/ HTTP/1.0" 200 24534 "-" "Mozilla/5.0 (Linux; Android 6.0.1; Nexus 5X Build/MMB29P) AppleWebKit/537.36 (KHTML, like Gecko) Chrome/146.0.7680.177 Mobile Safari/537.36 (compatible; Googlebot/2.1; +http://www.google.com/bot.html)"
66.249.76.231 - - [14/Apr/2026:13:48:38 +0300] "GET /?shop/g/g91972199258/ HTTP/1.0" 200 25203 "-" "Mozilla/5.0 (Linux; Android 6.0.1; Nexus 5X Build/MMB29P) AppleWebKit/537.36 (KHTML, like Gecko) Chrome/146.0.7680.177 Mobile Safari/537.36 (compatible; Googlebot/2.1; +http://www.google.com/bot.html)"
216.73.216.172 - - [14/Apr/2026:13:48:45 +0300] "GET /p/three11265120?id=1281378 HTTP/1.0" 500 185 "-" "Mozilla/5.0 AppleWebKit/537.36 (KHTML, like Gecko; compatible; ClaudeBot/1.0; +claudebot@anthropic.com)"
66.249.70.1 - - [14/Apr/2026:13:48:42 +0300] "GET /?shop/g/g91961580909/ HTTP/1.0" 200 25165 "-" "Mozilla/5.0 (Linux; Android 6.0.1; Nexus 5X Build/MMB29P) AppleWebKit/537.36 (KHTML, like Gecko) Chrome/146.0.7680.177 Mobile Safari/537.36 (compatible; Googlebot/2.1; +http://www.google.com/bot.html)"
94.77.30.140 - - [14/Apr/2026:13:48:53 +0300] "GET /cdh.mp4 HTTP/1.0" 206 21382055 "https://cdh-implant.ru/" "Mozilla/5.0 (Linux; Android 10; K) AppleWebKit/537.36 (KHTML, like Gecko) Chrome/146.0.0.0 Mobile Safari/537.36"
94.77.30.140 - - [14/Apr/2026:13:48:53 +0300] "GET /cdh.mp4 HTTP/1.0" 206 21218527 "https://cdh-implant.ru/" "Mozilla/5.0 (Linux; Android 10; K) AppleWebKit/537.36 (KHTML, like Gecko) Chrome/146.0.0.0 Mobile Safari/537.36"
66.249.76.231 - - [14/Apr/2026:13:48:52 +0300] "GET /?shop/g/g91961594641/ HTTP/1.0" 200 25585 "-" "Mozilla/5.0 (Linux; Android 6.0.1; Nexus 5X Build/MMB29P) AppleWebKit/537.36 (KHTML, like Gecko) Chrome/146.0.7680.177 Mobile Safari/537.36 (compatible; Googlebot/2.1; +http://www.google.com/bot.html)"
66.249.70.1 - - [14/Apr/2026:13:48:57 +0300] "GET /?shop/g/g91951179248/ HTTP/1.0" 200 24996 "-" "Mozilla/5.0 (Linux; Android 6.0.1; Nexus 5X Build/MMB29P) AppleWebKit/537.36 (KHTML, like Gecko) Chrome/146.0.7680.177 Mobile Safari/537.36 (compatible; Googlebot/2.1; +http://www.google.com/bot.html)"
89.111.141.101 - - [14/Apr/2026:13:49:06 +0300] "GET / HTTP/1.0" 500 185 "-" "https://reg.ru monitoring abuse@reg.ru"
66.249.70.1 - - [14/Apr/2026:13:49:07 +0300] "GET /?shop/g/g91961963325/ HTTP/1.0" 200 25323 "-" "Mozilla/5.0 (Linux; Android 6.0.1; Nexus 5X Build/MMB29P) AppleWebKit/537.36 (KHTML, like Gecko) Chrome/146.0.7680.177 Mobile Safari/537.36 (compatible; Googlebot/2.1; +http://www.google.com/bot.html)"
66.249.76.231 - - [14/Apr/2026:13:49:12 +0300] "GET /?shop/g/g91951134619/ HTTP/1.0" 200 24450 "-" "Mozilla/5.0 (Linux; Android 6.0.1; Nexus 5X Build/MMB29P) AppleWebKit/537.36 (KHTML, like Gecko) Chrome/146.0.7680.177 Mobile Safari/537.36 (compatible; Googlebot/2.1; +http://www.google.com/bot.html)"
74.7.227.38 - - [14/Apr/2026:13:49:19 +0300] "GET /p/dinne20920553?id=936811 HTTP/1.0" 500 185 "https://region-saitov.ru/sitemape.xml" "Mozilla/5.0 AppleWebKit/537.36 (KHTML, like Gecko; compatible; GPTBot/1.3; +https://openai.com/gptbot)"
66.249.70.1 - - [14/Apr/2026:13:49:17 +0300] "GET /?shop/g/g91972109537/ HTTP/1.0" 200 25469 "-" "Mozilla/5.0 (Linux; Android 6.0.1; Nexus 5X Build/MMB29P) AppleWebKit/537.36 (KHTML, like Gecko) Chrome/146.0.7680.177 Mobile Safari/537.36 (compatible; Googlebot/2.1; +http://www.google.com/bot.html)"
92.242.60.14 - - [14/Apr/2026:13:49:21 +0300] "GET / HTTP/1.0" 500 185 "-" "https://reg.ru monitoring abuse@reg.ru"
66.249.76.231 - - [14/Apr/2026:13:49:27 +0300] "GET /?shop/g/g91972161306/ HTTP/1.0" 200 24304 "-" "Mozilla/5.0 (Linux; Android 6.0.1; Nexus 5X Build/MMB29P) AppleWebKit/537.36 (KHTML, like Gecko) Chrome/146.0.7680.177 Mobile Safari/537.36 (compatible; Googlebot/2.1; +http://www.google.com/bot.html)"
66.249.70.1 - - [14/Apr/2026:13:49:32 +0300] "GET /?shop/g/g91972026462/ HTTP/1.0" 200 24658 "-" "Mozilla/5.0 (Linux; Android 6.0.1; Nexus 5X Build/MMB29P) AppleWebKit/537.36 (KHTML, like Gecko) Chrome/146.0.7680.177 Mobile Safari/537.36 (compatible; Googlebot/2.1; +http://www.google.com/bot.html)"
216.73.216.172 - - [14/Apr/2026:13:49:36 +0300] "GET /p/those62048917?id=2065175 HTTP/1.0" 500 185 "-" "Mozilla/5.0 AppleWebKit/537.36 (KHTML, like Gecko; compatible; ClaudeBot/1.0; +claudebot@anthropic.com)"
216.73.216.172 - - [14/Apr/2026:13:49:40 +0300] "GET /p/digit60042837?id=59095 HTTP/1.0" 500 185 "-" "Mozilla/5.0 AppleWebKit/537.36 (KHTML, like Gecko; compatible; ClaudeBot/1.0; +claudebot@anthropic.com)"
66.249.70.1 - - [14/Apr/2026:13:49:37 +0300] "GET /p/axis20258865?id=275123 HTTP/1.0" 200 25663 "-" "Mozilla/5.0 (Linux; Android 6.0.1; Nexus 5X Build/MMB29P) AppleWebKit/537.36 (KHTML, like Gecko) Chrome/146.0.7680.177 Mobile Safari/537.36 (compatible; GoogleOther)"
66.249.70.1 - - [14/Apr/2026:13:49:42 +0300] "GET /?shop/g/g91972096245/ HTTP/1.0" 200 25322 "-" "Mozilla/5.0 (Linux; Android 6.0.1; Nexus 5X Build/MMB29P) AppleWebKit/537.36 (KHTML, like Gecko) Chrome/146.0.7680.177 Mobile Safari/537.36 (compatible; Googlebot/2.1; +http://www.google.com/bot.html)"
85.140.2.61 - - [14/Apr/2026:13:49:54 +0300] "GET /rs-blue.png HTTP/1.1" 200 2931 "https://mc-tabib.ru/" "Mozilla/5.0 (iPhone; CPU iPhone OS 17_6_1 like Mac OS X) AppleWebKit/605.1.15 (KHTML, like Gecko) Version/17.0 YaBrowser/26.3.7.265.10 SA/3 Mobile/15E148 Safari/604.1"
66.249.70.1 - - [14/Apr/2026:13:49:52 +0300] "GET /?shop/g/g91972179320/ HTTP/1.0" 200 24918 "-" "Mozilla/5.0 (Linux; Android 6.0.1; Nexus 5X Build/MMB29P) AppleWebKit/537.36 (KHTML, like Gecko) Chrome/146.0.7680.177 Mobile Safari/537.36 (compatible; Googlebot/2.1; +http://www.google.com/bot.html)"
216.73.216.172 - - [14/Apr/2026:13:49:58 +0300] "GET /p/tropi21395073?id=1411331 HTTP/1.0" 500 185 "-" "Mozilla/5.0 AppleWebKit/537.36 (KHTML, like Gecko; compatible; ClaudeBot/1.0; +claudebot@anthropic.com)"
66.249.76.231 - - [14/Apr/2026:13:49:57 +0300] "GET /?shop/g/g91951453888/ HTTP/1.0" 200 25345 "-" "Mozilla/5.0 (Linux; Android 6.0.1; Nexus 5X Build/MMB29P) AppleWebKit/537.36 (KHTML, like Gecko) Chrome/146.0.7680.177 Mobile Safari/537.36 (compatible; Googlebot/2.1; +http://www.google.com/bot.html)"
216.73.216.172 - - [14/Apr/2026:13:50:02 +0300] "GET /p/lab40216883?id=233141 HTTP/1.0" 500 185 "-" "Mozilla/5.0 AppleWebKit/537.36 (KHTML, like Gecko; compatible; ClaudeBot/1.0; +claudebot@anthropic.com)"
66.249.70.1 - - [14/Apr/2026:13:50:02 +0300] "GET /?shop/g/g91972296385/ HTTP/1.0" 200 24896 "-" "Mozilla/5.0 (Linux; Android 6.0.1; Nexus 5X Build/MMB29P) AppleWebKit/537.36 (KHTML, like Gecko) Chrome/146.0.7680.177 Mobile Safari/537.36 (compatible; Googlebot/2.1; +http://www.google.com/bot.html)"
216.73.216.172 - - [14/Apr/2026:13:50:07 +0300] "GET /p/dance62580477?id=2596735 HTTP/1.0" 500 185 "-" "Mozilla/5.0 AppleWebKit/537.36 (KHTML, like Gecko; compatible; ClaudeBot/1.0; +claudebot@anthropic.com)"
66.249.70.1 - - [14/Apr/2026:13:50:07 +0300] "GET /?shop/g/g91951323434/ HTTP/1.0" 200 24415 "-" "Mozilla/5.0 (Linux; Android 6.0.1; Nexus 5X Build/MMB29P) AppleWebKit/537.36 (KHTML, like Gecko) Chrome/146.0.7680.177 Mobile Safari/537.36 (compatible; Googlebot/2.1; +http://www.google.com/bot.html)"
216.73.216.172 - - [14/Apr/2026:13:50:12 +0300] "GET /p/march31420186?id=1436444 HTTP/1.0" 500 185 "-" "Mozilla/5.0 AppleWebKit/537.36 (KHTML, like Gecko; compatible; ClaudeBot/1.0; +claudebot@anthropic.com)"
66.249.70.1 - - [14/Apr/2026:13:50:12 +0300] "GET /?shop/g/g91951347465/ HTTP/1.0" 200 25584 "-" "Mozilla/5.0 (Linux; Android 6.0.1; Nexus 5X Build/MMB29P) AppleWebKit/537.36 (KHTML, like Gecko) Chrome/146.0.7680.177 Mobile Safari/537.36 (compatible; Googlebot/2.1; +http://www.google.com/bot.html)"
74.7.227.38 - - [14/Apr/2026:13:50:19 +0300] "GET /p/dwell80342991?id=359249 HTTP/1.0" 500 185 "https://region-saitov.ru/sitemapa.xml" "Mozilla/5.0 AppleWebKit/537.36 (KHTML, like Gecko; compatible; GPTBot/1.3; +https://openai.com/gptbot)"
66.249.76.231 - - [14/Apr/2026:13:50:17 +0300] "GET /?shop/g/g91972219196/ HTTP/1.0" 200 25963 "-" "Mozilla/5.0 (Linux; Android 6.0.1; Nexus 5X Build/MMB29P) AppleWebKit/537.36 (KHTML, like Gecko) Chrome/146.0.7680.177 Mobile Safari/537.36 (compatible; Googlebot/2.1; +http://www.google.com/bot.html)"
66.249.70.1 - - [14/Apr/2026:13:50:22 +0300] "GET /p/mascu12301848?id=2318106 HTTP/1.0" 200 25682 "-" "Mozilla/5.0 (Linux; Android 6.0.1; Nexus 5X Build/MMB29P) AppleWebKit/537.36 (KHTML, like Gecko) Chrome/146.0.7680.177 Mobile Safari/537.36 (compatible; GoogleOther)"
216.73.216.172 - - [14/Apr/2026:13:50:28 +0300] "GET /p/weath61908333?id=1924591 HTTP/1.0" 500 185 "-" "Mozilla/5.0 AppleWebKit/537.36 (KHTML, like Gecko; compatible; ClaudeBot/1.0; +claudebot@anthropic.com)"
66.249.76.231 - - [14/Apr/2026:13:50:27 +0300] "GET /?shop/g/g91951481352/ HTTP/1.0" 200 24972 "-" "Mozilla/5.0 (Linux; Android 6.0.1; Nexus 5X Build/MMB29P) AppleWebKit/537.36 (KHTML, like Gecko) Chrome/146.0.7680.177 Mobile Safari/537.36 (compatible; Googlebot/2.1; +http://www.google.com/bot.html)"
216.73.216.172 - - [14/Apr/2026:13:50:31 +0300] "GET /p/bitte32337210?id=2353468 HTTP/1.0" 500 185 "-" "Mozilla/5.0 AppleWebKit/537.36 (KHTML, like Gecko; compatible; ClaudeBot/1.0; +claudebot@anthropic.com)"
66.249.76.231 - - [14/Apr/2026:13:50:32 +0300] "GET /?shop/g/g91951409259/ HTTP/1.0" 200 24399 "-" "Mozilla/5.0 (Linux; Android 6.0.1; Nexus 5X Build/MMB29P) AppleWebKit/537.36 (KHTML, like Gecko) Chrome/146.0.7680.177 Mobile Safari/537.36 (compatible; Googlebot/2.1; +http://www.google.com/bot.html)"
216.73.216.172 - - [14/Apr/2026:13:50:36 +0300] "GET /p/deed50754932?id=771190 HTTP/1.0" 500 185 "-" "Mozilla/5.0 AppleWebKit/537.36 (KHTML, like Gecko; compatible; ClaudeBot/1.0; +claudebot@anthropic.com)"
216.73.216.172 - - [14/Apr/2026:13:50:41 +0300] "GET /p/weld33003602?id=3019860 HTTP/1.0" 500 185 "-" "Mozilla/5.0 AppleWebKit/537.36 (KHTML, like Gecko; compatible; ClaudeBot/1.0; +claudebot@anthropic.com)"
66.249.70.1 - - [14/Apr/2026:13:50:42 +0300] "GET /?shop/g/g91961505383/ HTTP/1.0" 200 25062 "-" "Mozilla/5.0 (Linux; Android 6.0.1; Nexus 5X Build/MMB29P) AppleWebKit/537.36 (KHTML, like Gecko) Chrome/146.0.7680.177 Mobile Safari/537.36 (compatible; Googlebot/2.1; +http://www.google.com/bot.html)"
216.73.216.172 - - [14/Apr/2026:13:50:46 +0300] "GET /p/grade60832413?id=848671 HTTP/1.0" 500 185 "-" "Mozilla/5.0 AppleWebKit/537.36 (KHTML, like Gecko; compatible; ClaudeBot/1.0; +claudebot@anthropic.com)"
66.249.76.231 - - [14/Apr/2026:13:50:47 +0300] "GET /?shop/g/g91972076307/ HTTP/1.0" 200 25568 "-" "Mozilla/5.0 (Linux; Android 6.0.1; Nexus 5X Build/MMB29P) AppleWebKit/537.36 (KHTML, like Gecko) Chrome/146.0.7680.177 Mobile Safari/537.36 (compatible; Googlebot/2.1; +http://www.google.com/bot.html)"
216.73.216.172 - - [14/Apr/2026:13:50:51 +0300] "GET /p/fear10656304?id=672562 HTTP/1.0" 500 185 "-" "Mozilla/5.0 AppleWebKit/537.36 (KHTML, like Gecko; compatible; ClaudeBot/1.0; +claudebot@anthropic.com)"
216.73.216.172 - - [14/Apr/2026:13:50:56 +0300] "GET /p/trian11207232?id=1223490 HTTP/1.0" 500 185 "-" "Mozilla/5.0 AppleWebKit/537.36 (KHTML, like Gecko; compatible; ClaudeBot/1.0; +claudebot@anthropic.com)"
89.111.170.8 - - [14/Apr/2026:13:50:54 +0300] "GET / HTTP/1.0" 500 185 "-" "https://reg.ru monitoring abuse@reg.ru"
216.73.216.172 - - [14/Apr/2026:13:51:01 +0300] "GET /p/fray70855974?id=872232 HTTP/1.0" 500 185 "-" "Mozilla/5.0 AppleWebKit/537.36 (KHTML, like Gecko; compatible; ClaudeBot/1.0; +claudebot@anthropic.com)"
66.249.70.3 - - [14/Apr/2026:13:51:02 +0300] "GET /?shop/g/g91951450455/ HTTP/1.0" 200 24925 "-" "Mozilla/5.0 (Linux; Android 6.0.1; Nexus 5X Build/MMB29P) AppleWebKit/537.36 (KHTML, like Gecko) Chrome/146.0.7680.177 Mobile Safari/537.36 (compatible; Googlebot/2.1; +http://www.google.com/bot.html)"
216.73.216.172 - - [14/Apr/2026:13:51:06 +0300] "GET /p/struc72453502?id=2469760 HTTP/1.0" 500 185 "-" "Mozilla/5.0 AppleWebKit/537.36 (KHTML, like Gecko; compatible; ClaudeBot/1.0; +claudebot@anthropic.com)"
66.249.76.232 - - [14/Apr/2026:13:51:07 +0300] "GET /?shop/g/g9194987000/ HTTP/1.0" 200 25632 "-" "Mozilla/5.0 (Linux; Android 6.0.1; Nexus 5X Build/MMB29P) AppleWebKit/537.36 (KHTML, like Gecko) Chrome/146.0.7680.177 Mobile Safari/537.36 (compatible; Googlebot/2.1; +http://www.google.com/bot.html)"
216.73.216.172 - - [14/Apr/2026:13:51:11 +0300] "GET /p/savin60791765?id=808023 HTTP/1.0" 500 185 "-" "Mozilla/5.0 AppleWebKit/537.36 (KHTML, like Gecko; compatible; ClaudeBot/1.0; +claudebot@anthropic.com)"
91.197.190.130 - - [14/Apr/2026:13:51:14 +0300] "GET /rs-white.png HTTP/1.1" 200 2176 "https://dks.riat.ru/" "Mozilla/5.0 (Windows NT 10.0; Win64; x64) AppleWebKit/537.36 (KHTML, like Gecko) Chrome/147.0.0.0 Safari/537.36"
216.73.216.172 - - [14/Apr/2026:13:51:16 +0300] "GET /p/adj70853694?id=869952 HTTP/1.0" 500 185 "-" "Mozilla/5.0 AppleWebKit/537.36 (KHTML, like Gecko; compatible; ClaudeBot/1.0; +claudebot@anthropic.com)"
74.7.227.38 - - [14/Apr/2026:13:51:21 +0300] "GET /p/print40440051?id=456309 HTTP/1.0" 500 185 "https://region-saitov.ru/sitemapa.xml" "Mozilla/5.0 AppleWebKit/537.36 (KHTML, like Gecko; compatible; GPTBot/1.3; +https://openai.com/gptbot)"
66.249.70.2 - - [14/Apr/2026:13:51:17 +0300] "GET /?shop/g/g91961664255/ HTTP/1.0" 200 24891 "-" "Mozilla/5.0 (Linux; Android 6.0.1; Nexus 5X Build/MMB29P) AppleWebKit/537.36 (KHTML, like Gecko) Chrome/146.0.7680.177 Mobile Safari/537.36 (compatible; Googlebot/2.1; +http://www.google.com/bot.html)"
216.73.216.172 - - [14/Apr/2026:13:51:21 +0300] "GET /p/clean62732005?id=2748263 HTTP/1.0" 500 185 "-" "Mozilla/5.0 AppleWebKit/537.36 (KHTML, like Gecko; compatible; ClaudeBot/1.0; +claudebot@anthropic.com)"
66.249.70.1 - - [14/Apr/2026:13:51:22 +0300] "GET /?shop/g/g91961519115/ HTTP/1.0" 200 25210 "-" "Mozilla/5.0 (Linux; Android 6.0.1; Nexus 5X Build/MMB29P) AppleWebKit/537.36 (KHTML, like Gecko) Chrome/146.0.7680.177 Mobile Safari/537.36 (compatible; Googlebot/2.1; +http://www.google.com/bot.html)"
216.73.216.172 - - [14/Apr/2026:13:51:26 +0300] "GET /p/cd70113142?id=129400 HTTP/1.0" 500 185 "-" "Mozilla/5.0 AppleWebKit/537.36 (KHTML, like Gecko; compatible; ClaudeBot/1.0; +claudebot@anthropic.com)"
66.249.70.3 - - [14/Apr/2026:13:51:27 +0300] "GET /?shop/g/g91951371496/ HTTP/1.0" 200 24792 "-" "Mozilla/5.0 (Linux; Android 6.0.1; Nexus 5X Build/MMB29P) AppleWebKit/537.36 (KHTML, like Gecko) Chrome/146.0.7680.177 Mobile Safari/537.36 (compatible; Googlebot/2.1; +http://www.google.com/bot.html)"
216.73.216.172 - - [14/Apr/2026:13:51:31 +0300] "GET /p/funct50886028?id=902286 HTTP/1.0" 500 185 "-" "Mozilla/5.0 AppleWebKit/537.36 (KHTML, like Gecko; compatible; ClaudeBot/1.0; +claudebot@anthropic.com)"
66.249.70.3 - - [14/Apr/2026:13:51:32 +0300] "GET /?shop/g/g9194993866/ HTTP/1.0" 200 24524 "-" "Mozilla/5.0 (Linux; Android 6.0.1; Nexus 5X Build/MMB29P) AppleWebKit/537.36 (KHTML, like Gecko) Chrome/146.0.7680.177 Mobile Safari/537.36 (compatible; Googlebot/2.1; +http://www.google.com/bot.html)"
92.255.248.148 - - [14/Apr/2026:13:51:36 +0300] "GET /cdh.mp4 HTTP/1.0" 206 10937801 "https://cdh-implant.ru/" "Mozilla/5.0 (Windows NT 10.0; Win64; x64) AppleWebKit/537.36 (KHTML, like Gecko) Chrome/134.0.0.0 YaBrowser/25.4.0.0 Safari/537.36"
216.73.216.172 - - [14/Apr/2026:13:51:36 +0300] "GET /p/dune41107923?id=1124181 HTTP/1.0" 500 185 "-" "Mozilla/5.0 AppleWebKit/537.36 (KHTML, like Gecko; compatible; ClaudeBot/1.0; +claudebot@anthropic.com)"
66.249.70.3 - - [14/Apr/2026:13:51:37 +0300] "GET /?shop/g/g91951247908/ HTTP/1.0" 200 25124 "-" "Mozilla/5.0 (Linux; Android 6.0.1; Nexus 5X Build/MMB29P) AppleWebKit/537.36 (KHTML, like Gecko) Chrome/146.0.7680.177 Mobile Safari/537.36 (compatible; Googlebot/2.1; +http://www.google.com/bot.html)"
216.73.216.172 - - [14/Apr/2026:13:51:41 +0300] "GET /p/as20288305?id=304563 HTTP/1.0" 500 185 "-" "Mozilla/5.0 AppleWebKit/537.36 (KHTML, like Gecko; compatible; ClaudeBot/1.0; +claudebot@anthropic.com)"
94.154.35.236 - - [14/Apr/2026:13:51:44 +0300] "HEAD /admin/admin.tar.gz HTTP/1.1" 301 0 "-" "Mozilla/5.0 (Windows NT 10.0; Win64; x64) AppleWebKit/537.36 (KHTML, like Gecko) Chrome/101.0.4951.67 Safari/537.36"
66.249.70.2 - - [14/Apr/2026:13:51:42 +0300] "GET /p/rearr32637978?id=2654236 HTTP/1.0" 200 24859 "-" "Mozilla/5.0 (Linux; Android 6.0.1; Nexus 5X Build/MMB29P) AppleWebKit/537.36 (KHTML, like Gecko) Chrome/146.0.7680.177 Mobile Safari/537.36 (compatible; Googlebot/2.1; +http://www.google.com/bot.html)"
216.73.216.172 - - [14/Apr/2026:13:51:46 +0300] "GET /p/drunk40378923?id=395181 HTTP/1.0" 500 185 "-" "Mozilla/5.0 AppleWebKit/537.36 (KHTML, like Gecko; compatible; ClaudeBot/1.0; +claudebot@anthropic.com)"
94.154.35.236 - - [14/Apr/2026:13:51:44 +0300] "HEAD /admin/admin.tar.gz HTTP/1.0" 500 166 "-" "Mozilla/5.0 (Windows NT 10.0; Win64; x64) AppleWebKit/537.36 (KHTML, like Gecko) Chrome/101.0.4951.67 Safari/537.36"
66.249.70.1 - - [14/Apr/2026:13:51:47 +0300] "GET /?shop/g/g9193318377/ HTTP/1.0" 200 24586 "-" "Mozilla/5.0 (Linux; Android 6.0.1; Nexus 5X Build/MMB29P) AppleWebKit/537.36 (KHTML, like Gecko) Chrome/146.0.7680.177 Mobile Safari/537.36 (compatible; Googlebot/2.1; +http://www.google.com/bot.html)"
216.73.216.172 - - [14/Apr/2026:13:51:51 +0300] "GET /p/grind22943385?id=2959643 HTTP/1.0" 500 185 "-" "Mozilla/5.0 AppleWebKit/537.36 (KHTML, like Gecko; compatible; ClaudeBot/1.0; +claudebot@anthropic.com)"
216.73.216.172 - - [14/Apr/2026:13:51:56 +0300] "GET /p/behal60834717?id=850975 HTTP/1.0" 500 185 "-" "Mozilla/5.0 AppleWebKit/537.36 (KHTML, like Gecko; compatible; ClaudeBot/1.0; +claudebot@anthropic.com)"
216.73.216.172 - - [14/Apr/2026:13:52:01 +0300] "GET /p/party40492003?id=508261 HTTP/1.0" 500 185 "-" "Mozilla/5.0 AppleWebKit/537.36 (KHTML, like Gecko; compatible; ClaudeBot/1.0; +claudebot@anthropic.com)"
66.249.70.3 - - [14/Apr/2026:13:52:02 +0300] "GET /?shop/g/g91961601507/ HTTP/1.0" 200 25174 "-" "Mozilla/5.0 (Linux; Android 6.0.1; Nexus 5X Build/MMB29P) AppleWebKit/537.36 (KHTML, like Gecko) Chrome/146.0.7680.177 Mobile Safari/537.36 (compatible; Googlebot/2.1; +http://www.google.com/bot.html)"
216.73.216.172 - - [14/Apr/2026:13:52:06 +0300] "GET /p/toe12534640?id=2550898 HTTP/1.0" 500 185 "-" "Mozilla/5.0 AppleWebKit/537.36 (KHTML, like Gecko; compatible; ClaudeBot/1.0; +claudebot@anthropic.com)"
66.249.70.2 - - [14/Apr/2026:13:52:07 +0300] "GET /?shop/g/g91961956679/ HTTP/1.0" 200 24515 "-" "Mozilla/5.0 (Linux; Android 6.0.1; Nexus 5X Build/MMB29P) AppleWebKit/537.36 (KHTML, like Gecko) Chrome/146.0.7680.177 Mobile Safari/537.36 (compatible; Googlebot/2.1; +http://www.google.com/bot.html)"
216.73.216.172 - - [14/Apr/2026:13:52:13 +0300] "GET /p/boat12232000?id=2248258 HTTP/1.0" 500 185 "-" "Mozilla/5.0 AppleWebKit/537.36 (KHTML, like Gecko; compatible; ClaudeBot/1.0; +claudebot@anthropic.com)"
66.249.70.1 - - [14/Apr/2026:13:52:12 +0300] "GET /?shop/g/g9193165389/ HTTP/1.0" 200 24945 "-" "Mozilla/5.0 (Linux; Android 6.0.1; Nexus 5X Build/MMB29P) AppleWebKit/537.36 (KHTML, like Gecko) Chrome/146.0.7680.177 Mobile Safari/537.36 (compatible; Googlebot/2.1; +http://www.google.com/bot.html)"
216.73.216.172 - - [14/Apr/2026:13:52:18 +0300] "GET /p/priso20176225?id=192483 HTTP/1.0" 500 185 "-" "Mozilla/5.0 AppleWebKit/537.36 (KHTML, like Gecko; compatible; ClaudeBot/1.0; +claudebot@anthropic.com)"
66.249.70.1 - - [14/Apr/2026:13:52:17 +0300] "GET /?shop/g/g91972142767/ HTTP/1.0" 200 24701 "-" "Mozilla/5.0 (Linux; Android 6.0.1; Nexus 5X Build/MMB29P) AppleWebKit/537.36 (KHTML, like Gecko) Chrome/146.0.7680.177 Mobile Safari/537.36 (compatible; Googlebot/2.1; +http://www.google.com/bot.html)"
74.7.227.38 - - [14/Apr/2026:13:52:22 +0300] "GET /p/handb70377118?id=393376 HTTP/1.0" 500 185 "https://region-saitov.ru/sitemapa.xml" "Mozilla/5.0 AppleWebKit/537.36 (KHTML, like Gecko; compatible; GPTBot/1.3; +https://openai.com/gptbot)"
216.73.216.172 - - [14/Apr/2026:13:52:23 +0300] "GET /p/slide50489652?id=505910 HTTP/1.0" 500 185 "-" "Mozilla/5.0 AppleWebKit/537.36 (KHTML, like Gecko; compatible; ClaudeBot/1.0; +claudebot@anthropic.com)"
216.73.216.172 - - [14/Apr/2026:13:52:28 +0300] "GET /p/small31932682?id=1948940 HTTP/1.0" 500 185 "-" "Mozilla/5.0 AppleWebKit/537.36 (KHTML, like Gecko; compatible; ClaudeBot/1.0; +claudebot@anthropic.com)"
66.249.70.1 - - [14/Apr/2026:13:52:26 +0300] "GET /?shop/g/g91972159382/ HTTP/1.0" 200 24583 "-" "Mozilla/5.0 (Linux; Android 6.0.1; Nexus 5X Build/MMB29P) AppleWebKit/537.36 (KHTML, like Gecko) Chrome/146.0.7680.177 Mobile Safari/537.36 (compatible; Googlebot/2.1; +http://www.google.com/bot.html)"
216.73.216.172 - - [14/Apr/2026:13:52:33 +0300] "GET /p/persp80354415?id=370673 HTTP/1.0" 500 185 "-" "Mozilla/5.0 AppleWebKit/537.36 (KHTML, like Gecko; compatible; ClaudeBot/1.0; +claudebot@anthropic.com)"
66.249.70.1 - - [14/Apr/2026:13:52:31 +0300] "GET /?shop/g/g91951011031/ HTTP/1.0" 200 25426 "-" "Mozilla/5.0 (Linux; Android 6.0.1; Nexus 5X Build/MMB29P) AppleWebKit/537.36 (KHTML, like Gecko) Chrome/146.0.7680.177 Mobile Safari/537.36 (compatible; Googlebot/2.1; +http://www.google.com/bot.html)"
216.73.216.172 - - [14/Apr/2026:13:52:38 +0300] "GET /p/weave62395253?id=2411511 HTTP/1.0" 500 185 "-" "Mozilla/5.0 AppleWebKit/537.36 (KHTML, like Gecko; compatible; ClaudeBot/1.0; +claudebot@anthropic.com)"
216.73.216.172 - - [14/Apr/2026:13:52:43 +0300] "GET /p/basis30255570?id=271828 HTTP/1.0" 500 185 "-" "Mozilla/5.0 AppleWebKit/537.36 (KHTML, like Gecko; compatible; ClaudeBot/1.0; +claudebot@anthropic.com)"
66.249.76.231 - - [14/Apr/2026:13:52:41 +0300] "GET /?shop/g/g91951158650/ HTTP/1.0" 200 26098 "-" "Mozilla/5.0 (Linux; Android 6.0.1; Nexus 5X Build/MMB29P) AppleWebKit/537.36 (KHTML, like Gecko) Chrome/146.0.7680.177 Mobile Safari/537.36 (compatible; Googlebot/2.1; +http://www.google.com/bot.html)"
216.73.216.172 - - [14/Apr/2026:13:52:48 +0300] "GET /p/funct52882028?id=2898286 HTTP/1.0" 500 185 "-" "Mozilla/5.0 AppleWebKit/537.36 (KHTML, like Gecko; compatible; ClaudeBot/1.0; +claudebot@anthropic.com)"
66.249.70.1 - - [14/Apr/2026:13:52:45 +0300] "GET /?shop/g/g91961608373/ HTTP/1.0" 200 25171 "-" "Mozilla/5.0 (Linux; Android 6.0.1; Nexus 5X Build/MMB29P) AppleWebKit/537.36 (KHTML, like Gecko) Chrome/146.0.7680.177 Mobile Safari/537.36 (compatible; Googlebot/2.1; +http://www.google.com/bot.html)"
216.73.216.172 - - [14/Apr/2026:13:52:53 +0300] "GET /p/membe40384963?id=401221 HTTP/1.0" 500 185 "-" "Mozilla/5.0 AppleWebKit/537.36 (KHTML, like Gecko; compatible; ClaudeBot/1.0; +claudebot@anthropic.com)"
66.249.70.1 - - [14/Apr/2026:13:52:50 +0300] "GET /?shop/g/g91951052227/ HTTP/1.0" 200 24801 "-" "Mozilla/5.0 (Linux; Android 6.0.1; Nexus 5X Build/MMB29P) AppleWebKit/537.36 (KHTML, like Gecko) Chrome/146.0.7680.177 Mobile Safari/537.36 (compatible; Googlebot/2.1; +http://www.google.com/bot.html)"
216.73.216.172 - - [14/Apr/2026:13:52:58 +0300] "GET /p/flock40078979?id=95237 HTTP/1.0" 500 185 "-" "Mozilla/5.0 AppleWebKit/537.36 (KHTML, like Gecko; compatible; ClaudeBot/1.0; +claudebot@anthropic.com)"
66.249.70.1 - - [14/Apr/2026:13:52:55 +0300] "GET /?shop/g/g91972046400/ HTTP/1.0" 200 24793 "-" "Mozilla/5.0 (Linux; Android 6.0.1; Nexus 5X Build/MMB29P) AppleWebKit/537.36 (KHTML, like Gecko) Chrome/146.0.7680.177 Mobile Safari/537.36 (compatible; Googlebot/2.1; +http://www.google.com/bot.html)"
216.73.216.172 - - [14/Apr/2026:13:53:03 +0300] "GET /p/flow71658278?id=1674536 HTTP/1.0" 500 185 "-" "Mozilla/5.0 AppleWebKit/537.36 (KHTML, like Gecko; compatible; ClaudeBot/1.0; +claudebot@anthropic.com)"
66.249.70.2 - - [14/Apr/2026:13:53:00 +0300] "GET /?shop/g/g91951237609/ HTTP/1.0" 200 25304 "-" "Mozilla/5.0 (Linux; Android 6.0.1; Nexus 5X Build/MMB29P) AppleWebKit/537.36 (KHTML, like Gecko) Chrome/146.0.7680.177 Mobile Safari/537.36 (compatible; Googlebot/2.1; +http://www.google.com/bot.html)"
216.73.216.172 - - [14/Apr/2026:13:53:08 +0300] "GET /p/empow31115754?id=1132012 HTTP/1.0" 500 185 "-" "Mozilla/5.0 AppleWebKit/537.36 (KHTML, like Gecko; compatible; ClaudeBot/1.0; +claudebot@anthropic.com)"
66.249.70.2 - - [14/Apr/2026:13:53:04 +0300] "GET /p/recru60486445?id=502703 HTTP/1.0" 200 24750 "-" "Mozilla/5.0 (Linux; Android 6.0.1; Nexus 5X Build/MMB29P) AppleWebKit/537.36 (KHTML, like Gecko) Chrome/146.0.7680.177 Mobile Safari/537.36 (compatible; Googlebot/2.1; +http://www.google.com/bot.html)"
216.73.216.172 - - [14/Apr/2026:13:53:13 +0300] "GET /p/point81856855?id=1873113 HTTP/1.0" 500 185 "-" "Mozilla/5.0 AppleWebKit/537.36 (KHTML, like Gecko; compatible; ClaudeBot/1.0; +claudebot@anthropic.com)"
66.249.76.231 - - [14/Apr/2026:13:53:09 +0300] "GET /?shop/g/g9194983567/ HTTP/1.0" 200 25118 "-" "Mozilla/5.0 (Linux; Android 6.0.1; Nexus 5X Build/MMB29P) AppleWebKit/537.36 (KHTML, like Gecko) Chrome/146.0.7680.177 Mobile Safari/537.36 (compatible; Googlebot/2.1; +http://www.google.com/bot.html)"
102.90.81.17 - - [14/Apr/2026:13:53:15 +0300] "GET /0.php?d=2f7661722f7777772f72757374616d2f646174612f7777772f72736e6577&response=success HTTP/1.0" 403 476 "https://region-saitov.ru/0.php?d=2f7661722f7777772f72757374616d2f646174612f7777772f72736e6577&response=success" "Mozilla/5.0 (Windows NT 10.0; Win64; x64) AppleWebKit/537.36 (KHTML, like Gecko) Chrome/146.0.0.0 Safari/537.36"
216.73.216.172 - - [14/Apr/2026:13:53:18 +0300] "GET /p/sun50960196?id=976454 HTTP/1.0" 500 185 "-" "Mozilla/5.0 AppleWebKit/537.36 (KHTML, like Gecko; compatible; ClaudeBot/1.0; +claudebot@anthropic.com)"
66.249.70.1 - - [14/Apr/2026:13:53:14 +0300] "GET /p/incli52802308?id=2818566 HTTP/1.0" 200 25819 "-" "Mozilla/5.0 (Linux; Android 6.0.1; Nexus 5X Build/MMB29P) AppleWebKit/537.36 (KHTML, like Gecko) Chrome/146.0.7680.177 Mobile Safari/537.36 (compatible; GoogleOther)"
66.249.70.1 - - [14/Apr/2026:13:53:19 +0300] "GET /?shop/g/g91961550012/ HTTP/1.0" 200 25079 "-" "Mozilla/5.0 (Linux; Android 6.0.1; Nexus 5X Build/MMB29P) AppleWebKit/537.36 (KHTML, like Gecko) Chrome/146.0.7680.177 Mobile Safari/537.36 (compatible; Googlebot/2.1; +http://www.google.com/bot.html)"
74.7.227.38 - - [14/Apr/2026:13:53:23 +0300] "GET /p/amusi70802270?id=818528 HTTP/1.0" 500 185 "https://region-saitov.ru/sitemapa.xml" "Mozilla/5.0 AppleWebKit/537.36 (KHTML, like Gecko; compatible; GPTBot/1.3; +https://openai.com/gptbot)"
216.73.216.172 - - [14/Apr/2026:13:53:26 +0300] "GET /p/liber61709893?id=1726151 HTTP/1.0" 500 185 "-" "Mozilla/5.0 AppleWebKit/537.36 (KHTML, like Gecko; compatible; ClaudeBot/1.0; +claudebot@anthropic.com)"
66.249.76.231 - - [14/Apr/2026:13:53:24 +0300] "GET /?shop/g/g91961628971/ HTTP/1.0" 200 25613 "-" "Mozilla/5.0 (Linux; Android 6.0.1; Nexus 5X Build/MMB29P) AppleWebKit/537.36 (KHTML, like Gecko) Chrome/146.0.7680.177 Mobile Safari/537.36 (compatible; Googlebot/2.1; +http://www.google.com/bot.html)"
216.73.216.172 - - [14/Apr/2026:13:53:30 +0300] "GET /p/hi20258745?id=275003 HTTP/1.0" 500 185 "-" "Mozilla/5.0 AppleWebKit/537.36 (KHTML, like Gecko; compatible; ClaudeBot/1.0; +claudebot@anthropic.com)"
66.249.70.1 - - [14/Apr/2026:13:53:29 +0300] "GET /?shop/g/g91951045361/ HTTP/1.0" 200 25192 "-" "Mozilla/5.0 (Linux; Android 6.0.1; Nexus 5X Build/MMB29P) AppleWebKit/537.36 (KHTML, like Gecko) Chrome/146.0.7680.177 Mobile Safari/537.36 (compatible; Googlebot/2.1; +http://www.google.com/bot.html)"
216.73.216.172 - - [14/Apr/2026:13:53:35 +0300] "GET /p/sorry12112208?id=2128466 HTTP/1.0" 500 185 "-" "Mozilla/5.0 AppleWebKit/537.36 (KHTML, like Gecko; compatible; ClaudeBot/1.0; +claudebot@anthropic.com)"
185.225.234.37 - - [14/Apr/2026:13:53:35 +0300] "GET /favicon.ico HTTP/1.0" 500 185 "https://region-saitov.ru/0.php?d=2f7661722f7777772f72757374616d2f646174612f7777772f72736e6577&response=success" "Mozilla/5.0 (Windows NT 10.0; Win64; x64) AppleWebKit/537.36 (KHTML, like Gecko) Chrome/146.0.0.0 Safari/537.36"
195.245.206.67 - - [14/Apr/2026:13:53:38 +0300] "GET /rs-grey.png HTTP/1.1" 200 2424 "https://markains.ru/" "Mozilla/5.0 (Windows NT 10.0; Win64; x64) AppleWebKit/537.36 (KHTML, like Gecko) Chrome/144.0.0.0 Safari/537.36"
216.73.216.172 - - [14/Apr/2026:13:53:40 +0300] "GET /p/bird52960868?id=2977126 HTTP/1.0" 500 185 "-" "Mozilla/5.0 AppleWebKit/537.36 (KHTML, like Gecko; compatible; ClaudeBot/1.0; +claudebot@anthropic.com)"
66.249.70.1 - - [14/Apr/2026:13:53:38 +0300] "GET /?shop/g/g91972122829/ HTTP/1.0" 200 24827 "-" "Mozilla/5.0 (Linux; Android 6.0.1; Nexus 5X Build/MMB29P) AppleWebKit/537.36 (KHTML, like Gecko) Chrome/146.0.7680.177 Mobile Safari/537.36 (compatible; Googlebot/2.1; +http://www.google.com/bot.html)"
216.73.216.172 - - [14/Apr/2026:13:53:45 +0300] "GET /p/done11531960?id=1548218 HTTP/1.0" 500 185 "-" "Mozilla/5.0 AppleWebKit/537.36 (KHTML, like Gecko; compatible; ClaudeBot/1.0; +claudebot@anthropic.com)"
195.245.206.67 - - [14/Apr/2026:13:53:47 +0300] "GET /rs-grey.png HTTP/1.1" 200 2424 "https://markains.ru/" "Mozilla/5.0 (Windows NT 10.0; Win64; x64) AppleWebKit/537.36 (KHTML, like Gecko) Chrome/144.0.0.0 Safari/537.36"
66.249.70.1 - - [14/Apr/2026:13:53:43 +0300] "GET /?shop/g/g91951474486/ HTTP/1.0" 200 24790 "-" "Mozilla/5.0 (Linux; Android 6.0.1; Nexus 5X Build/MMB29P) AppleWebKit/537.36 (KHTML, like Gecko) Chrome/146.0.7680.177 Mobile Safari/537.36 (compatible; Googlebot/2.1; +http://www.google.com/bot.html)"
216.73.216.172 - - [14/Apr/2026:13:53:50 +0300] "GET /p/sword80515023?id=531281 HTTP/1.0" 500 185 "-" "Mozilla/5.0 AppleWebKit/537.36 (KHTML, like Gecko; compatible; ClaudeBot/1.0; +claudebot@anthropic.com)"
66.249.76.231 - - [14/Apr/2026:13:53:48 +0300] "GET /?shop/g/g91951072825/ HTTP/1.0" 200 25346 "-" "Mozilla/5.0 (Linux; Android 6.0.1; Nexus 5X Build/MMB29P) AppleWebKit/537.36 (KHTML, like Gecko) Chrome/146.0.7680.177 Mobile Safari/537.36 (compatible; Googlebot/2.1; +http://www.google.com/bot.html)"
216.73.216.172 - - [14/Apr/2026:13:53:55 +0300] "GET /p/stare41951683?id=1967941 HTTP/1.0" 500 185 "-" "Mozilla/5.0 AppleWebKit/537.36 (KHTML, like Gecko; compatible; ClaudeBot/1.0; +claudebot@anthropic.com)"
66.249.70.1 - - [14/Apr/2026:13:53:52 +0300] "GET /?shop/g/g91951223877/ HTTP/1.0" 200 24608 "-" "Mozilla/5.0 (Linux; Android 6.0.1; Nexus 5X Build/MMB29P) AppleWebKit/537.36 (KHTML, like Gecko) Chrome/146.0.7680.177 Mobile Safari/537.36 (compatible; Googlebot/2.1; +http://www.google.com/bot.html)"
216.73.216.172 - - [14/Apr/2026:13:54:00 +0300] "GET /p/ad11959320?id=1975578 HTTP/1.0" 500 185 "-" "Mozilla/5.0 AppleWebKit/537.36 (KHTML, like Gecko; compatible; ClaudeBot/1.0; +claudebot@anthropic.com)"
66.249.70.2 - - [14/Apr/2026:13:54:01 +0300] "GET /?shop/g/g91951021330/ HTTP/1.0" 200 26208 "-" "Mozilla/5.0 (Linux; Android 6.0.1; Nexus 5X Build/MMB29P) AppleWebKit/537.36 (KHTML, like Gecko) Chrome/146.0.7680.177 Mobile Safari/537.36 (compatible; Googlebot/2.1; +http://www.google.com/bot.html)"
216.73.216.172 - - [14/Apr/2026:13:54:05 +0300] "GET /p/holid52580132?id=2596390 HTTP/1.0" 500 185 "-" "Mozilla/5.0 AppleWebKit/537.36 (KHTML, like Gecko; compatible; ClaudeBot/1.0; +claudebot@anthropic.com)"
66.249.76.231 - - [14/Apr/2026:13:54:06 +0300] "GET /?shop/g/g91972092922/ HTTP/1.0" 200 25565 "-" "Mozilla/5.0 (Linux; Android 6.0.1; Nexus 5X Build/MMB29P) AppleWebKit/537.36 (KHTML, like Gecko) Chrome/146.0.7680.177 Mobile Safari/537.36 (compatible; Googlebot/2.1; +http://www.google.com/bot.html)"
216.73.216.172 - - [14/Apr/2026:13:54:10 +0300] "GET /p/read32121602?id=2137860 HTTP/1.0" 500 185 "-" "Mozilla/5.0 AppleWebKit/537.36 (KHTML, like Gecko; compatible; ClaudeBot/1.0; +claudebot@anthropic.com)"
89.111.141.101 - - [14/Apr/2026:13:54:10 +0300] "GET / HTTP/1.0" 500 185 "-" "https://reg.ru monitoring abuse@reg.ru"
