74.7.227.38 - - [14/Apr/2026:13:17:52 +0300] "GET /p/soon32508994?id=2525252 HTTP/1.0" 500 185 "https://region-saitov.ru/sitemape.xml" "Mozilla/5.0 AppleWebKit/537.36 (KHTML, like Gecko; compatible; GPTBot/1.3; +https://openai.com/gptbot)"
216.73.216.172 - - [14/Apr/2026:13:17:53 +0300] "GET /p/yang41201771?id=1218029 HTTP/1.0" 500 185 "-" "Mozilla/5.0 AppleWebKit/537.36 (KHTML, like Gecko; compatible; ClaudeBot/1.0; +claudebot@anthropic.com)"
216.73.216.172 - - [14/Apr/2026:13:17:59 +0300] "GET /p/moody82927983?id=2944241 HTTP/1.0" 500 185 "-" "Mozilla/5.0 AppleWebKit/537.36 (KHTML, like Gecko; compatible; ClaudeBot/1.0; +claudebot@anthropic.com)"
216.73.216.172 - - [14/Apr/2026:13:18:03 +0300] "GET /p/calm41729627?id=1745885 HTTP/1.0" 500 185 "-" "Mozilla/5.0 AppleWebKit/537.36 (KHTML, like Gecko; compatible; ClaudeBot/1.0; +claudebot@anthropic.com)"
216.73.216.172 - - [14/Apr/2026:13:18:08 +0300] "GET /p/hurry81901231?id=1917489 HTTP/1.0" 500 185 "-" "Mozilla/5.0 AppleWebKit/537.36 (KHTML, like Gecko; compatible; ClaudeBot/1.0; +claudebot@anthropic.com)"
91.197.190.74 - - [14/Apr/2026:13:18:09 +0300] "GET /rs-grey.png HTTP/1.1" 200 2424 "http://devistom.ru/" "Mozilla/5.0 (Windows NT 10.0; Win64; x64) AppleWebKit/537.36 (KHTML, like Gecko) Chrome/146.0.0.0 Safari/537.36 Edg/146.0.0.0"
216.73.216.172 - - [14/Apr/2026:13:18:13 +0300] "GET /p/reall30857810?id=874068 HTTP/1.0" 500 185 "-" "Mozilla/5.0 AppleWebKit/537.36 (KHTML, like Gecko; compatible; ClaudeBot/1.0; +claudebot@anthropic.com)"
216.73.216.172 - - [14/Apr/2026:13:18:19 +0300] "GET /p/insul30626306?id=642564 HTTP/1.0" 500 185 "-" "Mozilla/5.0 AppleWebKit/537.36 (KHTML, like Gecko; compatible; ClaudeBot/1.0; +claudebot@anthropic.com)"
216.73.216.172 - - [14/Apr/2026:13:18:24 +0300] "GET /p/targe21483761?id=1500019 HTTP/1.0" 500 185 "-" "Mozilla/5.0 AppleWebKit/537.36 (KHTML, like Gecko; compatible; ClaudeBot/1.0; +claudebot@anthropic.com)"
89.111.141.101 - - [14/Apr/2026:13:18:22 +0300] "GET / HTTP/1.0" 500 185 "-" "https://reg.ru monitoring abuse@reg.ru"
216.73.216.172 - - [14/Apr/2026:13:18:29 +0300] "GET /p/yeste52648916?id=2665174 HTTP/1.0" 500 185 "-" "Mozilla/5.0 AppleWebKit/537.36 (KHTML, like Gecko; compatible; ClaudeBot/1.0; +claudebot@anthropic.com)"
216.73.216.172 - - [14/Apr/2026:13:18:34 +0300] "GET /p/farew60691045?id=707303 HTTP/1.0" 500 185 "-" "Mozilla/5.0 AppleWebKit/537.36 (KHTML, like Gecko; compatible; ClaudeBot/1.0; +claudebot@anthropic.com)"
216.73.216.172 - - [14/Apr/2026:13:18:39 +0300] "GET /p/lurk60419853?id=436111 HTTP/1.0" 500 185 "-" "Mozilla/5.0 AppleWebKit/537.36 (KHTML, like Gecko; compatible; ClaudeBot/1.0; +claudebot@anthropic.com)"
92.242.60.14 - - [14/Apr/2026:13:18:38 +0300] "GET / HTTP/1.0" 500 185 "-" "https://reg.ru monitoring abuse@reg.ru"
216.73.216.172 - - [14/Apr/2026:13:18:44 +0300] "GET /p/coupo11587728?id=1603986 HTTP/1.0" 500 185 "-" "Mozilla/5.0 AppleWebKit/537.36 (KHTML, like Gecko; compatible; ClaudeBot/1.0; +claudebot@anthropic.com)"
216.73.216.172 - - [14/Apr/2026:13:18:49 +0300] "GET /p/truly32883762?id=2900020 HTTP/1.0" 500 185 "-" "Mozilla/5.0 AppleWebKit/537.36 (KHTML, like Gecko; compatible; ClaudeBot/1.0; +claudebot@anthropic.com)"
66.249.70.1 - - [14/Apr/2026:13:18:48 +0300] "GET /p/flow70718278?id=734536 HTTP/1.0" 200 24607 "-" "Mozilla/5.0 (Linux; Android 6.0.1; Nexus 5X Build/MMB29P) AppleWebKit/537.36 (KHTML, like Gecko) Chrome/146.0.7680.177 Mobile Safari/537.36 (compatible; GoogleOther)"
74.7.227.38 - - [14/Apr/2026:13:18:52 +0300] "GET /p/urban30331442?id=347700 HTTP/1.0" 500 185 "https://region-saitov.ru/sitemapa.xml" "Mozilla/5.0 AppleWebKit/537.36 (KHTML, like Gecko; compatible; GPTBot/1.3; +https://openai.com/gptbot)"
216.73.216.172 - - [14/Apr/2026:13:18:54 +0300] "GET /p/busin62176077?id=2192335 HTTP/1.0" 500 185 "-" "Mozilla/5.0 AppleWebKit/537.36 (KHTML, like Gecko; compatible; ClaudeBot/1.0; +claudebot@anthropic.com)"
216.73.216.172 - - [14/Apr/2026:13:18:59 +0300] "GET /p/crisi70853950?id=870208 HTTP/1.0" 500 185 "-" "Mozilla/5.0 AppleWebKit/537.36 (KHTML, like Gecko; compatible; ClaudeBot/1.0; +claudebot@anthropic.com)"
54.39.6.224 - - [14/Apr/2026:13:18:56 +0300] "GET /sitemap.xml HTTP/1.0" 200 488 "-" "Mozilla/5.0 (compatible; AhrefsBot/7.0; +http://ahrefs.com/robot/)"
176.213.124.119 - - [14/Apr/2026:13:19:01 +0300] "POST /591afca4b366.php HTTP/1.0" 403 487 "-" "Mozilla/5.0 (X11; Linux x86_64; rv:51.0) Gecko/20100101 Firefox/51.0"
216.73.216.172 - - [14/Apr/2026:13:19:04 +0300] "GET /p/bough52443100?id=2459358 HTTP/1.0" 500 185 "-" "Mozilla/5.0 AppleWebKit/537.36 (KHTML, like Gecko; compatible; ClaudeBot/1.0; +claudebot@anthropic.com)"
216.73.216.172 - - [14/Apr/2026:13:19:09 +0300] "GET /p/dampe62946277?id=2962535 HTTP/1.0" 500 185 "-" "Mozilla/5.0 AppleWebKit/537.36 (KHTML, like Gecko; compatible; ClaudeBot/1.0; +claudebot@anthropic.com)"
178.206.149.80 - - [14/Apr/2026:13:19:10 +0300] "GET /rs-blue.png HTTP/1.1" 200 2931 "https://www.mc-tabib.ru/" "Mozilla/5.0 (Linux; Android 10; K) AppleWebKit/537.36 (KHTML, like Gecko) Chrome/146.0.0.0 Mobile Safari/537.36"
216.73.216.172 - - [14/Apr/2026:13:19:14 +0300] "GET /p/way72784198?id=2800456 HTTP/1.0" 500 185 "-" "Mozilla/5.0 AppleWebKit/537.36 (KHTML, like Gecko; compatible; ClaudeBot/1.0; +claudebot@anthropic.com)"
51.161.37.148 - - [14/Apr/2026:13:19:10 +0300] "GET /sitemap134.xml HTTP/1.0" 200 6064 "-" "Mozilla/5.0 (compatible; AhrefsBot/7.0; +http://ahrefs.com/robot/)"
216.73.216.172 - - [14/Apr/2026:13:19:19 +0300] "GET /p/air10680680?id=696938 HTTP/1.0" 500 185 "-" "Mozilla/5.0 AppleWebKit/537.36 (KHTML, like Gecko; compatible; ClaudeBot/1.0; +claudebot@anthropic.com)"
212.192.40.135 - - [14/Apr/2026:13:19:24 +0300] "GET /rs-white.png HTTP/1.1" 200 2176 "https://www.vekanch.ru/" "Mozilla/5.0 (Linux; arm_64; Android 14; 2409BRN2CY) AppleWebKit/537.36 (KHTML, like Gecko) Chrome/144.0.7559.62 YaBrowser/26.3.6.62.00 Mobile Safari/537.36"
216.73.216.172 - - [14/Apr/2026:13:19:24 +0300] "GET /p/boss21588913?id=1605171 HTTP/1.0" 500 185 "-" "Mozilla/5.0 AppleWebKit/537.36 (KHTML, like Gecko; compatible; ClaudeBot/1.0; +claudebot@anthropic.com)"
51.222.95.12 - - [14/Apr/2026:13:19:25 +0300] "GET /sitemap836.xml HTTP/1.0" 200 6078 "-" "Mozilla/5.0 (compatible; AhrefsBot/7.0; +http://ahrefs.com/robot/)"
216.73.216.172 - - [14/Apr/2026:13:19:29 +0300] "GET /p/groce41045859?id=1062117 HTTP/1.0" 500 185 "-" "Mozilla/5.0 AppleWebKit/537.36 (KHTML, like Gecko; compatible; ClaudeBot/1.0; +claudebot@anthropic.com)"
85.140.2.208 - - [14/Apr/2026:13:19:31 +0300] "GET /rs-grey.png HTTP/1.1" 200 2424 "https://xn----7sb3aci0akl6b3af.xn--p1ai/" "Mozilla/5.0 (iPhone; CPU iPhone OS 18_6_2 like Mac OS X) AppleWebKit/605.1.15 (KHTML, like Gecko) Mobile/15E148 YaBrowser/25.12.3.655.10 YaApp_iOS/2512.3 YaApp_iOS_Browser/2512.3 Safari/604.1 SA/3 Version/18.6"
81.211.36.54 - - [14/Apr/2026:13:19:34 +0300] "GET /rs-blue.png HTTP/1.1" 200 2931 "https://xn--d1aifpbankex.xn--p1ai/" "Mozilla/5.0 (Windows NT 10.0; Win64; x64) AppleWebKit/537.36 (KHTML, like Gecko) Chrome/146.0.0.0 Safari/537.36 Edg/146.0.0.0"
216.73.216.172 - - [14/Apr/2026:13:19:34 +0300] "GET /p/parti22665433?id=2681691 HTTP/1.0" 500 185 "-" "Mozilla/5.0 AppleWebKit/537.36 (KHTML, like Gecko; compatible; ClaudeBot/1.0; +claudebot@anthropic.com)"
66.249.70.2 - - [14/Apr/2026:13:19:30 +0300] "GET /p/onto40247419?id=263677 HTTP/1.0" 200 24775 "-" "Mozilla/5.0 (Linux; Android 6.0.1; Nexus 5X Build/MMB29P) AppleWebKit/537.36 (KHTML, like Gecko) Chrome/146.0.7680.177 Mobile Safari/537.36 (compatible; GoogleOther)"
216.73.216.172 - - [14/Apr/2026:13:19:39 +0300] "GET /p/cafe80647143?id=663401 HTTP/1.0" 500 185 "-" "Mozilla/5.0 AppleWebKit/537.36 (KHTML, like Gecko; compatible; ClaudeBot/1.0; +claudebot@anthropic.com)"
51.222.168.231 - - [14/Apr/2026:13:19:39 +0300] "GET /sitemap411.xml HTTP/1.0" 200 6087 "-" "Mozilla/5.0 (compatible; AhrefsBot/7.0; +http://ahrefs.com/robot/)"
216.73.216.172 - - [14/Apr/2026:13:19:44 +0300] "GET /p/achie60449101?id=465359 HTTP/1.0" 500 185 "-" "Mozilla/5.0 AppleWebKit/537.36 (KHTML, like Gecko; compatible; ClaudeBot/1.0; +claudebot@anthropic.com)"
216.73.216.172 - - [14/Apr/2026:13:19:49 +0300] "GET /p/waft82551911?id=2568169 HTTP/1.0" 500 185 "-" "Mozilla/5.0 AppleWebKit/537.36 (KHTML, like Gecko; compatible; ClaudeBot/1.0; +claudebot@anthropic.com)"
74.7.227.38 - - [14/Apr/2026:13:19:52 +0300] "GET /p/emplo60454509?id=470767 HTTP/1.0" 500 185 "https://region-saitov.ru/sitemape.xml" "Mozilla/5.0 AppleWebKit/537.36 (KHTML, like Gecko; compatible; GPTBot/1.3; +https://openai.com/gptbot)"
216.73.216.172 - - [14/Apr/2026:13:19:54 +0300] "GET /p/ensur32934050?id=2950308 HTTP/1.0" 500 185 "-" "Mozilla/5.0 AppleWebKit/537.36 (KHTML, like Gecko; compatible; ClaudeBot/1.0; +claudebot@anthropic.com)"
142.44.225.143 - - [14/Apr/2026:13:19:54 +0300] "GET /sitemap838.xml HTTP/1.0" 200 6113 "-" "Mozilla/5.0 (compatible; AhrefsBot/7.0; +http://ahrefs.com/robot/)"
216.73.216.172 - - [14/Apr/2026:13:19:59 +0300] "GET /p/tempe41905251?id=1921509 HTTP/1.0" 500 185 "-" "Mozilla/5.0 AppleWebKit/537.36 (KHTML, like Gecko; compatible; ClaudeBot/1.0; +claudebot@anthropic.com)"
216.73.216.172 - - [14/Apr/2026:13:20:04 +0300] "GET /p/meat71512886?id=1529144 HTTP/1.0" 500 185 "-" "Mozilla/5.0 AppleWebKit/537.36 (KHTML, like Gecko; compatible; ClaudeBot/1.0; +claudebot@anthropic.com)"
216.73.216.172 - - [14/Apr/2026:13:20:09 +0300] "GET /p/recen42696035?id=2712293 HTTP/1.0" 500 185 "-" "Mozilla/5.0 AppleWebKit/537.36 (KHTML, like Gecko; compatible; ClaudeBot/1.0; +claudebot@anthropic.com)"
54.39.210.90 - - [14/Apr/2026:13:20:08 +0300] "GET /sitemap372.xml HTTP/1.0" 200 6068 "-" "Mozilla/5.0 (compatible; AhrefsBot/7.0; +http://ahrefs.com/robot/)"
216.73.216.172 - - [14/Apr/2026:13:20:14 +0300] "GET /p/subdi20357937?id=374195 HTTP/1.0" 500 185 "-" "Mozilla/5.0 AppleWebKit/537.36 (KHTML, like Gecko; compatible; ClaudeBot/1.0; +claudebot@anthropic.com)"
216.73.216.172 - - [14/Apr/2026:13:20:21 +0300] "GET /p/pop32669386?id=2685644 HTTP/1.0" 500 185 "-" "Mozilla/5.0 AppleWebKit/537.36 (KHTML, like Gecko; compatible; ClaudeBot/1.0; +claudebot@anthropic.com)"
89.111.170.8 - - [14/Apr/2026:13:20:20 +0300] "GET / HTTP/1.0" 500 185 "-" "https://reg.ru monitoring abuse@reg.ru"
216.73.216.172 - - [14/Apr/2026:13:20:26 +0300] "GET /p/bud52510684?id=2526942 HTTP/1.0" 500 185 "-" "Mozilla/5.0 AppleWebKit/537.36 (KHTML, like Gecko; compatible; ClaudeBot/1.0; +claudebot@anthropic.com)"
54.39.210.236 - - [14/Apr/2026:13:20:23 +0300] "GET /sitemap243.xml HTTP/1.0" 200 6103 "-" "Mozilla/5.0 (compatible; AhrefsBot/7.0; +http://ahrefs.com/robot/)"
216.73.216.172 - - [14/Apr/2026:13:20:31 +0300] "GET /p/milk60880813?id=897071 HTTP/1.0" 500 185 "-" "Mozilla/5.0 AppleWebKit/537.36 (KHTML, like Gecko; compatible; ClaudeBot/1.0; +claudebot@anthropic.com)"
216.73.216.172 - - [14/Apr/2026:13:20:36 +0300] "GET /p/eyesi71474846?id=1491104 HTTP/1.0" 500 185 "-" "Mozilla/5.0 AppleWebKit/537.36 (KHTML, like Gecko; compatible; ClaudeBot/1.0; +claudebot@anthropic.com)"
85.140.0.4 - - [14/Apr/2026:13:20:40 +0300] "GET /cdh.mp4 HTTP/1.0" 206 13445903 "https://cdh-implant.ru/" "Mozilla/5.0 (Linux; arm_64; Android 16; SM-A566E) AppleWebKit/537.36 (KHTML, like Gecko) Chrome/144.0.7559.796 YaApp_Android/26.32.1 YaSearchBrowser/26.32.1 BroPP/1.0 Mobile Safari/537.36"
85.140.0.4 - - [14/Apr/2026:13:20:41 +0300] "GET /cdh.mp4 HTTP/1.0" 206 55839 "https://cdh-implant.ru/" "Mozilla/5.0 (Linux; arm_64; Android 16; SM-A566E) AppleWebKit/537.36 (KHTML, like Gecko) Chrome/144.0.7559.796 YaApp_Android/26.32.1 YaSearchBrowser/26.32.1 BroPP/1.0 Mobile Safari/537.36"
216.73.216.172 - - [14/Apr/2026:13:20:41 +0300] "GET /p/pad30143210?id=159468 HTTP/1.0" 500 185 "-" "Mozilla/5.0 AppleWebKit/537.36 (KHTML, like Gecko; compatible; ClaudeBot/1.0; +claudebot@anthropic.com)"
85.140.0.4 - - [14/Apr/2026:13:20:41 +0300] "GET /cdh.mp4 HTTP/1.0" 206 21611119 "https://cdh-implant.ru/" "Mozilla/5.0 (Linux; arm_64; Android 16; SM-A566E) AppleWebKit/537.36 (KHTML, like Gecko) Chrome/144.0.7559.796 YaApp_Android/26.32.1 YaSearchBrowser/26.32.1 BroPP/1.0 Mobile Safari/537.36"
15.235.27.58 - - [14/Apr/2026:13:20:38 +0300] "GET /sitemap762.xml HTTP/1.0" 200 6084 "-" "Mozilla/5.0 (compatible; AhrefsBot/7.0; +http://ahrefs.com/robot/)"
216.73.216.172 - - [14/Apr/2026:13:20:46 +0300] "GET /p/encou52804708?id=2820966 HTTP/1.0" 500 185 "-" "Mozilla/5.0 AppleWebKit/537.36 (KHTML, like Gecko; compatible; ClaudeBot/1.0; +claudebot@anthropic.com)"
216.73.216.172 - - [14/Apr/2026:13:20:51 +0300] "GET /p/neat61091285?id=1107543 HTTP/1.0" 500 185 "-" "Mozilla/5.0 AppleWebKit/537.36 (KHTML, like Gecko; compatible; ClaudeBot/1.0; +claudebot@anthropic.com)"
74.7.227.38 - - [14/Apr/2026:13:20:53 +0300] "GET /p/updat70758174?id=774432 HTTP/1.0" 500 185 "https://region-saitov.ru/sitemape.xml" "Mozilla/5.0 AppleWebKit/537.36 (KHTML, like Gecko; compatible; GPTBot/1.3; +https://openai.com/gptbot)"
216.73.216.172 - - [14/Apr/2026:13:20:56 +0300] "GET /p/soft62933029?id=2949287 HTTP/1.0" 500 185 "-" "Mozilla/5.0 AppleWebKit/537.36 (KHTML, like Gecko; compatible; ClaudeBot/1.0; +claudebot@anthropic.com)"
54.39.89.210 - - [14/Apr/2026:13:20:52 +0300] "GET /sitemap933.xml HTTP/1.0" 200 6058 "-" "Mozilla/5.0 (compatible; AhrefsBot/7.0; +http://ahrefs.com/robot/)"
216.73.216.172 - - [14/Apr/2026:13:21:01 +0300] "GET /p/spite81698791?id=1715049 HTTP/1.0" 500 185 "-" "Mozilla/5.0 AppleWebKit/537.36 (KHTML, like Gecko; compatible; ClaudeBot/1.0; +claudebot@anthropic.com)"
66.249.70.2 - - [14/Apr/2026:13:20:59 +0300] "GET /p/massi22061985?id=2078243 HTTP/1.0" 200 24384 "-" "Mozilla/5.0 (Linux; Android 6.0.1; Nexus 5X Build/MMB29P) AppleWebKit/537.36 (KHTML, like Gecko) Chrome/146.0.7680.177 Mobile Safari/537.36 (compatible; GoogleOther)"
216.73.216.172 - - [14/Apr/2026:13:21:06 +0300] "GET /p/alter81497815?id=1514073 HTTP/1.0" 500 185 "-" "Mozilla/5.0 AppleWebKit/537.36 (KHTML, like Gecko; compatible; ClaudeBot/1.0; +claudebot@anthropic.com)"
51.161.65.49 - - [14/Apr/2026:13:21:07 +0300] "GET /sitemap610.xml HTTP/1.0" 200 6099 "-" "Mozilla/5.0 (compatible; AhrefsBot/7.0; +http://ahrefs.com/robot/)"
216.73.216.172 - - [14/Apr/2026:13:21:11 +0300] "GET /p/ruler70117134?id=133392 HTTP/1.0" 500 185 "-" "Mozilla/5.0 AppleWebKit/537.36 (KHTML, like Gecko; compatible; ClaudeBot/1.0; +claudebot@anthropic.com)"
216.73.216.172 - - [14/Apr/2026:13:21:16 +0300] "GET /p/acade41874091?id=1890349 HTTP/1.0" 500 185 "-" "Mozilla/5.0 AppleWebKit/537.36 (KHTML, like Gecko; compatible; ClaudeBot/1.0; +claudebot@anthropic.com)"
216.73.216.172 - - [14/Apr/2026:13:21:21 +0300] "GET /p/sick11124992?id=1141250 HTTP/1.0" 500 185 "-" "Mozilla/5.0 AppleWebKit/537.36 (KHTML, like Gecko; compatible; ClaudeBot/1.0; +claudebot@anthropic.com)"
54.39.203.187 - - [14/Apr/2026:13:21:21 +0300] "GET /sitemap636.xml HTTP/1.0" 200 6102 "-" "Mozilla/5.0 (compatible; AhrefsBot/7.0; +http://ahrefs.com/robot/)"
216.73.216.172 - - [14/Apr/2026:13:21:26 +0300] "GET /p/lose72813534?id=2829792 HTTP/1.0" 500 185 "-" "Mozilla/5.0 AppleWebKit/537.36 (KHTML, like Gecko; compatible; ClaudeBot/1.0; +claudebot@anthropic.com)"
216.73.216.172 - - [14/Apr/2026:13:21:31 +0300] "GET /p/shape12572752?id=2589010 HTTP/1.0" 500 185 "-" "Mozilla/5.0 AppleWebKit/537.36 (KHTML, like Gecko; compatible; ClaudeBot/1.0; +claudebot@anthropic.com)"
216.73.216.172 - - [14/Apr/2026:13:21:36 +0300] "GET /p/requi41384611?id=1400869 HTTP/1.0" 500 185 "-" "Mozilla/5.0 AppleWebKit/537.36 (KHTML, like Gecko; compatible; ClaudeBot/1.0; +claudebot@anthropic.com)"
15.235.96.221 - - [14/Apr/2026:13:21:36 +0300] "GET /sitemap499.xml HTTP/1.0" 200 6086 "-" "Mozilla/5.0 (compatible; AhrefsBot/7.0; +http://ahrefs.com/robot/)"
216.73.216.172 - - [14/Apr/2026:13:21:41 +0300] "GET /p/grip70283598?id=299856 HTTP/1.0" 500 185 "-" "Mozilla/5.0 AppleWebKit/537.36 (KHTML, like Gecko; compatible; ClaudeBot/1.0; +claudebot@anthropic.com)"
216.73.216.172 - - [14/Apr/2026:13:21:46 +0300] "GET /p/teal22075897?id=2092155 HTTP/1.0" 500 185 "-" "Mozilla/5.0 AppleWebKit/537.36 (KHTML, like Gecko; compatible; ClaudeBot/1.0; +claudebot@anthropic.com)"
216.73.216.172 - - [14/Apr/2026:13:21:51 +0300] "GET /p/prett70736582?id=752840 HTTP/1.0" 500 185 "-" "Mozilla/5.0 AppleWebKit/537.36 (KHTML, like Gecko; compatible; ClaudeBot/1.0; +claudebot@anthropic.com)"
142.44.220.208 - - [14/Apr/2026:13:21:50 +0300] "GET /sitemap317.xml HTTP/1.0" 200 6103 "-" "Mozilla/5.0 (compatible; AhrefsBot/7.0; +http://ahrefs.com/robot/)"
66.249.76.232 - - [14/Apr/2026:13:21:52 +0300] "GET /p/pheno71106062?id=1122320 HTTP/1.0" 200 24462 "-" "Mozilla/5.0 (Linux; Android 6.0.1; Nexus 5X Build/MMB29P) AppleWebKit/537.36 (KHTML, like Gecko) Chrome/146.0.7680.177 Mobile Safari/537.36 (compatible; GoogleOther)"
74.7.227.38 - - [14/Apr/2026:13:21:56 +0300] "GET /p/indic70490438?id=506696 HTTP/1.0" 500 185 "https://region-saitov.ru/sitemapa.xml" "Mozilla/5.0 AppleWebKit/537.36 (KHTML, like Gecko; compatible; GPTBot/1.3; +https://openai.com/gptbot)"
15.235.96.83 - - [14/Apr/2026:13:22:05 +0300] "GET /sitemap598.xml HTTP/1.0" 200 6070 "-" "Mozilla/5.0 (compatible; AhrefsBot/7.0; +http://ahrefs.com/robot/)"
51.222.168.219 - - [14/Apr/2026:13:22:19 +0300] "GET /sitemap783.xml HTTP/1.0" 200 6087 "-" "Mozilla/5.0 (compatible; AhrefsBot/7.0; +http://ahrefs.com/robot/)"
158.158.45.218 - - [14/Apr/2026:13:22:31 +0300] "GET /wp-content/plugins/hellopress/wp_filemanager.php HTTP/1.1" 301 196 "-" "-"
158.158.45.218 - - [14/Apr/2026:13:22:34 +0300] "GET /wp-content/plugins/hellopress/wp_filemanager.php HTTP/1.0" 500 185 "-" "-"
158.158.45.218 - - [14/Apr/2026:13:22:37 +0300] "GET /flower.php HTTP/1.1" 301 196 "-" "-"
158.158.45.218 - - [14/Apr/2026:13:22:37 +0300] "GET /flower.php HTTP/1.0" 403 481 "-" "-"
15.235.98.50 - - [14/Apr/2026:13:22:34 +0300] "GET /sitemap406.xml HTTP/1.0" 200 6107 "-" "Mozilla/5.0 (compatible; AhrefsBot/7.0; +http://ahrefs.com/robot/)"
85.249.28.214 - - [14/Apr/2026:13:22:39 +0300] "GET /cdh.mp4 HTTP/1.0" 206 17964230 "https://cdh-implant.ru/" "Mozilla/5.0 (Linux; arm_64; Android 14; SM-A235F) AppleWebKit/537.36 (KHTML, like Gecko) Chrome/144.0.7559.62 YaBrowser/26.3.6.62.00 Mobile Safari/537.36"
85.249.28.214 - - [14/Apr/2026:13:22:40 +0300] "GET /cdh.mp4 HTTP/1.0" 206 55839 "https://cdh-implant.ru/" "Mozilla/5.0 (Linux; arm_64; Android 14; SM-A235F) AppleWebKit/537.36 (KHTML, like Gecko) Chrome/144.0.7559.62 YaBrowser/26.3.6.62.00 Mobile Safari/537.36"
85.249.28.214 - - [14/Apr/2026:13:22:40 +0300] "GET /cdh.mp4 HTTP/1.0" 206 21578351 "https://cdh-implant.ru/" "Mozilla/5.0 (Linux; arm_64; Android 14; SM-A235F) AppleWebKit/537.36 (KHTML, like Gecko) Chrome/144.0.7559.62 YaBrowser/26.3.6.62.00 Mobile Safari/537.36"
158.158.45.218 - - [14/Apr/2026:13:22:41 +0300] "GET /a7.php HTTP/1.1" 301 196 "-" "-"
158.158.45.218 - - [14/Apr/2026:13:22:41 +0300] "GET /a7.php HTTP/1.0" 403 477 "-" "-"
158.158.45.218 - - [14/Apr/2026:13:22:41 +0300] "GET /doc.php HTTP/1.1" 301 196 "-" "-"
158.158.45.218 - - [14/Apr/2026:13:22:41 +0300] "GET /doc.php HTTP/1.0" 403 478 "-" "-"
158.158.45.218 - - [14/Apr/2026:13:22:41 +0300] "GET /mifta.php HTTP/1.1" 301 196 "-" "-"
158.158.45.218 - - [14/Apr/2026:13:22:41 +0300] "GET /mifta.php HTTP/1.0" 403 480 "-" "-"
158.158.45.218 - - [14/Apr/2026:13:22:41 +0300] "GET /Geforce.php HTTP/1.1" 301 196 "-" "-"
158.158.45.218 - - [14/Apr/2026:13:22:41 +0300] "GET /Geforce.php HTTP/1.0" 403 482 "-" "-"
158.158.45.218 - - [14/Apr/2026:13:22:41 +0300] "GET /packsin1.php HTTP/1.1" 301 196 "-" "-"
158.158.45.218 - - [14/Apr/2026:13:22:41 +0300] "GET /packsin1.php HTTP/1.0" 403 483 "-" "-"
158.158.45.218 - - [14/Apr/2026:13:22:42 +0300] "GET /xs.php HTTP/1.1" 301 196 "-" "-"
158.158.45.218 - - [14/Apr/2026:13:22:42 +0300] "GET /xs.php HTTP/1.0" 403 477 "-" "-"
158.158.45.218 - - [14/Apr/2026:13:22:42 +0300] "GET /son1.php HTTP/1.1" 301 196 "-" "-"
158.158.45.218 - - [14/Apr/2026:13:22:42 +0300] "GET /son1.php HTTP/1.0" 403 479 "-" "-"
158.158.45.218 - - [14/Apr/2026:13:22:42 +0300] "GET /wp-includes/theme-compat/wp-login.php HTTP/1.1" 301 196 "-" "-"
158.158.45.218 - - [14/Apr/2026:13:22:42 +0300] "GET /wp-includes/theme-compat/wp-login.php HTTP/1.0" 500 185 "-" "-"
158.158.45.218 - - [14/Apr/2026:13:22:45 +0300] "GET /aboute.php HTTP/1.1" 301 196 "-" "-"
158.158.45.218 - - [14/Apr/2026:13:22:45 +0300] "GET /aboute.php HTTP/1.0" 403 481 "-" "-"
158.158.45.218 - - [14/Apr/2026:13:22:45 +0300] "GET /pp.php HTTP/1.1" 301 196 "-" "-"
158.158.45.218 - - [14/Apr/2026:13:22:45 +0300] "GET /pp.php HTTP/1.0" 403 477 "-" "-"
158.158.45.218 - - [14/Apr/2026:13:22:46 +0300] "GET /ng.php HTTP/1.1" 301 196 "-" "-"
158.158.45.218 - - [14/Apr/2026:13:22:46 +0300] "GET /ng.php HTTP/1.0" 403 477 "-" "-"
158.158.45.218 - - [14/Apr/2026:13:22:46 +0300] "GET /tiny2.php HTTP/1.1" 301 196 "-" "-"
158.158.45.218 - - [14/Apr/2026:13:22:46 +0300] "GET /tiny2.php HTTP/1.0" 403 480 "-" "-"
158.158.45.218 - - [14/Apr/2026:13:22:46 +0300] "GET /state.php HTTP/1.1" 301 196 "-" "-"
158.158.45.218 - - [14/Apr/2026:13:22:46 +0300] "GET /state.php HTTP/1.0" 403 480 "-" "-"
158.158.45.218 - - [14/Apr/2026:13:22:46 +0300] "GET /2.php HTTP/1.1" 301 196 "-" "-"
158.158.45.218 - - [14/Apr/2026:13:22:46 +0300] "GET /2.php HTTP/1.0" 403 476 "-" "-"
158.158.45.218 - - [14/Apr/2026:13:22:47 +0300] "GET /wps.php HTTP/1.1" 301 196 "-" "-"
158.158.45.218 - - [14/Apr/2026:13:22:47 +0300] "GET /wps.php HTTP/1.0" 403 478 "-" "-"
158.158.45.218 - - [14/Apr/2026:13:22:47 +0300] "GET /ayk.php HTTP/1.1" 301 196 "-" "-"
158.158.45.218 - - [14/Apr/2026:13:22:47 +0300] "GET /ayk.php HTTP/1.0" 403 478 "-" "-"
158.158.45.218 - - [14/Apr/2026:13:22:47 +0300] "GET /wgift1.php HTTP/1.1" 301 196 "-" "-"
158.158.45.218 - - [14/Apr/2026:13:22:47 +0300] "GET /wgift1.php HTTP/1.0" 403 481 "-" "-"
158.158.45.218 - - [14/Apr/2026:13:22:47 +0300] "GET /ss.php HTTP/1.1" 301 196 "-" "-"
158.158.45.218 - - [14/Apr/2026:13:22:47 +0300] "GET /ss.php HTTP/1.0" 403 477 "-" "-"
158.158.45.218 - - [14/Apr/2026:13:22:47 +0300] "GET /tx79.php HTTP/1.1" 301 196 "-" "-"
158.158.45.218 - - [14/Apr/2026:13:22:48 +0300] "GET /tx79.php HTTP/1.0" 403 479 "-" "-"
158.158.45.218 - - [14/Apr/2026:13:22:48 +0300] "GET /7.php HTTP/1.1" 301 196 "-" "-"
158.158.45.218 - - [14/Apr/2026:13:22:48 +0300] "GET /7.php HTTP/1.0" 403 476 "-" "-"
158.158.45.218 - - [14/Apr/2026:13:22:48 +0300] "GET /wp-admin/images/admin.php HTTP/1.1" 301 196 "-" "-"
158.158.45.218 - - [14/Apr/2026:13:22:48 +0300] "GET /wp-admin/images/admin.php HTTP/1.0" 403 496 "-" "-"
158.158.45.218 - - [14/Apr/2026:13:22:48 +0300] "GET /config.php HTTP/1.1" 301 196 "-" "-"
158.158.45.218 - - [14/Apr/2026:13:22:48 +0300] "GET /config.php HTTP/1.0" 403 481 "-" "-"
158.158.45.218 - - [14/Apr/2026:13:22:49 +0300] "GET /gecko.php HTTP/1.1" 301 196 "-" "-"
158.158.45.218 - - [14/Apr/2026:13:22:49 +0300] "GET /gecko.php HTTP/1.0" 403 480 "-" "-"
158.158.45.218 - - [14/Apr/2026:13:22:49 +0300] "GET /tiny HTTP/1.1" 301 196 "-" "-"
158.158.45.218 - - [14/Apr/2026:13:22:49 +0300] "GET /tiny HTTP/1.0" 500 185 "-" "-"
158.158.45.218 - - [14/Apr/2026:13:22:52 +0300] "GET /tiny.php HTTP/1.1" 301 196 "-" "-"
158.158.45.218 - - [14/Apr/2026:13:22:52 +0300] "GET /tiny.php HTTP/1.0" 403 479 "-" "-"
158.158.45.218 - - [14/Apr/2026:13:22:52 +0300] "GET /eFpU3yHnriNNLtvdefault.php HTTP/1.1" 301 196 "-" "-"
51.222.168.217 - - [14/Apr/2026:13:22:49 +0300] "GET /sitemap496.xml HTTP/1.0" 200 6068 "-" "Mozilla/5.0 (compatible; AhrefsBot/7.0; +http://ahrefs.com/robot/)"
158.158.45.218 - - [14/Apr/2026:13:22:52 +0300] "GET /eFpU3yHnriNNLtvdefault.php HTTP/1.0" 403 497 "-" "-"
158.158.45.218 - - [14/Apr/2026:13:22:53 +0300] "GET /class-wp-image.php HTTP/1.1" 301 196 "-" "-"
158.158.45.218 - - [14/Apr/2026:13:22:53 +0300] "GET /class-wp-image.php HTTP/1.0" 403 489 "-" "-"
158.158.45.218 - - [14/Apr/2026:13:22:53 +0300] "GET /8.php HTTP/1.1" 301 196 "-" "-"
158.158.45.218 - - [14/Apr/2026:13:22:53 +0300] "GET /8.php HTTP/1.0" 403 476 "-" "-"
158.158.45.218 - - [14/Apr/2026:13:22:53 +0300] "GET /sadcut1.php HTTP/1.1" 301 196 "-" "-"
158.158.45.218 - - [14/Apr/2026:13:22:53 +0300] "GET /sadcut1.php HTTP/1.0" 403 482 "-" "-"
158.158.45.218 - - [14/Apr/2026:13:22:53 +0300] "GET /footer.php HTTP/1.1" 301 196 "-" "-"
158.158.45.218 - - [14/Apr/2026:13:22:53 +0300] "GET /footer.php HTTP/1.0" 403 481 "-" "-"
158.158.45.218 - - [14/Apr/2026:13:22:53 +0300] "GET /img.php HTTP/1.1" 301 196 "-" "-"
158.158.45.218 - - [14/Apr/2026:13:22:54 +0300] "GET /img.php HTTP/1.0" 403 478 "-" "-"
158.158.45.218 - - [14/Apr/2026:13:22:54 +0300] "GET /12.php HTTP/1.1" 301 196 "-" "-"
158.158.45.218 - - [14/Apr/2026:13:22:54 +0300] "GET /12.php HTTP/1.0" 403 477 "-" "-"
158.158.45.218 - - [14/Apr/2026:13:22:54 +0300] "GET /xwx1.php HTTP/1.1" 301 196 "-" "-"
158.158.45.218 - - [14/Apr/2026:13:22:54 +0300] "GET /xwx1.php HTTP/1.0" 403 479 "-" "-"
158.158.45.218 - - [14/Apr/2026:13:22:54 +0300] "GET /xff.php HTTP/1.1" 301 196 "-" "-"
158.158.45.218 - - [14/Apr/2026:13:22:54 +0300] "GET /xff.php HTTP/1.0" 403 478 "-" "-"
158.158.45.218 - - [14/Apr/2026:13:22:54 +0300] "GET /lib.php HTTP/1.1" 301 196 "-" "-"
158.158.45.218 - - [14/Apr/2026:13:22:54 +0300] "GET /lib.php HTTP/1.0" 403 478 "-" "-"
158.158.45.218 - - [14/Apr/2026:13:22:55 +0300] "GET /roksad1.php HTTP/1.1" 301 196 "-" "-"
158.158.45.218 - - [14/Apr/2026:13:22:55 +0300] "GET /roksad1.php HTTP/1.0" 403 482 "-" "-"
158.158.45.218 - - [14/Apr/2026:13:22:55 +0300] "GET /wmore1.php HTTP/1.1" 301 196 "-" "-"
158.158.45.218 - - [14/Apr/2026:13:22:55 +0300] "GET /wmore1.php HTTP/1.0" 403 481 "-" "-"
158.158.45.218 - - [14/Apr/2026:13:22:55 +0300] "GET /adminfuns.php HTTP/1.1" 301 196 "-" "-"
158.158.45.218 - - [14/Apr/2026:13:22:55 +0300] "GET /adminfuns.php HTTP/1.0" 403 484 "-" "-"
158.158.45.218 - - [14/Apr/2026:13:22:55 +0300] "GET /chosen.php HTTP/1.1" 301 196 "-" "-"
158.158.45.218 - - [14/Apr/2026:13:22:55 +0300] "GET /chosen.php HTTP/1.0" 403 481 "-" "-"
158.158.45.218 - - [14/Apr/2026:13:22:55 +0300] "GET /dass.php HTTP/1.1" 301 196 "-" "-"
158.158.45.218 - - [14/Apr/2026:13:22:55 +0300] "GET /dass.php HTTP/1.0" 403 479 "-" "-"
158.158.45.218 - - [14/Apr/2026:13:22:55 +0300] "GET /db.php HTTP/1.1" 301 196 "-" "-"
158.158.45.218 - - [14/Apr/2026:13:22:55 +0300] "GET /db.php HTTP/1.0" 403 477 "-" "-"
158.158.45.218 - - [14/Apr/2026:13:22:56 +0300] "GET /less.php HTTP/1.1" 301 196 "-" "-"
158.158.45.218 - - [14/Apr/2026:13:22:56 +0300] "GET /less.php HTTP/1.0" 403 479 "-" "-"
158.158.45.218 - - [14/Apr/2026:13:22:56 +0300] "GET /ws86.php HTTP/1.1" 301 196 "-" "-"
158.158.45.218 - - [14/Apr/2026:13:22:56 +0300] "GET /ws86.php HTTP/1.0" 403 479 "-" "-"
158.158.45.218 - - [14/Apr/2026:13:22:56 +0300] "GET /maxro.php HTTP/1.1" 301 196 "-" "-"
158.158.45.218 - - [14/Apr/2026:13:22:56 +0300] "GET /maxro.php HTTP/1.0" 403 480 "-" "-"
158.158.45.218 - - [14/Apr/2026:13:22:56 +0300] "GET /classwithtostring.php HTTP/1.1" 301 196 "-" "-"
158.158.45.218 - - [14/Apr/2026:13:22:56 +0300] "GET /classwithtostring.php HTTP/1.0" 403 492 "-" "-"
158.158.45.218 - - [14/Apr/2026:13:22:56 +0300] "GET /1s7y8wt9dz.php HTTP/1.1" 301 196 "-" "-"
158.158.45.218 - - [14/Apr/2026:13:22:56 +0300] "GET /1s7y8wt9dz.php HTTP/1.0" 403 485 "-" "-"
158.158.45.218 - - [14/Apr/2026:13:22:56 +0300] "GET /bdktk.php HTTP/1.1" 301 196 "-" "-"
158.158.45.218 - - [14/Apr/2026:13:22:57 +0300] "GET /bdktk.php HTTP/1.0" 403 480 "-" "-"
158.158.45.218 - - [14/Apr/2026:13:22:57 +0300] "GET /v5.php HTTP/1.1" 301 196 "-" "-"
158.158.45.218 - - [14/Apr/2026:13:22:57 +0300] "GET /v5.php HTTP/1.0" 403 477 "-" "-"
158.158.45.218 - - [14/Apr/2026:13:22:57 +0300] "GET /ws85.php HTTP/1.1" 301 196 "-" "-"
158.158.45.218 - - [14/Apr/2026:13:22:57 +0300] "GET /ws85.php HTTP/1.0" 403 479 "-" "-"
158.158.45.218 - - [14/Apr/2026:13:22:57 +0300] "GET /ws87.php HTTP/1.1" 301 196 "-" "-"
158.158.45.218 - - [14/Apr/2026:13:22:57 +0300] "GET /ws87.php HTTP/1.0" 403 479 "-" "-"
158.158.45.218 - - [14/Apr/2026:13:22:57 +0300] "GET /layout.php HTTP/1.1" 301 196 "-" "-"
158.158.45.218 - - [14/Apr/2026:13:22:57 +0300] "GET /layout.php HTTP/1.0" 403 481 "-" "-"
158.158.45.218 - - [14/Apr/2026:13:22:57 +0300] "GET /r2.php HTTP/1.1" 301 196 "-" "-"
158.158.45.218 - - [14/Apr/2026:13:22:58 +0300] "GET /r2.php HTTP/1.0" 403 477 "-" "-"
158.158.45.218 - - [14/Apr/2026:13:22:58 +0300] "GET /ah25.php HTTP/1.1" 301 196 "-" "-"
158.158.45.218 - - [14/Apr/2026:13:22:58 +0300] "GET /ah25.php HTTP/1.0" 403 479 "-" "-"
158.158.45.218 - - [14/Apr/2026:13:22:58 +0300] "GET /006.php HTTP/1.1" 301 196 "-" "-"
158.158.45.218 - - [14/Apr/2026:13:22:58 +0300] "GET /006.php HTTP/1.0" 403 478 "-" "-"
158.158.45.218 - - [14/Apr/2026:13:22:58 +0300] "GET /samll.php HTTP/1.1" 301 196 "-" "-"
158.158.45.218 - - [14/Apr/2026:13:22:58 +0300] "GET /samll.php HTTP/1.0" 403 480 "-" "-"
158.158.45.218 - - [14/Apr/2026:13:22:58 +0300] "GET /zogy1.php HTTP/1.1" 301 196 "-" "-"
158.158.45.218 - - [14/Apr/2026:13:22:58 +0300] "GET /zogy1.php HTTP/1.0" 403 480 "-" "-"
158.158.45.218 - - [14/Apr/2026:13:22:58 +0300] "GET /aios-bootstrap.php HTTP/1.1" 301 196 "-" "-"
158.158.45.218 - - [14/Apr/2026:13:22:59 +0300] "GET /aios-bootstrap.php HTTP/1.0" 403 489 "-" "-"
158.158.45.218 - - [14/Apr/2026:13:22:59 +0300] "GET /rh.php HTTP/1.1" 301 196 "-" "-"
158.158.45.218 - - [14/Apr/2026:13:22:59 +0300] "GET /rh.php HTTP/1.0" 403 477 "-" "-"
158.158.45.218 - - [14/Apr/2026:13:22:59 +0300] "GET /gz.php HTTP/1.1" 301 196 "-" "-"
158.158.45.218 - - [14/Apr/2026:13:22:59 +0300] "GET /gz.php HTTP/1.0" 403 477 "-" "-"
158.158.45.218 - - [14/Apr/2026:13:22:59 +0300] "GET /gelio1.php HTTP/1.1" 301 196 "-" "-"
158.158.45.218 - - [14/Apr/2026:13:22:59 +0300] "GET /gelio1.php HTTP/1.0" 403 481 "-" "-"
158.158.45.218 - - [14/Apr/2026:13:22:59 +0300] "GET /areak1.php HTTP/1.1" 301 196 "-" "-"
158.158.45.218 - - [14/Apr/2026:13:23:00 +0300] "GET /areak1.php HTTP/1.0" 403 481 "-" "-"
158.158.45.218 - - [14/Apr/2026:13:23:00 +0300] "GET /qqa.php HTTP/1.1" 301 196 "-" "-"
158.158.45.218 - - [14/Apr/2026:13:23:00 +0300] "GET /qqa.php HTTP/1.0" 403 478 "-" "-"
158.158.45.218 - - [14/Apr/2026:13:23:00 +0300] "GET /dx.php HTTP/1.1" 301 196 "-" "-"
158.158.45.218 - - [14/Apr/2026:13:23:00 +0300] "GET /dx.php HTTP/1.0" 403 477 "-" "-"
158.158.45.218 - - [14/Apr/2026:13:23:00 +0300] "GET /ga.php HTTP/1.1" 301 196 "-" "-"
158.158.45.218 - - [14/Apr/2026:13:23:00 +0300] "GET /ga.php HTTP/1.0" 403 477 "-" "-"
158.158.45.218 - - [14/Apr/2026:13:23:00 +0300] "GET /xozx.php HTTP/1.1" 301 196 "-" "-"
158.158.45.218 - - [14/Apr/2026:13:23:00 +0300] "GET /xozx.php HTTP/1.0" 403 479 "-" "-"
158.158.45.218 - - [14/Apr/2026:13:23:01 +0300] "GET /1100.php HTTP/1.1" 301 196 "-" "-"
158.158.45.218 - - [14/Apr/2026:13:23:01 +0300] "GET /1100.php HTTP/1.0" 403 479 "-" "-"
158.158.45.218 - - [14/Apr/2026:13:23:01 +0300] "GET /press.php HTTP/1.1" 301 196 "-" "-"
158.158.45.218 - - [14/Apr/2026:13:23:01 +0300] "GET /press.php HTTP/1.0" 403 480 "-" "-"
158.158.45.218 - - [14/Apr/2026:13:23:01 +0300] "GET /f35.php HTTP/1.1" 301 196 "-" "-"
158.158.45.218 - - [14/Apr/2026:13:23:01 +0300] "GET /f35.php HTTP/1.0" 403 478 "-" "-"
158.158.45.218 - - [14/Apr/2026:13:23:01 +0300] "GET /wp-kz.php HTTP/1.1" 301 196 "-" "-"
158.158.45.218 - - [14/Apr/2026:13:23:01 +0300] "GET /wp-kz.php HTTP/1.0" 403 480 "-" "-"
158.158.45.218 - - [14/Apr/2026:13:23:02 +0300] "GET /wp-lo.php HTTP/1.1" 301 196 "-" "-"
158.158.45.218 - - [14/Apr/2026:13:23:02 +0300] "GET /wp-lo.php HTTP/1.0" 403 480 "-" "-"
158.158.45.218 - - [14/Apr/2026:13:23:02 +0300] "GET /fone1.php HTTP/1.1" 301 196 "-" "-"
158.158.45.218 - - [14/Apr/2026:13:23:02 +0300] "GET /fone1.php HTTP/1.0" 403 480 "-" "-"
74.7.227.38 - - [14/Apr/2026:13:23:02 +0300] "GET /p/puzzl20354105?id=370363 HTTP/1.0" 500 185 "https://region-saitov.ru/sitemapa.xml" "Mozilla/5.0 AppleWebKit/537.36 (KHTML, like Gecko; compatible; GPTBot/1.3; +https://openai.com/gptbot)"
158.158.45.218 - - [14/Apr/2026:13:23:02 +0300] "GET /Ipv6.php HTTP/1.1" 301 196 "-" "-"
158.158.45.218 - - [14/Apr/2026:13:23:02 +0300] "GET /Ipv6.php HTTP/1.0" 403 479 "-" "-"
158.158.45.218 - - [14/Apr/2026:13:23:02 +0300] "GET /file-gertdxz.php HTTP/1.1" 301 196 "-" "-"
158.158.45.218 - - [14/Apr/2026:13:23:02 +0300] "GET /file-gertdxz.php HTTP/1.0" 403 487 "-" "-"
158.158.45.218 - - [14/Apr/2026:13:23:02 +0300] "GET /xper1.php HTTP/1.1" 301 196 "-" "-"
158.158.45.218 - - [14/Apr/2026:13:23:02 +0300] "GET /xper1.php HTTP/1.0" 403 480 "-" "-"
158.158.45.218 - - [14/Apr/2026:13:23:02 +0300] "GET /yuzuru1.php HTTP/1.1" 301 196 "-" "-"
158.158.45.218 - - [14/Apr/2026:13:23:03 +0300] "GET /yuzuru1.php HTTP/1.0" 403 482 "-" "-"
158.158.45.218 - - [14/Apr/2026:13:23:03 +0300] "GET /wglum1.php HTTP/1.1" 301 196 "-" "-"
158.158.45.218 - - [14/Apr/2026:13:23:03 +0300] "GET /wglum1.php HTTP/1.0" 403 481 "-" "-"
158.158.45.218 - - [14/Apr/2026:13:23:03 +0300] "GET /saorix1.php HTTP/1.1" 301 196 "-" "-"
158.158.45.218 - - [14/Apr/2026:13:23:03 +0300] "GET /saorix1.php HTTP/1.0" 403 482 "-" "-"
158.158.45.218 - - [14/Apr/2026:13:23:03 +0300] "GET /xper.php HTTP/1.1" 301 196 "-" "-"
158.158.45.218 - - [14/Apr/2026:13:23:03 +0300] "GET /xper.php HTTP/1.0" 403 479 "-" "-"
158.158.45.218 - - [14/Apr/2026:13:23:03 +0300] "GET /wxpass.php HTTP/1.1" 301 196 "-" "-"
158.158.45.218 - - [14/Apr/2026:13:23:03 +0300] "GET /wxpass.php HTTP/1.0" 403 481 "-" "-"
158.158.45.218 - - [14/Apr/2026:13:23:03 +0300] "GET /000.php HTTP/1.1" 301 196 "-" "-"
158.158.45.218 - - [14/Apr/2026:13:23:04 +0300] "GET /000.php HTTP/1.0" 403 478 "-" "-"
158.158.45.218 - - [14/Apr/2026:13:23:04 +0300] "GET //config.php? HTTP/1.1" 301 196 "-" "-"
158.158.45.218 - - [14/Apr/2026:13:23:04 +0300] "GET //config.php? HTTP/1.0" 403 481 "-" "-"
158.158.45.218 - - [14/Apr/2026:13:23:04 +0300] "GET /x3x.php HTTP/1.1" 301 196 "-" "-"
158.158.45.218 - - [14/Apr/2026:13:23:04 +0300] "GET /x3x.php HTTP/1.0" 403 478 "-" "-"
158.158.45.218 - - [14/Apr/2026:13:23:04 +0300] "GET /xy.php HTTP/1.1" 301 196 "-" "-"
158.158.45.218 - - [14/Apr/2026:13:23:04 +0300] "GET /xy.php HTTP/1.0" 403 477 "-" "-"
158.158.45.218 - - [14/Apr/2026:13:23:04 +0300] "GET /global.php HTTP/1.1" 301 196 "-" "-"
158.158.45.218 - - [14/Apr/2026:13:23:04 +0300] "GET /global.php HTTP/1.0" 403 481 "-" "-"
158.158.45.218 - - [14/Apr/2026:13:23:04 +0300] "GET /themes.php HTTP/1.1" 301 196 "-" "-"
158.158.45.218 - - [14/Apr/2026:13:23:04 +0300] "GET /themes.php HTTP/1.0" 403 481 "-" "-"
158.158.45.218 - - [14/Apr/2026:13:23:05 +0300] "GET /link.php HTTP/1.1" 301 196 "-" "-"
158.158.45.218 - - [14/Apr/2026:13:23:05 +0300] "GET /link.php HTTP/1.0" 403 479 "-" "-"
158.158.45.218 - - [14/Apr/2026:13:23:05 +0300] "GET /ortasekerli1.php HTTP/1.1" 301 196 "-" "-"
158.158.45.218 - - [14/Apr/2026:13:23:05 +0300] "GET /ortasekerli1.php HTTP/1.0" 403 487 "-" "-"
158.158.45.218 - - [14/Apr/2026:13:23:05 +0300] "GET /wp-block.php HTTP/1.1" 301 196 "-" "-"
158.158.45.218 - - [14/Apr/2026:13:23:05 +0300] "GET /wp-block.php HTTP/1.0" 403 483 "-" "-"
158.158.45.218 - - [14/Apr/2026:13:23:05 +0300] "GET /wp-includes/wincust.php HTTP/1.1" 301 196 "-" "-"
158.158.45.218 - - [14/Apr/2026:13:23:05 +0300] "GET /wp-includes/wincust.php HTTP/1.0" 403 494 "-" "-"
158.158.45.218 - - [14/Apr/2026:13:23:05 +0300] "GET /acp.php HTTP/1.1" 301 196 "-" "-"
158.158.45.218 - - [14/Apr/2026:13:23:05 +0300] "GET /acp.php HTTP/1.0" 403 478 "-" "-"
158.158.45.218 - - [14/Apr/2026:13:23:05 +0300] "GET /fs.php HTTP/1.1" 301 196 "-" "-"
158.158.45.218 - - [14/Apr/2026:13:23:05 +0300] "GET /fs.php HTTP/1.0" 403 477 "-" "-"
158.158.45.218 - - [14/Apr/2026:13:23:06 +0300] "GET /xltt.php HTTP/1.1" 301 196 "-" "-"
158.158.45.218 - - [14/Apr/2026:13:23:06 +0300] "GET /xltt.php HTTP/1.0" 403 479 "-" "-"
158.158.45.218 - - [14/Apr/2026:13:23:06 +0300] "GET /ws57.php HTTP/1.1" 301 196 "-" "-"
158.158.45.218 - - [14/Apr/2026:13:23:06 +0300] "GET /ws57.php HTTP/1.0" 403 479 "-" "-"
158.158.45.218 - - [14/Apr/2026:13:23:06 +0300] "GET /ws61.php HTTP/1.1" 301 196 "-" "-"
158.158.45.218 - - [14/Apr/2026:13:23:06 +0300] "GET /ws61.php HTTP/1.0" 403 479 "-" "-"
158.158.45.218 - - [14/Apr/2026:13:23:07 +0300] "GET /ws66.php HTTP/1.1" 301 196 "-" "-"
158.158.45.218 - - [14/Apr/2026:13:23:07 +0300] "GET /ws66.php HTTP/1.0" 403 479 "-" "-"
158.158.45.218 - - [14/Apr/2026:13:23:07 +0300] "GET /ws80.php HTTP/1.1" 301 196 "-" "-"
158.158.45.218 - - [14/Apr/2026:13:23:07 +0300] "GET /ws80.php HTTP/1.0" 403 479 "-" "-"
158.158.45.218 - - [14/Apr/2026:13:23:07 +0300] "GET /xynz.php HTTP/1.1" 301 196 "-" "-"
158.158.45.218 - - [14/Apr/2026:13:23:07 +0300] "GET /xynz.php HTTP/1.0" 403 479 "-" "-"
158.158.45.218 - - [14/Apr/2026:13:23:07 +0300] "GET /wp-01ul.php HTTP/1.1" 301 196 "-" "-"
15.235.96.203 - - [14/Apr/2026:13:23:03 +0300] "GET /sitemap710.xml HTTP/1.0" 200 6082 "-" "Mozilla/5.0 (compatible; AhrefsBot/7.0; +http://ahrefs.com/robot/)"
158.158.45.218 - - [14/Apr/2026:13:23:07 +0300] "GET /wp-01ul.php HTTP/1.0" 403 482 "-" "-"
158.158.45.218 - - [14/Apr/2026:13:23:07 +0300] "GET /e7.php HTTP/1.1" 301 196 "-" "-"
158.158.45.218 - - [14/Apr/2026:13:23:08 +0300] "GET /e7.php HTTP/1.0" 403 477 "-" "-"
158.158.45.218 - - [14/Apr/2026:13:23:08 +0300] "GET /e3.php HTTP/1.1" 301 196 "-" "-"
158.158.45.218 - - [14/Apr/2026:13:23:08 +0300] "GET /e3.php HTTP/1.0" 403 477 "-" "-"
158.158.45.218 - - [14/Apr/2026:13:23:09 +0300] "GET /aevly.php HTTP/1.1" 301 196 "-" "-"
158.158.45.218 - - [14/Apr/2026:13:23:09 +0300] "GET /aevly.php HTTP/1.0" 403 480 "-" "-"
158.158.45.218 - - [14/Apr/2026:13:23:09 +0300] "GET /bthil.php HTTP/1.1" 301 196 "-" "-"
158.158.45.218 - - [14/Apr/2026:13:23:09 +0300] "GET /bthil.php HTTP/1.0" 403 480 "-" "-"
158.158.45.218 - - [14/Apr/2026:13:23:09 +0300] "GET /wp-class.php HTTP/1.1" 301 196 "-" "-"
158.158.45.218 - - [14/Apr/2026:13:23:09 +0300] "GET /wp-class.php HTTP/1.0" 403 483 "-" "-"
158.158.45.218 - - [14/Apr/2026:13:23:09 +0300] "GET /cilus.php HTTP/1.1" 301 196 "-" "-"
158.158.45.218 - - [14/Apr/2026:13:23:09 +0300] "GET /cilus.php HTTP/1.0" 403 480 "-" "-"
158.158.45.218 - - [14/Apr/2026:13:23:09 +0300] "GET /d.php HTTP/1.1" 301 196 "-" "-"
158.158.45.218 - - [14/Apr/2026:13:23:09 +0300] "GET /d.php HTTP/1.0" 403 476 "-" "-"
158.158.45.218 - - [14/Apr/2026:13:23:09 +0300] "GET /error_log.php HTTP/1.1" 301 196 "-" "-"
158.158.45.218 - - [14/Apr/2026:13:23:09 +0300] "GET /error_log.php HTTP/1.0" 403 484 "-" "-"
158.158.45.218 - - [14/Apr/2026:13:23:09 +0300] "GET /Ov-Simple1.php HTTP/1.1" 301 196 "-" "-"
158.158.45.218 - - [14/Apr/2026:13:23:10 +0300] "GET /Ov-Simple1.php HTTP/1.0" 403 485 "-" "-"
158.158.45.218 - - [14/Apr/2026:13:23:10 +0300] "GET /curl.php HTTP/1.1" 301 196 "-" "-"
158.158.45.218 - - [14/Apr/2026:13:23:10 +0300] "GET /curl.php HTTP/1.0" 403 479 "-" "-"
158.158.45.218 - - [14/Apr/2026:13:23:10 +0300] "GET /sallu.php HTTP/1.1" 301 196 "-" "-"
158.158.45.218 - - [14/Apr/2026:13:23:10 +0300] "GET /sallu.php HTTP/1.0" 403 480 "-" "-"
158.158.45.218 - - [14/Apr/2026:13:23:10 +0300] "GET //f6.php HTTP/1.1" 301 196 "-" "-"
158.158.45.218 - - [14/Apr/2026:13:23:10 +0300] "GET //f6.php HTTP/1.0" 403 477 "-" "-"
158.158.45.218 - - [14/Apr/2026:13:23:10 +0300] "GET //edit.php HTTP/1.1" 301 196 "-" "-"
158.158.45.218 - - [14/Apr/2026:13:23:10 +0300] "GET //edit.php HTTP/1.0" 403 479 "-" "-"
158.158.45.218 - - [14/Apr/2026:13:23:11 +0300] "GET //aa.php HTTP/1.1" 301 196 "-" "-"
158.158.45.218 - - [14/Apr/2026:13:23:11 +0300] "GET //aa.php HTTP/1.0" 403 477 "-" "-"
158.158.45.218 - - [14/Apr/2026:13:23:11 +0300] "GET /goods_260325043000.php HTTP/1.1" 301 196 "-" "-"
158.158.45.218 - - [14/Apr/2026:13:23:11 +0300] "GET /goods_260325043000.php HTTP/1.0" 403 493 "-" "-"
158.158.45.218 - - [14/Apr/2026:13:23:11 +0300] "GET /goods_260401065719.php HTTP/1.1" 301 196 "-" "-"
158.158.45.218 - - [14/Apr/2026:13:23:11 +0300] "GET /goods_260401065719.php HTTP/1.0" 403 493 "-" "-"
85.249.28.214 - - [14/Apr/2026:13:23:19 +0300] "GET /cdh.mp4 HTTP/1.0" 206 21715483 "https://cdh-implant.ru/" "Mozilla/5.0 (Linux; Android 14; SM-A235F Build/UP1A.231005.007; wv) AppleWebKit/537.36 (KHTML, like Gecko) Version/4.0 Chrome/146.0.7680.177 Mobile Safari/537.36"
85.249.28.214 - - [14/Apr/2026:13:23:20 +0300] "GET /cdh.mp4 HTTP/1.0" 206 55839 "https://cdh-implant.ru/" "Mozilla/5.0 (Linux; Android 14; SM-A235F Build/UP1A.231005.007; wv) AppleWebKit/537.36 (KHTML, like Gecko) Version/4.0 Chrome/146.0.7680.177 Mobile Safari/537.36"
85.249.28.214 - - [14/Apr/2026:13:23:20 +0300] "GET /cdh.mp4 HTTP/1.0" 206 21611119 "https://cdh-implant.ru/" "Mozilla/5.0 (Linux; Android 14; SM-A235F Build/UP1A.231005.007; wv) AppleWebKit/537.36 (KHTML, like Gecko) Version/4.0 Chrome/146.0.7680.177 Mobile Safari/537.36"
54.39.136.105 - - [14/Apr/2026:13:23:18 +0300] "GET /sitemap644.xml HTTP/1.0" 200 6080 "-" "Mozilla/5.0 (compatible; AhrefsBot/7.0; +http://ahrefs.com/robot/)"
66.249.70.2 - - [14/Apr/2026:13:23:20 +0300] "GET /p/inn32627194?id=2643452 HTTP/1.0" 200 25296 "-" "Mozilla/5.0 (Linux; Android 6.0.1; Nexus 5X Build/MMB29P) AppleWebKit/537.36 (KHTML, like Gecko) Chrome/146.0.7680.177 Mobile Safari/537.36 (compatible; Googlebot/2.1; +http://www.google.com/bot.html)"
142.44.220.42 - - [14/Apr/2026:13:23:32 +0300] "GET /sitemap382.xml HTTP/1.0" 200 6058 "-" "Mozilla/5.0 (compatible; AhrefsBot/7.0; +http://ahrefs.com/robot/)"
89.111.141.101 - - [14/Apr/2026:13:23:35 +0300] "GET / HTTP/1.0" 500 185 "-" "https://reg.ru monitoring abuse@reg.ru"
92.242.60.14 - - [14/Apr/2026:13:23:43 +0300] "GET / HTTP/1.0" 500 185 "-" "https://reg.ru monitoring abuse@reg.ru"
15.235.27.30 - - [14/Apr/2026:13:23:47 +0300] "GET /sitemap910.xml HTTP/1.0" 200 6064 "-" "Mozilla/5.0 (compatible; AhrefsBot/7.0; +http://ahrefs.com/robot/)"
66.249.76.232 - - [14/Apr/2026:13:23:53 +0300] "GET /p/norm70543870?id=560128 HTTP/1.0" 200 24505 "-" "Mozilla/5.0 (Linux; Android 6.0.1; Nexus 5X Build/MMB29P) AppleWebKit/537.36 (KHTML, like Gecko) Chrome/146.0.7680.177 Mobile Safari/537.36 (compatible; GoogleOther)"
74.7.227.38 - - [14/Apr/2026:13:24:02 +0300] "GET /p/commo50904100?id=920358 HTTP/1.0" 500 185 "https://region-saitov.ru/sitemape.xml" "Mozilla/5.0 AppleWebKit/537.36 (KHTML, like Gecko; compatible; GPTBot/1.3; +https://openai.com/gptbot)"
54.39.89.255 - - [14/Apr/2026:13:24:01 +0300] "GET /sitemap625.xml HTTP/1.0" 200 6101 "-" "Mozilla/5.0 (compatible; AhrefsBot/7.0; +http://ahrefs.com/robot/)"
66.249.70.2 - - [14/Apr/2026:13:24:02 +0300] "GET /p/objec71576438?id=1592696 HTTP/1.0" 200 24711 "-" "Mozilla/5.0 (Linux; Android 6.0.1; Nexus 5X Build/MMB29P) AppleWebKit/537.36 (KHTML, like Gecko) Chrome/146.0.7680.177 Mobile Safari/537.36 (compatible; Googlebot/2.1; +http://www.google.com/bot.html)"
148.113.128.150 - - [14/Apr/2026:13:24:16 +0300] "GET /sitemap222.xml HTTP/1.0" 200 6053 "-" "Mozilla/5.0 (compatible; AhrefsBot/7.0; +http://ahrefs.com/robot/)"
66.249.70.2 - - [14/Apr/2026:13:24:25 +0300] "GET /p/railr31438666?id=1454924 HTTP/1.0" 200 26036 "-" "Mozilla/5.0 (Linux; Android 6.0.1; Nexus 5X Build/MMB29P) AppleWebKit/537.36 (KHTML, like Gecko) Chrome/146.0.7680.177 Mobile Safari/537.36 (compatible; Googlebot/2.1; +http://www.google.com/bot.html)"
51.161.65.160 - - [14/Apr/2026:13:24:31 +0300] "GET /sitemap897.xml HTTP/1.0" 200 6080 "-" "Mozilla/5.0 (compatible; AhrefsBot/7.0; +http://ahrefs.com/robot/)"
85.140.7.114 - - [14/Apr/2026:13:24:40 +0300] "GET /rs-blue.png HTTP/1.1" 200 2931 "https://mc-tabib.ru/" "Mozilla/5.0 (Linux; arm_64; Android 12; BNE-LX1) AppleWebKit/537.36 (KHTML, like Gecko) Chrome/144.0.7559.123 YaBrowser/26.3.5.123.00 Mobile Safari/537.36"
54.39.210.54 - - [14/Apr/2026:13:24:45 +0300] "GET /sitemap188.xml HTTP/1.0" 200 6117 "-" "Mozilla/5.0 (compatible; AhrefsBot/7.0; +http://ahrefs.com/robot/)"
142.44.233.191 - - [14/Apr/2026:13:25:00 +0300] "GET /sitemap354.xml HTTP/1.0" 200 6105 "-" "Mozilla/5.0 (compatible; AhrefsBot/7.0; +http://ahrefs.com/robot/)"
74.7.227.38 - - [14/Apr/2026:13:25:05 +0300] "GET /p/uncer60601901?id=618159 HTTP/1.0" 500 185 "https://region-saitov.ru/sitemape.xml" "Mozilla/5.0 AppleWebKit/537.36 (KHTML, like Gecko; compatible; GPTBot/1.3; +https://openai.com/gptbot)"
15.235.96.238 - - [14/Apr/2026:13:25:14 +0300] "GET /sitemap554.xml HTTP/1.0" 200 6070 "-" "Mozilla/5.0 (compatible; AhrefsBot/7.0; +http://ahrefs.com/robot/)"
66.249.70.3 - - [14/Apr/2026:13:25:17 +0300] "GET /p/commo50132100?id=148358 HTTP/1.0" 200 24665 "-" "Mozilla/5.0 (Linux; Android 6.0.1; Nexus 5X Build/MMB29P) AppleWebKit/537.36 (KHTML, like Gecko) Chrome/146.0.7680.177 Mobile Safari/537.36 (compatible; GoogleOther)"
89.111.170.8 - - [14/Apr/2026:13:25:26 +0300] "GET / HTTP/1.0" 500 185 "-" "https://reg.ru monitoring abuse@reg.ru"
167.114.139.241 - - [14/Apr/2026:13:25:29 +0300] "GET /sitemap745.xml HTTP/1.0" 200 6097 "-" "Mozilla/5.0 (compatible; AhrefsBot/7.0; +http://ahrefs.com/robot/)"
51.161.37.100 - - [14/Apr/2026:13:25:43 +0300] "GET /sitemap.xml HTTP/1.0" 200 491 "-" "Mozilla/5.0 (compatible; AhrefsBot/7.0; +http://ahrefs.com/robot/)"
94.154.35.236 - - [14/Apr/2026:13:25:53 +0300] "HEAD /backup/region-saitov.7z HTTP/1.1" 301 0 "-" "Mozilla/5.0 (Windows NT 10.0; Win64; x64) AppleWebKit/537.36 (KHTML, like Gecko) Chrome/101.0.4951.67 Safari/537.36"
94.154.35.236 - - [14/Apr/2026:13:25:53 +0300] "HEAD /backup/region-saitov.7z HTTP/1.0" 500 166 "-" "Mozilla/5.0 (Windows NT 10.0; Win64; x64) AppleWebKit/537.36 (KHTML, like Gecko) Chrome/101.0.4951.67 Safari/537.36"
74.7.227.38 - - [14/Apr/2026:13:26:06 +0300] "GET /p/augus60316205?id=332463 HTTP/1.0" 500 185 "https://region-saitov.ru/sitemape.xml" "Mozilla/5.0 AppleWebKit/537.36 (KHTML, like Gecko; compatible; GPTBot/1.3; +https://openai.com/gptbot)"
185.5.249.176 - - [14/Apr/2026:13:26:35 +0300] "GET / HTTP/1.0" 500 185 "-" "Mozilla/5.0 (Windows NT 10.0) AppleWebKit/537.36 (KHTML, like Gecko) Chrome/129.0.0.0 Safari/537.36 Edg/129.0.0.0"
74.7.227.38 - - [14/Apr/2026:13:27:06 +0300] "GET /p/balan40745467?id=761725 HTTP/1.0" 500 185 "https://region-saitov.ru/sitemapa.xml" "Mozilla/5.0 AppleWebKit/537.36 (KHTML, like Gecko; compatible; GPTBot/1.3; +https://openai.com/gptbot)"
95.37.228.130 - - [14/Apr/2026:13:27:07 +0300] "GET /cdh.mp4 HTTP/1.0" 206 13904284 "https://cdh-implant.ru/" "Mozilla/5.0 (iPhone; CPU iPhone OS 18_7 like Mac OS X) AppleWebKit/605.1.15 (KHTML, like Gecko) Version/26.3 Mobile/15E148 Safari/604.1"
95.37.228.130 - - [14/Apr/2026:13:27:07 +0300] "GET /cdh.mp4 HTTP/1.0" 206 55839 "https://cdh-implant.ru/" "Mozilla/5.0 (iPhone; CPU iPhone OS 18_7 like Mac OS X) AppleWebKit/605.1.15 (KHTML, like Gecko) Version/26.3 Mobile/15E148 Safari/604.1"
66.249.76.231 - - [14/Apr/2026:13:27:13 +0300] "GET /p/fare51755004?id=1771262 HTTP/1.0" 200 24526 "-" "Mozilla/5.0 (Linux; Android 6.0.1; Nexus 5X Build/MMB29P) AppleWebKit/537.36 (KHTML, like Gecko) Chrome/146.0.7680.177 Mobile Safari/537.36 (compatible; GoogleOther)"
66.249.70.2 - - [14/Apr/2026:13:27:47 +0300] "GET /p/mobil60719493?id=735751 HTTP/1.0" 200 24861 "-" "Mozilla/5.0 (Linux; Android 6.0.1; Nexus 5X Build/MMB29P) AppleWebKit/537.36 (KHTML, like Gecko) Chrome/146.0.7680.177 Mobile Safari/537.36 (compatible; Googlebot/2.1; +http://www.google.com/bot.html)"
66.249.70.1 - - [14/Apr/2026:13:27:51 +0300] "GET /p/snowy21664105?id=1680363 HTTP/1.0" 200 26207 "-" "Mozilla/5.0 (Linux; Android 6.0.1; Nexus 5X Build/MMB29P) AppleWebKit/537.36 (KHTML, like Gecko) Chrome/146.0.7680.177 Mobile Safari/537.36 (compatible; Googlebot/2.1; +http://www.google.com/bot.html)"
66.249.70.2 - - [14/Apr/2026:13:28:00 +0300] "GET /p/self10783888?id=800146 HTTP/1.0" 200 24595 "-" "Mozilla/5.0 (Linux; Android 6.0.1; Nexus 5X Build/MMB29P) AppleWebKit/537.36 (KHTML, like Gecko) Chrome/146.0.7680.177 Mobile Safari/537.36 (compatible; Googlebot/2.1; +http://www.google.com/bot.html)"
74.7.227.38 - - [14/Apr/2026:13:28:09 +0300] "GET /p/treas60860669?id=876927 HTTP/1.0" 500 185 "https://region-saitov.ru/sitemapa.xml" "Mozilla/5.0 AppleWebKit/537.36 (KHTML, like Gecko; compatible; GPTBot/1.3; +https://openai.com/gptbot)"
78.159.122.169 - - [14/Apr/2026:13:28:33 +0300] "GET /rs-white.png HTTP/1.1" 200 2176 "https://dks.riat.ru/" "Mozilla/5.0 (Linux; arm_64; Android 16; 23113RKC6G) AppleWebKit/537.36 (KHTML, like Gecko) Chrome/144.0.7559.119 YaBrowser/26.3.5.119.00 Mobile Safari/537.36"
43.166.128.187 - - [14/Apr/2026:13:28:33 +0300] "GET / HTTP/1.1" 301 196 "-" "Mozilla/5.0 (iPhone; CPU iPhone OS 13_2_3 like Mac OS X) AppleWebKit/605.1.15 (KHTML, like Gecko) Version/13.0.3 Mobile/15E148 Safari/604.1"
176.52.43.115 - - [14/Apr/2026:13:28:35 +0300] "GET /rs-grey.png HTTP/1.1" 200 2424 "https://www.devistom.ru/" "Mozilla/5.0 (Windows NT 10.0; Win64; x64) AppleWebKit/537.36 (KHTML, like Gecko) Chrome/144.0.0.0 YaBrowser/26.3.0.0 Safari/537.36"
43.166.128.187 - - [14/Apr/2026:13:28:35 +0300] "GET / HTTP/1.0" 500 185 "http://www.region-saitov.ru" "Mozilla/5.0 (iPhone; CPU iPhone OS 13_2_3 like Mac OS X) AppleWebKit/605.1.15 (KHTML, like Gecko) Version/13.0.3 Mobile/15E148 Safari/604.1"
66.249.76.231 - - [14/Apr/2026:13:28:36 +0300] "GET /p/auto42251051?id=2267309 HTTP/1.0" 200 24656 "-" "Mozilla/5.0 (Linux; Android 6.0.1; Nexus 5X Build/MMB29P) AppleWebKit/537.36 (KHTML, like Gecko) Chrome/146.0.7680.177 Mobile Safari/537.36 (compatible; GoogleOther)"
89.111.141.101 - - [14/Apr/2026:13:28:41 +0300] "GET / HTTP/1.0" 500 185 "-" "https://reg.ru monitoring abuse@reg.ru"
92.242.60.14 - - [14/Apr/2026:13:28:55 +0300] "GET / HTTP/1.0" 500 185 "-" "https://reg.ru monitoring abuse@reg.ru"
66.249.76.231 - - [14/Apr/2026:13:29:02 +0300] "GET /p/passe52272260?id=2288518 HTTP/1.0" 200 24578 "-" "Mozilla/5.0 (Linux; Android 6.0.1; Nexus 5X Build/MMB29P) AppleWebKit/537.36 (KHTML, like Gecko) Chrome/146.0.7680.177 Mobile Safari/537.36 (compatible; Googlebot/2.1; +http://www.google.com/bot.html)"
