202.214.238.61 - - [14/Apr/2026:13:03:50 +0300] "POST /wp-conffg.php?path=/var/www/rustam/data/www/rsnew/wp-conffg.php HTTP/1.0" 200 7773 "https://region-saitov.ru/wp-conffg.php" "Mozilla/5.0 (Windows NT 10.0; Win64; x64) AppleWebKit/537.36 (KHTML, like Gecko) Chrome/146.0.0.0 Safari/537.36"
216.73.216.172 - - [14/Apr/2026:13:03:56 +0300] "GET /p/situa82644655?id=2660913 HTTP/1.0" 404 2091 "-" "Mozilla/5.0 AppleWebKit/537.36 (KHTML, like Gecko; compatible; ClaudeBot/1.0; +claudebot@anthropic.com)"
216.73.216.172 - - [14/Apr/2026:13:03:59 +0300] "GET /p/medit82790471?id=2806729 HTTP/1.0" 404 2091 "-" "Mozilla/5.0 AppleWebKit/537.36 (KHTML, like Gecko; compatible; ClaudeBot/1.0; +claudebot@anthropic.com)"
202.214.238.61 - - [14/Apr/2026:13:03:50 +0300] "POST /wp-conffg.php?path=/var/www/rustam/data/www/rsnew/wp-conffg.php HTTP/1.0" 200 7804 "https://region-saitov.ru/wp-conffg.php" "Mozilla/5.0 (Windows NT 10.0; Win64; x64) AppleWebKit/537.36 (KHTML, like Gecko) Chrome/146.0.0.0 Safari/537.36"
216.73.216.172 - - [14/Apr/2026:13:04:02 +0300] "GET /p/semin80379807?id=396065 HTTP/1.0" 404 2091 "-" "Mozilla/5.0 AppleWebKit/537.36 (KHTML, like Gecko; compatible; ClaudeBot/1.0; +claudebot@anthropic.com)"
216.73.216.172 - - [14/Apr/2026:13:04:05 +0300] "GET /p/envy80026567?id=42825 HTTP/1.0" 404 2091 "-" "Mozilla/5.0 AppleWebKit/537.36 (KHTML, like Gecko; compatible; ClaudeBot/1.0; +claudebot@anthropic.com)"
202.214.238.61 - - [14/Apr/2026:13:04:06 +0300] "GET /wp-includes/blocks/paragraph/wp-login.php HTTP/1.0" 200 166 "https://region-saitov.ru/wp-conffg.php?path=/var/www/rustam/data/www/rsnew/wp-conffg.php" "Mozilla/5.0 (Windows NT 10.0; Win64; x64) AppleWebKit/537.36 (KHTML, like Gecko) Chrome/146.0.0.0 Safari/537.36"
216.73.216.172 - - [14/Apr/2026:13:04:08 +0300] "GET /p/coil72282622?id=2298880 HTTP/1.0" 500 185 "-" "Mozilla/5.0 AppleWebKit/537.36 (KHTML, like Gecko; compatible; ClaudeBot/1.0; +claudebot@anthropic.com)"
216.73.216.172 - - [14/Apr/2026:13:04:11 +0300] "GET /p/treas61296669?id=1312927 HTTP/1.0" 500 185 "-" "Mozilla/5.0 AppleWebKit/537.36 (KHTML, like Gecko; compatible; ClaudeBot/1.0; +claudebot@anthropic.com)"
216.73.216.172 - - [14/Apr/2026:13:04:16 +0300] "GET /p/shore62447645?id=2463903 HTTP/1.0" 500 185 "-" "Mozilla/5.0 AppleWebKit/537.36 (KHTML, like Gecko; compatible; ClaudeBot/1.0; +claudebot@anthropic.com)"
216.73.216.172 - - [14/Apr/2026:13:04:19 +0300] "GET /p/priva72532510?id=2548768 HTTP/1.0" 500 185 "-" "Mozilla/5.0 AppleWebKit/537.36 (KHTML, like Gecko; compatible; ClaudeBot/1.0; +claudebot@anthropic.com)"
216.73.216.172 - - [14/Apr/2026:13:04:22 +0300] "GET /p/costu31065714?id=1081972 HTTP/1.0" 500 185 "-" "Mozilla/5.0 AppleWebKit/537.36 (KHTML, like Gecko; compatible; ClaudeBot/1.0; +claudebot@anthropic.com)"
74.7.227.38 - - [14/Apr/2026:13:04:23 +0300] "GET /p/coil70686622?id=702880 HTTP/1.0" 500 185 "https://region-saitov.ru/sitemapa.xml" "Mozilla/5.0 AppleWebKit/537.36 (KHTML, like Gecko; compatible; GPTBot/1.3; +https://openai.com/gptbot)"
216.73.216.172 - - [14/Apr/2026:13:04:25 +0300] "GET /p/birth22364809?id=2381067 HTTP/1.0" 500 185 "-" "Mozilla/5.0 AppleWebKit/537.36 (KHTML, like Gecko; compatible; ClaudeBot/1.0; +claudebot@anthropic.com)"
185.81.115.201 - - [14/Apr/2026:13:04:26 +0300] "GET /rs-grey.png HTTP/1.1" 200 2424 "https://markains.ru/" "Mozilla/5.0 (iPhone; CPU iPhone OS 18_7 like Mac OS X) AppleWebKit/605.1.15 (KHTML, like Gecko) Version/26.3 Mobile/15E148 Safari/604.1"
202.214.238.61 - - [14/Apr/2026:13:04:08 +0300] "POST /wp-conffg.php?path=/var/www/rustam/data/www/rsnew/wp-conffg.php HTTP/1.0" 200 8573 "https://region-saitov.ru/wp-conffg.php" "Mozilla/5.0 (Windows NT 10.0; Win64; x64) AppleWebKit/537.36 (KHTML, like Gecko) Chrome/146.0.0.0 Safari/537.36"
216.73.216.172 - - [14/Apr/2026:13:04:28 +0300] "GET /p/fourt31120642?id=1136900 HTTP/1.0" 500 185 "-" "Mozilla/5.0 AppleWebKit/537.36 (KHTML, like Gecko; compatible; ClaudeBot/1.0; +claudebot@anthropic.com)"
216.73.216.172 - - [14/Apr/2026:13:04:31 +0300] "GET /p/gross62995205?id=3011463 HTTP/1.0" 500 185 "-" "Mozilla/5.0 AppleWebKit/537.36 (KHTML, like Gecko; compatible; ClaudeBot/1.0; +claudebot@anthropic.com)"
202.214.238.61 - - [14/Apr/2026:13:04:08 +0300] "POST /wp-conffg.php?path=/var/www/rustam/data/www/rsnew/wp-conffg.php HTTP/1.0" 200 7784 "https://region-saitov.ru/wp-conffg.php" "Mozilla/5.0 (Windows NT 10.0; Win64; x64) AppleWebKit/537.36 (KHTML, like Gecko) Chrome/146.0.0.0 Safari/537.36"
216.73.216.172 - - [14/Apr/2026:13:04:34 +0300] "GET /p/degre62097765?id=2114023 HTTP/1.0" 500 185 "-" "Mozilla/5.0 AppleWebKit/537.36 (KHTML, like Gecko; compatible; ClaudeBot/1.0; +claudebot@anthropic.com)"
66.249.76.231 - - [14/Apr/2026:13:04:31 +0300] "GET /p/disti50926092?id=942350 HTTP/1.0" 200 25265 "-" "Mozilla/5.0 (Linux; Android 6.0.1; Nexus 5X Build/MMB29P) AppleWebKit/537.36 (KHTML, like Gecko) Chrome/146.0.7680.177 Mobile Safari/537.36 (compatible; GoogleOther)"
216.73.216.172 - - [14/Apr/2026:13:04:37 +0300] "GET /p/sulfu52255108?id=2271366 HTTP/1.0" 500 185 "-" "Mozilla/5.0 AppleWebKit/537.36 (KHTML, like Gecko; compatible; ClaudeBot/1.0; +claudebot@anthropic.com)"
216.73.216.172 - - [14/Apr/2026:13:04:40 +0300] "GET /p/volca82035079?id=2051337 HTTP/1.0" 500 185 "-" "Mozilla/5.0 AppleWebKit/537.36 (KHTML, like Gecko; compatible; ClaudeBot/1.0; +claudebot@anthropic.com)"
216.73.216.172 - - [14/Apr/2026:13:04:43 +0300] "GET /p/blow71157798?id=1174056 HTTP/1.0" 500 185 "-" "Mozilla/5.0 AppleWebKit/537.36 (KHTML, like Gecko; compatible; ClaudeBot/1.0; +claudebot@anthropic.com)"
216.73.216.172 - - [14/Apr/2026:13:04:47 +0300] "GET /p/earth11904704?id=1920962 HTTP/1.0" 500 185 "-" "Mozilla/5.0 AppleWebKit/537.36 (KHTML, like Gecko; compatible; ClaudeBot/1.0; +claudebot@anthropic.com)"
216.73.216.172 - - [14/Apr/2026:13:04:52 +0300] "GET /p/insul31662306?id=1678564 HTTP/1.0" 500 185 "-" "Mozilla/5.0 AppleWebKit/537.36 (KHTML, like Gecko; compatible; ClaudeBot/1.0; +claudebot@anthropic.com)"
216.73.216.172 - - [14/Apr/2026:13:04:57 +0300] "GET /p/busin61508077?id=1524335 HTTP/1.0" 500 185 "-" "Mozilla/5.0 AppleWebKit/537.36 (KHTML, like Gecko; compatible; ClaudeBot/1.0; +claudebot@anthropic.com)"
89.111.170.8 - - [14/Apr/2026:13:04:58 +0300] "GET / HTTP/1.0" 500 185 "-" "https://reg.ru monitoring abuse@reg.ru"
216.73.216.172 - - [14/Apr/2026:13:05:02 +0300] "GET /p/stere60606293?id=622551 HTTP/1.0" 500 185 "-" "Mozilla/5.0 AppleWebKit/537.36 (KHTML, like Gecko; compatible; ClaudeBot/1.0; +claudebot@anthropic.com)"
74.7.227.38 - - [14/Apr/2026:13:05:03 +0300] "GET /p/void50335900?id=352158 HTTP/1.0" 500 185 "https://region-saitov.ru/sitemapa.xml" "Mozilla/5.0 AppleWebKit/537.36 (KHTML, like Gecko; compatible; GPTBot/1.3; +https://openai.com/gptbot)"
216.73.216.172 - - [14/Apr/2026:13:05:07 +0300] "GET /p/paral41151443?id=1167701 HTTP/1.0" 500 185 "-" "Mozilla/5.0 AppleWebKit/537.36 (KHTML, like Gecko; compatible; ClaudeBot/1.0; +claudebot@anthropic.com)"
92.241.26.221 - - [14/Apr/2026:13:05:09 +0300] "GET /rs-grey.png HTTP/1.1" 200 2424 "https://markains.ru/" "Mozilla/5.0 (Linux; arm_64; Android 15; SM-G991B) AppleWebKit/537.36 (KHTML, like Gecko) Chrome/144.0.7559.62 YaBrowser/26.3.6.62.00 Mobile Safari/537.36"
216.73.216.172 - - [14/Apr/2026:13:05:12 +0300] "GET /p/belt60485469?id=501727 HTTP/1.0" 500 185 "-" "Mozilla/5.0 AppleWebKit/537.36 (KHTML, like Gecko; compatible; ClaudeBot/1.0; +claudebot@anthropic.com)"
216.73.216.172 - - [14/Apr/2026:13:05:17 +0300] "GET /p/journ22578601?id=2594859 HTTP/1.0" 500 185 "-" "Mozilla/5.0 AppleWebKit/537.36 (KHTML, like Gecko; compatible; ClaudeBot/1.0; +claudebot@anthropic.com)"
66.249.70.3 - - [14/Apr/2026:13:05:13 +0300] "GET /p/optic40047499?id=63757 HTTP/1.0" 200 24333 "-" "Mozilla/5.0 (Linux; Android 6.0.1; Nexus 5X Build/MMB29P) AppleWebKit/537.36 (KHTML, like Gecko) Chrome/146.0.7680.177 Mobile Safari/537.36 (compatible; GoogleOther)"
216.73.216.172 - - [14/Apr/2026:13:05:22 +0300] "GET /p/feasi70682358?id=698616 HTTP/1.0" 500 185 "-" "Mozilla/5.0 AppleWebKit/537.36 (KHTML, like Gecko; compatible; ClaudeBot/1.0; +claudebot@anthropic.com)"
216.73.216.172 - - [14/Apr/2026:13:05:27 +0300] "GET /p/men12847944?id=2864202 HTTP/1.0" 500 185 "-" "Mozilla/5.0 AppleWebKit/537.36 (KHTML, like Gecko; compatible; ClaudeBot/1.0; +claudebot@anthropic.com)"
216.73.216.172 - - [14/Apr/2026:13:05:32 +0300] "GET /p/fahre62258637?id=2274895 HTTP/1.0" 500 185 "-" "Mozilla/5.0 AppleWebKit/537.36 (KHTML, like Gecko; compatible; ClaudeBot/1.0; +claudebot@anthropic.com)"
216.73.216.172 - - [14/Apr/2026:13:05:37 +0300] "GET /p/incen31726242?id=1742500 HTTP/1.0" 500 185 "-" "Mozilla/5.0 AppleWebKit/537.36 (KHTML, like Gecko; compatible; ClaudeBot/1.0; +claudebot@anthropic.com)"
216.73.216.172 - - [14/Apr/2026:13:05:42 +0300] "GET /p/fake62155837?id=2172095 HTTP/1.0" 500 185 "-" "Mozilla/5.0 AppleWebKit/537.36 (KHTML, like Gecko; compatible; ClaudeBot/1.0; +claudebot@anthropic.com)"
216.73.216.172 - - [14/Apr/2026:13:05:47 +0300] "GET /p/rapt22867881?id=2884139 HTTP/1.0" 500 185 "-" "Mozilla/5.0 AppleWebKit/537.36 (KHTML, like Gecko; compatible; ClaudeBot/1.0; +claudebot@anthropic.com)"
216.73.216.172 - - [14/Apr/2026:13:05:52 +0300] "GET /p/desig51969364?id=1985622 HTTP/1.0" 500 185 "-" "Mozilla/5.0 AppleWebKit/537.36 (KHTML, like Gecko; compatible; ClaudeBot/1.0; +claudebot@anthropic.com)"
216.73.216.172 - - [14/Apr/2026:13:05:57 +0300] "GET /p/franc11953608?id=1969866 HTTP/1.0" 500 185 "-" "Mozilla/5.0 AppleWebKit/537.36 (KHTML, like Gecko; compatible; ClaudeBot/1.0; +claudebot@anthropic.com)"
109.107.178.102 - - [14/Apr/2026:13:06:02 +0300] "POST /591afca4b366.php HTTP/1.0" 403 487 "-" "Mozilla/5.0 (Macintosh; Intel Mac OS X 10.12; rv:50.0) Gecko/20100101 Firefox/50.0"
216.73.216.172 - - [14/Apr/2026:13:06:02 +0300] "GET /p/spotl51789452?id=1805710 HTTP/1.0" 500 185 "-" "Mozilla/5.0 AppleWebKit/537.36 (KHTML, like Gecko; compatible; ClaudeBot/1.0; +claudebot@anthropic.com)"
216.73.216.172 - - [14/Apr/2026:13:06:07 +0300] "GET /p/one21784297?id=1800555 HTTP/1.0" 500 185 "-" "Mozilla/5.0 AppleWebKit/537.36 (KHTML, like Gecko; compatible; ClaudeBot/1.0; +claudebot@anthropic.com)"
74.7.227.38 - - [14/Apr/2026:13:06:08 +0300] "GET /p/nest70646486?id=662744 HTTP/1.0" 500 185 "https://region-saitov.ru/sitemape.xml" "Mozilla/5.0 AppleWebKit/537.36 (KHTML, like Gecko; compatible; GPTBot/1.3; +https://openai.com/gptbot)"
216.73.216.172 - - [14/Apr/2026:13:06:12 +0300] "GET /p/glimp40643163?id=659421 HTTP/1.0" 500 185 "-" "Mozilla/5.0 AppleWebKit/537.36 (KHTML, like Gecko; compatible; ClaudeBot/1.0; +claudebot@anthropic.com)"
216.73.216.172 - - [14/Apr/2026:13:06:17 +0300] "GET /p/inevi10110144?id=126402 HTTP/1.0" 500 185 "-" "Mozilla/5.0 AppleWebKit/537.36 (KHTML, like Gecko; compatible; ClaudeBot/1.0; +claudebot@anthropic.com)"
202.214.238.61 - - [14/Apr/2026:13:06:18 +0300] "GET /modules/mod_random_image/wp/sclZzr.php HTTP/1.0" 200 3225 "https://region-saitov.ru/wp-conffg.php?path=/var/www/rustam/data/www/rsnew/wp-conffg.php" "Mozilla/5.0 (Windows NT 10.0; Win64; x64) AppleWebKit/537.36 (KHTML, like Gecko) Chrome/146.0.0.0 Safari/537.36"
202.214.238.61 - - [14/Apr/2026:13:06:15 +0300] "GET /cccsitemap.xml HTTP/1.0" 200 198 "-" "Mozilla/5.0 (Windows NT 10.0; Win64; x64) AppleWebKit/537.36 (KHTML, like Gecko) Chrome/146.0.0.0 Safari/537.36"
202.214.238.61 - - [14/Apr/2026:13:06:20 +0300] "POST /modules/mod_random_image/wp/sclZzr.php HTTP/1.0" 200 8498 "https://region-saitov.ru/modules/mod_random_image/wp/sclZzr.php" "Mozilla/5.0 (Windows NT 10.0; Win64; x64) AppleWebKit/537.36 (KHTML, like Gecko) Chrome/146.0.0.0 Safari/537.36"
216.73.216.172 - - [14/Apr/2026:13:06:22 +0300] "GET /p/congr52522524?id=2538782 HTTP/1.0" 500 185 "-" "Mozilla/5.0 AppleWebKit/537.36 (KHTML, like Gecko; compatible; ClaudeBot/1.0; +claudebot@anthropic.com)"
202.214.238.61 - - [14/Apr/2026:13:06:24 +0300] "POST /modules/mod_random_image/wp/sclZzr.php HTTP/1.0" 200 8423 "https://region-saitov.ru/modules/mod_random_image/wp/sclZzr.php" "Mozilla/5.0 (Windows NT 10.0; Win64; x64) AppleWebKit/537.36 (KHTML, like Gecko) Chrome/146.0.0.0 Safari/537.36"
216.73.216.172 - - [14/Apr/2026:13:06:27 +0300] "GET /p/vehic40328363?id=344621 HTTP/1.0" 500 185 "-" "Mozilla/5.0 AppleWebKit/537.36 (KHTML, like Gecko; compatible; ClaudeBot/1.0; +claudebot@anthropic.com)"
202.214.238.61 - - [14/Apr/2026:13:06:28 +0300] "POST /modules/mod_random_image/wp/sclZzr.php HTTP/1.0" 200 8333 "https://region-saitov.ru/modules/mod_random_image/wp/sclZzr.php" "Mozilla/5.0 (Windows NT 10.0; Win64; x64) AppleWebKit/537.36 (KHTML, like Gecko) Chrome/146.0.0.0 Safari/537.36"
202.214.238.61 - - [14/Apr/2026:13:06:30 +0300] "POST /modules/mod_random_image/wp/sclZzr.php HTTP/1.0" 200 6312 "https://region-saitov.ru/modules/mod_random_image/wp/sclZzr.php" "Mozilla/5.0 (Windows NT 10.0; Win64; x64) AppleWebKit/537.36 (KHTML, like Gecko) Chrome/146.0.0.0 Safari/537.36"
216.73.216.172 - - [14/Apr/2026:13:06:32 +0300] "GET /p/tiger62488981?id=2505239 HTTP/1.0" 500 185 "-" "Mozilla/5.0 AppleWebKit/537.36 (KHTML, like Gecko; compatible; ClaudeBot/1.0; +claudebot@anthropic.com)"
202.214.238.61 - - [14/Apr/2026:13:06:32 +0300] "POST /modules/mod_random_image/wp/sclZzr.php HTTP/1.0" 200 8324 "https://region-saitov.ru/modules/mod_random_image/wp/sclZzr.php" "Mozilla/5.0 (Windows NT 10.0; Win64; x64) AppleWebKit/537.36 (KHTML, like Gecko) Chrome/146.0.0.0 Safari/537.36"
202.214.238.61 - - [14/Apr/2026:13:06:35 +0300] "POST /modules/mod_random_image/wp/sclZzr.php HTTP/1.0" 200 8311 "https://region-saitov.ru/modules/mod_random_image/wp/sclZzr.php" "Mozilla/5.0 (Windows NT 10.0; Win64; x64) AppleWebKit/537.36 (KHTML, like Gecko) Chrome/146.0.0.0 Safari/537.36"
216.73.216.172 - - [14/Apr/2026:13:06:37 +0300] "GET /p/stair40544411?id=560669 HTTP/1.0" 500 185 "-" "Mozilla/5.0 AppleWebKit/537.36 (KHTML, like Gecko; compatible; ClaudeBot/1.0; +claudebot@anthropic.com)"
216.73.216.172 - - [14/Apr/2026:13:06:42 +0300] "GET /p/job41476899?id=1493157 HTTP/1.0" 500 185 "-" "Mozilla/5.0 AppleWebKit/537.36 (KHTML, like Gecko; compatible; ClaudeBot/1.0; +claudebot@anthropic.com)"
216.73.216.172 - - [14/Apr/2026:13:06:47 +0300] "GET /p/bank52580596?id=2596854 HTTP/1.0" 500 185 "-" "Mozilla/5.0 AppleWebKit/537.36 (KHTML, like Gecko; compatible; ClaudeBot/1.0; +claudebot@anthropic.com)"
216.73.216.172 - - [14/Apr/2026:13:06:52 +0300] "GET /p/via12133936?id=2150194 HTTP/1.0" 500 185 "-" "Mozilla/5.0 AppleWebKit/537.36 (KHTML, like Gecko; compatible; ClaudeBot/1.0; +claudebot@anthropic.com)"
216.73.216.172 - - [14/Apr/2026:13:06:58 +0300] "GET /p/humid11151208?id=1167466 HTTP/1.0" 500 185 "-" "Mozilla/5.0 AppleWebKit/537.36 (KHTML, like Gecko; compatible; ClaudeBot/1.0; +claudebot@anthropic.com)"
216.73.216.172 - - [14/Apr/2026:13:07:03 +0300] "GET /p/cruci32169818?id=2186076 HTTP/1.0" 500 185 "-" "Mozilla/5.0 AppleWebKit/537.36 (KHTML, like Gecko; compatible; ClaudeBot/1.0; +claudebot@anthropic.com)"
216.73.216.172 - - [14/Apr/2026:13:07:08 +0300] "GET /p/peppe22411681?id=2427939 HTTP/1.0" 500 185 "-" "Mozilla/5.0 AppleWebKit/537.36 (KHTML, like Gecko; compatible; ClaudeBot/1.0; +claudebot@anthropic.com)"
74.7.227.38 - - [14/Apr/2026:13:07:12 +0300] "GET /p/data20355353?id=371611 HTTP/1.0" 500 185 "https://region-saitov.ru/sitemapa.xml" "Mozilla/5.0 AppleWebKit/537.36 (KHTML, like Gecko; compatible; GPTBot/1.3; +https://openai.com/gptbot)"
216.73.216.172 - - [14/Apr/2026:13:07:13 +0300] "GET /p/relie21141881?id=1158139 HTTP/1.0" 500 185 "-" "Mozilla/5.0 AppleWebKit/537.36 (KHTML, like Gecko; compatible; ClaudeBot/1.0; +claudebot@anthropic.com)"
216.73.216.172 - - [14/Apr/2026:13:07:18 +0300] "GET /p/axle81259823?id=1276081 HTTP/1.0" 500 185 "-" "Mozilla/5.0 AppleWebKit/537.36 (KHTML, like Gecko; compatible; ClaudeBot/1.0; +claudebot@anthropic.com)"
216.73.216.172 - - [14/Apr/2026:13:07:23 +0300] "GET /p/altog31511162?id=1527420 HTTP/1.0" 500 185 "-" "Mozilla/5.0 AppleWebKit/537.36 (KHTML, like Gecko; compatible; ClaudeBot/1.0; +claudebot@anthropic.com)"
216.73.216.172 - - [14/Apr/2026:13:07:28 +0300] "GET /p/male70779334?id=795592 HTTP/1.0" 500 185 "-" "Mozilla/5.0 AppleWebKit/537.36 (KHTML, like Gecko; compatible; ClaudeBot/1.0; +claudebot@anthropic.com)"
216.73.216.172 - - [14/Apr/2026:13:07:33 +0300] "GET /p/lawye11890672?id=1906930 HTTP/1.0" 500 185 "-" "Mozilla/5.0 AppleWebKit/537.36 (KHTML, like Gecko; compatible; ClaudeBot/1.0; +claudebot@anthropic.com)"
216.73.216.172 - - [14/Apr/2026:13:07:38 +0300] "GET /p/revol12054296?id=2070554 HTTP/1.0" 500 185 "-" "Mozilla/5.0 AppleWebKit/537.36 (KHTML, like Gecko; compatible; ClaudeBot/1.0; +claudebot@anthropic.com)"
216.73.216.172 - - [14/Apr/2026:13:07:43 +0300] "GET /p/volum12875560?id=2891818 HTTP/1.0" 500 185 "-" "Mozilla/5.0 AppleWebKit/537.36 (KHTML, like Gecko; compatible; ClaudeBot/1.0; +claudebot@anthropic.com)"
216.73.216.172 - - [14/Apr/2026:13:07:48 +0300] "GET /p/impat82971415?id=2987673 HTTP/1.0" 500 185 "-" "Mozilla/5.0 AppleWebKit/537.36 (KHTML, like Gecko; compatible; ClaudeBot/1.0; +claudebot@anthropic.com)"
216.73.216.172 - - [14/Apr/2026:13:07:53 +0300] "GET /p/unive62140581?id=2156839 HTTP/1.0" 500 185 "-" "Mozilla/5.0 AppleWebKit/537.36 (KHTML, like Gecko; compatible; ClaudeBot/1.0; +claudebot@anthropic.com)"
216.73.216.172 - - [14/Apr/2026:13:07:58 +0300] "GET /p/allia42987691?id=3003949 HTTP/1.0" 500 185 "-" "Mozilla/5.0 AppleWebKit/537.36 (KHTML, like Gecko; compatible; ClaudeBot/1.0; +claudebot@anthropic.com)"
216.73.216.172 - - [14/Apr/2026:13:08:04 +0300] "GET /p/city22881185?id=2897443 HTTP/1.0" 500 185 "-" "Mozilla/5.0 AppleWebKit/537.36 (KHTML, like Gecko; compatible; ClaudeBot/1.0; +claudebot@anthropic.com)"
216.73.216.172 - - [14/Apr/2026:13:08:08 +0300] "GET /p/angel72619454?id=2635712 HTTP/1.0" 500 185 "-" "Mozilla/5.0 AppleWebKit/537.36 (KHTML, like Gecko; compatible; ClaudeBot/1.0; +claudebot@anthropic.com)"
91.132.97.13 - - [14/Apr/2026:13:08:08 +0300] "GET /rs-blue.png HTTP/1.1" 200 2931 "https://xn--80aaacq1dwaeb.xn--p1ai/" "Mozilla/5.0 (Windows NT 10.0; Win64; x64) AppleWebKit/537.36 (KHTML, like Gecko) Chrome/144.0.0.0 YaBrowser/26.3.0.0 Safari/537.36"
74.7.227.38 - - [14/Apr/2026:13:08:13 +0300] "GET /p/rare40330083?id=346341 HTTP/1.0" 500 185 "https://region-saitov.ru/sitemapa.xml" "Mozilla/5.0 AppleWebKit/537.36 (KHTML, like Gecko; compatible; GPTBot/1.3; +https://openai.com/gptbot)"
216.73.216.172 - - [14/Apr/2026:13:08:13 +0300] "GET /p/mouth82124991?id=2141249 HTTP/1.0" 500 185 "-" "Mozilla/5.0 AppleWebKit/537.36 (KHTML, like Gecko; compatible; ClaudeBot/1.0; +claudebot@anthropic.com)"
89.111.141.101 - - [14/Apr/2026:13:08:12 +0300] "GET / HTTP/1.0" 500 185 "-" "https://reg.ru monitoring abuse@reg.ru"
216.73.216.172 - - [14/Apr/2026:13:08:18 +0300] "GET /p/dicta12517968?id=2534226 HTTP/1.0" 500 185 "-" "Mozilla/5.0 AppleWebKit/537.36 (KHTML, like Gecko; compatible; ClaudeBot/1.0; +claudebot@anthropic.com)"
216.73.216.172 - - [14/Apr/2026:13:08:23 +0300] "GET /p/retre21698305?id=1714563 HTTP/1.0" 500 185 "-" "Mozilla/5.0 AppleWebKit/537.36 (KHTML, like Gecko; compatible; ClaudeBot/1.0; +claudebot@anthropic.com)"
92.242.60.14 - - [14/Apr/2026:13:08:22 +0300] "GET / HTTP/1.0" 500 185 "-" "https://reg.ru monitoring abuse@reg.ru"
216.73.216.172 - - [14/Apr/2026:13:08:28 +0300] "GET /p/tone32770658?id=2786916 HTTP/1.0" 500 185 "-" "Mozilla/5.0 AppleWebKit/537.36 (KHTML, like Gecko; compatible; ClaudeBot/1.0; +claudebot@anthropic.com)"
216.73.216.172 - - [14/Apr/2026:13:08:33 +0300] "GET /p/repet30054986?id=71244 HTTP/1.0" 500 185 "-" "Mozilla/5.0 AppleWebKit/537.36 (KHTML, like Gecko; compatible; ClaudeBot/1.0; +claudebot@anthropic.com)"
216.73.216.172 - - [14/Apr/2026:13:08:38 +0300] "GET /p/apart31114106?id=1130364 HTTP/1.0" 500 185 "-" "Mozilla/5.0 AppleWebKit/537.36 (KHTML, like Gecko; compatible; ClaudeBot/1.0; +claudebot@anthropic.com)"
216.73.216.172 - - [14/Apr/2026:13:08:43 +0300] "GET /p/daily12704712?id=2720970 HTTP/1.0" 500 185 "-" "Mozilla/5.0 AppleWebKit/537.36 (KHTML, like Gecko; compatible; ClaudeBot/1.0; +claudebot@anthropic.com)"
216.73.216.172 - - [14/Apr/2026:13:08:48 +0300] "GET /p/missi40862171?id=878429 HTTP/1.0" 500 185 "-" "Mozilla/5.0 AppleWebKit/537.36 (KHTML, like Gecko; compatible; ClaudeBot/1.0; +claudebot@anthropic.com)"
216.73.216.172 - - [14/Apr/2026:13:08:56 +0300] "GET /p/drug60772757?id=789015 HTTP/1.0" 500 185 "-" "Mozilla/5.0 AppleWebKit/537.36 (KHTML, like Gecko; compatible; ClaudeBot/1.0; +claudebot@anthropic.com)"
216.73.216.172 - - [14/Apr/2026:13:09:00 +0300] "GET /p/antiq21734433?id=1750691 HTTP/1.0" 500 185 "-" "Mozilla/5.0 AppleWebKit/537.36 (KHTML, like Gecko; compatible; ClaudeBot/1.0; +claudebot@anthropic.com)"
216.73.216.172 - - [14/Apr/2026:13:09:05 +0300] "GET /p/anywa50373244?id=389502 HTTP/1.0" 500 185 "-" "Mozilla/5.0 AppleWebKit/537.36 (KHTML, like Gecko; compatible; ClaudeBot/1.0; +claudebot@anthropic.com)"
216.73.216.172 - - [14/Apr/2026:13:09:10 +0300] "GET /p/landi20759137?id=775395 HTTP/1.0" 500 185 "-" "Mozilla/5.0 AppleWebKit/537.36 (KHTML, like Gecko; compatible; ClaudeBot/1.0; +claudebot@anthropic.com)"
216.73.216.172 - - [14/Apr/2026:13:09:15 +0300] "GET /p/bankr40926371?id=942629 HTTP/1.0" 500 185 "-" "Mozilla/5.0 AppleWebKit/537.36 (KHTML, like Gecko; compatible; ClaudeBot/1.0; +claudebot@anthropic.com)"
74.7.227.38 - - [14/Apr/2026:13:09:18 +0300] "GET /p/slip30547746?id=564004 HTTP/1.0" 500 185 "https://region-saitov.ru/sitemapa.xml" "Mozilla/5.0 AppleWebKit/537.36 (KHTML, like Gecko; compatible; GPTBot/1.3; +https://openai.com/gptbot)"
216.73.216.172 - - [14/Apr/2026:13:09:20 +0300] "GET /p/suici52579764?id=2596022 HTTP/1.0" 500 185 "-" "Mozilla/5.0 AppleWebKit/537.36 (KHTML, like Gecko; compatible; ClaudeBot/1.0; +claudebot@anthropic.com)"
216.73.216.172 - - [14/Apr/2026:13:09:25 +0300] "GET /p/urban31695442?id=1711700 HTTP/1.0" 500 185 "-" "Mozilla/5.0 AppleWebKit/537.36 (KHTML, like Gecko; compatible; ClaudeBot/1.0; +claudebot@anthropic.com)"
216.73.216.172 - - [14/Apr/2026:13:09:30 +0300] "GET /p/culti51642244?id=1658502 HTTP/1.0" 500 185 "-" "Mozilla/5.0 AppleWebKit/537.36 (KHTML, like Gecko; compatible; ClaudeBot/1.0; +claudebot@anthropic.com)"
216.73.216.172 - - [14/Apr/2026:13:09:35 +0300] "GET /p/okay41834899?id=1851157 HTTP/1.0" 500 185 "-" "Mozilla/5.0 AppleWebKit/537.36 (KHTML, like Gecko; compatible; ClaudeBot/1.0; +claudebot@anthropic.com)"
216.73.216.172 - - [14/Apr/2026:13:09:40 +0300] "GET /p/impor32932162?id=2948420 HTTP/1.0" 500 185 "-" "Mozilla/5.0 AppleWebKit/537.36 (KHTML, like Gecko; compatible; ClaudeBot/1.0; +claudebot@anthropic.com)"
216.73.216.172 - - [14/Apr/2026:13:09:45 +0300] "GET /p/alumi62202597?id=2218855 HTTP/1.0" 500 185 "-" "Mozilla/5.0 AppleWebKit/537.36 (KHTML, like Gecko; compatible; ClaudeBot/1.0; +claudebot@anthropic.com)"
216.73.216.172 - - [14/Apr/2026:13:09:50 +0300] "GET /p/gunpo62679117?id=2695375 HTTP/1.0" 500 185 "-" "Mozilla/5.0 AppleWebKit/537.36 (KHTML, like Gecko; compatible; ClaudeBot/1.0; +claudebot@anthropic.com)"
216.73.216.172 - - [14/Apr/2026:13:09:55 +0300] "GET /p/amusi70714270?id=730528 HTTP/1.0" 500 185 "-" "Mozilla/5.0 AppleWebKit/537.36 (KHTML, like Gecko; compatible; ClaudeBot/1.0; +claudebot@anthropic.com)"
216.73.216.172 - - [14/Apr/2026:13:10:00 +0300] "GET /p/goodn51895116?id=1911374 HTTP/1.0" 500 185 "-" "Mozilla/5.0 AppleWebKit/537.36 (KHTML, like Gecko; compatible; ClaudeBot/1.0; +claudebot@anthropic.com)"
216.73.216.172 - - [14/Apr/2026:13:10:05 +0300] "GET /p/foots32955098?id=2971356 HTTP/1.0" 500 185 "-" "Mozilla/5.0 AppleWebKit/537.36 (KHTML, like Gecko; compatible; ClaudeBot/1.0; +claudebot@anthropic.com)"
216.73.216.172 - - [14/Apr/2026:13:10:10 +0300] "GET /p/disor61166117?id=1182375 HTTP/1.0" 500 185 "-" "Mozilla/5.0 AppleWebKit/537.36 (KHTML, like Gecko; compatible; ClaudeBot/1.0; +claudebot@anthropic.com)"
89.111.170.8 - - [14/Apr/2026:13:10:09 +0300] "GET / HTTP/1.0" 500 185 "-" "https://reg.ru monitoring abuse@reg.ru"
216.73.216.172 - - [14/Apr/2026:13:10:15 +0300] "GET /p/accur81725999?id=1742257 HTTP/1.0" 500 185 "-" "Mozilla/5.0 AppleWebKit/537.36 (KHTML, like Gecko; compatible; ClaudeBot/1.0; +claudebot@anthropic.com)"
216.73.216.172 - - [14/Apr/2026:13:10:20 +0300] "GET /p/remed82134143?id=2150401 HTTP/1.0" 500 185 "-" "Mozilla/5.0 AppleWebKit/537.36 (KHTML, like Gecko; compatible; ClaudeBot/1.0; +claudebot@anthropic.com)"
74.7.227.38 - - [14/Apr/2026:13:10:22 +0300] "GET /p/launc10137896?id=154154 HTTP/1.0" 500 185 "https://region-saitov.ru/sitemapa.xml" "Mozilla/5.0 AppleWebKit/537.36 (KHTML, like Gecko; compatible; GPTBot/1.3; +https://openai.com/gptbot)"
216.73.216.172 - - [14/Apr/2026:13:10:25 +0300] "GET /p/circl20692593?id=708851 HTTP/1.0" 500 185 "-" "Mozilla/5.0 AppleWebKit/537.36 (KHTML, like Gecko; compatible; ClaudeBot/1.0; +claudebot@anthropic.com)"
216.73.216.172 - - [14/Apr/2026:13:10:30 +0300] "GET /p/airpo60344725?id=360983 HTTP/1.0" 500 185 "-" "Mozilla/5.0 AppleWebKit/537.36 (KHTML, like Gecko; compatible; ClaudeBot/1.0; +claudebot@anthropic.com)"
216.73.216.172 - - [14/Apr/2026:13:10:35 +0300] "GET /p/relie21777881?id=1794139 HTTP/1.0" 500 185 "-" "Mozilla/5.0 AppleWebKit/537.36 (KHTML, like Gecko; compatible; ClaudeBot/1.0; +claudebot@anthropic.com)"
216.73.216.172 - - [14/Apr/2026:13:10:40 +0300] "GET /p/jury41910843?id=1927101 HTTP/1.0" 500 185 "-" "Mozilla/5.0 AppleWebKit/537.36 (KHTML, like Gecko; compatible; ClaudeBot/1.0; +claudebot@anthropic.com)"
216.73.216.172 - - [14/Apr/2026:13:10:46 +0300] "GET /p/sulph82298711?id=2314969 HTTP/1.0" 500 185 "-" "Mozilla/5.0 AppleWebKit/537.36 (KHTML, like Gecko; compatible; ClaudeBot/1.0; +claudebot@anthropic.com)"
216.73.216.172 - - [14/Apr/2026:13:10:51 +0300] "GET /p/hands71360782?id=1377040 HTTP/1.0" 500 185 "-" "Mozilla/5.0 AppleWebKit/537.36 (KHTML, like Gecko; compatible; ClaudeBot/1.0; +claudebot@anthropic.com)"
216.73.216.172 - - [14/Apr/2026:13:10:56 +0300] "GET /p/neckl32471290?id=2487548 HTTP/1.0" 500 185 "-" "Mozilla/5.0 AppleWebKit/537.36 (KHTML, like Gecko; compatible; ClaudeBot/1.0; +claudebot@anthropic.com)"
216.73.216.172 - - [14/Apr/2026:13:11:01 +0300] "GET /p/utili20613953?id=630211 HTTP/1.0" 500 185 "-" "Mozilla/5.0 AppleWebKit/537.36 (KHTML, like Gecko; compatible; ClaudeBot/1.0; +claudebot@anthropic.com)"
216.73.216.172 - - [14/Apr/2026:13:11:06 +0300] "GET /p/addic61122373?id=1138631 HTTP/1.0" 500 185 "-" "Mozilla/5.0 AppleWebKit/537.36 (KHTML, like Gecko; compatible; ClaudeBot/1.0; +claudebot@anthropic.com)"
216.73.216.172 - - [14/Apr/2026:13:11:11 +0300] "GET /p/all20816921?id=833179 HTTP/1.0" 500 185 "-" "Mozilla/5.0 AppleWebKit/537.36 (KHTML, like Gecko; compatible; ClaudeBot/1.0; +claudebot@anthropic.com)"
216.73.216.172 - - [14/Apr/2026:13:11:16 +0300] "GET /p/disci82590895?id=2607153 HTTP/1.0" 500 185 "-" "Mozilla/5.0 AppleWebKit/537.36 (KHTML, like Gecko; compatible; ClaudeBot/1.0; +claudebot@anthropic.com)"
216.73.216.172 - - [14/Apr/2026:13:11:21 +0300] "GET /p/amoun31789674?id=1805932 HTTP/1.0" 500 185 "-" "Mozilla/5.0 AppleWebKit/537.36 (KHTML, like Gecko; compatible; ClaudeBot/1.0; +claudebot@anthropic.com)"
74.7.227.38 - - [14/Apr/2026:13:11:24 +0300] "GET /p/claus30151674?id=167932 HTTP/1.0" 500 185 "https://region-saitov.ru/sitemapa.xml" "Mozilla/5.0 AppleWebKit/537.36 (KHTML, like Gecko; compatible; GPTBot/1.3; +https://openai.com/gptbot)"
216.73.216.172 - - [14/Apr/2026:13:11:26 +0300] "GET /p/doze31483962?id=1500220 HTTP/1.0" 500 185 "-" "Mozilla/5.0 AppleWebKit/537.36 (KHTML, like Gecko; compatible; ClaudeBot/1.0; +claudebot@anthropic.com)"
216.73.216.172 - - [14/Apr/2026:13:11:31 +0300] "GET /p/grey81918831?id=1935089 HTTP/1.0" 500 185 "-" "Mozilla/5.0 AppleWebKit/537.36 (KHTML, like Gecko; compatible; ClaudeBot/1.0; +claudebot@anthropic.com)"
34.123.170.104 - - [14/Apr/2026:13:11:35 +0300] "GET /rs-grey.png HTTP/1.1" 200 2424 "http://new.devistom.ru/" "Mozilla/5.0 (X11; Linux x86_64) AppleWebKit/537.36 (KHTML, like Gecko) Chrome/125.0.0.0 Safari/537.36"
216.73.216.172 - - [14/Apr/2026:13:11:36 +0300] "GET /p/adver31577170?id=1593428 HTTP/1.0" 500 185 "-" "Mozilla/5.0 AppleWebKit/537.36 (KHTML, like Gecko; compatible; ClaudeBot/1.0; +claudebot@anthropic.com)"
66.249.70.3 - - [14/Apr/2026:13:11:36 +0300] "GET /p/verb52093716?id=2109974 HTTP/1.0" 200 25233 "-" "Mozilla/5.0 (Linux; Android 6.0.1; Nexus 5X Build/MMB29P) AppleWebKit/537.36 (KHTML, like Gecko) Chrome/146.0.7680.177 Mobile Safari/537.36 (compatible; GoogleOther)"
216.73.216.172 - - [14/Apr/2026:13:11:41 +0300] "GET /p/pile82291119?id=2307377 HTTP/1.0" 500 185 "-" "Mozilla/5.0 AppleWebKit/537.36 (KHTML, like Gecko; compatible; ClaudeBot/1.0; +claudebot@anthropic.com)"
216.73.216.172 - - [14/Apr/2026:13:11:46 +0300] "GET /p/donke20342905?id=359163 HTTP/1.0" 500 185 "-" "Mozilla/5.0 AppleWebKit/537.36 (KHTML, like Gecko; compatible; ClaudeBot/1.0; +claudebot@anthropic.com)"
216.73.216.172 - - [14/Apr/2026:13:11:51 +0300] "GET /p/twin12749528?id=2765786 HTTP/1.0" 500 185 "-" "Mozilla/5.0 AppleWebKit/537.36 (KHTML, like Gecko; compatible; ClaudeBot/1.0; +claudebot@anthropic.com)"
216.73.216.172 - - [14/Apr/2026:13:11:56 +0300] "GET /p/life51953772?id=1970030 HTTP/1.0" 500 185 "-" "Mozilla/5.0 AppleWebKit/537.36 (KHTML, like Gecko; compatible; ClaudeBot/1.0; +claudebot@anthropic.com)"
216.73.216.172 - - [14/Apr/2026:13:12:01 +0300] "GET /p/benef72410094?id=2426352 HTTP/1.0" 500 185 "-" "Mozilla/5.0 AppleWebKit/537.36 (KHTML, like Gecko; compatible; ClaudeBot/1.0; +claudebot@anthropic.com)"
66.249.70.1 - - [14/Apr/2026:13:11:59 +0300] "GET /p/vcd71748230?id=1764488 HTTP/1.0" 200 24768 "-" "Mozilla/5.0 (Linux; Android 6.0.1; Nexus 5X Build/MMB29P) AppleWebKit/537.36 (KHTML, like Gecko) Chrome/146.0.7680.177 Mobile Safari/537.36 (compatible; GoogleOther)"
216.73.216.172 - - [14/Apr/2026:13:12:06 +0300] "GET /p/inade60513997?id=530255 HTTP/1.0" 500 185 "-" "Mozilla/5.0 AppleWebKit/537.36 (KHTML, like Gecko; compatible; ClaudeBot/1.0; +claudebot@anthropic.com)"
216.73.216.172 - - [14/Apr/2026:13:12:11 +0300] "GET /p/accou12370952?id=2387210 HTTP/1.0" 500 185 "-" "Mozilla/5.0 AppleWebKit/537.36 (KHTML, like Gecko; compatible; ClaudeBot/1.0; +claudebot@anthropic.com)"
178.207.10.43 - - [14/Apr/2026:13:12:14 +0300] "GET /rs-blue.png HTTP/1.1" 200 2931 "https://xn--80aaacq1dwaeb.xn--p1ai/" "Mozilla/5.0 (Windows NT 10.0; Win64; x64) AppleWebKit/537.36 (KHTML, like Gecko) Chrome/144.0.0.0 YaBrowser/26.3.0.0 Safari/537.36"
216.73.216.172 - - [14/Apr/2026:13:12:16 +0300] "GET /p/vase71511902?id=1528160 HTTP/1.0" 500 185 "-" "Mozilla/5.0 AppleWebKit/537.36 (KHTML, like Gecko; compatible; ClaudeBot/1.0; +claudebot@anthropic.com)"
66.249.70.1 - - [14/Apr/2026:13:12:17 +0300] "GET /p/bounc81978839?id=1995097 HTTP/1.0" 200 24543 "-" "Mozilla/5.0 (Linux; Android 6.0.1; Nexus 5X Build/MMB29P) AppleWebKit/537.36 (KHTML, like Gecko) Chrome/146.0.7680.177 Mobile Safari/537.36 (compatible; Googlebot/2.1; +http://www.google.com/bot.html)"
216.73.216.172 - - [14/Apr/2026:13:12:21 +0300] "GET /p/promp50542196?id=558454 HTTP/1.0" 500 185 "-" "Mozilla/5.0 AppleWebKit/537.36 (KHTML, like Gecko; compatible; ClaudeBot/1.0; +claudebot@anthropic.com)"
74.7.227.38 - - [14/Apr/2026:13:12:27 +0300] "GET /p/punis80888807?id=905065 HTTP/1.0" 500 185 "https://region-saitov.ru/sitemape.xml" "Mozilla/5.0 AppleWebKit/537.36 (KHTML, like Gecko; compatible; GPTBot/1.3; +https://openai.com/gptbot)"
216.73.216.172 - - [14/Apr/2026:13:12:28 +0300] "GET /p/budge31266026?id=1282284 HTTP/1.0" 500 185 "-" "Mozilla/5.0 AppleWebKit/537.36 (KHTML, like Gecko; compatible; ClaudeBot/1.0; +claudebot@anthropic.com)"
216.73.216.172 - - [14/Apr/2026:13:12:33 +0300] "GET /p/templ30870626?id=886884 HTTP/1.0" 500 185 "-" "Mozilla/5.0 AppleWebKit/537.36 (KHTML, like Gecko; compatible; ClaudeBot/1.0; +claudebot@anthropic.com)"
216.73.216.172 - - [14/Apr/2026:13:12:38 +0300] "GET /p/progr71656542?id=1672800 HTTP/1.0" 500 185 "-" "Mozilla/5.0 AppleWebKit/537.36 (KHTML, like Gecko; compatible; ClaudeBot/1.0; +claudebot@anthropic.com)"
216.73.216.172 - - [14/Apr/2026:13:12:43 +0300] "GET /p/recom11650216?id=1666474 HTTP/1.0" 500 185 "-" "Mozilla/5.0 AppleWebKit/537.36 (KHTML, like Gecko; compatible; ClaudeBot/1.0; +claudebot@anthropic.com)"
34.122.147.229 - - [14/Apr/2026:13:12:44 +0300] "GET /rs-grey.png HTTP/1.1" 200 2424 "http://new.devistom.ru/" "Mozilla/5.0 (X11; Linux x86_64) AppleWebKit/537.36 (KHTML, like Gecko) Chrome/125.0.0.0 Safari/537.36"
216.73.216.172 - - [14/Apr/2026:13:12:48 +0300] "GET /p/imper10954192?id=970450 HTTP/1.0" 500 185 "-" "Mozilla/5.0 AppleWebKit/537.36 (KHTML, like Gecko; compatible; ClaudeBot/1.0; +claudebot@anthropic.com)"
216.73.216.172 - - [14/Apr/2026:13:12:53 +0300] "GET /p/pea51827372?id=1843630 HTTP/1.0" 500 185 "-" "Mozilla/5.0 AppleWebKit/537.36 (KHTML, like Gecko; compatible; ClaudeBot/1.0; +claudebot@anthropic.com)"
66.249.76.231 - - [14/Apr/2026:13:12:49 +0300] "GET /p/modes72697438?id=2713696 HTTP/1.0" 200 24443 "-" "Mozilla/5.0 (Linux; Android 6.0.1; Nexus 5X Build/MMB29P) AppleWebKit/537.36 (KHTML, like Gecko) Chrome/146.0.7680.177 Mobile Safari/537.36 (compatible; Googlebot/2.1; +http://www.google.com/bot.html)"
216.73.216.172 - - [14/Apr/2026:13:12:58 +0300] "GET /p/sure12345136?id=2361394 HTTP/1.0" 500 185 "-" "Mozilla/5.0 AppleWebKit/537.36 (KHTML, like Gecko; compatible; ClaudeBot/1.0; +claudebot@anthropic.com)"
216.73.216.172 - - [14/Apr/2026:13:13:03 +0300] "GET /p/frien32084362?id=2100620 HTTP/1.0" 500 185 "-" "Mozilla/5.0 AppleWebKit/537.36 (KHTML, like Gecko; compatible; ClaudeBot/1.0; +claudebot@anthropic.com)"
216.73.216.172 - - [14/Apr/2026:13:13:08 +0300] "GET /p/pillo63003597?id=3019855 HTTP/1.0" 500 185 "-" "Mozilla/5.0 AppleWebKit/537.36 (KHTML, like Gecko; compatible; ClaudeBot/1.0; +claudebot@anthropic.com)"
216.73.216.172 - - [14/Apr/2026:13:13:13 +0300] "GET /p/liste80332943?id=349201 HTTP/1.0" 500 185 "-" "Mozilla/5.0 AppleWebKit/537.36 (KHTML, like Gecko; compatible; ClaudeBot/1.0; +claudebot@anthropic.com)"
216.73.216.172 - - [14/Apr/2026:13:13:18 +0300] "GET /p/exten62282013?id=2298271 HTTP/1.0" 500 185 "-" "Mozilla/5.0 AppleWebKit/537.36 (KHTML, like Gecko; compatible; ClaudeBot/1.0; +claudebot@anthropic.com)"
89.111.141.101 - - [14/Apr/2026:13:13:16 +0300] "GET / HTTP/1.0" 500 185 "-" "https://reg.ru monitoring abuse@reg.ru"
216.73.216.172 - - [14/Apr/2026:13:13:23 +0300] "GET /p/lap82553359?id=2569617 HTTP/1.0" 500 185 "-" "Mozilla/5.0 AppleWebKit/537.36 (KHTML, like Gecko; compatible; ClaudeBot/1.0; +claudebot@anthropic.com)"
216.73.216.172 - - [14/Apr/2026:13:13:28 +0300] "GET /p/zag62803933?id=2820191 HTTP/1.0" 500 185 "-" "Mozilla/5.0 AppleWebKit/537.36 (KHTML, like Gecko; compatible; ClaudeBot/1.0; +claudebot@anthropic.com)"
92.242.60.14 - - [14/Apr/2026:13:13:27 +0300] "GET / HTTP/1.0" 500 185 "-" "https://reg.ru monitoring abuse@reg.ru"
216.73.216.172 - - [14/Apr/2026:13:13:33 +0300] "GET /p/disea20464881?id=481139 HTTP/1.0" 500 185 "-" "Mozilla/5.0 AppleWebKit/537.36 (KHTML, like Gecko; compatible; ClaudeBot/1.0; +claudebot@anthropic.com)"
74.7.227.38 - - [14/Apr/2026:13:13:33 +0300] "GET /p/paris70725742?id=742000 HTTP/1.0" 500 185 "https://region-saitov.ru/sitemape.xml" "Mozilla/5.0 AppleWebKit/537.36 (KHTML, like Gecko; compatible; GPTBot/1.3; +https://openai.com/gptbot)"
216.73.216.172 - - [14/Apr/2026:13:13:42 +0300] "GET /p/top70008550?id=24808 HTTP/1.0" 500 185 "-" "Mozilla/5.0 AppleWebKit/537.36 (KHTML, like Gecko; compatible; ClaudeBot/1.0; +claudebot@anthropic.com)"
216.73.216.172 - - [14/Apr/2026:13:13:46 +0300] "GET /p/frida32036202?id=2052460 HTTP/1.0" 500 185 "-" "Mozilla/5.0 AppleWebKit/537.36 (KHTML, like Gecko; compatible; ClaudeBot/1.0; +claudebot@anthropic.com)"
216.73.216.172 - - [14/Apr/2026:13:13:51 +0300] "GET /p/compl32064386?id=2080644 HTTP/1.0" 500 185 "-" "Mozilla/5.0 AppleWebKit/537.36 (KHTML, like Gecko; compatible; ClaudeBot/1.0; +claudebot@anthropic.com)"
34.116.185.192 - - [14/Apr/2026:13:13:52 +0300] "GET /rs-grey.png HTTP/1.1" 200 2424 "http://new.devistom.ru/" "Mozilla/5.0 (iPhone13,2; U; CPU iPhone OS 14_0 like Mac OS X) AppleWebKit/602.1.50 (KHTML, like Gecko) Version/10.0 Mobile/15E148 Safari/602.1"
216.73.216.172 - - [14/Apr/2026:13:13:56 +0300] "GET /p/delay82342215?id=2358473 HTTP/1.0" 500 185 "-" "Mozilla/5.0 AppleWebKit/537.36 (KHTML, like Gecko; compatible; ClaudeBot/1.0; +claudebot@anthropic.com)"
216.73.216.172 - - [14/Apr/2026:13:14:01 +0300] "GET /p/vest60723901?id=740159 HTTP/1.0" 500 185 "-" "Mozilla/5.0 AppleWebKit/537.36 (KHTML, like Gecko; compatible; ClaudeBot/1.0; +claudebot@anthropic.com)"
66.249.89.33 - - [14/Apr/2026:13:14:04 +0300] "GET /rs-grey.png HTTP/1.1" 200 2424 "https://soul-village.ru/" "Mozilla/5.0 (X11; Linux x86_64) AppleWebKit/537.36 (KHTML, like Gecko) Chrome/146.0.7680.164 Safari/537.36"
216.73.216.172 - - [14/Apr/2026:13:14:06 +0300] "GET /p/item80237943?id=254201 HTTP/1.0" 500 185 "-" "Mozilla/5.0 AppleWebKit/537.36 (KHTML, like Gecko; compatible; ClaudeBot/1.0; +claudebot@anthropic.com)"
66.249.70.2 - - [14/Apr/2026:13:14:07 +0300] "GET /p/preva71778206?id=1794464 HTTP/1.0" 200 24758 "-" "Mozilla/5.0 (Linux; Android 6.0.1; Nexus 5X Build/MMB29P) AppleWebKit/537.36 (KHTML, like Gecko) Chrome/146.0.7680.177 Mobile Safari/537.36 (compatible; GoogleOther)"
216.73.216.172 - - [14/Apr/2026:13:14:11 +0300] "GET /p/assur22443377?id=2459635 HTTP/1.0" 500 185 "-" "Mozilla/5.0 AppleWebKit/537.36 (KHTML, like Gecko; compatible; ClaudeBot/1.0; +claudebot@anthropic.com)"
95.24.58.114 - - [14/Apr/2026:13:14:13 +0300] "GET /cdh.mp4 HTTP/1.0" 206 9975304 "https://cdh-implant.ru/" "Mozilla/5.0 (Windows NT 10.0; Win64; x64) AppleWebKit/537.36 (KHTML, like Gecko) Chrome/145.0.0.0 Safari/537.36 OPR/129.0.0.0 (Edition Yx 08)"
95.24.58.114 - - [14/Apr/2026:13:14:13 +0300] "GET /cdh.mp4 HTTP/1.0" 206 55839 "https://cdh-implant.ru/" "Mozilla/5.0 (Windows NT 10.0; Win64; x64) AppleWebKit/537.36 (KHTML, like Gecko) Chrome/145.0.0.0 Safari/537.36 OPR/129.0.0.0 (Edition Yx 08)"
95.24.58.114 - - [14/Apr/2026:13:14:13 +0300] "GET /cdh.mp4 HTTP/1.0" 206 10297799 "https://cdh-implant.ru/" "Mozilla/5.0 (Windows NT 10.0; Win64; x64) AppleWebKit/537.36 (KHTML, like Gecko) Chrome/145.0.0.0 Safari/537.36 OPR/129.0.0.0 (Edition Yx 08)"
216.73.216.172 - - [14/Apr/2026:13:14:16 +0300] "GET /p/confe81509255?id=1525513 HTTP/1.0" 500 185 "-" "Mozilla/5.0 AppleWebKit/537.36 (KHTML, like Gecko; compatible; ClaudeBot/1.0; +claudebot@anthropic.com)"
216.73.216.172 - - [14/Apr/2026:13:14:21 +0300] "GET /p/deaf82348591?id=2364849 HTTP/1.0" 500 185 "-" "Mozilla/5.0 AppleWebKit/537.36 (KHTML, like Gecko; compatible; ClaudeBot/1.0; +claudebot@anthropic.com)"
216.73.216.172 - - [14/Apr/2026:13:14:26 +0300] "GET /p/dad31381426?id=1397684 HTTP/1.0" 500 185 "-" "Mozilla/5.0 AppleWebKit/537.36 (KHTML, like Gecko; compatible; ClaudeBot/1.0; +claudebot@anthropic.com)"
216.73.216.172 - - [14/Apr/2026:13:14:31 +0300] "GET /p/forme52550868?id=2567126 HTTP/1.0" 500 185 "-" "Mozilla/5.0 AppleWebKit/537.36 (KHTML, like Gecko; compatible; ClaudeBot/1.0; +claudebot@anthropic.com)"
216.73.216.172 - - [14/Apr/2026:13:14:36 +0300] "GET /p/rotte81386767?id=1403025 HTTP/1.0" 500 185 "-" "Mozilla/5.0 AppleWebKit/537.36 (KHTML, like Gecko; compatible; ClaudeBot/1.0; +claudebot@anthropic.com)"
216.73.216.172 - - [14/Apr/2026:13:14:41 +0300] "GET /p/over21656449?id=1672707 HTTP/1.0" 500 185 "-" "Mozilla/5.0 AppleWebKit/537.36 (KHTML, like Gecko; compatible; ClaudeBot/1.0; +claudebot@anthropic.com)"
216.73.216.172 - - [14/Apr/2026:13:14:46 +0300] "GET /p/move12688416?id=2704674 HTTP/1.0" 500 185 "-" "Mozilla/5.0 AppleWebKit/537.36 (KHTML, like Gecko; compatible; ClaudeBot/1.0; +claudebot@anthropic.com)"
66.249.76.232 - - [14/Apr/2026:13:14:44 +0300] "GET /p/gover11057088?id=1073346 HTTP/1.0" 200 24609 "-" "Mozilla/5.0 (Linux; Android 6.0.1; Nexus 5X Build/MMB29P) AppleWebKit/537.36 (KHTML, like Gecko) Chrome/146.0.7680.177 Mobile Safari/537.36 (compatible; GoogleOther)"
216.73.216.172 - - [14/Apr/2026:13:14:51 +0300] "GET /p/monk50067924?id=84182 HTTP/1.0" 500 185 "-" "Mozilla/5.0 AppleWebKit/537.36 (KHTML, like Gecko; compatible; ClaudeBot/1.0; +claudebot@anthropic.com)"
216.73.216.172 - - [14/Apr/2026:13:14:56 +0300] "GET /p/harsh82085983?id=2102241 HTTP/1.0" 500 185 "-" "Mozilla/5.0 AppleWebKit/537.36 (KHTML, like Gecko; compatible; ClaudeBot/1.0; +claudebot@anthropic.com)"
216.73.216.172 - - [14/Apr/2026:13:15:01 +0300] "GET /p/deman21102121?id=1118379 HTTP/1.0" 500 185 "-" "Mozilla/5.0 AppleWebKit/537.36 (KHTML, like Gecko; compatible; ClaudeBot/1.0; +claudebot@anthropic.com)"
216.73.216.172 - - [14/Apr/2026:13:15:06 +0300] "GET /p/marve41670339?id=1686597 HTTP/1.0" 500 185 "-" "Mozilla/5.0 AppleWebKit/537.36 (KHTML, like Gecko; compatible; ClaudeBot/1.0; +claudebot@anthropic.com)"
216.73.216.172 - - [14/Apr/2026:13:15:11 +0300] "GET /p/socks42200915?id=2217173 HTTP/1.0" 500 185 "-" "Mozilla/5.0 AppleWebKit/537.36 (KHTML, like Gecko; compatible; ClaudeBot/1.0; +claudebot@anthropic.com)"
85.140.3.252 - - [14/Apr/2026:13:15:13 +0300] "GET /cdh.mp4 HTTP/1.0" 206 21715483 "https://cdh-implant.ru/" "Mozilla/5.0 (Linux; arm_64; Android 14; V2153) AppleWebKit/537.36 (KHTML, like Gecko) Chrome/144.0.7559.793 YaApp_Android/26.32.1 YaSearchBrowser/26.32.1 BroPP/1.0 Mobile Safari/537.36"
85.140.3.252 - - [14/Apr/2026:13:15:13 +0300] "GET /cdh.mp4 HTTP/1.0" 206 55839 "https://cdh-implant.ru/" "Mozilla/5.0 (Linux; arm_64; Android 14; V2153) AppleWebKit/537.36 (KHTML, like Gecko) Chrome/144.0.7559.793 YaApp_Android/26.32.1 YaSearchBrowser/26.32.1 BroPP/1.0 Mobile Safari/537.36"
85.140.3.252 - - [14/Apr/2026:13:15:14 +0300] "GET /cdh.mp4 HTTP/1.0" 206 21611119 "https://cdh-implant.ru/" "Mozilla/5.0 (Linux; arm_64; Android 14; V2153) AppleWebKit/537.36 (KHTML, like Gecko) Chrome/144.0.7559.793 YaApp_Android/26.32.1 YaSearchBrowser/26.32.1 BroPP/1.0 Mobile Safari/537.36"
89.111.170.8 - - [14/Apr/2026:13:15:11 +0300] "GET / HTTP/1.0" 500 185 "-" "https://reg.ru monitoring abuse@reg.ru"
216.73.216.172 - - [14/Apr/2026:13:15:19 +0300] "GET /p/tradi10932616?id=948874 HTTP/1.0" 500 185 "-" "Mozilla/5.0 AppleWebKit/537.36 (KHTML, like Gecko; compatible; ClaudeBot/1.0; +claudebot@anthropic.com)"
216.73.216.172 - - [14/Apr/2026:13:15:22 +0300] "GET /p/will22525809?id=2542067 HTTP/1.0" 500 185 "-" "Mozilla/5.0 AppleWebKit/537.36 (KHTML, like Gecko; compatible; ClaudeBot/1.0; +claudebot@anthropic.com)"
216.73.216.172 - - [14/Apr/2026:13:15:27 +0300] "GET /p/hosti70014822?id=31080 HTTP/1.0" 500 185 "-" "Mozilla/5.0 AppleWebKit/537.36 (KHTML, like Gecko; compatible; ClaudeBot/1.0; +claudebot@anthropic.com)"
176.15.223.217 - - [14/Apr/2026:13:15:30 +0300] "GET /rs-white.png HTTP/1.1" 200 2176 "https://dks.riat.ru/" "Mozilla/5.0 (Linux; Android 13; Redmi Note 12 Pro Build/TKQ1.221114.001) AppleWebKit/537.36 (KHTML, like Gecko) Chrome/135.0.7049.79 Mobile Safari/537.36 XiaoMi/MiuiBrowser/14.53.0-gn"
216.73.216.172 - - [14/Apr/2026:13:15:32 +0300] "GET /p/kilo52296180?id=2312438 HTTP/1.0" 500 185 "-" "Mozilla/5.0 AppleWebKit/537.36 (KHTML, like Gecko; compatible; ClaudeBot/1.0; +claudebot@anthropic.com)"
216.73.216.172 - - [14/Apr/2026:13:15:37 +0300] "GET /p/bit40716867?id=733125 HTTP/1.0" 500 185 "-" "Mozilla/5.0 AppleWebKit/537.36 (KHTML, like Gecko; compatible; ClaudeBot/1.0; +claudebot@anthropic.com)"
216.73.216.172 - - [14/Apr/2026:13:15:42 +0300] "GET /p/studi52435684?id=2451942 HTTP/1.0" 500 185 "-" "Mozilla/5.0 AppleWebKit/537.36 (KHTML, like Gecko; compatible; ClaudeBot/1.0; +claudebot@anthropic.com)"
74.7.227.38 - - [14/Apr/2026:13:15:44 +0300] "GET /p/medic50029252?id=45510 HTTP/1.0" 500 185 "https://region-saitov.ru/sitemapa.xml" "Mozilla/5.0 AppleWebKit/537.36 (KHTML, like Gecko; compatible; GPTBot/1.3; +https://openai.com/gptbot)"
216.73.216.172 - - [14/Apr/2026:13:15:47 +0300] "GET /p/disti51654092?id=1670350 HTTP/1.0" 500 185 "-" "Mozilla/5.0 AppleWebKit/537.36 (KHTML, like Gecko; compatible; ClaudeBot/1.0; +claudebot@anthropic.com)"
216.73.216.172 - - [14/Apr/2026:13:15:52 +0300] "GET /p/colum30905882?id=922140 HTTP/1.0" 500 185 "-" "Mozilla/5.0 AppleWebKit/537.36 (KHTML, like Gecko; compatible; ClaudeBot/1.0; +claudebot@anthropic.com)"
216.73.216.172 - - [14/Apr/2026:13:15:57 +0300] "GET /p/pat42794691?id=2810949 HTTP/1.0" 500 185 "-" "Mozilla/5.0 AppleWebKit/537.36 (KHTML, like Gecko; compatible; ClaudeBot/1.0; +claudebot@anthropic.com)"
216.73.216.172 - - [14/Apr/2026:13:16:02 +0300] "GET /p/most41069411?id=1085669 HTTP/1.0" 500 185 "-" "Mozilla/5.0 AppleWebKit/537.36 (KHTML, like Gecko; compatible; ClaudeBot/1.0; +claudebot@anthropic.com)"
216.73.216.172 - - [14/Apr/2026:13:16:07 +0300] "GET /p/liar12234784?id=2251042 HTTP/1.0" 500 185 "-" "Mozilla/5.0 AppleWebKit/537.36 (KHTML, like Gecko; compatible; ClaudeBot/1.0; +claudebot@anthropic.com)"
216.73.216.172 - - [14/Apr/2026:13:16:12 +0300] "GET /p/invas82423199?id=2439457 HTTP/1.0" 500 185 "-" "Mozilla/5.0 AppleWebKit/537.36 (KHTML, like Gecko; compatible; ClaudeBot/1.0; +claudebot@anthropic.com)"
216.73.216.172 - - [14/Apr/2026:13:16:17 +0300] "GET /p/siste10837312?id=853570 HTTP/1.0" 500 185 "-" "Mozilla/5.0 AppleWebKit/537.36 (KHTML, like Gecko; compatible; ClaudeBot/1.0; +claudebot@anthropic.com)"
216.73.216.172 - - [14/Apr/2026:13:16:22 +0300] "GET /p/hey82553415?id=2569673 HTTP/1.0" 500 185 "-" "Mozilla/5.0 AppleWebKit/537.36 (KHTML, like Gecko; compatible; ClaudeBot/1.0; +claudebot@anthropic.com)"
66.249.70.2 - - [14/Apr/2026:13:16:19 +0300] "GET /p/nativ40553499?id=569757 HTTP/1.0" 200 26067 "-" "Mozilla/5.0 (Linux; Android 6.0.1; Nexus 5X Build/MMB29P) AppleWebKit/537.36 (KHTML, like Gecko) Chrome/146.0.7680.177 Mobile Safari/537.36 (compatible; GoogleOther)"
216.73.216.172 - - [14/Apr/2026:13:16:27 +0300] "GET /p/innov71478030?id=1494288 HTTP/1.0" 500 185 "-" "Mozilla/5.0 AppleWebKit/537.36 (KHTML, like Gecko; compatible; ClaudeBot/1.0; +claudebot@anthropic.com)"
216.73.216.172 - - [14/Apr/2026:13:16:32 +0300] "GET /p/ten51028036?id=1044294 HTTP/1.0" 500 185 "-" "Mozilla/5.0 AppleWebKit/537.36 (KHTML, like Gecko; compatible; ClaudeBot/1.0; +claudebot@anthropic.com)"
216.73.216.172 - - [14/Apr/2026:13:16:37 +0300] "GET /p/celeb41268971?id=1285229 HTTP/1.0" 500 185 "-" "Mozilla/5.0 AppleWebKit/537.36 (KHTML, like Gecko; compatible; ClaudeBot/1.0; +claudebot@anthropic.com)"
216.73.216.172 - - [14/Apr/2026:13:16:42 +0300] "GET /p/indiv50389836?id=406094 HTTP/1.0" 500 185 "-" "Mozilla/5.0 AppleWebKit/537.36 (KHTML, like Gecko; compatible; ClaudeBot/1.0; +claudebot@anthropic.com)"
216.73.216.172 - - [14/Apr/2026:13:16:47 +0300] "GET /p/wet72016062?id=2032320 HTTP/1.0" 500 185 "-" "Mozilla/5.0 AppleWebKit/537.36 (KHTML, like Gecko; compatible; ClaudeBot/1.0; +claudebot@anthropic.com)"
216.73.216.172 - - [14/Apr/2026:13:16:52 +0300] "GET /p/lava32319922?id=2336180 HTTP/1.0" 500 185 "-" "Mozilla/5.0 AppleWebKit/537.36 (KHTML, like Gecko; compatible; ClaudeBot/1.0; +claudebot@anthropic.com)"
216.73.216.172 - - [14/Apr/2026:13:16:57 +0300] "GET /p/via11245936?id=1262194 HTTP/1.0" 500 185 "-" "Mozilla/5.0 AppleWebKit/537.36 (KHTML, like Gecko; compatible; ClaudeBot/1.0; +claudebot@anthropic.com)"
216.73.216.172 - - [14/Apr/2026:13:17:02 +0300] "GET /p/manki71603430?id=1619688 HTTP/1.0" 500 185 "-" "Mozilla/5.0 AppleWebKit/537.36 (KHTML, like Gecko; compatible; ClaudeBot/1.0; +claudebot@anthropic.com)"
66.249.70.1 - - [14/Apr/2026:13:17:01 +0300] "GET /p/dote80283959?id=300217 HTTP/1.0" 200 24942 "-" "Mozilla/5.0 (Linux; Android 6.0.1; Nexus 5X Build/MMB29P) AppleWebKit/537.36 (KHTML, like Gecko) Chrome/146.0.7680.177 Mobile Safari/537.36 (compatible; GoogleOther)"
216.73.216.172 - - [14/Apr/2026:13:17:07 +0300] "GET /p/invis42203347?id=2219605 HTTP/1.0" 500 185 "-" "Mozilla/5.0 AppleWebKit/537.36 (KHTML, like Gecko; compatible; ClaudeBot/1.0; +claudebot@anthropic.com)"
216.73.216.172 - - [14/Apr/2026:13:17:12 +0300] "GET /p/easyg32822186?id=2838444 HTTP/1.0" 500 185 "-" "Mozilla/5.0 AppleWebKit/537.36 (KHTML, like Gecko; compatible; ClaudeBot/1.0; +claudebot@anthropic.com)"
216.73.216.172 - - [14/Apr/2026:13:17:17 +0300] "GET /p/shane31135994?id=1152252 HTTP/1.0" 500 185 "-" "Mozilla/5.0 AppleWebKit/537.36 (KHTML, like Gecko; compatible; ClaudeBot/1.0; +claudebot@anthropic.com)"
216.73.216.172 - - [14/Apr/2026:13:17:22 +0300] "GET /p/remot21103649?id=1119907 HTTP/1.0" 500 185 "-" "Mozilla/5.0 AppleWebKit/537.36 (KHTML, like Gecko; compatible; ClaudeBot/1.0; +claudebot@anthropic.com)"
216.73.216.172 - - [14/Apr/2026:13:17:27 +0300] "GET /p/forty42620155?id=2636413 HTTP/1.0" 500 185 "-" "Mozilla/5.0 AppleWebKit/537.36 (KHTML, like Gecko; compatible; ClaudeBot/1.0; +claudebot@anthropic.com)"
216.73.216.172 - - [14/Apr/2026:13:17:32 +0300] "GET /p/relax32228234?id=2244492 HTTP/1.0" 500 185 "-" "Mozilla/5.0 AppleWebKit/537.36 (KHTML, like Gecko; compatible; ClaudeBot/1.0; +claudebot@anthropic.com)"
216.73.216.172 - - [14/Apr/2026:13:17:38 +0300] "GET /p/advan11349552?id=1365810 HTTP/1.0" 500 185 "-" "Mozilla/5.0 AppleWebKit/537.36 (KHTML, like Gecko; compatible; ClaudeBot/1.0; +claudebot@anthropic.com)"
85.175.12.50 - - [14/Apr/2026:13:17:40 +0300] "GET /rs-blue.png HTTP/1.1" 200 2931 "https://xn----7sbkbf1bmuairr.xn--p1ai/" "Mozilla/5.0 (Windows NT 10.0; Win64; x64) AppleWebKit/537.36 (KHTML, like Gecko) Chrome/146.0.0.0 Safari/537.36"
216.73.216.172 - - [14/Apr/2026:13:17:43 +0300] "GET /p/crowd12385712?id=2401970 HTTP/1.0" 500 185 "-" "Mozilla/5.0 AppleWebKit/537.36 (KHTML, like Gecko; compatible; ClaudeBot/1.0; +claudebot@anthropic.com)"
216.73.216.172 - - [14/Apr/2026:13:17:48 +0300] "GET /p/toget30952986?id=969244 HTTP/1.0" 500 185 "-" "Mozilla/5.0 AppleWebKit/537.36 (KHTML, like Gecko; compatible; ClaudeBot/1.0; +claudebot@anthropic.com)"
