66.249.70.1 - - [14/Apr/2026:14:22:06 +0300] "GET /?shop/g/g9193266222/ HTTP/1.0" 200 24413 "-" "Mozilla/5.0 (Linux; Android 6.0.1; Nexus 5X Build/MMB29P) AppleWebKit/537.36 (KHTML, like Gecko) Chrome/146.0.7680.177 Mobile Safari/537.36 (compatible; Googlebot/2.1; +http://www.google.com/bot.html)"
66.249.70.1 - - [14/Apr/2026:14:22:11 +0300] "GET /shop/js/menumystoreajax.aspx?_=1775520000000 HTTP/1.0" 200 25375 "https://region-saitov.ru/?shop/c/c919510067/" "Mozilla/5.0 (Linux; Android 6.0.1; Nexus 5X Build/MMB29P) AppleWebKit/537.36 (KHTML, like Gecko) Chrome/146.0.7680.177 Mobile Safari/537.36 (compatible; Googlebot/2.1; +http://www.google.com/bot.html)"
66.249.70.1 - - [14/Apr/2026:14:22:16 +0300] "GET /p/downl41013827?id=1030085 HTTP/1.0" 200 24705 "-" "Mozilla/5.0 (Linux; Android 6.0.1; Nexus 5X Build/MMB29P) AppleWebKit/537.36 (KHTML, like Gecko) Chrome/146.0.7680.177 Mobile Safari/537.36 (compatible; GoogleOther)"
66.249.76.231 - - [14/Apr/2026:14:22:21 +0300] "GET /?shop/g/g91982970677/ HTTP/1.0" 200 24748 "-" "Mozilla/5.0 (Linux; Android 6.0.1; Nexus 5X Build/MMB29P) AppleWebKit/537.36 (KHTML, like Gecko) Chrome/146.0.7680.177 Mobile Safari/537.36 (compatible; Googlebot/2.1; +http://www.google.com/bot.html)"
66.249.70.1 - - [14/Apr/2026:14:22:25 +0300] "GET /?shop/g/g9193116711/ HTTP/1.0" 200 24325 "-" "Mozilla/5.0 (Linux; Android 6.0.1; Nexus 5X Build/MMB29P) AppleWebKit/537.36 (KHTML, like Gecko) Chrome/146.0.7680.177 Mobile Safari/537.36 (compatible; Googlebot/2.1; +http://www.google.com/bot.html)"
66.249.70.1 - - [14/Apr/2026:14:22:35 +0300] "GET /?shop/g/g91961608340/ HTTP/1.0" 200 24229 "-" "Mozilla/5.0 (Linux; Android 6.0.1; Nexus 5X Build/MMB29P) AppleWebKit/537.36 (KHTML, like Gecko) Chrome/146.0.7680.177 Mobile Safari/537.36 (compatible; Googlebot/2.1; +http://www.google.com/bot.html)"
74.7.227.38 - - [14/Apr/2026:14:22:41 +0300] "GET /p/liabi70574334?id=590592 HTTP/1.0" 500 185 "https://region-saitov.ru/sitemapa.xml" "Mozilla/5.0 AppleWebKit/537.36 (KHTML, like Gecko; compatible; GPTBot/1.3; +https://openai.com/gptbot)"
66.249.76.231 - - [14/Apr/2026:14:22:40 +0300] "GET /?shop/g/g91951442984/ HTTP/1.0" 200 25405 "-" "Mozilla/5.0 (Linux; Android 6.0.1; Nexus 5X Build/MMB29P) AppleWebKit/537.36 (KHTML, like Gecko) Chrome/146.0.7680.177 Mobile Safari/537.36 (compatible; Googlebot/2.1; +http://www.google.com/bot.html)"
66.249.70.1 - - [14/Apr/2026:14:22:45 +0300] "GET /?shop/g/g91982908473/ HTTP/1.0" 200 25481 "-" "Mozilla/5.0 (Linux; Android 6.0.1; Nexus 5X Build/MMB29P) AppleWebKit/537.36 (KHTML, like Gecko) Chrome/146.0.7680.177 Mobile Safari/537.36 (compatible; Googlebot/2.1; +http://www.google.com/bot.html)"
43.167.236.228 - - [14/Apr/2026:14:22:52 +0300] "GET / HTTP/1.1" 400 283 "-" "Mozilla/5.0 (iPhone; CPU iPhone OS 13_2_3 like Mac OS X) AppleWebKit/605.1.15 (KHTML, like Gecko) Version/13.0.3 Mobile/15E148 Safari/604.1"
66.249.70.1 - - [14/Apr/2026:14:22:50 +0300] "GET /?shop/g/g9193380963/ HTTP/1.0" 200 24848 "-" "Mozilla/5.0 (Linux; Android 6.0.1; Nexus 5X Build/MMB29P) AppleWebKit/537.36 (KHTML, like Gecko) Chrome/146.0.7680.177 Mobile Safari/537.36 (compatible; Googlebot/2.1; +http://www.google.com/bot.html)"
66.249.70.1 - - [14/Apr/2026:14:22:55 +0300] "GET /?shop/g/g9194659123/ HTTP/1.0" 200 25031 "-" "Mozilla/5.0 (Linux; Android 6.0.1; Nexus 5X Build/MMB29P) AppleWebKit/537.36 (KHTML, like Gecko) Chrome/146.0.7680.177 Mobile Safari/537.36 (compatible; Googlebot/2.1; +http://www.google.com/bot.html)"
66.249.70.3 - - [14/Apr/2026:14:23:05 +0300] "GET /?shop/g/g91972004391/ HTTP/1.0" 200 25465 "-" "Mozilla/5.0 (Linux; Android 6.0.1; Nexus 5X Build/MMB29P) AppleWebKit/537.36 (KHTML, like Gecko) Chrome/146.0.7680.177 Mobile Safari/537.36 (compatible; Googlebot/2.1; +http://www.google.com/bot.html)"
66.249.70.1 - - [14/Apr/2026:14:23:09 +0300] "GET /?shop/g/g91972084592/ HTTP/1.0" 200 25400 "-" "Mozilla/5.0 (Linux; Android 6.0.1; Nexus 5X Build/MMB29P) AppleWebKit/537.36 (KHTML, like Gecko) Chrome/146.0.7680.177 Mobile Safari/537.36 (compatible; Googlebot/2.1; +http://www.google.com/bot.html)"
66.249.70.1 - - [14/Apr/2026:14:23:14 +0300] "GET /?shop/g/g91961589438/ HTTP/1.0" 200 25616 "-" "Mozilla/5.0 (Linux; Android 6.0.1; Nexus 5X Build/MMB29P) AppleWebKit/537.36 (KHTML, like Gecko) Chrome/146.0.7680.177 Mobile Safari/537.36 (compatible; Googlebot/2.1; +http://www.google.com/bot.html)"
66.249.70.1 - - [14/Apr/2026:14:23:18 +0300] "GET /?shop/g/g9193221021/ HTTP/1.0" 200 24724 "-" "Mozilla/5.0 (Linux; Android 6.0.1; Nexus 5X Build/MMB29P) AppleWebKit/537.36 (KHTML, like Gecko) Chrome/146.0.7680.177 Mobile Safari/537.36 (compatible; Googlebot/2.1; +http://www.google.com/bot.html)"
92.255.252.254 - - [14/Apr/2026:14:23:26 +0300] "GET /rs-blue.png HTTP/1.1" 200 2931 "https://www.kardogroup.ru/" "Mozilla/5.0 (Windows NT 10.0; Win64; x64) AppleWebKit/537.36 (KHTML, like Gecko) Chrome/144.0.0.0 YaBrowser/26.3.0.0 Safari/537.36"
66.249.70.1 - - [14/Apr/2026:14:23:23 +0300] "GET /?shop/g/g9193460934/ HTTP/1.0" 200 24558 "-" "Mozilla/5.0 (Linux; Android 6.0.1; Nexus 5X Build/MMB29P) AppleWebKit/537.36 (KHTML, like Gecko) Chrome/146.0.7680.177 Mobile Safari/537.36 (compatible; Googlebot/2.1; +http://www.google.com/bot.html)"
66.249.70.1 - - [14/Apr/2026:14:23:28 +0300] "GET /?shop/g/g91982939384/ HTTP/1.0" 200 24432 "-" "Mozilla/5.0 (Linux; Android 6.0.1; Nexus 5X Build/MMB29P) AppleWebKit/537.36 (KHTML, like Gecko) Chrome/146.0.7680.177 Mobile Safari/537.36 (compatible; Googlebot/2.1; +http://www.google.com/bot.html)"
66.249.76.231 - - [14/Apr/2026:14:23:33 +0300] "GET /?shop/g/g9193227975/ HTTP/1.0" 200 24500 "-" "Mozilla/5.0 (Linux; Android 6.0.1; Nexus 5X Build/MMB29P) AppleWebKit/537.36 (KHTML, like Gecko) Chrome/146.0.7680.177 Mobile Safari/537.36 (compatible; Googlebot/2.1; +http://www.google.com/bot.html)"
66.249.76.231 - - [14/Apr/2026:14:23:38 +0300] "GET /p/salad12564056?id=2580314 HTTP/1.0" 200 24442 "-" "Mozilla/5.0 (Linux; Android 6.0.1; Nexus 5X Build/MMB29P) AppleWebKit/537.36 (KHTML, like Gecko) Chrome/146.0.7680.177 Mobile Safari/537.36 (compatible; GoogleOther)"
74.7.227.38 - - [14/Apr/2026:14:23:46 +0300] "GET /p/bette30957338?id=973596 HTTP/1.0" 500 185 "https://region-saitov.ru/sitemape.xml" "Mozilla/5.0 AppleWebKit/537.36 (KHTML, like Gecko; compatible; GPTBot/1.3; +https://openai.com/gptbot)"
66.249.76.231 - - [14/Apr/2026:14:23:42 +0300] "GET /?shop/g/g9193245360/ HTTP/1.0" 200 24326 "-" "Mozilla/5.0 (Linux; Android 6.0.1; Nexus 5X Build/MMB29P) AppleWebKit/537.36 (KHTML, like Gecko) Chrome/146.0.7680.177 Mobile Safari/537.36 (compatible; Googlebot/2.1; +http://www.google.com/bot.html)"
66.249.76.231 - - [14/Apr/2026:14:23:51 +0300] "GET /?shop/g/g91982901961/ HTTP/1.0" 200 24394 "-" "Mozilla/5.0 (Linux; Android 6.0.1; Nexus 5X Build/MMB29P) AppleWebKit/537.36 (KHTML, like Gecko) Chrome/146.0.7680.177 Mobile Safari/537.36 (compatible; Googlebot/2.1; +http://www.google.com/bot.html)"
66.249.70.1 - - [14/Apr/2026:14:23:55 +0300] "GET /?shop/g/g91961990443/ HTTP/1.0" 200 24399 "-" "Mozilla/5.0 (Linux; Android 6.0.1; Nexus 5X Build/MMB29P) AppleWebKit/537.36 (KHTML, like Gecko) Chrome/146.0.7680.177 Mobile Safari/537.36 (compatible; Googlebot/2.1; +http://www.google.com/bot.html)"
66.249.70.3 - - [14/Apr/2026:14:24:00 +0300] "GET /?shop/g/g91951138052/ HTTP/1.0" 200 25679 "-" "Mozilla/5.0 (Linux; Android 6.0.1; Nexus 5X Build/MMB29P) AppleWebKit/537.36 (KHTML, like Gecko) Chrome/146.0.7680.177 Mobile Safari/537.36 (compatible; Googlebot/2.1; +http://www.google.com/bot.html)"
66.249.76.232 - - [14/Apr/2026:14:24:04 +0300] "GET /?shop/g/g919333263/ HTTP/1.0" 200 24828 "-" "Mozilla/5.0 (Linux; Android 6.0.1; Nexus 5X Build/MMB29P) AppleWebKit/537.36 (KHTML, like Gecko) Chrome/146.0.7680.177 Mobile Safari/537.36 (compatible; Googlebot/2.1; +http://www.google.com/bot.html)"
66.249.76.231 - - [14/Apr/2026:14:24:10 +0300] "GET /?shop/g/g9194648692/ HTTP/1.0" 200 25832 "-" "Mozilla/5.0 (Linux; Android 6.0.1; Nexus 5X Build/MMB29P) AppleWebKit/537.36 (KHTML, like Gecko) Chrome/146.0.7680.177 Mobile Safari/537.36 (compatible; Googlebot/2.1; +http://www.google.com/bot.html)"
66.249.70.1 - - [14/Apr/2026:14:24:15 +0300] "GET /?shop/g/g9194833405/ HTTP/1.0" 200 24566 "-" "Mozilla/5.0 (Linux; Android 6.0.1; Nexus 5X Build/MMB29P) AppleWebKit/537.36 (KHTML, like Gecko) Chrome/146.0.7680.177 Mobile Safari/537.36 (compatible; Googlebot/2.1; +http://www.google.com/bot.html)"
66.249.70.1 - - [14/Apr/2026:14:24:24 +0300] "GET /?shop/g/g91982918522/ HTTP/1.0" 200 25322 "-" "Mozilla/5.0 (Linux; Android 6.0.1; Nexus 5X Build/MMB29P) AppleWebKit/537.36 (KHTML, like Gecko) Chrome/146.0.7680.177 Mobile Safari/537.36 (compatible; Googlebot/2.1; +http://www.google.com/bot.html)"
178.206.72.182 - - [14/Apr/2026:14:24:32 +0300] "GET /cdh.mp4 HTTP/1.0" 206 21715483 "https://cdh-implant.ru/" "Mozilla/5.0 (Linux; arm_64; Android 15; RMX3830) AppleWebKit/537.36 (KHTML, like Gecko) Chrome/144.0.7559.639 YaSearchBrowser/26.36.1 BroPP/1.0 YaSearchApp/26.36.1 webOmni Mobile Safari/537.36"
178.206.72.182 - - [14/Apr/2026:14:24:32 +0300] "GET /cdh.mp4 HTTP/1.0" 206 55839 "https://cdh-implant.ru/" "Mozilla/5.0 (Linux; arm_64; Android 15; RMX3830) AppleWebKit/537.36 (KHTML, like Gecko) Chrome/144.0.7559.639 YaSearchBrowser/26.36.1 BroPP/1.0 YaSearchApp/26.36.1 webOmni Mobile Safari/537.36"
66.249.70.1 - - [14/Apr/2026:14:24:29 +0300] "GET /?shop/g/g91972195935/ HTTP/1.0" 200 25188 "-" "Mozilla/5.0 (Linux; Android 6.0.1; Nexus 5X Build/MMB29P) AppleWebKit/537.36 (KHTML, like Gecko) Chrome/146.0.7680.177 Mobile Safari/537.36 (compatible; Googlebot/2.1; +http://www.google.com/bot.html)"
195.123.245.150 - - [14/Apr/2026:14:24:34 +0300] "GET /rs-blue.png HTTP/1.1" 200 2931 "https://kardogroup.ru/" "Mozilla/5.0 (iPhone; CPU iPhone OS 18_5 like Mac OS X) AppleWebKit/605.1.15 (KHTML, like Gecko) Version/18.5 Mobile/15E148 Safari/604.1"
66.249.76.231 - - [14/Apr/2026:14:24:34 +0300] "GET /?shop/g/g919319355/ HTTP/1.0" 200 24495 "-" "Mozilla/5.0 (Linux; Android 6.0.1; Nexus 5X Build/MMB29P) AppleWebKit/537.36 (KHTML, like Gecko) Chrome/146.0.7680.177 Mobile Safari/537.36 (compatible; Googlebot/2.1; +http://www.google.com/bot.html)"
66.249.70.1 - - [14/Apr/2026:14:24:38 +0300] "GET /?shop/g/g9193440072/ HTTP/1.0" 200 24355 "-" "Mozilla/5.0 (Linux; Android 6.0.1; Nexus 5X Build/MMB29P) AppleWebKit/537.36 (KHTML, like Gecko) Chrome/146.0.7680.177 Mobile Safari/537.36 (compatible; Googlebot/2.1; +http://www.google.com/bot.html)"
74.7.227.38 - - [14/Apr/2026:14:24:47 +0300] "GET /p/ensur30938050?id=954308 HTTP/1.0" 500 185 "https://region-saitov.ru/sitemapa.xml" "Mozilla/5.0 AppleWebKit/537.36 (KHTML, like Gecko; compatible; GPTBot/1.3; +https://openai.com/gptbot)"
66.249.76.231 - - [14/Apr/2026:14:24:43 +0300] "GET /?shop/g/g919385418/ HTTP/1.0" 200 24393 "-" "Mozilla/5.0 (Linux; Android 6.0.1; Nexus 5X Build/MMB29P) AppleWebKit/537.36 (KHTML, like Gecko) Chrome/146.0.7680.177 Mobile Safari/537.36 (compatible; Googlebot/2.1; +http://www.google.com/bot.html)"
66.249.76.231 - - [14/Apr/2026:14:24:48 +0300] "GET /?shop/g/g91982905217/ HTTP/1.0" 200 24585 "-" "Mozilla/5.0 (Linux; Android 6.0.1; Nexus 5X Build/MMB29P) AppleWebKit/537.36 (KHTML, like Gecko) Chrome/146.0.7680.177 Mobile Safari/537.36 (compatible; Googlebot/2.1; +http://www.google.com/bot.html)"
66.249.70.1 - - [14/Apr/2026:14:24:52 +0300] "GET /?shop/g/g91982910101/ HTTP/1.0" 200 25088 "-" "Mozilla/5.0 (Linux; Android 6.0.1; Nexus 5X Build/MMB29P) AppleWebKit/537.36 (KHTML, like Gecko) Chrome/146.0.7680.177 Mobile Safari/537.36 (compatible; Googlebot/2.1; +http://www.google.com/bot.html)"
66.249.76.231 - - [14/Apr/2026:14:24:57 +0300] "GET /p/intro12520464?id=2536722 HTTP/1.0" 200 24595 "-" "Mozilla/5.0 (Linux; Android 6.0.1; Nexus 5X Build/MMB29P) AppleWebKit/537.36 (KHTML, like Gecko) Chrome/146.0.7680.177 Mobile Safari/537.36 (compatible; GoogleOther)"
89.111.141.101 - - [14/Apr/2026:14:24:58 +0300] "GET / HTTP/1.0" 500 185 "-" "https://reg.ru monitoring abuse@reg.ru"
66.249.70.1 - - [14/Apr/2026:14:25:02 +0300] "GET /?shop/g/g9193175820/ HTTP/1.0" 200 24312 "-" "Mozilla/5.0 (Linux; Android 6.0.1; Nexus 5X Build/MMB29P) AppleWebKit/537.36 (KHTML, like Gecko) Chrome/146.0.7680.177 Mobile Safari/537.36 (compatible; Googlebot/2.1; +http://www.google.com/bot.html)"
66.249.76.231 - - [14/Apr/2026:14:25:06 +0300] "GET /?shop/g/g9193241883/ HTTP/1.0" 200 24621 "-" "Mozilla/5.0 (Linux; Android 6.0.1; Nexus 5X Build/MMB29P) AppleWebKit/537.36 (KHTML, like Gecko) Chrome/146.0.7680.177 Mobile Safari/537.36 (compatible; Googlebot/2.1; +http://www.google.com/bot.html)"
66.249.76.231 - - [14/Apr/2026:14:25:11 +0300] "GET /?shop/g/g91961729837/ HTTP/1.0" 200 24309 "-" "Mozilla/5.0 (Linux; Android 6.0.1; Nexus 5X Build/MMB29P) AppleWebKit/537.36 (KHTML, like Gecko) Chrome/146.0.7680.177 Mobile Safari/537.36 (compatible; Googlebot/2.1; +http://www.google.com/bot.html)"
92.242.60.14 - - [14/Apr/2026:14:25:13 +0300] "GET / HTTP/1.0" 500 185 "-" "https://reg.ru monitoring abuse@reg.ru"
66.249.70.1 - - [14/Apr/2026:14:25:16 +0300] "GET /?shop/g/g91961924190/ HTTP/1.0" 200 24826 "-" "Mozilla/5.0 (Linux; Android 6.0.1; Nexus 5X Build/MMB29P) AppleWebKit/537.36 (KHTML, like Gecko) Chrome/146.0.7680.177 Mobile Safari/537.36 (compatible; Googlebot/2.1; +http://www.google.com/bot.html)"
216.73.216.172 - - [14/Apr/2026:14:25:22 +0300] "GET /p/devic50085948?id=102206 HTTP/1.0" 500 185 "-" "Mozilla/5.0 AppleWebKit/537.36 (KHTML, like Gecko; compatible; ClaudeBot/1.0; +claudebot@anthropic.com)"
66.249.76.231 - - [14/Apr/2026:14:25:20 +0300] "GET /?shop/g/g91982956769/ HTTP/1.0" 200 24747 "-" "Mozilla/5.0 (Linux; Android 6.0.1; Nexus 5X Build/MMB29P) AppleWebKit/537.36 (KHTML, like Gecko) Chrome/146.0.7680.177 Mobile Safari/537.36 (compatible; Googlebot/2.1; +http://www.google.com/bot.html)"
216.73.216.172 - - [14/Apr/2026:14:25:27 +0300] "GET /p/inner40498787?id=515045 HTTP/1.0" 500 185 "-" "Mozilla/5.0 AppleWebKit/537.36 (KHTML, like Gecko; compatible; ClaudeBot/1.0; +claudebot@anthropic.com)"
66.249.70.1 - - [14/Apr/2026:14:25:25 +0300] "GET /?shop/g/g9193353147/ HTTP/1.0" 200 25558 "-" "Mozilla/5.0 (Linux; Android 6.0.1; Nexus 5X Build/MMB29P) AppleWebKit/537.36 (KHTML, like Gecko) Chrome/146.0.7680.177 Mobile Safari/537.36 (compatible; Googlebot/2.1; +http://www.google.com/bot.html)"
216.73.216.172 - - [14/Apr/2026:14:25:32 +0300] "GET /p/off32292778?id=2309036 HTTP/1.0" 500 185 "-" "Mozilla/5.0 AppleWebKit/537.36 (KHTML, like Gecko; compatible; ClaudeBot/1.0; +claudebot@anthropic.com)"
66.249.76.231 - - [14/Apr/2026:14:25:30 +0300] "GET /?shop/g/g91961620821/ HTTP/1.0" 200 25299 "-" "Mozilla/5.0 (Linux; Android 6.0.1; Nexus 5X Build/MMB29P) AppleWebKit/537.36 (KHTML, like Gecko) Chrome/146.0.7680.177 Mobile Safari/537.36 (compatible; Googlebot/2.1; +http://www.google.com/bot.html)"
216.73.216.172 - - [14/Apr/2026:14:25:37 +0300] "GET /p/loop71631318?id=1647576 HTTP/1.0" 500 185 "-" "Mozilla/5.0 AppleWebKit/537.36 (KHTML, like Gecko; compatible; ClaudeBot/1.0; +claudebot@anthropic.com)"
178.205.242.89 - - [14/Apr/2026:14:25:37 +0300] "GET /cdh.mp4 HTTP/1.0" 206 21715483 "https://cdh-implant.ru/" "Mozilla/5.0 (Windows NT 10.0; Win64; x64) AppleWebKit/537.36 (KHTML, like Gecko) Chrome/147.0.0.0 Safari/537.36"
178.205.242.89 - - [14/Apr/2026:14:25:37 +0300] "GET /cdh.mp4 HTTP/1.0" 206 55839 "https://cdh-implant.ru/" "Mozilla/5.0 (Windows NT 10.0; Win64; x64) AppleWebKit/537.36 (KHTML, like Gecko) Chrome/147.0.0.0 Safari/537.36"
66.249.70.1 - - [14/Apr/2026:14:25:34 +0300] "GET /?shop/g/g91972157819/ HTTP/1.0" 200 26054 "-" "Mozilla/5.0 (Linux; Android 6.0.1; Nexus 5X Build/MMB29P) AppleWebKit/537.36 (KHTML, like Gecko) Chrome/146.0.7680.177 Mobile Safari/537.36 (compatible; Googlebot/2.1; +http://www.google.com/bot.html)"
216.73.216.172 - - [14/Apr/2026:14:25:42 +0300] "GET /p/throw80041327?id=57585 HTTP/1.0" 500 185 "-" "Mozilla/5.0 AppleWebKit/537.36 (KHTML, like Gecko; compatible; ClaudeBot/1.0; +claudebot@anthropic.com)"
216.73.216.172 - - [14/Apr/2026:14:25:47 +0300] "GET /p/note51144460?id=1160718 HTTP/1.0" 500 185 "-" "Mozilla/5.0 AppleWebKit/537.36 (KHTML, like Gecko; compatible; ClaudeBot/1.0; +claudebot@anthropic.com)"
66.249.76.231 - - [14/Apr/2026:14:25:44 +0300] "GET /?shop/g/g9193127142/ HTTP/1.0" 200 24812 "-" "Mozilla/5.0 (Linux; Android 6.0.1; Nexus 5X Build/MMB29P) AppleWebKit/537.36 (KHTML, like Gecko) Chrome/146.0.7680.177 Mobile Safari/537.36 (compatible; Googlebot/2.1; +http://www.google.com/bot.html)"
74.7.227.38 - - [14/Apr/2026:14:25:53 +0300] "GET /p/diffe10652904?id=669162 HTTP/1.0" 500 185 "https://region-saitov.ru/sitemapa.xml" "Mozilla/5.0 AppleWebKit/537.36 (KHTML, like Gecko; compatible; GPTBot/1.3; +https://openai.com/gptbot)"
66.249.70.1 - - [14/Apr/2026:14:25:50 +0300] "GET /?shop/g/g9193478319/ HTTP/1.0" 200 24293 "-" "Mozilla/5.0 (Linux; Android 6.0.1; Nexus 5X Build/MMB29P) AppleWebKit/537.36 (KHTML, like Gecko) Chrome/146.0.7680.177 Mobile Safari/537.36 (compatible; Googlebot/2.1; +http://www.google.com/bot.html)"
66.249.70.1 - - [14/Apr/2026:14:25:54 +0300] "GET /?shop/g/g9193307946/ HTTP/1.0" 200 24430 "-" "Mozilla/5.0 (Linux; Android 6.0.1; Nexus 5X Build/MMB29P) AppleWebKit/537.36 (KHTML, like Gecko) Chrome/146.0.7680.177 Mobile Safari/537.36 (compatible; Googlebot/2.1; +http://www.google.com/bot.html)"
66.249.76.231 - - [14/Apr/2026:14:25:59 +0300] "GET /?shop/g/g9194641738/ HTTP/1.0" 200 24875 "-" "Mozilla/5.0 (Linux; Android 6.0.1; Nexus 5X Build/MMB29P) AppleWebKit/537.36 (KHTML, like Gecko) Chrome/146.0.7680.177 Mobile Safari/537.36 (compatible; Googlebot/2.1; +http://www.google.com/bot.html)"
66.249.76.231 - - [14/Apr/2026:14:26:04 +0300] "GET /?shop/g/g9193397734/ HTTP/1.0" 200 24751 "-" "Mozilla/5.0 (Linux; Android 6.0.1; Nexus 5X Build/MMB29P) AppleWebKit/537.36 (KHTML, like Gecko) Chrome/146.0.7680.177 Mobile Safari/537.36 (compatible; Googlebot/2.1; +http://www.google.com/bot.html)"
66.249.76.231 - - [14/Apr/2026:14:26:09 +0300] "GET /?shop/g/g919392372/ HTTP/1.0" 200 24535 "-" "Mozilla/5.0 (Linux; Android 6.0.1; Nexus 5X Build/MMB29P) AppleWebKit/537.36 (KHTML, like Gecko) Chrome/146.0.7680.177 Mobile Safari/537.36 (compatible; Googlebot/2.1; +http://www.google.com/bot.html)"
66.249.76.231 - - [14/Apr/2026:14:26:14 +0300] "GET /?shop/g/g9193360101/ HTTP/1.0" 200 24247 "-" "Mozilla/5.0 (Linux; Android 6.0.1; Nexus 5X Build/MMB29P) AppleWebKit/537.36 (KHTML, like Gecko) Chrome/146.0.7680.177 Mobile Safari/537.36 (compatible; Googlebot/2.1; +http://www.google.com/bot.html)"
66.249.76.231 - - [14/Apr/2026:14:26:19 +0300] "GET /p/fruit42900219?id=2916477 HTTP/1.0" 200 24850 "-" "Mozilla/5.0 (Linux; Android 6.0.1; Nexus 5X Build/MMB29P) AppleWebKit/537.36 (KHTML, like Gecko) Chrome/146.0.7680.177 Mobile Safari/537.36 (compatible; GoogleOther)"
216.73.216.172 - - [14/Apr/2026:14:26:25 +0300] "GET /p/touch40944435?id=960693 HTTP/1.0" 500 185 "-" "Mozilla/5.0 AppleWebKit/537.36 (KHTML, like Gecko; compatible; ClaudeBot/1.0; +claudebot@anthropic.com)"
66.249.70.1 - - [14/Apr/2026:14:26:23 +0300] "GET /?shop/g/g9193426164/ HTTP/1.0" 200 24620 "-" "Mozilla/5.0 (Linux; Android 6.0.1; Nexus 5X Build/MMB29P) AppleWebKit/537.36 (KHTML, like Gecko) Chrome/146.0.7680.177 Mobile Safari/537.36 (compatible; Googlebot/2.1; +http://www.google.com/bot.html)"
216.73.216.172 - - [14/Apr/2026:14:26:29 +0300] "GET /p/range21214201?id=1230459 HTTP/1.0" 500 185 "-" "Mozilla/5.0 AppleWebKit/537.36 (KHTML, like Gecko; compatible; ClaudeBot/1.0; +claudebot@anthropic.com)"
66.249.76.231 - - [14/Apr/2026:14:26:28 +0300] "GET /?shop/g/g91961899781/ HTTP/1.0" 200 24968 "-" "Mozilla/5.0 (Linux; Android 6.0.1; Nexus 5X Build/MMB29P) AppleWebKit/537.36 (KHTML, like Gecko) Chrome/146.0.7680.177 Mobile Safari/537.36 (compatible; Googlebot/2.1; +http://www.google.com/bot.html)"
216.73.216.172 - - [14/Apr/2026:14:26:34 +0300] "GET /p/clock21372273?id=1388531 HTTP/1.0" 500 185 "-" "Mozilla/5.0 AppleWebKit/537.36 (KHTML, like Gecko; compatible; ClaudeBot/1.0; +claudebot@anthropic.com)"
66.249.70.1 - - [14/Apr/2026:14:26:33 +0300] "GET /?shop/g/g9193276653/ HTTP/1.0" 200 24784 "-" "Mozilla/5.0 (Linux; Android 6.0.1; Nexus 5X Build/MMB29P) AppleWebKit/537.36 (KHTML, like Gecko) Chrome/146.0.7680.177 Mobile Safari/537.36 (compatible; Googlebot/2.1; +http://www.google.com/bot.html)"
216.73.216.172 - - [14/Apr/2026:14:26:39 +0300] "GET /p/proce80538047?id=554305 HTTP/1.0" 500 185 "-" "Mozilla/5.0 AppleWebKit/537.36 (KHTML, like Gecko; compatible; ClaudeBot/1.0; +claudebot@anthropic.com)"
66.249.76.231 - - [14/Apr/2026:14:26:38 +0300] "GET /?shop/g/g9193401825/ HTTP/1.0" 200 24377 "-" "Mozilla/5.0 (Linux; Android 6.0.1; Nexus 5X Build/MMB29P) AppleWebKit/537.36 (KHTML, like Gecko) Chrome/146.0.7680.177 Mobile Safari/537.36 (compatible; Googlebot/2.1; +http://www.google.com/bot.html)"
216.73.216.172 - - [14/Apr/2026:14:26:44 +0300] "GET /p/backw20050177?id=66435 HTTP/1.0" 500 185 "-" "Mozilla/5.0 AppleWebKit/537.36 (KHTML, like Gecko; compatible; ClaudeBot/1.0; +claudebot@anthropic.com)"
216.73.216.172 - - [14/Apr/2026:14:26:45 +0300] "GET /p/effic40930067?id=946325 HTTP/1.0" 500 185 "-" "Mozilla/5.0 AppleWebKit/537.36 (KHTML, like Gecko; compatible; ClaudeBot/1.0; +claudebot@anthropic.com)"
66.249.76.231 - - [14/Apr/2026:14:26:42 +0300] "GET /?shop/g/g9193485273/ HTTP/1.0" 200 24657 "-" "Mozilla/5.0 (Linux; Android 6.0.1; Nexus 5X Build/MMB29P) AppleWebKit/537.36 (KHTML, like Gecko) Chrome/146.0.7680.177 Mobile Safari/537.36 (compatible; Googlebot/2.1; +http://www.google.com/bot.html)"
216.73.216.172 - - [14/Apr/2026:14:26:47 +0300] "GET /p/negle40358307?id=374565 HTTP/1.0" 500 185 "-" "Mozilla/5.0 AppleWebKit/537.36 (KHTML, like Gecko; compatible; ClaudeBot/1.0; +claudebot@anthropic.com)"
89.111.170.8 - - [14/Apr/2026:14:26:46 +0300] "GET / HTTP/1.0" 500 185 "-" "https://reg.ru monitoring abuse@reg.ru"
66.249.70.2 - - [14/Apr/2026:14:26:47 +0300] "GET /?shop/g/g9193342716/ HTTP/1.0" 200 24969 "-" "Mozilla/5.0 (Linux; Android 6.0.1; Nexus 5X Build/MMB29P) AppleWebKit/537.36 (KHTML, like Gecko) Chrome/146.0.7680.177 Mobile Safari/537.36 (compatible; Googlebot/2.1; +http://www.google.com/bot.html)"
216.73.216.172 - - [14/Apr/2026:14:26:52 +0300] "GET /p/incid72041862?id=2058120 HTTP/1.0" 500 185 "-" "Mozilla/5.0 AppleWebKit/537.36 (KHTML, like Gecko; compatible; ClaudeBot/1.0; +claudebot@anthropic.com)"
74.7.227.38 - - [14/Apr/2026:14:26:53 +0300] "GET /p/title80331703?id=347961 HTTP/1.0" 500 185 "https://region-saitov.ru/sitemape.xml" "Mozilla/5.0 AppleWebKit/537.36 (KHTML, like Gecko; compatible; GPTBot/1.3; +https://openai.com/gptbot)"
66.249.70.2 - - [14/Apr/2026:14:26:52 +0300] "GET /?shop/g/g9194753292/ HTTP/1.0" 200 24595 "-" "Mozilla/5.0 (Linux; Android 6.0.1; Nexus 5X Build/MMB29P) AppleWebKit/537.36 (KHTML, like Gecko) Chrome/146.0.7680.177 Mobile Safari/537.36 (compatible; Googlebot/2.1; +http://www.google.com/bot.html)"
46.29.79.240 - - [14/Apr/2026:14:26:57 +0300] "GET /rs-white.png HTTP/1.1" 200 2176 "https://dks.riat.ru/" "Mozilla/5.0 (Windows NT 10.0; Win64; x64) AppleWebKit/537.36 (KHTML, like Gecko) Chrome/147.0.0.0 Safari/537.36"
216.73.216.172 - - [14/Apr/2026:14:26:57 +0300] "GET /p/sched82054271?id=2070529 HTTP/1.0" 500 185 "-" "Mozilla/5.0 AppleWebKit/537.36 (KHTML, like Gecko; compatible; ClaudeBot/1.0; +claudebot@anthropic.com)"
66.249.70.1 - - [14/Apr/2026:14:26:57 +0300] "GET /?shop/g/g91982911568/ HTTP/1.0" 200 24926 "-" "Mozilla/5.0 (Linux; Android 6.0.1; Nexus 5X Build/MMB29P) AppleWebKit/537.36 (KHTML, like Gecko) Chrome/146.0.7680.177 Mobile Safari/537.36 (compatible; Googlebot/2.1; +http://www.google.com/bot.html)"
216.73.216.172 - - [14/Apr/2026:14:27:00 +0300] "GET /p/posit80377007?id=393265 HTTP/1.0" 500 185 "-" "Mozilla/5.0 AppleWebKit/537.36 (KHTML, like Gecko; compatible; ClaudeBot/1.0; +claudebot@anthropic.com)"
216.73.216.172 - - [14/Apr/2026:14:27:02 +0300] "GET /p/prett71508582?id=1524840 HTTP/1.0" 500 185 "-" "Mozilla/5.0 AppleWebKit/537.36 (KHTML, like Gecko; compatible; ClaudeBot/1.0; +claudebot@anthropic.com)"
216.73.216.172 - - [14/Apr/2026:14:27:05 +0300] "GET /p/cease70443006?id=459264 HTTP/1.0" 500 185 "-" "Mozilla/5.0 AppleWebKit/537.36 (KHTML, like Gecko; compatible; ClaudeBot/1.0; +claudebot@anthropic.com)"
66.249.70.1 - - [14/Apr/2026:14:27:02 +0300] "GET /p/trigg22570089?id=2586347 HTTP/1.0" 200 26036 "-" "Mozilla/5.0 (Linux; Android 6.0.1; Nexus 5X Build/MMB29P) AppleWebKit/537.36 (KHTML, like Gecko) Chrome/146.0.7680.177 Mobile Safari/537.36 (compatible; GoogleOther)"
216.73.216.172 - - [14/Apr/2026:14:27:07 +0300] "GET /p/cheek61285845?id=1302103 HTTP/1.0" 500 185 "-" "Mozilla/5.0 AppleWebKit/537.36 (KHTML, like Gecko; compatible; ClaudeBot/1.0; +claudebot@anthropic.com)"
216.73.216.172 - - [14/Apr/2026:14:27:10 +0300] "GET /p/refue50334436?id=350694 HTTP/1.0" 500 185 "-" "Mozilla/5.0 AppleWebKit/537.36 (KHTML, like Gecko; compatible; ClaudeBot/1.0; +claudebot@anthropic.com)"
66.249.70.1 - - [14/Apr/2026:14:27:06 +0300] "GET /?shop/g/g9193349670/ HTTP/1.0" 200 24404 "-" "Mozilla/5.0 (Linux; Android 6.0.1; Nexus 5X Build/MMB29P) AppleWebKit/537.36 (KHTML, like Gecko) Chrome/146.0.7680.177 Mobile Safari/537.36 (compatible; Googlebot/2.1; +http://www.google.com/bot.html)"
66.249.70.1 - - [14/Apr/2026:14:27:11 +0300] "GET /?shop/g/g9193433118/ HTTP/1.0" 200 24381 "-" "Mozilla/5.0 (Linux; Android 6.0.1; Nexus 5X Build/MMB29P) AppleWebKit/537.36 (KHTML, like Gecko) Chrome/146.0.7680.177 Mobile Safari/537.36 (compatible; Googlebot/2.1; +http://www.google.com/bot.html)"
216.73.216.172 - - [14/Apr/2026:14:27:15 +0300] "GET /p/run62605629?id=2621887 HTTP/1.0" 500 185 "-" "Mozilla/5.0 AppleWebKit/537.36 (KHTML, like Gecko; compatible; ClaudeBot/1.0; +claudebot@anthropic.com)"
66.249.76.231 - - [14/Apr/2026:14:27:16 +0300] "GET /?shop/g/g91935447/ HTTP/1.0" 200 24552 "-" "Mozilla/5.0 (Linux; Android 6.0.1; Nexus 5X Build/MMB29P) AppleWebKit/537.36 (KHTML, like Gecko) Chrome/146.0.7680.177 Mobile Safari/537.36 (compatible; Googlebot/2.1; +http://www.google.com/bot.html)"
216.73.216.172 - - [14/Apr/2026:14:27:20 +0300] "GET /p/unkno41271331?id=1287589 HTTP/1.0" 500 185 "-" "Mozilla/5.0 AppleWebKit/537.36 (KHTML, like Gecko; compatible; ClaudeBot/1.0; +claudebot@anthropic.com)"
66.249.76.231 - - [14/Apr/2026:14:27:21 +0300] "GET /?shop/g/g919364556/ HTTP/1.0" 200 24547 "-" "Mozilla/5.0 (Linux; Android 6.0.1; Nexus 5X Build/MMB29P) AppleWebKit/537.36 (KHTML, like Gecko) Chrome/146.0.7680.177 Mobile Safari/537.36 (compatible; Googlebot/2.1; +http://www.google.com/bot.html)"
216.73.216.172 - - [14/Apr/2026:14:27:25 +0300] "GET /p/rubbe11765152?id=1781410 HTTP/1.0" 500 185 "-" "Mozilla/5.0 AppleWebKit/537.36 (KHTML, like Gecko; compatible; ClaudeBot/1.0; +claudebot@anthropic.com)"
85.140.5.167 - - [14/Apr/2026:14:27:28 +0300] "GET /cdh.mp4 HTTP/1.0" 206 21715483 "https://cdh-implant.ru/" "Mozilla/5.0 (Linux; arm_64; Android 16; RMX5079) AppleWebKit/537.36 (KHTML, like Gecko) Chrome/144.0.7559.123 YaBrowser/26.3.5.123.00 Mobile Safari/537.36"
85.140.5.167 - - [14/Apr/2026:14:27:28 +0300] "GET /cdh.mp4 HTTP/1.0" 206 55839 "https://cdh-implant.ru/" "Mozilla/5.0 (Linux; arm_64; Android 16; RMX5079) AppleWebKit/537.36 (KHTML, like Gecko) Chrome/144.0.7559.123 YaBrowser/26.3.5.123.00 Mobile Safari/537.36"
85.140.5.167 - - [14/Apr/2026:14:27:28 +0300] "GET /cdh.mp4 HTTP/1.0" 206 21611119 "https://cdh-implant.ru/" "Mozilla/5.0 (Linux; arm_64; Android 16; RMX5079) AppleWebKit/537.36 (KHTML, like Gecko) Chrome/144.0.7559.123 YaBrowser/26.3.5.123.00 Mobile Safari/537.36"
66.249.76.231 - - [14/Apr/2026:14:27:26 +0300] "GET /?shop/g/g91961823067/ HTTP/1.0" 200 24498 "-" "Mozilla/5.0 (Linux; Android 6.0.1; Nexus 5X Build/MMB29P) AppleWebKit/537.36 (KHTML, like Gecko) Chrome/146.0.7680.177 Mobile Safari/537.36 (compatible; Googlebot/2.1; +http://www.google.com/bot.html)"
216.73.216.172 - - [14/Apr/2026:14:27:30 +0300] "GET /p/summe72069478?id=2085736 HTTP/1.0" 500 185 "-" "Mozilla/5.0 AppleWebKit/537.36 (KHTML, like Gecko; compatible; ClaudeBot/1.0; +claudebot@anthropic.com)"
66.249.70.1 - - [14/Apr/2026:14:27:30 +0300] "GET /?shop/g/g9193335762/ HTTP/1.0" 200 24965 "-" "Mozilla/5.0 (Linux; Android 6.0.1; Nexus 5X Build/MMB29P) AppleWebKit/537.36 (KHTML, like Gecko) Chrome/146.0.7680.177 Mobile Safari/537.36 (compatible; Googlebot/2.1; +http://www.google.com/bot.html)"
216.73.216.172 - - [14/Apr/2026:14:27:35 +0300] "GET /p/dig72021454?id=2037712 HTTP/1.0" 500 185 "-" "Mozilla/5.0 AppleWebKit/537.36 (KHTML, like Gecko; compatible; ClaudeBot/1.0; +claudebot@anthropic.com)"
66.249.70.1 - - [14/Apr/2026:14:27:35 +0300] "GET /?shop/g/g91951432523/ HTTP/1.0" 200 25818 "-" "Mozilla/5.0 (Linux; Android 6.0.1; Nexus 5X Build/MMB29P) AppleWebKit/537.36 (KHTML, like Gecko) Chrome/146.0.7680.177 Mobile Safari/537.36 (compatible; Googlebot/2.1; +http://www.google.com/bot.html)"
216.73.216.172 - - [14/Apr/2026:14:27:40 +0300] "GET /p/strin62665637?id=2681895 HTTP/1.0" 500 185 "-" "Mozilla/5.0 AppleWebKit/537.36 (KHTML, like Gecko; compatible; ClaudeBot/1.0; +claudebot@anthropic.com)"
66.249.70.1 - - [14/Apr/2026:14:27:40 +0300] "GET /?shop/g/g91982897077/ HTTP/1.0" 200 24599 "-" "Mozilla/5.0 (Linux; Android 6.0.1; Nexus 5X Build/MMB29P) AppleWebKit/537.36 (KHTML, like Gecko) Chrome/146.0.7680.177 Mobile Safari/537.36 (compatible; Googlebot/2.1; +http://www.google.com/bot.html)"
216.73.216.172 - - [14/Apr/2026:14:27:45 +0300] "GET /p/repai71669054?id=1685312 HTTP/1.0" 500 185 "-" "Mozilla/5.0 AppleWebKit/537.36 (KHTML, like Gecko; compatible; ClaudeBot/1.0; +claudebot@anthropic.com)"
66.249.76.232 - - [14/Apr/2026:14:27:45 +0300] "GET /p/break62728437?id=2744695 HTTP/1.0" 200 25220 "-" "Mozilla/5.0 (Linux; Android 6.0.1; Nexus 5X Build/MMB29P) AppleWebKit/537.36 (KHTML, like Gecko) Chrome/146.0.7680.177 Mobile Safari/537.36 (compatible; GoogleOther)"
216.73.216.172 - - [14/Apr/2026:14:27:50 +0300] "GET /p/fig31735946?id=1752204 HTTP/1.0" 500 185 "-" "Mozilla/5.0 AppleWebKit/537.36 (KHTML, like Gecko; compatible; ClaudeBot/1.0; +claudebot@anthropic.com)"
66.249.76.231 - - [14/Apr/2026:14:27:49 +0300] "GET /?shop/g/g91951425549/ HTTP/1.0" 200 26395 "-" "Mozilla/5.0 (Linux; Android 6.0.1; Nexus 5X Build/MMB29P) AppleWebKit/537.36 (KHTML, like Gecko) Chrome/146.0.7680.177 Mobile Safari/537.36 (compatible; Googlebot/2.1; +http://www.google.com/bot.html)"
74.7.227.38 - - [14/Apr/2026:14:27:53 +0300] "GET /p/oppos30785378?id=801636 HTTP/1.0" 500 185 "https://region-saitov.ru/sitemape.xml" "Mozilla/5.0 AppleWebKit/537.36 (KHTML, like Gecko; compatible; GPTBot/1.3; +https://openai.com/gptbot)"
216.73.216.172 - - [14/Apr/2026:14:27:55 +0300] "GET /p/outdo80185503?id=201761 HTTP/1.0" 500 185 "-" "Mozilla/5.0 AppleWebKit/537.36 (KHTML, like Gecko; compatible; ClaudeBot/1.0; +claudebot@anthropic.com)"
66.249.76.231 - - [14/Apr/2026:14:27:54 +0300] "GET /?shop/g/g91961599064/ HTTP/1.0" 200 25255 "-" "Mozilla/5.0 (Linux; Android 6.0.1; Nexus 5X Build/MMB29P) AppleWebKit/537.36 (KHTML, like Gecko) Chrome/146.0.7680.177 Mobile Safari/537.36 (compatible; Googlebot/2.1; +http://www.google.com/bot.html)"
216.73.216.172 - - [14/Apr/2026:14:28:00 +0300] "GET /p/ship81360111?id=1376369 HTTP/1.0" 500 185 "-" "Mozilla/5.0 AppleWebKit/537.36 (KHTML, like Gecko; compatible; ClaudeBot/1.0; +claudebot@anthropic.com)"
66.249.70.2 - - [14/Apr/2026:14:27:59 +0300] "GET /?shop/g/g9193363578/ HTTP/1.0" 200 24533 "-" "Mozilla/5.0 (Linux; Android 6.0.1; Nexus 5X Build/MMB29P) AppleWebKit/537.36 (KHTML, like Gecko) Chrome/146.0.7680.177 Mobile Safari/537.36 (compatible; Googlebot/2.1; +http://www.google.com/bot.html)"
185.148.223.51 - - [14/Apr/2026:14:28:03 +0300] "GET /rs-white.png HTTP/1.1" 200 2176 "https://eco-lab.ru/" "Mozilla/5.0 (Windows NT 10.0; Win64; x64) AppleWebKit/537.36 (KHTML, like Gecko) Chrome/144.0.0.0 YaBrowser/26.3.0.0 Safari/537.36"
216.73.216.172 - - [14/Apr/2026:14:28:05 +0300] "GET /p/bloom11158664?id=1174922 HTTP/1.0" 500 185 "-" "Mozilla/5.0 AppleWebKit/537.36 (KHTML, like Gecko; compatible; ClaudeBot/1.0; +claudebot@anthropic.com)"
66.249.76.231 - - [14/Apr/2026:14:28:04 +0300] "GET /?shop/g/g91982967200/ HTTP/1.0" 200 24479 "-" "Mozilla/5.0 (Linux; Android 6.0.1; Nexus 5X Build/MMB29P) AppleWebKit/537.36 (KHTML, like Gecko) Chrome/146.0.7680.177 Mobile Safari/537.36 (compatible; Googlebot/2.1; +http://www.google.com/bot.html)"
216.73.216.172 - - [14/Apr/2026:14:28:10 +0300] "GET /p/condi71973006?id=1989264 HTTP/1.0" 500 185 "-" "Mozilla/5.0 AppleWebKit/537.36 (KHTML, like Gecko; compatible; ClaudeBot/1.0; +claudebot@anthropic.com)"
66.249.70.1 - - [14/Apr/2026:14:28:08 +0300] "GET /?shop/g/g919381941/ HTTP/1.0" 200 24447 "-" "Mozilla/5.0 (Linux; Android 6.0.1; Nexus 5X Build/MMB29P) AppleWebKit/537.36 (KHTML, like Gecko) Chrome/146.0.7680.177 Mobile Safari/537.36 (compatible; Googlebot/2.1; +http://www.google.com/bot.html)"
216.73.216.172 - - [14/Apr/2026:14:28:15 +0300] "GET /p/plura80335167?id=351425 HTTP/1.0" 500 185 "-" "Mozilla/5.0 AppleWebKit/537.36 (KHTML, like Gecko; compatible; ClaudeBot/1.0; +claudebot@anthropic.com)"
66.249.70.1 - - [14/Apr/2026:14:28:13 +0300] "GET /?shop/c/c919810044/ HTTP/1.0" 200 27855 "-" "Mozilla/5.0 (Linux; Android 6.0.1; Nexus 5X Build/MMB29P) AppleWebKit/537.36 (KHTML, like Gecko) Chrome/146.0.7680.177 Mobile Safari/537.36 (compatible; Googlebot/2.1; +http://www.google.com/bot.html)"
216.73.216.172 - - [14/Apr/2026:14:28:20 +0300] "GET /p/read30677602?id=693860 HTTP/1.0" 500 185 "-" "Mozilla/5.0 AppleWebKit/537.36 (KHTML, like Gecko; compatible; ClaudeBot/1.0; +claudebot@anthropic.com)"
66.249.70.1 - - [14/Apr/2026:14:28:18 +0300] "GET /?shop/g/g9193405302/ HTTP/1.0" 200 24808 "-" "Mozilla/5.0 (Linux; Android 6.0.1; Nexus 5X Build/MMB29P) AppleWebKit/537.36 (KHTML, like Gecko) Chrome/146.0.7680.177 Mobile Safari/537.36 (compatible; Googlebot/2.1; +http://www.google.com/bot.html)"
216.73.216.172 - - [14/Apr/2026:14:28:26 +0300] "GET /p/casua61221437?id=1237695 HTTP/1.0" 500 185 "-" "Mozilla/5.0 AppleWebKit/537.36 (KHTML, like Gecko; compatible; ClaudeBot/1.0; +claudebot@anthropic.com)"
66.249.70.1 - - [14/Apr/2026:14:28:23 +0300] "GET /shop/js/menumystoreajax.aspx?_=1775520000000 HTTP/1.0" 200 25375 "https://region-saitov.ru/?shop/c/c919810044/" "Mozilla/5.0 (Linux; Android 6.0.1; Nexus 5X Build/MMB29P) AppleWebKit/537.36 (KHTML, like Gecko) Chrome/146.0.7680.177 Mobile Safari/537.36 (compatible; Googlebot/2.1; +http://www.google.com/bot.html)"
216.73.216.172 - - [14/Apr/2026:14:28:30 +0300] "GET /p/mess30169498?id=185756 HTTP/1.0" 500 185 "-" "Mozilla/5.0 AppleWebKit/537.36 (KHTML, like Gecko; compatible; ClaudeBot/1.0; +claudebot@anthropic.com)"
66.249.76.231 - - [14/Apr/2026:14:28:27 +0300] "GET /?shop/g/g9193109757/ HTTP/1.0" 200 25317 "-" "Mozilla/5.0 (Linux; Android 6.0.1; Nexus 5X Build/MMB29P) AppleWebKit/537.36 (KHTML, like Gecko) Chrome/146.0.7680.177 Mobile Safari/537.36 (compatible; Googlebot/2.1; +http://www.google.com/bot.html)"
216.73.216.172 - - [14/Apr/2026:14:28:35 +0300] "GET /p/deriv71546366?id=1562624 HTTP/1.0" 500 185 "-" "Mozilla/5.0 AppleWebKit/537.36 (KHTML, like Gecko; compatible; ClaudeBot/1.0; +claudebot@anthropic.com)"
216.73.216.172 - - [14/Apr/2026:14:28:40 +0300] "GET /p/epide41459803?id=1476061 HTTP/1.0" 500 185 "-" "Mozilla/5.0 AppleWebKit/537.36 (KHTML, like Gecko; compatible; ClaudeBot/1.0; +claudebot@anthropic.com)"
66.249.70.1 - - [14/Apr/2026:14:28:37 +0300] "GET /?shop/g/g91961935031/ HTTP/1.0" 200 24569 "-" "Mozilla/5.0 (Linux; Android 6.0.1; Nexus 5X Build/MMB29P) AppleWebKit/537.36 (KHTML, like Gecko) Chrome/146.0.7680.177 Mobile Safari/537.36 (compatible; Googlebot/2.1; +http://www.google.com/bot.html)"
216.73.216.172 - - [14/Apr/2026:14:28:43 +0300] "GET /p/strea42128307?id=2144565 HTTP/1.0" 500 185 "-" "Mozilla/5.0 AppleWebKit/537.36 (KHTML, like Gecko; compatible; ClaudeBot/1.0; +claudebot@anthropic.com)"
66.249.70.1 - - [14/Apr/2026:14:28:41 +0300] "GET /?shop/g/g9193141050/ HTTP/1.0" 200 24092 "-" "Mozilla/5.0 (Linux; Android 6.0.1; Nexus 5X Build/MMB29P) AppleWebKit/537.36 (KHTML, like Gecko) Chrome/146.0.7680.177 Mobile Safari/537.36 (compatible; Googlebot/2.1; +http://www.google.com/bot.html)"
216.73.216.172 - - [14/Apr/2026:14:28:45 +0300] "GET /p/track41973851?id=1990109 HTTP/1.0" 500 185 "-" "Mozilla/5.0 AppleWebKit/537.36 (KHTML, like Gecko; compatible; ClaudeBot/1.0; +claudebot@anthropic.com)"
216.73.216.172 - - [14/Apr/2026:14:28:48 +0300] "GET /p/some81109175?id=1125433 HTTP/1.0" 500 185 "-" "Mozilla/5.0 AppleWebKit/537.36 (KHTML, like Gecko; compatible; ClaudeBot/1.0; +claudebot@anthropic.com)"
216.73.216.172 - - [14/Apr/2026:14:28:50 +0300] "GET /p/diver20693969?id=710227 HTTP/1.0" 500 185 "-" "Mozilla/5.0 AppleWebKit/537.36 (KHTML, like Gecko; compatible; ClaudeBot/1.0; +claudebot@anthropic.com)"
216.73.216.172 - - [14/Apr/2026:14:28:53 +0300] "GET /p/canva71654798?id=1671056 HTTP/1.0" 500 185 "-" "Mozilla/5.0 AppleWebKit/537.36 (KHTML, like Gecko; compatible; ClaudeBot/1.0; +claudebot@anthropic.com)"
66.249.70.1 - - [14/Apr/2026:14:28:51 +0300] "GET /?shop/g/g919329786/ HTTP/1.0" 200 25254 "-" "Mozilla/5.0 (Linux; Android 6.0.1; Nexus 5X Build/MMB29P) AppleWebKit/537.36 (KHTML, like Gecko) Chrome/146.0.7680.177 Mobile Safari/537.36 (compatible; Googlebot/2.1; +http://www.google.com/bot.html)"
74.7.227.38 - - [14/Apr/2026:14:28:56 +0300] "GET /p/fifty10421032?id=437290 HTTP/1.0" 500 185 "https://region-saitov.ru/sitemapa.xml" "Mozilla/5.0 AppleWebKit/537.36 (KHTML, like Gecko; compatible; GPTBot/1.3; +https://openai.com/gptbot)"
216.73.216.172 - - [14/Apr/2026:14:28:58 +0300] "GET /p/lend12937336?id=2953594 HTTP/1.0" 500 185 "-" "Mozilla/5.0 AppleWebKit/537.36 (KHTML, like Gecko; compatible; ClaudeBot/1.0; +claudebot@anthropic.com)"
66.249.76.232 - - [14/Apr/2026:14:28:56 +0300] "GET /?shop/g/g9193154958/ HTTP/1.0" 200 25186 "-" "Mozilla/5.0 (Linux; Android 6.0.1; Nexus 5X Build/MMB29P) AppleWebKit/537.36 (KHTML, like Gecko) Chrome/146.0.7680.177 Mobile Safari/537.36 (compatible; Googlebot/2.1; +http://www.google.com/bot.html)"
216.73.216.172 - - [14/Apr/2026:14:29:03 +0300] "GET /p/weak52996996?id=3013254 HTTP/1.0" 500 185 "-" "Mozilla/5.0 AppleWebKit/537.36 (KHTML, like Gecko; compatible; ClaudeBot/1.0; +claudebot@anthropic.com)"
66.249.70.1 - - [14/Apr/2026:14:29:01 +0300] "GET /?shop/g/g91982953292/ HTTP/1.0" 200 25967 "-" "Mozilla/5.0 (Linux; Android 6.0.1; Nexus 5X Build/MMB29P) AppleWebKit/537.36 (KHTML, like Gecko) Chrome/146.0.7680.177 Mobile Safari/537.36 (compatible; Googlebot/2.1; +http://www.google.com/bot.html)"
216.73.216.172 - - [14/Apr/2026:14:29:08 +0300] "GET /p/accel22990449?id=3006707 HTTP/1.0" 500 185 "-" "Mozilla/5.0 AppleWebKit/537.36 (KHTML, like Gecko; compatible; ClaudeBot/1.0; +claudebot@anthropic.com)"
216.73.216.172 - - [14/Apr/2026:14:29:08 +0300] "GET /p/stead71449998?id=1466256 HTTP/1.0" 500 185 "-" "Mozilla/5.0 AppleWebKit/537.36 (KHTML, like Gecko; compatible; ClaudeBot/1.0; +claudebot@anthropic.com)"
66.249.70.1 - - [14/Apr/2026:14:29:05 +0300] "GET /?shop/g/g9194500265/ HTTP/1.0" 200 25156 "-" "Mozilla/5.0 (Linux; Android 6.0.1; Nexus 5X Build/MMB29P) AppleWebKit/537.36 (KHTML, like Gecko) Chrome/146.0.7680.177 Mobile Safari/537.36 (compatible; Googlebot/2.1; +http://www.google.com/bot.html)"
216.73.216.172 - - [14/Apr/2026:14:29:12 +0300] "GET /p/overl21042417?id=1058675 HTTP/1.0" 500 185 "-" "Mozilla/5.0 AppleWebKit/537.36 (KHTML, like Gecko; compatible; ClaudeBot/1.0; +claudebot@anthropic.com)"
216.73.216.172 - - [14/Apr/2026:14:29:13 +0300] "GET /p/dry52304772?id=2321030 HTTP/1.0" 500 185 "-" "Mozilla/5.0 AppleWebKit/537.36 (KHTML, like Gecko; compatible; ClaudeBot/1.0; +claudebot@anthropic.com)"
216.73.216.172 - - [14/Apr/2026:14:29:17 +0300] "GET /p/none31784610?id=1800868 HTTP/1.0" 500 185 "-" "Mozilla/5.0 AppleWebKit/537.36 (KHTML, like Gecko; compatible; ClaudeBot/1.0; +claudebot@anthropic.com)"
66.249.70.1 - - [14/Apr/2026:14:29:15 +0300] "GET /?shop/g/g9193374009/ HTTP/1.0" 200 25175 "-" "Mozilla/5.0 (Linux; Android 6.0.1; Nexus 5X Build/MMB29P) AppleWebKit/537.36 (KHTML, like Gecko) Chrome/146.0.7680.177 Mobile Safari/537.36 (compatible; Googlebot/2.1; +http://www.google.com/bot.html)"
216.73.216.172 - - [14/Apr/2026:14:29:22 +0300] "GET /p/mock10187864?id=204122 HTTP/1.0" 500 185 "-" "Mozilla/5.0 AppleWebKit/537.36 (KHTML, like Gecko; compatible; ClaudeBot/1.0; +claudebot@anthropic.com)"
216.73.216.172 - - [14/Apr/2026:14:29:27 +0300] "GET /p/chris10144768?id=161026 HTTP/1.0" 500 185 "-" "Mozilla/5.0 AppleWebKit/537.36 (KHTML, like Gecko; compatible; ClaudeBot/1.0; +claudebot@anthropic.com)"
216.73.216.172 - - [14/Apr/2026:14:29:32 +0300] "GET /p/champ42625347?id=2641605 HTTP/1.0" 500 185 "-" "Mozilla/5.0 AppleWebKit/537.36 (KHTML, like Gecko; compatible; ClaudeBot/1.0; +claudebot@anthropic.com)"
216.73.216.172 - - [14/Apr/2026:14:29:37 +0300] "GET /p/aver42979819?id=2996077 HTTP/1.0" 500 185 "-" "Mozilla/5.0 AppleWebKit/537.36 (KHTML, like Gecko; compatible; ClaudeBot/1.0; +claudebot@anthropic.com)"
66.249.70.1 - - [14/Apr/2026:14:29:36 +0300] "GET /?shop/g/g919357602/ HTTP/1.0" 200 24173 "-" "Mozilla/5.0 (Linux; Android 6.0.1; Nexus 5X Build/MMB29P) AppleWebKit/537.36 (KHTML, like Gecko) Chrome/146.0.7680.177 Mobile Safari/537.36 (compatible; Googlebot/2.1; +http://www.google.com/bot.html)"
216.73.216.172 - - [14/Apr/2026:14:29:42 +0300] "GET /p/perfe20576953?id=593211 HTTP/1.0" 500 185 "-" "Mozilla/5.0 AppleWebKit/537.36 (KHTML, like Gecko; compatible; ClaudeBot/1.0; +claudebot@anthropic.com)"
66.249.70.1 - - [14/Apr/2026:14:29:40 +0300] "GET /?shop/g/g9193314900/ HTTP/1.0" 200 25114 "-" "Mozilla/5.0 (Linux; Android 6.0.1; Nexus 5X Build/MMB29P) AppleWebKit/537.36 (KHTML, like Gecko) Chrome/146.0.7680.177 Mobile Safari/537.36 (compatible; Googlebot/2.1; +http://www.google.com/bot.html)"
216.73.216.172 - - [14/Apr/2026:14:29:47 +0300] "GET /p/erron50487772?id=504030 HTTP/1.0" 500 185 "-" "Mozilla/5.0 AppleWebKit/537.36 (KHTML, like Gecko; compatible; ClaudeBot/1.0; +claudebot@anthropic.com)"
66.249.76.231 - - [14/Apr/2026:14:29:44 +0300] "GET /?shop/g/g91951326867/ HTTP/1.0" 200 25346 "-" "Mozilla/5.0 (Linux; Android 6.0.1; Nexus 5X Build/MMB29P) AppleWebKit/537.36 (KHTML, like Gecko) Chrome/146.0.7680.177 Mobile Safari/537.36 (compatible; Googlebot/2.1; +http://www.google.com/bot.html)"
216.73.216.172 - - [14/Apr/2026:14:29:53 +0300] "GET /p/inval80881975?id=898233 HTTP/1.0" 500 185 "-" "Mozilla/5.0 AppleWebKit/537.36 (KHTML, like Gecko; compatible; ClaudeBot/1.0; +claudebot@anthropic.com)"
216.73.216.172 - - [14/Apr/2026:14:29:58 +0300] "GET /p/blade50218820?id=235078 HTTP/1.0" 500 185 "-" "Mozilla/5.0 AppleWebKit/537.36 (KHTML, like Gecko; compatible; ClaudeBot/1.0; +claudebot@anthropic.com)"
74.7.227.38 - - [14/Apr/2026:14:29:58 +0300] "GET /p/porri40553659?id=569917 HTTP/1.0" 500 185 "https://region-saitov.ru/sitemapa.xml" "Mozilla/5.0 AppleWebKit/537.36 (KHTML, like Gecko; compatible; GPTBot/1.3; +https://openai.com/gptbot)"
66.249.76.231 - - [14/Apr/2026:14:29:54 +0300] "GET /?shop/g/g9193120188/ HTTP/1.0" 200 24752 "-" "Mozilla/5.0 (Linux; Android 6.0.1; Nexus 5X Build/MMB29P) AppleWebKit/537.36 (KHTML, like Gecko) Chrome/146.0.7680.177 Mobile Safari/537.36 (compatible; Googlebot/2.1; +http://www.google.com/bot.html)"
94.77.17.143 - - [14/Apr/2026:14:30:00 +0300] "GET /rs-grey.png HTTP/1.1" 200 2424 "-" "Dalvik/2.1.0 (Linux; U; Android 15; RMX3939 Build/AP3A.240905.015.A2)"
216.73.216.172 - - [14/Apr/2026:14:30:03 +0300] "GET /p/segme51155756?id=1172014 HTTP/1.0" 500 185 "-" "Mozilla/5.0 AppleWebKit/537.36 (KHTML, like Gecko; compatible; ClaudeBot/1.0; +claudebot@anthropic.com)"
216.73.216.172 - - [14/Apr/2026:14:30:08 +0300] "GET /p/final52988740?id=3004998 HTTP/1.0" 500 185 "-" "Mozilla/5.0 AppleWebKit/537.36 (KHTML, like Gecko; compatible; ClaudeBot/1.0; +claudebot@anthropic.com)"
66.249.70.2 - - [14/Apr/2026:14:30:08 +0300] "GET /?shop/g/g9193200159/ HTTP/1.0" 200 24236 "-" "Mozilla/5.0 (Linux; Android 6.0.1; Nexus 5X Build/MMB29P) AppleWebKit/537.36 (KHTML, like Gecko) Chrome/146.0.7680.177 Mobile Safari/537.36 (compatible; Googlebot/2.1; +http://www.google.com/bot.html)"
216.73.216.172 - - [14/Apr/2026:14:30:12 +0300] "GET /p/outlo21803345?id=1819603 HTTP/1.0" 500 185 "-" "Mozilla/5.0 AppleWebKit/537.36 (KHTML, like Gecko; compatible; ClaudeBot/1.0; +claudebot@anthropic.com)"
216.73.216.172 - - [14/Apr/2026:14:30:13 +0300] "GET /p/band82181511?id=2197769 HTTP/1.0" 500 185 "-" "Mozilla/5.0 AppleWebKit/537.36 (KHTML, like Gecko; compatible; ClaudeBot/1.0; +claudebot@anthropic.com)"
89.111.141.101 - - [14/Apr/2026:14:30:10 +0300] "GET / HTTP/1.0" 500 185 "-" "https://reg.ru monitoring abuse@reg.ru"
216.73.216.172 - - [14/Apr/2026:14:30:15 +0300] "GET /p/crow51379260?id=1395518 HTTP/1.0" 500 185 "-" "Mozilla/5.0 AppleWebKit/537.36 (KHTML, like Gecko; compatible; ClaudeBot/1.0; +claudebot@anthropic.com)"
66.249.70.1 - - [14/Apr/2026:14:30:12 +0300] "GET /?shop/g/g9193328808/ HTTP/1.0" 200 24515 "-" "Mozilla/5.0 (Linux; Android 6.0.1; Nexus 5X Build/MMB29P) AppleWebKit/537.36 (KHTML, like Gecko) Chrome/146.0.7680.177 Mobile Safari/537.36 (compatible; Googlebot/2.1; +http://www.google.com/bot.html)"
216.73.216.172 - - [14/Apr/2026:14:30:18 +0300] "GET /p/tempe42261251?id=2277509 HTTP/1.0" 500 185 "-" "Mozilla/5.0 AppleWebKit/537.36 (KHTML, like Gecko; compatible; ClaudeBot/1.0; +claudebot@anthropic.com)"
66.249.76.231 - - [14/Apr/2026:14:30:16 +0300] "GET /?shop/g/g91982995016/ HTTP/1.0" 200 25372 "-" "Mozilla/5.0 (Linux; Android 6.0.1; Nexus 5X Build/MMB29P) AppleWebKit/537.36 (KHTML, like Gecko) Chrome/146.0.7680.177 Mobile Safari/537.36 (compatible; Googlebot/2.1; +http://www.google.com/bot.html)"
216.73.216.172 - - [14/Apr/2026:14:30:20 +0300] "GET /p/bud51054684?id=1070942 HTTP/1.0" 500 185 "-" "Mozilla/5.0 AppleWebKit/537.36 (KHTML, like Gecko; compatible; ClaudeBot/1.0; +claudebot@anthropic.com)"
188.162.201.177 - - [14/Apr/2026:14:30:21 +0300] "GET /rs-blue.png HTTP/1.1" 200 2931 "https://xn--80aaacq1dwaeb.xn--p1ai/" "Mozilla/5.0 (Linux; arm; Android 7.0; SM-T815) AppleWebKit/537.36 (KHTML, like Gecko) Chrome/118.0.5993.609 YaApp_Android/23.114/apad YaSearchBrowser/23.114/apad BroPP/1.0 SA/3 Mobile Safari/537.36"
92.242.60.14 - - [14/Apr/2026:14:30:21 +0300] "GET / HTTP/1.0" 500 185 "-" "https://reg.ru monitoring abuse@reg.ru"
66.249.76.231 - - [14/Apr/2026:14:30:21 +0300] "GET /?shop/g/g9193447026/ HTTP/1.0" 200 24693 "-" "Mozilla/5.0 (Linux; Android 6.0.1; Nexus 5X Build/MMB29P) AppleWebKit/537.36 (KHTML, like Gecko) Chrome/146.0.7680.177 Mobile Safari/537.36 (compatible; Googlebot/2.1; +http://www.google.com/bot.html)"
216.73.216.172 - - [14/Apr/2026:14:30:25 +0300] "GET /p/atmos52606164?id=2622422 HTTP/1.0" 500 185 "-" "Mozilla/5.0 AppleWebKit/537.36 (KHTML, like Gecko; compatible; ClaudeBot/1.0; +claudebot@anthropic.com)"
216.73.216.172 - - [14/Apr/2026:14:30:30 +0300] "GET /p/least52800676?id=2816934 HTTP/1.0" 500 185 "-" "Mozilla/5.0 AppleWebKit/537.36 (KHTML, like Gecko; compatible; ClaudeBot/1.0; +claudebot@anthropic.com)"
216.73.216.172 - - [14/Apr/2026:14:30:30 +0300] "GET /p/day42064875?id=2081133 HTTP/1.0" 500 185 "-" "Mozilla/5.0 AppleWebKit/537.36 (KHTML, like Gecko; compatible; ClaudeBot/1.0; +claudebot@anthropic.com)"
66.249.76.231 - - [14/Apr/2026:14:30:25 +0300] "GET /?shop/g/g919350648/ HTTP/1.0" 200 24225 "-" "Mozilla/5.0 (Linux; Android 6.0.1; Nexus 5X Build/MMB29P) AppleWebKit/537.36 (KHTML, like Gecko) Chrome/146.0.7680.177 Mobile Safari/537.36 (compatible; Googlebot/2.1; +http://www.google.com/bot.html)"
216.73.216.172 - - [14/Apr/2026:14:30:33 +0300] "GET /p/atmos51362164?id=1378422 HTTP/1.0" 500 185 "-" "Mozilla/5.0 AppleWebKit/537.36 (KHTML, like Gecko; compatible; ClaudeBot/1.0; +claudebot@anthropic.com)"
176.59.101.34 - - [14/Apr/2026:14:30:34 +0300] "GET /rs-white.png HTTP/1.1" 200 2176 "https://dks.riat.ru/" "Mozilla/5.0 (Linux; arm_64; Android 13; Infinix X6716) AppleWebKit/537.36 (KHTML, like Gecko) Chrome/144.0.7559.62 YaBrowser/26.3.6.62.00 Mobile Safari/537.36"
66.249.70.1 - - [14/Apr/2026:14:30:31 +0300] "GET /?shop/g/g91961941625/ HTTP/1.0" 200 24819 "-" "Mozilla/5.0 (Linux; Android 6.0.1; Nexus 5X Build/MMB29P) AppleWebKit/537.36 (KHTML, like Gecko) Chrome/146.0.7680.177 Mobile Safari/537.36 (compatible; Googlebot/2.1; +http://www.google.com/bot.html)"
216.73.216.172 - - [14/Apr/2026:14:30:35 +0300] "GET /p/curve41795643?id=1811901 HTTP/1.0" 500 185 "-" "Mozilla/5.0 AppleWebKit/537.36 (KHTML, like Gecko; compatible; ClaudeBot/1.0; +claudebot@anthropic.com)"
216.73.216.172 - - [14/Apr/2026:14:30:38 +0300] "GET /p/bathe60622493?id=638751 HTTP/1.0" 500 185 "-" "Mozilla/5.0 AppleWebKit/537.36 (KHTML, like Gecko; compatible; ClaudeBot/1.0; +claudebot@anthropic.com)"
216.73.216.172 - - [14/Apr/2026:14:30:43 +0300] "GET /p/clari11175648?id=1191906 HTTP/1.0" 500 185 "-" "Mozilla/5.0 AppleWebKit/537.36 (KHTML, like Gecko; compatible; ClaudeBot/1.0; +claudebot@anthropic.com)"
216.73.216.172 - - [14/Apr/2026:14:30:47 +0300] "GET /p/tiger62752981?id=2769239 HTTP/1.0" 500 185 "-" "Mozilla/5.0 AppleWebKit/537.36 (KHTML, like Gecko; compatible; ClaudeBot/1.0; +claudebot@anthropic.com)"
216.73.216.172 - - [14/Apr/2026:14:30:48 +0300] "GET /p/sway11641920?id=1658178 HTTP/1.0" 500 185 "-" "Mozilla/5.0 AppleWebKit/537.36 (KHTML, like Gecko; compatible; ClaudeBot/1.0; +claudebot@anthropic.com)"
66.249.70.1 - - [14/Apr/2026:14:30:46 +0300] "GET /p/essay61369733?id=1385991 HTTP/1.0" 200 24563 "-" "Mozilla/5.0 (Linux; Android 6.0.1; Nexus 5X Build/MMB29P) AppleWebKit/537.36 (KHTML, like Gecko) Chrome/146.0.7680.177 Mobile Safari/537.36 (compatible; GoogleOther)"
