uawdijnntqw1x1x1
IP : 216.73.216.103
Hostname : dsru51-17647.fornex.org
Kernel : Linux dsru51-17647.fornex.org 4.9.0-4-amd64 #1 SMP Debian 4.9.65-3+deb9u1 (2017-12-23) x86_64
Disable Function : pcntl_alarm,pcntl_fork,pcntl_waitpid,pcntl_wait,pcntl_wifexited,pcntl_wifstopped,pcntl_wifsignaled,pcntl_wexitstatus,pcntl_wtermsig,pcntl_wstopsig,pcntl_signal,pcntl_signal_dispatch,pcntl_get_last_error,pcntl_strerror,pcntl_sigprocmask,pcntl_sigwaitinfo,pcntl_sigtimedwait,pcntl_exec,pcntl_getpriority,pcntl_setpriority,
OS : Linux
PATH:
/
var
/
www
/
rustam
/
data
/
php-bin-isp-php74
/
..
/
logs
/
.
/
region-saitov.ru.access.log
/
/
34.123.170.104 - - [14/Apr/2026:06:25:19 +0300] "GET /rs-white.png HTTP/1.1" 301 196 "http://germetik-srub.ru/" "Mozilla/5.0 (X11; Linux x86_64) AppleWebKit/537.36 (KHTML, like Gecko) Chrome/125.0.0.0 Safari/537.36"
34.123.170.104 - - [14/Apr/2026:06:25:20 +0300] "GET /rs-white.png HTTP/1.1" 200 2176 "http://germetik-srub.ru/" "Mozilla/5.0 (X11; Linux x86_64) AppleWebKit/537.36 (KHTML, like Gecko) Chrome/125.0.0.0 Safari/537.36"
74.7.227.38 - - [14/Apr/2026:06:25:36 +0300] "GET /p/harsh82629983?id=2646241 HTTP/1.0" 404 2091 "https://region-saitov.ru/sitemapa.xml" "Mozilla/5.0 AppleWebKit/537.36 (KHTML, like Gecko; compatible; GPTBot/1.3; +https://openai.com/gptbot)"
89.111.170.8 - - [14/Apr/2026:06:25:46 +0300] "GET / HTTP/1.0" 200 273999 "-" "https://reg.ru monitoring abuse@reg.ru"
66.249.76.231 - - [14/Apr/2026:06:25:52 +0300] "GET /p/cooke82273103?id=2289361 HTTP/1.0" 200 25735 "-" "Mozilla/5.0 (Linux; Android 6.0.1; Nexus 5X Build/MMB29P) AppleWebKit/537.36 (KHTML, like Gecko) Chrome/146.0.7680.177 Mobile Safari/537.36 (compatible; Googlebot/2.1; +http://www.google.com/bot.html)"
34.116.223.192 - - [14/Apr/2026:06:26:16 +0300] "GET /rs-white.png HTTP/1.1" 301 196 "http://germetik-srub.ru/" "Mozilla/5.0 (iPhone13,2; U; CPU iPhone OS 14_0 like Mac OS X) AppleWebKit/602.1.50 (KHTML, like Gecko) Version/10.0 Mobile/15E148 Safari/602.1"
74.7.227.38 - - [14/Apr/2026:06:26:18 +0300] "GET /p/europ41032131?id=1048389 HTTP/1.0" 404 2091 "https://region-saitov.ru/sitemape.xml" "Mozilla/5.0 AppleWebKit/537.36 (KHTML, like Gecko; compatible; GPTBot/1.3; +https://openai.com/gptbot)"
34.116.223.192 - - [14/Apr/2026:06:26:24 +0300] "GET /rs-white.png HTTP/1.1" 200 2176 "http://germetik-srub.ru/" "Mozilla/5.0 (iPhone13,2; U; CPU iPhone OS 14_0 like Mac OS X) AppleWebKit/602.1.50 (KHTML, like Gecko) Version/10.0 Mobile/15E148 Safari/602.1"
74.7.227.38 - - [14/Apr/2026:06:26:59 +0300] "GET /p/regar62676373?id=2692631 HTTP/1.0" 404 2188 "https://region-saitov.ru/sitemape.xml" "Mozilla/5.0 AppleWebKit/537.36 (KHTML, like Gecko; compatible; GPTBot/1.3; +https://openai.com/gptbot)"
65.19.141.115 - - [14/Apr/2026:06:27:07 +0300] "GET /rs-grey.png HTTP/1.1" 200 2424 "https://soul-village.ru/" "Mozilla/5.0 (X11; Linux x86_64) AppleWebKit/537.36 (KHTML, like Gecko) Chrome/145.0.0.0 Safari/537.36"
74.7.227.38 - - [14/Apr/2026:06:27:42 +0300] "GET /p/windy31996242?id=2012500 HTTP/1.0" 404 2091 "https://region-saitov.ru/sitemapa.xml" "Mozilla/5.0 AppleWebKit/537.36 (KHTML, like Gecko; compatible; GPTBot/1.3; +https://openai.com/gptbot)"
34.116.223.192 - - [14/Apr/2026:06:27:57 +0300] "GET /rs-white.png HTTP/1.1" 301 196 "http://germetik-srub.ru/" "Mozilla/5.0 (iPhone13,2; U; CPU iPhone OS 14_0 like Mac OS X) AppleWebKit/602.1.50 (KHTML, like Gecko) Version/10.0 Mobile/15E148 Safari/602.1"
34.116.223.192 - - [14/Apr/2026:06:28:01 +0300] "GET /rs-white.png HTTP/1.1" 200 2176 "http://germetik-srub.ru/" "Mozilla/5.0 (iPhone13,2; U; CPU iPhone OS 14_0 like Mac OS X) AppleWebKit/602.1.50 (KHTML, like Gecko) Version/10.0 Mobile/15E148 Safari/602.1"
74.7.227.38 - - [14/Apr/2026:06:28:23 +0300] "GET /p/child51965332?id=1981590 HTTP/1.0" 404 2091 "https://region-saitov.ru/sitemapa.xml" "Mozilla/5.0 AppleWebKit/537.36 (KHTML, like Gecko; compatible; GPTBot/1.3; +https://openai.com/gptbot)"
5.188.118.200 - - [14/Apr/2026:06:28:34 +0300] "GET /prodvizhenie-sajtov/ HTTP/1.0" 200 284820 "https://region-saitov.ru/prodvizhenie-sajtov/" "Mozilla/5.0 (Windows NT 10.0; Win64; x64) AppleWebKit/537.36 (KHTML, like Gecko) Chrome/103.0.5042.0 Safari/537.36"
92.242.60.14 - - [14/Apr/2026:06:28:35 +0300] "GET / HTTP/1.0" 200 273999 "-" "https://reg.ru monitoring abuse@reg.ru"
5.188.118.200 - - [14/Apr/2026:06:28:37 +0300] "GET /kontakty HTTP/1.0" 200 155388 "https://region-saitov.ru/kontakty" "Mozilla/5.0 (Windows NT 10.0; Win64; x64) AppleWebKit/537.36 (KHTML, like Gecko) Chrome/103.0.5042.0 Safari/537.36"
74.7.227.38 - - [14/Apr/2026:06:29:06 +0300] "GET /p/barbe81893479?id=1909737 HTTP/1.0" 404 2091 "https://region-saitov.ru/sitemape.xml" "Mozilla/5.0 AppleWebKit/537.36 (KHTML, like Gecko; compatible; GPTBot/1.3; +https://openai.com/gptbot)"
91.184.244.208 - - [14/Apr/2026:06:29:10 +0300] "GET /rs-blue.png HTTP/1.1" 200 2931 "-" "Mozilla/5.0 (Linux; Android 8.1.0; vivo X9s Build/OPM1.171019.019; wv) AppleWebKit/537.36 (KHTML, like Gecko) Version/4.0 Chrome/76.0.3809.89 Mobile Safari/537.36 T7/11.20 SP-engine/2.16.0 baiduboxapp/11.20.0.14 (Baidu; P1 8.1.0)"
89.111.141.101 - - [14/Apr/2026:06:29:11 +0300] "GET / HTTP/1.0" 200 273999 "-" "https://reg.ru monitoring abuse@reg.ru"
178.206.95.199 - - [14/Apr/2026:06:29:46 +0300] "GET /rs-blue.png HTTP/1.1" 200 2931 "https://mc-tabib.ru/" "Mozilla/5.0 (Linux; arm_64; Android 16; 24040RN64Y) AppleWebKit/537.36 (KHTML, like Gecko) Chrome/144.0.7559.62 YaBrowser/26.3.6.62.00 Mobile Safari/537.36"
74.7.227.38 - - [14/Apr/2026:06:29:46 +0300] "GET /p/oppon32194354?id=2210612 HTTP/1.0" 404 2091 "https://region-saitov.ru/sitemape.xml" "Mozilla/5.0 AppleWebKit/537.36 (KHTML, like Gecko; compatible; GPTBot/1.3; +https://openai.com/gptbot)"
74.7.227.38 - - [14/Apr/2026:06:30:28 +0300] "GET /p/discu51124564?id=1140822 HTTP/1.0" 404 2091 "https://region-saitov.ru/sitemapa.xml" "Mozilla/5.0 AppleWebKit/537.36 (KHTML, like Gecko; compatible; GPTBot/1.3; +https://openai.com/gptbot)"
66.249.76.231 - - [14/Apr/2026:06:30:37 +0300] "GET /p/swall61769933?id=1786191 HTTP/1.0" 200 27373 "-" "Mozilla/5.0 (Linux; Android 6.0.1; Nexus 5X Build/MMB29P) AppleWebKit/537.36 (KHTML, like Gecko) Chrome/146.0.7680.177 Mobile Safari/537.36 (compatible; GoogleOther)"
34.122.147.229 - - [14/Apr/2026:06:30:43 +0300] "GET /rs-white.png HTTP/1.1" 200 2176 "https://tedostroy.ru/" "Mozilla/5.0 (X11; Linux x86_64) AppleWebKit/537.36 (KHTML, like Gecko) Chrome/125.0.0.0 Safari/537.36"
89.111.170.8 - - [14/Apr/2026:06:30:57 +0300] "GET / HTTP/1.0" 200 273999 "-" "https://reg.ru monitoring abuse@reg.ru"
74.7.227.38 - - [14/Apr/2026:06:31:10 +0300] "GET /p/quarr11355336?id=1371594 HTTP/1.0" 404 2091 "https://region-saitov.ru/sitemapa.xml" "Mozilla/5.0 AppleWebKit/537.36 (KHTML, like Gecko; compatible; GPTBot/1.3; +https://openai.com/gptbot)"
5.255.231.69 - - [14/Apr/2026:06:31:11 +0300] "GET /robots.txt HTTP/1.0" 200 587 "-" "Mozilla/5.0 (compatible; YandexBot/3.0; +http://yandex.com/bots)"
213.180.203.196 - - [14/Apr/2026:06:31:12 +0300] "GET /zhukovskij HTTP/1.0" 404 2188 "-" "Mozilla/5.0 (compatible; YandexBot/3.0; +http://yandex.com/bots) AppleWebKit/537.36 (KHTML, like Gecko) Chrome/108.0.0.0"
66.249.70.3 - - [14/Apr/2026:06:31:22 +0300] "GET /p/garde62800773?id=2817031 HTTP/1.0" 200 29368 "-" "Mozilla/5.0 (Linux; Android 6.0.1; Nexus 5X Build/MMB29P) AppleWebKit/537.36 (KHTML, like Gecko) Chrome/146.0.7680.177 Mobile Safari/537.36 (compatible; GoogleOther)"
34.72.176.129 - - [14/Apr/2026:06:31:31 +0300] "GET /rs-white.png HTTP/1.1" 200 2176 "https://tedostroy.ru/" "Mozilla/5.0 (X11; Linux x86_64) AppleWebKit/537.36 (KHTML, like Gecko) Chrome/125.0.0.0 Safari/537.36"
74.7.227.38 - - [14/Apr/2026:06:31:50 +0300] "GET /p/sprin61133013?id=1149271 HTTP/1.0" 404 2091 "https://region-saitov.ru/sitemapa.xml" "Mozilla/5.0 AppleWebKit/537.36 (KHTML, like Gecko; compatible; GPTBot/1.3; +https://openai.com/gptbot)"
66.249.76.232 - - [14/Apr/2026:06:32:18 +0300] "GET /p/denta10739696?id=755954 HTTP/1.0" 200 25850 "-" "Mozilla/5.0 (Linux; Android 6.0.1; Nexus 5X Build/MMB29P) AppleWebKit/537.36 (KHTML, like Gecko) Chrome/146.0.7680.177 Mobile Safari/537.36 (compatible; Googlebot/2.1; +http://www.google.com/bot.html)"
34.116.160.26 - - [14/Apr/2026:06:32:22 +0300] "GET /rs-white.png HTTP/1.1" 200 2176 "https://tedostroy.ru/" "Mozilla/5.0 (iPhone13,2; U; CPU iPhone OS 14_0 like Mac OS X) AppleWebKit/602.1.50 (KHTML, like Gecko) Version/10.0 Mobile/15E148 Safari/602.1"
74.7.227.38 - - [14/Apr/2026:06:32:30 +0300] "GET /p/activ71060374?id=1076632 HTTP/1.0" 404 2188 "https://region-saitov.ru/sitemape.xml" "Mozilla/5.0 AppleWebKit/537.36 (KHTML, like Gecko; compatible; GPTBot/1.3; +https://openai.com/gptbot)"
66.249.70.1 - - [14/Apr/2026:06:32:41 +0300] "GET /p/minis52294532?id=2310790 HTTP/1.0" 200 25861 "-" "Mozilla/5.0 (Linux; Android 6.0.1; Nexus 5X Build/MMB29P) AppleWebKit/537.36 (KHTML, like Gecko) Chrome/146.0.7680.177 Mobile Safari/537.36 (compatible; Googlebot/2.1; +http://www.google.com/bot.html)"
178.206.158.119 - - [14/Apr/2026:06:33:09 +0300] "GET /rs-blue.png HTTP/1.1" 200 2931 "https://xn--80aaacq1dwaeb.xn--p1ai/" "Mozilla/5.0 (Linux; arm_64; Android 12; GFY-LX1) AppleWebKit/537.36 (KHTML, like Gecko) Chrome/144.0.7559.730 YaSearchBrowser/26.35.1 BroPP/1.0 YaSearchApp/26.35.1 webOmni Mobile Safari/537.36"
66.249.70.2 - - [14/Apr/2026:06:33:06 +0300] "GET /p/fulfi22018817?id=2035075 HTTP/1.0" 200 26365 "-" "Mozilla/5.0 (Linux; Android 6.0.1; Nexus 5X Build/MMB29P) AppleWebKit/537.36 (KHTML, like Gecko) Chrome/146.0.7680.177 Mobile Safari/537.36 (compatible; GoogleOther)"
74.7.227.38 - - [14/Apr/2026:06:33:11 +0300] "GET /p/bubbl72202886?id=2219144 HTTP/1.0" 404 2091 "https://region-saitov.ru/sitemape.xml" "Mozilla/5.0 AppleWebKit/537.36 (KHTML, like Gecko; compatible; GPTBot/1.3; +https://openai.com/gptbot)"
92.242.60.14 - - [14/Apr/2026:06:33:45 +0300] "GET / HTTP/1.0" 200 273999 "-" "https://reg.ru monitoring abuse@reg.ru"
74.7.227.38 - - [14/Apr/2026:06:33:53 +0300] "GET /p/spade12615624?id=2631882 HTTP/1.0" 404 2091 "https://region-saitov.ru/sitemape.xml" "Mozilla/5.0 AppleWebKit/537.36 (KHTML, like Gecko; compatible; GPTBot/1.3; +https://openai.com/gptbot)"
66.249.76.231 - - [14/Apr/2026:06:33:53 +0300] "GET /p/detai50305940?id=322198 HTTP/1.0" 200 25819 "-" "Mozilla/5.0 (Linux; Android 6.0.1; Nexus 5X Build/MMB29P) AppleWebKit/537.36 (KHTML, like Gecko) Chrome/146.0.7680.177 Mobile Safari/537.36 (compatible; GoogleOther)"
66.249.89.34 - - [14/Apr/2026:06:34:12 +0300] "GET /rs-blue.png HTTP/1.1" 200 2931 "https://xn--d1aifpbankex.xn--p1ai/" "Mozilla/5.0 (X11; Linux x86_64) AppleWebKit/537.36 (KHTML, like Gecko) Chrome/146.0.7680.164 Safari/537.36"
89.111.141.101 - - [14/Apr/2026:06:34:21 +0300] "GET / HTTP/1.0" 200 273999 "-" "https://reg.ru monitoring abuse@reg.ru"
74.7.227.38 - - [14/Apr/2026:06:34:34 +0300] "GET /p/reduc82638423?id=2654681 HTTP/1.0" 404 2091 "https://region-saitov.ru/sitemapa.xml" "Mozilla/5.0 AppleWebKit/537.36 (KHTML, like Gecko; compatible; GPTBot/1.3; +https://openai.com/gptbot)"
74.7.227.38 - - [14/Apr/2026:06:35:15 +0300] "GET /p/circu42314115?id=2330373 HTTP/1.0" 404 2091 "https://region-saitov.ru/sitemape.xml" "Mozilla/5.0 AppleWebKit/537.36 (KHTML, like Gecko; compatible; GPTBot/1.3; +https://openai.com/gptbot)"
66.249.76.232 - - [14/Apr/2026:06:35:50 +0300] "GET /p/potat30593098?id=609356 HTTP/1.0" 200 25541 "-" "Mozilla/5.0 (Linux; Android 6.0.1; Nexus 5X Build/MMB29P) AppleWebKit/537.36 (KHTML, like Gecko) Chrome/146.0.7680.177 Mobile Safari/537.36 (compatible; GoogleOther)"
89.111.170.8 - - [14/Apr/2026:06:35:55 +0300] "GET / HTTP/1.0" 200 273999 "-" "https://reg.ru monitoring abuse@reg.ru"
74.7.227.38 - - [14/Apr/2026:06:35:58 +0300] "GET /p/switc42278291?id=2294549 HTTP/1.0" 404 2091 "https://region-saitov.ru/sitemapa.xml" "Mozilla/5.0 AppleWebKit/537.36 (KHTML, like Gecko; compatible; GPTBot/1.3; +https://openai.com/gptbot)"
66.249.70.3 - - [14/Apr/2026:06:36:08 +0300] "GET /p/click60955653?id=971911 HTTP/1.0" 200 26748 "-" "Mozilla/5.0 (Linux; Android 6.0.1; Nexus 5X Build/MMB29P) AppleWebKit/537.36 (KHTML, like Gecko) Chrome/146.0.7680.177 Mobile Safari/537.36 (compatible; Googlebot/2.1; +http://www.google.com/bot.html)"
66.249.76.232 - - [14/Apr/2026:06:36:36 +0300] "GET /p/lurk62887853?id=2904111 HTTP/1.0" 200 26531 "-" "Mozilla/5.0 (Linux; Android 6.0.1; Nexus 5X Build/MMB29P) AppleWebKit/537.36 (KHTML, like Gecko) Chrome/146.0.7680.177 Mobile Safari/537.36 (compatible; GoogleOther)"
74.7.227.38 - - [14/Apr/2026:06:36:42 +0300] "GET /p/ameri12404016?id=2420274 HTTP/1.0" 404 2091 "https://region-saitov.ru/sitemape.xml" "Mozilla/5.0 AppleWebKit/537.36 (KHTML, like Gecko; compatible; GPTBot/1.3; +https://openai.com/gptbot)"
83.149.21.225 - - [14/Apr/2026:06:37:06 +0300] "GET /rs-blue.png HTTP/1.1" 200 2931 "https://kardogroup.ru/" "Mozilla/5.0 (iPhone; CPU iPhone OS 18_7 like Mac OS X) AppleWebKit/605.1.15 (KHTML, like Gecko) Version/26.3 Mobile/15E148 Safari/604.1"
74.7.227.38 - - [14/Apr/2026:06:37:22 +0300] "GET /p/minis52190532?id=2206790 HTTP/1.0" 404 2091 "https://region-saitov.ru/sitemape.xml" "Mozilla/5.0 AppleWebKit/537.36 (KHTML, like Gecko; compatible; GPTBot/1.3; +https://openai.com/gptbot)"
94.154.35.236 - - [14/Apr/2026:06:37:54 +0300] "HEAD /blog.gz HTTP/1.1" 301 0 "-" "Mozilla/5.0 (Windows NT 10.0; Win64; x64) AppleWebKit/537.36 (KHTML, like Gecko) Chrome/101.0.4951.67 Safari/537.36"
94.154.35.236 - - [14/Apr/2026:06:37:55 +0300] "HEAD /blog.gz HTTP/1.0" 404 554 "-" "Mozilla/5.0 (Windows NT 10.0; Win64; x64) AppleWebKit/537.36 (KHTML, like Gecko) Chrome/101.0.4951.67 Safari/537.36"
85.140.1.153 - - [14/Apr/2026:06:38:03 +0300] "GET /rs-blue.png HTTP/1.1" 200 2931 "https://xn--80aaacq1dwaeb.xn--p1ai/" "Mozilla/5.0 (Linux; arm_64; Android 14; RMX3930) AppleWebKit/537.36 (KHTML, like Gecko) Chrome/144.0.7559.706 YaSearchBrowser/26.35.1 BroPP/1.0 YaSearchApp/26.35.1 webOmni Mobile Safari/537.36"
74.7.227.38 - - [14/Apr/2026:06:38:03 +0300] "GET /p/abroa22485257?id=2501515 HTTP/1.0" 404 2188 "https://region-saitov.ru/sitemapa.xml" "Mozilla/5.0 AppleWebKit/537.36 (KHTML, like Gecko; compatible; GPTBot/1.3; +https://openai.com/gptbot)"
83.149.21.225 - - [14/Apr/2026:06:38:04 +0300] "GET /rs-blue.png HTTP/1.1" 200 2931 "https://kardogroup.ru/" "Mozilla/5.0 (iPhone; CPU iPhone OS 18_7 like Mac OS X) AppleWebKit/605.1.15 (KHTML, like Gecko) Version/26.3 Mobile/15E148 Safari/604.1"
66.249.76.233 - - [14/Apr/2026:06:38:28 +0300] "GET /p/septe72929062?id=2945320 HTTP/1.0" 200 26166 "-" "Mozilla/5.0 (Linux; Android 6.0.1; Nexus 5X Build/MMB29P) AppleWebKit/537.36 (KHTML, like Gecko) Chrome/146.0.7680.177 Mobile Safari/537.36 (compatible; Googlebot/2.1; +http://www.google.com/bot.html)"
74.7.227.38 - - [14/Apr/2026:06:38:47 +0300] "GET /p/sketc61567573?id=1583831 HTTP/1.0" 404 2091 "https://region-saitov.ru/sitemape.xml" "Mozilla/5.0 AppleWebKit/537.36 (KHTML, like Gecko; compatible; GPTBot/1.3; +https://openai.com/gptbot)"
92.242.60.14 - - [14/Apr/2026:06:38:52 +0300] "GET / HTTP/1.0" 200 273999 "-" "https://reg.ru monitoring abuse@reg.ru"
89.111.141.101 - - [14/Apr/2026:06:39:22 +0300] "GET / HTTP/1.0" 200 273999 "-" "https://reg.ru monitoring abuse@reg.ru"
74.7.227.38 - - [14/Apr/2026:06:39:28 +0300] "GET /p/achie61305101?id=1321359 HTTP/1.0" 404 2091 "https://region-saitov.ru/sitemape.xml" "Mozilla/5.0 AppleWebKit/537.36 (KHTML, like Gecko; compatible; GPTBot/1.3; +https://openai.com/gptbot)"
34.72.176.129 - - [14/Apr/2026:06:39:57 +0300] "GET /rs-white.png HTTP/1.1" 200 2176 "https://yalev-studio.ru/" "Mozilla/5.0 (X11; Linux x86_64) AppleWebKit/537.36 (KHTML, like Gecko) Chrome/125.0.0.0 Safari/537.36"
74.7.227.38 - - [14/Apr/2026:06:40:09 +0300] "GET /p/ficti21521425?id=1537683 HTTP/1.0" 404 2091 "https://region-saitov.ru/sitemapa.xml" "Mozilla/5.0 AppleWebKit/537.36 (KHTML, like Gecko; compatible; GPTBot/1.3; +https://openai.com/gptbot)"
66.249.70.1 - - [14/Apr/2026:06:40:33 +0300] "GET /p/real10288848?id=305106 HTTP/1.0" 200 25669 "-" "Mozilla/5.0 (Linux; Android 6.0.1; Nexus 5X Build/MMB29P) AppleWebKit/537.36 (KHTML, like Gecko) Chrome/146.0.7680.177 Mobile Safari/537.36 (compatible; Googlebot/2.1; +http://www.google.com/bot.html)"
74.7.227.38 - - [14/Apr/2026:06:40:50 +0300] "GET /p/bosom61551421?id=1567679 HTTP/1.0" 404 2091 "https://region-saitov.ru/sitemapa.xml" "Mozilla/5.0 AppleWebKit/537.36 (KHTML, like Gecko; compatible; GPTBot/1.3; +https://openai.com/gptbot)"
74.7.241.181 - - [14/Apr/2026:06:40:51 +0300] "GET /robots.txt HTTP/1.0" 200 420 "-" "Mozilla/5.0 (Macintosh; Intel Mac OS X 10_15_7) AppleWebKit/537.36 (KHTML, like Gecko) Chrome/131.0.0.0 Safari/537.36; compatible; OAI-SearchBot/1.3; robots.txt; +https://openai.com/searchbot"
34.72.176.129 - - [14/Apr/2026:06:40:59 +0300] "GET /rs-white.png HTTP/1.1" 200 2176 "https://yalev-studio.ru/" "Mozilla/5.0 (X11; Linux x86_64) AppleWebKit/537.36 (KHTML, like Gecko) Chrome/125.0.0.0 Safari/537.36"
89.111.170.8 - - [14/Apr/2026:06:41:01 +0300] "GET / HTTP/1.0" 200 273999 "-" "https://reg.ru monitoring abuse@reg.ru"
74.7.227.38 - - [14/Apr/2026:06:41:29 +0300] "GET /p/dicti81564503?id=1580761 HTTP/1.0" 404 2091 "https://region-saitov.ru/sitemapa.xml" "Mozilla/5.0 AppleWebKit/537.36 (KHTML, like Gecko; compatible; GPTBot/1.3; +https://openai.com/gptbot)"
34.116.183.126 - - [14/Apr/2026:06:41:39 +0300] "GET /rs-white.png HTTP/1.1" 200 2176 "https://yalev-studio.ru/" "Mozilla/5.0 (iPhone13,2; U; CPU iPhone OS 14_0 like Mac OS X) AppleWebKit/602.1.50 (KHTML, like Gecko) Version/10.0 Mobile/15E148 Safari/602.1"
51.68.236.64 - - [14/Apr/2026:06:42:06 +0300] "GET /robots.txt HTTP/1.0" 200 420 "-" "Mozilla/5.0 (compatible; MJ12bot/v2.0.5; http://mj12bot.com/)"
74.7.227.38 - - [14/Apr/2026:06:42:10 +0300] "GET /p/haste32322970?id=2339228 HTTP/1.0" 404 2091 "https://region-saitov.ru/sitemape.xml" "Mozilla/5.0 AppleWebKit/537.36 (KHTML, like Gecko; compatible; GPTBot/1.3; +https://openai.com/gptbot)"
51.68.236.64 - - [14/Apr/2026:06:42:06 +0300] "GET / HTTP/1.0" 200 24119 "-" "Mozilla/5.0 (compatible; MJ12bot/v2.0.5; http://mj12bot.com/)"
74.7.227.38 - - [14/Apr/2026:06:42:50 +0300] "GET /p/prepa72752166?id=2768424 HTTP/1.0" 404 2091 "https://region-saitov.ru/sitemape.xml" "Mozilla/5.0 AppleWebKit/537.36 (KHTML, like Gecko; compatible; GPTBot/1.3; +https://openai.com/gptbot)"
74.7.227.38 - - [14/Apr/2026:06:43:33 +0300] "GET /p/verif32006706?id=2022964 HTTP/1.0" 404 2188 "https://region-saitov.ru/sitemapa.xml" "Mozilla/5.0 AppleWebKit/537.36 (KHTML, like Gecko; compatible; GPTBot/1.3; +https://openai.com/gptbot)"
92.242.60.14 - - [14/Apr/2026:06:43:56 +0300] "GET / HTTP/1.0" 200 273999 "-" "https://reg.ru monitoring abuse@reg.ru"
66.249.70.3 - - [14/Apr/2026:06:43:58 +0300] "GET /p/great62080229?id=2096487 HTTP/1.0" 200 26408 "-" "Mozilla/5.0 (Linux; Android 6.0.1; Nexus 5X Build/MMB29P) AppleWebKit/537.36 (KHTML, like Gecko) Chrome/146.0.7680.177 Mobile Safari/537.36 (compatible; Googlebot/2.1; +http://www.google.com/bot.html)"
74.7.227.38 - - [14/Apr/2026:06:44:14 +0300] "GET /p/appet52998132?id=3014390 HTTP/1.0" 404 2091 "https://region-saitov.ru/sitemape.xml" "Mozilla/5.0 AppleWebKit/537.36 (KHTML, like Gecko; compatible; GPTBot/1.3; +https://openai.com/gptbot)"
89.111.141.101 - - [14/Apr/2026:06:44:33 +0300] "GET / HTTP/1.0" 200 273999 "-" "https://reg.ru monitoring abuse@reg.ru"
74.7.227.38 - - [14/Apr/2026:06:44:55 +0300] "GET /p/predi71381606?id=1397864 HTTP/1.0" 404 2091 "https://region-saitov.ru/sitemapa.xml" "Mozilla/5.0 AppleWebKit/537.36 (KHTML, like Gecko; compatible; GPTBot/1.3; +https://openai.com/gptbot)"
20.219.138.200 - - [14/Apr/2026:06:45:17 +0300] "GET /100.php HTTP/1.0" 404 2188 "-" "Mozilla/5.0 (Windows NT 10.0; Win64; x64) AppleWebKit/537.36 (KHTML, like Gecko) Chrome/120.0.0.0 Safari/537.36"
20.219.138.200 - - [14/Apr/2026:06:45:18 +0300] "GET /elp.php HTTP/1.0" 404 2188 "-" "Mozilla/5.0 (Windows NT 10.0; Win64; x64) AppleWebKit/537.36 (KHTML, like Gecko) Chrome/120.0.0.0 Safari/537.36"
20.219.138.200 - - [14/Apr/2026:06:45:19 +0300] "GET /ftde.php HTTP/1.0" 404 2188 "-" "Mozilla/5.0 (Windows NT 10.0; Win64; x64) AppleWebKit/537.36 (KHTML, like Gecko) Chrome/120.0.0.0 Safari/537.36"
20.219.138.200 - - [14/Apr/2026:06:45:20 +0300] "GET /test1.php HTTP/1.0" 404 2188 "-" "Mozilla/5.0 (Windows NT 10.0; Win64; x64) AppleWebKit/537.36 (KHTML, like Gecko) Chrome/120.0.0.0 Safari/537.36"
20.219.138.200 - - [14/Apr/2026:06:45:20 +0300] "GET /wp-temp.php HTTP/1.0" 404 2188 "-" "Mozilla/5.0 (Windows NT 10.0; Win64; x64) AppleWebKit/537.36 (KHTML, like Gecko) Chrome/120.0.0.0 Safari/537.36"
20.219.138.200 - - [14/Apr/2026:06:45:21 +0300] "GET /admin/function.php HTTP/1.0" 404 2188 "-" "Mozilla/5.0 (Windows NT 10.0; Win64; x64) AppleWebKit/537.36 (KHTML, like Gecko) Chrome/120.0.0.0 Safari/537.36"
20.219.138.200 - - [14/Apr/2026:06:45:21 +0300] "GET /atomlib.php HTTP/1.0" 404 2188 "-" "Mozilla/5.0 (Windows NT 10.0; Win64; x64) AppleWebKit/537.36 (KHTML, like Gecko) Chrome/120.0.0.0 Safari/537.36"
20.219.138.200 - - [14/Apr/2026:06:45:22 +0300] "GET /fm.php HTTP/1.0" 404 2188 "-" "Mozilla/5.0 (Windows NT 10.0; Win64; x64) AppleWebKit/537.36 (KHTML, like Gecko) Chrome/120.0.0.0 Safari/537.36"
20.219.138.200 - - [14/Apr/2026:06:45:23 +0300] "GET /themes.php HTTP/1.0" 404 2188 "-" "Mozilla/5.0 (Windows NT 10.0; Win64; x64) AppleWebKit/537.36 (KHTML, like Gecko) Chrome/120.0.0.0 Safari/537.36"
20.219.138.200 - - [14/Apr/2026:06:45:23 +0300] "GET /wp-blog.php HTTP/1.0" 404 2188 "-" "Mozilla/5.0 (Windows NT 10.0; Win64; x64) AppleWebKit/537.36 (KHTML, like Gecko) Chrome/120.0.0.0 Safari/537.36"
20.219.138.200 - - [14/Apr/2026:06:45:24 +0300] "GET /wp-the.php HTTP/1.0" 404 2188 "-" "Mozilla/5.0 (Windows NT 10.0; Win64; x64) AppleWebKit/537.36 (KHTML, like Gecko) Chrome/120.0.0.0 Safari/537.36"
20.219.138.200 - - [14/Apr/2026:06:45:25 +0300] "GET /CDX2.php HTTP/1.0" 404 2188 "-" "Mozilla/5.0 (Windows NT 10.0; Win64; x64) AppleWebKit/537.36 (KHTML, like Gecko) Chrome/120.0.0.0 Safari/537.36"
20.219.138.200 - - [14/Apr/2026:06:45:25 +0300] "GET /profile.php HTTP/1.0" 404 2188 "-" "Mozilla/5.0 (Windows NT 10.0; Win64; x64) AppleWebKit/537.36 (KHTML, like Gecko) Chrome/120.0.0.0 Safari/537.36"
20.219.138.200 - - [14/Apr/2026:06:45:26 +0300] "GET /wp-content/themes/admin.php HTTP/1.0" 404 2188 "-" "Mozilla/5.0 (Windows NT 10.0; Win64; x64) AppleWebKit/537.36 (KHTML, like Gecko) Chrome/120.0.0.0 Safari/537.36"
20.219.138.200 - - [14/Apr/2026:06:45:26 +0300] "GET /ws80.php HTTP/1.0" 404 2188 "-" "Mozilla/5.0 (Windows NT 10.0; Win64; x64) AppleWebKit/537.36 (KHTML, like Gecko) Chrome/120.0.0.0 Safari/537.36"
20.219.138.200 - - [14/Apr/2026:06:45:27 +0300] "GET /403.php HTTP/1.0" 404 2188 "-" "Mozilla/5.0 (Windows NT 10.0; Win64; x64) AppleWebKit/537.36 (KHTML, like Gecko) Chrome/120.0.0.0 Safari/537.36"
20.219.138.200 - - [14/Apr/2026:06:45:27 +0300] "GET /a4.php HTTP/1.0" 404 2188 "-" "Mozilla/5.0 (Windows NT 10.0; Win64; x64) AppleWebKit/537.36 (KHTML, like Gecko) Chrome/120.0.0.0 Safari/537.36"
20.219.138.200 - - [14/Apr/2026:06:45:27 +0300] "GET /app.php HTTP/1.0" 404 2188 "-" "Mozilla/5.0 (Windows NT 10.0; Win64; x64) AppleWebKit/537.36 (KHTML, like Gecko) Chrome/120.0.0.0 Safari/537.36"
20.219.138.200 - - [14/Apr/2026:06:45:28 +0300] "GET /buy.php HTTP/1.0" 404 2188 "-" "Mozilla/5.0 (Windows NT 10.0; Win64; x64) AppleWebKit/537.36 (KHTML, like Gecko) Chrome/120.0.0.0 Safari/537.36"
20.219.138.200 - - [14/Apr/2026:06:45:28 +0300] "GET /core.php HTTP/1.0" 404 2188 "-" "Mozilla/5.0 (Windows NT 10.0; Win64; x64) AppleWebKit/537.36 (KHTML, like Gecko) Chrome/120.0.0.0 Safari/537.36"
20.219.138.200 - - [14/Apr/2026:06:45:29 +0300] "GET /lock360.php HTTP/1.0" 404 2188 "-" "Mozilla/5.0 (Windows NT 10.0; Win64; x64) AppleWebKit/537.36 (KHTML, like Gecko) Chrome/120.0.0.0 Safari/537.36"
20.219.138.200 - - [14/Apr/2026:06:45:29 +0300] "GET /wp-block.php HTTP/1.0" 404 2188 "-" "Mozilla/5.0 (Windows NT 10.0; Win64; x64) AppleWebKit/537.36 (KHTML, like Gecko) Chrome/120.0.0.0 Safari/537.36"
20.219.138.200 - - [14/Apr/2026:06:45:30 +0300] "GET /wp-content/admin.php HTTP/1.0" 404 2188 "-" "Mozilla/5.0 (Windows NT 10.0; Win64; x64) AppleWebKit/537.36 (KHTML, like Gecko) Chrome/120.0.0.0 Safari/537.36"
20.219.138.200 - - [14/Apr/2026:06:45:30 +0300] "GET /wp-includes/assets/index.php HTTP/1.0" 404 2188 "-" "Mozilla/5.0 (Windows NT 10.0; Win64; x64) AppleWebKit/537.36 (KHTML, like Gecko) Chrome/120.0.0.0 Safari/537.36"
20.219.138.200 - - [14/Apr/2026:06:45:30 +0300] "GET /wp-includes/images/wp-login.php HTTP/1.0" 404 2188 "-" "Mozilla/5.0 (Windows NT 10.0; Win64; x64) AppleWebKit/537.36 (KHTML, like Gecko) Chrome/120.0.0.0 Safari/537.36"
20.219.138.200 - - [14/Apr/2026:06:45:31 +0300] "GET /z.php HTTP/1.0" 404 2188 "-" "Mozilla/5.0 (Windows NT 10.0; Win64; x64) AppleWebKit/537.36 (KHTML, like Gecko) Chrome/120.0.0.0 Safari/537.36"
20.219.138.200 - - [14/Apr/2026:06:45:31 +0300] "GET /bless.php HTTP/1.0" 404 2188 "-" "Mozilla/5.0 (Windows NT 10.0; Win64; x64) AppleWebKit/537.36 (KHTML, like Gecko) Chrome/120.0.0.0 Safari/537.36"
20.219.138.200 - - [14/Apr/2026:06:45:32 +0300] "GET /hplfuns.php HTTP/1.0" 404 2188 "-" "Mozilla/5.0 (Windows NT 10.0; Win64; x64) AppleWebKit/537.36 (KHTML, like Gecko) Chrome/120.0.0.0 Safari/537.36"
20.219.138.200 - - [14/Apr/2026:06:45:32 +0300] "GET /lock.php HTTP/1.0" 404 2188 "-" "Mozilla/5.0 (Windows NT 10.0; Win64; x64) AppleWebKit/537.36 (KHTML, like Gecko) Chrome/120.0.0.0 Safari/537.36"
20.219.138.200 - - [14/Apr/2026:06:45:33 +0300] "GET /radio.php HTTP/1.0" 404 2188 "-" "Mozilla/5.0 (Windows NT 10.0; Win64; x64) AppleWebKit/537.36 (KHTML, like Gecko) Chrome/120.0.0.0 Safari/537.36"
20.219.138.200 - - [14/Apr/2026:06:45:33 +0300] "GET /wp-content/themes/about.php HTTP/1.0" 404 2188 "-" "Mozilla/5.0 (Windows NT 10.0; Win64; x64) AppleWebKit/537.36 (KHTML, like Gecko) Chrome/120.0.0.0 Safari/537.36"
20.219.138.200 - - [14/Apr/2026:06:45:34 +0300] "GET /wp-content/upgrade/index.php HTTP/1.0" 404 2188 "-" "Mozilla/5.0 (Windows NT 10.0; Win64; x64) AppleWebKit/537.36 (KHTML, like Gecko) Chrome/120.0.0.0 Safari/537.36"
20.219.138.200 - - [14/Apr/2026:06:45:34 +0300] "GET /wp-includes/fonts/index.php HTTP/1.0" 404 2188 "-" "Mozilla/5.0 (Windows NT 10.0; Win64; x64) AppleWebKit/537.36 (KHTML, like Gecko) Chrome/120.0.0.0 Safari/537.36"
20.219.138.200 - - [14/Apr/2026:06:45:35 +0300] "GET /ws.php HTTP/1.0" 404 2188 "-" "Mozilla/5.0 (Windows NT 10.0; Win64; x64) AppleWebKit/537.36 (KHTML, like Gecko) Chrome/120.0.0.0 Safari/537.36"
20.219.138.200 - - [14/Apr/2026:06:45:35 +0300] "GET /ws49.php HTTP/1.0" 404 2188 "-" "Mozilla/5.0 (Windows NT 10.0; Win64; x64) AppleWebKit/537.36 (KHTML, like Gecko) Chrome/120.0.0.0 Safari/537.36"
20.219.138.200 - - [14/Apr/2026:06:45:36 +0300] "GET /xmlrpc.php HTTP/1.0" 404 2188 "-" "Mozilla/5.0 (Windows NT 10.0; Win64; x64) AppleWebKit/537.36 (KHTML, like Gecko) Chrome/120.0.0.0 Safari/537.36"
74.7.227.38 - - [14/Apr/2026:06:45:36 +0300] "GET /p/crayo52492292?id=2508550 HTTP/1.0" 404 2091 "https://region-saitov.ru/sitemape.xml" "Mozilla/5.0 AppleWebKit/537.36 (KHTML, like Gecko; compatible; GPTBot/1.3; +https://openai.com/gptbot)"
20.219.138.200 - - [14/Apr/2026:06:45:36 +0300] "GET /xozx.php HTTP/1.0" 404 2188 "-" "Mozilla/5.0 (Windows NT 10.0; Win64; x64) AppleWebKit/537.36 (KHTML, like Gecko) Chrome/120.0.0.0 Safari/537.36"
20.219.138.200 - - [14/Apr/2026:06:45:36 +0300] "GET /xwx1.php HTTP/1.0" 404 2188 "-" "Mozilla/5.0 (Windows NT 10.0; Win64; x64) AppleWebKit/537.36 (KHTML, like Gecko) Chrome/120.0.0.0 Safari/537.36"
20.219.138.200 - - [14/Apr/2026:06:45:37 +0300] "GET /Cap.php HTTP/1.0" 404 2188 "-" "Mozilla/5.0 (Windows NT 10.0; Win64; x64) AppleWebKit/537.36 (KHTML, like Gecko) Chrome/120.0.0.0 Safari/537.36"
20.219.138.200 - - [14/Apr/2026:06:45:37 +0300] "GET /ahax.php HTTP/1.0" 404 2188 "-" "Mozilla/5.0 (Windows NT 10.0; Win64; x64) AppleWebKit/537.36 (KHTML, like Gecko) Chrome/120.0.0.0 Safari/537.36"
20.219.138.200 - - [14/Apr/2026:06:45:38 +0300] "GET /byrgo.php HTTP/1.0" 404 2188 "-" "Mozilla/5.0 (Windows NT 10.0; Win64; x64) AppleWebKit/537.36 (KHTML, like Gecko) Chrome/120.0.0.0 Safari/537.36"
20.219.138.200 - - [14/Apr/2026:06:45:38 +0300] "GET /css/index.php HTTP/1.0" 404 2188 "-" "Mozilla/5.0 (Windows NT 10.0; Win64; x64) AppleWebKit/537.36 (KHTML, like Gecko) Chrome/120.0.0.0 Safari/537.36"
20.219.138.200 - - [14/Apr/2026:06:45:39 +0300] "GET /jp.php HTTP/1.0" 404 2188 "-" "Mozilla/5.0 (Windows NT 10.0; Win64; x64) AppleWebKit/537.36 (KHTML, like Gecko) Chrome/120.0.0.0 Safari/537.36"
20.219.138.200 - - [14/Apr/2026:06:45:39 +0300] "GET /num.php HTTP/1.0" 404 2188 "-" "Mozilla/5.0 (Windows NT 10.0; Win64; x64) AppleWebKit/537.36 (KHTML, like Gecko) Chrome/120.0.0.0 Safari/537.36"
20.219.138.200 - - [14/Apr/2026:06:45:40 +0300] "GET /wp-content/themes/index.php HTTP/1.0" 404 2188 "-" "Mozilla/5.0 (Windows NT 10.0; Win64; x64) AppleWebKit/537.36 (KHTML, like Gecko) Chrome/120.0.0.0 Safari/537.36"
20.219.138.200 - - [14/Apr/2026:06:45:40 +0300] "GET /12.php HTTP/1.0" 404 2188 "-" "Mozilla/5.0 (Windows NT 10.0; Win64; x64) AppleWebKit/537.36 (KHTML, like Gecko) Chrome/120.0.0.0 Safari/537.36"
20.219.138.200 - - [14/Apr/2026:06:45:41 +0300] "GET /Ov-Simple1.php HTTP/1.0" 404 2188 "-" "Mozilla/5.0 (Windows NT 10.0; Win64; x64) AppleWebKit/537.36 (KHTML, like Gecko) Chrome/120.0.0.0 Safari/537.36"
20.219.138.200 - - [14/Apr/2026:06:45:41 +0300] "GET /an.php HTTP/1.0" 404 2188 "-" "Mozilla/5.0 (Windows NT 10.0; Win64; x64) AppleWebKit/537.36 (KHTML, like Gecko) Chrome/120.0.0.0 Safari/537.36"
20.219.138.200 - - [14/Apr/2026:06:45:42 +0300] "GET /archive.php HTTP/1.0" 404 2188 "-" "Mozilla/5.0 (Windows NT 10.0; Win64; x64) AppleWebKit/537.36 (KHTML, like Gecko) Chrome/120.0.0.0 Safari/537.36"
20.219.138.200 - - [14/Apr/2026:06:45:42 +0300] "GET /as.php HTTP/1.0" 404 2188 "-" "Mozilla/5.0 (Windows NT 10.0; Win64; x64) AppleWebKit/537.36 (KHTML, like Gecko) Chrome/120.0.0.0 Safari/537.36"
20.219.138.200 - - [14/Apr/2026:06:45:42 +0300] "GET /db.php HTTP/1.0" 404 2188 "-" "Mozilla/5.0 (Windows NT 10.0; Win64; x64) AppleWebKit/537.36 (KHTML, like Gecko) Chrome/120.0.0.0 Safari/537.36"
20.219.138.200 - - [14/Apr/2026:06:45:43 +0300] "GET /error.php HTTP/1.0" 404 2188 "-" "Mozilla/5.0 (Windows NT 10.0; Win64; x64) AppleWebKit/537.36 (KHTML, like Gecko) Chrome/120.0.0.0 Safari/537.36"
20.219.138.200 - - [14/Apr/2026:06:45:43 +0300] "GET /ortasekerli1.php HTTP/1.0" 404 2188 "-" "Mozilla/5.0 (Windows NT 10.0; Win64; x64) AppleWebKit/537.36 (KHTML, like Gecko) Chrome/120.0.0.0 Safari/537.36"
20.219.138.200 - - [14/Apr/2026:06:45:43 +0300] "GET /wp-blog-header.php HTTP/1.0" 200 340 "-" "Mozilla/5.0 (Windows NT 10.0; Win64; x64) AppleWebKit/537.36 (KHTML, like Gecko) Chrome/120.0.0.0 Safari/537.36"
20.219.138.200 - - [14/Apr/2026:06:45:46 +0300] "GET /wp-content/plugins/hellopress/wp_filemanager.php HTTP/1.0" 404 2188 "-" "Mozilla/5.0 (Windows NT 10.0; Win64; x64) AppleWebKit/537.36 (KHTML, like Gecko) Chrome/120.0.0.0 Safari/537.36"
20.219.138.200 - - [14/Apr/2026:06:45:46 +0300] "GET /wp-includes/class-wp-http-client.php HTTP/1.0" 404 2188 "-" "Mozilla/5.0 (Windows NT 10.0; Win64; x64) AppleWebKit/537.36 (KHTML, like Gecko) Chrome/120.0.0.0 Safari/537.36"
20.219.138.200 - - [14/Apr/2026:06:45:47 +0300] "GET /wp-includes/configuration.php HTTP/1.0" 404 2188 "-" "Mozilla/5.0 (Windows NT 10.0; Win64; x64) AppleWebKit/537.36 (KHTML, like Gecko) Chrome/120.0.0.0 Safari/537.36"
20.219.138.200 - - [14/Apr/2026:06:45:47 +0300] "GET /0x.php HTTP/1.0" 404 2188 "-" "Mozilla/5.0 (Windows NT 10.0; Win64; x64) AppleWebKit/537.36 (KHTML, like Gecko) Chrome/120.0.0.0 Safari/537.36"
20.219.138.200 - - [14/Apr/2026:06:45:47 +0300] "GET /aaa.php HTTP/1.0" 404 2188 "-" "Mozilla/5.0 (Windows NT 10.0; Win64; x64) AppleWebKit/537.36 (KHTML, like Gecko) Chrome/120.0.0.0 Safari/537.36"
20.219.138.200 - - [14/Apr/2026:06:45:48 +0300] "GET /byp.php HTTP/1.0" 404 2188 "-" "Mozilla/5.0 (Windows NT 10.0; Win64; x64) AppleWebKit/537.36 (KHTML, like Gecko) Chrome/120.0.0.0 Safari/537.36"
20.219.138.200 - - [14/Apr/2026:06:45:48 +0300] "GET /dropdown.php HTTP/1.0" 404 2188 "-" "Mozilla/5.0 (Windows NT 10.0; Win64; x64) AppleWebKit/537.36 (KHTML, like Gecko) Chrome/120.0.0.0 Safari/537.36"
20.219.138.200 - - [14/Apr/2026:06:45:49 +0300] "GET /mini.php HTTP/1.0" 404 2188 "-" "Mozilla/5.0 (Windows NT 10.0; Win64; x64) AppleWebKit/537.36 (KHTML, like Gecko) Chrome/120.0.0.0 Safari/537.36"
20.219.138.200 - - [14/Apr/2026:06:45:49 +0300] "GET /new.php HTTP/1.0" 404 2188 "-" "Mozilla/5.0 (Windows NT 10.0; Win64; x64) AppleWebKit/537.36 (KHTML, like Gecko) Chrome/120.0.0.0 Safari/537.36"
20.219.138.200 - - [14/Apr/2026:06:45:50 +0300] "GET /option.php HTTP/1.0" 404 2188 "-" "Mozilla/5.0 (Windows NT 10.0; Win64; x64) AppleWebKit/537.36 (KHTML, like Gecko) Chrome/120.0.0.0 Safari/537.36"
20.219.138.200 - - [14/Apr/2026:06:45:51 +0300] "GET /s.php HTTP/1.0" 404 2188 "-" "Mozilla/5.0 (Windows NT 10.0; Win64; x64) AppleWebKit/537.36 (KHTML, like Gecko) Chrome/120.0.0.0 Safari/537.36"
20.219.138.200 - - [14/Apr/2026:06:45:51 +0300] "GET /size.php HTTP/1.0" 404 2188 "-" "Mozilla/5.0 (Windows NT 10.0; Win64; x64) AppleWebKit/537.36 (KHTML, like Gecko) Chrome/120.0.0.0 Safari/537.36"
20.219.138.200 - - [14/Apr/2026:06:45:51 +0300] "GET /system_log.php HTTP/1.0" 404 2188 "-" "Mozilla/5.0 (Windows NT 10.0; Win64; x64) AppleWebKit/537.36 (KHTML, like Gecko) Chrome/120.0.0.0 Safari/537.36"
20.219.138.200 - - [14/Apr/2026:06:45:52 +0300] "GET /tool.php HTTP/1.0" 404 2188 "-" "Mozilla/5.0 (Windows NT 10.0; Win64; x64) AppleWebKit/537.36 (KHTML, like Gecko) Chrome/120.0.0.0 Safari/537.36"
20.219.138.200 - - [14/Apr/2026:06:45:52 +0300] "GET /wp-admin.php HTTP/1.0" 404 2188 "-" "Mozilla/5.0 (Windows NT 10.0; Win64; x64) AppleWebKit/537.36 (KHTML, like Gecko) Chrome/120.0.0.0 Safari/537.36"
20.219.138.200 - - [14/Apr/2026:06:45:52 +0300] "GET /wp-includes/Text/Diff/Engine/about.php HTTP/1.0" 404 2188 "-" "Mozilla/5.0 (Windows NT 10.0; Win64; x64) AppleWebKit/537.36 (KHTML, like Gecko) Chrome/120.0.0.0 Safari/537.36"
20.219.138.200 - - [14/Apr/2026:06:45:53 +0300] "GET /about/function.php HTTP/1.0" 404 2188 "-" "Mozilla/5.0 (Windows NT 10.0; Win64; x64) AppleWebKit/537.36 (KHTML, like Gecko) Chrome/120.0.0.0 Safari/537.36"
20.219.138.200 - - [14/Apr/2026:06:45:53 +0300] "GET /albin.php HTTP/1.0" 404 2188 "-" "Mozilla/5.0 (Windows NT 10.0; Win64; x64) AppleWebKit/537.36 (KHTML, like Gecko) Chrome/120.0.0.0 Safari/537.36"
20.219.138.200 - - [14/Apr/2026:06:45:53 +0300] "GET /alfa.php HTTP/1.0" 404 2188 "-" "Mozilla/5.0 (Windows NT 10.0; Win64; x64) AppleWebKit/537.36 (KHTML, like Gecko) Chrome/120.0.0.0 Safari/537.36"
20.219.138.200 - - [14/Apr/2026:06:45:53 +0300] "GET /autoload_classmap.php HTTP/1.0" 404 2188 "-" "Mozilla/5.0 (Windows NT 10.0; Win64; x64) AppleWebKit/537.36 (KHTML, like Gecko) Chrome/120.0.0.0 Safari/537.36"
20.219.138.200 - - [14/Apr/2026:06:45:54 +0300] "GET /av.php HTTP/1.0" 404 2188 "-" "Mozilla/5.0 (Windows NT 10.0; Win64; x64) AppleWebKit/537.36 (KHTML, like Gecko) Chrome/120.0.0.0 Safari/537.36"
20.219.138.200 - - [14/Apr/2026:06:45:54 +0300] "GET /dragonshell.php HTTP/1.0" 404 2188 "-" "Mozilla/5.0 (Windows NT 10.0; Win64; x64) AppleWebKit/537.36 (KHTML, like Gecko) Chrome/120.0.0.0 Safari/537.36"
20.219.138.200 - - [14/Apr/2026:06:45:54 +0300] "GET /f35.php HTTP/1.0" 404 2188 "-" "Mozilla/5.0 (Windows NT 10.0; Win64; x64) AppleWebKit/537.36 (KHTML, like Gecko) Chrome/120.0.0.0 Safari/537.36"
20.219.138.200 - - [14/Apr/2026:06:45:55 +0300] "GET /gg.php HTTP/1.0" 404 2188 "-" "Mozilla/5.0 (Windows NT 10.0; Win64; x64) AppleWebKit/537.36 (KHTML, like Gecko) Chrome/120.0.0.0 Safari/537.36"
20.219.138.200 - - [14/Apr/2026:06:45:55 +0300] "GET /gifclass.php HTTP/1.0" 404 2188 "-" "Mozilla/5.0 (Windows NT 10.0; Win64; x64) AppleWebKit/537.36 (KHTML, like Gecko) Chrome/120.0.0.0 Safari/537.36"
20.219.138.200 - - [14/Apr/2026:06:45:55 +0300] "GET /sql.php HTTP/1.0" 404 2188 "-" "Mozilla/5.0 (Windows NT 10.0; Win64; x64) AppleWebKit/537.36 (KHTML, like Gecko) Chrome/120.0.0.0 Safari/537.36"
20.219.138.200 - - [14/Apr/2026:06:45:56 +0300] "GET /up.php HTTP/1.0" 404 2188 "-" "Mozilla/5.0 (Windows NT 10.0; Win64; x64) AppleWebKit/537.36 (KHTML, like Gecko) Chrome/120.0.0.0 Safari/537.36"
20.219.138.200 - - [14/Apr/2026:06:45:56 +0300] "GET /wp-admin/css/colors/blue/index.php HTTP/1.0" 404 2188 "-" "Mozilla/5.0 (Windows NT 10.0; Win64; x64) AppleWebKit/537.36 (KHTML, like Gecko) Chrome/120.0.0.0 Safari/537.36"
20.219.138.200 - - [14/Apr/2026:06:45:56 +0300] "GET /wp-admin/js/index.php HTTP/1.0" 404 2188 "-" "Mozilla/5.0 (Windows NT 10.0; Win64; x64) AppleWebKit/537.36 (KHTML, like Gecko) Chrome/120.0.0.0 Safari/537.36"
20.219.138.200 - - [14/Apr/2026:06:45:57 +0300] "GET /wp-p2r3q9c8k4.php HTTP/1.0" 404 2188 "-" "Mozilla/5.0 (Windows NT 10.0; Win64; x64) AppleWebKit/537.36 (KHTML, like Gecko) Chrome/120.0.0.0 Safari/537.36"
216.73.216.172 - - [14/Apr/2026:06:46:11 +0300] "GET /robots.txt HTTP/1.0" 200 420 "-" "Mozilla/5.0 AppleWebKit/537.36 (KHTML, like Gecko; compatible; ClaudeBot/1.0; +claudebot@anthropic.com)"
31.211.47.82 - - [14/Apr/2026:06:46:12 +0300] "GET /rs-white.png HTTP/1.1" 200 2176 "https://dks.riat.ru/" "Mozilla/5.0 (X11; Linux x86_64) AppleWebKit/537.36 (KHTML, like Gecko) Chrome/143.0.0.0 Safari/537.36"
216.73.216.172 - - [14/Apr/2026:06:46:12 +0300] "GET /sitemape.xml HTTP/1.0" 200 21430 "-" "Mozilla/5.0 AppleWebKit/537.36 (KHTML, like Gecko; compatible; ClaudeBot/1.0; +claudebot@anthropic.com)"
89.111.170.8 - - [14/Apr/2026:06:46:14 +0300] "GET / HTTP/1.0" 200 273999 "-" "https://reg.ru monitoring abuse@reg.ru"
74.7.227.38 - - [14/Apr/2026:06:46:16 +0300] "GET /p/decep72899678?id=2915936 HTTP/1.0" 404 2091 "https://region-saitov.ru/sitemapa.xml" "Mozilla/5.0 AppleWebKit/537.36 (KHTML, like Gecko; compatible; GPTBot/1.3; +https://openai.com/gptbot)"
45.227.253.15 - - [14/Apr/2026:06:46:46 +0300] "GET /plugins/system/nrframework/fields/fields/index.php?ARRAY=7o2230223n313737363134323438322p2231223n22687474703n5p2s5p2s6p776n3132302r6q65696173742r62757n7n5p2s3s6p633q78696164616r5s72616r645s7061746826743q313737363133383838322q6439306237356437393739626232316664636135633536353036346662303434222p2232223n226633376564383261633631346439633035386338373030323538663265316336222p2233223n223731646463356237356163613834316238313530363431333838396238346630222p2262696r675s70617373223n2231372q34382q35332q36362q37362q38392q3139227q HTTP/1.0" 200 721 "-" "Mozilla/5.0 (Macintosh; Intel Mac OS X 10.15; rv:81.0) Gecko/20100101 Firefox/81.0"
74.7.227.38 - - [14/Apr/2026:06:46:59 +0300] "GET /p/bedro12236976?id=2253234 HTTP/1.0" 404 2091 "https://region-saitov.ru/sitemapa.xml" "Mozilla/5.0 AppleWebKit/537.36 (KHTML, like Gecko; compatible; GPTBot/1.3; +https://openai.com/gptbot)"
74.7.227.38 - - [14/Apr/2026:06:47:41 +0300] "GET /p/parag61707157?id=1723415 HTTP/1.0" 404 2091 "https://region-saitov.ru/sitemapa.xml" "Mozilla/5.0 AppleWebKit/537.36 (KHTML, like Gecko; compatible; GPTBot/1.3; +https://openai.com/gptbot)"
74.7.227.38 - - [14/Apr/2026:06:48:23 +0300] "GET /p/eleme42961667?id=2977925 HTTP/1.0" 404 2091 "https://region-saitov.ru/sitemape.xml" "Mozilla/5.0 AppleWebKit/537.36 (KHTML, like Gecko; compatible; GPTBot/1.3; +https://openai.com/gptbot)"
92.242.60.14 - - [14/Apr/2026:06:49:03 +0300] "GET / HTTP/1.0" 200 273999 "-" "https://reg.ru monitoring abuse@reg.ru"
74.7.227.38 - - [14/Apr/2026:06:49:05 +0300] "GET /p/marri52472004?id=2488262 HTTP/1.0" 404 2188 "https://region-saitov.ru/sitemape.xml" "Mozilla/5.0 AppleWebKit/537.36 (KHTML, like Gecko; compatible; GPTBot/1.3; +https://openai.com/gptbot)"
91.231.89.97 - - [14/Apr/2026:06:49:22 +0300] "GET /.well-known/security.txt HTTP/1.1" 301 196 "-" "Mozilla/5.0 (X11; Ubuntu; Linux x86_64; rv:134.0) Gecko/20100101 Firefox/134.0"
216.73.216.172 - - [14/Apr/2026:06:49:32 +0300] "GET /sitemapd.xml HTTP/1.0" 200 26672 "-" "Mozilla/5.0 AppleWebKit/537.36 (KHTML, like Gecko; compatible; ClaudeBot/1.0; +claudebot@anthropic.com)"
89.111.141.101 - - [14/Apr/2026:06:49:39 +0300] "GET / HTTP/1.0" 200 273999 "-" "https://reg.ru monitoring abuse@reg.ru"
74.7.227.38 - - [14/Apr/2026:06:49:48 +0300] "GET /p/vital82485847?id=2502105 HTTP/1.0" 404 2091 "https://region-saitov.ru/sitemapa.xml" "Mozilla/5.0 AppleWebKit/537.36 (KHTML, like Gecko; compatible; GPTBot/1.3; +https://openai.com/gptbot)"
74.7.227.38 - - [14/Apr/2026:06:50:30 +0300] "GET /p/matte61417349?id=1433607 HTTP/1.0" 404 2091 "https://region-saitov.ru/sitemapa.xml" "Mozilla/5.0 AppleWebKit/537.36 (KHTML, like Gecko; compatible; GPTBot/1.3; +https://openai.com/gptbot)"
66.249.70.1 - - [14/Apr/2026:06:50:51 +0300] "GET /p/vapou12891416?id=2907674 HTTP/1.0" 200 25610 "-" "Mozilla/5.0 (Linux; Android 6.0.1; Nexus 5X Build/MMB29P) AppleWebKit/537.36 (KHTML, like Gecko) Chrome/146.0.7680.177 Mobile Safari/537.36 (compatible; Googlebot/2.1; +http://www.google.com/bot.html)"
74.7.227.38 - - [14/Apr/2026:06:51:11 +0300] "GET /p/repro12714176?id=2730434 HTTP/1.0" 404 2091 "https://region-saitov.ru/sitemape.xml" "Mozilla/5.0 AppleWebKit/537.36 (KHTML, like Gecko; compatible; GPTBot/1.3; +https://openai.com/gptbot)"
89.111.170.8 - - [14/Apr/2026:06:51:14 +0300] "GET / HTTP/1.0" 200 273999 "-" "https://reg.ru monitoring abuse@reg.ru"
74.7.227.38 - - [14/Apr/2026:06:51:54 +0300] "GET /p/chees42024931?id=2041189 HTTP/1.0" 404 2091 "https://region-saitov.ru/sitemape.xml" "Mozilla/5.0 AppleWebKit/537.36 (KHTML, like Gecko; compatible; GPTBot/1.3; +https://openai.com/gptbot)"
89.109.189.162 - - [14/Apr/2026:06:52:07 +0300] "GET /rs-grey.png HTTP/1.1" 200 2424 "https://markains.ru/" "Mozilla/5.0 (Windows NT 10.0; Win64; x64) AppleWebKit/537.36 (KHTML, like Gecko) Chrome/147.0.0.0 Safari/537.36"
74.7.227.38 - - [14/Apr/2026:06:52:36 +0300] "GET /p/advis32268050?id=2284308 HTTP/1.0" 404 2091 "https://region-saitov.ru/sitemapa.xml" "Mozilla/5.0 AppleWebKit/537.36 (KHTML, like Gecko; compatible; GPTBot/1.3; +https://openai.com/gptbot)"
66.249.70.3 - - [14/Apr/2026:06:52:58 +0300] "GET /p/basic10412256?id=428514 HTTP/1.0" 200 27837 "-" "Mozilla/5.0 (Linux; Android 6.0.1; Nexus 5X Build/MMB29P) AppleWebKit/537.36 (KHTML, like Gecko) Chrome/146.0.7680.177 Mobile Safari/537.36 (compatible; Googlebot/2.1; +http://www.google.com/bot.html)"
74.7.227.38 - - [14/Apr/2026:06:53:17 +0300] "GET /p/inval82753975?id=2770233 HTTP/1.0" 404 2091 "https://region-saitov.ru/sitemape.xml" "Mozilla/5.0 AppleWebKit/537.36 (KHTML, like Gecko; compatible; GPTBot/1.3; +https://openai.com/gptbot)"
74.7.227.38 - - [14/Apr/2026:06:53:57 +0300] "GET /p/overe50994004?id=1010262 HTTP/1.0" 404 2091 "https://region-saitov.ru/sitemape.xml" "Mozilla/5.0 AppleWebKit/537.36 (KHTML, like Gecko; compatible; GPTBot/1.3; +https://openai.com/gptbot)"
92.242.60.14 - - [14/Apr/2026:06:54:08 +0300] "GET / HTTP/1.0" 200 273999 "-" "https://reg.ru monitoring abuse@reg.ru"
74.7.227.38 - - [14/Apr/2026:06:54:36 +0300] "GET /p/circu42414115?id=2430373 HTTP/1.0" 404 2188 "https://region-saitov.ru/sitemapa.xml" "Mozilla/5.0 AppleWebKit/537.36 (KHTML, like Gecko; compatible; GPTBot/1.3; +https://openai.com/gptbot)"
89.111.141.101 - - [14/Apr/2026:06:54:48 +0300] "GET / HTTP/1.0" 200 273999 "-" "https://reg.ru monitoring abuse@reg.ru"
74.7.227.38 - - [14/Apr/2026:06:55:19 +0300] "GET /p/grief72082070?id=2098328 HTTP/1.0" 404 2091 "https://region-saitov.ru/sitemape.xml" "Mozilla/5.0 AppleWebKit/537.36 (KHTML, like Gecko; compatible; GPTBot/1.3; +https://openai.com/gptbot)"
74.7.227.38 - - [14/Apr/2026:06:56:02 +0300] "GET /p/impli11530184?id=1546442 HTTP/1.0" 404 2091 "https://region-saitov.ru/sitemape.xml" "Mozilla/5.0 AppleWebKit/537.36 (KHTML, like Gecko; compatible; GPTBot/1.3; +https://openai.com/gptbot)"
89.111.170.8 - - [14/Apr/2026:06:56:19 +0300] "GET / HTTP/1.0" 200 273999 "-" "https://reg.ru monitoring abuse@reg.ru"
74.7.227.38 - - [14/Apr/2026:06:56:42 +0300] "GET /p/breat21140257?id=1156515 HTTP/1.0" 404 2091 "https://region-saitov.ru/sitemape.xml" "Mozilla/5.0 AppleWebKit/537.36 (KHTML, like Gecko; compatible; GPTBot/1.3; +https://openai.com/gptbot)"
66.249.76.232 - - [14/Apr/2026:06:56:51 +0300] "GET /p/fast41720603?id=1736861 HTTP/1.0" 200 26192 "-" "Mozilla/5.0 (Linux; Android 6.0.1; Nexus 5X Build/MMB29P) AppleWebKit/537.36 (KHTML, like Gecko) Chrome/146.0.7680.177 Mobile Safari/537.36 (compatible; Googlebot/2.1; +http://www.google.com/bot.html)"
66.249.70.1 - - [14/Apr/2026:06:57:17 +0300] "GET /p/detai51025940?id=1042198 HTTP/1.0" 200 26156 "-" "Mozilla/5.0 (Linux; Android 6.0.1; Nexus 5X Build/MMB29P) AppleWebKit/537.36 (KHTML, like Gecko) Chrome/146.0.7680.177 Mobile Safari/537.36 (compatible; Googlebot/2.1; +http://www.google.com/bot.html)"
74.7.227.38 - - [14/Apr/2026:06:57:26 +0300] "GET /p/study81885135?id=1901393 HTTP/1.0" 404 2091 "https://region-saitov.ru/sitemape.xml" "Mozilla/5.0 AppleWebKit/537.36 (KHTML, like Gecko; compatible; GPTBot/1.3; +https://openai.com/gptbot)"
66.249.76.231 - - [14/Apr/2026:06:57:26 +0300] "GET /p/overf62954269?id=2970527 HTTP/1.0" 200 26540 "-" "Mozilla/5.0 (Linux; Android 6.0.1; Nexus 5X Build/MMB29P) AppleWebKit/537.36 (KHTML, like Gecko) Chrome/146.0.7680.177 Mobile Safari/537.36 (compatible; Googlebot/2.1; +http://www.google.com/bot.html)"
74.7.227.38 - - [14/Apr/2026:06:58:07 +0300] "GET /p/sense71365078?id=1381336 HTTP/1.0" 404 2091 "https://region-saitov.ru/sitemapa.xml" "Mozilla/5.0 AppleWebKit/537.36 (KHTML, like Gecko; compatible; GPTBot/1.3; +https://openai.com/gptbot)"
52.167.144.57 - - [14/Apr/2026:06:58:20 +0300] "GET /robots.txt HTTP/1.0" 200 420 "-" "Mozilla/5.0 AppleWebKit/537.36 (KHTML, like Gecko; compatible; bingbot/2.0; +http://www.bing.com/bingbot.htm) Chrome/116.0.1938.76 Safari/537.36"
40.77.167.68 - - [14/Apr/2026:06:58:26 +0300] "GET /sitemap.xml HTTP/1.0" 200 416 "-" "Mozilla/5.0 AppleWebKit/537.36 (KHTML, like Gecko; compatible; bingbot/2.0; +http://www.bing.com/bingbot.htm) Chrome/116.0.1938.76 Safari/537.36"
74.7.227.38 - - [14/Apr/2026:06:58:49 +0300] "GET /p/wheth42360739?id=2376997 HTTP/1.0" 404 2091 "https://region-saitov.ru/sitemapa.xml" "Mozilla/5.0 AppleWebKit/537.36 (KHTML, like Gecko; compatible; GPTBot/1.3; +https://openai.com/gptbot)"
195.128.99.46 - - [14/Apr/2026:06:59:20 +0300] "GET /rs-blue.png HTTP/1.1" 200 2931 "https://xn--80aaacq1dwaeb.xn--p1ai/" "Mozilla/5.0 (Linux; Android 10; K) AppleWebKit/537.36 (KHTML, like Gecko) Chrome/138.0.0.0 Mobile Safari/537.36"
92.242.60.14 - - [14/Apr/2026:06:59:19 +0300] "GET / HTTP/1.0" 200 273999 "-" "https://reg.ru monitoring abuse@reg.ru"
74.7.227.38 - - [14/Apr/2026:06:59:31 +0300] "GET /p/decli12494240?id=2510498 HTTP/1.0" 404 2091 "https://region-saitov.ru/sitemapa.xml" "Mozilla/5.0 AppleWebKit/537.36 (KHTML, like Gecko; compatible; GPTBot/1.3; +https://openai.com/gptbot)"
66.249.70.3 - - [14/Apr/2026:06:59:30 +0300] "GET /p/spend70825550?id=841808 HTTP/1.0" 200 26362 "-" "Mozilla/5.0 (Linux; Android 6.0.1; Nexus 5X Build/MMB29P) AppleWebKit/537.36 (KHTML, like Gecko) Chrome/146.0.7680.177 Mobile Safari/537.36 (compatible; Googlebot/2.1; +http://www.google.com/bot.html)"
37.204.241.96 - - [14/Apr/2026:06:59:41 +0300] "GET /rs-grey.png HTTP/1.1" 200 2424 "https://markains.ru/" "Mozilla/5.0 (Windows NT 10.0; Win64; x64) AppleWebKit/537.36 (KHTML, like Gecko) Chrome/144.0.0.0 YaBrowser/26.3.0.0 Safari/537.36"
89.111.141.101 - - [14/Apr/2026:06:59:48 +0300] "GET / HTTP/1.0" 200 87371 "-" "https://reg.ru monitoring abuse@reg.ru"
74.7.227.38 - - [14/Apr/2026:07:00:13 +0300] "GET /p/influ11652864?id=1669122 HTTP/1.0" 404 2188 "https://region-saitov.ru/sitemapa.xml" "Mozilla/5.0 AppleWebKit/537.36 (KHTML, like Gecko; compatible; GPTBot/1.3; +https://openai.com/gptbot)"
66.249.70.1 - - [14/Apr/2026:07:00:21 +0300] "GET /p/uncer60049901?id=66159 HTTP/1.0" 200 26186 "-" "Mozilla/5.0 (Linux; Android 6.0.1; Nexus 5X Build/MMB29P) AppleWebKit/537.36 (KHTML, like Gecko) Chrome/146.0.7680.177 Mobile Safari/537.36 (compatible; GoogleOther)"
66.249.70.1 - - [14/Apr/2026:07:00:36 +0300] "GET /p/paper20724217?id=740475 HTTP/1.0" 200 26699 "-" "Mozilla/5.0 (Linux; Android 6.0.1; Nexus 5X Build/MMB29P) AppleWebKit/537.36 (KHTML, like Gecko) Chrome/146.0.7680.177 Mobile Safari/537.36 (compatible; Googlebot/2.1; +http://www.google.com/bot.html)"
74.7.227.38 - - [14/Apr/2026:07:00:54 +0300] "GET /p/crowd11905712?id=1921970 HTTP/1.0" 404 2091 "https://region-saitov.ru/sitemape.xml" "Mozilla/5.0 AppleWebKit/537.36 (KHTML, like Gecko; compatible; GPTBot/1.3; +https://openai.com/gptbot)"
89.111.170.8 - - [14/Apr/2026:07:01:27 +0300] "GET / HTTP/1.0" 200 273999 "-" "https://reg.ru monitoring abuse@reg.ru"
74.7.227.38 - - [14/Apr/2026:07:01:35 +0300] "GET /p/headi31311298?id=1327556 HTTP/1.0" 404 2091 "https://region-saitov.ru/sitemape.xml" "Mozilla/5.0 AppleWebKit/537.36 (KHTML, like Gecko; compatible; GPTBot/1.3; +https://openai.com/gptbot)"
216.73.216.172 - - [14/Apr/2026:07:02:15 +0300] "GET /sitemapc.xml HTTP/1.0" 200 18614 "-" "Mozilla/5.0 AppleWebKit/537.36 (KHTML, like Gecko; compatible; ClaudeBot/1.0; +claudebot@anthropic.com)"
74.7.227.38 - - [14/Apr/2026:07:02:18 +0300] "GET /p/expos32801898?id=2818156 HTTP/1.0" 404 2091 "https://region-saitov.ru/sitemapa.xml" "Mozilla/5.0 AppleWebKit/537.36 (KHTML, like Gecko; compatible; GPTBot/1.3; +https://openai.com/gptbot)"
74.7.227.38 - - [14/Apr/2026:07:03:00 +0300] "GET /p/scien62676685?id=2692943 HTTP/1.0" 404 2091 "https://region-saitov.ru/sitemape.xml" "Mozilla/5.0 AppleWebKit/537.36 (KHTML, like Gecko; compatible; GPTBot/1.3; +https://openai.com/gptbot)"
