66.249.70.1 - - [14/Apr/2026:14:45:42 +0300] "GET /?shop/g/g91982912428/ HTTP/1.0" 200 24580 "-" "Mozilla/5.0 (Linux; Android 6.0.1; Nexus 5X Build/MMB29P) AppleWebKit/537.36 (KHTML, like Gecko) Chrome/146.0.7680.177 Mobile Safari/537.36 (compatible; Googlebot/2.1; +http://www.google.com/bot.html)"
92.242.60.14 - - [14/Apr/2026:14:45:46 +0300] "GET / HTTP/1.0" 500 185 "-" "https://reg.ru monitoring abuse@reg.ru"
66.249.70.1 - - [14/Apr/2026:14:45:47 +0300] "GET /?shop/g/g91972326091/ HTTP/1.0" 200 24715 "-" "Mozilla/5.0 (Linux; Android 6.0.1; Nexus 5X Build/MMB29P) AppleWebKit/537.36 (KHTML, like Gecko) Chrome/146.0.7680.177 Mobile Safari/537.36 (compatible; Googlebot/2.1; +http://www.google.com/bot.html)"
66.249.76.231 - - [14/Apr/2026:14:45:51 +0300] "GET /p/gallo40663355?id=679613 HTTP/1.0" 200 24870 "-" "Mozilla/5.0 (Linux; Android 6.0.1; Nexus 5X Build/MMB29P) AppleWebKit/537.36 (KHTML, like Gecko) Chrome/146.0.7680.177 Mobile Safari/537.36 (compatible; GoogleOther)"
66.249.70.1 - - [14/Apr/2026:14:46:01 +0300] "GET /?shop/g/g91982885160/ HTTP/1.0" 200 26167 "-" "Mozilla/5.0 (Linux; Android 6.0.1; Nexus 5X Build/MMB29P) AppleWebKit/537.36 (KHTML, like Gecko) Chrome/146.0.7680.177 Mobile Safari/537.36 (compatible; Googlebot/2.1; +http://www.google.com/bot.html)"
66.249.70.2 - - [14/Apr/2026:14:46:05 +0300] "GET /?shop/g/g91972361201/ HTTP/1.0" 200 25148 "-" "Mozilla/5.0 (Linux; Android 6.0.1; Nexus 5X Build/MMB29P) AppleWebKit/537.36 (KHTML, like Gecko) Chrome/146.0.7680.177 Mobile Safari/537.36 (compatible; Googlebot/2.1; +http://www.google.com/bot.html)"
66.249.70.1 - - [14/Apr/2026:14:46:15 +0300] "GET /?shop/g/g91982519393/ HTTP/1.0" 200 26358 "-" "Mozilla/5.0 (Linux; Android 6.0.1; Nexus 5X Build/MMB29P) AppleWebKit/537.36 (KHTML, like Gecko) Chrome/146.0.7680.177 Mobile Safari/537.36 (compatible; Googlebot/2.1; +http://www.google.com/bot.html)"
66.249.70.1 - - [14/Apr/2026:14:46:20 +0300] "GET /?shop/g/g91982894873/ HTTP/1.0" 200 24854 "-" "Mozilla/5.0 (Linux; Android 6.0.1; Nexus 5X Build/MMB29P) AppleWebKit/537.36 (KHTML, like Gecko) Chrome/146.0.7680.177 Mobile Safari/537.36 (compatible; Googlebot/2.1; +http://www.google.com/bot.html)"
66.249.70.1 - - [14/Apr/2026:14:46:24 +0300] "GET /?shop/g/g91972357690/ HTTP/1.0" 200 24871 "-" "Mozilla/5.0 (Linux; Android 6.0.1; Nexus 5X Build/MMB29P) AppleWebKit/537.36 (KHTML, like Gecko) Chrome/146.0.7680.177 Mobile Safari/537.36 (compatible; Googlebot/2.1; +http://www.google.com/bot.html)"
66.249.76.231 - - [14/Apr/2026:14:46:29 +0300] "GET /?shop/g/g9193374044/ HTTP/1.0" 200 24518 "-" "Mozilla/5.0 (Linux; Android 6.0.1; Nexus 5X Build/MMB29P) AppleWebKit/537.36 (KHTML, like Gecko) Chrome/146.0.7680.177 Mobile Safari/537.36 (compatible; Googlebot/2.1; +http://www.google.com/bot.html)"
2.63.158.182 - - [14/Apr/2026:14:46:33 +0300] "GET /rs-grey.png HTTP/1.1" 200 2424 "https://markains.ru/" "Mozilla/5.0 (Windows NT 10.0; Win64; x64) AppleWebKit/537.36 (KHTML, like Gecko) Chrome/144.0.0.0 YaBrowser/26.3.0.0 Safari/537.36"
66.249.70.1 - - [14/Apr/2026:14:46:34 +0300] "GET /?shop/g/g9193204013/ HTTP/1.0" 200 24800 "-" "Mozilla/5.0 (Linux; Android 6.0.1; Nexus 5X Build/MMB29P) AppleWebKit/537.36 (KHTML, like Gecko) Chrome/146.0.7680.177 Mobile Safari/537.36 (compatible; GoogleOther)"
66.249.76.231 - - [14/Apr/2026:14:46:39 +0300] "GET /?shop/g/g91982940516/ HTTP/1.0" 200 25039 "-" "Mozilla/5.0 (Linux; Android 6.0.1; Nexus 5X Build/MMB29P) AppleWebKit/537.36 (KHTML, like Gecko) Chrome/146.0.7680.177 Mobile Safari/537.36 (compatible; Googlebot/2.1; +http://www.google.com/bot.html)"
66.249.70.1 - - [14/Apr/2026:14:46:44 +0300] "GET /?shop/g/g9194580170/ HTTP/1.0" 200 25838 "-" "Mozilla/5.0 (Linux; Android 6.0.1; Nexus 5X Build/MMB29P) AppleWebKit/537.36 (KHTML, like Gecko) Chrome/146.0.7680.177 Mobile Safari/537.36 (compatible; Googlebot/2.1; +http://www.google.com/bot.html)"
74.7.227.38 - - [14/Apr/2026:14:46:48 +0300] "GET /p/berry40786587?id=802845 HTTP/1.0" 500 185 "https://region-saitov.ru/sitemapa.xml" "Mozilla/5.0 AppleWebKit/537.36 (KHTML, like Gecko; compatible; GPTBot/1.3; +https://openai.com/gptbot)"
66.249.76.231 - - [14/Apr/2026:14:46:48 +0300] "GET /?shop/g/g91982968604/ HTTP/1.0" 200 25707 "-" "Mozilla/5.0 (Linux; Android 6.0.1; Nexus 5X Build/MMB29P) AppleWebKit/537.36 (KHTML, like Gecko) Chrome/146.0.7680.177 Mobile Safari/537.36 (compatible; Googlebot/2.1; +http://www.google.com/bot.html)"
66.249.70.1 - - [14/Apr/2026:14:46:53 +0300] "GET /?shop/g/g91934300/ HTTP/1.0" 200 24282 "-" "Mozilla/5.0 (Linux; Android 6.0.1; Nexus 5X Build/MMB29P) AppleWebKit/537.36 (KHTML, like Gecko) Chrome/146.0.7680.177 Mobile Safari/537.36 (compatible; Googlebot/2.1; +http://www.google.com/bot.html)"
89.111.170.8 - - [14/Apr/2026:14:47:34 +0300] "GET / HTTP/1.0" 500 185 "-" "https://reg.ru monitoring abuse@reg.ru"
66.249.76.232 - - [14/Apr/2026:14:47:35 +0300] "GET /?shop/g/g91982738873/ HTTP/1.0" 200 24112 "-" "Mozilla/5.0 (Linux; Android 6.0.1; Nexus 5X Build/MMB29P) AppleWebKit/537.36 (KHTML, like Gecko) Chrome/146.0.7680.177 Mobile Safari/537.36 (compatible; Googlebot/2.1; +http://www.google.com/bot.html)"
74.7.227.38 - - [14/Apr/2026:14:47:53 +0300] "GET /p/limit70626550?id=642808 HTTP/1.0" 500 185 "https://region-saitov.ru/sitemape.xml" "Mozilla/5.0 AppleWebKit/537.36 (KHTML, like Gecko; compatible; GPTBot/1.3; +https://openai.com/gptbot)"
66.249.70.2 - - [14/Apr/2026:14:47:53 +0300] "GET /p/sketc60803573?id=819831 HTTP/1.0" 200 24566 "-" "Mozilla/5.0 (Linux; Android 6.0.1; Nexus 5X Build/MMB29P) AppleWebKit/537.36 (KHTML, like Gecko) Chrome/146.0.7680.177 Mobile Safari/537.36 (compatible; GoogleOther)"
66.249.76.231 - - [14/Apr/2026:14:47:58 +0300] "GET /?shop/g/g91982803889/ HTTP/1.0" 200 24801 "-" "Mozilla/5.0 (Linux; Android 6.0.1; Nexus 5X Build/MMB29P) AppleWebKit/537.36 (KHTML, like Gecko) Chrome/146.0.7680.177 Mobile Safari/537.36 (compatible; Googlebot/2.1; +http://www.google.com/bot.html)"
66.249.76.231 - - [14/Apr/2026:14:48:11 +0300] "GET /?shop/g/g9193351077/ HTTP/1.0" 200 24756 "-" "Mozilla/5.0 (Linux; Android 6.0.1; Nexus 5X Build/MMB29P) AppleWebKit/537.36 (KHTML, like Gecko) Chrome/146.0.7680.177 Mobile Safari/537.36 (compatible; Googlebot/2.1; +http://www.google.com/bot.html)"
66.249.70.1 - - [14/Apr/2026:14:48:25 +0300] "GET /?shop/g/g9193404458/ HTTP/1.0" 200 24407 "-" "Mozilla/5.0 (Linux; Android 6.0.1; Nexus 5X Build/MMB29P) AppleWebKit/537.36 (KHTML, like Gecko) Chrome/146.0.7680.177 Mobile Safari/537.36 (compatible; Googlebot/2.1; +http://www.google.com/bot.html)"
66.249.76.231 - - [14/Apr/2026:14:48:30 +0300] "GET /?shop/g/g91982836792/ HTTP/1.0" 200 24718 "-" "Mozilla/5.0 (Linux; Android 6.0.1; Nexus 5X Build/MMB29P) AppleWebKit/537.36 (KHTML, like Gecko) Chrome/146.0.7680.177 Mobile Safari/537.36 (compatible; Googlebot/2.1; +http://www.google.com/bot.html)"
74.7.227.38 - - [14/Apr/2026:14:48:56 +0300] "GET /p/inves50438324?id=454582 HTTP/1.0" 500 185 "https://region-saitov.ru/sitemapa.xml" "Mozilla/5.0 AppleWebKit/537.36 (KHTML, like Gecko; compatible; GPTBot/1.3; +https://openai.com/gptbot)"
109.95.106.224 - - [14/Apr/2026:14:48:58 +0300] "GET /rs-blue.png HTTP/1.1" 200 2931 "http://kardogroup.ru/" "Mozilla/5.0 (Windows NT 10.0; Win64; x64) AppleWebKit/537.36 (KHTML, like Gecko) Chrome/147.0.0.0 Safari/537.36"
66.249.76.233 - - [14/Apr/2026:14:49:02 +0300] "GET /?shop/g/g9194661376/ HTTP/1.0" 200 24956 "-" "Mozilla/5.0 (Linux; Android 6.0.1; Nexus 5X Build/MMB29P) AppleWebKit/537.36 (KHTML, like Gecko) Chrome/146.0.7680.177 Mobile Safari/537.36 (compatible; Googlebot/2.1; +http://www.google.com/bot.html)"
92.36.42.138 - - [14/Apr/2026:14:49:14 +0300] "GET /rs-grey.png HTTP/1.1" 200 2424 "https://markains.ru/" "Mozilla/5.0 (Linux; arm_64; Android 16; 24129PN74G) AppleWebKit/537.36 (KHTML, like Gecko) Chrome/144.0.7559.793 YaApp_Android/26.32.1 YaSearchBrowser/26.32.1 BroPP/1.0 Mobile Safari/537.36"
66.249.76.232 - - [14/Apr/2026:14:49:11 +0300] "GET /?shop/g/g91982979484/ HTTP/1.0" 200 24549 "-" "Mozilla/5.0 (Linux; Android 6.0.1; Nexus 5X Build/MMB29P) AppleWebKit/537.36 (KHTML, like Gecko) Chrome/146.0.7680.177 Mobile Safari/537.36 (compatible; Googlebot/2.1; +http://www.google.com/bot.html)"
66.249.70.1 - - [14/Apr/2026:14:49:20 +0300] "GET /?shop/g/g9194626182/ HTTP/1.0" 200 24645 "-" "Mozilla/5.0 (Linux; Android 6.0.1; Nexus 5X Build/MMB29P) AppleWebKit/537.36 (KHTML, like Gecko) Chrome/146.0.7680.177 Mobile Safari/537.36 (compatible; GoogleOther)"
66.249.70.1 - - [14/Apr/2026:14:49:43 +0300] "GET /?shop/g/g9193132333/ HTTP/1.0" 200 24491 "-" "Mozilla/5.0 (Linux; Android 6.0.1; Nexus 5X Build/MMB29P) AppleWebKit/537.36 (KHTML, like Gecko) Chrome/146.0.7680.177 Mobile Safari/537.36 (compatible; Googlebot/2.1; +http://www.google.com/bot.html)"
74.7.227.38 - - [14/Apr/2026:14:49:59 +0300] "GET /p/ignor50161860?id=178118 HTTP/1.0" 500 185 "https://region-saitov.ru/sitemape.xml" "Mozilla/5.0 AppleWebKit/537.36 (KHTML, like Gecko; compatible; GPTBot/1.3; +https://openai.com/gptbot)"
66.249.70.1 - - [14/Apr/2026:14:50:01 +0300] "GET /p/basin60942941?id=959199 HTTP/1.0" 200 24525 "-" "Mozilla/5.0 (Linux; Android 6.0.1; Nexus 5X Build/MMB29P) AppleWebKit/537.36 (KHTML, like Gecko) Chrome/146.0.7680.177 Mobile Safari/537.36 (compatible; GoogleOther)"
66.249.76.231 - - [14/Apr/2026:14:50:14 +0300] "GET /?shop/g/g91951333706/ HTTP/1.0" 200 24459 "-" "Mozilla/5.0 (Linux; Android 6.0.1; Nexus 5X Build/MMB29P) AppleWebKit/537.36 (KHTML, like Gecko) Chrome/146.0.7680.177 Mobile Safari/537.36 (compatible; Googlebot/2.1; +http://www.google.com/bot.html)"
66.249.76.231 - - [14/Apr/2026:14:50:19 +0300] "GET /?shop/g/g91982800793/ HTTP/1.0" 200 24950 "-" "Mozilla/5.0 (Linux; Android 6.0.1; Nexus 5X Build/MMB29P) AppleWebKit/537.36 (KHTML, like Gecko) Chrome/146.0.7680.177 Mobile Safari/537.36 (compatible; Googlebot/2.1; +http://www.google.com/bot.html)"
135.136.6.34 - - [14/Apr/2026:14:50:29 +0300] "GET /rs-blue.png HTTP/1.1" 200 2931 "https://mc-tabib.ru/" "Mozilla/5.0 (Windows NT 10.0; Win64; x64) AppleWebKit/537.36 (KHTML, like Gecko) Chrome/146.0.0.0 Safari/537.36"
89.111.141.101 - - [14/Apr/2026:14:50:37 +0300] "GET / HTTP/1.0" 500 185 "-" "https://reg.ru monitoring abuse@reg.ru"
109.95.106.224 - - [14/Apr/2026:14:50:52 +0300] "GET /rs-blue.png HTTP/1.1" 200 2931 "https://kardogroup.ru/" "Mozilla/5.0 (Windows NT 10.0; Win64; x64) AppleWebKit/537.36 (KHTML, like Gecko) Chrome/147.0.0.0 Safari/537.36"
92.242.60.14 - - [14/Apr/2026:14:50:58 +0300] "GET / HTTP/1.0" 500 185 "-" "https://reg.ru monitoring abuse@reg.ru"
74.7.227.38 - - [14/Apr/2026:14:51:01 +0300] "GET /p/proce80714047?id=730305 HTTP/1.0" 500 185 "https://region-saitov.ru/sitemape.xml" "Mozilla/5.0 AppleWebKit/537.36 (KHTML, like Gecko; compatible; GPTBot/1.3; +https://openai.com/gptbot)"
89.111.170.8 - - [14/Apr/2026:14:52:22 +0300] "GET / HTTP/1.0" 500 185 "-" "https://reg.ru monitoring abuse@reg.ru"
109.195.35.167 - - [14/Apr/2026:14:52:29 +0300] "GET /rs-grey.png HTTP/1.1" 200 2424 "http://devistom.ru/" "Mozilla/5.0 (Windows NT 10.0; Win64; x64) AppleWebKit/537.36 (KHTML, like Gecko) Chrome/115.0 Safari/537.36"
66.249.76.232 - - [14/Apr/2026:14:52:32 +0300] "GET /?shop/g/g91982772929/ HTTP/1.0" 200 24668 "-" "Mozilla/5.0 (Linux; Android 6.0.1; Nexus 5X Build/MMB29P) AppleWebKit/537.36 (KHTML, like Gecko) Chrome/146.0.7680.177 Mobile Safari/537.36 (compatible; Googlebot/2.1; +http://www.google.com/bot.html)"
216.73.216.172 - - [14/Apr/2026:14:52:40 +0300] "GET /p/ridic20419201?id=435459 HTTP/1.0" 500 185 "-" "Mozilla/5.0 AppleWebKit/537.36 (KHTML, like Gecko; compatible; ClaudeBot/1.0; +claudebot@anthropic.com)"
216.73.216.172 - - [14/Apr/2026:14:52:44 +0300] "GET /p/down60448789?id=465047 HTTP/1.0" 500 185 "-" "Mozilla/5.0 AppleWebKit/537.36 (KHTML, like Gecko; compatible; ClaudeBot/1.0; +claudebot@anthropic.com)"
216.73.216.172 - - [14/Apr/2026:14:52:49 +0300] "GET /p/dismi22452289?id=2468547 HTTP/1.0" 500 185 "-" "Mozilla/5.0 AppleWebKit/537.36 (KHTML, like Gecko; compatible; ClaudeBot/1.0; +claudebot@anthropic.com)"
216.73.216.172 - - [14/Apr/2026:14:52:54 +0300] "GET /p/if42860043?id=2876301 HTTP/1.0" 500 185 "-" "Mozilla/5.0 AppleWebKit/537.36 (KHTML, like Gecko; compatible; ClaudeBot/1.0; +claudebot@anthropic.com)"
109.195.35.167 - - [14/Apr/2026:14:52:55 +0300] "GET /rs-grey.png HTTP/1.1" 200 2424 "https://devistom.ru/" "Mozilla/5.0 (Windows NT 10.0; Win64; x64) AppleWebKit/537.36 (KHTML, like Gecko) Chrome/115.0 Safari/537.36"
216.73.216.172 - - [14/Apr/2026:14:52:59 +0300] "GET /p/list52040620?id=2056878 HTTP/1.0" 500 185 "-" "Mozilla/5.0 AppleWebKit/537.36 (KHTML, like Gecko; compatible; ClaudeBot/1.0; +claudebot@anthropic.com)"
109.195.35.167 - - [14/Apr/2026:14:53:02 +0300] "GET /rs-grey.png HTTP/1.1" 200 2424 "https://devistom.ru/" "Mozilla/5.0 (Windows NT 10.0; Win64; x64) AppleWebKit/537.36 (KHTML, like Gecko) Chrome/115.0 Safari/537.36"
216.73.216.172 - - [14/Apr/2026:14:53:04 +0300] "GET /p/socce22089673?id=2105931 HTTP/1.0" 500 185 "-" "Mozilla/5.0 AppleWebKit/537.36 (KHTML, like Gecko; compatible; ClaudeBot/1.0; +claudebot@anthropic.com)"
216.73.216.172 - - [14/Apr/2026:14:53:09 +0300] "GET /p/spell22633545?id=2649803 HTTP/1.0" 500 185 "-" "Mozilla/5.0 AppleWebKit/537.36 (KHTML, like Gecko; compatible; ClaudeBot/1.0; +claudebot@anthropic.com)"
109.195.35.167 - - [14/Apr/2026:14:53:10 +0300] "GET /rs-grey.png HTTP/1.1" 200 2424 "https://devistom.ru/" "Mozilla/5.0 (Windows NT 10.0; Win64; x64) AppleWebKit/537.36 (KHTML, like Gecko) Chrome/115.0 Safari/537.36"
74.7.227.38 - - [14/Apr/2026:14:53:11 +0300] "GET /p/crisi70901950?id=918208 HTTP/1.0" 500 185 "https://region-saitov.ru/sitemapa.xml" "Mozilla/5.0 AppleWebKit/537.36 (KHTML, like Gecko; compatible; GPTBot/1.3; +https://openai.com/gptbot)"
216.73.216.172 - - [14/Apr/2026:14:53:14 +0300] "GET /p/scatt60682981?id=699239 HTTP/1.0" 500 185 "-" "Mozilla/5.0 AppleWebKit/537.36 (KHTML, like Gecko; compatible; ClaudeBot/1.0; +claudebot@anthropic.com)"
216.73.216.172 - - [14/Apr/2026:14:53:19 +0300] "GET /p/shock81713439?id=1729697 HTTP/1.0" 500 185 "-" "Mozilla/5.0 AppleWebKit/537.36 (KHTML, like Gecko; compatible; ClaudeBot/1.0; +claudebot@anthropic.com)"
66.249.70.3 - - [14/Apr/2026:14:53:20 +0300] "GET /?shop/g/g9194627520/ HTTP/1.0" 200 25103 "-" "Mozilla/5.0 (Linux; Android 6.0.1; Nexus 5X Build/MMB29P) AppleWebKit/537.36 (KHTML, like Gecko) Chrome/146.0.7680.177 Mobile Safari/537.36 (compatible; Googlebot/2.1; +http://www.google.com/bot.html)"
216.73.216.172 - - [14/Apr/2026:14:53:24 +0300] "GET /p/trap80599623?id=615881 HTTP/1.0" 500 185 "-" "Mozilla/5.0 AppleWebKit/537.36 (KHTML, like Gecko; compatible; ClaudeBot/1.0; +claudebot@anthropic.com)"
216.73.216.172 - - [14/Apr/2026:14:53:29 +0300] "GET /p/whole10073048?id=89306 HTTP/1.0" 500 185 "-" "Mozilla/5.0 AppleWebKit/537.36 (KHTML, like Gecko; compatible; ClaudeBot/1.0; +claudebot@anthropic.com)"
66.249.70.1 - - [14/Apr/2026:14:53:29 +0300] "GET /?shop/g/g91951022810/ HTTP/1.0" 200 25817 "-" "Mozilla/5.0 (Linux; Android 6.0.1; Nexus 5X Build/MMB29P) AppleWebKit/537.36 (KHTML, like Gecko) Chrome/146.0.7680.177 Mobile Safari/537.36 (compatible; Googlebot/2.1; +http://www.google.com/bot.html)"
216.73.216.172 - - [14/Apr/2026:14:53:34 +0300] "GET /p/secti32834914?id=2851172 HTTP/1.0" 500 185 "-" "Mozilla/5.0 AppleWebKit/537.36 (KHTML, like Gecko; compatible; ClaudeBot/1.0; +claudebot@anthropic.com)"
216.73.216.172 - - [14/Apr/2026:14:53:39 +0300] "GET /p/delet31074810?id=1091068 HTTP/1.0" 500 185 "-" "Mozilla/5.0 AppleWebKit/537.36 (KHTML, like Gecko; compatible; ClaudeBot/1.0; +claudebot@anthropic.com)"
109.195.35.167 - - [14/Apr/2026:14:53:41 +0300] "GET /rs-grey.png HTTP/1.1" 200 2424 "https://devistom.ru/" "Mozilla/5.0 (Windows NT 10.0; Win64; x64) AppleWebKit/537.36 (KHTML, like Gecko) Chrome/115.0 Safari/537.36"
216.73.216.172 - - [14/Apr/2026:14:53:44 +0300] "GET /p/adequ61458157?id=1474415 HTTP/1.0" 500 185 "-" "Mozilla/5.0 AppleWebKit/537.36 (KHTML, like Gecko; compatible; ClaudeBot/1.0; +claudebot@anthropic.com)"
216.73.216.172 - - [14/Apr/2026:14:53:49 +0300] "GET /p/dew52330548?id=2346806 HTTP/1.0" 500 185 "-" "Mozilla/5.0 AppleWebKit/537.36 (KHTML, like Gecko; compatible; ClaudeBot/1.0; +claudebot@anthropic.com)"
216.73.216.172 - - [14/Apr/2026:14:53:54 +0300] "GET /p/mat20686977?id=703235 HTTP/1.0" 500 185 "-" "Mozilla/5.0 AppleWebKit/537.36 (KHTML, like Gecko; compatible; ClaudeBot/1.0; +claudebot@anthropic.com)"
66.249.70.1 - - [14/Apr/2026:14:53:54 +0300] "GET /?shop/g/g91961589438/ HTTP/1.0" 200 25616 "-" "Mozilla/5.0 (Linux; Android 6.0.1; Nexus 5X Build/MMB29P) AppleWebKit/537.36 (KHTML, like Gecko) Chrome/146.0.7680.177 Mobile Safari/537.36 (compatible; GoogleOther)"
216.73.216.172 - - [14/Apr/2026:14:53:59 +0300] "GET /p/suppl32632914?id=2649172 HTTP/1.0" 500 185 "-" "Mozilla/5.0 AppleWebKit/537.36 (KHTML, like Gecko; compatible; ClaudeBot/1.0; +claudebot@anthropic.com)"
74.7.227.38 - - [14/Apr/2026:14:54:11 +0300] "GET /p/seven40708147?id=724405 HTTP/1.0" 500 185 "https://region-saitov.ru/sitemape.xml" "Mozilla/5.0 AppleWebKit/537.36 (KHTML, like Gecko; compatible; GPTBot/1.3; +https://openai.com/gptbot)"
109.195.35.167 - - [14/Apr/2026:14:54:15 +0300] "GET /rs-grey.png HTTP/1.1" 200 2424 "https://devistom.ru/" "Mozilla/5.0 (Windows NT 10.0; Win64; x64) AppleWebKit/537.36 (KHTML, like Gecko) Chrome/115.0 Safari/537.36"
216.73.216.172 - - [14/Apr/2026:14:54:29 +0300] "GET /p/nest72014486?id=2030744 HTTP/1.0" 500 185 "-" "Mozilla/5.0 AppleWebKit/537.36 (KHTML, like Gecko; compatible; ClaudeBot/1.0; +claudebot@anthropic.com)"
216.73.216.172 - - [14/Apr/2026:14:54:33 +0300] "GET /p/fog71486766?id=1503024 HTTP/1.0" 500 185 "-" "Mozilla/5.0 AppleWebKit/537.36 (KHTML, like Gecko; compatible; ClaudeBot/1.0; +claudebot@anthropic.com)"
66.249.70.1 - - [14/Apr/2026:14:54:34 +0300] "GET /?shop/g/g9193210590/ HTTP/1.0" 200 24704 "-" "Mozilla/5.0 (Linux; Android 6.0.1; Nexus 5X Build/MMB29P) AppleWebKit/537.36 (KHTML, like Gecko) Chrome/146.0.7680.177 Mobile Safari/537.36 (compatible; Googlebot/2.1; +http://www.google.com/bot.html)"
216.73.216.172 - - [14/Apr/2026:14:54:38 +0300] "GET /p/compu70456942?id=473200 HTTP/1.0" 500 185 "-" "Mozilla/5.0 AppleWebKit/537.36 (KHTML, like Gecko; compatible; ClaudeBot/1.0; +claudebot@anthropic.com)"
216.73.216.172 - - [14/Apr/2026:14:54:43 +0300] "GET /p/she72952950?id=2969208 HTTP/1.0" 500 185 "-" "Mozilla/5.0 AppleWebKit/537.36 (KHTML, like Gecko; compatible; ClaudeBot/1.0; +claudebot@anthropic.com)"
216.73.216.172 - - [14/Apr/2026:14:54:47 +0300] "GET /p/bruis20550689?id=566947 HTTP/1.0" 500 185 "-" "Mozilla/5.0 AppleWebKit/537.36 (KHTML, like Gecko; compatible; ClaudeBot/1.0; +claudebot@anthropic.com)"
216.73.216.172 - - [14/Apr/2026:14:54:48 +0300] "GET /p/facul32831050?id=2847308 HTTP/1.0" 500 185 "-" "Mozilla/5.0 AppleWebKit/537.36 (KHTML, like Gecko; compatible; ClaudeBot/1.0; +claudebot@anthropic.com)"
216.73.216.172 - - [14/Apr/2026:14:54:52 +0300] "GET /p/see81817695?id=1833953 HTTP/1.0" 500 185 "-" "Mozilla/5.0 AppleWebKit/537.36 (KHTML, like Gecko; compatible; ClaudeBot/1.0; +claudebot@anthropic.com)"
216.73.216.172 - - [14/Apr/2026:14:54:53 +0300] "GET /p/alpha12131312?id=2147570 HTTP/1.0" 500 185 "-" "Mozilla/5.0 AppleWebKit/537.36 (KHTML, like Gecko; compatible; ClaudeBot/1.0; +claudebot@anthropic.com)"
216.73.216.172 - - [14/Apr/2026:14:54:56 +0300] "GET /p/congr51510524?id=1526782 HTTP/1.0" 500 185 "-" "Mozilla/5.0 AppleWebKit/537.36 (KHTML, like Gecko; compatible; ClaudeBot/1.0; +claudebot@anthropic.com)"
109.195.35.167 - - [14/Apr/2026:14:55:01 +0300] "GET /rs-grey.png HTTP/1.1" 200 2424 "https://devistom.ru/" "Mozilla/5.0 (Windows NT 10.0; Win64; x64) AppleWebKit/537.36 (KHTML, like Gecko) Chrome/115.0 Safari/537.36"
216.73.216.172 - - [14/Apr/2026:14:55:01 +0300] "GET /p/consu71365934?id=1382192 HTTP/1.0" 500 185 "-" "Mozilla/5.0 AppleWebKit/537.36 (KHTML, like Gecko; compatible; ClaudeBot/1.0; +claudebot@anthropic.com)"
216.73.216.172 - - [14/Apr/2026:14:55:10 +0300] "GET /p/sane41555891?id=1572149 HTTP/1.0" 500 185 "-" "Mozilla/5.0 AppleWebKit/537.36 (KHTML, like Gecko; compatible; ClaudeBot/1.0; +claudebot@anthropic.com)"
216.73.216.172 - - [14/Apr/2026:14:55:15 +0300] "GET /p/pulse61038469?id=1054727 HTTP/1.0" 500 185 "-" "Mozilla/5.0 AppleWebKit/537.36 (KHTML, like Gecko; compatible; ClaudeBot/1.0; +claudebot@anthropic.com)"
74.7.227.38 - - [14/Apr/2026:14:55:16 +0300] "GET /p/never50616908?id=633166 HTTP/1.0" 500 185 "https://region-saitov.ru/sitemapa.xml" "Mozilla/5.0 AppleWebKit/537.36 (KHTML, like Gecko; compatible; GPTBot/1.3; +https://openai.com/gptbot)"
216.73.216.172 - - [14/Apr/2026:14:55:20 +0300] "GET /p/advis32564050?id=2580308 HTTP/1.0" 500 185 "-" "Mozilla/5.0 AppleWebKit/537.36 (KHTML, like Gecko; compatible; ClaudeBot/1.0; +claudebot@anthropic.com)"
216.73.216.172 - - [14/Apr/2026:14:55:25 +0300] "GET /p/prima50689156?id=705414 HTTP/1.0" 500 185 "-" "Mozilla/5.0 AppleWebKit/537.36 (KHTML, like Gecko; compatible; ClaudeBot/1.0; +claudebot@anthropic.com)"
216.73.216.172 - - [14/Apr/2026:14:55:30 +0300] "GET /p/yet42724451?id=2740709 HTTP/1.0" 500 185 "-" "Mozilla/5.0 AppleWebKit/537.36 (KHTML, like Gecko; compatible; ClaudeBot/1.0; +claudebot@anthropic.com)"
66.249.70.1 - - [14/Apr/2026:14:55:30 +0300] "GET /p/fur71915646?id=1931904 HTTP/1.0" 200 25027 "-" "Mozilla/5.0 (Linux; Android 6.0.1; Nexus 5X Build/MMB29P) AppleWebKit/537.36 (KHTML, like Gecko) Chrome/146.0.7680.177 Mobile Safari/537.36 (compatible; GoogleOther)"
216.73.216.172 - - [14/Apr/2026:14:55:35 +0300] "GET /p/heada22065681?id=2081939 HTTP/1.0" 500 185 "-" "Mozilla/5.0 AppleWebKit/537.36 (KHTML, like Gecko; compatible; ClaudeBot/1.0; +claudebot@anthropic.com)"
216.73.216.172 - - [14/Apr/2026:14:55:40 +0300] "GET /p/snap10323816?id=340074 HTTP/1.0" 500 185 "-" "Mozilla/5.0 AppleWebKit/537.36 (KHTML, like Gecko; compatible; ClaudeBot/1.0; +claudebot@anthropic.com)"
89.111.141.101 - - [14/Apr/2026:14:55:40 +0300] "GET / HTTP/1.0" 500 185 "-" "https://reg.ru monitoring abuse@reg.ru"
216.73.216.172 - - [14/Apr/2026:14:55:45 +0300] "GET /p/flexi22742057?id=2758315 HTTP/1.0" 500 185 "-" "Mozilla/5.0 AppleWebKit/537.36 (KHTML, like Gecko; compatible; ClaudeBot/1.0; +claudebot@anthropic.com)"
155.212.0.109 - - [14/Apr/2026:14:55:49 +0300] "GET / HTTP/1.1" 301 196 "-" "Mozilla/5.0 (Macintosh; Intel Mac OS X 10.8; rv:45.0) Gecko/20100101 Firefox/45.0"
216.73.216.172 - - [14/Apr/2026:14:55:51 +0300] "GET /p/disti52898092?id=2914350 HTTP/1.0" 500 185 "-" "Mozilla/5.0 AppleWebKit/537.36 (KHTML, like Gecko; compatible; ClaudeBot/1.0; +claudebot@anthropic.com)"
155.212.0.109 - - [14/Apr/2026:14:55:49 +0300] "GET / HTTP/1.0" 500 185 "-" "Mozilla/5.0 (Macintosh; Intel Mac OS X 10.8; rv:45.0) Gecko/20100101 Firefox/45.0"
216.73.216.172 - - [14/Apr/2026:14:55:55 +0300] "GET /p/hobby61440069?id=1456327 HTTP/1.0" 500 185 "-" "Mozilla/5.0 AppleWebKit/537.36 (KHTML, like Gecko; compatible; ClaudeBot/1.0; +claudebot@anthropic.com)"
216.73.216.172 - - [14/Apr/2026:14:56:00 +0300] "GET /p/londo31333314?id=1349572 HTTP/1.0" 500 185 "-" "Mozilla/5.0 AppleWebKit/537.36 (KHTML, like Gecko; compatible; ClaudeBot/1.0; +claudebot@anthropic.com)"
217.23.189.170 - - [14/Apr/2026:14:56:03 +0300] "GET /rs-white.png HTTP/1.1" 200 2176 "https://dks.riat.ru/" "Mozilla/5.0 (Linux; Android 16; Xiaomi 13T Pro Build/BP2A.250605.031.A3) AppleWebKit/537.36 (KHTML, like Gecko) Chrome/135.0.7049.79 Mobile Safari/537.36 XiaoMi/MiuiBrowser/14.53.0-gn"
45.146.90.10 - - [14/Apr/2026:14:56:04 +0300] "GET /rs-white.png HTTP/1.1" 200 2176 "https://www.vekanch.ru/" "Mozilla/5.0 (Windows NT 10.0; Win64; x64) AppleWebKit/537.36 (KHTML, like Gecko) Chrome/137.0.0.0 Safari/537.36"
216.73.216.172 - - [14/Apr/2026:14:56:05 +0300] "GET /p/stren21327425?id=1343683 HTTP/1.0" 500 185 "-" "Mozilla/5.0 AppleWebKit/537.36 (KHTML, like Gecko; compatible; ClaudeBot/1.0; +claudebot@anthropic.com)"
216.73.216.172 - - [14/Apr/2026:14:56:08 +0300] "GET /p/hay22410785?id=2427043 HTTP/1.0" 500 185 "-" "Mozilla/5.0 AppleWebKit/537.36 (KHTML, like Gecko; compatible; ClaudeBot/1.0; +claudebot@anthropic.com)"
216.73.216.172 - - [14/Apr/2026:14:56:10 +0300] "GET /p/counc32618194?id=2634452 HTTP/1.0" 500 185 "-" "Mozilla/5.0 AppleWebKit/537.36 (KHTML, like Gecko; compatible; ClaudeBot/1.0; +claudebot@anthropic.com)"
216.73.216.172 - - [14/Apr/2026:14:56:12 +0300] "GET /p/negot71845814?id=1862072 HTTP/1.0" 500 185 "-" "Mozilla/5.0 AppleWebKit/537.36 (KHTML, like Gecko; compatible; ClaudeBot/1.0; +claudebot@anthropic.com)"
92.242.60.14 - - [14/Apr/2026:14:56:09 +0300] "GET / HTTP/1.0" 500 185 "-" "https://reg.ru monitoring abuse@reg.ru"
66.249.70.3 - - [14/Apr/2026:14:56:10 +0300] "GET /?shop/g/g91982780956/ HTTP/1.0" 200 24939 "-" "Mozilla/5.0 (Linux; Android 6.0.1; Nexus 5X Build/MMB29P) AppleWebKit/537.36 (KHTML, like Gecko) Chrome/146.0.7680.177 Mobile Safari/537.36 (compatible; Googlebot/2.1; +http://www.google.com/bot.html)"
216.73.216.172 - - [14/Apr/2026:14:56:15 +0300] "GET /p/prohi32914178?id=2930436 HTTP/1.0" 500 185 "-" "Mozilla/5.0 AppleWebKit/537.36 (KHTML, like Gecko; compatible; ClaudeBot/1.0; +claudebot@anthropic.com)"
216.73.216.172 - - [14/Apr/2026:14:56:17 +0300] "GET /p/picni41729299?id=1745557 HTTP/1.0" 500 185 "-" "Mozilla/5.0 AppleWebKit/537.36 (KHTML, like Gecko; compatible; ClaudeBot/1.0; +claudebot@anthropic.com)"
74.7.227.38 - - [14/Apr/2026:14:56:18 +0300] "GET /p/praye60943677?id=959935 HTTP/1.0" 500 185 "https://region-saitov.ru/sitemapa.xml" "Mozilla/5.0 AppleWebKit/537.36 (KHTML, like Gecko; compatible; GPTBot/1.3; +https://openai.com/gptbot)"
66.249.70.1 - - [14/Apr/2026:14:56:15 +0300] "GET /?shop/g/g91982980042/ HTTP/1.0" 200 24951 "-" "Mozilla/5.0 (Linux; Android 6.0.1; Nexus 5X Build/MMB29P) AppleWebKit/537.36 (KHTML, like Gecko) Chrome/146.0.7680.177 Mobile Safari/537.36 (compatible; Googlebot/2.1; +http://www.google.com/bot.html)"
216.73.216.172 - - [14/Apr/2026:14:56:22 +0300] "GET /p/gross62315205?id=2331463 HTTP/1.0" 500 185 "-" "Mozilla/5.0 AppleWebKit/537.36 (KHTML, like Gecko; compatible; ClaudeBot/1.0; +claudebot@anthropic.com)"
216.73.216.172 - - [14/Apr/2026:14:56:27 +0300] "GET /p/lame32242650?id=2258908 HTTP/1.0" 500 185 "-" "Mozilla/5.0 AppleWebKit/537.36 (KHTML, like Gecko; compatible; ClaudeBot/1.0; +claudebot@anthropic.com)"
216.73.216.172 - - [14/Apr/2026:14:56:27 +0300] "GET /p/madam12884688?id=2900946 HTTP/1.0" 500 185 "-" "Mozilla/5.0 AppleWebKit/537.36 (KHTML, like Gecko; compatible; ClaudeBot/1.0; +claudebot@anthropic.com)"
66.249.70.1 - - [14/Apr/2026:14:56:24 +0300] "GET /?shop/g/g9194736256/ HTTP/1.0" 200 26178 "-" "Mozilla/5.0 (Linux; Android 6.0.1; Nexus 5X Build/MMB29P) AppleWebKit/537.36 (KHTML, like Gecko) Chrome/146.0.7680.177 Mobile Safari/537.36 (compatible; Googlebot/2.1; +http://www.google.com/bot.html)"
216.73.216.172 - - [14/Apr/2026:14:56:31 +0300] "GET /p/prior32366370?id=2382628 HTTP/1.0" 500 185 "-" "Mozilla/5.0 AppleWebKit/537.36 (KHTML, like Gecko; compatible; ClaudeBot/1.0; +claudebot@anthropic.com)"
216.73.216.172 - - [14/Apr/2026:14:56:32 +0300] "GET /p/playg12137224?id=2153482 HTTP/1.0" 500 185 "-" "Mozilla/5.0 AppleWebKit/537.36 (KHTML, like Gecko; compatible; ClaudeBot/1.0; +claudebot@anthropic.com)"
66.249.76.231 - - [14/Apr/2026:14:56:29 +0300] "GET /?shop/g/g9193317025/ HTTP/1.0" 200 24495 "-" "Mozilla/5.0 (Linux; Android 6.0.1; Nexus 5X Build/MMB29P) AppleWebKit/537.36 (KHTML, like Gecko) Chrome/146.0.7680.177 Mobile Safari/537.36 (compatible; Googlebot/2.1; +http://www.google.com/bot.html)"
216.73.216.172 - - [14/Apr/2026:14:56:36 +0300] "GET /p/geome12883360?id=2899618 HTTP/1.0" 500 185 "-" "Mozilla/5.0 AppleWebKit/537.36 (KHTML, like Gecko; compatible; ClaudeBot/1.0; +claudebot@anthropic.com)"
216.73.216.172 - - [14/Apr/2026:14:56:41 +0300] "GET /p/item81917943?id=1934201 HTTP/1.0" 500 185 "-" "Mozilla/5.0 AppleWebKit/537.36 (KHTML, like Gecko; compatible; ClaudeBot/1.0; +claudebot@anthropic.com)"
155.212.0.109 - - [14/Apr/2026:14:56:42 +0300] "GET /login HTTP/1.0" 500 185 "https://region-saitov.ru:443/" "Mozilla/5.0 (Macintosh; Intel Mac OS X 10.8; rv:45.0) Gecko/20100101 Firefox/45.0"
216.73.216.172 - - [14/Apr/2026:14:56:46 +0300] "GET /p/troub52548836?id=2565094 HTTP/1.0" 500 185 "-" "Mozilla/5.0 AppleWebKit/537.36 (KHTML, like Gecko; compatible; ClaudeBot/1.0; +claudebot@anthropic.com)"
155.212.0.109 - - [14/Apr/2026:14:56:46 +0300] "GET /component/users HTTP/1.0" 500 185 "https://region-saitov.ru:443/login" "Mozilla/5.0 (Macintosh; Intel Mac OS X 10.8; rv:45.0) Gecko/20100101 Firefox/45.0"
216.73.216.172 - - [14/Apr/2026:14:56:51 +0300] "GET /p/repre61045453?id=1061711 HTTP/1.0" 500 185 "-" "Mozilla/5.0 AppleWebKit/537.36 (KHTML, like Gecko; compatible; ClaudeBot/1.0; +claudebot@anthropic.com)"
155.212.0.109 - - [14/Apr/2026:14:56:49 +0300] "GET /index.php?option=com_users&task=user.login HTTP/1.0" 500 185 "https://region-saitov.ru:443/component/users" "Mozilla/5.0 (Macintosh; Intel Mac OS X 10.8; rv:45.0) Gecko/20100101 Firefox/45.0"
155.212.0.109 - - [14/Apr/2026:14:56:53 +0300] "GET /index.php/component/users/remind?Itemid=101&task=remind.remind HTTP/1.0" 500 185 "https://region-saitov.ru:443/index.php?option=com_users&task=user.login" "Mozilla/5.0 (Macintosh; Intel Mac OS X 10.8; rv:45.0) Gecko/20100101 Firefox/45.0"
216.73.216.172 - - [14/Apr/2026:14:56:56 +0300] "GET /p/thriv60510781?id=527039 HTTP/1.0" 500 185 "-" "Mozilla/5.0 AppleWebKit/537.36 (KHTML, like Gecko; compatible; ClaudeBot/1.0; +claudebot@anthropic.com)"
155.212.0.109 - - [14/Apr/2026:14:56:56 +0300] "GET /index.php?option=com_search HTTP/1.0" 500 185 "https://region-saitov.ru:443/index.php/component/users/remind?Itemid=101&task=remind.remind" "Mozilla/5.0 (Macintosh; Intel Mac OS X 10.8; rv:45.0) Gecko/20100101 Firefox/45.0"
66.249.70.1 - - [14/Apr/2026:14:56:57 +0300] "GET /?shop/g/g91982633609/ HTTP/1.0" 200 25218 "-" "Mozilla/5.0 (Linux; Android 6.0.1; Nexus 5X Build/MMB29P) AppleWebKit/537.36 (KHTML, like Gecko) Chrome/146.0.7680.177 Mobile Safari/537.36 (compatible; Googlebot/2.1; +http://www.google.com/bot.html)"
216.73.216.172 - - [14/Apr/2026:14:57:01 +0300] "GET /p/merry42667291?id=2683549 HTTP/1.0" 500 185 "-" "Mozilla/5.0 AppleWebKit/537.36 (KHTML, like Gecko; compatible; ClaudeBot/1.0; +claudebot@anthropic.com)"
66.249.70.1 - - [14/Apr/2026:14:57:01 +0300] "GET /?shop/g/g91982902961/ HTTP/1.0" 200 24748 "-" "Mozilla/5.0 (Linux; Android 6.0.1; Nexus 5X Build/MMB29P) AppleWebKit/537.36 (KHTML, like Gecko) Chrome/146.0.7680.177 Mobile Safari/537.36 (compatible; Googlebot/2.1; +http://www.google.com/bot.html)"
216.73.216.172 - - [14/Apr/2026:14:57:06 +0300] "GET /p/foots32131098?id=2147356 HTTP/1.0" 500 185 "-" "Mozilla/5.0 AppleWebKit/537.36 (KHTML, like Gecko; compatible; ClaudeBot/1.0; +claudebot@anthropic.com)"
66.249.70.1 - - [14/Apr/2026:14:57:06 +0300] "GET /?shop/g/g91972115630/ HTTP/1.0" 200 26199 "-" "Mozilla/5.0 (Linux; Android 6.0.1; Nexus 5X Build/MMB29P) AppleWebKit/537.36 (KHTML, like Gecko) Chrome/146.0.7680.177 Mobile Safari/537.36 (compatible; GoogleOther)"
217.199.237.16 - - [14/Apr/2026:14:57:10 +0300] "GET /rs-grey.png HTTP/1.1" 200 2424 "https://www.xn--7-9sbeamc3b1argoh9m.xn--p1ai/" "Mozilla/5.0 (Linux; arm_64; Android 14; TECNO CK6n) AppleWebKit/537.36 (KHTML, like Gecko) Chrome/142.0.7444.51 YaBrowser/25.12.7.51.00 Mobile Safari/537.36"
216.73.216.172 - - [14/Apr/2026:14:57:11 +0300] "GET /p/disho40126379?id=142637 HTTP/1.0" 500 185 "-" "Mozilla/5.0 AppleWebKit/537.36 (KHTML, like Gecko; compatible; ClaudeBot/1.0; +claudebot@anthropic.com)"
66.249.70.1 - - [14/Apr/2026:14:57:10 +0300] "GET /?shop/g/g91972330902/ HTTP/1.0" 200 24891 "-" "Mozilla/5.0 (Linux; Android 6.0.1; Nexus 5X Build/MMB29P) AppleWebKit/537.36 (KHTML, like Gecko) Chrome/146.0.7680.177 Mobile Safari/537.36 (compatible; Googlebot/2.1; +http://www.google.com/bot.html)"
155.212.0.109 - - [14/Apr/2026:14:57:07 +0300] "GET /search HTTP/1.0" 500 185 "https://region-saitov.ru:443/index.php?option=com_search" "Mozilla/5.0 (Macintosh; Intel Mac OS X 10.8; rv:45.0) Gecko/20100101 Firefox/45.0"
216.73.216.172 - - [14/Apr/2026:14:57:16 +0300] "GET /p/benef72142094?id=2158352 HTTP/1.0" 500 185 "-" "Mozilla/5.0 AppleWebKit/537.36 (KHTML, like Gecko; compatible; ClaudeBot/1.0; +claudebot@anthropic.com)"
74.7.227.38 - - [14/Apr/2026:14:57:19 +0300] "GET /p/hands70844782?id=861040 HTTP/1.0" 500 185 "https://region-saitov.ru/sitemape.xml" "Mozilla/5.0 AppleWebKit/537.36 (KHTML, like Gecko; compatible; GPTBot/1.3; +https://openai.com/gptbot)"
216.73.216.172 - - [14/Apr/2026:14:57:22 +0300] "GET /p/vast71519158?id=1535416 HTTP/1.0" 500 185 "-" "Mozilla/5.0 AppleWebKit/537.36 (KHTML, like Gecko; compatible; ClaudeBot/1.0; +claudebot@anthropic.com)"
66.249.70.1 - - [14/Apr/2026:14:57:20 +0300] "GET /?shop/g/g91972308536/ HTTP/1.0" 200 25066 "-" "Mozilla/5.0 (Linux; Android 6.0.1; Nexus 5X Build/MMB29P) AppleWebKit/537.36 (KHTML, like Gecko) Chrome/146.0.7680.177 Mobile Safari/537.36 (compatible; Googlebot/2.1; +http://www.google.com/bot.html)"
216.73.216.172 - - [14/Apr/2026:14:57:27 +0300] "GET /p/humou10110880?id=127138 HTTP/1.0" 500 185 "-" "Mozilla/5.0 AppleWebKit/537.36 (KHTML, like Gecko; compatible; ClaudeBot/1.0; +claudebot@anthropic.com)"
89.111.170.8 - - [14/Apr/2026:14:57:29 +0300] "GET / HTTP/1.0" 500 185 "-" "https://reg.ru monitoring abuse@reg.ru"
216.73.216.172 - - [14/Apr/2026:14:57:32 +0300] "GET /p/aroun12021192?id=2037450 HTTP/1.0" 500 185 "-" "Mozilla/5.0 AppleWebKit/537.36 (KHTML, like Gecko; compatible; ClaudeBot/1.0; +claudebot@anthropic.com)"
216.73.216.172 - - [14/Apr/2026:14:57:37 +0300] "GET /p/gymna61018997?id=1035255 HTTP/1.0" 500 185 "-" "Mozilla/5.0 AppleWebKit/537.36 (KHTML, like Gecko; compatible; ClaudeBot/1.0; +claudebot@anthropic.com)"
216.73.216.172 - - [14/Apr/2026:14:57:40 +0300] "GET /p/grace11666656?id=1682914 HTTP/1.0" 500 185 "-" "Mozilla/5.0 AppleWebKit/537.36 (KHTML, like Gecko; compatible; ClaudeBot/1.0; +claudebot@anthropic.com)"
216.73.216.172 - - [14/Apr/2026:14:57:41 +0300] "GET /p/peasa31398890?id=1415148 HTTP/1.0" 500 185 "-" "Mozilla/5.0 AppleWebKit/537.36 (KHTML, like Gecko; compatible; ClaudeBot/1.0; +claudebot@anthropic.com)"
216.73.216.172 - - [14/Apr/2026:14:57:42 +0300] "GET /p/enlar72311502?id=2327760 HTTP/1.0" 500 185 "-" "Mozilla/5.0 AppleWebKit/537.36 (KHTML, like Gecko; compatible; ClaudeBot/1.0; +claudebot@anthropic.com)"
66.249.76.231 - - [14/Apr/2026:14:57:39 +0300] "GET /?shop/g/g91972336550/ HTTP/1.0" 200 25188 "-" "Mozilla/5.0 (Linux; Android 6.0.1; Nexus 5X Build/MMB29P) AppleWebKit/537.36 (KHTML, like Gecko) Chrome/146.0.7680.177 Mobile Safari/537.36 (compatible; Googlebot/2.1; +http://www.google.com/bot.html)"
216.73.216.172 - - [14/Apr/2026:14:57:46 +0300] "GET /p/invad11129976?id=1146234 HTTP/1.0" 500 185 "-" "Mozilla/5.0 AppleWebKit/537.36 (KHTML, like Gecko; compatible; ClaudeBot/1.0; +claudebot@anthropic.com)"
216.73.216.172 - - [14/Apr/2026:14:57:47 +0300] "GET /p/exhib82261367?id=2277625 HTTP/1.0" 500 185 "-" "Mozilla/5.0 AppleWebKit/537.36 (KHTML, like Gecko; compatible; ClaudeBot/1.0; +claudebot@anthropic.com)"
216.73.216.172 - - [14/Apr/2026:14:57:51 +0300] "GET /p/pain21753409?id=1769667 HTTP/1.0" 500 185 "-" "Mozilla/5.0 AppleWebKit/537.36 (KHTML, like Gecko; compatible; ClaudeBot/1.0; +claudebot@anthropic.com)"
216.73.216.172 - - [14/Apr/2026:14:57:56 +0300] "GET /p/remed82590143?id=2606401 HTTP/1.0" 500 185 "-" "Mozilla/5.0 AppleWebKit/537.36 (KHTML, like Gecko; compatible; ClaudeBot/1.0; +claudebot@anthropic.com)"
66.249.70.1 - - [14/Apr/2026:14:57:53 +0300] "GET /p/july20037561?id=53819 HTTP/1.0" 200 25105 "-" "Mozilla/5.0 (Linux; Android 6.0.1; Nexus 5X Build/MMB29P) AppleWebKit/537.36 (KHTML, like Gecko) Chrome/146.0.7680.177 Mobile Safari/537.36 (compatible; GoogleOther)"
216.73.216.172 - - [14/Apr/2026:14:57:58 +0300] "GET /p/radio42245147?id=2261405 HTTP/1.0" 500 185 "-" "Mozilla/5.0 AppleWebKit/537.36 (KHTML, like Gecko; compatible; ClaudeBot/1.0; +claudebot@anthropic.com)"
216.73.216.172 - - [14/Apr/2026:14:58:01 +0300] "GET /p/tuiti52574212?id=2590470 HTTP/1.0" 500 185 "-" "Mozilla/5.0 AppleWebKit/537.36 (KHTML, like Gecko; compatible; ClaudeBot/1.0; +claudebot@anthropic.com)"
216.73.216.172 - - [14/Apr/2026:14:58:03 +0300] "GET /p/varia61283397?id=1299655 HTTP/1.0" 500 185 "-" "Mozilla/5.0 AppleWebKit/537.36 (KHTML, like Gecko; compatible; ClaudeBot/1.0; +claudebot@anthropic.com)"
216.73.216.172 - - [14/Apr/2026:14:58:06 +0300] "GET /p/campa80014319?id=30577 HTTP/1.0" 500 185 "-" "Mozilla/5.0 AppleWebKit/537.36 (KHTML, like Gecko; compatible; ClaudeBot/1.0; +claudebot@anthropic.com)"
216.73.216.172 - - [14/Apr/2026:14:58:08 +0300] "GET /p/chair50084236?id=100494 HTTP/1.0" 500 185 "-" "Mozilla/5.0 AppleWebKit/537.36 (KHTML, like Gecko; compatible; ClaudeBot/1.0; +claudebot@anthropic.com)"
66.249.70.2 - - [14/Apr/2026:14:58:08 +0300] "GET /?shop/g/g91982915939/ HTTP/1.0" 200 24662 "-" "Mozilla/5.0 (Linux; Android 6.0.1; Nexus 5X Build/MMB29P) AppleWebKit/537.36 (KHTML, like Gecko) Chrome/146.0.7680.177 Mobile Safari/537.36 (compatible; Googlebot/2.1; +http://www.google.com/bot.html)"
216.73.216.172 - - [14/Apr/2026:14:58:13 +0300] "GET /p/heir72119254?id=2135512 HTTP/1.0" 500 185 "-" "Mozilla/5.0 AppleWebKit/537.36 (KHTML, like Gecko; compatible; ClaudeBot/1.0; +claudebot@anthropic.com)"
66.249.70.2 - - [14/Apr/2026:14:58:12 +0300] "GET /?shop/g/g9193356624/ HTTP/1.0" 200 24602 "-" "Mozilla/5.0 (Linux; Android 6.0.1; Nexus 5X Build/MMB29P) AppleWebKit/537.36 (KHTML, like Gecko) Chrome/146.0.7680.177 Mobile Safari/537.36 (compatible; Googlebot/2.1; +http://www.google.com/bot.html)"
216.73.216.172 - - [14/Apr/2026:14:58:18 +0300] "GET /p/duty51636500?id=1652758 HTTP/1.0" 500 185 "-" "Mozilla/5.0 AppleWebKit/537.36 (KHTML, like Gecko; compatible; ClaudeBot/1.0; +claudebot@anthropic.com)"
74.7.227.38 - - [14/Apr/2026:14:58:23 +0300] "GET /p/disci80718895?id=735153 HTTP/1.0" 500 185 "https://region-saitov.ru/sitemapa.xml" "Mozilla/5.0 AppleWebKit/537.36 (KHTML, like Gecko; compatible; GPTBot/1.3; +https://openai.com/gptbot)"
216.73.216.172 - - [14/Apr/2026:14:58:23 +0300] "GET /p/recei81081215?id=1097473 HTTP/1.0" 500 185 "-" "Mozilla/5.0 AppleWebKit/537.36 (KHTML, like Gecko; compatible; ClaudeBot/1.0; +claudebot@anthropic.com)"
216.73.216.172 - - [14/Apr/2026:14:58:28 +0300] "GET /p/frigh42294051?id=2310309 HTTP/1.0" 500 185 "-" "Mozilla/5.0 AppleWebKit/537.36 (KHTML, like Gecko; compatible; ClaudeBot/1.0; +claudebot@anthropic.com)"
216.73.216.172 - - [14/Apr/2026:14:58:33 +0300] "GET /p/lake42400171?id=2416429 HTTP/1.0" 500 185 "-" "Mozilla/5.0 AppleWebKit/537.36 (KHTML, like Gecko; compatible; ClaudeBot/1.0; +claudebot@anthropic.com)"
216.73.216.172 - - [14/Apr/2026:14:58:38 +0300] "GET /p/namel72030398?id=2046656 HTTP/1.0" 500 185 "-" "Mozilla/5.0 AppleWebKit/537.36 (KHTML, like Gecko; compatible; ClaudeBot/1.0; +claudebot@anthropic.com)"
66.249.70.1 - - [14/Apr/2026:14:58:37 +0300] "GET /?shop/g/g9194619204/ HTTP/1.0" 200 24531 "-" "Mozilla/5.0 (Linux; Android 6.0.1; Nexus 5X Build/MMB29P) AppleWebKit/537.36 (KHTML, like Gecko) Chrome/146.0.7680.177 Mobile Safari/537.36 (compatible; GoogleOther)"
216.73.216.172 - - [14/Apr/2026:14:58:43 +0300] "GET /p/among32096626?id=2112884 HTTP/1.0" 500 185 "-" "Mozilla/5.0 AppleWebKit/537.36 (KHTML, like Gecko; compatible; ClaudeBot/1.0; +claudebot@anthropic.com)"
216.73.216.172 - - [14/Apr/2026:14:58:48 +0300] "GET /p/unles52077220?id=2093478 HTTP/1.0" 500 185 "-" "Mozilla/5.0 AppleWebKit/537.36 (KHTML, like Gecko; compatible; ClaudeBot/1.0; +claudebot@anthropic.com)"
216.73.216.172 - - [14/Apr/2026:14:58:54 +0300] "GET /p/penci81380727?id=1396985 HTTP/1.0" 500 185 "-" "Mozilla/5.0 AppleWebKit/537.36 (KHTML, like Gecko; compatible; ClaudeBot/1.0; +claudebot@anthropic.com)"
66.249.76.231 - - [14/Apr/2026:14:58:51 +0300] "GET /p/july20037561?id=53819 HTTP/1.0" 200 25105 "-" "Mozilla/5.0 (Linux; Android 6.0.1; Nexus 5X Build/MMB29P) AppleWebKit/537.36 (KHTML, like Gecko) Chrome/146.0.7680.177 Mobile Safari/537.36 (compatible; Googlebot/2.1; +http://www.google.com/bot.html)"
216.73.216.172 - - [14/Apr/2026:14:58:58 +0300] "GET /p/cock50250772?id=267030 HTTP/1.0" 500 185 "-" "Mozilla/5.0 AppleWebKit/537.36 (KHTML, like Gecko; compatible; ClaudeBot/1.0; +claudebot@anthropic.com)"
216.73.216.172 - - [14/Apr/2026:14:59:03 +0300] "GET /p/coral50679988?id=696246 HTTP/1.0" 500 185 "-" "Mozilla/5.0 AppleWebKit/537.36 (KHTML, like Gecko; compatible; ClaudeBot/1.0; +claudebot@anthropic.com)"
216.73.216.172 - - [14/Apr/2026:14:59:08 +0300] "GET /p/promi21588545?id=1604803 HTTP/1.0" 500 185 "-" "Mozilla/5.0 AppleWebKit/537.36 (KHTML, like Gecko; compatible; ClaudeBot/1.0; +claudebot@anthropic.com)"
216.73.216.172 - - [14/Apr/2026:14:59:11 +0300] "GET /p/enqui41779779?id=1796037 HTTP/1.0" 500 185 "-" "Mozilla/5.0 AppleWebKit/537.36 (KHTML, like Gecko; compatible; ClaudeBot/1.0; +claudebot@anthropic.com)"
216.73.216.172 - - [14/Apr/2026:14:59:13 +0300] "GET /p/humou10746880?id=763138 HTTP/1.0" 500 185 "-" "Mozilla/5.0 AppleWebKit/537.36 (KHTML, like Gecko; compatible; ClaudeBot/1.0; +claudebot@anthropic.com)"
216.73.216.172 - - [14/Apr/2026:14:59:16 +0300] "GET /p/jaron51619996?id=1636254 HTTP/1.0" 500 185 "-" "Mozilla/5.0 AppleWebKit/537.36 (KHTML, like Gecko; compatible; ClaudeBot/1.0; +claudebot@anthropic.com)"
66.249.70.2 - - [14/Apr/2026:14:59:14 +0300] "GET /?shop/g/g91982664569/ HTTP/1.0" 200 24188 "-" "Mozilla/5.0 (Linux; Android 6.0.1; Nexus 5X Build/MMB29P) AppleWebKit/537.36 (KHTML, like Gecko) Chrome/146.0.7680.177 Mobile Safari/537.36 (compatible; Googlebot/2.1; +http://www.google.com/bot.html)"
216.73.216.172 - - [14/Apr/2026:14:59:19 +0300] "GET /p/mistr82243439?id=2259697 HTTP/1.0" 500 185 "-" "Mozilla/5.0 AppleWebKit/537.36 (KHTML, like Gecko; compatible; ClaudeBot/1.0; +claudebot@anthropic.com)"
216.73.216.172 - - [14/Apr/2026:14:59:21 +0300] "GET /p/unabl51865396?id=1881654 HTTP/1.0" 500 185 "-" "Mozilla/5.0 AppleWebKit/537.36 (KHTML, like Gecko; compatible; ClaudeBot/1.0; +claudebot@anthropic.com)"
74.7.227.38 - - [14/Apr/2026:14:59:23 +0300] "GET /p/poiso30541954?id=558212 HTTP/1.0" 500 185 "https://region-saitov.ru/sitemapa.xml" "Mozilla/5.0 AppleWebKit/537.36 (KHTML, like Gecko; compatible; GPTBot/1.3; +https://openai.com/gptbot)"
216.73.216.172 - - [14/Apr/2026:14:59:26 +0300] "GET /p/reass11538408?id=1554666 HTTP/1.0" 500 185 "-" "Mozilla/5.0 AppleWebKit/537.36 (KHTML, like Gecko; compatible; ClaudeBot/1.0; +claudebot@anthropic.com)"
216.73.216.172 - - [14/Apr/2026:14:59:31 +0300] "GET /p/humou12754880?id=2771138 HTTP/1.0" 500 185 "-" "Mozilla/5.0 AppleWebKit/537.36 (KHTML, like Gecko; compatible; ClaudeBot/1.0; +claudebot@anthropic.com)"
216.73.216.172 - - [14/Apr/2026:14:59:36 +0300] "GET /p/pitch70462910?id=479168 HTTP/1.0" 500 185 "-" "Mozilla/5.0 AppleWebKit/537.36 (KHTML, like Gecko; compatible; ClaudeBot/1.0; +claudebot@anthropic.com)"
216.73.216.172 - - [14/Apr/2026:14:59:41 +0300] "GET /p/offic61136109?id=1152367 HTTP/1.0" 500 185 "-" "Mozilla/5.0 AppleWebKit/537.36 (KHTML, like Gecko; compatible; ClaudeBot/1.0; +claudebot@anthropic.com)"
216.73.216.172 - - [14/Apr/2026:14:59:46 +0300] "GET /p/sciss30350570?id=366828 HTTP/1.0" 500 185 "-" "Mozilla/5.0 AppleWebKit/537.36 (KHTML, like Gecko; compatible; ClaudeBot/1.0; +claudebot@anthropic.com)"
216.73.216.172 - - [14/Apr/2026:14:59:51 +0300] "GET /p/dust31745850?id=1762108 HTTP/1.0" 500 185 "-" "Mozilla/5.0 AppleWebKit/537.36 (KHTML, like Gecko; compatible; ClaudeBot/1.0; +claudebot@anthropic.com)"
216.73.216.172 - - [14/Apr/2026:14:59:56 +0300] "GET /p/evapo82351047?id=2367305 HTTP/1.0" 500 185 "-" "Mozilla/5.0 AppleWebKit/537.36 (KHTML, like Gecko; compatible; ClaudeBot/1.0; +claudebot@anthropic.com)"
216.73.216.172 - - [14/Apr/2026:15:00:01 +0300] "GET /p/soul72067886?id=2084144 HTTP/1.0" 500 185 "-" "Mozilla/5.0 AppleWebKit/537.36 (KHTML, like Gecko; compatible; ClaudeBot/1.0; +claudebot@anthropic.com)"
104.244.72.22 - - [14/Apr/2026:15:00:02 +0300] "GET /cccsitemap.xml HTTP/1.0" 200 198 "-" "googlebot,google,google.com"
216.73.216.172 - - [14/Apr/2026:15:00:09 +0300] "GET /p/maste52865300?id=2881558 HTTP/1.0" 500 185 "-" "Mozilla/5.0 AppleWebKit/537.36 (KHTML, like Gecko; compatible; ClaudeBot/1.0; +claudebot@anthropic.com)"
216.73.216.172 - - [14/Apr/2026:15:00:11 +0300] "GET /p/ficti20621425?id=637683 HTTP/1.0" 500 185 "-" "Mozilla/5.0 AppleWebKit/537.36 (KHTML, like Gecko; compatible; ClaudeBot/1.0; +claudebot@anthropic.com)"
104.244.72.22 - - [14/Apr/2026:15:00:06 +0300] "GET /sitemapindex2024.xml HTTP/1.0" 200 6076 "-" "googlebot,google,google.com"
66.249.76.233 - - [14/Apr/2026:15:00:09 +0300] "GET /?shop/g/g9193378463/ HTTP/1.0" 200 24072 "-" "Mozilla/5.0 (Linux; Android 6.0.1; Nexus 5X Build/MMB29P) AppleWebKit/537.36 (KHTML, like Gecko) Chrome/146.0.7680.177 Mobile Safari/537.36 (compatible; GoogleOther)"
216.73.216.172 - - [14/Apr/2026:15:00:16 +0300] "GET /p/boast10123480?id=139738 HTTP/1.0" 500 185 "-" "Mozilla/5.0 AppleWebKit/537.36 (KHTML, like Gecko; compatible; ClaudeBot/1.0; +claudebot@anthropic.com)"
216.73.216.172 - - [14/Apr/2026:15:00:21 +0300] "GET /p/clums52777868?id=2794126 HTTP/1.0" 500 185 "-" "Mozilla/5.0 AppleWebKit/537.36 (KHTML, like Gecko; compatible; ClaudeBot/1.0; +claudebot@anthropic.com)"
194.147.50.229 - - [14/Apr/2026:15:00:24 +0300] "GET /rs-grey.png HTTP/1.1" 200 2424 "https://www.xn--7-9sbeamc3b1argoh9m.xn--p1ai/" "Mozilla/5.0 (Linux; Android 10; K) AppleWebKit/537.36 (KHTML, like Gecko) Chrome/146.0.0.0 Mobile Safari/537.36"
216.73.216.172 - - [14/Apr/2026:15:00:24 +0300] "GET /p/voyag70787086?id=803344 HTTP/1.0" 500 185 "-" "Mozilla/5.0 AppleWebKit/537.36 (KHTML, like Gecko; compatible; ClaudeBot/1.0; +claudebot@anthropic.com)"
216.73.216.172 - - [14/Apr/2026:15:00:26 +0300] "GET /p/exces32990378?id=3006636 HTTP/1.0" 500 185 "-" "Mozilla/5.0 AppleWebKit/537.36 (KHTML, like Gecko; compatible; ClaudeBot/1.0; +claudebot@anthropic.com)"
74.7.227.38 - - [14/Apr/2026:15:00:26 +0300] "GET /p/resis10350072?id=366330 HTTP/1.0" 500 185 "https://region-saitov.ru/sitemapa.xml" "Mozilla/5.0 AppleWebKit/537.36 (KHTML, like Gecko; compatible; GPTBot/1.3; +https://openai.com/gptbot)"
216.73.216.172 - - [14/Apr/2026:15:00:29 +0300] "GET /p/poiso30201954?id=218212 HTTP/1.0" 500 185 "-" "Mozilla/5.0 AppleWebKit/537.36 (KHTML, like Gecko; compatible; ClaudeBot/1.0; +claudebot@anthropic.com)"
216.73.216.172 - - [14/Apr/2026:15:00:31 +0300] "GET /p/handf11611272?id=1627530 HTTP/1.0" 500 185 "-" "Mozilla/5.0 AppleWebKit/537.36 (KHTML, like Gecko; compatible; ClaudeBot/1.0; +claudebot@anthropic.com)"
216.73.216.172 - - [14/Apr/2026:15:00:34 +0300] "GET /p/tire62675501?id=2691759 HTTP/1.0" 500 185 "-" "Mozilla/5.0 AppleWebKit/537.36 (KHTML, like Gecko; compatible; ClaudeBot/1.0; +claudebot@anthropic.com)"
216.73.216.172 - - [14/Apr/2026:15:00:39 +0300] "GET /p/myste21129321?id=1145579 HTTP/1.0" 500 185 "-" "Mozilla/5.0 AppleWebKit/537.36 (KHTML, like Gecko; compatible; ClaudeBot/1.0; +claudebot@anthropic.com)"
216.73.216.172 - - [14/Apr/2026:15:00:44 +0300] "GET /p/recog20642577?id=658835 HTTP/1.0" 500 185 "-" "Mozilla/5.0 AppleWebKit/537.36 (KHTML, like Gecko; compatible; ClaudeBot/1.0; +claudebot@anthropic.com)"
89.111.141.101 - - [14/Apr/2026:15:00:44 +0300] "GET / HTTP/1.0" 500 185 "-" "https://reg.ru monitoring abuse@reg.ru"
216.73.216.172 - - [14/Apr/2026:15:00:49 +0300] "GET /p/his82876319?id=2892577 HTTP/1.0" 500 185 "-" "Mozilla/5.0 AppleWebKit/537.36 (KHTML, like Gecko; compatible; ClaudeBot/1.0; +claudebot@anthropic.com)"
216.73.216.172 - - [14/Apr/2026:15:00:54 +0300] "GET /p/yoghu31585666?id=1601924 HTTP/1.0" 500 185 "-" "Mozilla/5.0 AppleWebKit/537.36 (KHTML, like Gecko; compatible; ClaudeBot/1.0; +claudebot@anthropic.com)"
216.73.216.172 - - [14/Apr/2026:15:00:59 +0300] "GET /p/finan22406369?id=2422627 HTTP/1.0" 500 185 "-" "Mozilla/5.0 AppleWebKit/537.36 (KHTML, like Gecko; compatible; ClaudeBot/1.0; +claudebot@anthropic.com)"
66.249.76.232 - - [14/Apr/2026:15:00:59 +0300] "GET /p/among32244626?id=2260884 HTTP/1.0" 200 24736 "-" "Mozilla/5.0 (Linux; Android 6.0.1; Nexus 5X Build/MMB29P) AppleWebKit/537.36 (KHTML, like Gecko) Chrome/146.0.7680.177 Mobile Safari/537.36 (compatible; Googlebot/2.1; +http://www.google.com/bot.html)"
216.73.216.172 - - [14/Apr/2026:15:01:04 +0300] "GET /p/lose71153534?id=1169792 HTTP/1.0" 500 185 "-" "Mozilla/5.0 AppleWebKit/537.36 (KHTML, like Gecko; compatible; ClaudeBot/1.0; +claudebot@anthropic.com)"
66.249.76.231 - - [14/Apr/2026:15:01:03 +0300] "GET /?shop/g/g91972411721/ HTTP/1.0" 200 25539 "-" "Mozilla/5.0 (Linux; Android 6.0.1; Nexus 5X Build/MMB29P) AppleWebKit/537.36 (KHTML, like Gecko) Chrome/146.0.7680.177 Mobile Safari/537.36 (compatible; Googlebot/2.1; +http://www.google.com/bot.html)"
216.73.216.172 - - [14/Apr/2026:15:01:09 +0300] "GET /p/inves51058324?id=1074582 HTTP/1.0" 500 185 "-" "Mozilla/5.0 AppleWebKit/537.36 (KHTML, like Gecko; compatible; ClaudeBot/1.0; +claudebot@anthropic.com)"
66.249.70.1 - - [14/Apr/2026:15:01:08 +0300] "GET /?shop/g/g91972372058/ HTTP/1.0" 200 25227 "-" "Mozilla/5.0 (Linux; Android 6.0.1; Nexus 5X Build/MMB29P) AppleWebKit/537.36 (KHTML, like Gecko) Chrome/146.0.7680.177 Mobile Safari/537.36 (compatible; Googlebot/2.1; +http://www.google.com/bot.html)"
216.73.216.172 - - [14/Apr/2026:15:01:14 +0300] "GET /p/meal82888391?id=2904649 HTTP/1.0" 500 185 "-" "Mozilla/5.0 AppleWebKit/537.36 (KHTML, like Gecko; compatible; ClaudeBot/1.0; +claudebot@anthropic.com)"
43.157.150.69 - - [14/Apr/2026:15:01:14 +0300] "GET / HTTP/1.1" 301 196 "-" "Mozilla/5.0 (iPhone; CPU iPhone OS 13_2_3 like Mac OS X) AppleWebKit/605.1.15 (KHTML, like Gecko) Version/13.0.3 Mobile/15E148 Safari/604.1"
