216.73.216.172 - - [14/Apr/2026:10:25:32 +0300] "GET /p/disas82599375?id=2615633 HTTP/1.0" 404 2091 "-" "Mozilla/5.0 AppleWebKit/537.36 (KHTML, like Gecko; compatible; ClaudeBot/1.0; +claudebot@anthropic.com)"
74.7.227.38 - - [14/Apr/2026:10:25:34 +0300] "GET /p/air10692680?id=708938 HTTP/1.0" 404 2091 "https://region-saitov.ru/sitemapa.xml" "Mozilla/5.0 AppleWebKit/537.36 (KHTML, like Gecko; compatible; GPTBot/1.3; +https://openai.com/gptbot)"
216.73.216.172 - - [14/Apr/2026:10:26:15 +0300] "GET /p/barel51213980?id=1230238 HTTP/1.0" 404 2188 "-" "Mozilla/5.0 AppleWebKit/537.36 (KHTML, like Gecko; compatible; ClaudeBot/1.0; +claudebot@anthropic.com)"
74.7.227.38 - - [14/Apr/2026:10:26:15 +0300] "GET /p/ham50724588?id=740846 HTTP/1.0" 404 2091 "https://region-saitov.ru/sitemapa.xml" "Mozilla/5.0 AppleWebKit/537.36 (KHTML, like Gecko; compatible; GPTBot/1.3; +https://openai.com/gptbot)"
89.111.170.8 - - [14/Apr/2026:10:26:12 +0300] "GET / HTTP/1.0" 200 273999 "-" "https://reg.ru monitoring abuse@reg.ru"
216.73.216.172 - - [14/Apr/2026:10:26:18 +0300] "GET /p/anger31523154?id=1539412 HTTP/1.0" 404 2091 "-" "Mozilla/5.0 AppleWebKit/537.36 (KHTML, like Gecko; compatible; ClaudeBot/1.0; +claudebot@anthropic.com)"
216.73.216.172 - - [14/Apr/2026:10:26:21 +0300] "GET /p/oar21667057?id=1683315 HTTP/1.0" 404 2091 "-" "Mozilla/5.0 AppleWebKit/537.36 (KHTML, like Gecko; compatible; ClaudeBot/1.0; +claudebot@anthropic.com)"
216.73.216.172 - - [14/Apr/2026:10:26:24 +0300] "GET /p/orang60981125?id=997383 HTTP/1.0" 404 2091 "-" "Mozilla/5.0 AppleWebKit/537.36 (KHTML, like Gecko; compatible; ClaudeBot/1.0; +claudebot@anthropic.com)"
216.73.216.172 - - [14/Apr/2026:10:26:27 +0300] "GET /p/screa40911715?id=927973 HTTP/1.0" 404 2091 "-" "Mozilla/5.0 AppleWebKit/537.36 (KHTML, like Gecko; compatible; ClaudeBot/1.0; +claudebot@anthropic.com)"
216.73.216.172 - - [14/Apr/2026:10:26:30 +0300] "GET /p/essay60985733?id=1001991 HTTP/1.0" 404 2091 "-" "Mozilla/5.0 AppleWebKit/537.36 (KHTML, like Gecko; compatible; ClaudeBot/1.0; +claudebot@anthropic.com)"
20.89.234.204 - - [14/Apr/2026:10:26:30 +0300] "GET /ioxi-o.php HTTP/1.0" 404 2188 "-" "Mozilla/5.0 (Windows NT 10.0; Win64; x64) AppleWebKit/537.36 (KHTML, like Gecko) Chrome/120.0.0.0 Safari/537.36"
20.89.234.204 - - [14/Apr/2026:10:26:30 +0300] "GET /0x.php HTTP/1.0" 404 2188 "-" "Mozilla/5.0 (Windows NT 10.0; Win64; x64) AppleWebKit/537.36 (KHTML, like Gecko) Chrome/120.0.0.0 Safari/537.36"
20.89.234.204 - - [14/Apr/2026:10:26:31 +0300] "GET /222.php HTTP/1.0" 404 2188 "-" "Mozilla/5.0 (Windows NT 10.0; Win64; x64) AppleWebKit/537.36 (KHTML, like Gecko) Chrome/120.0.0.0 Safari/537.36"
20.89.234.204 - - [14/Apr/2026:10:26:32 +0300] "GET /aa.php HTTP/1.0" 404 2188 "-" "Mozilla/5.0 (Windows NT 10.0; Win64; x64) AppleWebKit/537.36 (KHTML, like Gecko) Chrome/120.0.0.0 Safari/537.36"
20.89.234.204 - - [14/Apr/2026:10:26:32 +0300] "GET /abcd.php HTTP/1.0" 404 2188 "-" "Mozilla/5.0 (Windows NT 10.0; Win64; x64) AppleWebKit/537.36 (KHTML, like Gecko) Chrome/120.0.0.0 Safari/537.36"
216.73.216.172 - - [14/Apr/2026:10:26:33 +0300] "GET /p/conde72422606?id=2438864 HTTP/1.0" 404 2091 "-" "Mozilla/5.0 AppleWebKit/537.36 (KHTML, like Gecko; compatible; ClaudeBot/1.0; +claudebot@anthropic.com)"
20.89.234.204 - - [14/Apr/2026:10:26:33 +0300] "GET /admin.php HTTP/1.0" 404 2188 "-" "Mozilla/5.0 (Windows NT 10.0; Win64; x64) AppleWebKit/537.36 (KHTML, like Gecko) Chrome/120.0.0.0 Safari/537.36"
20.89.234.204 - - [14/Apr/2026:10:26:34 +0300] "GET /admin/controller/extension/extension/ HTTP/1.0" 404 2188 "-" "Mozilla/5.0 (Windows NT 10.0; Win64; x64) AppleWebKit/537.36 (KHTML, like Gecko) Chrome/120.0.0.0 Safari/537.36"
20.89.234.204 - - [14/Apr/2026:10:26:34 +0300] "GET /adminfuns.php HTTP/1.0" 404 2188 "-" "Mozilla/5.0 (Windows NT 10.0; Win64; x64) AppleWebKit/537.36 (KHTML, like Gecko) Chrome/120.0.0.0 Safari/537.36"
20.89.234.204 - - [14/Apr/2026:10:26:35 +0300] "GET /akc.php HTTP/1.0" 404 2188 "-" "Mozilla/5.0 (Windows NT 10.0; Win64; x64) AppleWebKit/537.36 (KHTML, like Gecko) Chrome/120.0.0.0 Safari/537.36"
20.89.234.204 - - [14/Apr/2026:10:26:35 +0300] "GET /buy.php HTTP/1.0" 404 2188 "-" "Mozilla/5.0 (Windows NT 10.0; Win64; x64) AppleWebKit/537.36 (KHTML, like Gecko) Chrome/120.0.0.0 Safari/537.36"
20.89.234.204 - - [14/Apr/2026:10:26:36 +0300] "GET /cong.php HTTP/1.0" 404 2188 "-" "Mozilla/5.0 (Windows NT 10.0; Win64; x64) AppleWebKit/537.36 (KHTML, like Gecko) Chrome/120.0.0.0 Safari/537.36"
20.89.234.204 - - [14/Apr/2026:10:26:37 +0300] "GET /css/classwithtostring.php HTTP/1.0" 404 2188 "-" "Mozilla/5.0 (Windows NT 10.0; Win64; x64) AppleWebKit/537.36 (KHTML, like Gecko) Chrome/120.0.0.0 Safari/537.36"
20.89.234.204 - - [14/Apr/2026:10:26:37 +0300] "GET /db.php HTTP/1.0" 404 2188 "-" "Mozilla/5.0 (Windows NT 10.0; Win64; x64) AppleWebKit/537.36 (KHTML, like Gecko) Chrome/120.0.0.0 Safari/537.36"
20.89.234.204 - - [14/Apr/2026:10:26:38 +0300] "GET /dropdown.php HTTP/1.0" 404 2188 "-" "Mozilla/5.0 (Windows NT 10.0; Win64; x64) AppleWebKit/537.36 (KHTML, like Gecko) Chrome/120.0.0.0 Safari/537.36"
216.73.216.172 - - [14/Apr/2026:10:26:38 +0300] "GET /p/medic50749252?id=765510 HTTP/1.0" 404 2188 "-" "Mozilla/5.0 AppleWebKit/537.36 (KHTML, like Gecko; compatible; ClaudeBot/1.0; +claudebot@anthropic.com)"
20.89.234.204 - - [14/Apr/2026:10:26:39 +0300] "GET /file.php HTTP/1.0" 404 2188 "-" "Mozilla/5.0 (Windows NT 10.0; Win64; x64) AppleWebKit/537.36 (KHTML, like Gecko) Chrome/120.0.0.0 Safari/537.36"
20.89.234.204 - - [14/Apr/2026:10:26:39 +0300] "GET /goods.php HTTP/1.0" 404 2188 "-" "Mozilla/5.0 (Windows NT 10.0; Win64; x64) AppleWebKit/537.36 (KHTML, like Gecko) Chrome/120.0.0.0 Safari/537.36"
20.89.234.204 - - [14/Apr/2026:10:26:40 +0300] "GET /hplfuns.php HTTP/1.0" 404 2188 "-" "Mozilla/5.0 (Windows NT 10.0; Win64; x64) AppleWebKit/537.36 (KHTML, like Gecko) Chrome/120.0.0.0 Safari/537.36"
20.89.234.204 - - [14/Apr/2026:10:26:41 +0300] "GET /htaccess.php HTTP/1.0" 404 2188 "-" "Mozilla/5.0 (Windows NT 10.0; Win64; x64) AppleWebKit/537.36 (KHTML, like Gecko) Chrome/120.0.0.0 Safari/537.36"
216.73.216.172 - - [14/Apr/2026:10:26:41 +0300] "GET /p/poten60238245?id=254503 HTTP/1.0" 404 2091 "-" "Mozilla/5.0 AppleWebKit/537.36 (KHTML, like Gecko; compatible; ClaudeBot/1.0; +claudebot@anthropic.com)"
20.89.234.204 - - [14/Apr/2026:10:26:41 +0300] "GET /images/wso.php HTTP/1.0" 404 2188 "-" "Mozilla/5.0 (Windows NT 10.0; Win64; x64) AppleWebKit/537.36 (KHTML, like Gecko) Chrome/120.0.0.0 Safari/537.36"
20.89.234.204 - - [14/Apr/2026:10:26:42 +0300] "GET /index/function.php HTTP/1.0" 404 2188 "-" "Mozilla/5.0 (Windows NT 10.0; Win64; x64) AppleWebKit/537.36 (KHTML, like Gecko) Chrome/120.0.0.0 Safari/537.36"
20.89.234.204 - - [14/Apr/2026:10:26:42 +0300] "GET /info.php HTTP/1.0" 404 2188 "-" "Mozilla/5.0 (Windows NT 10.0; Win64; x64) AppleWebKit/537.36 (KHTML, like Gecko) Chrome/120.0.0.0 Safari/537.36"
20.89.234.204 - - [14/Apr/2026:10:26:43 +0300] "GET /profile.php HTTP/1.0" 404 2188 "-" "Mozilla/5.0 (Windows NT 10.0; Win64; x64) AppleWebKit/537.36 (KHTML, like Gecko) Chrome/120.0.0.0 Safari/537.36"
20.89.234.204 - - [14/Apr/2026:10:26:44 +0300] "GET /sx.php HTTP/1.0" 404 2188 "-" "Mozilla/5.0 (Windows NT 10.0; Win64; x64) AppleWebKit/537.36 (KHTML, like Gecko) Chrome/120.0.0.0 Safari/537.36"
216.73.216.172 - - [14/Apr/2026:10:26:44 +0300] "GET /p/centi31618538?id=1634796 HTTP/1.0" 404 2091 "-" "Mozilla/5.0 AppleWebKit/537.36 (KHTML, like Gecko; compatible; ClaudeBot/1.0; +claudebot@anthropic.com)"
20.89.234.204 - - [14/Apr/2026:10:26:44 +0300] "GET /wp-admin/css/colors/blue/index.php HTTP/1.0" 404 2188 "-" "Mozilla/5.0 (Windows NT 10.0; Win64; x64) AppleWebKit/537.36 (KHTML, like Gecko) Chrome/120.0.0.0 Safari/537.36"
20.89.234.204 - - [14/Apr/2026:10:26:45 +0300] "GET /wp-admin/images/admin.php HTTP/1.0" 404 2188 "-" "Mozilla/5.0 (Windows NT 10.0; Win64; x64) AppleWebKit/537.36 (KHTML, like Gecko) Chrome/120.0.0.0 Safari/537.36"
20.89.234.204 - - [14/Apr/2026:10:26:46 +0300] "GET /wp-admin/includes/ HTTP/1.0" 404 2188 "-" "Mozilla/5.0 (Windows NT 10.0; Win64; x64) AppleWebKit/537.36 (KHTML, like Gecko) Chrome/120.0.0.0 Safari/537.36"
20.89.234.204 - - [14/Apr/2026:10:26:46 +0300] "GET /wp-admin/js/index.php HTTP/1.0" 404 2188 "-" "Mozilla/5.0 (Windows NT 10.0; Win64; x64) AppleWebKit/537.36 (KHTML, like Gecko) Chrome/120.0.0.0 Safari/537.36"
20.89.234.204 - - [14/Apr/2026:10:26:47 +0300] "GET /wp-admin/js/widgets/ HTTP/1.0" 404 2188 "-" "Mozilla/5.0 (Windows NT 10.0; Win64; x64) AppleWebKit/537.36 (KHTML, like Gecko) Chrome/120.0.0.0 Safari/537.36"
216.73.216.172 - - [14/Apr/2026:10:26:47 +0300] "GET /p/knob52959244?id=2975502 HTTP/1.0" 404 2091 "-" "Mozilla/5.0 AppleWebKit/537.36 (KHTML, like Gecko; compatible; ClaudeBot/1.0; +claudebot@anthropic.com)"
20.89.234.204 - - [14/Apr/2026:10:26:47 +0300] "GET /wp-content/about.php HTTP/1.0" 404 2188 "-" "Mozilla/5.0 (Windows NT 10.0; Win64; x64) AppleWebKit/537.36 (KHTML, like Gecko) Chrome/120.0.0.0 Safari/537.36"
20.89.234.204 - - [14/Apr/2026:10:26:48 +0300] "GET /wp-content/admin-header.php HTTP/1.0" 404 2188 "-" "Mozilla/5.0 (Windows NT 10.0; Win64; x64) AppleWebKit/537.36 (KHTML, like Gecko) Chrome/120.0.0.0 Safari/537.36"
20.89.234.204 - - [14/Apr/2026:10:26:49 +0300] "GET /wp-content/admin.php HTTP/1.0" 404 2188 "-" "Mozilla/5.0 (Windows NT 10.0; Win64; x64) AppleWebKit/537.36 (KHTML, like Gecko) Chrome/120.0.0.0 Safari/537.36"
20.89.234.204 - - [14/Apr/2026:10:26:49 +0300] "GET /wp-content/content.php HTTP/1.0" 404 2188 "-" "Mozilla/5.0 (Windows NT 10.0; Win64; x64) AppleWebKit/537.36 (KHTML, like Gecko) Chrome/120.0.0.0 Safari/537.36"
20.89.234.204 - - [14/Apr/2026:10:26:50 +0300] "GET /wp-content/index.php HTTP/1.0" 404 2188 "-" "Mozilla/5.0 (Windows NT 10.0; Win64; x64) AppleWebKit/537.36 (KHTML, like Gecko) Chrome/120.0.0.0 Safari/537.36"
216.73.216.172 - - [14/Apr/2026:10:26:50 +0300] "GET /p/truck70184990?id=201248 HTTP/1.0" 404 2091 "-" "Mozilla/5.0 AppleWebKit/537.36 (KHTML, like Gecko; compatible; ClaudeBot/1.0; +claudebot@anthropic.com)"
20.89.234.204 - - [14/Apr/2026:10:26:50 +0300] "GET /wp-content/plugins/Ultimate_VC_Addons/assets/alfa-rex.php7 HTTP/1.0" 404 2188 "-" "Mozilla/5.0 (Windows NT 10.0; Win64; x64) AppleWebKit/537.36 (KHTML, like Gecko) Chrome/120.0.0.0 Safari/537.36"
20.89.234.204 - - [14/Apr/2026:10:26:51 +0300] "GET /wp-content/plugins/about.php HTTP/1.0" 404 2188 "-" "Mozilla/5.0 (Windows NT 10.0; Win64; x64) AppleWebKit/537.36 (KHTML, like Gecko) Chrome/120.0.0.0 Safari/537.36"
20.89.234.204 - - [14/Apr/2026:10:26:52 +0300] "GET /wp-content/plugins/admin.php HTTP/1.0" 404 2188 "-" "Mozilla/5.0 (Windows NT 10.0; Win64; x64) AppleWebKit/537.36 (KHTML, like Gecko) Chrome/120.0.0.0 Safari/537.36"
20.89.234.204 - - [14/Apr/2026:10:26:52 +0300] "GET /wp-content/plugins/classic-editor/wp-login.php HTTP/1.0" 404 2188 "-" "Mozilla/5.0 (Windows NT 10.0; Win64; x64) AppleWebKit/537.36 (KHTML, like Gecko) Chrome/120.0.0.0 Safari/537.36"
20.89.234.204 - - [14/Apr/2026:10:26:53 +0300] "GET /wp-content/plugins/yanierin/akc.php HTTP/1.0" 404 2188 "-" "Mozilla/5.0 (Windows NT 10.0; Win64; x64) AppleWebKit/537.36 (KHTML, like Gecko) Chrome/120.0.0.0 Safari/537.36"
216.73.216.172 - - [14/Apr/2026:10:26:53 +0300] "GET /p/boom71175758?id=1192016 HTTP/1.0" 404 2091 "-" "Mozilla/5.0 AppleWebKit/537.36 (KHTML, like Gecko; compatible; ClaudeBot/1.0; +claudebot@anthropic.com)"
20.89.234.204 - - [14/Apr/2026:10:26:54 +0300] "GET /wp-content/themes/about.php HTTP/1.0" 404 2188 "-" "Mozilla/5.0 (Windows NT 10.0; Win64; x64) AppleWebKit/537.36 (KHTML, like Gecko) Chrome/120.0.0.0 Safari/537.36"
20.89.234.204 - - [14/Apr/2026:10:26:54 +0300] "GET /wp-content/themes/admin.php HTTP/1.0" 404 2188 "-" "Mozilla/5.0 (Windows NT 10.0; Win64; x64) AppleWebKit/537.36 (KHTML, like Gecko) Chrome/120.0.0.0 Safari/537.36"
20.89.234.204 - - [14/Apr/2026:10:26:55 +0300] "GET /wp-content/upgrade/index.php HTTP/1.0" 404 2188 "-" "Mozilla/5.0 (Windows NT 10.0; Win64; x64) AppleWebKit/537.36 (KHTML, like Gecko) Chrome/120.0.0.0 Safari/537.36"
20.89.234.204 - - [14/Apr/2026:10:26:56 +0300] "GET /wp-content/uploads/ HTTP/1.0" 404 2188 "-" "Mozilla/5.0 (Windows NT 10.0; Win64; x64) AppleWebKit/537.36 (KHTML, like Gecko) Chrome/120.0.0.0 Safari/537.36"
216.73.216.172 - - [14/Apr/2026:10:26:56 +0300] "GET /p/smell41421395?id=1437653 HTTP/1.0" 404 2091 "-" "Mozilla/5.0 AppleWebKit/537.36 (KHTML, like Gecko; compatible; ClaudeBot/1.0; +claudebot@anthropic.com)"
20.89.234.204 - - [14/Apr/2026:10:26:56 +0300] "GET /wp-content/uploads/2025/ HTTP/1.0" 404 2188 "-" "Mozilla/5.0 (Windows NT 10.0; Win64; x64) AppleWebKit/537.36 (KHTML, like Gecko) Chrome/120.0.0.0 Safari/537.36"
20.89.234.204 - - [14/Apr/2026:10:26:57 +0300] "GET /wp-content/uploads/admin.php HTTP/1.0" 404 2188 "-" "Mozilla/5.0 (Windows NT 10.0; Win64; x64) AppleWebKit/537.36 (KHTML, like Gecko) Chrome/120.0.0.0 Safari/537.36"
74.7.227.38 - - [14/Apr/2026:10:26:57 +0300] "GET /p/ice50088668?id=104926 HTTP/1.0" 404 2091 "https://region-saitov.ru/sitemapa.xml" "Mozilla/5.0 AppleWebKit/537.36 (KHTML, like Gecko; compatible; GPTBot/1.3; +https://openai.com/gptbot)"
20.89.234.204 - - [14/Apr/2026:10:26:57 +0300] "GET /wp-fclass.php HTTP/1.0" 404 2188 "-" "Mozilla/5.0 (Windows NT 10.0; Win64; x64) AppleWebKit/537.36 (KHTML, like Gecko) Chrome/120.0.0.0 Safari/537.36"
20.89.234.204 - - [14/Apr/2026:10:26:58 +0300] "GET /wp-includes/ID3/ HTTP/1.0" 404 2188 "-" "Mozilla/5.0 (Windows NT 10.0; Win64; x64) AppleWebKit/537.36 (KHTML, like Gecko) Chrome/120.0.0.0 Safari/537.36"
20.89.234.204 - - [14/Apr/2026:10:26:59 +0300] "GET /wp-includes/PHPMailer/ HTTP/1.0" 404 2188 "-" "Mozilla/5.0 (Windows NT 10.0; Win64; x64) AppleWebKit/537.36 (KHTML, like Gecko) Chrome/120.0.0.0 Safari/537.36"
20.89.234.204 - - [14/Apr/2026:10:26:59 +0300] "GET /wp-includes/Requests/about.php HTTP/1.0" 404 2188 "-" "Mozilla/5.0 (Windows NT 10.0; Win64; x64) AppleWebKit/537.36 (KHTML, like Gecko) Chrome/120.0.0.0 Safari/537.36"
20.89.234.204 - - [14/Apr/2026:10:27:00 +0300] "GET /wp-includes/Requests/alfa-rex.php HTTP/1.0" 404 2188 "-" "Mozilla/5.0 (Windows NT 10.0; Win64; x64) AppleWebKit/537.36 (KHTML, like Gecko) Chrome/120.0.0.0 Safari/537.36"
20.89.234.204 - - [14/Apr/2026:10:27:01 +0300] "GET /wp-includes/Requests/src/Cookie/ HTTP/1.0" 404 2188 "-" "Mozilla/5.0 (Windows NT 10.0; Win64; x64) AppleWebKit/537.36 (KHTML, like Gecko) Chrome/120.0.0.0 Safari/537.36"
20.89.234.204 - - [14/Apr/2026:10:27:01 +0300] "GET /wp-includes/Requests/src/Response/about.php HTTP/1.0" 404 2188 "-" "Mozilla/5.0 (Windows NT 10.0; Win64; x64) AppleWebKit/537.36 (KHTML, like Gecko) Chrome/120.0.0.0 Safari/537.36"
20.89.234.204 - - [14/Apr/2026:10:27:02 +0300] "GET /wp-includes/Text/Diff/Renderer/ HTTP/1.0" 404 2188 "-" "Mozilla/5.0 (Windows NT 10.0; Win64; x64) AppleWebKit/537.36 (KHTML, like Gecko) Chrome/120.0.0.0 Safari/537.36"
20.89.234.204 - - [14/Apr/2026:10:27:03 +0300] "GET /wp-includes/Text/index.php HTTP/1.0" 404 2188 "-" "Mozilla/5.0 (Windows NT 10.0; Win64; x64) AppleWebKit/537.36 (KHTML, like Gecko) Chrome/120.0.0.0 Safari/537.36"
20.89.234.204 - - [14/Apr/2026:10:27:03 +0300] "GET /wp-includes/Text/xwx1.php HTTP/1.0" 404 2188 "-" "Mozilla/5.0 (Windows NT 10.0; Win64; x64) AppleWebKit/537.36 (KHTML, like Gecko) Chrome/120.0.0.0 Safari/537.36"
20.89.234.204 - - [14/Apr/2026:10:27:04 +0300] "GET /wp-includes/assets/about.php HTTP/1.0" 404 2188 "-" "Mozilla/5.0 (Windows NT 10.0; Win64; x64) AppleWebKit/537.36 (KHTML, like Gecko) Chrome/120.0.0.0 Safari/537.36"
20.89.234.204 - - [14/Apr/2026:10:27:05 +0300] "GET /wp-includes/block-patterns/ HTTP/1.0" 404 2188 "-" "Mozilla/5.0 (Windows NT 10.0; Win64; x64) AppleWebKit/537.36 (KHTML, like Gecko) Chrome/120.0.0.0 Safari/537.36"
20.89.234.204 - - [14/Apr/2026:10:27:05 +0300] "GET /wp-includes/blocks/ HTTP/1.0" 404 2188 "-" "Mozilla/5.0 (Windows NT 10.0; Win64; x64) AppleWebKit/537.36 (KHTML, like Gecko) Chrome/120.0.0.0 Safari/537.36"
20.89.234.204 - - [14/Apr/2026:10:27:06 +0300] "GET /wp-includes/customize/class-wp-customize-cropped-image-control.php HTTP/1.0" 404 2188 "-" "Mozilla/5.0 (Windows NT 10.0; Win64; x64) AppleWebKit/537.36 (KHTML, like Gecko) Chrome/120.0.0.0 Safari/537.36"
20.89.234.204 - - [14/Apr/2026:10:27:07 +0300] "GET /wp-includes/images/media/ HTTP/1.0" 404 2188 "-" "Mozilla/5.0 (Windows NT 10.0; Win64; x64) AppleWebKit/537.36 (KHTML, like Gecko) Chrome/120.0.0.0 Safari/537.36"
20.89.234.204 - - [14/Apr/2026:10:27:07 +0300] "GET /wp-includes/images/smilies/about.php HTTP/1.0" 404 2188 "-" "Mozilla/5.0 (Windows NT 10.0; Win64; x64) AppleWebKit/537.36 (KHTML, like Gecko) Chrome/120.0.0.0 Safari/537.36"
20.89.234.204 - - [14/Apr/2026:10:27:08 +0300] "GET /wp-includes/images/wp-login.php HTTP/1.0" 404 2188 "-" "Mozilla/5.0 (Windows NT 10.0; Win64; x64) AppleWebKit/537.36 (KHTML, like Gecko) Chrome/120.0.0.0 Safari/537.36"
20.89.234.204 - - [14/Apr/2026:10:27:08 +0300] "GET /wp-includes/js/dist/script-modules/block-library/search/about.php HTTP/1.0" 404 2188 "-" "Mozilla/5.0 (Windows NT 10.0; Win64; x64) AppleWebKit/537.36 (KHTML, like Gecko) Chrome/120.0.0.0 Safari/537.36"
20.89.234.204 - - [14/Apr/2026:10:27:09 +0300] "GET /wp-includes/style-engine/ HTTP/1.0" 404 2188 "-" "Mozilla/5.0 (Windows NT 10.0; Win64; x64) AppleWebKit/537.36 (KHTML, like Gecko) Chrome/120.0.0.0 Safari/537.36"
20.89.234.204 - - [14/Apr/2026:10:27:10 +0300] "GET /wp-themes.php HTTP/1.0" 404 2188 "-" "Mozilla/5.0 (Windows NT 10.0; Win64; x64) AppleWebKit/537.36 (KHTML, like Gecko) Chrome/120.0.0.0 Safari/537.36"
20.89.234.204 - - [14/Apr/2026:10:27:10 +0300] "GET /xmlrpc.php HTTP/1.0" 404 2188 "-" "Mozilla/5.0 (Windows NT 10.0; Win64; x64) AppleWebKit/537.36 (KHTML, like Gecko) Chrome/120.0.0.0 Safari/537.36"
178.219.172.62 - - [14/Apr/2026:10:27:11 +0300] "GET /rs-grey.png HTTP/1.1" 200 2424 "https://www.xn--7-9sbeamc3b1argoh9m.xn--p1ai/" "Mozilla/5.0 (Windows NT 6.1; WOW64) AppleWebKit/537.36 (KHTML, like Gecko) Chrome/109.0.0.0 Safari/537.36 OPR/95.0.0.0"
216.73.216.172 - - [14/Apr/2026:10:27:11 +0300] "GET /p/hi22806745?id=2823003 HTTP/1.0" 404 2188 "-" "Mozilla/5.0 AppleWebKit/537.36 (KHTML, like Gecko; compatible; ClaudeBot/1.0; +claudebot@anthropic.com)"
216.73.216.172 - - [14/Apr/2026:10:27:13 +0300] "GET /p/ceili51544820?id=1561078 HTTP/1.0" 404 2091 "-" "Mozilla/5.0 AppleWebKit/537.36 (KHTML, like Gecko; compatible; ClaudeBot/1.0; +claudebot@anthropic.com)"
216.73.216.172 - - [14/Apr/2026:10:27:16 +0300] "GET /p/dying52498732?id=2514990 HTTP/1.0" 404 2091 "-" "Mozilla/5.0 AppleWebKit/537.36 (KHTML, like Gecko; compatible; ClaudeBot/1.0; +claudebot@anthropic.com)"
216.73.216.172 - - [14/Apr/2026:10:27:19 +0300] "GET /p/elan41283835?id=1300093 HTTP/1.0" 404 2091 "-" "Mozilla/5.0 AppleWebKit/537.36 (KHTML, like Gecko; compatible; ClaudeBot/1.0; +claudebot@anthropic.com)"
216.73.216.172 - - [14/Apr/2026:10:27:22 +0300] "GET /p/disas81627375?id=1643633 HTTP/1.0" 404 2091 "-" "Mozilla/5.0 AppleWebKit/537.36 (KHTML, like Gecko; compatible; ClaudeBot/1.0; +claudebot@anthropic.com)"
216.73.216.172 - - [14/Apr/2026:10:27:25 +0300] "GET /p/admir71718374?id=1734632 HTTP/1.0" 404 2091 "-" "Mozilla/5.0 AppleWebKit/537.36 (KHTML, like Gecko; compatible; ClaudeBot/1.0; +claudebot@anthropic.com)"
216.73.216.172 - - [14/Apr/2026:10:27:28 +0300] "GET /p/desse32141554?id=2157812 HTTP/1.0" 404 2091 "-" "Mozilla/5.0 AppleWebKit/537.36 (KHTML, like Gecko; compatible; ClaudeBot/1.0; +claudebot@anthropic.com)"
74.7.227.38 - - [14/Apr/2026:10:27:40 +0300] "GET /p/few20928625?id=944883 HTTP/1.0" 404 2091 "https://region-saitov.ru/sitemapa.xml" "Mozilla/5.0 AppleWebKit/537.36 (KHTML, like Gecko; compatible; GPTBot/1.3; +https://openai.com/gptbot)"
216.73.216.172 - - [14/Apr/2026:10:27:44 +0300] "GET /p/insur12674616?id=2690874 HTTP/1.0" 404 2188 "-" "Mozilla/5.0 AppleWebKit/537.36 (KHTML, like Gecko; compatible; ClaudeBot/1.0; +claudebot@anthropic.com)"
216.73.216.172 - - [14/Apr/2026:10:27:46 +0300] "GET /p/scand32939794?id=2956052 HTTP/1.0" 404 2091 "-" "Mozilla/5.0 AppleWebKit/537.36 (KHTML, like Gecko; compatible; ClaudeBot/1.0; +claudebot@anthropic.com)"
216.73.216.172 - - [14/Apr/2026:10:27:49 +0300] "GET /p/poten60266245?id=282503 HTTP/1.0" 404 2091 "-" "Mozilla/5.0 AppleWebKit/537.36 (KHTML, like Gecko; compatible; ClaudeBot/1.0; +claudebot@anthropic.com)"
216.73.216.172 - - [14/Apr/2026:10:27:52 +0300] "GET /p/possi31308890?id=1325148 HTTP/1.0" 404 2091 "-" "Mozilla/5.0 AppleWebKit/537.36 (KHTML, like Gecko; compatible; ClaudeBot/1.0; +claudebot@anthropic.com)"
66.249.70.2 - - [14/Apr/2026:10:27:50 +0300] "GET /p/dismi21056289?id=1072547 HTTP/1.0" 200 25769 "-" "Mozilla/5.0 (Linux; Android 6.0.1; Nexus 5X Build/MMB29P) AppleWebKit/537.36 (KHTML, like Gecko) Chrome/146.0.7680.177 Mobile Safari/537.36 (compatible; Googlebot/2.1; +http://www.google.com/bot.html)"
216.73.216.172 - - [14/Apr/2026:10:27:55 +0300] "GET /p/greet22713121?id=2729379 HTTP/1.0" 404 2091 "-" "Mozilla/5.0 AppleWebKit/537.36 (KHTML, like Gecko; compatible; ClaudeBot/1.0; +claudebot@anthropic.com)"
216.73.216.172 - - [14/Apr/2026:10:27:58 +0300] "GET /p/towar80773535?id=789793 HTTP/1.0" 404 2091 "-" "Mozilla/5.0 AppleWebKit/537.36 (KHTML, like Gecko; compatible; ClaudeBot/1.0; +claudebot@anthropic.com)"
216.73.216.172 - - [14/Apr/2026:10:28:01 +0300] "GET /p/filte80746911?id=763169 HTTP/1.0" 404 2091 "-" "Mozilla/5.0 AppleWebKit/537.36 (KHTML, like Gecko; compatible; ClaudeBot/1.0; +claudebot@anthropic.com)"
74.7.227.38 - - [14/Apr/2026:10:28:20 +0300] "GET /p/get30681786?id=698044 HTTP/1.0" 404 2091 "https://region-saitov.ru/sitemape.xml" "Mozilla/5.0 AppleWebKit/537.36 (KHTML, like Gecko; compatible; GPTBot/1.3; +https://openai.com/gptbot)"
216.73.216.172 - - [14/Apr/2026:10:28:30 +0300] "GET /p/ton80160935?id=177193 HTTP/1.0" 404 2188 "-" "Mozilla/5.0 AppleWebKit/537.36 (KHTML, like Gecko; compatible; ClaudeBot/1.0; +claudebot@anthropic.com)"
216.73.216.172 - - [14/Apr/2026:10:28:32 +0300] "GET /p/elbow82337743?id=2354001 HTTP/1.0" 404 2091 "-" "Mozilla/5.0 AppleWebKit/537.36 (KHTML, like Gecko; compatible; ClaudeBot/1.0; +claudebot@anthropic.com)"
216.73.216.172 - - [14/Apr/2026:10:28:35 +0300] "GET /p/argue82541775?id=2558033 HTTP/1.0" 404 2091 "-" "Mozilla/5.0 AppleWebKit/537.36 (KHTML, like Gecko; compatible; ClaudeBot/1.0; +claudebot@anthropic.com)"
216.73.216.172 - - [14/Apr/2026:10:28:38 +0300] "GET /p/tempo52127516?id=2143774 HTTP/1.0" 404 2091 "-" "Mozilla/5.0 AppleWebKit/537.36 (KHTML, like Gecko; compatible; ClaudeBot/1.0; +claudebot@anthropic.com)"
216.73.216.172 - - [14/Apr/2026:10:28:41 +0300] "GET /p/page72740670?id=2756928 HTTP/1.0" 404 2091 "-" "Mozilla/5.0 AppleWebKit/537.36 (KHTML, like Gecko; compatible; ClaudeBot/1.0; +claudebot@anthropic.com)"
216.73.216.172 - - [14/Apr/2026:10:28:44 +0300] "GET /p/alike52431628?id=2447886 HTTP/1.0" 404 2091 "-" "Mozilla/5.0 AppleWebKit/537.36 (KHTML, like Gecko; compatible; ClaudeBot/1.0; +claudebot@anthropic.com)"
216.73.216.172 - - [14/Apr/2026:10:28:47 +0300] "GET /p/headi30603298?id=619556 HTTP/1.0" 404 2091 "-" "Mozilla/5.0 AppleWebKit/537.36 (KHTML, like Gecko; compatible; ClaudeBot/1.0; +claudebot@anthropic.com)"
216.73.216.172 - - [14/Apr/2026:10:28:52 +0300] "GET /p/persp81662415?id=1678673 HTTP/1.0" 404 2188 "-" "Mozilla/5.0 AppleWebKit/537.36 (KHTML, like Gecko; compatible; ClaudeBot/1.0; +claudebot@anthropic.com)"
66.249.70.2 - - [14/Apr/2026:10:28:50 +0300] "GET /p/basin60942941?id=959199 HTTP/1.0" 200 25733 "-" "Mozilla/5.0 (Linux; Android 6.0.1; Nexus 5X Build/MMB29P) AppleWebKit/537.36 (KHTML, like Gecko) Chrome/146.0.7680.177 Mobile Safari/537.36 (compatible; Googlebot/2.1; +http://www.google.com/bot.html)"
216.73.216.172 - - [14/Apr/2026:10:28:54 +0300] "GET /p/fun11376248?id=1392506 HTTP/1.0" 404 2091 "-" "Mozilla/5.0 AppleWebKit/537.36 (KHTML, like Gecko; compatible; ClaudeBot/1.0; +claudebot@anthropic.com)"
216.73.216.172 - - [14/Apr/2026:10:28:57 +0300] "GET /p/rival80014111?id=30369 HTTP/1.0" 404 2091 "-" "Mozilla/5.0 AppleWebKit/537.36 (KHTML, like Gecko; compatible; ClaudeBot/1.0; +claudebot@anthropic.com)"
74.7.227.38 - - [14/Apr/2026:10:29:00 +0300] "GET /p/ban20150209?id=166467 HTTP/1.0" 404 2091 "https://region-saitov.ru/sitemapa.xml" "Mozilla/5.0 AppleWebKit/537.36 (KHTML, like Gecko; compatible; GPTBot/1.3; +https://openai.com/gptbot)"
216.73.216.172 - - [14/Apr/2026:10:29:00 +0300] "GET /p/refri51437708?id=1453966 HTTP/1.0" 404 2091 "-" "Mozilla/5.0 AppleWebKit/537.36 (KHTML, like Gecko; compatible; ClaudeBot/1.0; +claudebot@anthropic.com)"
216.73.216.172 - - [14/Apr/2026:10:29:03 +0300] "GET /p/endan72298262?id=2314520 HTTP/1.0" 404 2091 "-" "Mozilla/5.0 AppleWebKit/537.36 (KHTML, like Gecko; compatible; ClaudeBot/1.0; +claudebot@anthropic.com)"
178.176.80.131 - - [14/Apr/2026:10:29:05 +0300] "GET /rs-white.png HTTP/1.1" 200 2176 "https://tedostroy.ru/" "Mozilla/5.0 (Linux; Android 15; RMX3834 Build/AP3A.240905.015.A2; wv) AppleWebKit/537.36 (KHTML, like Gecko) Version/4.0 Chrome/146.0.7680.177 Mobile Safari/537.36"
216.73.216.172 - - [14/Apr/2026:10:29:06 +0300] "GET /p/sixte62160933?id=2177191 HTTP/1.0" 404 2091 "-" "Mozilla/5.0 AppleWebKit/537.36 (KHTML, like Gecko; compatible; ClaudeBot/1.0; +claudebot@anthropic.com)"
216.73.216.172 - - [14/Apr/2026:10:29:09 +0300] "GET /p/mop41427947?id=1444205 HTTP/1.0" 404 2091 "-" "Mozilla/5.0 AppleWebKit/537.36 (KHTML, like Gecko; compatible; ClaudeBot/1.0; +claudebot@anthropic.com)"
178.206.251.223 - - [14/Apr/2026:10:29:10 +0300] "GET /rs-blue.png HTTP/1.1" 200 2931 "https://xn--80aaacq1dwaeb.xn--p1ai/" "Mozilla/5.0 (Linux; Android 10; K) AppleWebKit/537.36 (KHTML, like Gecko) Chrome/146.0.0.0 Mobile Safari/537.36"
216.73.216.172 - - [14/Apr/2026:10:29:12 +0300] "GET /p/lean61775333?id=1791591 HTTP/1.0" 404 2091 "-" "Mozilla/5.0 AppleWebKit/537.36 (KHTML, like Gecko; compatible; ClaudeBot/1.0; +claudebot@anthropic.com)"
216.73.216.172 - - [14/Apr/2026:10:29:15 +0300] "GET /p/fade22994017?id=3010275 HTTP/1.0" 404 2091 "-" "Mozilla/5.0 AppleWebKit/537.36 (KHTML, like Gecko; compatible; ClaudeBot/1.0; +claudebot@anthropic.com)"
216.73.216.172 - - [14/Apr/2026:10:29:18 +0300] "GET /p/sun50376196?id=392454 HTTP/1.0" 404 2091 "-" "Mozilla/5.0 AppleWebKit/537.36 (KHTML, like Gecko; compatible; ClaudeBot/1.0; +claudebot@anthropic.com)"
92.242.60.14 - - [14/Apr/2026:10:29:25 +0300] "GET / HTTP/1.0" 200 273999 "-" "https://reg.ru monitoring abuse@reg.ru"
74.7.227.38 - - [14/Apr/2026:10:29:40 +0300] "GET /p/day40084875?id=101133 HTTP/1.0" 404 2188 "https://region-saitov.ru/sitemapa.xml" "Mozilla/5.0 AppleWebKit/537.36 (KHTML, like Gecko; compatible; GPTBot/1.3; +https://openai.com/gptbot)"
89.111.141.101 - - [14/Apr/2026:10:29:41 +0300] "GET / HTTP/1.0" 200 273999 "-" "https://reg.ru monitoring abuse@reg.ru"
66.249.70.3 - - [14/Apr/2026:10:29:57 +0300] "GET /p/visua51318628?id=1334886 HTTP/1.0" 200 26333 "-" "Mozilla/5.0 (Linux; Android 6.0.1; Nexus 5X Build/MMB29P) AppleWebKit/537.36 (KHTML, like Gecko) Chrome/146.0.7680.177 Mobile Safari/537.36 (compatible; Googlebot/2.1; +http://www.google.com/bot.html)"
216.73.216.172 - - [14/Apr/2026:10:30:02 +0300] "GET /p/netwo30242562?id=258820 HTTP/1.0" 404 2188 "-" "Mozilla/5.0 AppleWebKit/537.36 (KHTML, like Gecko; compatible; ClaudeBot/1.0; +claudebot@anthropic.com)"
216.73.216.172 - - [14/Apr/2026:10:30:05 +0300] "GET /p/empir41695427?id=1711685 HTTP/1.0" 404 2091 "-" "Mozilla/5.0 AppleWebKit/537.36 (KHTML, like Gecko; compatible; ClaudeBot/1.0; +claudebot@anthropic.com)"
216.73.216.172 - - [14/Apr/2026:10:30:08 +0300] "GET /p/headl61491013?id=1507271 HTTP/1.0" 404 2091 "-" "Mozilla/5.0 AppleWebKit/537.36 (KHTML, like Gecko; compatible; ClaudeBot/1.0; +claudebot@anthropic.com)"
216.73.216.172 - - [14/Apr/2026:10:30:11 +0300] "GET /p/weeke12468648?id=2484906 HTTP/1.0" 404 2091 "-" "Mozilla/5.0 AppleWebKit/537.36 (KHTML, like Gecko; compatible; ClaudeBot/1.0; +claudebot@anthropic.com)"
216.73.216.172 - - [14/Apr/2026:10:30:14 +0300] "GET /p/lost41177531?id=1193789 HTTP/1.0" 404 2091 "-" "Mozilla/5.0 AppleWebKit/537.36 (KHTML, like Gecko; compatible; ClaudeBot/1.0; +claudebot@anthropic.com)"
216.73.216.172 - - [14/Apr/2026:10:30:17 +0300] "GET /p/typew30207042?id=223300 HTTP/1.0" 404 2091 "-" "Mozilla/5.0 AppleWebKit/537.36 (KHTML, like Gecko; compatible; ClaudeBot/1.0; +claudebot@anthropic.com)"
216.73.216.172 - - [14/Apr/2026:10:30:20 +0300] "GET /p/ambit11602384?id=1618642 HTTP/1.0" 404 2091 "-" "Mozilla/5.0 AppleWebKit/537.36 (KHTML, like Gecko; compatible; ClaudeBot/1.0; +claudebot@anthropic.com)"
74.7.227.38 - - [14/Apr/2026:10:30:23 +0300] "GET /p/mum80619943?id=636201 HTTP/1.0" 404 2091 "https://region-saitov.ru/sitemape.xml" "Mozilla/5.0 AppleWebKit/537.36 (KHTML, like Gecko; compatible; GPTBot/1.3; +https://openai.com/gptbot)"
216.73.216.172 - - [14/Apr/2026:10:30:24 +0300] "GET /p/bronz71939510?id=1955768 HTTP/1.0" 404 2188 "-" "Mozilla/5.0 AppleWebKit/537.36 (KHTML, like Gecko; compatible; ClaudeBot/1.0; +claudebot@anthropic.com)"
66.249.76.231 - - [14/Apr/2026:10:30:20 +0300] "GET /p/vain51787188?id=1803446 HTTP/1.0" 200 27817 "-" "Mozilla/5.0 (Linux; Android 6.0.1; Nexus 5X Build/MMB29P) AppleWebKit/537.36 (KHTML, like Gecko) Chrome/146.0.7680.177 Mobile Safari/537.36 (compatible; Googlebot/2.1; +http://www.google.com/bot.html)"
216.73.216.172 - - [14/Apr/2026:10:30:26 +0300] "GET /p/poll11977952?id=1994210 HTTP/1.0" 404 2091 "-" "Mozilla/5.0 AppleWebKit/537.36 (KHTML, like Gecko; compatible; ClaudeBot/1.0; +claudebot@anthropic.com)"
216.73.216.172 - - [14/Apr/2026:10:30:29 +0300] "GET /p/river71273270?id=1289528 HTTP/1.0" 404 2091 "-" "Mozilla/5.0 AppleWebKit/537.36 (KHTML, like Gecko; compatible; ClaudeBot/1.0; +claudebot@anthropic.com)"
216.73.216.172 - - [14/Apr/2026:10:30:32 +0300] "GET /p/husba72280702?id=2296960 HTTP/1.0" 404 2091 "-" "Mozilla/5.0 AppleWebKit/537.36 (KHTML, like Gecko; compatible; ClaudeBot/1.0; +claudebot@anthropic.com)"
216.73.216.172 - - [14/Apr/2026:10:30:35 +0300] "GET /p/someo40577155?id=593413 HTTP/1.0" 404 2091 "-" "Mozilla/5.0 AppleWebKit/537.36 (KHTML, like Gecko; compatible; ClaudeBot/1.0; +claudebot@anthropic.com)"
216.73.216.172 - - [14/Apr/2026:10:30:38 +0300] "GET /p/assis21685553?id=1701811 HTTP/1.0" 404 2091 "-" "Mozilla/5.0 AppleWebKit/537.36 (KHTML, like Gecko; compatible; ClaudeBot/1.0; +claudebot@anthropic.com)"
216.73.216.172 - - [14/Apr/2026:10:30:45 +0300] "GET /p/parce62918869?id=2935127 HTTP/1.0" 404 2188 "-" "Mozilla/5.0 AppleWebKit/537.36 (KHTML, like Gecko; compatible; ClaudeBot/1.0; +claudebot@anthropic.com)"
85.140.3.71 - - [14/Apr/2026:10:30:46 +0300] "GET /rs-blue.png HTTP/1.1" 200 2931 "https://mc-tabib.ru/" "Mozilla/5.0 (Linux; Android 10; K) AppleWebKit/537.36 (KHTML, like Gecko) Chrome/146.0.0.0 Mobile Safari/537.36"
216.73.216.172 - - [14/Apr/2026:10:30:47 +0300] "GET /p/viola30477930?id=494188 HTTP/1.0" 404 2091 "-" "Mozilla/5.0 AppleWebKit/537.36 (KHTML, like Gecko; compatible; ClaudeBot/1.0; +claudebot@anthropic.com)"
216.73.216.172 - - [14/Apr/2026:10:30:50 +0300] "GET /p/diale50023164?id=39422 HTTP/1.0" 404 2091 "-" "Mozilla/5.0 AppleWebKit/537.36 (KHTML, like Gecko; compatible; ClaudeBot/1.0; +claudebot@anthropic.com)"
216.73.216.172 - - [14/Apr/2026:10:30:53 +0300] "GET /p/spite80298791?id=315049 HTTP/1.0" 404 2091 "-" "Mozilla/5.0 AppleWebKit/537.36 (KHTML, like Gecko; compatible; ClaudeBot/1.0; +claudebot@anthropic.com)"
216.73.216.172 - - [14/Apr/2026:10:30:56 +0300] "GET /p/grape81085159?id=1101417 HTTP/1.0" 404 2091 "-" "Mozilla/5.0 AppleWebKit/537.36 (KHTML, like Gecko; compatible; ClaudeBot/1.0; +claudebot@anthropic.com)"
216.73.216.172 - - [14/Apr/2026:10:30:59 +0300] "GET /p/confl42458259?id=2474517 HTTP/1.0" 404 2091 "-" "Mozilla/5.0 AppleWebKit/537.36 (KHTML, like Gecko; compatible; ClaudeBot/1.0; +claudebot@anthropic.com)"
82.142.172.245 - - [14/Apr/2026:10:31:03 +0300] "GET /rs-blue.png HTTP/1.1" 200 2931 "https://xn--d1aifpbankex.xn--p1ai/" "Mozilla/5.0 (Windows NT 10.0; Win64; x64) AppleWebKit/537.36 (KHTML, like Gecko) Chrome/146.0.0.0 Safari/537.36"
216.73.216.172 - - [14/Apr/2026:10:31:02 +0300] "GET /p/limit70770550?id=786808 HTTP/1.0" 404 2091 "-" "Mozilla/5.0 AppleWebKit/537.36 (KHTML, like Gecko; compatible; ClaudeBot/1.0; +claudebot@anthropic.com)"
74.7.227.38 - - [14/Apr/2026:10:31:04 +0300] "GET /p/sun50700196?id=716454 HTTP/1.0" 404 2091 "https://region-saitov.ru/sitemape.xml" "Mozilla/5.0 AppleWebKit/537.36 (KHTML, like Gecko; compatible; GPTBot/1.3; +https://openai.com/gptbot)"
216.73.216.172 - - [14/Apr/2026:10:31:05 +0300] "GET /p/again10712488?id=728746 HTTP/1.0" 404 2091 "-" "Mozilla/5.0 AppleWebKit/537.36 (KHTML, like Gecko; compatible; ClaudeBot/1.0; +claudebot@anthropic.com)"
216.73.216.172 - - [14/Apr/2026:10:31:08 +0300] "GET /p/stree10068520?id=84778 HTTP/1.0" 404 2091 "-" "Mozilla/5.0 AppleWebKit/537.36 (KHTML, like Gecko; compatible; ClaudeBot/1.0; +claudebot@anthropic.com)"
104.28.229.15 - - [14/Apr/2026:10:31:11 +0300] "GET /rs-blue.png HTTP/1.1" 200 2931 "https://xn--d1aifpbankex.xn--p1ai/" "Mozilla/5.0 (iPhone; CPU iPhone OS 26_3_1 like Mac OS X) AppleWebKit/605.1.15 (KHTML, like Gecko) Mobile/23D8133 Instagram 424.1.0.31.54 (iPhone17,1; iOS 26_3_1; ru_RU; ru; scale=3.00; 1206x2622; IABMV/1; 933996394) Safari/604.1"
216.73.216.172 - - [14/Apr/2026:10:31:11 +0300] "GET /p/movem70183070?id=199328 HTTP/1.0" 404 2091 "-" "Mozilla/5.0 AppleWebKit/537.36 (KHTML, like Gecko; compatible; ClaudeBot/1.0; +claudebot@anthropic.com)"
66.249.70.3 - - [14/Apr/2026:10:31:08 +0300] "GET /p/fulfi22958817?id=2975075 HTTP/1.0" 200 27752 "-" "Mozilla/5.0 (Linux; Android 6.0.1; Nexus 5X Build/MMB29P) AppleWebKit/537.36 (KHTML, like Gecko) Chrome/146.0.7680.177 Mobile Safari/537.36 (compatible; Googlebot/2.1; +http://www.google.com/bot.html)"
205.210.31.55 - - [14/Apr/2026:10:31:13 +0300] "GET / HTTP/1.1" 301 196 "-" "Hello from Palo Alto Networks, find out more about our scans in https://docs-cortex.paloaltonetworks.com/r/1/Cortex-Xpanse/Scanning-activity"
216.73.216.172 - - [14/Apr/2026:10:31:14 +0300] "GET /p/ditch22975449?id=2991707 HTTP/1.0" 404 2091 "-" "Mozilla/5.0 AppleWebKit/537.36 (KHTML, like Gecko; compatible; ClaudeBot/1.0; +claudebot@anthropic.com)"
216.73.216.172 - - [14/Apr/2026:10:31:17 +0300] "GET /p/chees41628931?id=1645189 HTTP/1.0" 404 2091 "-" "Mozilla/5.0 AppleWebKit/537.36 (KHTML, like Gecko; compatible; ClaudeBot/1.0; +claudebot@anthropic.com)"
216.73.216.172 - - [14/Apr/2026:10:31:20 +0300] "GET /p/cycle81067423?id=1083681 HTTP/1.0" 404 2091 "-" "Mozilla/5.0 AppleWebKit/537.36 (KHTML, like Gecko; compatible; ClaudeBot/1.0; +claudebot@anthropic.com)"
89.111.170.8 - - [14/Apr/2026:10:31:17 +0300] "GET / HTTP/1.0" 200 273999 "-" "https://reg.ru monitoring abuse@reg.ru"
216.73.216.172 - - [14/Apr/2026:10:31:23 +0300] "GET /p/optic40239499?id=255757 HTTP/1.0" 404 2091 "-" "Mozilla/5.0 AppleWebKit/537.36 (KHTML, like Gecko; compatible; ClaudeBot/1.0; +claudebot@anthropic.com)"
216.73.216.172 - - [14/Apr/2026:10:31:26 +0300] "GET /p/scrip12411744?id=2428002 HTTP/1.0" 404 2091 "-" "Mozilla/5.0 AppleWebKit/537.36 (KHTML, like Gecko; compatible; ClaudeBot/1.0; +claudebot@anthropic.com)"
216.73.216.172 - - [14/Apr/2026:10:31:29 +0300] "GET /p/cease70535006?id=551264 HTTP/1.0" 404 2091 "-" "Mozilla/5.0 AppleWebKit/537.36 (KHTML, like Gecko; compatible; ClaudeBot/1.0; +claudebot@anthropic.com)"
216.73.216.172 - - [14/Apr/2026:10:31:32 +0300] "GET /p/monk52623924?id=2640182 HTTP/1.0" 404 2091 "-" "Mozilla/5.0 AppleWebKit/537.36 (KHTML, like Gecko; compatible; ClaudeBot/1.0; +claudebot@anthropic.com)"
216.73.216.172 - - [14/Apr/2026:10:31:35 +0300] "GET /p/clima72803470?id=2819728 HTTP/1.0" 404 2091 "-" "Mozilla/5.0 AppleWebKit/537.36 (KHTML, like Gecko; compatible; ClaudeBot/1.0; +claudebot@anthropic.com)"
216.73.216.172 - - [14/Apr/2026:10:31:38 +0300] "GET /p/kilo51020180?id=1036438 HTTP/1.0" 404 2091 "-" "Mozilla/5.0 AppleWebKit/537.36 (KHTML, like Gecko; compatible; ClaudeBot/1.0; +claudebot@anthropic.com)"
216.73.216.172 - - [14/Apr/2026:10:31:43 +0300] "GET /p/chap40874403?id=890661 HTTP/1.0" 404 2188 "-" "Mozilla/5.0 AppleWebKit/537.36 (KHTML, like Gecko; compatible; ClaudeBot/1.0; +claudebot@anthropic.com)"
216.73.216.172 - - [14/Apr/2026:10:31:45 +0300] "GET /p/crow50203260?id=219518 HTTP/1.0" 404 2091 "-" "Mozilla/5.0 AppleWebKit/537.36 (KHTML, like Gecko; compatible; ClaudeBot/1.0; +claudebot@anthropic.com)"
74.7.227.38 - - [14/Apr/2026:10:31:47 +0300] "GET /p/zoo30776402?id=792660 HTTP/1.0" 404 2091 "https://region-saitov.ru/sitemapa.xml" "Mozilla/5.0 AppleWebKit/537.36 (KHTML, like Gecko; compatible; GPTBot/1.3; +https://openai.com/gptbot)"
216.73.216.172 - - [14/Apr/2026:10:31:48 +0300] "GET /p/ruler70097134?id=113392 HTTP/1.0" 404 2091 "-" "Mozilla/5.0 AppleWebKit/537.36 (KHTML, like Gecko; compatible; ClaudeBot/1.0; +claudebot@anthropic.com)"
216.73.216.172 - - [14/Apr/2026:10:31:51 +0300] "GET /p/requi41748611?id=1764869 HTTP/1.0" 404 2091 "-" "Mozilla/5.0 AppleWebKit/537.36 (KHTML, like Gecko; compatible; ClaudeBot/1.0; +claudebot@anthropic.com)"
216.73.216.172 - - [14/Apr/2026:10:31:54 +0300] "GET /p/hambu10237128?id=253386 HTTP/1.0" 404 2091 "-" "Mozilla/5.0 AppleWebKit/537.36 (KHTML, like Gecko; compatible; ClaudeBot/1.0; +claudebot@anthropic.com)"
46.147.234.233 - - [14/Apr/2026:10:31:55 +0300] "GET /rs-blue.png HTTP/1.1" 200 2931 "https://xn----7sbkbf1bmuairr.xn--p1ai/" "Mozilla/5.0 (Linux; Android 10; K) AppleWebKit/537.36 (KHTML, like Gecko) Chrome/126.0.0.0 Mobile Safari/537.36"
216.73.216.172 - - [14/Apr/2026:10:31:57 +0300] "GET /p/facul31991050?id=2007308 HTTP/1.0" 404 2091 "-" "Mozilla/5.0 AppleWebKit/537.36 (KHTML, like Gecko; compatible; ClaudeBot/1.0; +claudebot@anthropic.com)"
216.73.216.172 - - [14/Apr/2026:10:32:00 +0300] "GET /p/suppo10577144?id=593402 HTTP/1.0" 404 2091 "-" "Mozilla/5.0 AppleWebKit/537.36 (KHTML, like Gecko; compatible; ClaudeBot/1.0; +claudebot@anthropic.com)"
216.73.216.172 - - [14/Apr/2026:10:32:03 +0300] "GET /p/plane50968332?id=984590 HTTP/1.0" 404 2091 "-" "Mozilla/5.0 AppleWebKit/537.36 (KHTML, like Gecko; compatible; ClaudeBot/1.0; +claudebot@anthropic.com)"
216.73.216.172 - - [14/Apr/2026:10:32:06 +0300] "GET /p/outlo20031345?id=47603 HTTP/1.0" 404 2091 "-" "Mozilla/5.0 AppleWebKit/537.36 (KHTML, like Gecko; compatible; ClaudeBot/1.0; +claudebot@anthropic.com)"
216.73.216.172 - - [14/Apr/2026:10:32:09 +0300] "GET /p/firem70970782?id=987040 HTTP/1.0" 404 2091 "-" "Mozilla/5.0 AppleWebKit/537.36 (KHTML, like Gecko; compatible; ClaudeBot/1.0; +claudebot@anthropic.com)"
216.73.216.172 - - [14/Apr/2026:10:32:12 +0300] "GET /p/bloom12158664?id=2174922 HTTP/1.0" 404 2091 "-" "Mozilla/5.0 AppleWebKit/537.36 (KHTML, like Gecko; compatible; ClaudeBot/1.0; +claudebot@anthropic.com)"
216.73.216.172 - - [14/Apr/2026:10:32:15 +0300] "GET /p/intro12784464?id=2800722 HTTP/1.0" 404 2091 "-" "Mozilla/5.0 AppleWebKit/537.36 (KHTML, like Gecko; compatible; ClaudeBot/1.0; +claudebot@anthropic.com)"
216.73.216.172 - - [14/Apr/2026:10:32:18 +0300] "GET /p/trigg22058089?id=2074347 HTTP/1.0" 404 2091 "-" "Mozilla/5.0 AppleWebKit/537.36 (KHTML, like Gecko; compatible; ClaudeBot/1.0; +claudebot@anthropic.com)"
216.73.216.172 - - [14/Apr/2026:10:32:21 +0300] "GET /p/image62438197?id=2454455 HTTP/1.0" 404 2091 "-" "Mozilla/5.0 AppleWebKit/537.36 (KHTML, like Gecko; compatible; ClaudeBot/1.0; +claudebot@anthropic.com)"
216.73.216.172 - - [14/Apr/2026:10:32:24 +0300] "GET /p/guy80135663?id=151921 HTTP/1.0" 404 2091 "-" "Mozilla/5.0 AppleWebKit/537.36 (KHTML, like Gecko; compatible; ClaudeBot/1.0; +claudebot@anthropic.com)"
216.73.216.172 - - [14/Apr/2026:10:32:27 +0300] "GET /p/circu40962115?id=978373 HTTP/1.0" 404 2091 "-" "Mozilla/5.0 AppleWebKit/537.36 (KHTML, like Gecko; compatible; ClaudeBot/1.0; +claudebot@anthropic.com)"
74.7.227.38 - - [14/Apr/2026:10:32:30 +0300] "GET /p/let80305375?id=321633 HTTP/1.0" 404 2091 "https://region-saitov.ru/sitemapa.xml" "Mozilla/5.0 AppleWebKit/537.36 (KHTML, like Gecko; compatible; GPTBot/1.3; +https://openai.com/gptbot)"
216.73.216.172 - - [14/Apr/2026:10:32:30 +0300] "GET /p/compi71354830?id=1371088 HTTP/1.0" 404 2091 "-" "Mozilla/5.0 AppleWebKit/537.36 (KHTML, like Gecko; compatible; ClaudeBot/1.0; +claudebot@anthropic.com)"
216.73.216.172 - - [14/Apr/2026:10:32:33 +0300] "GET /p/value11284320?id=1300578 HTTP/1.0" 404 2091 "-" "Mozilla/5.0 AppleWebKit/537.36 (KHTML, like Gecko; compatible; ClaudeBot/1.0; +claudebot@anthropic.com)"
216.73.216.172 - - [14/Apr/2026:10:32:36 +0300] "GET /p/basis31031570?id=1047828 HTTP/1.0" 404 2091 "-" "Mozilla/5.0 AppleWebKit/537.36 (KHTML, like Gecko; compatible; ClaudeBot/1.0; +claudebot@anthropic.com)"
66.249.70.1 - - [14/Apr/2026:10:32:50 +0300] "GET /p/fit81592631?id=1608889 HTTP/1.0" 200 25819 "-" "Mozilla/5.0 (Linux; Android 6.0.1; Nexus 5X Build/MMB29P) AppleWebKit/537.36 (KHTML, like Gecko) Chrome/146.0.7680.177 Mobile Safari/537.36 (compatible; Googlebot/2.1; +http://www.google.com/bot.html)"
66.249.76.231 - - [14/Apr/2026:10:33:03 +0300] "GET /p/sad42216771?id=2233029 HTTP/1.0" 200 26780 "-" "Mozilla/5.0 (Linux; Android 6.0.1; Nexus 5X Build/MMB29P) AppleWebKit/537.36 (KHTML, like Gecko) Chrome/146.0.7680.177 Mobile Safari/537.36 (compatible; Googlebot/2.1; +http://www.google.com/bot.html)"
216.73.216.172 - - [14/Apr/2026:10:33:09 +0300] "GET /p/swing41920811?id=1937069 HTTP/1.0" 404 2188 "-" "Mozilla/5.0 AppleWebKit/537.36 (KHTML, like Gecko; compatible; ClaudeBot/1.0; +claudebot@anthropic.com)"
216.73.216.172 - - [14/Apr/2026:10:33:11 +0300] "GET /p/deer61595061?id=1611319 HTTP/1.0" 404 2091 "-" "Mozilla/5.0 AppleWebKit/537.36 (KHTML, like Gecko; compatible; ClaudeBot/1.0; +claudebot@anthropic.com)"
74.7.227.38 - - [14/Apr/2026:10:33:12 +0300] "GET /p/yin10261656?id=277914 HTTP/1.0" 404 2091 "https://region-saitov.ru/sitemape.xml" "Mozilla/5.0 AppleWebKit/537.36 (KHTML, like Gecko; compatible; GPTBot/1.3; +https://openai.com/gptbot)"
216.73.216.172 - - [14/Apr/2026:10:33:14 +0300] "GET /p/debt30262402?id=278660 HTTP/1.0" 404 2091 "-" "Mozilla/5.0 AppleWebKit/537.36 (KHTML, like Gecko; compatible; ClaudeBot/1.0; +claudebot@anthropic.com)"
216.73.216.172 - - [14/Apr/2026:10:33:17 +0300] "GET /p/remem71116262?id=1132520 HTTP/1.0" 404 2091 "-" "Mozilla/5.0 AppleWebKit/537.36 (KHTML, like Gecko; compatible; ClaudeBot/1.0; +claudebot@anthropic.com)"
66.249.76.232 - - [14/Apr/2026:10:33:15 +0300] "GET /p/defy10215832?id=232090 HTTP/1.0" 200 27830 "-" "Mozilla/5.0 (Linux; Android 6.0.1; Nexus 5X Build/MMB29P) AppleWebKit/537.36 (KHTML, like Gecko) Chrome/146.0.7680.177 Mobile Safari/537.36 (compatible; Googlebot/2.1; +http://www.google.com/bot.html)"
216.73.216.172 - - [14/Apr/2026:10:33:20 +0300] "GET /p/bruis22086689?id=2102947 HTTP/1.0" 404 2091 "-" "Mozilla/5.0 AppleWebKit/537.36 (KHTML, like Gecko; compatible; ClaudeBot/1.0; +claudebot@anthropic.com)"
216.73.216.172 - - [14/Apr/2026:10:33:23 +0300] "GET /p/divis60542021?id=558279 HTTP/1.0" 404 2091 "-" "Mozilla/5.0 AppleWebKit/537.36 (KHTML, like Gecko; compatible; ClaudeBot/1.0; +claudebot@anthropic.com)"
216.73.216.172 - - [14/Apr/2026:10:33:26 +0300] "GET /p/desse30813554?id=829812 HTTP/1.0" 404 2091 "-" "Mozilla/5.0 AppleWebKit/537.36 (KHTML, like Gecko; compatible; ClaudeBot/1.0; +claudebot@anthropic.com)"
66.249.76.231 - - [14/Apr/2026:10:33:24 +0300] "GET /p/spiri72832534?id=2848792 HTTP/1.0" 200 26028 "-" "Mozilla/5.0 (Linux; Android 6.0.1; Nexus 5X Build/MMB29P) AppleWebKit/537.36 (KHTML, like Gecko) Chrome/146.0.7680.177 Mobile Safari/537.36 (compatible; Googlebot/2.1; +http://www.google.com/bot.html)"
216.73.216.172 - - [14/Apr/2026:10:33:29 +0300] "GET /p/item81569943?id=1586201 HTTP/1.0" 404 2091 "-" "Mozilla/5.0 AppleWebKit/537.36 (KHTML, like Gecko; compatible; ClaudeBot/1.0; +claudebot@anthropic.com)"
216.73.216.172 - - [14/Apr/2026:10:33:32 +0300] "GET /p/soil81279311?id=1295569 HTTP/1.0" 404 2091 "-" "Mozilla/5.0 AppleWebKit/537.36 (KHTML, like Gecko; compatible; ClaudeBot/1.0; +claudebot@anthropic.com)"
216.73.216.172 - - [14/Apr/2026:10:33:35 +0300] "GET /p/divid20916849?id=933107 HTTP/1.0" 404 2091 "-" "Mozilla/5.0 AppleWebKit/537.36 (KHTML, like Gecko; compatible; ClaudeBot/1.0; +claudebot@anthropic.com)"
66.249.76.231 - - [14/Apr/2026:10:33:33 +0300] "GET /p/misco52475804?id=2492062 HTTP/1.0" 200 26734 "-" "Mozilla/5.0 (Linux; Android 6.0.1; Nexus 5X Build/MMB29P) AppleWebKit/537.36 (KHTML, like Gecko) Chrome/146.0.7680.177 Mobile Safari/537.36 (compatible; GoogleOther)"
216.73.216.172 - - [14/Apr/2026:10:33:39 +0300] "GET /p/canva72410798?id=2427056 HTTP/1.0" 404 2091 "-" "Mozilla/5.0 AppleWebKit/537.36 (KHTML, like Gecko; compatible; ClaudeBot/1.0; +claudebot@anthropic.com)"
66.249.70.1 - - [14/Apr/2026:10:33:36 +0300] "GET /p/democ40281979?id=298237 HTTP/1.0" 200 25601 "-" "Mozilla/5.0 (Linux; Android 6.0.1; Nexus 5X Build/MMB29P) AppleWebKit/537.36 (KHTML, like Gecko) Chrome/146.0.7680.177 Mobile Safari/537.36 (compatible; Googlebot/2.1; +http://www.google.com/bot.html)"
216.73.216.172 - - [14/Apr/2026:10:33:41 +0300] "GET /p/alyss82167991?id=2184249 HTTP/1.0" 404 2091 "-" "Mozilla/5.0 AppleWebKit/537.36 (KHTML, like Gecko; compatible; ClaudeBot/1.0; +claudebot@anthropic.com)"
216.73.216.172 - - [14/Apr/2026:10:33:44 +0300] "GET /p/cut72949382?id=2965640 HTTP/1.0" 404 2091 "-" "Mozilla/5.0 AppleWebKit/537.36 (KHTML, like Gecko; compatible; ClaudeBot/1.0; +claudebot@anthropic.com)"
216.73.216.172 - - [14/Apr/2026:10:33:47 +0300] "GET /p/whene10396640?id=412898 HTTP/1.0" 404 2091 "-" "Mozilla/5.0 AppleWebKit/537.36 (KHTML, like Gecko; compatible; ClaudeBot/1.0; +claudebot@anthropic.com)"
216.73.216.172 - - [14/Apr/2026:10:33:50 +0300] "GET /p/amoun32081674?id=2097932 HTTP/1.0" 404 2091 "-" "Mozilla/5.0 AppleWebKit/537.36 (KHTML, like Gecko; compatible; ClaudeBot/1.0; +claudebot@anthropic.com)"
66.249.76.231 - - [14/Apr/2026:10:33:48 +0300] "GET /p/asia21685249?id=1701507 HTTP/1.0" 200 26295 "-" "Mozilla/5.0 (Linux; Android 6.0.1; Nexus 5X Build/MMB29P) AppleWebKit/537.36 (KHTML, like Gecko) Chrome/146.0.7680.177 Mobile Safari/537.36 (compatible; GoogleOther)"
66.249.76.231 - - [14/Apr/2026:10:33:48 +0300] "GET /p/aircr12291408?id=2307666 HTTP/1.0" 200 26100 "-" "Mozilla/5.0 (Linux; Android 6.0.1; Nexus 5X Build/MMB29P) AppleWebKit/537.36 (KHTML, like Gecko) Chrome/146.0.7680.177 Mobile Safari/537.36 (compatible; Googlebot/2.1; +http://www.google.com/bot.html)"
216.73.216.172 - - [14/Apr/2026:10:33:53 +0300] "GET /p/grass72932518?id=2948776 HTTP/1.0" 404 2091 "-" "Mozilla/5.0 AppleWebKit/537.36 (KHTML, like Gecko; compatible; ClaudeBot/1.0; +claudebot@anthropic.com)"
74.7.227.38 - - [14/Apr/2026:10:33:55 +0300] "GET /p/wet70452062?id=468320 HTTP/1.0" 404 2091 "https://region-saitov.ru/sitemape.xml" "Mozilla/5.0 AppleWebKit/537.36 (KHTML, like Gecko; compatible; GPTBot/1.3; +https://openai.com/gptbot)"
216.73.216.172 - - [14/Apr/2026:10:33:57 +0300] "GET /p/estat40183747?id=200005 HTTP/1.0" 404 2091 "-" "Mozilla/5.0 AppleWebKit/537.36 (KHTML, like Gecko; compatible; ClaudeBot/1.0; +claudebot@anthropic.com)"
216.73.216.172 - - [14/Apr/2026:10:33:59 +0300] "GET /p/pint12171064?id=2187322 HTTP/1.0" 404 2091 "-" "Mozilla/5.0 AppleWebKit/537.36 (KHTML, like Gecko; compatible; ClaudeBot/1.0; +claudebot@anthropic.com)"
216.73.216.172 - - [14/Apr/2026:10:34:02 +0300] "GET /p/assig70590006?id=606264 HTTP/1.0" 404 2091 "-" "Mozilla/5.0 AppleWebKit/537.36 (KHTML, like Gecko; compatible; ClaudeBot/1.0; +claudebot@anthropic.com)"
66.249.76.233 - - [14/Apr/2026:10:34:06 +0300] "GET /p/bubbl72990886?id=3007144 HTTP/1.0" 200 25699 "-" "Mozilla/5.0 (Linux; Android 6.0.1; Nexus 5X Build/MMB29P) AppleWebKit/537.36 (KHTML, like Gecko) Chrome/146.0.7680.177 Mobile Safari/537.36 (compatible; Googlebot/2.1; +http://www.google.com/bot.html)"
66.249.76.231 - - [14/Apr/2026:10:34:26 +0300] "GET /p/smash12723688?id=2739946 HTTP/1.0" 200 26858 "-" "Mozilla/5.0 (Linux; Android 6.0.1; Nexus 5X Build/MMB29P) AppleWebKit/537.36 (KHTML, like Gecko) Chrome/146.0.7680.177 Mobile Safari/537.36 (compatible; Googlebot/2.1; +http://www.google.com/bot.html)"
74.7.227.38 - - [14/Apr/2026:10:34:37 +0300] "GET /p/war50132556?id=148814 HTTP/1.0" 404 2091 "https://region-saitov.ru/sitemape.xml" "Mozilla/5.0 AppleWebKit/537.36 (KHTML, like Gecko; compatible; GPTBot/1.3; +https://openai.com/gptbot)"
92.242.60.14 - - [14/Apr/2026:10:34:34 +0300] "GET / HTTP/1.0" 200 273999 "-" "https://reg.ru monitoring abuse@reg.ru"
216.73.216.172 - - [14/Apr/2026:10:34:46 +0300] "GET /p/slap21679737?id=1695995 HTTP/1.0" 404 2188 "-" "Mozilla/5.0 AppleWebKit/537.36 (KHTML, like Gecko; compatible; ClaudeBot/1.0; +claudebot@anthropic.com)"
195.26.82.173 - - [14/Apr/2026:10:34:48 +0300] "GET /rs-grey.png HTTP/1.1" 200 2424 "https://www.xn--7-9sbeamc3b1argoh9m.xn--p1ai/" "Mozilla/5.0 (Windows NT 10.0; Win64; x64) AppleWebKit/537.36 (KHTML, like Gecko) Chrome/145.0.0.0 Safari/537.36 OPR/129.0.0.0"
216.73.216.172 - - [14/Apr/2026:10:34:49 +0300] "GET /p/partn62101701?id=2117959 HTTP/1.0" 404 2091 "-" "Mozilla/5.0 AppleWebKit/537.36 (KHTML, like Gecko; compatible; ClaudeBot/1.0; +claudebot@anthropic.com)"
66.249.76.231 - - [14/Apr/2026:10:34:45 +0300] "GET /p/satur40964835?id=981093 HTTP/1.0" 200 26425 "-" "Mozilla/5.0 (Linux; Android 6.0.1; Nexus 5X Build/MMB29P) AppleWebKit/537.36 (KHTML, like Gecko) Chrome/146.0.7680.177 Mobile Safari/537.36 (compatible; Googlebot/2.1; +http://www.google.com/bot.html)"
89.111.141.101 - - [14/Apr/2026:10:34:45 +0300] "GET / HTTP/1.0" 200 273999 "-" "https://reg.ru monitoring abuse@reg.ru"
216.73.216.172 - - [14/Apr/2026:10:34:52 +0300] "GET /p/teach10949168?id=965426 HTTP/1.0" 404 2091 "-" "Mozilla/5.0 AppleWebKit/537.36 (KHTML, like Gecko; compatible; ClaudeBot/1.0; +claudebot@anthropic.com)"
