uawdijnntqw1x1x1
IP : 216.73.216.103
Hostname : dsru51-17647.fornex.org
Kernel : Linux dsru51-17647.fornex.org 4.9.0-4-amd64 #1 SMP Debian 4.9.65-3+deb9u1 (2017-12-23) x86_64
Disable Function : pcntl_alarm,pcntl_fork,pcntl_waitpid,pcntl_wait,pcntl_wifexited,pcntl_wifstopped,pcntl_wifsignaled,pcntl_wexitstatus,pcntl_wtermsig,pcntl_wstopsig,pcntl_signal,pcntl_signal_dispatch,pcntl_get_last_error,pcntl_strerror,pcntl_sigprocmask,pcntl_sigwaitinfo,pcntl_sigtimedwait,pcntl_exec,pcntl_getpriority,pcntl_setpriority,
OS : Linux
PATH:
/
var
/
www
/
rustam
/
data
/
php-bin-isp-php74
/
..
/
logs
/
.
/
kama-saks.ru.access.log
/
/
216.73.216.19 - - [14/Apr/2026:06:36:33 +0300] "GET /robots.txt HTTP/1.0" 200 305 "-" "Mozilla/5.0 AppleWebKit/537.36 (KHTML, like Gecko; compatible; ClaudeBot/1.0; +claudebot@anthropic.com)"
101.100.194.245 - - [14/Apr/2026:06:46:13 +0300] "GET /wp-json/wc/store/cart HTTP/1.0" 200 166 "-" "Mozilla/5.0 (Windows NT 10.0; Win64; x64) AppleWebKit/537.36"
44.203.20.147 - - [14/Apr/2026:07:32:35 +0300] "GET / HTTP/1.0" 200 166 "-" "Mozilla/5.0 (Windows NT 10.0; Win64; x64) AppleWebKit/537.36 (KHTML, like Gecko) Chrome/125.0.0.0 Safari/537.36"
216.73.216.19 - - [14/Apr/2026:08:09:40 +0300] "GET /robots.txt HTTP/1.0" 200 305 "-" "Mozilla/5.0 AppleWebKit/537.36 (KHTML, like Gecko; compatible; ClaudeBot/1.0; +claudebot@anthropic.com)"
216.73.216.19 - - [14/Apr/2026:08:09:43 +0300] "GET /sitemap.xml HTTP/1.0" 200 441 "-" "Mozilla/5.0 AppleWebKit/537.36 (KHTML, like Gecko; compatible; ClaudeBot/1.0; +claudebot@anthropic.com)"
23.236.55.230 - - [14/Apr/2026:09:28:01 +0300] "HEAD /robots.txt HTTP/1.0" 200 148 "-" "Mozilla/5.0 (X11; Linux x86_64) AppleWebKit/537.36 (KHTML, like Gecko) Chrome/136.0.0.0 Safari/537.36"
136.119.129.236 - - [14/Apr/2026:09:28:05 +0300] "HEAD / HTTP/1.0" 200 147 "-" "Mozilla/5.0 AppleWebKit/537.36 (KHTML, like Gecko); compatible; ShapBot/0.1.0"
136.119.129.236 - - [14/Apr/2026:09:28:06 +0300] "HEAD /privacy-policy HTTP/1.0" 200 147 "-" "Mozilla/5.0 AppleWebKit/537.36 (KHTML, like Gecko); compatible; ShapBot/0.1.0"
136.119.129.236 - - [14/Apr/2026:09:28:12 +0300] "GET / HTTP/1.0" 200 25262 "-" "Mozilla/5.0 AppleWebKit/537.36 (KHTML, like Gecko); compatible; ShapBot/0.1.0"
136.119.129.236 - - [14/Apr/2026:09:28:12 +0300] "GET /privacy-policy HTTP/1.0" 200 24783 "-" "Mozilla/5.0 AppleWebKit/537.36 (KHTML, like Gecko); compatible; ShapBot/0.1.0"
157.15.40.61 - - [14/Apr/2026:09:28:56 +0300] "GET /media/system/js/core.js HTTP/1.0" 200 166 "-" "Mozilla/5.0 (Macintosh; Intel Mac OS X 10_10_1) AppleWebKit/537.36 (KHTML, like Gecko) Chrome/39.0.2171.95 Safari/537.36"
157.15.40.61 - - [14/Apr/2026:09:29:00 +0300] "GET /wp-includes/js/jquery/jquery.js HTTP/1.0" 200 166 "-" "Mozilla/5.0 (Macintosh; Intel Mac OS X 10_10_1) AppleWebKit/537.36 (KHTML, like Gecko) Chrome/39.0.2171.95 Safari/537.36"
144.172.108.142 - - [14/Apr/2026:09:58:42 +0300] "HEAD /backup.zip HTTP/1.0" 200 147 "-" "python-requests/2.27.1"
45.227.253.15 - - [14/Apr/2026:10:12:51 +0300] "GET /index.php/jk HTTP/1.0" 200 210 "-" "Mozilla/5.0 (Macintosh; Intel Mac OS X 10.13; rv:103.0) Gecko/20100101 Firefox/101.0"
216.73.216.19 - - [14/Apr/2026:10:36:40 +0300] "GET /robots.txt HTTP/1.0" 200 305 "-" "Mozilla/5.0 AppleWebKit/537.36 (KHTML, like Gecko; compatible; ClaudeBot/1.0; +claudebot@anthropic.com)"
216.73.216.19 - - [14/Apr/2026:10:36:43 +0300] "GET /sitemap.xml HTTP/1.0" 200 20236 "-" "Mozilla/5.0 AppleWebKit/537.36 (KHTML, like Gecko; compatible; ClaudeBot/1.0; +claudebot@anthropic.com)"
45.9.75.13 - - [14/Apr/2026:10:55:07 +0300] "GET / HTTP/1.0" 200 166 "-" "Mozilla/5.0 (Macintosh; Intel Mac OS X 10_14_5) AppleWebKit/537.36 (KHTML, like Gecko) Chrome/122.0.0.0 Safari/537.36 Edg/122.0.0.0"
142.93.63.156 - - [14/Apr/2026:11:29:54 +0300] "GET / HTTP/1.0" 200 166 "-" "Mozilla/5.0 (X11; Linux x86_64) AppleWebKit/537.36 (KHTML, like Gecko) Chrome/142.0.0.0 Safari/537.36"
142.93.63.156 - - [14/Apr/2026:11:29:57 +0300] "GET / HTTP/1.0" 200 166 "-" "Mozilla/5.0 (X11; Linux x86_64) AppleWebKit/537.36 (KHTML, like Gecko) Chrome/142.0.0.0 Safari/537.36"
213.180.203.109 - - [14/Apr/2026:11:51:42 +0300] "GET /robots.txt HTTP/1.0" 200 180 "-" "Mozilla/5.0 (compatible; YandexBot/3.0; +http://yandex.com/bots)"
95.108.213.110 - - [14/Apr/2026:11:51:45 +0300] "GET /privacy-policy HTTP/1.0" 200 180 "-" "Mozilla/5.0 (compatible; YandexBot/3.0; +http://yandex.com/bots) AppleWebKit/537.36 (KHTML, like Gecko) Chrome/108.0.0.0"
213.180.203.66 - - [14/Apr/2026:11:51:46 +0300] "GET /privacy-policy HTTP/1.0" 200 180 "-" "Mozilla/5.0 (compatible; YandexBot/3.0; +http://yandex.com/bots) AppleWebKit/537.36 (KHTML, like Gecko) Chrome/108.0.0.0"
5.255.231.144 - - [14/Apr/2026:11:51:46 +0300] "GET /privacy-policy HTTP/1.0" 200 180 "-" "Mozilla/5.0 (compatible; YandexBot/3.0; +http://yandex.com/bots) AppleWebKit/537.36 (KHTML, like Gecko) Chrome/108.0.0.0"
213.180.203.158 - - [14/Apr/2026:11:51:47 +0300] "GET /privacy-policy HTTP/1.0" 200 180 "-" "Mozilla/5.0 (iPhone; CPU iPhone OS 18_7 like Mac OS X) AppleWebKit/605.1.15 (KHTML, like Gecko) Version/26.2 Mobile/15E148 Safari/604.1 (compatible; YandexBot/3.0; +http://yandex.com/bots)"
213.180.203.165 - - [14/Apr/2026:11:51:47 +0300] "GET /privacy-policy HTTP/1.0" 200 180 "-" "Mozilla/5.0 (compatible; YandexBot/3.0; +http://yandex.com/bots) AppleWebKit/537.36 (KHTML, like Gecko) Chrome/108.0.0.0"
213.180.203.235 - - [14/Apr/2026:11:51:48 +0300] "GET /privacy-policy HTTP/1.0" 200 180 "-" "Mozilla/5.0 (compatible; YandexBot/3.0; +http://yandex.com/bots) AppleWebKit/537.36 (KHTML, like Gecko) Chrome/108.0.0.0"
213.180.203.28 - - [14/Apr/2026:11:51:50 +0300] "GET /favicon.ico HTTP/1.0" 200 180 "https://kama-saks.ru/privacy-policy" "Mozilla/5.0 (compatible; YandexRenderResourcesBot/1.0; +http://yandex.com/bots) AppleWebKit/537.36 (KHTML, like Gecko) Chrome/108.0.0.0"
5.255.231.150 - - [14/Apr/2026:11:51:52 +0300] "GET /favicon.ico HTTP/1.0" 200 180 "https://kama-saks.ru/privacy-policy" "Mozilla/5.0 (compatible; YandexRenderResourcesBot/1.0; +http://yandex.com/bots) AppleWebKit/537.36 (KHTML, like Gecko) Chrome/108.0.0.0"
213.180.203.146 - - [14/Apr/2026:11:51:53 +0300] "GET / HTTP/1.0" 200 180 "-" "Mozilla/5.0 (compatible; YandexBot/3.0; +http://yandex.com/bots) AppleWebKit/537.36 (KHTML, like Gecko) Chrome/108.0.0.0"
93.158.91.10 - - [14/Apr/2026:11:57:20 +0300] "GET / HTTP/1.0" 200 166 "-" "Mozilla/5.0 (Windows NT 10.0; Win64; x64) AppleWebKit/537.36 (KHTML, like Gecko) Chrome/105.0.0.0 Safari/537.36"
93.158.91.10 - - [14/Apr/2026:11:57:26 +0300] "GET /favicon.ico HTTP/1.0" 200 166 "-" "Mozilla/5.0 (Windows NT 10.0; Win64; x64) AppleWebKit/537.36 (KHTML, like Gecko) Chrome/105.0.0.0 Safari/537.36"
66.249.70.105 - - [14/Apr/2026:12:12:17 +0300] "GET /robots.txt HTTP/1.0" 200 19782 "-" "Mozilla/5.0 (compatible; Googlebot/2.1; +http://www.google.com/bot.html)"
89.113.103.228 - - [14/Apr/2026:12:12:17 +0300] "GET /robots.txt HTTP/1.0" 200 19602 "-" "Mozilla/5.0 (compatible; Googlebot/2.1; +http://www.google.com/bot.html)"
66.249.70.105 - - [14/Apr/2026:12:12:24 +0300] "GET / HTTP/1.0" 200 20819 "-" "Mozilla/5.0 (compatible; Googlebot/2.1; +http://www.google.com/bot.html)"
185.190.41.197 - - [14/Apr/2026:12:13:01 +0300] "GET / HTTP/1.0" 200 20752 "-" "Mozilla/5.0 (compatible; Googlebot/2.1; +http://www.google.com/bot.html)"
104.210.140.140 - - [14/Apr/2026:12:34:38 +0300] "GET /robots.txt HTTP/1.0" 200 306 "-" "Mozilla/5.0 (Macintosh; Intel Mac OS X 10_15_7) AppleWebKit/537.36 (KHTML, like Gecko) Chrome/131.0.0.0 Safari/537.36; compatible; OAI-SearchBot/1.0; +https://openai.com/searchbot"
216.73.216.19 - - [14/Apr/2026:12:57:17 +0300] "GET /robots.txt HTTP/1.0" 200 305 "-" "Mozilla/5.0 AppleWebKit/537.36 (KHTML, like Gecko; compatible; ClaudeBot/1.0; +claudebot@anthropic.com)"
216.73.216.19 - - [14/Apr/2026:12:57:20 +0300] "GET /sitemap.xml HTTP/1.0" 200 19705 "-" "Mozilla/5.0 AppleWebKit/537.36 (KHTML, like Gecko; compatible; ClaudeBot/1.0; +claudebot@anthropic.com)"
45.227.253.15 - - [14/Apr/2026:13:32:13 +0300] "GET /index.php/jk HTTP/1.0" 200 210 "-" "Mozilla/5.0 (Macintosh; Intel Mac OS X 10.15; rv:103.0) Gecko/20100101 Firefox/102.0"
216.73.216.19 - - [14/Apr/2026:13:51:11 +0300] "GET /robots.txt HTTP/1.0" 200 306 "-" "Mozilla/5.0 AppleWebKit/537.36 (KHTML, like Gecko; compatible; ClaudeBot/1.0; +claudebot@anthropic.com)"
216.73.216.19 - - [14/Apr/2026:13:51:14 +0300] "GET /outlet/170037939 HTTP/1.0" 200 166 "-" "Mozilla/5.0 AppleWebKit/537.36 (KHTML, like Gecko; compatible; ClaudeBot/1.0; +claudebot@anthropic.com)"
216.73.216.19 - - [14/Apr/2026:13:52:56 +0300] "GET /shop/goods/unite037041395.html HTTP/1.0" 200 166 "-" "Mozilla/5.0 AppleWebKit/537.36 (KHTML, like Gecko; compatible; ClaudeBot/1.0; +claudebot@anthropic.com)"
216.73.216.19 - - [14/Apr/2026:13:53:43 +0300] "GET /outlet/156048405 HTTP/1.0" 200 166 "-" "Mozilla/5.0 AppleWebKit/537.36 (KHTML, like Gecko; compatible; ClaudeBot/1.0; +claudebot@anthropic.com)"
216.73.216.19 - - [14/Apr/2026:13:55:15 +0300] "GET /outlet/168042633 HTTP/1.0" 200 166 "-" "Mozilla/5.0 AppleWebKit/537.36 (KHTML, like Gecko; compatible; ClaudeBot/1.0; +claudebot@anthropic.com)"
46.28.21.149 - - [14/Apr/2026:13:57:18 +0300] "GET / HTTP/1.0" 200 166 "-" "Mozilla/5.0 (Windows NT 10.0; Win64; x64) AppleWebKit/537.36 (KHTML, like Gecko) Chrome/131.0.0.0 Safari/537.36"
46.28.21.149 - - [14/Apr/2026:13:57:41 +0300] "GET / HTTP/1.0" 200 166 "-" "Mozilla/5.0 (Macintosh; Intel Mac OS X 10_15_7) AppleWebKit/537.36 (KHTML, like Gecko) Chrome/107.0.0.0 Safari/537.36"
46.28.21.149 - - [14/Apr/2026:13:57:48 +0300] "GET /favicon.ico HTTP/1.0" 200 166 "-" "Mozilla/5.0 (Windows NT 10.0; Win64; x64) AppleWebKit/537.36 (KHTML, like Gecko) Chrome/120.0.0.0 Safari/537.36"
216.73.216.19 - - [14/Apr/2026:14:06:13 +0300] "GET /outlet/208019947 HTTP/1.0" 200 166 "-" "Mozilla/5.0 AppleWebKit/537.36 (KHTML, like Gecko; compatible; ClaudeBot/1.0; +claudebot@anthropic.com)"
216.73.216.19 - - [14/Apr/2026:14:10:35 +0300] "GET /shop/goods/remote203041315.html HTTP/1.0" 200 166 "-" "Mozilla/5.0 AppleWebKit/537.36 (KHTML, like Gecko; compatible; ClaudeBot/1.0; +claudebot@anthropic.com)"
216.73.216.19 - - [14/Apr/2026:14:12:44 +0300] "GET /shop/goods/strike181033019.html HTTP/1.0" 200 166 "-" "Mozilla/5.0 AppleWebKit/537.36 (KHTML, like Gecko; compatible; ClaudeBot/1.0; +claudebot@anthropic.com)"
216.73.216.19 - - [14/Apr/2026:14:14:31 +0300] "GET /outlet/008009983 HTTP/1.0" 200 166 "-" "Mozilla/5.0 AppleWebKit/537.36 (KHTML, like Gecko; compatible; ClaudeBot/1.0; +claudebot@anthropic.com)"
216.73.216.19 - - [14/Apr/2026:14:14:37 +0300] "GET /robots.txt HTTP/1.0" 200 305 "-" "Mozilla/5.0 AppleWebKit/537.36 (KHTML, like Gecko; compatible; ClaudeBot/1.0; +claudebot@anthropic.com)"
216.73.216.19 - - [14/Apr/2026:14:14:40 +0300] "GET /sitemap.xml HTTP/1.0" 200 19908 "-" "Mozilla/5.0 AppleWebKit/537.36 (KHTML, like Gecko; compatible; ClaudeBot/1.0; +claudebot@anthropic.com)"
216.73.216.19 - - [14/Apr/2026:14:15:55 +0300] "GET /shop/goods/technician112047662.html HTTP/1.0" 200 166 "-" "Mozilla/5.0 AppleWebKit/537.36 (KHTML, like Gecko; compatible; ClaudeBot/1.0; +claudebot@anthropic.com)"
216.73.216.19 - - [14/Apr/2026:14:17:37 +0300] "GET /sitemap.xml HTTP/1.0" 200 19776 "-" "Mozilla/5.0 AppleWebKit/537.36 (KHTML, like Gecko; compatible; ClaudeBot/1.0; +claudebot@anthropic.com)"
216.73.216.19 - - [14/Apr/2026:14:18:48 +0300] "GET /shop/goods/stomach197029449.html HTTP/1.0" 200 166 "-" "Mozilla/5.0 AppleWebKit/537.36 (KHTML, like Gecko; compatible; ClaudeBot/1.0; +claudebot@anthropic.com)"
66.249.70.105 - - [14/Apr/2026:14:19:40 +0300] "GET /robots.txt HTTP/1.0" 200 20088 "-" "Mozilla/5.0 (compatible; Googlebot/2.1; +http://www.google.com/bot.html)"
66.249.70.105 - - [14/Apr/2026:14:20:13 +0300] "GET / HTTP/1.0" 200 20694 "-" "Mozilla/5.0 (Linux; Android 6.0.1; Nexus 5X Build/MMB29P) AppleWebKit/537.36 (KHTML, like Gecko) Chrome/146.0.7680.177 Mobile Safari/537.36 (compatible; Googlebot/2.1; +http://www.google.com/bot.html)"
216.73.216.19 - - [14/Apr/2026:14:29:03 +0300] "GET /outlet/176010057 HTTP/1.0" 200 166 "-" "Mozilla/5.0 AppleWebKit/537.36 (KHTML, like Gecko; compatible; ClaudeBot/1.0; +claudebot@anthropic.com)"
216.73.216.19 - - [14/Apr/2026:14:35:51 +0300] "GET /shop/goods/fairly203005139.html HTTP/1.0" 200 166 "-" "Mozilla/5.0 AppleWebKit/537.36 (KHTML, like Gecko; compatible; ClaudeBot/1.0; +claudebot@anthropic.com)"
216.73.216.19 - - [14/Apr/2026:14:38:50 +0300] "GET /shop/goods/pan017008535.html HTTP/1.0" 200 166 "-" "Mozilla/5.0 AppleWebKit/537.36 (KHTML, like Gecko; compatible; ClaudeBot/1.0; +claudebot@anthropic.com)"
216.73.216.19 - - [14/Apr/2026:14:38:55 +0300] "GET /outlet/006009905 HTTP/1.0" 200 166 "-" "Mozilla/5.0 AppleWebKit/537.36 (KHTML, like Gecko; compatible; ClaudeBot/1.0; +claudebot@anthropic.com)"
216.73.216.19 - - [14/Apr/2026:14:40:27 +0300] "GET /outlet/225032332 HTTP/1.0" 200 166 "-" "Mozilla/5.0 AppleWebKit/537.36 (KHTML, like Gecko; compatible; ClaudeBot/1.0; +claudebot@anthropic.com)"
84.253.107.126 - - [14/Apr/2026:14:41:37 +0300] "GET / HTTP/1.0" 200 421 "https://www.google.com/" "Mozilla/5.0 (Windows NT 10.0; Win64; x64) AppleWebKit/537.36 (KHTML, like Gecko) Chrome/146.0.0.0 Safari/537.36"
216.73.216.19 - - [14/Apr/2026:14:41:40 +0300] "GET /shop/goods/of017019309.html HTTP/1.0" 200 166 "-" "Mozilla/5.0 AppleWebKit/537.36 (KHTML, like Gecko; compatible; ClaudeBot/1.0; +claudebot@anthropic.com)"
216.73.216.19 - - [14/Apr/2026:14:41:45 +0300] "GET /shop/goods/sensitive098043706.html HTTP/1.0" 200 166 "-" "Mozilla/5.0 AppleWebKit/537.36 (KHTML, like Gecko; compatible; ClaudeBot/1.0; +claudebot@anthropic.com)"
84.253.107.126 - - [14/Apr/2026:14:41:54 +0300] "GET / HTTP/1.0" 200 421 "https://www.google.com/" "Mozilla/5.0 (Windows NT 10.0; Win64; x64) AppleWebKit/537.36 (KHTML, like Gecko) Chrome/146.0.0.0 Safari/537.36"
216.73.216.19 - - [14/Apr/2026:14:42:49 +0300] "GET /shop/goods/failure182007582.html HTTP/1.0" 200 166 "-" "Mozilla/5.0 AppleWebKit/537.36 (KHTML, like Gecko; compatible; ClaudeBot/1.0; +claudebot@anthropic.com)"
216.73.216.19 - - [14/Apr/2026:14:43:45 +0300] "GET /shop/goods/lost148031410.html HTTP/1.0" 200 166 "-" "Mozilla/5.0 AppleWebKit/537.36 (KHTML, like Gecko; compatible; ClaudeBot/1.0; +claudebot@anthropic.com)"
84.253.107.126 - - [14/Apr/2026:14:46:13 +0300] "GET / HTTP/1.0" 200 166 "-" "Mozilla/5.0 (Windows NT 10.0; Win64; x64) AppleWebKit/537.36 (KHTML, like Gecko) Chrome/147.0.0.0 Safari/537.36 Edg/147.0.0.0"
84.253.107.126 - - [14/Apr/2026:14:46:19 +0300] "GET /favicon.ico HTTP/1.0" 200 166 "https://kama-saks.ru/" "Mozilla/5.0 (Windows NT 10.0; Win64; x64) AppleWebKit/537.36 (KHTML, like Gecko) Chrome/147.0.0.0 Safari/537.36 Edg/147.0.0.0"
84.253.107.126 - - [14/Apr/2026:14:46:25 +0300] "GET / HTTP/1.0" 200 166 "-" "Mozilla/5.0 (Windows NT 10.0; Win64; x64) AppleWebKit/537.36 (KHTML, like Gecko) Chrome/147.0.0.0 Safari/537.36 Edg/147.0.0.0"
84.253.107.126 - - [14/Apr/2026:14:46:31 +0300] "GET /favicon.ico HTTP/1.0" 200 166 "https://kama-saks.ru/" "Mozilla/5.0 (Windows NT 10.0; Win64; x64) AppleWebKit/537.36 (KHTML, like Gecko) Chrome/147.0.0.0 Safari/537.36 Edg/147.0.0.0"
84.253.107.126 - - [14/Apr/2026:14:46:34 +0300] "GET / HTTP/1.0" 200 166 "-" "Mozilla/5.0 (Windows NT 10.0; Win64; x64) AppleWebKit/537.36 (KHTML, like Gecko) Chrome/147.0.0.0 Safari/537.36 Edg/147.0.0.0"
84.253.107.126 - - [14/Apr/2026:14:46:41 +0300] "GET /favicon.ico HTTP/1.0" 200 166 "https://kama-saks.ru/" "Mozilla/5.0 (Windows NT 10.0; Win64; x64) AppleWebKit/537.36 (KHTML, like Gecko) Chrome/147.0.0.0 Safari/537.36 Edg/147.0.0.0"
84.253.107.126 - - [14/Apr/2026:14:46:52 +0300] "GET / HTTP/1.0" 200 166 "-" "Mozilla/5.0 (Windows NT 10.0; Win64; x64) AppleWebKit/537.36 (KHTML, like Gecko) Chrome/147.0.0.0 Safari/537.36 Edg/147.0.0.0"
216.73.216.19 - - [14/Apr/2026:14:50:35 +0300] "GET /shop/goods/offense094017830.html HTTP/1.0" 200 166 "-" "Mozilla/5.0 AppleWebKit/537.36 (KHTML, like Gecko; compatible; ClaudeBot/1.0; +claudebot@anthropic.com)"
66.249.70.107 - - [14/Apr/2026:14:52:23 +0300] "GET /shop/goods/hardware082015566.html HTTP/1.0" 200 20429 "-" "Mozilla/5.0 (Linux; Android 6.0.1; Nexus 5X Build/MMB29P) AppleWebKit/537.36 (KHTML, like Gecko) Chrome/146.0.7680.177 Mobile Safari/537.36 (compatible; GoogleOther)"
101.100.194.245 - - [14/Apr/2026:14:53:17 +0300] "GET /wp-json/wc/store/cart HTTP/1.0" 200 166 "-" "Mozilla/5.0 (Windows NT 10.0; Win64; x64) AppleWebKit/537.36"
52.167.144.57 - - [14/Apr/2026:15:01:45 +0300] "GET /robots.txt HTTP/1.0" 200 180 "-" "Mozilla/5.0 AppleWebKit/537.36 (KHTML, like Gecko; compatible; bingbot/2.0; +http://www.bing.com/bingbot.htm) Chrome/116.0.1938.76 Safari/537.36"
40.77.167.46 - - [14/Apr/2026:15:01:49 +0300] "GET / HTTP/1.0" 200 180 "-" "Mozilla/5.0 AppleWebKit/537.36 (KHTML, like Gecko; compatible; bingbot/2.0; +http://www.bing.com/bingbot.htm) Chrome/116.0.1938.76 Safari/537.36"
216.73.216.19 - - [14/Apr/2026:15:50:03 +0300] "GET /robots.txt HTTP/1.0" 200 306 "-" "Mozilla/5.0 AppleWebKit/537.36 (KHTML, like Gecko; compatible; ClaudeBot/1.0; +claudebot@anthropic.com)"
216.73.216.19 - - [14/Apr/2026:15:50:06 +0300] "GET /shop/goods/carbon057002087.html HTTP/1.0" 200 166 "-" "Mozilla/5.0 AppleWebKit/537.36 (KHTML, like Gecko; compatible; ClaudeBot/1.0; +claudebot@anthropic.com)"
216.73.216.19 - - [14/Apr/2026:16:09:55 +0300] "GET /robots.txt HTTP/1.0" 200 305 "-" "Mozilla/5.0 AppleWebKit/537.36 (KHTML, like Gecko; compatible; ClaudeBot/1.0; +claudebot@anthropic.com)"
216.73.216.19 - - [14/Apr/2026:16:09:58 +0300] "GET /sitemap.xml HTTP/1.0" 200 20104 "-" "Mozilla/5.0 AppleWebKit/537.36 (KHTML, like Gecko; compatible; ClaudeBot/1.0; +claudebot@anthropic.com)"
54.91.248.169 - - [14/Apr/2026:16:28:09 +0300] "GET / HTTP/1.0" 200 166 "-" "Mozilla/5.0 (Linux; U; Android 2.3.3; en-us ; LS670 Build/GRI40) AppleWebKit/533.1 (KHTML, like Gecko) Version/4.0 Mobile Safari/533.1/UCBrowser/8.6.1.262/145/355"
54.91.248.169 - - [14/Apr/2026:16:28:10 +0300] "GET / HTTP/1.0" 200 166 "-" "Mozilla/5.0 (Windows; U; Windows XP) Gecko MultiZilla/1.6.1.0a"
45.227.253.15 - - [14/Apr/2026:16:33:08 +0300] "GET /images/images/images/images/images/images/images/index.php?ARRAY=7o2230223n313737363137373636342p2231223n22687474703n5p2s5p2s7n733836327631332r706165646r6573732r736o696r5p2s3s6p633q7068705s636s64655s6n6326743q313737363137343036342q6339623630373038313663666537633530643663353835643564643539373139222p2232223n223964393536333562633130656134663363636330626637636261373534616330222p2233223n226166643066333032373064613330303536656335306131613039343336613433222p2262696r675s70617373223n2231392q33382q35312q36372q37342q38362q3235227q HTTP/1.0" 200 166 "-" "Mozilla/5.0 (Macintosh; Intel Mac OS X 10.15; rv:103.0) Gecko/20100101 Firefox/103.0"
161.115.234.120 - - [14/Apr/2026:16:51:31 +0300] "GET / HTTP/1.0" 200 421 "https://www.google.com" "Mozilla/5.0 (Windows NT 10.0; Win64; x64) AppleWebKit/537.36 (KHTML, like Gecko) Chrome/99.0.4844.51 Safari/537.36 Edg/99.0.1150.30"
161.115.234.126 - - [14/Apr/2026:16:51:36 +0300] "GET / HTTP/1.0" 200 421 "https://www.google.com" "Mozilla/5.0 (Windows NT 10.0; Win64; x64) AppleWebKit/537.36 (KHTML, like Gecko) Chrome/99.0.4844.51 Safari/537.36 Edg/99.0.1150.30"
161.115.234.138 - - [14/Apr/2026:16:51:20 +0300] "GET / HTTP/1.0" 200 441 "https://www.google.com" "Mozilla/5.0 (Windows NT 10.0; Win64; x64) AppleWebKit/537.36 (KHTML, like Gecko) Chrome/99.0.4844.51 Safari/537.36 Edg/99.0.1150.30"
161.115.234.12 - - [14/Apr/2026:16:52:03 +0300] "GET / HTTP/1.0" 200 421 "https://www.google.com/" "Mozilla/5.0 (Windows NT 10.0; Win64; x64; rv:135.0) Gecko/20100101 Firefox/135.0"
89.44.87.54 - - [14/Apr/2026:16:52:15 +0300] "GET / HTTP/1.0" 200 166 "-" "Mozilla/5.0 (Windows NT 10.0; Win64; x64; rv:123.0) Gecko/20100101 Firefox/123.0"
216.73.216.19 - - [14/Apr/2026:16:54:24 +0300] "GET /shop/goods/ordinary177025917.html HTTP/1.0" 200 166 "-" "Mozilla/5.0 AppleWebKit/537.36 (KHTML, like Gecko; compatible; ClaudeBot/1.0; +claudebot@anthropic.com)"
216.73.216.19 - - [14/Apr/2026:16:54:35 +0300] "GET /shop/goods/satisfaction019049053.html HTTP/1.0" 200 166 "-" "Mozilla/5.0 AppleWebKit/537.36 (KHTML, like Gecko; compatible; ClaudeBot/1.0; +claudebot@anthropic.com)"
216.73.216.19 - - [14/Apr/2026:16:57:22 +0300] "GET /outlet/235049576 HTTP/1.0" 200 166 "-" "Mozilla/5.0 AppleWebKit/537.36 (KHTML, like Gecko; compatible; ClaudeBot/1.0; +claudebot@anthropic.com)"
216.73.216.19 - - [14/Apr/2026:16:57:35 +0300] "GET /outlet/265014450 HTTP/1.0" 200 166 "-" "Mozilla/5.0 AppleWebKit/537.36 (KHTML, like Gecko; compatible; ClaudeBot/1.0; +claudebot@anthropic.com)"
216.73.216.19 - - [14/Apr/2026:16:58:28 +0300] "GET /shop/goods/rest017008535.html HTTP/1.0" 200 166 "-" "Mozilla/5.0 AppleWebKit/537.36 (KHTML, like Gecko; compatible; ClaudeBot/1.0; +claudebot@anthropic.com)"
216.73.216.19 - - [14/Apr/2026:17:00:57 +0300] "GET /shop/goods/soar017019309.html HTTP/1.0" 200 166 "-" "Mozilla/5.0 AppleWebKit/537.36 (KHTML, like Gecko; compatible; ClaudeBot/1.0; +claudebot@anthropic.com)"
216.73.216.19 - - [14/Apr/2026:17:01:16 +0300] "GET /shop/goods/note115031939.html HTTP/1.0" 200 166 "-" "Mozilla/5.0 AppleWebKit/537.36 (KHTML, like Gecko; compatible; ClaudeBot/1.0; +claudebot@anthropic.com)"
34.139.144.108 - - [14/Apr/2026:17:22:36 +0300] "GET / HTTP/1.0" 200 166 "-" "Mozilla/5.0 (Windows NT 10.0; Win64; x64) AppleWebKit/537.36 (KHTML, like Gecko) Chrome/88.0.4240.193 Safari/537.36"
34.139.144.108 - - [14/Apr/2026:17:22:42 +0300] "GET / HTTP/1.0" 200 166 "-" "Mozilla/5.0 (Windows NT 10.0; Win64; x64) AppleWebKit/537.36 (KHTML, like Gecko) Chrome/88.0.4240.193 Safari/537.36"
34.139.144.108 - - [14/Apr/2026:17:22:50 +0300] "GET /wp-includes/wlwmanifest.xml HTTP/1.0" 200 164513 "-" "Mozilla/5.0 (Windows NT 10.0; Win64; x64) AppleWebKit/537.36 (KHTML, like Gecko) Chrome/88.0.4240.193 Safari/537.36"
34.139.144.108 - - [14/Apr/2026:17:22:59 +0300] "GET /xmlrpc.php?rsd HTTP/1.0" 403 477 "-" "Mozilla/5.0 (Windows NT 10.0; Win64; x64) AppleWebKit/537.36 (KHTML, like Gecko) Chrome/88.0.4240.193 Safari/537.36"
34.139.144.108 - - [14/Apr/2026:17:22:59 +0300] "GET / HTTP/1.0" 200 166 "-" "Mozilla/5.0 (Windows NT 10.0; Win64; x64) AppleWebKit/537.36 (KHTML, like Gecko) Chrome/88.0.4240.193 Safari/537.36"
34.139.144.108 - - [14/Apr/2026:17:23:05 +0300] "GET /blog/wp-includes/wlwmanifest.xml HTTP/1.0" 200 165842 "-" "Mozilla/5.0 (Windows NT 10.0; Win64; x64) AppleWebKit/537.36 (KHTML, like Gecko) Chrome/88.0.4240.193 Safari/537.36"
34.139.144.108 - - [14/Apr/2026:17:23:13 +0300] "GET /web/wp-includes/wlwmanifest.xml HTTP/1.0" 200 165418 "-" "Mozilla/5.0 (Windows NT 10.0; Win64; x64) AppleWebKit/537.36 (KHTML, like Gecko) Chrome/88.0.4240.193 Safari/537.36"
34.139.144.108 - - [14/Apr/2026:17:23:22 +0300] "GET /wordpress/wp-includes/wlwmanifest.xml HTTP/1.0" 200 165842 "-" "Mozilla/5.0 (Windows NT 10.0; Win64; x64) AppleWebKit/537.36 (KHTML, like Gecko) Chrome/88.0.4240.193 Safari/537.36"
34.139.144.108 - - [14/Apr/2026:17:23:31 +0300] "GET /website/wp-includes/wlwmanifest.xml HTTP/1.0" 200 164988 "-" "Mozilla/5.0 (Windows NT 10.0; Win64; x64) AppleWebKit/537.36 (KHTML, like Gecko) Chrome/88.0.4240.193 Safari/537.36"
34.139.144.108 - - [14/Apr/2026:17:23:39 +0300] "GET /wp/wp-includes/wlwmanifest.xml HTTP/1.0" 200 165842 "-" "Mozilla/5.0 (Windows NT 10.0; Win64; x64) AppleWebKit/537.36 (KHTML, like Gecko) Chrome/88.0.4240.193 Safari/537.36"
34.139.144.108 - - [14/Apr/2026:17:23:47 +0300] "GET /news/wp-includes/wlwmanifest.xml HTTP/1.0" 200 165034 "-" "Mozilla/5.0 (Windows NT 10.0; Win64; x64) AppleWebKit/537.36 (KHTML, like Gecko) Chrome/88.0.4240.193 Safari/537.36"
34.139.144.108 - - [14/Apr/2026:17:23:56 +0300] "GET /2020/wp-includes/wlwmanifest.xml HTTP/1.0" 200 164402 "-" "Mozilla/5.0 (Windows NT 10.0; Win64; x64) AppleWebKit/537.36 (KHTML, like Gecko) Chrome/88.0.4240.193 Safari/537.36"
34.139.144.108 - - [14/Apr/2026:17:24:04 +0300] "GET /2019/wp-includes/wlwmanifest.xml HTTP/1.0" 200 164820 "-" "Mozilla/5.0 (Windows NT 10.0; Win64; x64) AppleWebKit/537.36 (KHTML, like Gecko) Chrome/88.0.4240.193 Safari/537.36"
34.139.144.108 - - [14/Apr/2026:17:24:13 +0300] "GET /shop/wp-includes/wlwmanifest.xml HTTP/1.0" 200 165842 "-" "Mozilla/5.0 (Windows NT 10.0; Win64; x64) AppleWebKit/537.36 (KHTML, like Gecko) Chrome/88.0.4240.193 Safari/537.36"
34.139.144.108 - - [14/Apr/2026:17:24:21 +0300] "GET /wp1/wp-includes/wlwmanifest.xml HTTP/1.0" 200 165083 "-" "Mozilla/5.0 (Windows NT 10.0; Win64; x64) AppleWebKit/537.36 (KHTML, like Gecko) Chrome/88.0.4240.193 Safari/537.36"
34.139.144.108 - - [14/Apr/2026:17:24:30 +0300] "GET /test/wp-includes/wlwmanifest.xml HTTP/1.0" 200 165842 "-" "Mozilla/5.0 (Windows NT 10.0; Win64; x64) AppleWebKit/537.36 (KHTML, like Gecko) Chrome/88.0.4240.193 Safari/537.36"
34.139.144.108 - - [14/Apr/2026:17:24:38 +0300] "GET /wp2/wp-includes/wlwmanifest.xml HTTP/1.0" 200 165814 "-" "Mozilla/5.0 (Windows NT 10.0; Win64; x64) AppleWebKit/537.36 (KHTML, like Gecko) Chrome/88.0.4240.193 Safari/537.36"
34.139.144.108 - - [14/Apr/2026:17:24:47 +0300] "GET /site/wp-includes/wlwmanifest.xml HTTP/1.0" 200 164820 "-" "Mozilla/5.0 (Windows NT 10.0; Win64; x64) AppleWebKit/537.36 (KHTML, like Gecko) Chrome/88.0.4240.193 Safari/537.36"
34.139.144.108 - - [14/Apr/2026:17:24:55 +0300] "GET /cms/wp-includes/wlwmanifest.xml HTTP/1.0" 200 165142 "-" "Mozilla/5.0 (Windows NT 10.0; Win64; x64) AppleWebKit/537.36 (KHTML, like Gecko) Chrome/88.0.4240.193 Safari/537.36"
34.139.144.108 - - [14/Apr/2026:17:25:04 +0300] "GET /sito/wp-includes/wlwmanifest.xml HTTP/1.0" 200 165842 "-" "Mozilla/5.0 (Windows NT 10.0; Win64; x64) AppleWebKit/537.36 (KHTML, like Gecko) Chrome/88.0.4240.193 Safari/537.36"
45.227.253.15 - - [14/Apr/2026:17:47:36 +0300] "GET /?of=1 HTTP/1.0" 200 15767 "-" "Mozilla/5.0 (Windows NT 10.0; Win64; x64) AppleWebKit/537.36 (KHTML, like Gecko) Chrome/76.0.3800 Safari/537.36 Edg/76.0.140.6"
45.227.253.15 - - [14/Apr/2026:17:51:23 +0300] "GET /index.php/jk HTTP/1.0" 200 210 "-" "Mozilla/5.0 (Macintosh; Intel Mac OS X 10.11; rv:103.0) Gecko/20100101 Firefox/101.0"
216.73.216.19 - - [14/Apr/2026:18:09:45 +0300] "GET /robots.txt HTTP/1.0" 200 305 "-" "Mozilla/5.0 AppleWebKit/537.36 (KHTML, like Gecko; compatible; ClaudeBot/1.0; +claudebot@anthropic.com)"
216.73.216.19 - - [14/Apr/2026:18:09:48 +0300] "GET /sitemap.xml HTTP/1.0" 200 19723 "-" "Mozilla/5.0 AppleWebKit/537.36 (KHTML, like Gecko; compatible; ClaudeBot/1.0; +claudebot@anthropic.com)"
216.73.216.19 - - [14/Apr/2026:18:25:11 +0300] "GET /robots.txt HTTP/1.0" 200 306 "-" "Mozilla/5.0 AppleWebKit/537.36 (KHTML, like Gecko; compatible; ClaudeBot/1.0; +claudebot@anthropic.com)"
216.73.216.19 - - [14/Apr/2026:18:25:14 +0300] "GET /shop/goods/slot136010368.html HTTP/1.0" 200 166 "-" "Mozilla/5.0 AppleWebKit/537.36 (KHTML, like Gecko; compatible; ClaudeBot/1.0; +claudebot@anthropic.com)"
216.73.216.19 - - [14/Apr/2026:18:27:27 +0300] "GET /shop/goods/family197011289.html HTTP/1.0" 200 166 "-" "Mozilla/5.0 AppleWebKit/537.36 (KHTML, like Gecko; compatible; ClaudeBot/1.0; +claudebot@anthropic.com)"
216.73.216.19 - - [14/Apr/2026:18:27:32 +0300] "GET /outlet/132047651 HTTP/1.0" 200 166 "-" "Mozilla/5.0 AppleWebKit/537.36 (KHTML, like Gecko; compatible; ClaudeBot/1.0; +claudebot@anthropic.com)"
216.73.216.19 - - [14/Apr/2026:18:27:38 +0300] "GET /outlet/038030089 HTTP/1.0" 200 166 "-" "Mozilla/5.0 AppleWebKit/537.36 (KHTML, like Gecko; compatible; ClaudeBot/1.0; +claudebot@anthropic.com)"
216.73.216.19 - - [14/Apr/2026:18:27:48 +0300] "GET /outlet/173032782 HTTP/1.0" 200 166 "-" "Mozilla/5.0 AppleWebKit/537.36 (KHTML, like Gecko; compatible; ClaudeBot/1.0; +claudebot@anthropic.com)"
216.73.216.19 - - [14/Apr/2026:18:28:18 +0300] "GET /shop/goods/validity011044637.html HTTP/1.0" 200 166 "-" "Mozilla/5.0 AppleWebKit/537.36 (KHTML, like Gecko; compatible; ClaudeBot/1.0; +claudebot@anthropic.com)"
216.73.216.19 - - [14/Apr/2026:18:29:34 +0300] "GET /shop/goods/worldwide041018107.html HTTP/1.0" 200 166 "-" "Mozilla/5.0 AppleWebKit/537.36 (KHTML, like Gecko; compatible; ClaudeBot/1.0; +claudebot@anthropic.com)"
216.73.216.19 - - [14/Apr/2026:18:30:33 +0300] "GET /outlet/106004741 HTTP/1.0" 200 166 "-" "Mozilla/5.0 AppleWebKit/537.36 (KHTML, like Gecko; compatible; ClaudeBot/1.0; +claudebot@anthropic.com)"
216.73.216.19 - - [14/Apr/2026:18:32:53 +0300] "GET /outlet/113047278 HTTP/1.0" 200 166 "-" "Mozilla/5.0 AppleWebKit/537.36 (KHTML, like Gecko; compatible; ClaudeBot/1.0; +claudebot@anthropic.com)"
216.73.216.19 - - [14/Apr/2026:18:34:43 +0300] "GET /shop/goods/feedback265036399.html HTTP/1.0" 200 166 "-" "Mozilla/5.0 AppleWebKit/537.36 (KHTML, like Gecko; compatible; ClaudeBot/1.0; +claudebot@anthropic.com)"
216.73.216.19 - - [14/Apr/2026:18:36:06 +0300] "GET /shop/goods/grain087001703.html HTTP/1.0" 200 166 "-" "Mozilla/5.0 AppleWebKit/537.36 (KHTML, like Gecko; compatible; ClaudeBot/1.0; +claudebot@anthropic.com)"
216.73.216.19 - - [14/Apr/2026:18:36:11 +0300] "GET /shop/goods/issue087001705.html HTTP/1.0" 200 166 "-" "Mozilla/5.0 AppleWebKit/537.36 (KHTML, like Gecko; compatible; ClaudeBot/1.0; +claudebot@anthropic.com)"
216.73.216.19 - - [14/Apr/2026:18:36:19 +0300] "GET /outlet/026024647 HTTP/1.0" 200 166 "-" "Mozilla/5.0 AppleWebKit/537.36 (KHTML, like Gecko; compatible; ClaudeBot/1.0; +claudebot@anthropic.com)"
216.73.216.19 - - [14/Apr/2026:18:37:26 +0300] "GET /shop/goods/easily087001707.html HTTP/1.0" 200 166 "-" "Mozilla/5.0 AppleWebKit/537.36 (KHTML, like Gecko; compatible; ClaudeBot/1.0; +claudebot@anthropic.com)"
216.73.216.19 - - [14/Apr/2026:18:37:31 +0300] "GET /shop/goods/altogether017008535.html HTTP/1.0" 200 166 "-" "Mozilla/5.0 AppleWebKit/537.36 (KHTML, like Gecko; compatible; ClaudeBot/1.0; +claudebot@anthropic.com)"
216.73.216.19 - - [14/Apr/2026:19:11:06 +0300] "GET /sitemap.xml HTTP/1.0" 200 19826 "-" "Mozilla/5.0 AppleWebKit/537.36 (KHTML, like Gecko; compatible; ClaudeBot/1.0; +claudebot@anthropic.com)"
216.73.216.19 - - [14/Apr/2026:19:41:28 +0300] "GET /robots.txt HTTP/1.0" 200 305 "-" "Mozilla/5.0 AppleWebKit/537.36 (KHTML, like Gecko; compatible; ClaudeBot/1.0; +claudebot@anthropic.com)"
216.73.216.19 - - [14/Apr/2026:19:41:31 +0300] "GET /shop/goods/entrance250021390.html HTTP/1.0" 200 166 "-" "Mozilla/5.0 AppleWebKit/537.36 (KHTML, like Gecko; compatible; ClaudeBot/1.0; +claudebot@anthropic.com)"
216.73.216.19 - - [14/Apr/2026:19:41:39 +0300] "GET /outlet/127045656 HTTP/1.0" 200 166 "-" "Mozilla/5.0 AppleWebKit/537.36 (KHTML, like Gecko; compatible; ClaudeBot/1.0; +claudebot@anthropic.com)"
216.73.216.19 - - [14/Apr/2026:19:43:23 +0300] "GET /shop/goods/evaluate280011324.html HTTP/1.0" 200 166 "-" "Mozilla/5.0 AppleWebKit/537.36 (KHTML, like Gecko; compatible; ClaudeBot/1.0; +claudebot@anthropic.com)"
216.73.216.19 - - [14/Apr/2026:19:46:02 +0300] "GET /shop/goods/nearby043005469.html HTTP/1.0" 200 166 "-" "Mozilla/5.0 AppleWebKit/537.36 (KHTML, like Gecko; compatible; ClaudeBot/1.0; +claudebot@anthropic.com)"
216.73.216.19 - - [14/Apr/2026:19:46:07 +0300] "GET /shop/goods/tape240039362.html HTTP/1.0" 200 166 "-" "Mozilla/5.0 AppleWebKit/537.36 (KHTML, like Gecko; compatible; ClaudeBot/1.0; +claudebot@anthropic.com)"
216.73.216.19 - - [14/Apr/2026:19:46:15 +0300] "GET /shop/goods/fuel161011823.html HTTP/1.0" 200 166 "-" "Mozilla/5.0 AppleWebKit/537.36 (KHTML, like Gecko; compatible; ClaudeBot/1.0; +claudebot@anthropic.com)"
216.73.216.19 - - [14/Apr/2026:19:46:21 +0300] "GET /shop/goods/overlook017008535.html HTTP/1.0" 200 166 "-" "Mozilla/5.0 AppleWebKit/537.36 (KHTML, like Gecko; compatible; ClaudeBot/1.0; +claudebot@anthropic.com)"
216.73.216.19 - - [14/Apr/2026:19:55:28 +0300] "GET /sitemap.xml HTTP/1.0" 200 19638 "-" "Mozilla/5.0 AppleWebKit/537.36 (KHTML, like Gecko; compatible; ClaudeBot/1.0; +claudebot@anthropic.com)"
/var/www/rustam/data/php-bin-isp-php74/../logs/./kama-saks.ru.access.log