216.73.216.145 - - [14/Apr/2026:07:48:35 +0300] "GET /shopping/3107049665.html HTTP/1.0" 404 2108 "-" "Mozilla/5.0 AppleWebKit/537.36 (KHTML, like Gecko; compatible; ClaudeBot/1.0; +claudebot@anthropic.com)"
216.73.216.145 - - [14/Apr/2026:07:48:41 +0300] "GET /shopping/2258455212.html HTTP/1.0" 404 2108 "-" "Mozilla/5.0 AppleWebKit/537.36 (KHTML, like Gecko; compatible; ClaudeBot/1.0; +claudebot@anthropic.com)"
216.73.216.145 - - [14/Apr/2026:07:48:47 +0300] "GET /shopping/3084666001.html HTTP/1.0" 404 2108 "-" "Mozilla/5.0 AppleWebKit/537.36 (KHTML, like Gecko; compatible; ClaudeBot/1.0; +claudebot@anthropic.com)"
216.73.216.145 - - [14/Apr/2026:07:48:53 +0300] "GET /shopping/1507891332.html HTTP/1.0" 404 2108 "-" "Mozilla/5.0 AppleWebKit/537.36 (KHTML, like Gecko; compatible; ClaudeBot/1.0; +claudebot@anthropic.com)"
216.73.216.145 - - [14/Apr/2026:07:48:59 +0300] "GET /shopping/637219794.html HTTP/1.0" 404 2108 "-" "Mozilla/5.0 AppleWebKit/537.36 (KHTML, like Gecko; compatible; ClaudeBot/1.0; +claudebot@anthropic.com)"
216.73.216.145 - - [14/Apr/2026:07:49:05 +0300] "GET /shopping/329902998.html HTTP/1.0" 404 2108 "-" "Mozilla/5.0 AppleWebKit/537.36 (KHTML, like Gecko; compatible; ClaudeBot/1.0; +claudebot@anthropic.com)"
216.73.216.145 - - [14/Apr/2026:07:49:11 +0300] "GET /shopping/341646364.html HTTP/1.0" 404 2108 "-" "Mozilla/5.0 AppleWebKit/537.36 (KHTML, like Gecko; compatible; ClaudeBot/1.0; +claudebot@anthropic.com)"
170.106.82.209 - - [14/Apr/2026:07:49:16 +0300] "GET / HTTP/1.1" 400 283 "-" "Mozilla/5.0 (iPhone; CPU iPhone OS 13_2_3 like Mac OS X) AppleWebKit/605.1.15 (KHTML, like Gecko) Version/13.0.3 Mobile/15E148 Safari/604.1"
216.73.216.145 - - [14/Apr/2026:07:49:17 +0300] "GET /shopping/2078776806.html HTTP/1.0" 404 2108 "-" "Mozilla/5.0 AppleWebKit/537.36 (KHTML, like Gecko; compatible; ClaudeBot/1.0; +claudebot@anthropic.com)"
216.73.216.145 - - [14/Apr/2026:07:49:23 +0300] "GET /shopping/3619057537.html HTTP/1.0" 404 2108 "-" "Mozilla/5.0 AppleWebKit/537.36 (KHTML, like Gecko; compatible; ClaudeBot/1.0; +claudebot@anthropic.com)"
216.73.216.145 - - [14/Apr/2026:07:49:33 +0300] "GET /shopping/2999849377.html HTTP/1.0" 404 2205 "-" "Mozilla/5.0 AppleWebKit/537.36 (KHTML, like Gecko; compatible; ClaudeBot/1.0; +claudebot@anthropic.com)"
216.73.216.145 - - [14/Apr/2026:07:49:38 +0300] "GET /shopping/1772623447.html HTTP/1.0" 404 2108 "-" "Mozilla/5.0 AppleWebKit/537.36 (KHTML, like Gecko; compatible; ClaudeBot/1.0; +claudebot@anthropic.com)"
216.73.216.145 - - [14/Apr/2026:07:49:44 +0300] "GET /shopping/3820613308.html HTTP/1.0" 404 2108 "-" "Mozilla/5.0 AppleWebKit/537.36 (KHTML, like Gecko; compatible; ClaudeBot/1.0; +claudebot@anthropic.com)"
216.73.216.145 - - [14/Apr/2026:07:49:50 +0300] "GET /shopping/927542707.html HTTP/1.0" 404 2108 "-" "Mozilla/5.0 AppleWebKit/537.36 (KHTML, like Gecko; compatible; ClaudeBot/1.0; +claudebot@anthropic.com)"
216.73.216.145 - - [14/Apr/2026:07:49:56 +0300] "GET /shopping/2560219677.html HTTP/1.0" 404 2108 "-" "Mozilla/5.0 AppleWebKit/537.36 (KHTML, like Gecko; compatible; ClaudeBot/1.0; +claudebot@anthropic.com)"
216.73.216.145 - - [14/Apr/2026:07:50:02 +0300] "GET /shopping/1811780676.html HTTP/1.0" 404 2108 "-" "Mozilla/5.0 AppleWebKit/537.36 (KHTML, like Gecko; compatible; ClaudeBot/1.0; +claudebot@anthropic.com)"
216.73.216.145 - - [14/Apr/2026:07:50:08 +0300] "GET /shopping/974270468.html HTTP/1.0" 404 2108 "-" "Mozilla/5.0 AppleWebKit/537.36 (KHTML, like Gecko; compatible; ClaudeBot/1.0; +claudebot@anthropic.com)"
216.73.216.145 - - [14/Apr/2026:07:50:14 +0300] "GET /shopping/1764848026.html HTTP/1.0" 404 2108 "-" "Mozilla/5.0 AppleWebKit/537.36 (KHTML, like Gecko; compatible; ClaudeBot/1.0; +claudebot@anthropic.com)"
216.73.216.145 - - [14/Apr/2026:07:50:20 +0300] "GET /shopping/2780190223.html HTTP/1.0" 404 2108 "-" "Mozilla/5.0 AppleWebKit/537.36 (KHTML, like Gecko; compatible; ClaudeBot/1.0; +claudebot@anthropic.com)"
216.73.216.145 - - [14/Apr/2026:07:50:26 +0300] "GET /shopping/2511732569.html HTTP/1.0" 404 2108 "-" "Mozilla/5.0 AppleWebKit/537.36 (KHTML, like Gecko; compatible; ClaudeBot/1.0; +claudebot@anthropic.com)"
216.73.216.145 - - [14/Apr/2026:07:50:32 +0300] "GET /shopping/3650549647.html HTTP/1.0" 404 2108 "-" "Mozilla/5.0 AppleWebKit/537.36 (KHTML, like Gecko; compatible; ClaudeBot/1.0; +claudebot@anthropic.com)"
216.73.216.145 - - [14/Apr/2026:07:50:42 +0300] "GET /shopping/4088821537.html HTTP/1.0" 404 2205 "-" "Mozilla/5.0 AppleWebKit/537.36 (KHTML, like Gecko; compatible; ClaudeBot/1.0; +claudebot@anthropic.com)"
216.73.216.145 - - [14/Apr/2026:07:50:48 +0300] "GET /shopping/3719827933.html HTTP/1.0" 404 2108 "-" "Mozilla/5.0 AppleWebKit/537.36 (KHTML, like Gecko; compatible; ClaudeBot/1.0; +claudebot@anthropic.com)"
216.73.216.145 - - [14/Apr/2026:07:50:54 +0300] "GET /shopping/652150634.html HTTP/1.0" 404 2108 "-" "Mozilla/5.0 AppleWebKit/537.36 (KHTML, like Gecko; compatible; ClaudeBot/1.0; +claudebot@anthropic.com)"
216.73.216.145 - - [14/Apr/2026:07:51:00 +0300] "GET /shopping/1147483150.html HTTP/1.0" 404 2108 "-" "Mozilla/5.0 AppleWebKit/537.36 (KHTML, like Gecko; compatible; ClaudeBot/1.0; +claudebot@anthropic.com)"
216.73.216.145 - - [14/Apr/2026:07:51:06 +0300] "GET /shopping/1575645405.html HTTP/1.0" 404 2108 "-" "Mozilla/5.0 AppleWebKit/537.36 (KHTML, like Gecko; compatible; ClaudeBot/1.0; +claudebot@anthropic.com)"
216.73.216.145 - - [14/Apr/2026:07:51:12 +0300] "GET /shopping/1034277513.html HTTP/1.0" 404 2108 "-" "Mozilla/5.0 AppleWebKit/537.36 (KHTML, like Gecko; compatible; ClaudeBot/1.0; +claudebot@anthropic.com)"
216.73.216.145 - - [14/Apr/2026:07:51:18 +0300] "GET /shopping/2621273286.html HTTP/1.0" 404 2108 "-" "Mozilla/5.0 AppleWebKit/537.36 (KHTML, like Gecko; compatible; ClaudeBot/1.0; +claudebot@anthropic.com)"
216.73.216.145 - - [14/Apr/2026:07:51:24 +0300] "GET /shopping/2603138814.html HTTP/1.0" 404 2108 "-" "Mozilla/5.0 AppleWebKit/537.36 (KHTML, like Gecko; compatible; ClaudeBot/1.0; +claudebot@anthropic.com)"
216.73.216.145 - - [14/Apr/2026:07:51:30 +0300] "GET /shopping/815657854.html HTTP/1.0" 404 2108 "-" "Mozilla/5.0 AppleWebKit/537.36 (KHTML, like Gecko; compatible; ClaudeBot/1.0; +claudebot@anthropic.com)"
216.73.216.145 - - [14/Apr/2026:07:51:36 +0300] "GET /shopping/2552296055.html HTTP/1.0" 404 2108 "-" "Mozilla/5.0 AppleWebKit/537.36 (KHTML, like Gecko; compatible; ClaudeBot/1.0; +claudebot@anthropic.com)"
216.73.216.145 - - [14/Apr/2026:07:51:42 +0300] "GET /shopping/1062312658.html HTTP/1.0" 404 2108 "-" "Mozilla/5.0 AppleWebKit/537.36 (KHTML, like Gecko; compatible; ClaudeBot/1.0; +claudebot@anthropic.com)"
216.73.216.145 - - [14/Apr/2026:07:51:47 +0300] "GET /shopping/3776438919.html HTTP/1.0" 404 2108 "-" "Mozilla/5.0 AppleWebKit/537.36 (KHTML, like Gecko; compatible; ClaudeBot/1.0; +claudebot@anthropic.com)"
216.73.216.145 - - [14/Apr/2026:07:51:53 +0300] "GET /shopping/1045197448.html HTTP/1.0" 404 2108 "-" "Mozilla/5.0 AppleWebKit/537.36 (KHTML, like Gecko; compatible; ClaudeBot/1.0; +claudebot@anthropic.com)"
216.73.216.145 - - [14/Apr/2026:07:52:00 +0300] "GET /shopping/2704510916.html HTTP/1.0" 404 2108 "-" "Mozilla/5.0 AppleWebKit/537.36 (KHTML, like Gecko; compatible; ClaudeBot/1.0; +claudebot@anthropic.com)"
178.204.250.190 - - [14/Apr/2026:07:52:05 +0300] "POST /administrator/index.php HTTP/1.0" 200 7142 "https://dosaaf-tetushi.ru/administrator/index.php?option=com_content&view=articles" "Mozilla/5.0 (Windows NT 10.0; Win64; x64) AppleWebKit/537.36 (KHTML, like Gecko) Chrome/145.0.0.0 Safari/537.36 OPR/129.0.0.0"
216.73.216.145 - - [14/Apr/2026:07:52:08 +0300] "GET /shopping/3170064114.html HTTP/1.0" 404 2108 "-" "Mozilla/5.0 AppleWebKit/537.36 (KHTML, like Gecko; compatible; ClaudeBot/1.0; +claudebot@anthropic.com)"
216.73.216.145 - - [14/Apr/2026:07:52:14 +0300] "GET /shopping/469531212.html HTTP/1.0" 404 2205 "-" "Mozilla/5.0 AppleWebKit/537.36 (KHTML, like Gecko; compatible; ClaudeBot/1.0; +claudebot@anthropic.com)"
216.73.216.145 - - [14/Apr/2026:07:52:21 +0300] "GET /shopping/3273957918.html HTTP/1.0" 404 2108 "-" "Mozilla/5.0 AppleWebKit/537.36 (KHTML, like Gecko; compatible; ClaudeBot/1.0; +claudebot@anthropic.com)"
216.73.216.145 - - [14/Apr/2026:07:52:29 +0300] "GET /shopping/3098962520.html HTTP/1.0" 404 2108 "-" "Mozilla/5.0 AppleWebKit/537.36 (KHTML, like Gecko; compatible; ClaudeBot/1.0; +claudebot@anthropic.com)"
216.73.216.145 - - [14/Apr/2026:07:52:37 +0300] "GET /shopping/2729253596.html HTTP/1.0" 404 2108 "-" "Mozilla/5.0 AppleWebKit/537.36 (KHTML, like Gecko; compatible; ClaudeBot/1.0; +claudebot@anthropic.com)"
216.73.216.145 - - [14/Apr/2026:07:52:45 +0300] "GET /shopping/3312628270.html HTTP/1.0" 404 2108 "-" "Mozilla/5.0 AppleWebKit/537.36 (KHTML, like Gecko; compatible; ClaudeBot/1.0; +claudebot@anthropic.com)"
216.73.216.145 - - [14/Apr/2026:07:52:54 +0300] "GET /shopping/1693984766.html HTTP/1.0" 404 2108 "-" "Mozilla/5.0 AppleWebKit/537.36 (KHTML, like Gecko; compatible; ClaudeBot/1.0; +claudebot@anthropic.com)"
216.73.216.145 - - [14/Apr/2026:07:53:07 +0300] "GET /shopping/747234594.html HTTP/1.0" 404 2205 "-" "Mozilla/5.0 AppleWebKit/537.36 (KHTML, like Gecko; compatible; ClaudeBot/1.0; +claudebot@anthropic.com)"
216.73.216.145 - - [14/Apr/2026:07:53:15 +0300] "GET /shopping/2816338154.html HTTP/1.0" 404 2108 "-" "Mozilla/5.0 AppleWebKit/537.36 (KHTML, like Gecko; compatible; ClaudeBot/1.0; +claudebot@anthropic.com)"
216.73.216.145 - - [14/Apr/2026:07:53:24 +0300] "GET /shopping/3028822340.html HTTP/1.0" 404 2108 "-" "Mozilla/5.0 AppleWebKit/537.36 (KHTML, like Gecko; compatible; ClaudeBot/1.0; +claudebot@anthropic.com)"
216.73.216.145 - - [14/Apr/2026:07:53:33 +0300] "GET /shopping/766508775.html HTTP/1.0" 404 2108 "-" "Mozilla/5.0 AppleWebKit/537.36 (KHTML, like Gecko; compatible; ClaudeBot/1.0; +claudebot@anthropic.com)"
216.73.216.145 - - [14/Apr/2026:07:53:40 +0300] "GET /shopping/4084759358.html HTTP/1.0" 404 2205 "-" "Mozilla/5.0 AppleWebKit/537.36 (KHTML, like Gecko; compatible; ClaudeBot/1.0; +claudebot@anthropic.com)"
216.73.216.145 - - [14/Apr/2026:07:53:48 +0300] "GET /shopping/413978435.html HTTP/1.0" 404 2108 "-" "Mozilla/5.0 AppleWebKit/537.36 (KHTML, like Gecko; compatible; ClaudeBot/1.0; +claudebot@anthropic.com)"
216.73.216.145 - - [14/Apr/2026:07:53:57 +0300] "GET /shopping/458556031.html HTTP/1.0" 404 2108 "-" "Mozilla/5.0 AppleWebKit/537.36 (KHTML, like Gecko; compatible; ClaudeBot/1.0; +claudebot@anthropic.com)"
216.73.216.145 - - [14/Apr/2026:07:54:06 +0300] "GET /shopping/2435909329.html HTTP/1.0" 404 2108 "-" "Mozilla/5.0 AppleWebKit/537.36 (KHTML, like Gecko; compatible; ClaudeBot/1.0; +claudebot@anthropic.com)"
216.73.216.145 - - [14/Apr/2026:07:54:13 +0300] "GET /shopping/1707776741.html HTTP/1.0" 404 2108 "-" "Mozilla/5.0 AppleWebKit/537.36 (KHTML, like Gecko; compatible; ClaudeBot/1.0; +claudebot@anthropic.com)"
216.73.216.145 - - [14/Apr/2026:07:54:26 +0300] "GET /shopping/269205370.html HTTP/1.0" 404 2108 "-" "Mozilla/5.0 AppleWebKit/537.36 (KHTML, like Gecko; compatible; ClaudeBot/1.0; +claudebot@anthropic.com)"
216.73.216.145 - - [14/Apr/2026:07:54:37 +0300] "GET /shopping/4010232046.html HTTP/1.0" 404 2205 "-" "Mozilla/5.0 AppleWebKit/537.36 (KHTML, like Gecko; compatible; ClaudeBot/1.0; +claudebot@anthropic.com)"
216.73.216.145 - - [14/Apr/2026:07:54:45 +0300] "GET /shopping/3086298335.html HTTP/1.0" 404 2108 "-" "Mozilla/5.0 AppleWebKit/537.36 (KHTML, like Gecko; compatible; ClaudeBot/1.0; +claudebot@anthropic.com)"
216.73.216.145 - - [14/Apr/2026:07:54:54 +0300] "GET /shopping/4178094407.html HTTP/1.0" 404 2108 "-" "Mozilla/5.0 AppleWebKit/537.36 (KHTML, like Gecko; compatible; ClaudeBot/1.0; +claudebot@anthropic.com)"
216.73.216.145 - - [14/Apr/2026:07:55:02 +0300] "GET /shopping/2797406885.html HTTP/1.0" 404 2205 "-" "Mozilla/5.0 AppleWebKit/537.36 (KHTML, like Gecko; compatible; ClaudeBot/1.0; +claudebot@anthropic.com)"
216.73.216.145 - - [14/Apr/2026:07:55:03 +0300] "GET /shopping/3498420190.html HTTP/1.0" 404 2108 "-" "Mozilla/5.0 AppleWebKit/537.36 (KHTML, like Gecko; compatible; ClaudeBot/1.0; +claudebot@anthropic.com)"
216.73.216.145 - - [14/Apr/2026:07:55:10 +0300] "GET /shopping/274611591.html HTTP/1.0" 404 2108 "-" "Mozilla/5.0 AppleWebKit/537.36 (KHTML, like Gecko; compatible; ClaudeBot/1.0; +claudebot@anthropic.com)"
216.73.216.145 - - [14/Apr/2026:07:55:19 +0300] "GET /shopping/940975631.html HTTP/1.0" 404 2108 "-" "Mozilla/5.0 AppleWebKit/537.36 (KHTML, like Gecko; compatible; ClaudeBot/1.0; +claudebot@anthropic.com)"
216.73.216.145 - - [14/Apr/2026:07:55:28 +0300] "GET /shopping/2789603377.html HTTP/1.0" 404 2108 "-" "Mozilla/5.0 AppleWebKit/537.36 (KHTML, like Gecko; compatible; ClaudeBot/1.0; +claudebot@anthropic.com)"
216.73.216.145 - - [14/Apr/2026:07:56:15 +0300] "GET /shopping/925999921.html HTTP/1.0" 404 2205 "-" "Mozilla/5.0 AppleWebKit/537.36 (KHTML, like Gecko; compatible; ClaudeBot/1.0; +claudebot@anthropic.com)"
216.73.216.145 - - [14/Apr/2026:07:56:24 +0300] "GET /shopping/762315075.html HTTP/1.0" 404 2108 "-" "Mozilla/5.0 AppleWebKit/537.36 (KHTML, like Gecko; compatible; ClaudeBot/1.0; +claudebot@anthropic.com)"
216.73.216.145 - - [14/Apr/2026:07:56:33 +0300] "GET /shopping/2254135899.html HTTP/1.0" 404 2108 "-" "Mozilla/5.0 AppleWebKit/537.36 (KHTML, like Gecko; compatible; ClaudeBot/1.0; +claudebot@anthropic.com)"
216.73.216.145 - - [14/Apr/2026:07:56:42 +0300] "GET /shopping/3840424997.html HTTP/1.0" 404 2205 "-" "Mozilla/5.0 AppleWebKit/537.36 (KHTML, like Gecko; compatible; ClaudeBot/1.0; +claudebot@anthropic.com)"
216.73.216.145 - - [14/Apr/2026:07:56:42 +0300] "GET /shopping/3345305133.html HTTP/1.0" 404 2108 "-" "Mozilla/5.0 AppleWebKit/537.36 (KHTML, like Gecko; compatible; ClaudeBot/1.0; +claudebot@anthropic.com)"
216.73.216.145 - - [14/Apr/2026:07:56:50 +0300] "GET /shopping/342066583.html HTTP/1.0" 404 2108 "-" "Mozilla/5.0 AppleWebKit/537.36 (KHTML, like Gecko; compatible; ClaudeBot/1.0; +claudebot@anthropic.com)"
216.73.216.145 - - [14/Apr/2026:07:56:59 +0300] "GET /shopping/2197155876.html HTTP/1.0" 404 2108 "-" "Mozilla/5.0 AppleWebKit/537.36 (KHTML, like Gecko; compatible; ClaudeBot/1.0; +claudebot@anthropic.com)"
216.73.216.145 - - [14/Apr/2026:07:57:22 +0300] "GET /shopping/3318808407.html HTTP/1.0" 404 2205 "-" "Mozilla/5.0 AppleWebKit/537.36 (KHTML, like Gecko; compatible; ClaudeBot/1.0; +claudebot@anthropic.com)"
216.73.216.145 - - [14/Apr/2026:07:57:31 +0300] "GET /shopping/2019410895.html HTTP/1.0" 404 2108 "-" "Mozilla/5.0 AppleWebKit/537.36 (KHTML, like Gecko; compatible; ClaudeBot/1.0; +claudebot@anthropic.com)"
216.73.216.145 - - [14/Apr/2026:07:57:40 +0300] "GET /shopping/2431157002.html HTTP/1.0" 404 2108 "-" "Mozilla/5.0 AppleWebKit/537.36 (KHTML, like Gecko; compatible; ClaudeBot/1.0; +claudebot@anthropic.com)"
66.249.76.160 - - [14/Apr/2026:07:57:41 +0300] "GET /shopping/3624675906.html HTTP/1.0" 200 73785 "-" "Mozilla/5.0 (Linux; Android 6.0.1; Nexus 5X Build/MMB29P) AppleWebKit/537.36 (KHTML, like Gecko) Chrome/146.0.7680.177 Mobile Safari/537.36 (compatible; GoogleOther)"
216.73.216.145 - - [14/Apr/2026:07:57:47 +0300] "GET /shopping/2138294964.html HTTP/1.0" 404 2205 "-" "Mozilla/5.0 AppleWebKit/537.36 (KHTML, like Gecko; compatible; ClaudeBot/1.0; +claudebot@anthropic.com)"
216.73.216.145 - - [14/Apr/2026:07:57:49 +0300] "GET /shopping/1362441278.html HTTP/1.0" 404 2108 "-" "Mozilla/5.0 AppleWebKit/537.36 (KHTML, like Gecko; compatible; ClaudeBot/1.0; +claudebot@anthropic.com)"
216.73.216.145 - - [14/Apr/2026:07:57:55 +0300] "GET /shopping/4258784847.html HTTP/1.0" 404 2108 "-" "Mozilla/5.0 AppleWebKit/537.36 (KHTML, like Gecko; compatible; ClaudeBot/1.0; +claudebot@anthropic.com)"
66.249.64.224 - - [14/Apr/2026:07:58:01 +0300] "POST /kaunet/categoryshop/office/sitemap/KWf_CGmNaviPlusAjaxAction.jsp HTTP/1.0" 200 75226 "https://www.dosaaf-tetushi.ru/shopping/3624675906.html" "Mozilla/5.0 (Linux; Android 6.0.1; Nexus 5X Build/MMB29P) AppleWebKit/537.36 (KHTML, like Gecko) Chrome/146.0.7680.177 Mobile Safari/537.36 (compatible; GoogleOther)"
94.154.35.236 - - [14/Apr/2026:07:58:32 +0300] "HEAD /forum.zip HTTP/1.1" 301 0 "-" "Mozilla/5.0 (Windows NT 10.0; Win64; x64) AppleWebKit/537.36 (KHTML, like Gecko) Chrome/101.0.4951.67 Safari/537.36"
94.154.35.236 - - [14/Apr/2026:07:58:33 +0300] "HEAD /forum.zip HTTP/1.0" 404 554 "-" "Mozilla/5.0 (Windows NT 10.0; Win64; x64) AppleWebKit/537.36 (KHTML, like Gecko) Chrome/101.0.4951.67 Safari/537.36"
216.73.216.145 - - [14/Apr/2026:07:58:41 +0300] "GET /shopping/2278599348.html HTTP/1.0" 404 2205 "-" "Mozilla/5.0 AppleWebKit/537.36 (KHTML, like Gecko; compatible; ClaudeBot/1.0; +claudebot@anthropic.com)"
216.73.216.145 - - [14/Apr/2026:07:58:49 +0300] "GET /shopping/541209247.html HTTP/1.0" 404 2108 "-" "Mozilla/5.0 AppleWebKit/537.36 (KHTML, like Gecko; compatible; ClaudeBot/1.0; +claudebot@anthropic.com)"
216.73.216.145 - - [14/Apr/2026:07:58:58 +0300] "GET /shopping/4128289936.html HTTP/1.0" 404 2108 "-" "Mozilla/5.0 AppleWebKit/537.36 (KHTML, like Gecko; compatible; ClaudeBot/1.0; +claudebot@anthropic.com)"
216.73.216.145 - - [14/Apr/2026:07:59:07 +0300] "GET /shopping/3966816513.html HTTP/1.0" 404 2108 "-" "Mozilla/5.0 AppleWebKit/537.36 (KHTML, like Gecko; compatible; ClaudeBot/1.0; +claudebot@anthropic.com)"
216.73.216.145 - - [14/Apr/2026:07:59:12 +0300] "GET /shopping/2937331570.html HTTP/1.0" 404 2205 "-" "Mozilla/5.0 AppleWebKit/537.36 (KHTML, like Gecko; compatible; ClaudeBot/1.0; +claudebot@anthropic.com)"
216.73.216.145 - - [14/Apr/2026:07:59:21 +0300] "GET /shopping/1294513496.html HTTP/1.0" 404 2108 "-" "Mozilla/5.0 AppleWebKit/537.36 (KHTML, like Gecko; compatible; ClaudeBot/1.0; +claudebot@anthropic.com)"
216.73.216.145 - - [14/Apr/2026:07:59:30 +0300] "GET /shopping/2899705891.html HTTP/1.0" 404 2108 "-" "Mozilla/5.0 AppleWebKit/537.36 (KHTML, like Gecko; compatible; ClaudeBot/1.0; +claudebot@anthropic.com)"
216.73.216.145 - - [14/Apr/2026:07:59:39 +0300] "GET /shopping/77493865.html HTTP/1.0" 404 2108 "-" "Mozilla/5.0 AppleWebKit/537.36 (KHTML, like Gecko; compatible; ClaudeBot/1.0; +claudebot@anthropic.com)"
216.73.216.145 - - [14/Apr/2026:07:59:39 +0300] "GET /shopping/4080986797.html HTTP/1.0" 404 2108 "-" "Mozilla/5.0 AppleWebKit/537.36 (KHTML, like Gecko; compatible; ClaudeBot/1.0; +claudebot@anthropic.com)"
216.73.216.145 - - [14/Apr/2026:08:01:27 +0300] "GET /shopping/241555025.html HTTP/1.0" 404 2205 "-" "Mozilla/5.0 AppleWebKit/537.36 (KHTML, like Gecko; compatible; ClaudeBot/1.0; +claudebot@anthropic.com)"
216.73.216.145 - - [14/Apr/2026:08:01:35 +0300] "GET /shopping/1580104518.html HTTP/1.0" 404 2108 "-" "Mozilla/5.0 AppleWebKit/537.36 (KHTML, like Gecko; compatible; ClaudeBot/1.0; +claudebot@anthropic.com)"
216.73.216.145 - - [14/Apr/2026:08:01:44 +0300] "GET /shopping/343305155.html HTTP/1.0" 404 2108 "-" "Mozilla/5.0 AppleWebKit/537.36 (KHTML, like Gecko; compatible; ClaudeBot/1.0; +claudebot@anthropic.com)"
216.73.216.145 - - [14/Apr/2026:08:01:53 +0300] "GET /shopping/3699401440.html HTTP/1.0" 404 2108 "-" "Mozilla/5.0 AppleWebKit/537.36 (KHTML, like Gecko; compatible; ClaudeBot/1.0; +claudebot@anthropic.com)"
216.73.216.145 - - [14/Apr/2026:08:01:58 +0300] "GET /shopping/229062119.html HTTP/1.0" 404 2205 "-" "Mozilla/5.0 AppleWebKit/537.36 (KHTML, like Gecko; compatible; ClaudeBot/1.0; +claudebot@anthropic.com)"
216.73.216.145 - - [14/Apr/2026:08:02:07 +0300] "GET /shopping/3917062703.html HTTP/1.0" 404 2108 "-" "Mozilla/5.0 AppleWebKit/537.36 (KHTML, like Gecko; compatible; ClaudeBot/1.0; +claudebot@anthropic.com)"
216.73.216.145 - - [14/Apr/2026:08:02:16 +0300] "GET /shopping/3421969296.html HTTP/1.0" 404 2108 "-" "Mozilla/5.0 AppleWebKit/537.36 (KHTML, like Gecko; compatible; ClaudeBot/1.0; +claudebot@anthropic.com)"
201.188.127.67 - - [14/Apr/2026:08:02:31 +0300] "GET /deyatelnost/podgotovka-grazhdan-po-voenno-uchetnoj-spetsialnosti HTTP/1.0" 200 9175 "-" "Opera/9.12.(Windows 95; kok-IN) Presto/2.9.183 Version/10.00"
216.73.216.145 - - [14/Apr/2026:08:02:34 +0300] "GET /shopping/3312645356.html HTTP/1.0" 404 2108 "-" "Mozilla/5.0 AppleWebKit/537.36 (KHTML, like Gecko; compatible; ClaudeBot/1.0; +claudebot@anthropic.com)"
45.92.86.252 - - [14/Apr/2026:08:02:46 +0300] "GET / HTTP/1.1" 301 196 "-" "Mozilla/5.0 (Windows NT 10.0; Win64; x64) AppleWebKit/537.36 (KHTML, like Gecko) Chrome/94.0.4606.61 Safari/537.36"
45.92.86.252 - - [14/Apr/2026:08:02:46 +0300] "GET / HTTP/1.0" 200 15387 "-" "Mozilla/5.0 (Windows NT 10.0; Win64; x64) AppleWebKit/537.36 (KHTML, like Gecko) Chrome/94.0.4606.61 Safari/537.36"
45.92.85.156 - - [14/Apr/2026:08:02:51 +0300] "GET / HTTP/1.0" 200 15384 "-" "Mozilla/5.0 (Windows NT 10.0; Win64; x64) AppleWebKit/537.36 (KHTML, like Gecko) Chrome/94.0.4606.61 Safari/537.36"
216.73.216.145 - - [14/Apr/2026:08:03:16 +0300] "GET /shopping/3274473452.html HTTP/1.0" 404 2205 "-" "Mozilla/5.0 AppleWebKit/537.36 (KHTML, like Gecko; compatible; ClaudeBot/1.0; +claudebot@anthropic.com)"
216.73.216.145 - - [14/Apr/2026:08:03:22 +0300] "GET /shopping/3992741978.html HTTP/1.0" 404 2108 "-" "Mozilla/5.0 AppleWebKit/537.36 (KHTML, like Gecko; compatible; ClaudeBot/1.0; +claudebot@anthropic.com)"
216.73.216.145 - - [14/Apr/2026:08:03:31 +0300] "GET /shopping/306221526.html HTTP/1.0" 404 2108 "-" "Mozilla/5.0 AppleWebKit/537.36 (KHTML, like Gecko; compatible; ClaudeBot/1.0; +claudebot@anthropic.com)"
216.73.216.145 - - [14/Apr/2026:08:03:40 +0300] "GET /shopping/3015207816.html HTTP/1.0" 404 2108 "-" "Mozilla/5.0 AppleWebKit/537.36 (KHTML, like Gecko; compatible; ClaudeBot/1.0; +claudebot@anthropic.com)"
216.73.216.145 - - [14/Apr/2026:08:03:46 +0300] "GET /shopping/1127725219.html HTTP/1.0" 404 2205 "-" "Mozilla/5.0 AppleWebKit/537.36 (KHTML, like Gecko; compatible; ClaudeBot/1.0; +claudebot@anthropic.com)"
216.73.216.145 - - [14/Apr/2026:08:03:55 +0300] "GET /shopping/620783641.html HTTP/1.0" 404 2108 "-" "Mozilla/5.0 AppleWebKit/537.36 (KHTML, like Gecko; compatible; ClaudeBot/1.0; +claudebot@anthropic.com)"
216.73.216.145 - - [14/Apr/2026:08:04:04 +0300] "GET /shopping/3066010202.html HTTP/1.0" 404 2108 "-" "Mozilla/5.0 AppleWebKit/537.36 (KHTML, like Gecko; compatible; ClaudeBot/1.0; +claudebot@anthropic.com)"
216.73.216.145 - - [14/Apr/2026:08:04:13 +0300] "GET /shopping/3499074084.html HTTP/1.0" 404 2108 "-" "Mozilla/5.0 AppleWebKit/537.36 (KHTML, like Gecko; compatible; ClaudeBot/1.0; +claudebot@anthropic.com)"
216.73.216.145 - - [14/Apr/2026:08:04:20 +0300] "GET /shopping/2279811447.html HTTP/1.0" 404 2108 "-" "Mozilla/5.0 AppleWebKit/537.36 (KHTML, like Gecko; compatible; ClaudeBot/1.0; +claudebot@anthropic.com)"
216.73.216.145 - - [14/Apr/2026:08:04:28 +0300] "GET /shopping/3042949560.html HTTP/1.0" 404 2108 "-" "Mozilla/5.0 AppleWebKit/537.36 (KHTML, like Gecko; compatible; ClaudeBot/1.0; +claudebot@anthropic.com)"
216.73.216.145 - - [14/Apr/2026:08:04:37 +0300] "GET /shopping/741400727.html HTTP/1.0" 404 2108 "-" "Mozilla/5.0 AppleWebKit/537.36 (KHTML, like Gecko; compatible; ClaudeBot/1.0; +claudebot@anthropic.com)"
216.73.216.145 - - [14/Apr/2026:08:04:46 +0300] "GET /shopping/882958634.html HTTP/1.0" 404 2108 "-" "Mozilla/5.0 AppleWebKit/537.36 (KHTML, like Gecko; compatible; ClaudeBot/1.0; +claudebot@anthropic.com)"
216.73.216.145 - - [14/Apr/2026:08:04:52 +0300] "GET /shopping/2374385100.html HTTP/1.0" 404 2108 "-" "Mozilla/5.0 AppleWebKit/537.36 (KHTML, like Gecko; compatible; ClaudeBot/1.0; +claudebot@anthropic.com)"
216.73.216.145 - - [14/Apr/2026:08:05:01 +0300] "GET /shopping/2896174644.html HTTP/1.0" 404 2108 "-" "Mozilla/5.0 AppleWebKit/537.36 (KHTML, like Gecko; compatible; ClaudeBot/1.0; +claudebot@anthropic.com)"
216.73.216.145 - - [14/Apr/2026:08:05:10 +0300] "GET /shopping/3820063602.html HTTP/1.0" 404 2108 "-" "Mozilla/5.0 AppleWebKit/537.36 (KHTML, like Gecko; compatible; ClaudeBot/1.0; +claudebot@anthropic.com)"
155.94.203.88 - - [14/Apr/2026:08:05:17 +0300] "GET / HTTP/1.1" 301 196 "-" "Mozilla/5.0 (Windows NT 10.0; Win64; x64) AppleWebKit/537.36 (KHTML, like Gecko) Chrome/94.0.4606.61 Safari/537.36"
216.73.216.145 - - [14/Apr/2026:08:05:19 +0300] "GET /shopping/2202102640.html HTTP/1.0" 404 2108 "-" "Mozilla/5.0 AppleWebKit/537.36 (KHTML, like Gecko; compatible; ClaudeBot/1.0; +claudebot@anthropic.com)"
155.94.203.88 - - [14/Apr/2026:08:05:19 +0300] "GET / HTTP/1.0" 200 15391 "-" "Mozilla/5.0 (Windows NT 10.0; Win64; x64) AppleWebKit/537.36 (KHTML, like Gecko) Chrome/94.0.4606.61 Safari/537.36"
45.92.87.132 - - [14/Apr/2026:08:05:22 +0300] "GET / HTTP/1.0" 200 15390 "-" "Mozilla/5.0 (Windows NT 10.0; Win64; x64) AppleWebKit/537.36 (KHTML, like Gecko) Chrome/94.0.4606.61 Safari/537.36"
216.73.216.145 - - [14/Apr/2026:08:05:26 +0300] "GET /shopping/965688997.html HTTP/1.0" 404 2108 "-" "Mozilla/5.0 AppleWebKit/537.36 (KHTML, like Gecko; compatible; ClaudeBot/1.0; +claudebot@anthropic.com)"
216.73.216.145 - - [14/Apr/2026:08:05:34 +0300] "GET /shopping/60898582.html HTTP/1.0" 404 2108 "-" "Mozilla/5.0 AppleWebKit/537.36 (KHTML, like Gecko; compatible; ClaudeBot/1.0; +claudebot@anthropic.com)"
216.73.216.145 - - [14/Apr/2026:08:05:43 +0300] "GET /shopping/2972022580.html HTTP/1.0" 404 2108 "-" "Mozilla/5.0 AppleWebKit/537.36 (KHTML, like Gecko; compatible; ClaudeBot/1.0; +claudebot@anthropic.com)"
216.73.216.145 - - [14/Apr/2026:08:05:52 +0300] "GET /shopping/308645740.html HTTP/1.0" 404 2108 "-" "Mozilla/5.0 AppleWebKit/537.36 (KHTML, like Gecko; compatible; ClaudeBot/1.0; +claudebot@anthropic.com)"
216.73.216.145 - - [14/Apr/2026:08:05:58 +0300] "GET /shopping/754549057.html HTTP/1.0" 404 2108 "-" "Mozilla/5.0 AppleWebKit/537.36 (KHTML, like Gecko; compatible; ClaudeBot/1.0; +claudebot@anthropic.com)"
178.204.250.190 - - [14/Apr/2026:08:06:05 +0300] "POST /administrator/index.php HTTP/1.0" 200 7143 "https://dosaaf-tetushi.ru/administrator/index.php?option=com_content&view=articles" "Mozilla/5.0 (Windows NT 10.0; Win64; x64) AppleWebKit/537.36 (KHTML, like Gecko) Chrome/145.0.0.0 Safari/537.36 OPR/129.0.0.0"
216.73.216.145 - - [14/Apr/2026:08:06:07 +0300] "GET /shopping/2748183161.html HTTP/1.0" 404 2108 "-" "Mozilla/5.0 AppleWebKit/537.36 (KHTML, like Gecko; compatible; ClaudeBot/1.0; +claudebot@anthropic.com)"
216.73.216.145 - - [14/Apr/2026:08:06:16 +0300] "GET /shopping/2989136336.html HTTP/1.0" 404 2108 "-" "Mozilla/5.0 AppleWebKit/537.36 (KHTML, like Gecko; compatible; ClaudeBot/1.0; +claudebot@anthropic.com)"
216.73.216.145 - - [14/Apr/2026:08:06:25 +0300] "GET /shopping/4271292275.html HTTP/1.0" 404 2108 "-" "Mozilla/5.0 AppleWebKit/537.36 (KHTML, like Gecko; compatible; ClaudeBot/1.0; +claudebot@anthropic.com)"
216.73.216.145 - - [14/Apr/2026:08:06:30 +0300] "GET /shopping/2280206129.html HTTP/1.0" 404 2205 "-" "Mozilla/5.0 AppleWebKit/537.36 (KHTML, like Gecko; compatible; ClaudeBot/1.0; +claudebot@anthropic.com)"
216.73.216.145 - - [14/Apr/2026:08:06:39 +0300] "GET /shopping/297082608.html HTTP/1.0" 404 2108 "-" "Mozilla/5.0 AppleWebKit/537.36 (KHTML, like Gecko; compatible; ClaudeBot/1.0; +claudebot@anthropic.com)"
216.73.216.145 - - [14/Apr/2026:08:06:48 +0300] "GET /shopping/4274686472.html HTTP/1.0" 404 2108 "-" "Mozilla/5.0 AppleWebKit/537.36 (KHTML, like Gecko; compatible; ClaudeBot/1.0; +claudebot@anthropic.com)"
216.73.216.145 - - [14/Apr/2026:08:06:57 +0300] "GET /shopping/236543876.html HTTP/1.0" 404 2108 "-" "Mozilla/5.0 AppleWebKit/537.36 (KHTML, like Gecko; compatible; ClaudeBot/1.0; +claudebot@anthropic.com)"
216.73.216.145 - - [14/Apr/2026:08:07:02 +0300] "GET /shopping/2823028092.html HTTP/1.0" 404 2205 "-" "Mozilla/5.0 AppleWebKit/537.36 (KHTML, like Gecko; compatible; ClaudeBot/1.0; +claudebot@anthropic.com)"
216.73.216.145 - - [14/Apr/2026:08:07:10 +0300] "GET /shopping/3570136864.html HTTP/1.0" 404 2108 "-" "Mozilla/5.0 AppleWebKit/537.36 (KHTML, like Gecko; compatible; ClaudeBot/1.0; +claudebot@anthropic.com)"
216.73.216.145 - - [14/Apr/2026:08:07:19 +0300] "GET /shopping/1781834887.html HTTP/1.0" 404 2108 "-" "Mozilla/5.0 AppleWebKit/537.36 (KHTML, like Gecko; compatible; ClaudeBot/1.0; +claudebot@anthropic.com)"
216.73.216.145 - - [14/Apr/2026:08:07:28 +0300] "GET /shopping/274583868.html HTTP/1.0" 404 2108 "-" "Mozilla/5.0 AppleWebKit/537.36 (KHTML, like Gecko; compatible; ClaudeBot/1.0; +claudebot@anthropic.com)"
216.73.216.145 - - [14/Apr/2026:08:07:36 +0300] "GET /shopping/532053208.html HTTP/1.0" 404 2108 "-" "Mozilla/5.0 AppleWebKit/537.36 (KHTML, like Gecko; compatible; ClaudeBot/1.0; +claudebot@anthropic.com)"
216.73.216.145 - - [14/Apr/2026:08:07:45 +0300] "GET /shopping/595661796.html HTTP/1.0" 404 2108 "-" "Mozilla/5.0 AppleWebKit/537.36 (KHTML, like Gecko; compatible; ClaudeBot/1.0; +claudebot@anthropic.com)"
216.73.216.145 - - [14/Apr/2026:08:07:54 +0300] "GET /shopping/2589667176.html HTTP/1.0" 404 2108 "-" "Mozilla/5.0 AppleWebKit/537.36 (KHTML, like Gecko; compatible; ClaudeBot/1.0; +claudebot@anthropic.com)"
216.73.216.145 - - [14/Apr/2026:08:08:03 +0300] "GET /shopping/1639015153.html HTTP/1.0" 404 2108 "-" "Mozilla/5.0 AppleWebKit/537.36 (KHTML, like Gecko; compatible; ClaudeBot/1.0; +claudebot@anthropic.com)"
216.73.216.145 - - [14/Apr/2026:08:08:06 +0300] "GET /shopping/344462272.html HTTP/1.0" 404 2205 "-" "Mozilla/5.0 AppleWebKit/537.36 (KHTML, like Gecko; compatible; ClaudeBot/1.0; +claudebot@anthropic.com)"
216.73.216.145 - - [14/Apr/2026:08:08:17 +0300] "GET /shopping/310801349.html HTTP/1.0" 404 2108 "-" "Mozilla/5.0 AppleWebKit/537.36 (KHTML, like Gecko; compatible; ClaudeBot/1.0; +claudebot@anthropic.com)"
216.73.216.145 - - [14/Apr/2026:08:08:26 +0300] "GET /shopping/415875238.html HTTP/1.0" 404 2108 "-" "Mozilla/5.0 AppleWebKit/537.36 (KHTML, like Gecko; compatible; ClaudeBot/1.0; +claudebot@anthropic.com)"
216.73.216.145 - - [14/Apr/2026:08:08:36 +0300] "GET /shopping/4133695719.html HTTP/1.0" 404 2108 "-" "Mozilla/5.0 AppleWebKit/537.36 (KHTML, like Gecko; compatible; ClaudeBot/1.0; +claudebot@anthropic.com)"
216.73.216.145 - - [14/Apr/2026:08:08:47 +0300] "GET /shopping/3131099064.html HTTP/1.0" 404 2108 "-" "Mozilla/5.0 AppleWebKit/537.36 (KHTML, like Gecko; compatible; ClaudeBot/1.0; +claudebot@anthropic.com)"
216.73.216.145 - - [14/Apr/2026:08:08:59 +0300] "GET /shopping/1035534437.html HTTP/1.0" 404 2108 "-" "Mozilla/5.0 AppleWebKit/537.36 (KHTML, like Gecko; compatible; ClaudeBot/1.0; +claudebot@anthropic.com)"
216.73.216.145 - - [14/Apr/2026:08:09:12 +0300] "GET /shopping/1010657548.html HTTP/1.0" 404 2108 "-" "Mozilla/5.0 AppleWebKit/537.36 (KHTML, like Gecko; compatible; ClaudeBot/1.0; +claudebot@anthropic.com)"
216.73.216.145 - - [14/Apr/2026:08:09:17 +0300] "GET /shopping/3707428330.html HTTP/1.0" 404 2205 "-" "Mozilla/5.0 AppleWebKit/537.36 (KHTML, like Gecko; compatible; ClaudeBot/1.0; +claudebot@anthropic.com)"
216.73.216.145 - - [14/Apr/2026:08:09:33 +0300] "GET /shopping/1845748897.html HTTP/1.0" 404 2205 "-" "Mozilla/5.0 AppleWebKit/537.36 (KHTML, like Gecko; compatible; ClaudeBot/1.0; +claudebot@anthropic.com)"
216.73.216.145 - - [14/Apr/2026:08:09:47 +0300] "GET /shopping/4133823036.html HTTP/1.0" 404 2108 "-" "Mozilla/5.0 AppleWebKit/537.36 (KHTML, like Gecko; compatible; ClaudeBot/1.0; +claudebot@anthropic.com)"
216.73.216.145 - - [14/Apr/2026:08:10:01 +0300] "GET /shopping/3499770649.html HTTP/1.0" 404 2108 "-" "Mozilla/5.0 AppleWebKit/537.36 (KHTML, like Gecko; compatible; ClaudeBot/1.0; +claudebot@anthropic.com)"
216.73.216.145 - - [14/Apr/2026:08:10:03 +0300] "GET /shopping/1334348996.html HTTP/1.0" 404 2205 "-" "Mozilla/5.0 AppleWebKit/537.36 (KHTML, like Gecko; compatible; ClaudeBot/1.0; +claudebot@anthropic.com)"
85.208.96.193 - - [14/Apr/2026:08:10:18 +0300] "GET /robots.txt HTTP/1.0" 200 403 "-" "Mozilla/5.0 (compatible; SemrushBot/7~bl; +http://www.semrush.com/bot.html)"
216.73.216.145 - - [14/Apr/2026:08:10:18 +0300] "GET /shopping/241132664.html HTTP/1.0" 404 2108 "-" "Mozilla/5.0 AppleWebKit/537.36 (KHTML, like Gecko; compatible; ClaudeBot/1.0; +claudebot@anthropic.com)"
185.191.171.16 - - [14/Apr/2026:08:10:19 +0300] "GET /svedeniya-ob-obrazovatelnoj-organizatsii/obrazovanie HTTP/1.0" 200 9784 "-" "Mozilla/5.0 (compatible; SemrushBot/7~bl; +http://www.semrush.com/bot.html)"
216.73.216.145 - - [14/Apr/2026:08:10:32 +0300] "GET /shopping/995863889.html HTTP/1.0" 404 2108 "-" "Mozilla/5.0 AppleWebKit/537.36 (KHTML, like Gecko; compatible; ClaudeBot/1.0; +claudebot@anthropic.com)"
216.73.216.145 - - [14/Apr/2026:08:10:47 +0300] "GET /shopping/1996852513.html HTTP/1.0" 404 2108 "-" "Mozilla/5.0 AppleWebKit/537.36 (KHTML, like Gecko; compatible; ClaudeBot/1.0; +claudebot@anthropic.com)"
216.73.216.145 - - [14/Apr/2026:08:10:58 +0300] "GET /shopping/3230090671.html HTTP/1.0" 404 2205 "-" "Mozilla/5.0 AppleWebKit/537.36 (KHTML, like Gecko; compatible; ClaudeBot/1.0; +claudebot@anthropic.com)"
216.73.216.145 - - [14/Apr/2026:08:11:14 +0300] "GET /shopping/2923238946.html HTTP/1.0" 404 2108 "-" "Mozilla/5.0 AppleWebKit/537.36 (KHTML, like Gecko; compatible; ClaudeBot/1.0; +claudebot@anthropic.com)"
216.73.216.145 - - [14/Apr/2026:08:11:30 +0300] "GET /shopping/2331083171.html HTTP/1.0" 404 2108 "-" "Mozilla/5.0 AppleWebKit/537.36 (KHTML, like Gecko; compatible; ClaudeBot/1.0; +claudebot@anthropic.com)"
216.73.216.145 - - [14/Apr/2026:08:11:46 +0300] "GET /shopping/1310168672.html HTTP/1.0" 404 2108 "-" "Mozilla/5.0 AppleWebKit/537.36 (KHTML, like Gecko; compatible; ClaudeBot/1.0; +claudebot@anthropic.com)"
216.73.216.145 - - [14/Apr/2026:08:12:02 +0300] "GET /shopping/317007089.html HTTP/1.0" 404 2108 "-" "Mozilla/5.0 AppleWebKit/537.36 (KHTML, like Gecko; compatible; ClaudeBot/1.0; +claudebot@anthropic.com)"
216.73.216.145 - - [14/Apr/2026:08:12:18 +0300] "GET /shopping/1612926133.html HTTP/1.0" 404 2108 "-" "Mozilla/5.0 AppleWebKit/537.36 (KHTML, like Gecko; compatible; ClaudeBot/1.0; +claudebot@anthropic.com)"
216.73.216.145 - - [14/Apr/2026:08:12:35 +0300] "GET /shopping/27224521.html HTTP/1.0" 404 2108 "-" "Mozilla/5.0 AppleWebKit/537.36 (KHTML, like Gecko; compatible; ClaudeBot/1.0; +claudebot@anthropic.com)"
216.73.216.145 - - [14/Apr/2026:08:12:49 +0300] "GET /shopping/1095294051.html HTTP/1.0" 404 2108 "-" "Mozilla/5.0 AppleWebKit/537.36 (KHTML, like Gecko; compatible; ClaudeBot/1.0; +claudebot@anthropic.com)"
216.73.216.145 - - [14/Apr/2026:08:13:06 +0300] "GET /shopping/2283402352.html HTTP/1.0" 404 2108 "-" "Mozilla/5.0 AppleWebKit/537.36 (KHTML, like Gecko; compatible; ClaudeBot/1.0; +claudebot@anthropic.com)"
216.73.216.145 - - [14/Apr/2026:08:13:23 +0300] "GET /shopping/3384584931.html HTTP/1.0" 404 2108 "-" "Mozilla/5.0 AppleWebKit/537.36 (KHTML, like Gecko; compatible; ClaudeBot/1.0; +claudebot@anthropic.com)"
216.73.216.145 - - [14/Apr/2026:08:13:41 +0300] "GET /shopping/1002087121.html HTTP/1.0" 404 2108 "-" "Mozilla/5.0 AppleWebKit/537.36 (KHTML, like Gecko; compatible; ClaudeBot/1.0; +claudebot@anthropic.com)"
216.73.216.145 - - [14/Apr/2026:08:13:56 +0300] "GET /shopping/2850098112.html HTTP/1.0" 404 2205 "-" "Mozilla/5.0 AppleWebKit/537.36 (KHTML, like Gecko; compatible; ClaudeBot/1.0; +claudebot@anthropic.com)"
165.22.243.5 - - [14/Apr/2026:08:14:18 +0300] "GET / HTTP/1.1" 301 196 "-" "Mozilla/5.0 (Linux; Android 12) Chrome/111.0 Mobile Safari/537.36"
216.73.216.145 - - [14/Apr/2026:08:14:15 +0300] "GET /shopping/2156725541.html HTTP/1.0" 404 2108 "-" "Mozilla/5.0 AppleWebKit/537.36 (KHTML, like Gecko; compatible; ClaudeBot/1.0; +claudebot@anthropic.com)"
165.22.243.5 - - [14/Apr/2026:08:14:19 +0300] "GET / HTTP/1.0" 200 15387 "http://dosaaf-tetushi.ru/" "Mozilla/5.0 (Linux; Android 12) Chrome/111.0 Mobile Safari/537.36"
216.73.216.145 - - [14/Apr/2026:08:14:30 +0300] "GET /shopping/2237415981.html HTTP/1.0" 404 2205 "-" "Mozilla/5.0 AppleWebKit/537.36 (KHTML, like Gecko; compatible; ClaudeBot/1.0; +claudebot@anthropic.com)"
216.73.216.145 - - [14/Apr/2026:08:14:50 +0300] "GET /shopping/1900305695.html HTTP/1.0" 404 2205 "-" "Mozilla/5.0 AppleWebKit/537.36 (KHTML, like Gecko; compatible; ClaudeBot/1.0; +claudebot@anthropic.com)"
216.73.216.145 - - [14/Apr/2026:08:15:10 +0300] "GET /shopping/1189989329.html HTTP/1.0" 404 2108 "-" "Mozilla/5.0 AppleWebKit/537.36 (KHTML, like Gecko; compatible; ClaudeBot/1.0; +claudebot@anthropic.com)"
216.73.216.145 - - [14/Apr/2026:08:15:28 +0300] "GET /shopping/3499759574.html HTTP/1.0" 404 2108 "-" "Mozilla/5.0 AppleWebKit/537.36 (KHTML, like Gecko; compatible; ClaudeBot/1.0; +claudebot@anthropic.com)"
216.73.216.145 - - [14/Apr/2026:08:15:48 +0300] "GET /shopping/3870367118.html HTTP/1.0" 404 2108 "-" "Mozilla/5.0 AppleWebKit/537.36 (KHTML, like Gecko; compatible; ClaudeBot/1.0; +claudebot@anthropic.com)"
216.73.216.145 - - [14/Apr/2026:08:16:02 +0300] "GET /shopping/1365213265.html HTTP/1.0" 404 2205 "-" "Mozilla/5.0 AppleWebKit/537.36 (KHTML, like Gecko; compatible; ClaudeBot/1.0; +claudebot@anthropic.com)"
216.73.216.145 - - [14/Apr/2026:08:16:21 +0300] "GET /shopping/3470606306.html HTTP/1.0" 404 2108 "-" "Mozilla/5.0 AppleWebKit/537.36 (KHTML, like Gecko; compatible; ClaudeBot/1.0; +claudebot@anthropic.com)"
216.73.216.145 - - [14/Apr/2026:08:16:39 +0300] "GET /shopping/3329786819.html HTTP/1.0" 404 2205 "-" "Mozilla/5.0 AppleWebKit/537.36 (KHTML, like Gecko; compatible; ClaudeBot/1.0; +claudebot@anthropic.com)"
216.73.216.145 - - [14/Apr/2026:08:16:59 +0300] "GET /shopping/2754985308.html HTTP/1.0" 404 2108 "-" "Mozilla/5.0 AppleWebKit/537.36 (KHTML, like Gecko; compatible; ClaudeBot/1.0; +claudebot@anthropic.com)"
216.73.216.145 - - [14/Apr/2026:08:17:15 +0300] "GET /shopping/3207990454.html HTTP/1.0" 404 2108 "-" "Mozilla/5.0 AppleWebKit/537.36 (KHTML, like Gecko; compatible; ClaudeBot/1.0; +claudebot@anthropic.com)"
216.73.216.145 - - [14/Apr/2026:08:17:36 +0300] "GET /shopping/3619573071.html HTTP/1.0" 404 2108 "-" "Mozilla/5.0 AppleWebKit/537.36 (KHTML, like Gecko; compatible; ClaudeBot/1.0; +claudebot@anthropic.com)"
216.73.216.145 - - [14/Apr/2026:08:18:02 +0300] "GET /shopping/3739346251.html HTTP/1.0" 404 2205 "-" "Mozilla/5.0 AppleWebKit/537.36 (KHTML, like Gecko; compatible; ClaudeBot/1.0; +claudebot@anthropic.com)"
216.73.216.145 - - [14/Apr/2026:08:18:19 +0300] "GET /shopping/2477451140.html HTTP/1.0" 404 2205 "-" "Mozilla/5.0 AppleWebKit/537.36 (KHTML, like Gecko; compatible; ClaudeBot/1.0; +claudebot@anthropic.com)"
216.73.216.145 - - [14/Apr/2026:08:18:31 +0300] "GET /shopping/4276825391.html HTTP/1.0" 404 2205 "-" "Mozilla/5.0 AppleWebKit/537.36 (KHTML, like Gecko; compatible; ClaudeBot/1.0; +claudebot@anthropic.com)"
216.73.216.145 - - [14/Apr/2026:08:18:53 +0300] "GET /shopping/3664491308.html HTTP/1.0" 404 2205 "-" "Mozilla/5.0 AppleWebKit/537.36 (KHTML, like Gecko; compatible; ClaudeBot/1.0; +claudebot@anthropic.com)"
216.73.216.145 - - [14/Apr/2026:08:18:59 +0300] "GET /shopping/2236347831.html HTTP/1.0" 404 2108 "-" "Mozilla/5.0 AppleWebKit/537.36 (KHTML, like Gecko; compatible; ClaudeBot/1.0; +claudebot@anthropic.com)"
216.73.216.145 - - [14/Apr/2026:08:19:21 +0300] "GET /shopping/1221207203.html HTTP/1.0" 404 2108 "-" "Mozilla/5.0 AppleWebKit/537.36 (KHTML, like Gecko; compatible; ClaudeBot/1.0; +claudebot@anthropic.com)"
216.73.216.145 - - [14/Apr/2026:08:19:43 +0300] "GET /shopping/2595751188.html HTTP/1.0" 404 2108 "-" "Mozilla/5.0 AppleWebKit/537.36 (KHTML, like Gecko; compatible; ClaudeBot/1.0; +claudebot@anthropic.com)"
216.73.216.145 - - [14/Apr/2026:08:19:54 +0300] "GET /shopping/2602615143.html HTTP/1.0" 404 2205 "-" "Mozilla/5.0 AppleWebKit/537.36 (KHTML, like Gecko; compatible; ClaudeBot/1.0; +claudebot@anthropic.com)"
216.73.216.145 - - [14/Apr/2026:08:20:16 +0300] "GET /shopping/2759737241.html HTTP/1.0" 404 2205 "-" "Mozilla/5.0 AppleWebKit/537.36 (KHTML, like Gecko; compatible; ClaudeBot/1.0; +claudebot@anthropic.com)"
178.204.250.190 - - [14/Apr/2026:08:20:20 +0300] "POST /administrator/index.php HTTP/1.0" 200 7146 "https://dosaaf-tetushi.ru/administrator/index.php?option=com_content&view=articles" "Mozilla/5.0 (Windows NT 10.0; Win64; x64) AppleWebKit/537.36 (KHTML, like Gecko) Chrome/145.0.0.0 Safari/537.36 OPR/129.0.0.0"
216.73.216.145 - - [14/Apr/2026:08:20:37 +0300] "GET /shopping/2505097601.html HTTP/1.0" 404 2108 "-" "Mozilla/5.0 AppleWebKit/537.36 (KHTML, like Gecko; compatible; ClaudeBot/1.0; +claudebot@anthropic.com)"
216.73.216.145 - - [14/Apr/2026:08:20:47 +0300] "GET /shopping/1476087092.html HTTP/1.0" 404 2108 "-" "Mozilla/5.0 AppleWebKit/537.36 (KHTML, like Gecko; compatible; ClaudeBot/1.0; +claudebot@anthropic.com)"
216.73.216.145 - - [14/Apr/2026:08:20:58 +0300] "GET /shopping/4129081784.html HTTP/1.0" 404 2108 "-" "Mozilla/5.0 AppleWebKit/537.36 (KHTML, like Gecko; compatible; ClaudeBot/1.0; +claudebot@anthropic.com)"
216.73.216.145 - - [14/Apr/2026:08:21:19 +0300] "GET /shopping/2282712220.html HTTP/1.0" 404 2108 "-" "Mozilla/5.0 AppleWebKit/537.36 (KHTML, like Gecko; compatible; ClaudeBot/1.0; +claudebot@anthropic.com)"
216.73.216.145 - - [14/Apr/2026:08:21:29 +0300] "GET /shopping/1758788815.html HTTP/1.0" 404 2205 "-" "Mozilla/5.0 AppleWebKit/537.36 (KHTML, like Gecko; compatible; ClaudeBot/1.0; +claudebot@anthropic.com)"
216.73.216.145 - - [14/Apr/2026:08:21:50 +0300] "GET /shopping/588424584.html HTTP/1.0" 404 2108 "-" "Mozilla/5.0 AppleWebKit/537.36 (KHTML, like Gecko; compatible; ClaudeBot/1.0; +claudebot@anthropic.com)"
216.73.216.145 - - [14/Apr/2026:08:22:05 +0300] "GET /shopping/689366700.html HTTP/1.0" 404 2108 "-" "Mozilla/5.0 AppleWebKit/537.36 (KHTML, like Gecko; compatible; ClaudeBot/1.0; +claudebot@anthropic.com)"
216.73.216.145 - - [14/Apr/2026:08:22:24 +0300] "GET /shopping/2440453292.html HTTP/1.0" 404 2108 "-" "Mozilla/5.0 AppleWebKit/537.36 (KHTML, like Gecko; compatible; ClaudeBot/1.0; +claudebot@anthropic.com)"
216.73.216.145 - - [14/Apr/2026:08:22:33 +0300] "GET /shopping/3645571842.html HTTP/1.0" 404 2205 "-" "Mozilla/5.0 AppleWebKit/537.36 (KHTML, like Gecko; compatible; ClaudeBot/1.0; +claudebot@anthropic.com)"
216.73.216.145 - - [14/Apr/2026:08:22:54 +0300] "GET /shopping/1501178197.html HTTP/1.0" 404 2108 "-" "Mozilla/5.0 AppleWebKit/537.36 (KHTML, like Gecko; compatible; ClaudeBot/1.0; +claudebot@anthropic.com)"
216.73.216.145 - - [14/Apr/2026:08:23:06 +0300] "GET /shopping/641678923.html HTTP/1.0" 404 2108 "-" "Mozilla/5.0 AppleWebKit/537.36 (KHTML, like Gecko; compatible; ClaudeBot/1.0; +claudebot@anthropic.com)"
216.73.216.145 - - [14/Apr/2026:08:23:31 +0300] "GET /shopping/3118537424.html HTTP/1.0" 404 2108 "-" "Mozilla/5.0 AppleWebKit/537.36 (KHTML, like Gecko; compatible; ClaudeBot/1.0; +claudebot@anthropic.com)"
216.73.216.145 - - [14/Apr/2026:08:23:37 +0300] "GET /shopping/533219712.html HTTP/1.0" 404 2108 "-" "Mozilla/5.0 AppleWebKit/537.36 (KHTML, like Gecko; compatible; ClaudeBot/1.0; +claudebot@anthropic.com)"
216.73.216.145 - - [14/Apr/2026:08:23:58 +0300] "GET /shopping/2231399395.html HTTP/1.0" 404 2108 "-" "Mozilla/5.0 AppleWebKit/537.36 (KHTML, like Gecko; compatible; ClaudeBot/1.0; +claudebot@anthropic.com)"
216.73.216.145 - - [14/Apr/2026:08:24:19 +0300] "GET /shopping/1567869984.html HTTP/1.0" 404 2108 "-" "Mozilla/5.0 AppleWebKit/537.36 (KHTML, like Gecko; compatible; ClaudeBot/1.0; +claudebot@anthropic.com)"
216.73.216.145 - - [14/Apr/2026:08:24:41 +0300] "GET /shopping/3783578798.html HTTP/1.0" 404 2108 "-" "Mozilla/5.0 AppleWebKit/537.36 (KHTML, like Gecko; compatible; ClaudeBot/1.0; +claudebot@anthropic.com)"
216.73.216.145 - - [14/Apr/2026:08:25:02 +0300] "GET /shopping/1011041543.html HTTP/1.0" 404 2108 "-" "Mozilla/5.0 AppleWebKit/537.36 (KHTML, like Gecko; compatible; ClaudeBot/1.0; +claudebot@anthropic.com)"
216.73.216.145 - - [14/Apr/2026:08:25:25 +0300] "GET /shopping/2447593139.html HTTP/1.0" 404 2108 "-" "Mozilla/5.0 AppleWebKit/537.36 (KHTML, like Gecko; compatible; ClaudeBot/1.0; +claudebot@anthropic.com)"
94.154.35.236 - - [14/Apr/2026:08:25:33 +0300] "HEAD /forum.rar HTTP/1.1" 301 0 "-" "Mozilla/5.0 (Windows NT 10.0; Win64; x64) AppleWebKit/537.36 (KHTML, like Gecko) Chrome/101.0.4951.67 Safari/537.36"
94.154.35.236 - - [14/Apr/2026:08:25:34 +0300] "HEAD /forum.rar HTTP/1.0" 404 554 "-" "Mozilla/5.0 (Windows NT 10.0; Win64; x64) AppleWebKit/537.36 (KHTML, like Gecko) Chrome/101.0.4951.67 Safari/537.36"
216.73.216.145 - - [14/Apr/2026:08:25:49 +0300] "GET /shopping/2924862795.html HTTP/1.0" 404 2108 "-" "Mozilla/5.0 AppleWebKit/537.36 (KHTML, like Gecko; compatible; ClaudeBot/1.0; +claudebot@anthropic.com)"
45.227.253.15 - - [14/Apr/2026:08:26:37 +0300] "GET /index.php/jk HTTP/1.1" 301 196 "-" "Mozilla/5.0 (iPhone; CPU iPhone OS 12_3 like Mac OS X) AppleWebKit/605.1.15 (KHTML, like Gecko) Version/12.0.4 Mobile/15E148 Safari/604.1"
45.227.253.15 - - [14/Apr/2026:08:26:37 +0300] "GET /index.php/jk HTTP/1.0" 200 210 "http://dosaaf-tetushi.ru/index.php/jk" "Mozilla/5.0 (iPhone; CPU iPhone OS 12_3 like Mac OS X) AppleWebKit/605.1.15 (KHTML, like Gecko) Version/12.0.4 Mobile/15E148 Safari/604.1"
45.148.78.156 - - [14/Apr/2026:08:29:00 +0300] "GET /images/2026/02/02/1769969757815_thumbnail.jpg HTTP/1.1" 200 165633 "-" "Mozilla/5.0 (Macintosh; Intel Mac OS X 10_15_7) AppleWebKit/537.36 (KHTML, like Gecko) Chrome/130.0.0.0 Safari/537.36"
178.204.250.190 - - [14/Apr/2026:08:34:08 +0300] "POST /administrator/index.php HTTP/1.0" 200 7146 "https://dosaaf-tetushi.ru/administrator/index.php?option=com_content&view=articles" "Mozilla/5.0 (Windows NT 10.0; Win64; x64) AppleWebKit/537.36 (KHTML, like Gecko) Chrome/145.0.0.0 Safari/537.36 OPR/129.0.0.0"
143.244.47.83 - - [14/Apr/2026:08:35:32 +0300] "GET / HTTP/1.0" 200 15391 "-" "Mozilla/5.0 (Windows NT 10.0; Win64; x64) AppleWebKit/537.36 (KHTML, like Gecko) Chrome/124.0.0.0 Safari/537.36"
185.195.233.242 - - [14/Apr/2026:08:39:34 +0300] "GET / HTTP/1.0" 200 15388 "-" "Mozilla/5.0 (Macintosh; Intel Mac OS X 10_15_7) AppleWebKit/537.36 (KHTML, like Gecko) Chrome/146.0.0.0 Safari/537.36"
185.195.233.242 - - [14/Apr/2026:08:39:37 +0300] "GET /images/steering-wheel_39462.png HTTP/1.1" 200 19565 "-" "Mozilla/5.0 (Macintosh; Intel Mac OS X 10_15_7) AppleWebKit/537.36 (KHTML, like Gecko) Chrome/146.0.0.0 Safari/537.36"
178.204.250.190 - - [14/Apr/2026:08:48:11 +0300] "POST /administrator/index.php HTTP/1.0" 200 7144 "https://dosaaf-tetushi.ru/administrator/index.php?option=com_content&view=articles" "Mozilla/5.0 (Windows NT 10.0; Win64; x64) AppleWebKit/537.36 (KHTML, like Gecko) Chrome/145.0.0.0 Safari/537.36 OPR/129.0.0.0"
94.154.35.236 - - [14/Apr/2026:08:52:31 +0300] "HEAD /forum.tar HTTP/1.1" 301 0 "-" "Mozilla/5.0 (Windows NT 10.0; Win64; x64) AppleWebKit/537.36 (KHTML, like Gecko) Chrome/101.0.4951.67 Safari/537.36"
94.154.35.236 - - [14/Apr/2026:08:52:31 +0300] "HEAD /forum.tar HTTP/1.0" 404 554 "-" "Mozilla/5.0 (Windows NT 10.0; Win64; x64) AppleWebKit/537.36 (KHTML, like Gecko) Chrome/101.0.4951.67 Safari/537.36"
216.73.216.145 - - [14/Apr/2026:08:55:43 +0300] "GET /robots.txt HTTP/1.0" 200 403 "-" "Mozilla/5.0 AppleWebKit/537.36 (KHTML, like Gecko; compatible; ClaudeBot/1.0; +claudebot@anthropic.com)"
216.73.216.145 - - [14/Apr/2026:08:55:43 +0300] "GET /sitemap.xml HTTP/1.0" 200 7076 "-" "Mozilla/5.0 AppleWebKit/537.36 (KHTML, like Gecko; compatible; ClaudeBot/1.0; +claudebot@anthropic.com)"
43.164.195.17 - - [14/Apr/2026:08:57:13 +0300] "GET / HTTP/1.1" 400 283 "-" "Mozilla/5.0 (iPhone; CPU iPhone OS 13_2_3 like Mac OS X) AppleWebKit/605.1.15 (KHTML, like Gecko) Version/13.0.3 Mobile/15E148 Safari/604.1"
178.204.250.190 - - [14/Apr/2026:09:02:06 +0300] "POST /administrator/index.php HTTP/1.0" 200 7144 "https://dosaaf-tetushi.ru/administrator/index.php?option=com_content&view=articles" "Mozilla/5.0 (Windows NT 10.0; Win64; x64) AppleWebKit/537.36 (KHTML, like Gecko) Chrome/145.0.0.0 Safari/537.36 OPR/129.0.0.0"
92.255.194.129 - - [14/Apr/2026:09:02:55 +0300] "GET /svedeniya-ob-obrazovatelnoj-organizatsii/osnovnye-svedeniya HTTP/1.0" 200 9980 "https://www.dosaaf-tetushi.ru/" "Mozilla/5.0 (Windows NT 10.0; Win64; x64) AppleWebKit/537.36 (KHTML, like Gecko) Chrome/147.0.0.0 Safari/537.36"
178.204.250.190 - - [14/Apr/2026:09:16:12 +0300] "POST /administrator/index.php HTTP/1.0" 200 7143 "https://dosaaf-tetushi.ru/administrator/index.php?option=com_content&view=articles" "Mozilla/5.0 (Windows NT 10.0; Win64; x64) AppleWebKit/537.36 (KHTML, like Gecko) Chrome/145.0.0.0 Safari/537.36 OPR/129.0.0.0"
38.135.25.136 - - [14/Apr/2026:09:17:11 +0300] "GET / HTTP/1.0" 200 15388 "-" "Mozilla/5.0 (Linux; Android 10; K) AppleWebKit/537.36 (KHTML, like Gecko) Chrome/146.0.0.0 Mobile Safari/537.36"
94.23.188.211 - - [14/Apr/2026:09:18:59 +0300] "GET /sitemap.xml HTTP/1.0" 200 7070 "-" "Mozilla/5.0 (compatible; AhrefsBot/7.0; +http://ahrefs.com/robot/)"
94.154.35.236 - - [14/Apr/2026:09:19:48 +0300] "HEAD /forum.tar.bz2 HTTP/1.1" 301 0 "-" "Mozilla/5.0 (Windows NT 10.0; Win64; x64) AppleWebKit/537.36 (KHTML, like Gecko) Chrome/101.0.4951.67 Safari/537.36"
94.154.35.236 - - [14/Apr/2026:09:19:49 +0300] "HEAD /forum.tar.bz2 HTTP/1.0" 404 554 "-" "Mozilla/5.0 (Windows NT 10.0; Win64; x64) AppleWebKit/537.36 (KHTML, like Gecko) Chrome/101.0.4951.67 Safari/537.36"
81.222.190.221 - - [14/Apr/2026:09:19:53 +0300] "GET / HTTP/1.0" 200 15387 "https://yandex.ru/" "Mozilla/5.0 (Linux; arm_64; Android 10; BMH-AN10) AppleWebKit/537.36 (KHTML, like Gecko) Chrome/126.0.6478.64 YaBrowser/24.9.1.64.00 SA/3 Mobile Safari/537.36"
81.222.190.221 - - [14/Apr/2026:09:19:58 +0300] "GET /media/mod_st_vision/css/accessibility.css?d110ff737452b222b164c8b814ff6459 HTTP/1.1" 200 2130 "https://dosaaf-tetushi.ru/" "Mozilla/5.0 (Linux; arm_64; Android 10; BMH-AN10) AppleWebKit/537.36 (KHTML, like Gecko) Chrome/126.0.6478.64 YaBrowser/24.9.1.64.00 SA/3 Mobile Safari/537.36"
