91.197.191.242 - - [13/Apr/2026:10:53:53 +0300] "GET /components/com_sppagebuilder/assets/js/sppagebuilder.js HTTP/1.1" 200 61969 "https://www.stf-int.ru/kontakty" "Mozilla/5.0 (Windows NT 10.0; Win64; x64) AppleWebKit/537.36 (KHTML, like Gecko) Chrome/146.0.0.0 Safari/537.36"
91.197.191.242 - - [13/Apr/2026:10:53:53 +0300] "GET /templates/shaper_helix3/js/bootstrap.min.js HTTP/1.1" 200 37045 "https://www.stf-int.ru/kontakty" "Mozilla/5.0 (Windows NT 10.0; Win64; x64) AppleWebKit/537.36 (KHTML, like Gecko) Chrome/146.0.0.0 Safari/537.36"
91.197.191.242 - - [13/Apr/2026:10:53:53 +0300] "GET /templates/shaper_helix3/js/jquery.sticky.js HTTP/1.1" 200 5739 "https://www.stf-int.ru/kontakty" "Mozilla/5.0 (Windows NT 10.0; Win64; x64) AppleWebKit/537.36 (KHTML, like Gecko) Chrome/146.0.0.0 Safari/537.36"
91.197.191.242 - - [13/Apr/2026:10:53:53 +0300] "GET /templates/shaper_helix3/js/main.js HTTP/1.1" 200 8742 "https://www.stf-int.ru/kontakty" "Mozilla/5.0 (Windows NT 10.0; Win64; x64) AppleWebKit/537.36 (KHTML, like Gecko) Chrome/146.0.0.0 Safari/537.36"
91.197.191.242 - - [13/Apr/2026:10:53:53 +0300] "GET /images/logo.png HTTP/1.1" 200 8535 "https://www.stf-int.ru/kontakty" "Mozilla/5.0 (Windows NT 10.0; Win64; x64) AppleWebKit/537.36 (KHTML, like Gecko) Chrome/146.0.0.0 Safari/537.36"
91.197.191.242 - - [13/Apr/2026:10:53:53 +0300] "GET /media/jui/js/jquery.min.js HTTP/1.1" 200 97163 "https://www.stf-int.ru/kontakty" "Mozilla/5.0 (Windows NT 10.0; Win64; x64) AppleWebKit/537.36 (KHTML, like Gecko) Chrome/146.0.0.0 Safari/537.36"
91.197.191.242 - - [13/Apr/2026:10:53:53 +0300] "GET /templates/shaper_helix3/css/bootstrap.min.css HTTP/1.1" 200 121200 "https://www.stf-int.ru/kontakty" "Mozilla/5.0 (Windows NT 10.0; Win64; x64) AppleWebKit/537.36 (KHTML, like Gecko) Chrome/146.0.0.0 Safari/537.36"
91.197.191.242 - - [13/Apr/2026:10:53:53 +0300] "GET /images/2016/11/29/fon.gif HTTP/1.1" 200 1245 "https://www.stf-int.ru/kontakty" "Mozilla/5.0 (Windows NT 10.0; Win64; x64) AppleWebKit/537.36 (KHTML, like Gecko) Chrome/146.0.0.0 Safari/537.36"
91.197.191.242 - - [13/Apr/2026:10:53:53 +0300] "GET /images/fon.gif HTTP/1.1" 200 1245 "https://www.stf-int.ru/kontakty" "Mozilla/5.0 (Windows NT 10.0; Win64; x64) AppleWebKit/537.36 (KHTML, like Gecko) Chrome/146.0.0.0 Safari/537.36"
91.197.191.242 - - [13/Apr/2026:10:53:53 +0300] "GET /images/fon-top.jpg HTTP/1.1" 200 37306 "https://www.stf-int.ru/kontakty" "Mozilla/5.0 (Windows NT 10.0; Win64; x64) AppleWebKit/537.36 (KHTML, like Gecko) Chrome/146.0.0.0 Safari/537.36"
91.197.191.242 - - [13/Apr/2026:10:53:53 +0300] "GET /templates/shaper_helix3/fonts/fontawesome-webfont.woff2?v=4.6.3 HTTP/1.0" 200 72123 "https://www.stf-int.ru/templates/shaper_helix3/css/font-awesome.min.css" "Mozilla/5.0 (Windows NT 10.0; Win64; x64) AppleWebKit/537.36 (KHTML, like Gecko) Chrome/146.0.0.0 Safari/537.36"
91.197.191.242 - - [13/Apr/2026:10:53:54 +0300] "GET /images/1480894327.ico HTTP/1.0" 200 1046 "https://www.stf-int.ru/kontakty" "Mozilla/5.0 (Windows NT 10.0; Win64; x64) AppleWebKit/537.36 (KHTML, like Gecko) Chrome/146.0.0.0 Safari/537.36"
91.197.191.242 - - [13/Apr/2026:10:53:57 +0300] "GET /o-kompanii HTTP/1.0" 200 5922 "https://www.stf-int.ru/kontakty" "Mozilla/5.0 (Windows NT 10.0; Win64; x64) AppleWebKit/537.36 (KHTML, like Gecko) Chrome/146.0.0.0 Safari/537.36"
91.197.191.242 - - [13/Apr/2026:10:53:58 +0300] "GET /images/md.gif HTTP/1.1" 200 11628 "https://www.stf-int.ru/o-kompanii" "Mozilla/5.0 (Windows NT 10.0; Win64; x64) AppleWebKit/537.36 (KHTML, like Gecko) Chrome/146.0.0.0 Safari/537.36"
91.197.191.242 - - [13/Apr/2026:10:53:58 +0300] "GET /images/gaz.gif HTTP/1.1" 200 9469 "https://www.stf-int.ru/o-kompanii" "Mozilla/5.0 (Windows NT 10.0; Win64; x64) AppleWebKit/537.36 (KHTML, like Gecko) Chrome/146.0.0.0 Safari/537.36"
91.197.191.242 - - [13/Apr/2026:10:53:58 +0300] "GET /images/kmz.gif HTTP/1.1" 200 11067 "https://www.stf-int.ru/o-kompanii" "Mozilla/5.0 (Windows NT 10.0; Win64; x64) AppleWebKit/537.36 (KHTML, like Gecko) Chrome/146.0.0.0 Safari/537.36"
91.197.191.242 - - [13/Apr/2026:10:53:58 +0300] "GET /images/mk.gif HTTP/1.1" 200 9534 "https://www.stf-int.ru/o-kompanii" "Mozilla/5.0 (Windows NT 10.0; Win64; x64) AppleWebKit/537.36 (KHTML, like Gecko) Chrome/146.0.0.0 Safari/537.36"
91.197.191.242 - - [13/Apr/2026:10:53:58 +0300] "GET /images/kamaz.gif HTTP/1.1" 200 14294 "https://www.stf-int.ru/o-kompanii" "Mozilla/5.0 (Windows NT 10.0; Win64; x64) AppleWebKit/537.36 (KHTML, like Gecko) Chrome/146.0.0.0 Safari/537.36"
91.197.191.242 - - [13/Apr/2026:10:53:58 +0300] "GET /images/fm.gif HTTP/1.1" 200 8343 "https://www.stf-int.ru/o-kompanii" "Mozilla/5.0 (Windows NT 10.0; Win64; x64) AppleWebKit/537.36 (KHTML, like Gecko) Chrome/146.0.0.0 Safari/537.36"
91.197.191.242 - - [13/Apr/2026:10:53:58 +0300] "GET /images/betar.gif HTTP/1.1" 200 7553 "https://www.stf-int.ru/o-kompanii" "Mozilla/5.0 (Windows NT 10.0; Win64; x64) AppleWebKit/537.36 (KHTML, like Gecko) Chrome/146.0.0.0 Safari/537.36"
34.79.154.21 - - [13/Apr/2026:10:53:58 +0300] "GET /o-kompanii HTTP/1.0" 200 19171 "-" "Mozilla/5.0 (Windows NT 10.0; Win64; x64) AppleWebKit/537.36 (KHTML, like Gecko) Chrome/146.0.0.0 Safari/537.36"
91.197.191.242 - - [13/Apr/2026:10:54:12 +0300] "GET /rekomendatsii HTTP/1.0" 200 9245 "https://www.stf-int.ru/o-kompanii" "Mozilla/5.0 (Windows NT 10.0; Win64; x64) AppleWebKit/537.36 (KHTML, like Gecko) Chrome/146.0.0.0 Safari/537.36"
34.79.154.21 - - [13/Apr/2026:10:54:12 +0300] "GET /rekomendatsii HTTP/1.0" 200 33228 "-" "Mozilla/5.0 (Windows NT 10.0; Win64; x64) AppleWebKit/537.36 (KHTML, like Gecko) Chrome/146.0.0.0 Safari/537.36"
91.197.191.242 - - [13/Apr/2026:10:54:21 +0300] "GET /sertifikaty-i-nagrady HTTP/1.0" 200 5039 "https://www.stf-int.ru/rekomendatsii" "Mozilla/5.0 (Windows NT 10.0; Win64; x64) AppleWebKit/537.36 (KHTML, like Gecko) Chrome/146.0.0.0 Safari/537.36"
91.197.191.242 - - [13/Apr/2026:10:54:23 +0300] "GET /components/com_sppagebuilder/assets/css/magnific-popup.css HTTP/1.1" 200 7593 "https://www.stf-int.ru/sertifikaty-i-nagrady" "Mozilla/5.0 (Windows NT 10.0; Win64; x64) AppleWebKit/537.36 (KHTML, like Gecko) Chrome/146.0.0.0 Safari/537.36"
91.197.191.242 - - [13/Apr/2026:10:54:23 +0300] "GET /components/com_sppagebuilder/assets/js/jquery.magnific-popup.min.js HTTP/1.1" 200 20216 "https://www.stf-int.ru/sertifikaty-i-nagrady" "Mozilla/5.0 (Windows NT 10.0; Win64; x64) AppleWebKit/537.36 (KHTML, like Gecko) Chrome/146.0.0.0 Safari/537.36"
34.79.154.21 - - [13/Apr/2026:10:54:22 +0300] "GET /sertifikaty-i-nagrady HTTP/1.0" 200 17503 "-" "Mozilla/5.0 (Windows NT 10.0; Win64; x64) AppleWebKit/537.36 (KHTML, like Gecko) Chrome/146.0.0.0 Safari/537.36"
91.197.191.242 - - [13/Apr/2026:10:54:23 +0300] "GET /images/2024/11/05/sert24.jpg HTTP/1.1" 200 380441 "https://www.stf-int.ru/sertifikaty-i-nagrady" "Mozilla/5.0 (Windows NT 10.0; Win64; x64) AppleWebKit/537.36 (KHTML, like Gecko) Chrome/146.0.0.0 Safari/537.36"
91.197.191.242 - - [13/Apr/2026:10:54:23 +0300] "GET /images/2024/11/05/polit.jpg HTTP/1.1" 200 342002 "https://www.stf-int.ru/sertifikaty-i-nagrady" "Mozilla/5.0 (Windows NT 10.0; Win64; x64) AppleWebKit/537.36 (KHTML, like Gecko) Chrome/146.0.0.0 Safari/537.36"
91.197.191.242 - - [13/Apr/2026:10:54:23 +0300] "GET /images/2024/11/05/sert24-2.jpg HTTP/1.1" 200 368373 "https://www.stf-int.ru/sertifikaty-i-nagrady" "Mozilla/5.0 (Windows NT 10.0; Win64; x64) AppleWebKit/537.36 (KHTML, like Gecko) Chrome/146.0.0.0 Safari/537.36"
91.197.191.242 - - [13/Apr/2026:10:54:37 +0300] "GET /kontakty HTTP/1.0" 200 5551 "https://www.stf-int.ru/sertifikaty-i-nagrady" "Mozilla/5.0 (Windows NT 10.0; Win64; x64) AppleWebKit/537.36 (KHTML, like Gecko) Chrome/146.0.0.0 Safari/537.36"
91.197.191.242 - - [13/Apr/2026:10:54:43 +0300] "GET / HTTP/1.0" 200 6470 "https://www.stf-int.ru/kontakty" "Mozilla/5.0 (Windows NT 10.0; Win64; x64) AppleWebKit/537.36 (KHTML, like Gecko) Chrome/146.0.0.0 Safari/537.36"
91.197.191.242 - - [13/Apr/2026:10:54:44 +0300] "GET /images/2016/12/14/nsl7.jpg HTTP/1.1" 200 123361 "https://www.stf-int.ru/" "Mozilla/5.0 (Windows NT 10.0; Win64; x64) AppleWebKit/537.36 (KHTML, like Gecko) Chrome/146.0.0.0 Safari/537.36"
91.197.191.242 - - [13/Apr/2026:10:54:44 +0300] "GET /images/2016/12/14/nsl3.jpg HTTP/1.1" 200 143901 "https://www.stf-int.ru/" "Mozilla/5.0 (Windows NT 10.0; Win64; x64) AppleWebKit/537.36 (KHTML, like Gecko) Chrome/146.0.0.0 Safari/537.36"
91.197.191.242 - - [13/Apr/2026:10:54:44 +0300] "GET /images/2024/10/30/newfon24-2.jpg HTTP/1.1" 200 72727 "https://www.stf-int.ru/" "Mozilla/5.0 (Windows NT 10.0; Win64; x64) AppleWebKit/537.36 (KHTML, like Gecko) Chrome/146.0.0.0 Safari/537.36"
34.79.154.21 - - [13/Apr/2026:10:54:44 +0300] "GET / HTTP/1.0" 200 21592 "-" "Mozilla/5.0 (Windows NT 10.0; Win64; x64) AppleWebKit/537.36 (KHTML, like Gecko) Chrome/146.0.0.0 Safari/537.36"
91.197.191.242 - - [13/Apr/2026:10:54:44 +0300] "GET /images/2016/12/14/nsl6.jpg HTTP/1.1" 200 161988 "https://www.stf-int.ru/" "Mozilla/5.0 (Windows NT 10.0; Win64; x64) AppleWebKit/537.36 (KHTML, like Gecko) Chrome/146.0.0.0 Safari/537.36"
109.123.253.36 - - [13/Apr/2026:11:00:46 +0300] "GET / HTTP/1.1" 301 196 "-" "Mozilla/5.0 (Windows NT 10.0; Win64; x64) AppleWebKit/537.36 (KHTML, like Gecko) Chrome/120.0.0.0 Safari/537.36"
109.123.253.36 - - [13/Apr/2026:11:00:47 +0300] "GET / HTTP/1.0" 200 6565 "-" "Mozilla/5.0 (Windows NT 10.0; Win64; x64) AppleWebKit/537.36 (KHTML, like Gecko) Chrome/120.0.0.0 Safari/537.36"
66.249.76.197 - - [13/Apr/2026:11:02:59 +0300] "GET /?r=76875161984301 HTTP/1.0" 200 6565 "-" "Mozilla/5.0 (Linux; Android 6.0.1; Nexus 5X Build/MMB29P) AppleWebKit/537.36 (KHTML, like Gecko) Chrome/146.0.7680.177 Mobile Safari/537.36 (compatible; Googlebot/2.1; +http://www.google.com/bot.html)"
114.119.133.213 - - [13/Apr/2026:11:07:17 +0300] "GET /robots.txt HTTP/1.1" 301 196 "-" "Mozilla/5.0 (compatible;PetalBot;+https://webmaster.petalsearch.com/site/petalbot)"
114.119.133.213 - - [13/Apr/2026:11:07:18 +0300] "GET /robots.txt HTTP/1.0" 200 697 "-" "Mozilla/5.0 (compatible;PetalBot;+https://webmaster.petalsearch.com/site/petalbot)"
94.154.35.236 - - [13/Apr/2026:11:12:57 +0300] "HEAD /archive.rar HTTP/1.1" 301 0 "-" "Mozilla/5.0 (Windows NT 10.0; Win64; x64) AppleWebKit/537.36 (KHTML, like Gecko) Chrome/101.0.4951.67 Safari/537.36"
94.154.35.236 - - [13/Apr/2026:11:12:58 +0300] "HEAD /archive.rar HTTP/1.0" 404 356 "-" "Mozilla/5.0 (Windows NT 10.0; Win64; x64) AppleWebKit/537.36 (KHTML, like Gecko) Chrome/101.0.4951.67 Safari/537.36"
45.62.98.251 - - [13/Apr/2026:11:22:38 +0300] "GET /index.php?params=1 HTTP/1.1" 301 196 "-" "Mozilla/5.0 (Windows NT 10.0; Win64; x64) AppleWebKit/537.36 (KHTML, like Gecko) Chrome/91.0.4472.106 Safari/537.36"
45.62.98.251 - - [13/Apr/2026:11:22:39 +0300] "GET /index.php?params=1 HTTP/1.0" 200 21602 "-" "Mozilla/5.0 (Windows NT 10.0; Win64; x64) AppleWebKit/537.36 (KHTML, like Gecko) Chrome/91.0.4472.106 Safari/537.36"
77.232.36.34 - - [13/Apr/2026:11:23:01 +0300] "GET /kontakty/ HTTP/1.0" 301 185 "-" "Mozilla/5.0 (Windows NT 6.3; Win64; x64) AppleWebKit/537.36 (KHTML, like Gecko) Chrome/75.0.3770.100 Safari/537.36"
77.232.36.34 - - [13/Apr/2026:11:23:01 +0300] "GET /kontakty/ HTTP/1.0" 200 17219 "-" "Mozilla/5.0 (Windows NT 6.3; Win64; x64) AppleWebKit/537.36 (KHTML, like Gecko) Chrome/75.0.3770.100 Safari/537.36"
199.168.98.202 - - [13/Apr/2026:11:25:02 +0300] "GET /index.php?params=1 HTTP/1.1" 301 196 "-" "Mozilla/5.0 (Windows NT 10.0; Win64; x64) AppleWebKit/537.36 (KHTML, like Gecko) Chrome/131.0.0.0 Safari/537.36"
199.168.98.202 - - [13/Apr/2026:11:25:03 +0300] "GET /index.php?params=1 HTTP/1.0" 200 21602 "-" "Mozilla/5.0 (Windows NT 10.0; Win64; x64) AppleWebKit/537.36 (KHTML, like Gecko) Chrome/131.0.0.0 Safari/537.36"
198.181.43.21 - - [13/Apr/2026:11:28:00 +0300] "GET /index.php?params=1 HTTP/1.1" 301 196 "-" "Mozilla/5.0 (Windows NT 10.0; Win64; x64) AppleWebKit/537.36 (KHTML, like Gecko) Chrome/91.0.4472.106 Safari/537.36"
198.181.43.21 - - [13/Apr/2026:11:28:01 +0300] "GET /index.php?params=1 HTTP/1.0" 200 21602 "-" "Mozilla/5.0 (Windows NT 10.0; Win64; x64) AppleWebKit/537.36 (KHTML, like Gecko) Chrome/91.0.4472.106 Safari/537.36"
199.168.98.202 - - [13/Apr/2026:11:32:19 +0300] "GET /admin.php?520 HTTP/1.0" 404 1852 "-" "ShellBot 2.0 Mozilla/5.0 (Windows NT 10.0; Win64; x64) AppleWebKit/537.36 (KHTML, like Gecko) Chrome/134.0.0.0 Safari/537.36"
199.168.98.202 - - [13/Apr/2026:11:32:20 +0300] "GET /templates/shaper_helix3/css/bootstrap.min.css HTTP/1.1" 200 121200 "https://stf-int.ru/admin.php?520" "ShellBot 2.0 Mozilla/5.0 (Windows NT 10.0; Win64; x64) AppleWebKit/537.36 (KHTML, like Gecko) Chrome/134.0.0.0 Safari/537.36"
199.168.98.202 - - [13/Apr/2026:11:32:20 +0300] "GET /templates/shaper_helix3/css/font-awesome.min.css HTTP/1.1" 200 29063 "https://stf-int.ru/admin.php?520" "ShellBot 2.0 Mozilla/5.0 (Windows NT 10.0; Win64; x64) AppleWebKit/537.36 (KHTML, like Gecko) Chrome/134.0.0.0 Safari/537.36"
199.168.98.202 - - [13/Apr/2026:11:32:20 +0300] "GET /templates/shaper_helix3/css/template.css HTTP/1.1" 200 74141 "https://stf-int.ru/admin.php?520" "ShellBot 2.0 Mozilla/5.0 (Windows NT 10.0; Win64; x64) AppleWebKit/537.36 (KHTML, like Gecko) Chrome/134.0.0.0 Safari/537.36"
199.168.98.202 - - [13/Apr/2026:11:32:20 +0300] "GET /templates/shaper_helix3/images/presets/preset1/logo.png HTTP/1.1" 200 3406 "https://stf-int.ru/admin.php?520" "ShellBot 2.0 Mozilla/5.0 (Windows NT 10.0; Win64; x64) AppleWebKit/537.36 (KHTML, like Gecko) Chrome/134.0.0.0 Safari/537.36"
199.168.98.202 - - [13/Apr/2026:11:32:20 +0300] "GET /images/1480894327.ico HTTP/1.0" 200 1046 "https://stf-int.ru/admin.php?520" "ShellBot 2.0 Mozilla/5.0 (Windows NT 10.0; Win64; x64) AppleWebKit/537.36 (KHTML, like Gecko) Chrome/134.0.0.0 Safari/537.36"
199.168.98.202 - - [13/Apr/2026:11:32:20 +0300] "GET /templates/shaper_helix3/fonts/fontawesome-webfont.woff2?v=4.6.3 HTTP/1.0" 200 72123 "https://stf-int.ru/templates/shaper_helix3/css/font-awesome.min.css" "ShellBot 2.0 Mozilla/5.0 (Windows NT 10.0; Win64; x64) AppleWebKit/537.36 (KHTML, like Gecko) Chrome/134.0.0.0 Safari/537.36"
199.168.98.202 - - [13/Apr/2026:11:32:20 +0300] "GET /images/cta-bg.jpg HTTP/1.1" 200 86293 "https://stf-int.ru/admin.php?520" "ShellBot 2.0 Mozilla/5.0 (Windows NT 10.0; Win64; x64) AppleWebKit/537.36 (KHTML, like Gecko) Chrome/134.0.0.0 Safari/537.36"
199.168.98.202 - - [13/Apr/2026:11:33:16 +0300] "GET /inputs.php HTTP/1.0" 404 1853 "-" "Mozilla/5.0 (Windows NT 10.0; Win64; x64) AppleWebKit/537.36 (KHTML, like Gecko) Chrome/146.0.0.0 Safari/537.36"
199.168.98.202 - - [13/Apr/2026:11:34:00 +0300] "GET /admin.php?520 HTTP/1.0" 404 1755 "-" "ShellBot 2.0 Mozilla/5.0 (Windows NT 10.0; Win64; x64) AppleWebKit/537.36 (KHTML, like Gecko) Chrome/134.0.0.0 Safari/537.36"
68.34.208.109 - - [13/Apr/2026:11:38:37 +0300] "GET /inputs.php HTTP/1.0" 404 1853 "-" "ShellBot 2.0 Mozilla/5.0 (Windows NT 10.0; Win64; x64) AppleWebKit/537.36 (KHTML, like Gecko) Chrome/134.0.0.0 Safari/537.36"
94.154.35.236 - - [13/Apr/2026:11:39:49 +0300] "HEAD /archive.tar HTTP/1.1" 301 0 "-" "Mozilla/5.0 (Windows NT 10.0; Win64; x64) AppleWebKit/537.36 (KHTML, like Gecko) Chrome/101.0.4951.67 Safari/537.36"
94.154.35.236 - - [13/Apr/2026:11:39:49 +0300] "HEAD /archive.tar HTTP/1.0" 404 356 "-" "Mozilla/5.0 (Windows NT 10.0; Win64; x64) AppleWebKit/537.36 (KHTML, like Gecko) Chrome/101.0.4951.67 Safari/537.36"
98.95.152.161 - - [13/Apr/2026:11:57:13 +0300] "GET / HTTP/1.0" 200 6565 "-" "Mozilla/5.0 (Windows NT 10.0; Win64; x64; rv:128.0) Gecko/20100101 Firefox/128.0"
66.249.76.195 - - [13/Apr/2026:12:06:31 +0300] "GET /templates/shaper_helix3/css/template.css HTTP/1.1" 200 74141 "https://stf-int.ru/?r=76875161984301" "Mozilla/5.0 (Linux; Android 6.0.1; Nexus 5X Build/MMB29P) AppleWebKit/537.36 (KHTML, like Gecko) Chrome/146.0.7680.177 Mobile Safari/537.36 (compatible; Googlebot/2.1; +http://www.google.com/bot.html)"
66.249.64.75 - - [13/Apr/2026:12:06:38 +0300] "GET /media/jui/js/jquery-noconflict.js HTTP/1.1" 200 21 "https://stf-int.ru/?r=76875161984301" "Mozilla/5.0 (Linux; Android 6.0.1; Nexus 5X Build/MMB29P) AppleWebKit/537.36 (KHTML, like Gecko) Chrome/146.0.7680.177 Mobile Safari/537.36 (compatible; Googlebot/2.1; +http://www.google.com/bot.html)"
94.154.35.236 - - [13/Apr/2026:12:06:42 +0300] "HEAD /archive.tar.bz2 HTTP/1.1" 301 0 "-" "Mozilla/5.0 (Windows NT 10.0; Win64; x64) AppleWebKit/537.36 (KHTML, like Gecko) Chrome/101.0.4951.67 Safari/537.36"
94.154.35.236 - - [13/Apr/2026:12:06:43 +0300] "HEAD /archive.tar.bz2 HTTP/1.0" 404 356 "-" "Mozilla/5.0 (Windows NT 10.0; Win64; x64) AppleWebKit/537.36 (KHTML, like Gecko) Chrome/101.0.4951.67 Safari/537.36"
216.73.216.188 - - [13/Apr/2026:12:23:06 +0300] "GET /robots.txt HTTP/1.0" 200 697 "-" "Mozilla/5.0 AppleWebKit/537.36 (KHTML, like Gecko; compatible; ClaudeBot/1.0; +claudebot@anthropic.com)"
216.73.216.188 - - [13/Apr/2026:12:23:07 +0300] "GET /sitemap.xml HTTP/1.0" 404 1854 "-" "Mozilla/5.0 AppleWebKit/537.36 (KHTML, like Gecko; compatible; ClaudeBot/1.0; +claudebot@anthropic.com)"
94.154.35.236 - - [13/Apr/2026:12:33:27 +0300] "HEAD /archive.gz HTTP/1.1" 301 0 "-" "Mozilla/5.0 (Windows NT 10.0; Win64; x64) AppleWebKit/537.36 (KHTML, like Gecko) Chrome/101.0.4951.67 Safari/537.36"
94.154.35.236 - - [13/Apr/2026:12:33:28 +0300] "HEAD /archive.gz HTTP/1.0" 404 356 "-" "Mozilla/5.0 (Windows NT 10.0; Win64; x64) AppleWebKit/537.36 (KHTML, like Gecko) Chrome/101.0.4951.67 Safari/537.36"
104.210.140.138 - - [13/Apr/2026:12:48:04 +0300] "GET /robots.txt HTTP/1.0" 200 697 "-" "Mozilla/5.0 (Macintosh; Intel Mac OS X 10_15_7) AppleWebKit/537.36 (KHTML, like Gecko) Chrome/131.0.0.0 Safari/537.36; compatible; OAI-SearchBot/1.0; +https://openai.com/searchbot"
79.143.73.79 - - [13/Apr/2026:12:58:33 +0300] "GET / HTTP/1.1" 301 196 "-" "Mozilla/5.0 (X11; Ubuntu; Linux x86_64; rv:136.0) Gecko/20100101 Firefox/136.0"
94.154.35.236 - - [13/Apr/2026:13:00:23 +0300] "HEAD /archive.7z HTTP/1.1" 301 0 "-" "Mozilla/5.0 (Windows NT 10.0; Win64; x64) AppleWebKit/537.36 (KHTML, like Gecko) Chrome/101.0.4951.67 Safari/537.36"
94.154.35.236 - - [13/Apr/2026:13:00:24 +0300] "HEAD /archive.7z HTTP/1.0" 404 356 "-" "Mozilla/5.0 (Windows NT 10.0; Win64; x64) AppleWebKit/537.36 (KHTML, like Gecko) Chrome/101.0.4951.67 Safari/537.36"
114.119.159.109 - - [13/Apr/2026:13:27:34 +0300] "GET /robots.txt HTTP/1.0" 200 697 "-" "Mozilla/5.0 (compatible;PetalBot;+https://webmaster.petalsearch.com/site/petalbot)"
94.154.35.236 - - [13/Apr/2026:13:27:55 +0300] "HEAD /%D0%90%D1%80%D1%85%D0%B8%D0%B2.tar.gz HTTP/1.1" 301 0 "-" "Mozilla/5.0 (Windows NT 10.0; Win64; x64) AppleWebKit/537.36 (KHTML, like Gecko) Chrome/101.0.4951.67 Safari/537.36"
94.154.35.236 - - [13/Apr/2026:13:27:56 +0300] "HEAD /%D0%90%D1%80%D1%85%D0%B8%D0%B2.tar.gz HTTP/1.0" 404 356 "-" "Mozilla/5.0 (Windows NT 10.0; Win64; x64) AppleWebKit/537.36 (KHTML, like Gecko) Chrome/101.0.4951.67 Safari/537.36"
66.132.195.115 - - [13/Apr/2026:13:33:29 +0300] "GET / HTTP/1.1" 301 196 "-" "Mozilla/5.0 (compatible; CensysInspect/1.1; +https://about.censys.io/)"
66.132.195.115 - - [13/Apr/2026:13:33:31 +0300] "GET / HTTP/1.0" 200 6565 "-" "Mozilla/5.0 (compatible; CensysInspect/1.1; +https://about.censys.io/)"
64.31.20.22 - - [13/Apr/2026:13:43:56 +0300] "GET /kontakty/ HTTP/1.0" 301 185 "http://stf-int.ru/kontakty/" "Mozilla/5.0 (Windows NT 10.0; Win64; x64) AppleWebKit/537.36 (KHTML, like Gecko) Chrome/129.0.0.0 Safari/537.36"
64.31.20.22 - - [13/Apr/2026:13:43:59 +0300] "GET /kontakty/ HTTP/1.0" 200 17219 "https://stf-int.ru/kontakty/" "Mozilla/5.0 (Windows NT 10.0; Win64; x64) AppleWebKit/537.36 (KHTML, like Gecko) Chrome/129.0.0.0 Safari/537.36"
64.31.20.22 - - [13/Apr/2026:13:44:04 +0300] "GET /kontakty HTTP/1.0" 200 17120 "https://stf-int.ru/kontakty" "Mozilla/5.0 (Windows NT 10.0; Win64; x64) AppleWebKit/537.36 (KHTML, like Gecko) Chrome/129.0.0.0 Safari/537.36"
94.154.35.236 - - [13/Apr/2026:13:54:57 +0300] "HEAD /%D0%90%D1%80%D1%85%D0%B8%D0%B2.zip HTTP/1.1" 301 0 "-" "Mozilla/5.0 (Windows NT 10.0; Win64; x64) AppleWebKit/537.36 (KHTML, like Gecko) Chrome/101.0.4951.67 Safari/537.36"
94.154.35.236 - - [13/Apr/2026:13:54:58 +0300] "HEAD /%D0%90%D1%80%D1%85%D0%B8%D0%B2.zip HTTP/1.0" 404 356 "-" "Mozilla/5.0 (Windows NT 10.0; Win64; x64) AppleWebKit/537.36 (KHTML, like Gecko) Chrome/101.0.4951.67 Safari/537.36"
205.210.31.136 - - [13/Apr/2026:13:59:06 +0300] "GET / HTTP/1.1" 301 196 "-" "Hello from Palo Alto Networks, find out more about our scans in https://docs-cortex.paloaltonetworks.com/r/1/Cortex-Xpanse/Scanning-activity"
205.210.31.136 - - [13/Apr/2026:13:59:08 +0300] "GET / HTTP/1.0" 200 21584 "http://stf-int.ru/" "Hello from Palo Alto Networks, find out more about our scans in https://docs-cortex.paloaltonetworks.com/r/1/Cortex-Xpanse/Scanning-activity"
94.154.35.236 - - [13/Apr/2026:14:24:56 +0300] "HEAD /%D0%90%D1%80%D1%85%D0%B8%D0%B2.rar HTTP/1.1" 301 0 "-" "Mozilla/5.0 (Windows NT 10.0; Win64; x64) AppleWebKit/537.36 (KHTML, like Gecko) Chrome/101.0.4951.67 Safari/537.36"
94.154.35.236 - - [13/Apr/2026:14:24:57 +0300] "HEAD /%D0%90%D1%80%D1%85%D0%B8%D0%B2.rar HTTP/1.0" 404 356 "-" "Mozilla/5.0 (Windows NT 10.0; Win64; x64) AppleWebKit/537.36 (KHTML, like Gecko) Chrome/101.0.4951.67 Safari/537.36"
37.27.114.248 - - [13/Apr/2026:14:37:00 +0300] "GET /kontakty/ HTTP/1.0" 301 185 "-" "Mozilla/5.0 (Windows NT 10.0; Win64; x64) AppleWebKit/537.36 (KHTML, like Gecko) Chrome/118.0.0.0 Safari/537.36"
37.27.114.248 - - [13/Apr/2026:14:37:00 +0300] "GET /kontakty/ HTTP/1.0" 200 17219 "-" "Mozilla/5.0 (Windows NT 10.0; Win64; x64) AppleWebKit/537.36 (KHTML, like Gecko) Chrome/118.0.0.0 Safari/537.36"
178.20.44.140 - - [13/Apr/2026:14:53:36 +0300] "GET /kontakty/ HTTP/1.0" 301 185 "http://stf-int.ru/kontakty/" "Mozilla/5.0 (Windows NT 10.0; Win64; x64) AppleWebKit/537.36 (KHTML, like Gecko) Chrome/131.0.0.0 Safari/537.36 Avast/131.0.0.0"
178.20.44.140 - - [13/Apr/2026:14:53:36 +0300] "GET /kontakty/ HTTP/1.0" 200 17219 "https://stf-int.ru/kontakty/" "Mozilla/5.0 (Windows NT 10.0; Win64; x64) AppleWebKit/537.36 (KHTML, like Gecko) Chrome/131.0.0.0 Safari/537.36 Avast/131.0.0.0"
178.20.44.140 - - [13/Apr/2026:14:53:38 +0300] "GET /kontakty HTTP/1.0" 200 17120 "https://stf-int.ru/kontakty" "Mozilla/5.0 (Windows NT 10.0; Win64; x64) AppleWebKit/537.36 (KHTML, like Gecko) Chrome/131.0.0.0 Safari/537.36 Avast/131.0.0.0"
94.154.35.236 - - [13/Apr/2026:15:10:10 +0300] "HEAD /%D0%90%D1%80%D1%85%D0%B8%D0%B2.tar HTTP/1.1" 301 0 "-" "Mozilla/5.0 (Windows NT 10.0; Win64; x64) AppleWebKit/537.36 (KHTML, like Gecko) Chrome/101.0.4951.67 Safari/537.36"
94.154.35.236 - - [13/Apr/2026:15:10:10 +0300] "HEAD /%D0%90%D1%80%D1%85%D0%B8%D0%B2.tar HTTP/1.0" 404 356 "-" "Mozilla/5.0 (Windows NT 10.0; Win64; x64) AppleWebKit/537.36 (KHTML, like Gecko) Chrome/101.0.4951.67 Safari/537.36"
216.73.216.188 - - [13/Apr/2026:15:17:49 +0300] "GET /robots.txt HTTP/1.0" 200 697 "-" "Mozilla/5.0 AppleWebKit/537.36 (KHTML, like Gecko; compatible; ClaudeBot/1.0; +claudebot@anthropic.com)"
216.73.216.188 - - [13/Apr/2026:15:17:49 +0300] "GET /sitemap.xml HTTP/1.0" 404 1854 "-" "Mozilla/5.0 AppleWebKit/537.36 (KHTML, like Gecko; compatible; ClaudeBot/1.0; +claudebot@anthropic.com)"
204.76.203.25 - - [13/Apr/2026:15:37:12 +0300] "GET /.env HTTP/1.0" 404 1847 "-" "Mozilla/5.0 (Windows NT 10.0; Win64; x64) AppleWebKit/537.36 (KHTML, like Gecko) Chrome/134.0.0.0 Safari/537.3"
47.128.29.209 - - [13/Apr/2026:15:49:33 +0300] "GET /rekomendatsii HTTP/1.0" 200 9340 "-" "Mozilla/5.0 (Linux; Android 5.0) AppleWebKit/537.36 (KHTML, like Gecko) Mobile Safari/537.36 (compatible; Bytespider; spider-feedback@bytedance.com)"
47.128.29.209 - - [13/Apr/2026:15:49:35 +0300] "GET /templates/shaper_helix3/css/font-awesome.min.css HTTP/1.1" 200 29063 "https://stf-int.ru/rekomendatsii" "Mozilla/5.0 (Linux; Android 5.0) AppleWebKit/537.36 (KHTML, like Gecko) Mobile Safari/537.36 (compatible; Bytespider; spider-feedback@bytedance.com)"
47.128.29.209 - - [13/Apr/2026:15:49:36 +0300] "GET /templates/shaper_helix3/css/template.css HTTP/1.1" 200 74141 "https://stf-int.ru/rekomendatsii" "Mozilla/5.0 (Linux; Android 5.0) AppleWebKit/537.36 (KHTML, like Gecko) Mobile Safari/537.36 (compatible; Bytespider; spider-feedback@bytedance.com)"
47.128.29.209 - - [13/Apr/2026:15:49:37 +0300] "GET /templates/shaper_helix3/css/bootstrap.min.css HTTP/1.1" 200 121200 "https://stf-int.ru/rekomendatsii" "Mozilla/5.0 (Linux; Android 5.0) AppleWebKit/537.36 (KHTML, like Gecko) Mobile Safari/537.36 (compatible; Bytespider; spider-feedback@bytedance.com)"
94.154.35.236 - - [13/Apr/2026:15:55:41 +0300] "HEAD /%D0%90%D1%80%D1%85%D0%B8%D0%B2.tar.bz2 HTTP/1.1" 301 0 "-" "Mozilla/5.0 (Windows NT 10.0; Win64; x64) AppleWebKit/537.36 (KHTML, like Gecko) Chrome/101.0.4951.67 Safari/537.36"
94.154.35.236 - - [13/Apr/2026:15:55:41 +0300] "HEAD /%D0%90%D1%80%D1%85%D0%B8%D0%B2.tar.bz2 HTTP/1.0" 404 356 "-" "Mozilla/5.0 (Windows NT 10.0; Win64; x64) AppleWebKit/537.36 (KHTML, like Gecko) Chrome/101.0.4951.67 Safari/537.36"
165.245.238.7 - - [13/Apr/2026:15:59:25 +0300] "GET / HTTP/1.1" 301 196 "-" "Mozilla/5.0 (X11; Linux x86_64) AppleWebKit/537.36 (KHTML, like Gecko) Chrome/142.0.0.0 Safari/537.36"
165.245.238.7 - - [13/Apr/2026:15:59:25 +0300] "GET /favicon.ico HTTP/1.1" 301 196 "http://stf-int.ru/" "Mozilla/5.0 (X11; Linux x86_64) AppleWebKit/537.36 (KHTML, like Gecko) Chrome/142.0.0.0 Safari/537.36"
165.245.238.7 - - [13/Apr/2026:15:59:26 +0300] "GET / HTTP/1.0" 200 6565 "-" "Mozilla/5.0 (X11; Linux x86_64) AppleWebKit/537.36 (KHTML, like Gecko) Chrome/142.0.0.0 Safari/537.36"
165.245.238.7 - - [13/Apr/2026:15:59:30 +0300] "GET /images/1480894327.ico HTTP/1.0" 200 1046 "https://stf-int.ru/" "Mozilla/5.0 (X11; Linux x86_64) AppleWebKit/537.36 (KHTML, like Gecko) Chrome/142.0.0.0 Safari/537.36"
198.211.98.198 - - [13/Apr/2026:16:17:58 +0300] "GET /.git/config HTTP/1.1" 301 196 "-" "Mozilla/5.0 (X11; Linux x86_64) AppleWebKit/537.36 (KHTML, like Gecko) Chrome/81.0.4044.129 Safari/537.36"
198.211.98.198 - - [13/Apr/2026:16:18:02 +0300] "GET /.git/config HTTP/1.0" 404 1854 "-" "Mozilla/5.0 (X11; Linux x86_64) AppleWebKit/537.36 (KHTML, like Gecko) Chrome/81.0.4044.129 Safari/537.36"
123.16.139.249 - - [13/Apr/2026:16:38:56 +0300] "GET /produktsiya/standartnyj-instrument HTTP/1.0" 200 6032 "-" "Mozilla/5.0 (Macintosh; Intel Mac OS X 10_7_0; rv:1.9.4.20) Gecko/5095-12-26 22:36:00.454163 Firefox/3.6.20"
94.154.35.236 - - [13/Apr/2026:16:41:02 +0300] "HEAD /%D0%90%D1%80%D1%85%D0%B8%D0%B2.gz HTTP/1.1" 301 0 "-" "Mozilla/5.0 (Windows NT 10.0; Win64; x64) AppleWebKit/537.36 (KHTML, like Gecko) Chrome/101.0.4951.67 Safari/537.36"
94.154.35.236 - - [13/Apr/2026:16:41:02 +0300] "HEAD /%D0%90%D1%80%D1%85%D0%B8%D0%B2.gz HTTP/1.0" 404 356 "-" "Mozilla/5.0 (Windows NT 10.0; Win64; x64) AppleWebKit/537.36 (KHTML, like Gecko) Chrome/101.0.4951.67 Safari/537.36"
204.168.251.246 - - [13/Apr/2026:16:57:02 +0300] "GET / HTTP/1.1" 301 196 "-" "Mozilla/5.0 (Windows NT 10.0; Win64; x64) AppleWebKit/537.36"
204.168.251.246 - - [13/Apr/2026:16:57:02 +0300] "GET / HTTP/1.0" 200 6565 "http://stf-int.ru" "Mozilla/5.0 (Windows NT 10.0; Win64; x64) AppleWebKit/537.36"
14.233.247.220 - - [13/Apr/2026:17:05:56 +0300] "GET /produktsiya HTTP/1.0" 200 5100 "-" "Opera/9.97.(X11; Linux x86_64; mi-NZ) Presto/2.9.176 Version/11.00"
45.173.96.108 - - [13/Apr/2026:17:12:41 +0300] "GET / HTTP/1.0" 200 6565 "-" "Mozilla/5.0 (compatible; MSIE 5.0; Windows 95; Trident/3.0)"
94.154.35.236 - - [13/Apr/2026:17:26:23 +0300] "HEAD /%D0%90%D1%80%D1%85%D0%B8%D0%B2.7z HTTP/1.1" 301 0 "-" "Mozilla/5.0 (Windows NT 10.0; Win64; x64) AppleWebKit/537.36 (KHTML, like Gecko) Chrome/101.0.4951.67 Safari/537.36"
94.154.35.236 - - [13/Apr/2026:17:26:24 +0300] "HEAD /%D0%90%D1%80%D1%85%D0%B8%D0%B2.7z HTTP/1.0" 404 356 "-" "Mozilla/5.0 (Windows NT 10.0; Win64; x64) AppleWebKit/537.36 (KHTML, like Gecko) Chrome/101.0.4951.67 Safari/537.36"
168.195.147.94 - - [13/Apr/2026:17:39:33 +0300] "GET / HTTP/1.0" 200 6565 "-" "Mozilla/5.0 (iPhone; CPU iPhone OS 17_2_1 like Mac OS X) AppleWebKit/534.1 (KHTML, like Gecko) CriOS/15.0.891.0 Mobile/52L209 Safari/534.1"
78.173.47.21 - - [13/Apr/2026:17:43:38 +0300] "GET / HTTP/1.0" 200 6565 "-" "Mozilla/5.0 (X11; Linux x86_64) AppleWebKit/535.1 (KHTML, like Gecko) Chrome/15.0.861.0 Safari/535.1"
38.191.122.83 - - [13/Apr/2026:18:05:58 +0300] "GET /admin.php?ac=change_about_path&api=&path=&t=4d0974e7967a86115563d9f2fc1e251f&s=2 HTTP/1.0" 404 1852 "-" "Mozilla/5.0 (Windows NT 10.0; Win64; x64) AppleWebKit/537.36 (KHTML, like Gecko) Chrome/136.0.0.0 Safari/537.36 Edg/136.0.0.0"
76.34.180.66 - - [13/Apr/2026:18:09:48 +0300] "GET /admin.php?ac=change_about_path&api=&path=&t=4d0974e7967a86115563d9f2fc1e251f&s=1 HTTP/1.0" 404 1852 "-" "Mozilla/5.0 (Windows NT 10.0; Win64; x64) AppleWebKit/537.36 (KHTML, like Gecko) Chrome/136.0.0.0 Safari/537.36 Edg/136.0.0.0"
94.154.35.236 - - [13/Apr/2026:18:11:28 +0300] "HEAD /site.tar.gz HTTP/1.1" 301 0 "-" "Mozilla/5.0 (Windows NT 10.0; Win64; x64) AppleWebKit/537.36 (KHTML, like Gecko) Chrome/101.0.4951.67 Safari/537.36"
94.154.35.236 - - [13/Apr/2026:18:11:29 +0300] "HEAD /site.tar.gz HTTP/1.0" 404 356 "-" "Mozilla/5.0 (Windows NT 10.0; Win64; x64) AppleWebKit/537.36 (KHTML, like Gecko) Chrome/101.0.4951.67 Safari/537.36"
75.209.18.138 - - [13/Apr/2026:18:12:17 +0300] "GET /admin.php?ac=change_about_path&api=&path=&t=4d0974e7967a86115563d9f2fc1e251f&s=3 HTTP/1.0" 404 1852 "-" "Mozilla/5.0 (Windows NT 10.0; Win64; x64) AppleWebKit/537.36 (KHTML, like Gecko) Chrome/136.0.0.0 Safari/537.36 Edg/136.0.0.0"
84.233.216.173 - - [13/Apr/2026:18:18:03 +0300] "GET /kontakty/ HTTP/1.0" 301 185 "http://stf-int.ru/kontakty/" "Mozilla/5.0 (Windows NT 10.0; Win64; x64) AppleWebKit/537.36 (KHTML, like Gecko) Chrome/131.0.0.0 Safari/537.36"
84.233.216.239 - - [13/Apr/2026:18:18:04 +0300] "GET /kontakty/ HTTP/1.0" 200 17219 "https://stf-int.ru/kontakty/" "Mozilla/5.0 (Windows NT 10.0; Win64; x64) AppleWebKit/537.36 (KHTML, like Gecko) Chrome/131.0.0.0 Safari/537.36"
84.233.216.173 - - [13/Apr/2026:18:18:05 +0300] "GET /kontakty HTTP/1.0" 200 17120 "https://stf-int.ru/kontakty" "Mozilla/5.0 (Windows NT 10.0; Win64; x64) AppleWebKit/537.36 (KHTML, like Gecko) Chrome/131.0.0.0 Safari/537.36"
104.245.102.10 - - [13/Apr/2026:18:18:36 +0300] "GET /admin.php?ac=change_about_path&api=&path=&t=4d0974e7967a86115563d9f2fc1e251f&s=1 HTTP/1.0" 404 1852 "-" "Mozilla/5.0 (Windows NT 10.0; Win64; x64) AppleWebKit/537.36 (KHTML, like Gecko) Chrome/136.0.0.0 Safari/537.36 Edg/136.0.0.0"
104.245.102.10 - - [13/Apr/2026:18:26:13 +0300] "GET /admin.php?ac=u_h_s_1&api=&path=/var/www/rustam/data/www/chelny-int.ru&t=4d0974e7967a86115563d9f2fc1e251f&s=1 HTTP/1.0" 404 1852 "-" "Mozilla/5.0 (Windows NT 10.0; Win64; x64) AppleWebKit/537.36 (KHTML, like Gecko) Chrome/136.0.0.0 Safari/537.36 Edg/136.0.0.0"
99.102.174.95 - - [13/Apr/2026:18:27:47 +0300] "GET //index.php?params HTTP/1.0" 404 1853 "-" "Mozilla/5.0 (compatible; Googlebot/2.1; +http://www.google.com/bot.html; (greenwich&lewisham))"
137.103.186.204 - - [13/Apr/2026:18:28:00 +0300] "GET /admin.php?ac=p&api=&path=&t=4d0974e7967a86115563d9f2fc1e251f HTTP/1.0" 404 1852 "-" "Mozilla/5.0 (Windows NT 10.0; Win64; x64) AppleWebKit/537.36 (KHTML, like Gecko) Chrome/136.0.0.0 Safari/537.36 Edg/136.0.0.0"
99.119.64.56 - - [13/Apr/2026:18:28:05 +0300] "GET /administrator/components/com_admin/controllers/index.php?520 HTTP/1.0" 404 1899 "-" "Mozilla/5.0 (Windows NT 10.0; Win64; x64) AppleWebKit/537.36 (KHTML, like Gecko) Chrome/136.0.0.0 Safari/537.36 Edg/136.0.0.0"
185.196.0.21 - - [13/Apr/2026:18:28:07 +0300] "POST /administrator/components/com_admin/controllers/index.php?520 HTTP/1.0" 404 1899 "-" "Mozilla/5.0 (Windows NT 10.0; Win64; x64) AppleWebKit/537.36 (KHTML, like Gecko) Chrome/136.0.0.0 Safari/537.36 Edg/136.0.0.0"
24.62.167.44 - - [13/Apr/2026:18:28:09 +0300] "GET /administrator/components/com_admin/controllers/index.php?ac=p&api=&path=&t=4d0974e7967a86115563d9f2fc1e251f HTTP/1.0" 404 1899 "-" "Mozilla/5.0 (Windows NT 10.0; Win64; x64) AppleWebKit/537.36 (KHTML, like Gecko) Chrome/136.0.0.0 Safari/537.36 Edg/136.0.0.0"
216.73.216.188 - - [13/Apr/2026:18:28:19 +0300] "GET /robots.txt HTTP/1.0" 200 697 "-" "Mozilla/5.0 AppleWebKit/537.36 (KHTML, like Gecko; compatible; ClaudeBot/1.0; +claudebot@anthropic.com)"
216.73.216.188 - - [13/Apr/2026:18:28:19 +0300] "GET /sitemap.xml HTTP/1.0" 404 1854 "-" "Mozilla/5.0 AppleWebKit/537.36 (KHTML, like Gecko; compatible; ClaudeBot/1.0; +claudebot@anthropic.com)"
24.56.58.156 - - [13/Apr/2026:18:28:25 +0300] "GET /components/com_banners/models/index.php?520 HTTP/1.0" 404 1882 "-" "Mozilla/5.0 (Windows NT 10.0; Win64; x64) AppleWebKit/537.36 (KHTML, like Gecko) Chrome/136.0.0.0 Safari/537.36 Edg/136.0.0.0"
67.60.224.51 - - [13/Apr/2026:18:28:27 +0300] "POST /components/com_banners/models/index.php?520 HTTP/1.0" 404 1882 "-" "Mozilla/5.0 (Windows NT 10.0; Win64; x64) AppleWebKit/537.36 (KHTML, like Gecko) Chrome/136.0.0.0 Safari/537.36 Edg/136.0.0.0"
84.239.7.5 - - [13/Apr/2026:18:28:29 +0300] "GET /components/com_banners/models/index.php?ac=p&api=&path=&t=4d0974e7967a86115563d9f2fc1e251f HTTP/1.0" 404 1882 "-" "Mozilla/5.0 (Windows NT 10.0; Win64; x64) AppleWebKit/537.36 (KHTML, like Gecko) Chrome/136.0.0.0 Safari/537.36 Edg/136.0.0.0"
67.147.191.173 - - [13/Apr/2026:18:47:48 +0300] "GET /produktsiya/profilnyj-instrument HTTP/1.0" 200 5109 "-" "Mozilla/5.0 (compatible; MSIE 9.0; Windows NT 5.2; Trident/4.0)"
94.154.35.236 - - [13/Apr/2026:18:56:23 +0300] "HEAD /site.zip HTTP/1.1" 301 0 "-" "Mozilla/5.0 (Windows NT 10.0; Win64; x64) AppleWebKit/537.36 (KHTML, like Gecko) Chrome/101.0.4951.67 Safari/537.36"
94.154.35.236 - - [13/Apr/2026:18:56:23 +0300] "HEAD /site.zip HTTP/1.0" 404 356 "-" "Mozilla/5.0 (Windows NT 10.0; Win64; x64) AppleWebKit/537.36 (KHTML, like Gecko) Chrome/101.0.4951.67 Safari/537.36"
94.154.35.236 - - [13/Apr/2026:19:41:23 +0300] "HEAD /site.rar HTTP/1.1" 301 0 "-" "Mozilla/5.0 (Windows NT 10.0; Win64; x64) AppleWebKit/537.36 (KHTML, like Gecko) Chrome/101.0.4951.67 Safari/537.36"
94.154.35.236 - - [13/Apr/2026:19:41:24 +0300] "HEAD /site.rar HTTP/1.0" 404 356 "-" "Mozilla/5.0 (Windows NT 10.0; Win64; x64) AppleWebKit/537.36 (KHTML, like Gecko) Chrome/101.0.4951.67 Safari/537.36"
89.41.181.51 - - [13/Apr/2026:19:49:27 +0300] "GET /sertifikaty-i-nagrady HTTP/1.0" 200 17503 "https://www.stf-int.ru/sertifikaty-i-nagrady" "Mozilla/5.0 (Windows NT 10.0; Win64; x64) AppleWebKit/537.36 (KHTML, like Gecko) Chrome/130.0.0.0 Safari/537.36 CCleaner/130.0.0.0"
94.154.35.236 - - [13/Apr/2026:20:23:04 +0300] "HEAD /site.tar HTTP/1.1" 301 0 "-" "Mozilla/5.0 (Windows NT 10.0; Win64; x64) AppleWebKit/537.36 (KHTML, like Gecko) Chrome/101.0.4951.67 Safari/537.36"
94.154.35.236 - - [13/Apr/2026:20:23:04 +0300] "HEAD /site.tar HTTP/1.0" 404 356 "-" "Mozilla/5.0 (Windows NT 10.0; Win64; x64) AppleWebKit/537.36 (KHTML, like Gecko) Chrome/101.0.4951.67 Safari/537.36"
66.249.78.40 - - [13/Apr/2026:20:28:55 +0300] "GET /robots.txt HTTP/1.1" 301 196 "-" "Mozilla/5.0 (compatible; Googlebot/2.1; +http://www.google.com/bot.html)"
66.249.78.37 - - [13/Apr/2026:20:28:55 +0300] "GET /robots.txt HTTP/1.0" 200 697 "-" "Mozilla/5.0 (compatible; Googlebot/2.1; +http://www.google.com/bot.html)"
157.55.39.225 - - [13/Apr/2026:20:38:41 +0300] "GET /robots.txt HTTP/1.0" 200 697 "-" "Mozilla/5.0 AppleWebKit/537.36 (KHTML, like Gecko; compatible; bingbot/2.0; +http://www.bing.com/bingbot.htm) Chrome/116.0.1938.76 Safari/537.36"
40.77.167.35 - - [13/Apr/2026:20:38:44 +0300] "GET / HTTP/1.0" 200 6567 "-" "Mozilla/5.0 AppleWebKit/537.36 (KHTML, like Gecko; compatible; bingbot/2.0; +http://www.bing.com/bingbot.htm) Chrome/116.0.1938.76 Safari/537.36"
40.77.167.35 - - [13/Apr/2026:20:38:53 +0300] "GET /templates/shaper_helix3/js/main.js HTTP/1.1" 200 8742 "https://www.stf-int.ru/" "Mozilla/5.0 AppleWebKit/537.36 (KHTML, like Gecko; compatible; bingbot/2.0; +http://www.bing.com/bingbot.htm) Chrome/136.0.0.0 Safari/537.36 AppleWebKit/537.36 (KHTML, like Gecko; compatible; bingbot/2.0; +http://www.bing.com/bingbot.htm) Chrome/116.0.1938.76 Safari/537.36"
40.77.167.35 - - [13/Apr/2026:20:38:54 +0300] "GET /media/jui/js/jquery-migrate.min.js HTTP/1.1" 200 10056 "https://www.stf-int.ru/" "Mozilla/5.0 AppleWebKit/537.36 (KHTML, like Gecko; compatible; bingbot/2.0; +http://www.bing.com/bingbot.htm) Chrome/136.0.0.0 Safari/537.36 AppleWebKit/537.36 (KHTML, like Gecko; compatible; bingbot/2.0; +http://www.bing.com/bingbot.htm) Chrome/116.0.1938.76 Safari/537.36"
40.77.167.35 - - [13/Apr/2026:20:38:54 +0300] "GET /media/jui/js/jquery.min.js HTTP/1.1" 200 97163 "https://www.stf-int.ru/" "Mozilla/5.0 AppleWebKit/537.36 (KHTML, like Gecko; compatible; bingbot/2.0; +http://www.bing.com/bingbot.htm) Chrome/136.0.0.0 Safari/537.36 AppleWebKit/537.36 (KHTML, like Gecko; compatible; bingbot/2.0; +http://www.bing.com/bingbot.htm) Chrome/116.0.1938.76 Safari/537.36"
40.77.167.35 - - [13/Apr/2026:20:38:54 +0300] "GET /media/system/js/core.js HTTP/1.1" 200 5699 "https://www.stf-int.ru/" "Mozilla/5.0 AppleWebKit/537.36 (KHTML, like Gecko; compatible; bingbot/2.0; +http://www.bing.com/bingbot.htm) Chrome/136.0.0.0 Safari/537.36 AppleWebKit/537.36 (KHTML, like Gecko; compatible; bingbot/2.0; +http://www.bing.com/bingbot.htm) Chrome/116.0.1938.76 Safari/537.36"
40.77.167.35 - - [13/Apr/2026:20:38:55 +0300] "GET /templates/shaper_helix3/css/font-awesome.min.css HTTP/1.1" 200 29063 "https://www.stf-int.ru/" "Mozilla/5.0 AppleWebKit/537.36 (KHTML, like Gecko; compatible; bingbot/2.0; +http://www.bing.com/bingbot.htm) Chrome/136.0.0.0 Safari/537.36 AppleWebKit/537.36 (KHTML, like Gecko; compatible; bingbot/2.0; +http://www.bing.com/bingbot.htm) Chrome/116.0.1938.76 Safari/537.36"
52.167.144.232 - - [13/Apr/2026:20:38:58 +0300] "GET /templates/shaper_helix3/css/bootstrap.min.css HTTP/1.1" 200 121200 "https://www.stf-int.ru/" "Mozilla/5.0 AppleWebKit/537.36 (KHTML, like Gecko; compatible; bingbot/2.0; +http://www.bing.com/bingbot.htm) Chrome/136.0.0.0 Safari/537.36 AppleWebKit/537.36 (KHTML, like Gecko; compatible; bingbot/2.0; +http://www.bing.com/bingbot.htm) Chrome/116.0.1938.76 Safari/537.36"
52.167.144.189 - - [13/Apr/2026:20:39:07 +0300] "GET /templates/shaper_helix3/js/bootstrap.min.js HTTP/1.1" 200 37045 "https://www.stf-int.ru/" "Mozilla/5.0 AppleWebKit/537.36 (KHTML, like Gecko; compatible; bingbot/2.0; +http://www.bing.com/bingbot.htm) Chrome/136.0.0.0 Safari/537.36 AppleWebKit/537.36 (KHTML, like Gecko; compatible; bingbot/2.0; +http://www.bing.com/bingbot.htm) Chrome/116.0.1938.76 Safari/537.36"
52.167.144.189 - - [13/Apr/2026:20:39:07 +0300] "GET /templates/shaper_helix3/css/template.css HTTP/1.1" 200 74141 "https://www.stf-int.ru/" "Mozilla/5.0 AppleWebKit/537.36 (KHTML, like Gecko; compatible; bingbot/2.0; +http://www.bing.com/bingbot.htm) Chrome/136.0.0.0 Safari/537.36 AppleWebKit/537.36 (KHTML, like Gecko; compatible; bingbot/2.0; +http://www.bing.com/bingbot.htm) Chrome/116.0.1938.76 Safari/537.36"
52.167.144.189 - - [13/Apr/2026:20:39:08 +0300] "GET /templates/shaper_helix3/css/legacy.css HTTP/1.1" 200 27509 "https://www.stf-int.ru/" "Mozilla/5.0 AppleWebKit/537.36 (KHTML, like Gecko; compatible; bingbot/2.0; +http://www.bing.com/bingbot.htm) Chrome/136.0.0.0 Safari/537.36 AppleWebKit/537.36 (KHTML, like Gecko; compatible; bingbot/2.0; +http://www.bing.com/bingbot.htm) Chrome/116.0.1938.76 Safari/537.36"
52.167.144.189 - - [13/Apr/2026:20:39:08 +0300] "GET /templates/shaper_helix3/js/jquery.sticky.js HTTP/1.1" 200 5739 "https://www.stf-int.ru/" "Mozilla/5.0 AppleWebKit/537.36 (KHTML, like Gecko; compatible; bingbot/2.0; +http://www.bing.com/bingbot.htm) Chrome/136.0.0.0 Safari/537.36 AppleWebKit/537.36 (KHTML, like Gecko; compatible; bingbot/2.0; +http://www.bing.com/bingbot.htm) Chrome/116.0.1938.76 Safari/537.36"
52.167.144.189 - - [13/Apr/2026:20:39:08 +0300] "GET /media/jui/js/jquery-noconflict.js HTTP/1.1" 200 21 "https://www.stf-int.ru/" "Mozilla/5.0 AppleWebKit/537.36 (KHTML, like Gecko; compatible; bingbot/2.0; +http://www.bing.com/bingbot.htm) Chrome/136.0.0.0 Safari/537.36 AppleWebKit/537.36 (KHTML, like Gecko; compatible; bingbot/2.0; +http://www.bing.com/bingbot.htm) Chrome/116.0.1938.76 Safari/537.36"
52.167.144.189 - - [13/Apr/2026:20:39:09 +0300] "GET /templates/shaper_helix3/css/presets/preset3.css HTTP/1.1" 200 2159 "https://www.stf-int.ru/" "Mozilla/5.0 AppleWebKit/537.36 (KHTML, like Gecko; compatible; bingbot/2.0; +http://www.bing.com/bingbot.htm) Chrome/136.0.0.0 Safari/537.36 AppleWebKit/537.36 (KHTML, like Gecko; compatible; bingbot/2.0; +http://www.bing.com/bingbot.htm) Chrome/116.0.1938.76 Safari/537.36"
47.128.29.176 - - [13/Apr/2026:20:47:57 +0300] "GET /robots.txt HTTP/1.0" 200 697 "-" "Mozilla/5.0 (Linux; Android 5.0) AppleWebKit/537.36 (KHTML, like Gecko) Mobile Safari/537.36 (compatible; Bytespider; spider-feedback@bytedance.com)"
47.128.29.160 - - [13/Apr/2026:20:49:00 +0300] "GET /robots.txt HTTP/1.0" 200 697 "-" "Mozilla/5.0 (Linux; Android 5.0) AppleWebKit/537.36 (KHTML, like Gecko) Mobile Safari/537.36 (compatible; Bytespider; spider-feedback@bytedance.com)"
94.154.35.236 - - [13/Apr/2026:20:50:57 +0300] "HEAD /site.tar.bz2 HTTP/1.1" 301 0 "-" "Mozilla/5.0 (Windows NT 10.0; Win64; x64) AppleWebKit/537.36 (KHTML, like Gecko) Chrome/101.0.4951.67 Safari/537.36"
94.154.35.236 - - [13/Apr/2026:20:50:58 +0300] "HEAD /site.tar.bz2 HTTP/1.0" 404 356 "-" "Mozilla/5.0 (Windows NT 10.0; Win64; x64) AppleWebKit/537.36 (KHTML, like Gecko) Chrome/101.0.4951.67 Safari/537.36"
40.77.177.179 - - [13/Apr/2026:20:54:51 +0300] "GET /templates/shaper_helix3/fonts/fontawesome-webfont.woff2?v=4.6.3 HTTP/1.0" 200 72123 "https://www.stf-int.ru/templates/shaper_helix3/css/font-awesome.min.css" "Mozilla/5.0 AppleWebKit/537.36 (KHTML, like Gecko; compatible; bingbot/2.0; +http://www.bing.com/bingbot.htm) Chrome/136.0.0.0 Safari/537.36"
66.249.64.75 - - [13/Apr/2026:20:59:50 +0300] "GET /reserve/tool/ HTTP/1.0" 404 1856 "-" "Mozilla/5.0 (Linux; Android 6.0.1; Nexus 5X Build/MMB29P) AppleWebKit/537.36 (KHTML, like Gecko) Chrome/146.0.7680.177 Mobile Safari/537.36 (compatible; GoogleOther)"
94.154.35.236 - - [13/Apr/2026:21:18:20 +0300] "HEAD /site.gz HTTP/1.1" 301 0 "-" "Mozilla/5.0 (Windows NT 10.0; Win64; x64) AppleWebKit/537.36 (KHTML, like Gecko) Chrome/101.0.4951.67 Safari/537.36"
94.154.35.236 - - [13/Apr/2026:21:18:21 +0300] "HEAD /site.gz HTTP/1.0" 404 356 "-" "Mozilla/5.0 (Windows NT 10.0; Win64; x64) AppleWebKit/537.36 (KHTML, like Gecko) Chrome/101.0.4951.67 Safari/537.36"
198.211.98.198 - - [13/Apr/2026:21:19:44 +0300] "GET /.git/config HTTP/1.1" 301 196 "-" "Mozilla/5.0 (X11; Linux x86_64) AppleWebKit/537.36 (KHTML, like Gecko) Chrome/81.0.4044.129 Safari/537.36"
198.211.98.198 - - [13/Apr/2026:21:19:47 +0300] "GET /.git/config HTTP/1.0" 404 1854 "-" "Mozilla/5.0 (X11; Linux x86_64) AppleWebKit/537.36 (KHTML, like Gecko) Chrome/81.0.4044.129 Safari/537.36"
51.83.6.238 - - [13/Apr/2026:21:24:18 +0300] "GET /robots.txt HTTP/1.0" 200 1114 "-" "Mozilla/5.0 (compatible; MJ12bot/v1.4.8; http://mj12bot.com/)"
51.83.6.238 - - [13/Apr/2026:21:24:20 +0300] "GET / HTTP/1.0" 200 6567 "-" "Mozilla/5.0 (compatible; MJ12bot/v1.4.8; http://mj12bot.com/)"
216.73.216.188 - - [13/Apr/2026:21:25:22 +0300] "GET /robots.txt HTTP/1.0" 200 697 "-" "Mozilla/5.0 AppleWebKit/537.36 (KHTML, like Gecko; compatible; ClaudeBot/1.0; +claudebot@anthropic.com)"
216.73.216.188 - - [13/Apr/2026:21:25:22 +0300] "GET /sitemap.xml HTTP/1.0" 404 1854 "-" "Mozilla/5.0 AppleWebKit/537.36 (KHTML, like Gecko; compatible; ClaudeBot/1.0; +claudebot@anthropic.com)"
94.154.35.236 - - [13/Apr/2026:21:45:27 +0300] "HEAD /site.7z HTTP/1.1" 301 0 "-" "Mozilla/5.0 (Windows NT 10.0; Win64; x64) AppleWebKit/537.36 (KHTML, like Gecko) Chrome/101.0.4951.67 Safari/537.36"
94.154.35.236 - - [13/Apr/2026:21:45:28 +0300] "HEAD /site.7z HTTP/1.0" 404 356 "-" "Mozilla/5.0 (Windows NT 10.0; Win64; x64) AppleWebKit/537.36 (KHTML, like Gecko) Chrome/101.0.4951.67 Safari/537.36"
94.154.35.236 - - [13/Apr/2026:22:13:59 +0300] "HEAD /backup.tar.gz HTTP/1.1" 301 0 "-" "Mozilla/5.0 (Windows NT 10.0; Win64; x64) AppleWebKit/537.36 (KHTML, like Gecko) Chrome/101.0.4951.67 Safari/537.36"
94.154.35.236 - - [13/Apr/2026:22:13:59 +0300] "HEAD /backup.tar.gz HTTP/1.0" 404 356 "-" "Mozilla/5.0 (Windows NT 10.0; Win64; x64) AppleWebKit/537.36 (KHTML, like Gecko) Chrome/101.0.4951.67 Safari/537.36"
105.77.211.71 - - [13/Apr/2026:22:16:53 +0300] "GET /rekomendatsii HTTP/1.0" 200 9340 "-" "Mozilla/5.0 (Macintosh; Intel Mac OS X 10_7_3) AppleWebKit/534.1 (KHTML, like Gecko) Chrome/31.0.805.0 Safari/534.1"
85.255.232.144 - - [13/Apr/2026:22:24:56 +0300] "POST /xmlrpc.php HTTP/1.0" 404 1853 "-" "Mozilla/5.0 (Macintosh; Intel Mac OS X 10_15_7; arm64) AppleWebKit/537.36 (KHTML, like Gecko) Safari/11.0.0.0 Safari/537.36"
85.255.232.144 - - [13/Apr/2026:22:24:58 +0300] "POST /xmlrpc.php HTTP/1.0" 404 1853 "-" "Mozilla/5.0 (Windows NT 6.2; x64) AppleWebKit/537.36 (KHTML, like Gecko) Safari/12.0.0.0 Safari/537.36"
66.249.76.197 - - [13/Apr/2026:22:30:46 +0300] "GET /ads.txt HTTP/1.0" 404 1850 "-" "Mozilla/5.0 (compatible; Googlebot/2.1; +http://www.google.com/bot.html)"
94.154.35.236 - - [13/Apr/2026:22:42:13 +0300] "HEAD /backup.zip HTTP/1.1" 301 0 "-" "Mozilla/5.0 (Windows NT 10.0; Win64; x64) AppleWebKit/537.36 (KHTML, like Gecko) Chrome/101.0.4951.67 Safari/537.36"
94.154.35.236 - - [13/Apr/2026:22:42:14 +0300] "HEAD /backup.zip HTTP/1.0" 404 356 "-" "Mozilla/5.0 (Windows NT 10.0; Win64; x64) AppleWebKit/537.36 (KHTML, like Gecko) Chrome/101.0.4951.67 Safari/537.36"
94.154.35.236 - - [13/Apr/2026:23:10:47 +0300] "HEAD /backup.rar HTTP/1.1" 301 0 "-" "Mozilla/5.0 (Windows NT 10.0; Win64; x64) AppleWebKit/537.36 (KHTML, like Gecko) Chrome/101.0.4951.67 Safari/537.36"
94.154.35.236 - - [13/Apr/2026:23:10:48 +0300] "HEAD /backup.rar HTTP/1.0" 404 356 "-" "Mozilla/5.0 (Windows NT 10.0; Win64; x64) AppleWebKit/537.36 (KHTML, like Gecko) Chrome/101.0.4951.67 Safari/537.36"
94.154.35.236 - - [13/Apr/2026:23:37:11 +0300] "HEAD /backup.tar HTTP/1.1" 301 0 "-" "Mozilla/5.0 (Windows NT 10.0; Win64; x64) AppleWebKit/537.36 (KHTML, like Gecko) Chrome/101.0.4951.67 Safari/537.36"
94.154.35.236 - - [13/Apr/2026:23:37:12 +0300] "HEAD /backup.tar HTTP/1.0" 404 356 "-" "Mozilla/5.0 (Windows NT 10.0; Win64; x64) AppleWebKit/537.36 (KHTML, like Gecko) Chrome/101.0.4951.67 Safari/537.36"
104.196.168.19 - - [14/Apr/2026:00:03:47 +0300] "HEAD /wp/ HTTP/1.1" 301 0 "-" "Mozilla/5.0 (Linux; U; Android 10; en-US; CPH2015) AppleWebKit/537.36 (KHTML, like Gecko) UCBrowser/13.5.8.1311 Mobile Safari/537.36"
104.196.168.19 - - [14/Apr/2026:00:03:48 +0300] "HEAD /wp/ HTTP/1.0" 404 356 "http://stf-int.ru/wp/" "Mozilla/5.0 (Linux; U; Android 10; en-US; CPH2015) AppleWebKit/537.36 (KHTML, like Gecko) UCBrowser/13.5.8.1311 Mobile Safari/537.36"
104.196.168.19 - - [14/Apr/2026:00:03:48 +0300] "HEAD / HTTP/1.1" 301 0 "-" "Mozilla/5.0 (Linux; Android 11; moto g31) AppleWebKit/537.36 (KHTML, like Gecko) Chrome/122.0.6261.96 Mobile Safari/537.36"
94.154.35.236 - - [14/Apr/2026:00:03:48 +0300] "HEAD /backup.tar.bz2 HTTP/1.1" 301 0 "-" "Mozilla/5.0 (Windows NT 10.0; Win64; x64) AppleWebKit/537.36 (KHTML, like Gecko) Chrome/101.0.4951.67 Safari/537.36"
94.154.35.236 - - [14/Apr/2026:00:03:49 +0300] "HEAD /backup.tar.bz2 HTTP/1.0" 404 356 "-" "Mozilla/5.0 (Windows NT 10.0; Win64; x64) AppleWebKit/537.36 (KHTML, like Gecko) Chrome/101.0.4951.67 Safari/537.36"
104.196.168.19 - - [14/Apr/2026:00:03:48 +0300] "HEAD / HTTP/1.0" 200 484 "http://stf-int.ru/" "Mozilla/5.0 (Linux; Android 11; moto g31) AppleWebKit/537.36 (KHTML, like Gecko) Chrome/122.0.6261.96 Mobile Safari/537.36"
104.196.168.19 - - [14/Apr/2026:00:03:52 +0300] "HEAD /wordpress/ HTTP/1.1" 301 0 "-" "Mozilla/5.0 (Macintosh; Intel Mac OS X 13_5) AppleWebKit/605.1.15 (KHTML, like Gecko) Version/16.5 Safari/605.1.15"
104.196.168.19 - - [14/Apr/2026:00:03:52 +0300] "HEAD /wordpress/ HTTP/1.0" 404 356 "http://stf-int.ru/wordpress/" "Mozilla/5.0 (Macintosh; Intel Mac OS X 13_5) AppleWebKit/605.1.15 (KHTML, like Gecko) Version/16.5 Safari/605.1.15"
104.196.168.19 - - [14/Apr/2026:00:03:53 +0300] "HEAD /backup/ HTTP/1.1" 301 0 "-" "Mozilla/5.0 (Macintosh; Intel Mac OS X 14_5) AppleWebKit/605.1.15 (KHTML, like Gecko) Version/17.5 Safari/605.1.15"
104.196.168.19 - - [14/Apr/2026:00:03:53 +0300] "HEAD /backup/ HTTP/1.0" 404 356 "http://stf-int.ru/backup/" "Mozilla/5.0 (Macintosh; Intel Mac OS X 14_5) AppleWebKit/605.1.15 (KHTML, like Gecko) Version/17.5 Safari/605.1.15"
104.196.168.19 - - [14/Apr/2026:00:03:53 +0300] "HEAD /old/ HTTP/1.1" 301 0 "-" "Mozilla/5.0 (Linux; Android 14; RMX3842) AppleWebKit/537.36 (KHTML, like Gecko) Chrome/126.0.6478.44 Mobile Safari/537.36"
104.196.168.19 - - [14/Apr/2026:00:03:53 +0300] "HEAD /old/ HTTP/1.0" 404 356 "http://stf-int.ru/old/" "Mozilla/5.0 (Linux; Android 14; RMX3842) AppleWebKit/537.36 (KHTML, like Gecko) Chrome/126.0.6478.44 Mobile Safari/537.36"
104.196.168.19 - - [14/Apr/2026:00:03:54 +0300] "HEAD /blog/ HTTP/1.1" 301 0 "-" "Mozilla/5.0 (Linux; Android 11; moto g31) AppleWebKit/537.36 (KHTML, like Gecko) Chrome/122.0.6261.96 Mobile Safari/537.36"
104.196.168.19 - - [14/Apr/2026:00:03:54 +0300] "HEAD /blog/ HTTP/1.0" 404 356 "http://stf-int.ru/blog/" "Mozilla/5.0 (Linux; Android 11; moto g31) AppleWebKit/537.36 (KHTML, like Gecko) Chrome/122.0.6261.96 Mobile Safari/537.36"
104.196.168.19 - - [14/Apr/2026:00:03:54 +0300] "HEAD /new/ HTTP/1.1" 301 0 "-" "Mozilla/5.0 (iPhone; CPU iPhone OS 17_5 like Mac OS X) AppleWebKit/605.1.15 (KHTML, like Gecko) Version/17.5 Mobile/15E148 Safari/604.1"
