74.7.241.59 - - [14/Apr/2026:08:21:33 +0300] "GET /market/Z023687187200 HTTP/1.0" 404 2091 "https://mramoria.com/sitemap.xml" "Mozilla/5.0 AppleWebKit/537.36 (KHTML, like Gecko; compatible; GPTBot/1.3; +https://openai.com/gptbot)"
74.7.241.59 - - [14/Apr/2026:08:21:36 +0300] "GET /market/Z021802346631 HTTP/1.0" 404 2091 "https://mramoria.com/sitemap.xml" "Mozilla/5.0 AppleWebKit/537.36 (KHTML, like Gecko; compatible; GPTBot/1.3; +https://openai.com/gptbot)"
216.73.216.159 - - [14/Apr/2026:08:21:37 +0300] "GET /market/Z012198874801 HTTP/1.0" 404 2188 "-" "Mozilla/5.0 AppleWebKit/537.36 (KHTML, like Gecko; compatible; ClaudeBot/1.0; +claudebot@anthropic.com)"
74.7.241.59 - - [14/Apr/2026:08:21:40 +0300] "GET /market/Z022778668693 HTTP/1.0" 404 2091 "https://mramoria.com/sitemap.xml" "Mozilla/5.0 AppleWebKit/537.36 (KHTML, like Gecko; compatible; GPTBot/1.3; +https://openai.com/gptbot)"
74.7.241.59 - - [14/Apr/2026:08:21:43 +0300] "GET /market/Z022431544152 HTTP/1.0" 404 2091 "https://mramoria.com/sitemap.xml" "Mozilla/5.0 AppleWebKit/537.36 (KHTML, like Gecko; compatible; GPTBot/1.3; +https://openai.com/gptbot)"
74.7.241.59 - - [14/Apr/2026:08:21:46 +0300] "GET /market/Z023212150165 HTTP/1.0" 404 2091 "https://mramoria.com/sitemap.xml" "Mozilla/5.0 AppleWebKit/537.36 (KHTML, like Gecko; compatible; GPTBot/1.3; +https://openai.com/gptbot)"
74.7.241.59 - - [14/Apr/2026:08:21:50 +0300] "GET /market/Z022451227319 HTTP/1.0" 404 2091 "https://mramoria.com/sitemap.xml" "Mozilla/5.0 AppleWebKit/537.36 (KHTML, like Gecko; compatible; GPTBot/1.3; +https://openai.com/gptbot)"
216.73.216.159 - - [14/Apr/2026:08:21:50 +0300] "GET /market/Z011408507032 HTTP/1.0" 404 2091 "-" "Mozilla/5.0 AppleWebKit/537.36 (KHTML, like Gecko; compatible; ClaudeBot/1.0; +claudebot@anthropic.com)"
74.7.241.59 - - [14/Apr/2026:08:21:53 +0300] "GET /market/Z024117381741 HTTP/1.0" 404 2091 "https://mramoria.com/sitemap.xml" "Mozilla/5.0 AppleWebKit/537.36 (KHTML, like Gecko; compatible; GPTBot/1.3; +https://openai.com/gptbot)"
74.7.241.59 - - [14/Apr/2026:08:21:56 +0300] "GET /market/Z023016969802 HTTP/1.0" 404 2091 "https://mramoria.com/sitemap.xml" "Mozilla/5.0 AppleWebKit/537.36 (KHTML, like Gecko; compatible; GPTBot/1.3; +https://openai.com/gptbot)"
74.7.241.59 - - [14/Apr/2026:08:22:00 +0300] "GET /market/Z022435084380 HTTP/1.0" 404 2091 "https://mramoria.com/sitemap.xml" "Mozilla/5.0 AppleWebKit/537.36 (KHTML, like Gecko; compatible; GPTBot/1.3; +https://openai.com/gptbot)"
74.7.241.59 - - [14/Apr/2026:08:22:03 +0300] "GET /market/Z023870068762 HTTP/1.0" 404 2091 "https://mramoria.com/sitemap.xml" "Mozilla/5.0 AppleWebKit/537.36 (KHTML, like Gecko; compatible; GPTBot/1.3; +https://openai.com/gptbot)"
216.73.216.159 - - [14/Apr/2026:08:22:03 +0300] "GET /market/Z01235249062 HTTP/1.0" 404 2188 "-" "Mozilla/5.0 AppleWebKit/537.36 (KHTML, like Gecko; compatible; ClaudeBot/1.0; +claudebot@anthropic.com)"
74.7.241.59 - - [14/Apr/2026:08:22:06 +0300] "GET /market/Z021216824912 HTTP/1.0" 404 2091 "https://mramoria.com/sitemap.xml" "Mozilla/5.0 AppleWebKit/537.36 (KHTML, like Gecko; compatible; GPTBot/1.3; +https://openai.com/gptbot)"
74.7.241.59 - - [14/Apr/2026:08:22:10 +0300] "GET /market/Z022867050562 HTTP/1.0" 404 2091 "https://mramoria.com/sitemap.xml" "Mozilla/5.0 AppleWebKit/537.36 (KHTML, like Gecko; compatible; GPTBot/1.3; +https://openai.com/gptbot)"
74.7.241.59 - - [14/Apr/2026:08:22:13 +0300] "GET /market/Z023737989586 HTTP/1.0" 404 2091 "https://mramoria.com/sitemap.xml" "Mozilla/5.0 AppleWebKit/537.36 (KHTML, like Gecko; compatible; GPTBot/1.3; +https://openai.com/gptbot)"
216.73.216.159 - - [14/Apr/2026:08:22:16 +0300] "GET /market/Z001891843685 HTTP/1.0" 404 2091 "-" "Mozilla/5.0 AppleWebKit/537.36 (KHTML, like Gecko; compatible; ClaudeBot/1.0; +claudebot@anthropic.com)"
74.7.241.59 - - [14/Apr/2026:08:22:17 +0300] "GET /market/Z024169168983 HTTP/1.0" 404 2091 "https://mramoria.com/sitemap.xml" "Mozilla/5.0 AppleWebKit/537.36 (KHTML, like Gecko; compatible; GPTBot/1.3; +https://openai.com/gptbot)"
74.7.241.59 - - [14/Apr/2026:08:22:20 +0300] "GET /market/Z022473939650 HTTP/1.0" 404 2091 "https://mramoria.com/sitemap.xml" "Mozilla/5.0 AppleWebKit/537.36 (KHTML, like Gecko; compatible; GPTBot/1.3; +https://openai.com/gptbot)"
74.7.241.59 - - [14/Apr/2026:08:22:23 +0300] "GET /market/Z023169754699 HTTP/1.0" 404 2091 "https://mramoria.com/sitemap.xml" "Mozilla/5.0 AppleWebKit/537.36 (KHTML, like Gecko; compatible; GPTBot/1.3; +https://openai.com/gptbot)"
74.7.241.59 - - [14/Apr/2026:08:22:27 +0300] "GET /market/Z021878025938 HTTP/1.0" 404 2091 "https://mramoria.com/sitemap.xml" "Mozilla/5.0 AppleWebKit/537.36 (KHTML, like Gecko; compatible; GPTBot/1.3; +https://openai.com/gptbot)"
216.73.216.159 - - [14/Apr/2026:08:22:28 +0300] "GET /market/Z011435989970 HTTP/1.0" 404 2188 "-" "Mozilla/5.0 AppleWebKit/537.36 (KHTML, like Gecko; compatible; ClaudeBot/1.0; +claudebot@anthropic.com)"
74.7.241.59 - - [14/Apr/2026:08:22:30 +0300] "GET /market/Z023058431105 HTTP/1.0" 404 2091 "https://mramoria.com/sitemap.xml" "Mozilla/5.0 AppleWebKit/537.36 (KHTML, like Gecko; compatible; GPTBot/1.3; +https://openai.com/gptbot)"
74.7.241.59 - - [14/Apr/2026:08:22:34 +0300] "GET /market/Z023838620298 HTTP/1.0" 404 2091 "https://mramoria.com/sitemap.xml" "Mozilla/5.0 AppleWebKit/537.36 (KHTML, like Gecko; compatible; GPTBot/1.3; +https://openai.com/gptbot)"
74.7.241.59 - - [14/Apr/2026:08:22:37 +0300] "GET /market/Z022511975754 HTTP/1.0" 404 2091 "https://mramoria.com/sitemap.xml" "Mozilla/5.0 AppleWebKit/537.36 (KHTML, like Gecko; compatible; GPTBot/1.3; +https://openai.com/gptbot)"
216.73.216.159 - - [14/Apr/2026:08:22:40 +0300] "GET /market/Z012503118067 HTTP/1.0" 404 2091 "-" "Mozilla/5.0 AppleWebKit/537.36 (KHTML, like Gecko; compatible; ClaudeBot/1.0; +claudebot@anthropic.com)"
74.7.241.59 - - [14/Apr/2026:08:22:41 +0300] "GET /market/Z021835793979 HTTP/1.0" 404 2091 "https://mramoria.com/sitemap.xml" "Mozilla/5.0 AppleWebKit/537.36 (KHTML, like Gecko; compatible; GPTBot/1.3; +https://openai.com/gptbot)"
74.7.241.59 - - [14/Apr/2026:08:22:44 +0300] "GET /market/Z023967462469 HTTP/1.0" 404 2091 "https://mramoria.com/sitemap.xml" "Mozilla/5.0 AppleWebKit/537.36 (KHTML, like Gecko; compatible; GPTBot/1.3; +https://openai.com/gptbot)"
74.7.241.59 - - [14/Apr/2026:08:22:47 +0300] "GET /market/Z023020787934 HTTP/1.0" 404 2091 "https://mramoria.com/sitemap.xml" "Mozilla/5.0 AppleWebKit/537.36 (KHTML, like Gecko; compatible; GPTBot/1.3; +https://openai.com/gptbot)"
74.7.241.59 - - [14/Apr/2026:08:22:51 +0300] "GET /market/Z021686827214 HTTP/1.0" 404 2091 "https://mramoria.com/sitemap.xml" "Mozilla/5.0 AppleWebKit/537.36 (KHTML, like Gecko; compatible; GPTBot/1.3; +https://openai.com/gptbot)"
216.73.216.159 - - [14/Apr/2026:08:22:53 +0300] "GET /market/Z013637146130 HTTP/1.0" 404 2091 "-" "Mozilla/5.0 AppleWebKit/537.36 (KHTML, like Gecko; compatible; ClaudeBot/1.0; +claudebot@anthropic.com)"
74.7.241.59 - - [14/Apr/2026:08:22:54 +0300] "GET /market/Z023450261713 HTTP/1.0" 404 2091 "https://mramoria.com/sitemap.xml" "Mozilla/5.0 AppleWebKit/537.36 (KHTML, like Gecko; compatible; GPTBot/1.3; +https://openai.com/gptbot)"
74.7.241.59 - - [14/Apr/2026:08:22:57 +0300] "GET /market/Z023233840726 HTTP/1.0" 404 2091 "https://mramoria.com/sitemap.xml" "Mozilla/5.0 AppleWebKit/537.36 (KHTML, like Gecko; compatible; GPTBot/1.3; +https://openai.com/gptbot)"
74.7.241.59 - - [14/Apr/2026:08:23:01 +0300] "GET /market/Z021678698198 HTTP/1.0" 404 2091 "https://mramoria.com/sitemap.xml" "Mozilla/5.0 AppleWebKit/537.36 (KHTML, like Gecko; compatible; GPTBot/1.3; +https://openai.com/gptbot)"
216.73.216.159 - - [14/Apr/2026:08:23:01 +0300] "GET /market/Z011505976840 HTTP/1.0" 404 2188 "-" "Mozilla/5.0 AppleWebKit/537.36 (KHTML, like Gecko; compatible; ClaudeBot/1.0; +claudebot@anthropic.com)"
74.7.241.59 - - [14/Apr/2026:08:23:04 +0300] "GET /market/Z023522173565 HTTP/1.0" 404 2091 "https://mramoria.com/sitemap.xml" "Mozilla/5.0 AppleWebKit/537.36 (KHTML, like Gecko; compatible; GPTBot/1.3; +https://openai.com/gptbot)"
74.7.241.59 - - [14/Apr/2026:08:23:08 +0300] "GET /market/Z021976372120 HTTP/1.0" 404 2091 "https://mramoria.com/sitemap.xml" "Mozilla/5.0 AppleWebKit/537.36 (KHTML, like Gecko; compatible; GPTBot/1.3; +https://openai.com/gptbot)"
74.7.241.59 - - [14/Apr/2026:08:23:11 +0300] "GET /market/Z022358420201 HTTP/1.0" 404 2091 "https://mramoria.com/sitemap.xml" "Mozilla/5.0 AppleWebKit/537.36 (KHTML, like Gecko; compatible; GPTBot/1.3; +https://openai.com/gptbot)"
216.73.216.159 - - [14/Apr/2026:08:23:13 +0300] "GET /market/Z013130113502 HTTP/1.0" 404 2091 "-" "Mozilla/5.0 AppleWebKit/537.36 (KHTML, like Gecko; compatible; ClaudeBot/1.0; +claudebot@anthropic.com)"
74.7.241.59 - - [14/Apr/2026:08:23:15 +0300] "GET /market/Z021441470952 HTTP/1.0" 404 2091 "https://mramoria.com/sitemap.xml" "Mozilla/5.0 AppleWebKit/537.36 (KHTML, like Gecko; compatible; GPTBot/1.3; +https://openai.com/gptbot)"
74.7.241.59 - - [14/Apr/2026:08:23:18 +0300] "GET /market/Z023415602266 HTTP/1.0" 404 2091 "https://mramoria.com/sitemap.xml" "Mozilla/5.0 AppleWebKit/537.36 (KHTML, like Gecko; compatible; GPTBot/1.3; +https://openai.com/gptbot)"
66.249.76.129 - - [14/Apr/2026:08:23:19 +0300] "GET /market/Z014144706173 HTTP/1.0" 200 27614 "-" "Mozilla/5.0 (Linux; Android 6.0.1; Nexus 5X Build/MMB29P) AppleWebKit/537.36 (KHTML, like Gecko) Chrome/146.0.7680.177 Mobile Safari/537.36 (compatible; GoogleOther)"
74.7.241.59 - - [14/Apr/2026:08:23:22 +0300] "GET /market/Z022906298781 HTTP/1.0" 404 2091 "https://mramoria.com/sitemap.xml" "Mozilla/5.0 AppleWebKit/537.36 (KHTML, like Gecko; compatible; GPTBot/1.3; +https://openai.com/gptbot)"
74.7.241.59 - - [14/Apr/2026:08:23:25 +0300] "GET /market/Z021676092181 HTTP/1.0" 404 2091 "https://mramoria.com/sitemap.xml" "Mozilla/5.0 AppleWebKit/537.36 (KHTML, like Gecko; compatible; GPTBot/1.3; +https://openai.com/gptbot)"
216.73.216.159 - - [14/Apr/2026:08:23:26 +0300] "GET /market/Z013637645362 HTTP/1.0" 404 2091 "-" "Mozilla/5.0 AppleWebKit/537.36 (KHTML, like Gecko; compatible; ClaudeBot/1.0; +claudebot@anthropic.com)"
74.7.241.59 - - [14/Apr/2026:08:23:28 +0300] "GET /market/Z022484674667 HTTP/1.0" 404 2091 "https://mramoria.com/sitemap.xml" "Mozilla/5.0 AppleWebKit/537.36 (KHTML, like Gecko; compatible; GPTBot/1.3; +https://openai.com/gptbot)"
74.7.241.59 - - [14/Apr/2026:08:23:32 +0300] "GET /market/Z022457191745 HTTP/1.0" 404 2091 "https://mramoria.com/sitemap.xml" "Mozilla/5.0 AppleWebKit/537.36 (KHTML, like Gecko; compatible; GPTBot/1.3; +https://openai.com/gptbot)"
216.73.216.159 - - [14/Apr/2026:08:23:32 +0300] "GET /market/Z012298596621 HTTP/1.0" 404 2188 "-" "Mozilla/5.0 AppleWebKit/537.36 (KHTML, like Gecko; compatible; ClaudeBot/1.0; +claudebot@anthropic.com)"
74.7.241.59 - - [14/Apr/2026:08:23:35 +0300] "GET /market/Z023048252560 HTTP/1.0" 404 2091 "https://mramoria.com/sitemap.xml" "Mozilla/5.0 AppleWebKit/537.36 (KHTML, like Gecko; compatible; GPTBot/1.3; +https://openai.com/gptbot)"
74.7.241.59 - - [14/Apr/2026:08:23:38 +0300] "GET /market/Z023860891202 HTTP/1.0" 404 2091 "https://mramoria.com/sitemap.xml" "Mozilla/5.0 AppleWebKit/537.36 (KHTML, like Gecko; compatible; GPTBot/1.3; +https://openai.com/gptbot)"
74.7.241.59 - - [14/Apr/2026:08:23:42 +0300] "GET /market/Z021436882164 HTTP/1.0" 404 2091 "https://mramoria.com/sitemap.xml" "Mozilla/5.0 AppleWebKit/537.36 (KHTML, like Gecko; compatible; GPTBot/1.3; +https://openai.com/gptbot)"
74.7.241.59 - - [14/Apr/2026:08:23:45 +0300] "GET /market/Z023688399283 HTTP/1.0" 404 2091 "https://mramoria.com/sitemap.xml" "Mozilla/5.0 AppleWebKit/537.36 (KHTML, like Gecko; compatible; GPTBot/1.3; +https://openai.com/gptbot)"
216.73.216.159 - - [14/Apr/2026:08:23:45 +0300] "GET /market/Z011188677007 HTTP/1.0" 404 2091 "-" "Mozilla/5.0 AppleWebKit/537.36 (KHTML, like Gecko; compatible; ClaudeBot/1.0; +claudebot@anthropic.com)"
74.7.241.59 - - [14/Apr/2026:08:23:48 +0300] "GET /market/Z023690823481 HTTP/1.0" 404 2091 "https://mramoria.com/sitemap.xml" "Mozilla/5.0 AppleWebKit/537.36 (KHTML, like Gecko; compatible; GPTBot/1.3; +https://openai.com/gptbot)"
74.7.241.59 - - [14/Apr/2026:08:23:52 +0300] "GET /market/Z024011859018 HTTP/1.0" 404 2091 "https://mramoria.com/sitemap.xml" "Mozilla/5.0 AppleWebKit/537.36 (KHTML, like Gecko; compatible; GPTBot/1.3; +https://openai.com/gptbot)"
74.7.241.59 - - [14/Apr/2026:08:23:55 +0300] "GET /market/Z023322190198 HTTP/1.0" 404 2091 "https://mramoria.com/sitemap.xml" "Mozilla/5.0 AppleWebKit/537.36 (KHTML, like Gecko; compatible; GPTBot/1.3; +https://openai.com/gptbot)"
74.7.241.59 - - [14/Apr/2026:08:23:58 +0300] "GET /market/Z024131360090 HTTP/1.0" 404 2091 "https://mramoria.com/sitemap.xml" "Mozilla/5.0 AppleWebKit/537.36 (KHTML, like Gecko; compatible; GPTBot/1.3; +https://openai.com/gptbot)"
216.73.216.159 - - [14/Apr/2026:08:23:58 +0300] "GET /market/Z062463757161 HTTP/1.0" 404 2188 "-" "Mozilla/5.0 AppleWebKit/537.36 (KHTML, like Gecko; compatible; ClaudeBot/1.0; +claudebot@anthropic.com)"
74.7.241.59 - - [14/Apr/2026:08:24:02 +0300] "GET /market/Z021561924515 HTTP/1.0" 404 2091 "https://mramoria.com/sitemap.xml" "Mozilla/5.0 AppleWebKit/537.36 (KHTML, like Gecko; compatible; GPTBot/1.3; +https://openai.com/gptbot)"
74.7.241.59 - - [14/Apr/2026:08:24:05 +0300] "GET /market/Z023094075408 HTTP/1.0" 404 2091 "https://mramoria.com/sitemap.xml" "Mozilla/5.0 AppleWebKit/537.36 (KHTML, like Gecko; compatible; GPTBot/1.3; +https://openai.com/gptbot)"
74.7.241.59 - - [14/Apr/2026:08:24:08 +0300] "GET /market/Z023617536007 HTTP/1.0" 404 2091 "https://mramoria.com/sitemap.xml" "Mozilla/5.0 AppleWebKit/537.36 (KHTML, like Gecko; compatible; GPTBot/1.3; +https://openai.com/gptbot)"
216.73.216.159 - - [14/Apr/2026:08:24:11 +0300] "GET /market/Z01881809549 HTTP/1.0" 404 2091 "-" "Mozilla/5.0 AppleWebKit/537.36 (KHTML, like Gecko; compatible; ClaudeBot/1.0; +claudebot@anthropic.com)"
74.7.241.59 - - [14/Apr/2026:08:24:12 +0300] "GET /market/Z021633860238 HTTP/1.0" 404 2091 "https://mramoria.com/sitemap.xml" "Mozilla/5.0 AppleWebKit/537.36 (KHTML, like Gecko; compatible; GPTBot/1.3; +https://openai.com/gptbot)"
74.7.241.59 - - [14/Apr/2026:08:24:15 +0300] "GET /market/Z023269059699 HTTP/1.0" 404 2091 "https://mramoria.com/sitemap.xml" "Mozilla/5.0 AppleWebKit/537.36 (KHTML, like Gecko; compatible; GPTBot/1.3; +https://openai.com/gptbot)"
54.39.0.7 - - [14/Apr/2026:08:24:16 +0300] "GET /market/Z06488482530 HTTP/1.0" 404 2188 "-" "Mozilla/5.0 (compatible; AhrefsBot/7.0; +http://ahrefs.com/robot/)"
74.7.241.59 - - [14/Apr/2026:08:24:18 +0300] "GET /market/Z023070196402 HTTP/1.0" 404 2091 "https://mramoria.com/sitemap.xml" "Mozilla/5.0 AppleWebKit/537.36 (KHTML, like Gecko; compatible; GPTBot/1.3; +https://openai.com/gptbot)"
74.7.241.59 - - [14/Apr/2026:08:24:22 +0300] "GET /market/Z021605532112 HTTP/1.0" 404 2091 "https://mramoria.com/sitemap.xml" "Mozilla/5.0 AppleWebKit/537.36 (KHTML, like Gecko; compatible; GPTBot/1.3; +https://openai.com/gptbot)"
216.73.216.159 - - [14/Apr/2026:08:24:24 +0300] "GET /market/Z06998256208 HTTP/1.0" 404 2091 "-" "Mozilla/5.0 AppleWebKit/537.36 (KHTML, like Gecko; compatible; ClaudeBot/1.0; +claudebot@anthropic.com)"
74.7.241.59 - - [14/Apr/2026:08:24:25 +0300] "GET /market/Z023934015153 HTTP/1.0" 404 2091 "https://mramoria.com/sitemap.xml" "Mozilla/5.0 AppleWebKit/537.36 (KHTML, like Gecko; compatible; GPTBot/1.3; +https://openai.com/gptbot)"
74.7.241.59 - - [14/Apr/2026:08:24:28 +0300] "GET /market/Z021025368389 HTTP/1.0" 404 2091 "https://mramoria.com/sitemap.xml" "Mozilla/5.0 AppleWebKit/537.36 (KHTML, like Gecko; compatible; GPTBot/1.3; +https://openai.com/gptbot)"
74.7.241.59 - - [14/Apr/2026:08:24:32 +0300] "GET /market/Z021557335743 HTTP/1.0" 404 2188 "https://mramoria.com/sitemap.xml" "Mozilla/5.0 AppleWebKit/537.36 (KHTML, like Gecko; compatible; GPTBot/1.3; +https://openai.com/gptbot)"
74.7.241.59 - - [14/Apr/2026:08:24:35 +0300] "GET /market/Z023083307994 HTTP/1.0" 404 2091 "https://mramoria.com/sitemap.xml" "Mozilla/5.0 AppleWebKit/537.36 (KHTML, like Gecko; compatible; GPTBot/1.3; +https://openai.com/gptbot)"
216.73.216.159 - - [14/Apr/2026:08:24:37 +0300] "GET /market/Z01449450418 HTTP/1.0" 404 2091 "-" "Mozilla/5.0 AppleWebKit/537.36 (KHTML, like Gecko; compatible; ClaudeBot/1.0; +claudebot@anthropic.com)"
74.7.241.59 - - [14/Apr/2026:08:24:38 +0300] "GET /market/Z022543654515 HTTP/1.0" 404 2091 "https://mramoria.com/sitemap.xml" "Mozilla/5.0 AppleWebKit/537.36 (KHTML, like Gecko; compatible; GPTBot/1.3; +https://openai.com/gptbot)"
74.7.241.59 - - [14/Apr/2026:08:24:42 +0300] "GET /market/Z022506011360 HTTP/1.0" 404 2091 "https://mramoria.com/sitemap.xml" "Mozilla/5.0 AppleWebKit/537.36 (KHTML, like Gecko; compatible; GPTBot/1.3; +https://openai.com/gptbot)"
74.7.241.59 - - [14/Apr/2026:08:24:45 +0300] "GET /market/Z023871280877 HTTP/1.0" 404 2091 "https://mramoria.com/sitemap.xml" "Mozilla/5.0 AppleWebKit/537.36 (KHTML, like Gecko; compatible; GPTBot/1.3; +https://openai.com/gptbot)"
74.7.241.59 - - [14/Apr/2026:08:24:48 +0300] "GET /market/Z023502048971 HTTP/1.0" 404 2091 "https://mramoria.com/sitemap.xml" "Mozilla/5.0 AppleWebKit/537.36 (KHTML, like Gecko; compatible; GPTBot/1.3; +https://openai.com/gptbot)"
216.73.216.159 - - [14/Apr/2026:08:24:50 +0300] "GET /market/Z013089806509 HTTP/1.0" 404 2091 "-" "Mozilla/5.0 AppleWebKit/537.36 (KHTML, like Gecko; compatible; ClaudeBot/1.0; +claudebot@anthropic.com)"
74.7.241.59 - - [14/Apr/2026:08:24:52 +0300] "GET /market/Z024225724649 HTTP/1.0" 404 2091 "https://mramoria.com/sitemap.xml" "Mozilla/5.0 AppleWebKit/537.36 (KHTML, like Gecko; compatible; GPTBot/1.3; +https://openai.com/gptbot)"
74.7.241.59 - - [14/Apr/2026:08:24:55 +0300] "GET /market/Z023453638402 HTTP/1.0" 404 2091 "https://mramoria.com/sitemap.xml" "Mozilla/5.0 AppleWebKit/537.36 (KHTML, like Gecko; compatible; GPTBot/1.3; +https://openai.com/gptbot)"
74.7.241.59 - - [14/Apr/2026:08:24:59 +0300] "GET /market/Z022791598498 HTTP/1.0" 404 2091 "https://mramoria.com/sitemap.xml" "Mozilla/5.0 AppleWebKit/537.36 (KHTML, like Gecko; compatible; GPTBot/1.3; +https://openai.com/gptbot)"
74.7.241.59 - - [14/Apr/2026:08:25:02 +0300] "GET /market/Z021486245224 HTTP/1.0" 404 2091 "https://mramoria.com/sitemap.xml" "Mozilla/5.0 AppleWebKit/537.36 (KHTML, like Gecko; compatible; GPTBot/1.3; +https://openai.com/gptbot)"
216.73.216.159 - - [14/Apr/2026:08:25:03 +0300] "GET /market/Z01772574444 HTTP/1.0" 404 2091 "-" "Mozilla/5.0 AppleWebKit/537.36 (KHTML, like Gecko; compatible; ClaudeBot/1.0; +claudebot@anthropic.com)"
74.7.241.59 - - [14/Apr/2026:08:25:06 +0300] "GET /market/Z023849173496 HTTP/1.0" 404 2091 "https://mramoria.com/sitemap.xml" "Mozilla/5.0 AppleWebKit/537.36 (KHTML, like Gecko; compatible; GPTBot/1.3; +https://openai.com/gptbot)"
216.73.216.159 - - [14/Apr/2026:08:25:08 +0300] "GET /market/Z002631941598 HTTP/1.0" 404 2188 "-" "Mozilla/5.0 AppleWebKit/537.36 (KHTML, like Gecko; compatible; ClaudeBot/1.0; +claudebot@anthropic.com)"
74.7.241.59 - - [14/Apr/2026:08:25:09 +0300] "GET /market/Z022572122309 HTTP/1.0" 404 2091 "https://mramoria.com/sitemap.xml" "Mozilla/5.0 AppleWebKit/537.36 (KHTML, like Gecko; compatible; GPTBot/1.3; +https://openai.com/gptbot)"
74.7.241.59 - - [14/Apr/2026:08:25:12 +0300] "GET /market/Z023434725891 HTTP/1.0" 404 2091 "https://mramoria.com/sitemap.xml" "Mozilla/5.0 AppleWebKit/537.36 (KHTML, like Gecko; compatible; GPTBot/1.3; +https://openai.com/gptbot)"
216.73.216.159 - - [14/Apr/2026:08:25:14 +0300] "GET /market/Z002168716529 HTTP/1.0" 404 2188 "-" "Mozilla/5.0 AppleWebKit/537.36 (KHTML, like Gecko; compatible; ClaudeBot/1.0; +claudebot@anthropic.com)"
74.7.241.59 - - [14/Apr/2026:08:25:16 +0300] "GET /market/Z024187032902 HTTP/1.0" 404 2091 "https://mramoria.com/sitemap.xml" "Mozilla/5.0 AppleWebKit/537.36 (KHTML, like Gecko; compatible; GPTBot/1.3; +https://openai.com/gptbot)"
74.7.241.59 - - [14/Apr/2026:08:25:19 +0300] "GET /market/Z021432129869 HTTP/1.0" 404 2091 "https://mramoria.com/sitemap.xml" "Mozilla/5.0 AppleWebKit/537.36 (KHTML, like Gecko; compatible; GPTBot/1.3; +https://openai.com/gptbot)"
74.7.241.59 - - [14/Apr/2026:08:25:23 +0300] "GET /market/Z023135095252 HTTP/1.0" 404 2091 "https://mramoria.com/sitemap.xml" "Mozilla/5.0 AppleWebKit/537.36 (KHTML, like Gecko; compatible; GPTBot/1.3; +https://openai.com/gptbot)"
74.7.241.59 - - [14/Apr/2026:08:25:26 +0300] "GET /market/Z021636024828 HTTP/1.0" 404 2091 "https://mramoria.com/sitemap.xml" "Mozilla/5.0 AppleWebKit/537.36 (KHTML, like Gecko; compatible; GPTBot/1.3; +https://openai.com/gptbot)"
216.73.216.159 - - [14/Apr/2026:08:25:27 +0300] "GET /market/Z013493526993 HTTP/1.0" 404 2091 "-" "Mozilla/5.0 AppleWebKit/537.36 (KHTML, like Gecko; compatible; ClaudeBot/1.0; +claudebot@anthropic.com)"
74.7.241.59 - - [14/Apr/2026:08:25:29 +0300] "GET /market/Z023683646988 HTTP/1.0" 404 2091 "https://mramoria.com/sitemap.xml" "Mozilla/5.0 AppleWebKit/537.36 (KHTML, like Gecko; compatible; GPTBot/1.3; +https://openai.com/gptbot)"
66.249.70.134 - - [14/Apr/2026:08:25:29 +0300] "GET /market/Z011644436765 HTTP/1.0" 200 27718 "-" "Mozilla/5.0 (Linux; Android 6.0.1; Nexus 5X Build/MMB29P) AppleWebKit/537.36 (KHTML, like Gecko) Chrome/146.0.7680.177 Mobile Safari/537.36 (compatible; GoogleOther)"
74.7.241.59 - - [14/Apr/2026:08:25:33 +0300] "GET /market/Z022643212828 HTTP/1.0" 404 2091 "https://mramoria.com/sitemap.xml" "Mozilla/5.0 AppleWebKit/537.36 (KHTML, like Gecko; compatible; GPTBot/1.3; +https://openai.com/gptbot)"
74.7.241.59 - - [14/Apr/2026:08:25:36 +0300] "GET /market/Z023061971301 HTTP/1.0" 404 2091 "https://mramoria.com/sitemap.xml" "Mozilla/5.0 AppleWebKit/537.36 (KHTML, like Gecko; compatible; GPTBot/1.3; +https://openai.com/gptbot)"
74.7.241.59 - - [14/Apr/2026:08:25:40 +0300] "GET /market/Z023686234693 HTTP/1.0" 404 2091 "https://mramoria.com/sitemap.xml" "Mozilla/5.0 AppleWebKit/537.36 (KHTML, like Gecko; compatible; GPTBot/1.3; +https://openai.com/gptbot)"
216.73.216.159 - - [14/Apr/2026:08:25:40 +0300] "GET /market/Z01328996839 HTTP/1.0" 404 2091 "-" "Mozilla/5.0 AppleWebKit/537.36 (KHTML, like Gecko; compatible; ClaudeBot/1.0; +claudebot@anthropic.com)"
74.7.241.59 - - [14/Apr/2026:08:25:43 +0300] "GET /market/Z023277188715 HTTP/1.0" 404 2091 "https://mramoria.com/sitemap.xml" "Mozilla/5.0 AppleWebKit/537.36 (KHTML, like Gecko; compatible; GPTBot/1.3; +https://openai.com/gptbot)"
74.7.241.59 - - [14/Apr/2026:08:25:47 +0300] "GET /market/Z024209140283 HTTP/1.0" 404 2091 "https://mramoria.com/sitemap.xml" "Mozilla/5.0 AppleWebKit/537.36 (KHTML, like Gecko; compatible; GPTBot/1.3; +https://openai.com/gptbot)"
74.7.241.59 - - [14/Apr/2026:08:25:50 +0300] "GET /market/Z021003590285 HTTP/1.0" 404 2091 "https://mramoria.com/sitemap.xml" "Mozilla/5.0 AppleWebKit/537.36 (KHTML, like Gecko; compatible; GPTBot/1.3; +https://openai.com/gptbot)"
216.73.216.159 - - [14/Apr/2026:08:25:53 +0300] "GET /market/Z01275981385 HTTP/1.0" 404 2091 "-" "Mozilla/5.0 AppleWebKit/537.36 (KHTML, like Gecko; compatible; ClaudeBot/1.0; +claudebot@anthropic.com)"
74.7.241.59 - - [14/Apr/2026:08:25:53 +0300] "GET /market/Z023044712348 HTTP/1.0" 404 2091 "https://mramoria.com/sitemap.xml" "Mozilla/5.0 AppleWebKit/537.36 (KHTML, like Gecko; compatible; GPTBot/1.3; +https://openai.com/gptbot)"
74.7.241.59 - - [14/Apr/2026:08:25:56 +0300] "GET /market/Z023349491301 HTTP/1.0" 404 2091 "https://mramoria.com/sitemap.xml" "Mozilla/5.0 AppleWebKit/537.36 (KHTML, like Gecko; compatible; GPTBot/1.3; +https://openai.com/gptbot)"
74.7.241.59 - - [14/Apr/2026:08:26:00 +0300] "GET /market/Z022943941952 HTTP/1.0" 404 2091 "https://mramoria.com/sitemap.xml" "Mozilla/5.0 AppleWebKit/537.36 (KHTML, like Gecko; compatible; GPTBot/1.3; +https://openai.com/gptbot)"
74.7.241.59 - - [14/Apr/2026:08:26:03 +0300] "GET /market/Z023515160563 HTTP/1.0" 404 2091 "https://mramoria.com/sitemap.xml" "Mozilla/5.0 AppleWebKit/537.36 (KHTML, like Gecko; compatible; GPTBot/1.3; +https://openai.com/gptbot)"
216.73.216.159 - - [14/Apr/2026:08:26:06 +0300] "GET /market/Z01313624572 HTTP/1.0" 404 2091 "-" "Mozilla/5.0 AppleWebKit/537.36 (KHTML, like Gecko; compatible; ClaudeBot/1.0; +claudebot@anthropic.com)"
74.7.241.59 - - [14/Apr/2026:08:26:07 +0300] "GET /market/Z021056816853 HTTP/1.0" 404 2091 "https://mramoria.com/sitemap.xml" "Mozilla/5.0 AppleWebKit/537.36 (KHTML, like Gecko; compatible; GPTBot/1.3; +https://openai.com/gptbot)"
74.7.241.59 - - [14/Apr/2026:08:26:10 +0300] "GET /market/Z021004802384 HTTP/1.0" 404 2091 "https://mramoria.com/sitemap.xml" "Mozilla/5.0 AppleWebKit/537.36 (KHTML, like Gecko; compatible; GPTBot/1.3; +https://openai.com/gptbot)"
74.7.241.59 - - [14/Apr/2026:08:26:13 +0300] "GET /market/Z023844584708 HTTP/1.0" 404 2091 "https://mramoria.com/sitemap.xml" "Mozilla/5.0 AppleWebKit/537.36 (KHTML, like Gecko; compatible; GPTBot/1.3; +https://openai.com/gptbot)"
216.73.216.159 - - [14/Apr/2026:08:26:16 +0300] "GET /market/Z002292806373 HTTP/1.0" 404 2188 "-" "Mozilla/5.0 AppleWebKit/537.36 (KHTML, like Gecko; compatible; ClaudeBot/1.0; +claudebot@anthropic.com)"
74.7.241.59 - - [14/Apr/2026:08:26:17 +0300] "GET /market/Z021453025135 HTTP/1.0" 404 2091 "https://mramoria.com/sitemap.xml" "Mozilla/5.0 AppleWebKit/537.36 (KHTML, like Gecko; compatible; GPTBot/1.3; +https://openai.com/gptbot)"
74.7.241.59 - - [14/Apr/2026:08:26:20 +0300] "GET /market/Z023131718563 HTTP/1.0" 404 2091 "https://mramoria.com/sitemap.xml" "Mozilla/5.0 AppleWebKit/537.36 (KHTML, like Gecko; compatible; GPTBot/1.3; +https://openai.com/gptbot)"
216.73.216.159 - - [14/Apr/2026:08:26:22 +0300] "GET /market/Z002562226717 HTTP/1.0" 404 2188 "-" "Mozilla/5.0 AppleWebKit/537.36 (KHTML, like Gecko; compatible; ClaudeBot/1.0; +claudebot@anthropic.com)"
74.7.241.59 - - [14/Apr/2026:08:26:23 +0300] "GET /market/Z021435506558 HTTP/1.0" 404 2091 "https://mramoria.com/sitemap.xml" "Mozilla/5.0 AppleWebKit/537.36 (KHTML, like Gecko; compatible; GPTBot/1.3; +https://openai.com/gptbot)"
74.7.241.59 - - [14/Apr/2026:08:26:27 +0300] "GET /market/Z021416757586 HTTP/1.0" 404 2091 "https://mramoria.com/sitemap.xml" "Mozilla/5.0 AppleWebKit/537.36 (KHTML, like Gecko; compatible; GPTBot/1.3; +https://openai.com/gptbot)"
74.7.241.59 - - [14/Apr/2026:08:26:30 +0300] "GET /market/Z021028908601 HTTP/1.0" 404 2091 "https://mramoria.com/sitemap.xml" "Mozilla/5.0 AppleWebKit/537.36 (KHTML, like Gecko; compatible; GPTBot/1.3; +https://openai.com/gptbot)"
185.177.72.50 - - [14/Apr/2026:08:26:33 +0300] "GET /.env.staging HTTP/1.0" 404 2188 "-" "Mozilla/5.0 (Windows NT 10.0; Win64; x64) AppleWebKit/537.36, Mozilla/5.0 (Windows NT 10.0; Win64; x64) AppleWebKit/537.36 (KHTML, like Gecko) Chrome/120.0.0.0 Safari/537.36"
185.177.72.50 - - [14/Apr/2026:08:26:33 +0300] "GET /.env.production.local HTTP/1.0" 404 2188 "-" "Mozilla/5.0 (Windows NT 10.0; Win64; x64) AppleWebKit/537.36, Mozilla/5.0 (Windows NT 10.0; Win64; x64) AppleWebKit/537.36 (KHTML, like Gecko) Chrome/120.0.0.0 Safari/537.36"
185.177.72.50 - - [14/Apr/2026:08:26:33 +0300] "GET /checkout HTTP/1.0" 404 2188 "-" "Mozilla/5.0 (Windows NT 10.0; Win64; x64) AppleWebKit/537.36, Mozilla/5.0 (Windows NT 10.0; Win64; x64) AppleWebKit/537.36 (KHTML, like Gecko) Chrome/120.0.0.0 Safari/537.36"
74.7.241.59 - - [14/Apr/2026:08:26:34 +0300] "GET /market/Z022156322937 HTTP/1.0" 404 2091 "https://mramoria.com/sitemap.xml" "Mozilla/5.0 AppleWebKit/537.36 (KHTML, like Gecko; compatible; GPTBot/1.3; +https://openai.com/gptbot)"
216.73.216.159 - - [14/Apr/2026:08:26:35 +0300] "GET /market/Z061621780540 HTTP/1.0" 404 2091 "-" "Mozilla/5.0 AppleWebKit/537.36 (KHTML, like Gecko; compatible; ClaudeBot/1.0; +claudebot@anthropic.com)"
74.7.241.59 - - [14/Apr/2026:08:26:37 +0300] "GET /market/Z023597411413 HTTP/1.0" 404 2091 "https://mramoria.com/sitemap.xml" "Mozilla/5.0 AppleWebKit/537.36 (KHTML, like Gecko; compatible; GPTBot/1.3; +https://openai.com/gptbot)"
74.7.241.59 - - [14/Apr/2026:08:26:40 +0300] "GET /market/Z023133883169 HTTP/1.0" 404 2091 "https://mramoria.com/sitemap.xml" "Mozilla/5.0 AppleWebKit/537.36 (KHTML, like Gecko; compatible; GPTBot/1.3; +https://openai.com/gptbot)"
74.7.241.59 - - [14/Apr/2026:08:26:44 +0300] "GET /market/Z023394102066 HTTP/1.0" 404 2091 "https://mramoria.com/sitemap.xml" "Mozilla/5.0 AppleWebKit/537.36 (KHTML, like Gecko; compatible; GPTBot/1.3; +https://openai.com/gptbot)"
74.7.241.59 - - [14/Apr/2026:08:26:47 +0300] "GET /market/Z023416814381 HTTP/1.0" 404 2091 "https://mramoria.com/sitemap.xml" "Mozilla/5.0 AppleWebKit/537.36 (KHTML, like Gecko; compatible; GPTBot/1.3; +https://openai.com/gptbot)"
216.73.216.159 - - [14/Apr/2026:08:26:48 +0300] "GET /market/Z00391537203 HTTP/1.0" 404 2091 "-" "Mozilla/5.0 AppleWebKit/537.36 (KHTML, like Gecko; compatible; ClaudeBot/1.0; +claudebot@anthropic.com)"
74.7.241.59 - - [14/Apr/2026:08:26:50 +0300] "GET /market/Z021299680696 HTTP/1.0" 404 2091 "https://mramoria.com/sitemap.xml" "Mozilla/5.0 AppleWebKit/537.36 (KHTML, like Gecko; compatible; GPTBot/1.3; +https://openai.com/gptbot)"
66.249.76.129 - - [14/Apr/2026:08:26:53 +0300] "GET /market/Z013370064554 HTTP/1.0" 200 28264 "-" "Mozilla/5.0 (Linux; Android 6.0.1; Nexus 5X Build/MMB29P) AppleWebKit/537.36 (KHTML, like Gecko) Chrome/146.0.7680.177 Mobile Safari/537.36 (compatible; GoogleOther)"
74.7.241.59 - - [14/Apr/2026:08:26:54 +0300] "GET /market/Z023641415013 HTTP/1.0" 404 2091 "https://mramoria.com/sitemap.xml" "Mozilla/5.0 AppleWebKit/537.36 (KHTML, like Gecko; compatible; GPTBot/1.3; +https://openai.com/gptbot)"
74.7.241.59 - - [14/Apr/2026:08:26:57 +0300] "GET /market/Z022744009278 HTTP/1.0" 404 2091 "https://mramoria.com/sitemap.xml" "Mozilla/5.0 AppleWebKit/537.36 (KHTML, like Gecko; compatible; GPTBot/1.3; +https://openai.com/gptbot)"
74.7.241.59 - - [14/Apr/2026:08:27:01 +0300] "GET /market/Z024260547603 HTTP/1.0" 404 2091 "https://mramoria.com/sitemap.xml" "Mozilla/5.0 AppleWebKit/537.36 (KHTML, like Gecko; compatible; GPTBot/1.3; +https://openai.com/gptbot)"
216.73.216.159 - - [14/Apr/2026:08:27:01 +0300] "GET /market/Z003657444886 HTTP/1.0" 404 2091 "-" "Mozilla/5.0 AppleWebKit/537.36 (KHTML, like Gecko; compatible; ClaudeBot/1.0; +claudebot@anthropic.com)"
74.7.241.59 - - [14/Apr/2026:08:27:04 +0300] "GET /market/Z023377959095 HTTP/1.0" 404 2091 "https://mramoria.com/sitemap.xml" "Mozilla/5.0 AppleWebKit/537.36 (KHTML, like Gecko; compatible; GPTBot/1.3; +https://openai.com/gptbot)"
74.7.241.59 - - [14/Apr/2026:08:27:08 +0300] "GET /market/Z023467780290 HTTP/1.0" 404 2091 "https://mramoria.com/sitemap.xml" "Mozilla/5.0 AppleWebKit/537.36 (KHTML, like Gecko; compatible; GPTBot/1.3; +https://openai.com/gptbot)"
74.7.241.59 - - [14/Apr/2026:08:27:11 +0300] "GET /market/Z023234956740 HTTP/1.0" 404 2091 "https://mramoria.com/sitemap.xml" "Mozilla/5.0 AppleWebKit/537.36 (KHTML, like Gecko; compatible; GPTBot/1.3; +https://openai.com/gptbot)"
216.73.216.159 - - [14/Apr/2026:08:27:14 +0300] "GET /market/Z003867320368 HTTP/1.0" 404 2091 "-" "Mozilla/5.0 AppleWebKit/537.36 (KHTML, like Gecko; compatible; ClaudeBot/1.0; +claudebot@anthropic.com)"
74.7.241.59 - - [14/Apr/2026:08:27:15 +0300] "GET /market/Z022523529937 HTTP/1.0" 404 2091 "https://mramoria.com/sitemap.xml" "Mozilla/5.0 AppleWebKit/537.36 (KHTML, like Gecko; compatible; GPTBot/1.3; +https://openai.com/gptbot)"
74.7.241.59 - - [14/Apr/2026:08:27:18 +0300] "GET /market/Z021867472724 HTTP/1.0" 404 2091 "https://mramoria.com/sitemap.xml" "Mozilla/5.0 AppleWebKit/537.36 (KHTML, like Gecko; compatible; GPTBot/1.3; +https://openai.com/gptbot)"
185.149.49.50 - - [14/Apr/2026:08:27:19 +0300] "GET / HTTP/1.0" 200 10938 "https://region-saitov.ru/" "Mozilla/5.0 (Windows NT 10.0; Win64; x64) AppleWebKit/537.36 (KHTML, like Gecko) Chrome/146.0.0.0 Safari/537.36"
185.149.49.50 - - [14/Apr/2026:08:27:24 +0300] "GET /media/vendor/joomla-custom-elements/css/joomla-alert.min.css?0.2.0 HTTP/1.0" 200 1257 "https://mramoria.com/" "Mozilla/5.0 (Windows NT 10.0; Win64; x64) AppleWebKit/537.36 (KHTML, like Gecko) Chrome/146.0.0.0 Safari/537.36"
88.82.93.126 - - [14/Apr/2026:08:27:24 +0300] "GET /components/com_sppagebuilder/assets/css/font-awesome-6.min.css?0e2c506aa593d331478b48ba5314a03f HTTP/1.0" 200 22873 "https://mramoria.com/" "Mozilla/5.0 (Windows NT 10.0; Win64; x64) AppleWebKit/537.36 (KHTML, like Gecko) Chrome/146.0.0.0 Safari/537.36"
185.149.49.50 - - [14/Apr/2026:08:27:24 +0300] "GET /components/com_sppagebuilder/assets/css/animate.min.css?0e2c506aa593d331478b48ba5314a03f HTTP/1.1" 200 53431 "https://mramoria.com/" "Mozilla/5.0 (Windows NT 10.0; Win64; x64) AppleWebKit/537.36 (KHTML, like Gecko) Chrome/146.0.0.0 Safari/537.36"
185.149.49.50 - - [14/Apr/2026:08:27:24 +0300] "GET /components/com_sppagebuilder/assets/css/font-awesome-v4-shims.css?0e2c506aa593d331478b48ba5314a03f HTTP/1.0" 200 4527 "https://mramoria.com/" "Mozilla/5.0 (Windows NT 10.0; Win64; x64) AppleWebKit/537.36 (KHTML, like Gecko) Chrome/146.0.0.0 Safari/537.36"
185.149.49.50 - - [14/Apr/2026:08:27:24 +0300] "GET /components/com_sppagebuilder/assets/css/sppagebuilder.css?0e2c506aa593d331478b48ba5314a03f HTTP/1.1" 200 99520 "https://mramoria.com/" "Mozilla/5.0 (Windows NT 10.0; Win64; x64) AppleWebKit/537.36 (KHTML, like Gecko) Chrome/146.0.0.0 Safari/537.36"
185.149.49.50 - - [14/Apr/2026:08:27:24 +0300] "GET /templates/shaper_helixultimate/css/bootstrap.min.css HTTP/1.0" 200 27771 "https://mramoria.com/" "Mozilla/5.0 (Windows NT 10.0; Win64; x64) AppleWebKit/537.36 (KHTML, like Gecko) Chrome/146.0.0.0 Safari/537.36"
88.82.93.126 - - [14/Apr/2026:08:27:24 +0300] "GET /components/com_sppagebuilder/assets/css/js_slider.css HTTP/1.0" 200 1665 "https://mramoria.com/" "Mozilla/5.0 (Windows NT 10.0; Win64; x64) AppleWebKit/537.36 (KHTML, like Gecko) Chrome/146.0.0.0 Safari/537.36"
185.149.49.50 - - [14/Apr/2026:08:27:24 +0300] "GET /plugins/system/helixultimate/assets/css/system-j4.min.css HTTP/1.0" 200 1872 "https://mramoria.com/" "Mozilla/5.0 (Windows NT 10.0; Win64; x64) AppleWebKit/537.36 (KHTML, like Gecko) Chrome/146.0.0.0 Safari/537.36"
185.149.49.50 - - [14/Apr/2026:08:27:24 +0300] "GET /media/system/css/joomla-fontawesome.min.css?a206c62f3bd828a92bce3c5827b6d15b HTTP/1.0" 200 15374 "https://mramoria.com/" "Mozilla/5.0 (Windows NT 10.0; Win64; x64) AppleWebKit/537.36 (KHTML, like Gecko) Chrome/146.0.0.0 Safari/537.36"
88.82.93.126 - - [14/Apr/2026:08:27:24 +0300] "GET /templates/shaper_helixultimate/css/template.css HTTP/1.0" 200 13595 "https://mramoria.com/" "Mozilla/5.0 (Windows NT 10.0; Win64; x64) AppleWebKit/537.36 (KHTML, like Gecko) Chrome/146.0.0.0 Safari/537.36"
185.149.49.50 - - [14/Apr/2026:08:27:24 +0300] "GET /templates/shaper_helixultimate/css/presets/preset2.css HTTP/1.0" 200 1185 "https://mramoria.com/" "Mozilla/5.0 (Windows NT 10.0; Win64; x64) AppleWebKit/537.36 (KHTML, like Gecko) Chrome/146.0.0.0 Safari/537.36"
185.149.49.50 - - [14/Apr/2026:08:27:24 +0300] "GET /modules/mod_djmegamenu/themes/default/css/djmegamenu.css?4.4.1.pro HTTP/1.0" 200 3405 "https://mramoria.com/" "Mozilla/5.0 (Windows NT 10.0; Win64; x64) AppleWebKit/537.36 (KHTML, like Gecko) Chrome/146.0.0.0 Safari/537.36"
185.149.49.50 - - [14/Apr/2026:08:27:24 +0300] "GET /modules/mod_djmegamenu/assets/css/offcanvas.min.css?4.4.1.pro HTTP/1.0" 200 1413 "https://mramoria.com/" "Mozilla/5.0 (Windows NT 10.0; Win64; x64) AppleWebKit/537.36 (KHTML, like Gecko) Chrome/146.0.0.0 Safari/537.36"
88.82.93.126 - - [14/Apr/2026:08:27:24 +0300] "GET /modules/mod_djmegamenu/mobilethemes/dark/djmobilemenu.css?4.4.1.pro HTTP/1.0" 200 2607 "https://mramoria.com/" "Mozilla/5.0 (Windows NT 10.0; Win64; x64) AppleWebKit/537.36 (KHTML, like Gecko) Chrome/146.0.0.0 Safari/537.36"
88.82.93.126 - - [14/Apr/2026:08:27:25 +0300] "GET /components/com_sppagebuilder/assets/css/magnific-popup.css HTTP/1.1" 200 5920 "https://mramoria.com/" "Mozilla/5.0 (Windows NT 10.0; Win64; x64) AppleWebKit/537.36 (KHTML, like Gecko) Chrome/146.0.0.0 Safari/537.36"
185.149.49.50 - - [14/Apr/2026:08:27:25 +0300] "GET /media/system/js/core.min.js?37ffe4186289eba9c5df81bea44080aff77b9684 HTTP/1.0" 200 3452 "https://mramoria.com/" "Mozilla/5.0 (Windows NT 10.0; Win64; x64) AppleWebKit/537.36 (KHTML, like Gecko) Chrome/146.0.0.0 Safari/537.36"
185.149.49.50 - - [14/Apr/2026:08:27:25 +0300] "GET /media/vendor/jquery/js/jquery.min.js?3.7.1 HTTP/1.0" 200 30679 "https://mramoria.com/" "Mozilla/5.0 (Windows NT 10.0; Win64; x64) AppleWebKit/537.36 (KHTML, like Gecko) Chrome/146.0.0.0 Safari/537.36"
185.149.49.50 - - [14/Apr/2026:08:27:25 +0300] "GET /media/vendor/bootstrap/js/alert.min.js?5.3.2 HTTP/1.0" 200 881 "https://mramoria.com/" "Mozilla/5.0 (Windows NT 10.0; Win64; x64) AppleWebKit/537.36 (KHTML, like Gecko) Chrome/146.0.0.0 Safari/537.36"
88.82.93.126 - - [14/Apr/2026:08:27:25 +0300] "GET /media/legacy/js/jquery-noconflict.min.js?647005fc12b79b3ca2bb30c059899d5994e3e34d HTTP/1.0" 200 286 "https://mramoria.com/" "Mozilla/5.0 (Windows NT 10.0; Win64; x64) AppleWebKit/537.36 (KHTML, like Gecko) Chrome/146.0.0.0 Safari/537.36"
185.149.49.50 - - [14/Apr/2026:08:27:25 +0300] "GET /media/vendor/bootstrap/js/carousel.min.js?5.3.2 HTTP/1.0" 200 2515 "https://mramoria.com/" "Mozilla/5.0 (Windows NT 10.0; Win64; x64) AppleWebKit/537.36 (KHTML, like Gecko) Chrome/146.0.0.0 Safari/537.36"
185.149.49.50 - - [14/Apr/2026:08:27:25 +0300] "GET /media/vendor/bootstrap/js/button.min.js?5.3.2 HTTP/1.0" 200 794 "https://mramoria.com/" "Mozilla/5.0 (Windows NT 10.0; Win64; x64) AppleWebKit/537.36 (KHTML, like Gecko) Chrome/146.0.0.0 Safari/537.36"
88.82.93.126 - - [14/Apr/2026:08:27:25 +0300] "GET /media/vendor/bootstrap/js/collapse.min.js?5.3.2 HTTP/1.0" 200 1858 "https://mramoria.com/" "Mozilla/5.0 (Windows NT 10.0; Win64; x64) AppleWebKit/537.36 (KHTML, like Gecko) Chrome/146.0.0.0 Safari/537.36"
185.149.49.50 - - [14/Apr/2026:08:27:25 +0300] "GET /media/vendor/bootstrap/js/dropdown.min.js?5.3.2 HTTP/1.0" 200 2749 "https://mramoria.com/" "Mozilla/5.0 (Windows NT 10.0; Win64; x64) AppleWebKit/537.36 (KHTML, like Gecko) Chrome/146.0.0.0 Safari/537.36"
185.149.49.50 - - [14/Apr/2026:08:27:25 +0300] "GET /media/vendor/bootstrap/js/modal.min.js?5.3.2 HTTP/1.0" 200 2799 "https://mramoria.com/" "Mozilla/5.0 (Windows NT 10.0; Win64; x64) AppleWebKit/537.36 (KHTML, like Gecko) Chrome/146.0.0.0 Safari/537.36"
185.149.49.50 - - [14/Apr/2026:08:27:25 +0300] "GET /media/vendor/bootstrap/js/popover.min.js?5.3.2 HTTP/1.0" 200 3748 "https://mramoria.com/" "Mozilla/5.0 (Windows NT 10.0; Win64; x64) AppleWebKit/537.36 (KHTML, like Gecko) Chrome/146.0.0.0 Safari/537.36"
88.82.93.126 - - [14/Apr/2026:08:27:25 +0300] "GET /media/vendor/bootstrap/js/offcanvas.min.js?5.3.2 HTTP/1.0" 200 1762 "https://mramoria.com/" "Mozilla/5.0 (Windows NT 10.0; Win64; x64) AppleWebKit/537.36 (KHTML, like Gecko) Chrome/146.0.0.0 Safari/537.36"
185.149.49.50 - - [14/Apr/2026:08:27:25 +0300] "GET /media/vendor/bootstrap/js/scrollspy.min.js?5.3.2 HTTP/1.0" 200 2026 "https://mramoria.com/" "Mozilla/5.0 (Windows NT 10.0; Win64; x64) AppleWebKit/537.36 (KHTML, like Gecko) Chrome/146.0.0.0 Safari/537.36"
185.149.49.50 - - [14/Apr/2026:08:27:25 +0300] "GET /media/vendor/bootstrap/js/tab.min.js?5.3.2 HTTP/1.0" 200 2236 "https://mramoria.com/" "Mozilla/5.0 (Windows NT 10.0; Win64; x64) AppleWebKit/537.36 (KHTML, like Gecko) Chrome/146.0.0.0 Safari/537.36"
88.82.93.126 - - [14/Apr/2026:08:27:25 +0300] "GET /media/vendor/bootstrap/js/toast.min.js?5.3.2 HTTP/1.0" 200 1390 "https://mramoria.com/" "Mozilla/5.0 (Windows NT 10.0; Win64; x64) AppleWebKit/537.36 (KHTML, like Gecko) Chrome/146.0.0.0 Safari/537.36"
185.149.49.50 - - [14/Apr/2026:08:27:25 +0300] "GET /media/system/js/showon.min.js?f79c256660e2c0ca2179cf7f3168ea8143e1af82 HTTP/1.0" 200 1707 "https://mramoria.com/" "Mozilla/5.0 (Windows NT 10.0; Win64; x64) AppleWebKit/537.36 (KHTML, like Gecko) Chrome/146.0.0.0 Safari/537.36"
185.149.49.50 - - [14/Apr/2026:08:27:25 +0300] "GET /media/system/js/messages.min.js?7f7aa28ac8e8d42145850e8b45b3bc82ff9a6411 HTTP/1.0" 200 2155 "https://mramoria.com/" "Mozilla/5.0 (Windows NT 10.0; Win64; x64) AppleWebKit/537.36 (KHTML, like Gecko) Chrome/146.0.0.0 Safari/537.36"
74.7.241.59 - - [14/Apr/2026:08:27:22 +0300] "GET /market/Z021293716302 HTTP/1.0" 404 2091 "https://mramoria.com/sitemap.xml" "Mozilla/5.0 AppleWebKit/537.36 (KHTML, like Gecko; compatible; GPTBot/1.3; +https://openai.com/gptbot)"
185.149.49.50 - - [14/Apr/2026:08:27:25 +0300] "GET /components/com_sppagebuilder/assets/js/common.js HTTP/1.0" 200 445 "https://mramoria.com/" "Mozilla/5.0 (Windows NT 10.0; Win64; x64) AppleWebKit/537.36 (KHTML, like Gecko) Chrome/146.0.0.0 Safari/537.36"
185.149.49.50 - - [14/Apr/2026:08:27:25 +0300] "GET /components/com_sppagebuilder/assets/js/js_slider.js HTTP/1.0" 200 11614 "https://mramoria.com/" "Mozilla/5.0 (Windows NT 10.0; Win64; x64) AppleWebKit/537.36 (KHTML, like Gecko) Chrome/146.0.0.0 Safari/537.36"
185.149.49.50 - - [14/Apr/2026:08:27:25 +0300] "GET /components/com_sppagebuilder/assets/js/addons/text_block.js HTTP/1.0" 200 612 "https://mramoria.com/" "Mozilla/5.0 (Windows NT 10.0; Win64; x64) AppleWebKit/537.36 (KHTML, like Gecko) Chrome/146.0.0.0 Safari/537.36"
88.82.93.126 - - [14/Apr/2026:08:27:25 +0300] "GET /components/com_sppagebuilder/assets/js/jquery.parallax.js?0e2c506aa593d331478b48ba5314a03f HTTP/1.0" 200 741 "https://mramoria.com/" "Mozilla/5.0 (Windows NT 10.0; Win64; x64) AppleWebKit/537.36 (KHTML, like Gecko) Chrome/146.0.0.0 Safari/537.36"
185.149.49.50 - - [14/Apr/2026:08:27:25 +0300] "GET /templates/shaper_helixultimate/js/main.js HTTP/1.0" 200 3498 "https://mramoria.com/" "Mozilla/5.0 (Windows NT 10.0; Win64; x64) AppleWebKit/537.36 (KHTML, like Gecko) Chrome/146.0.0.0 Safari/537.36"
185.149.49.50 - - [14/Apr/2026:08:27:25 +0300] "GET /components/com_sppagebuilder/assets/js/jquery.magnific-popup.min.js HTTP/1.1" 200 20033 "https://mramoria.com/" "Mozilla/5.0 (Windows NT 10.0; Win64; x64) AppleWebKit/537.36 (KHTML, like Gecko) Chrome/146.0.0.0 Safari/537.36"
88.82.93.126 - - [14/Apr/2026:08:27:25 +0300] "GET /components/com_sppagebuilder/assets/js/addons/image.js HTTP/1.0" 200 1053 "https://mramoria.com/" "Mozilla/5.0 (Windows NT 10.0; Win64; x64) AppleWebKit/537.36 (KHTML, like Gecko) Chrome/146.0.0.0 Safari/537.36"
185.149.49.50 - - [14/Apr/2026:08:27:25 +0300] "GET /media/vendor/bootstrap/js/dom.min.js?5.3.0 HTTP/1.0" 200 7052 "https://mramoria.com/media/vendor/bootstrap/js/alert.min.js?5.3.2" "Mozilla/5.0 (Windows NT 10.0; Win64; x64) AppleWebKit/537.36 (KHTML, like Gecko) Chrome/146.0.0.0 Safari/537.36"
185.149.49.50 - - [14/Apr/2026:08:27:25 +0300] "GET /media/vendor/bootstrap/js/popper.min.js?5.3.0 HTTP/1.0" 200 8058 "https://mramoria.com/media/vendor/bootstrap/js/dropdown.min.js?5.3.2" "Mozilla/5.0 (Windows NT 10.0; Win64; x64) AppleWebKit/537.36 (KHTML, like Gecko) Chrome/146.0.0.0 Safari/537.36"
88.82.93.126 - - [14/Apr/2026:08:27:25 +0300] "GET /images/2025/02/14/logo-white.png HTTP/1.0" 200 41420 "https://mramoria.com/" "Mozilla/5.0 (Windows NT 10.0; Win64; x64) AppleWebKit/537.36 (KHTML, like Gecko) Chrome/146.0.0.0 Safari/537.36"
88.82.93.126 - - [14/Apr/2026:08:27:25 +0300] "GET /images/2025/02/13/logo.jpg HTTP/1.0" 200 53562 "https://mramoria.com/" "Mozilla/5.0 (Windows NT 10.0; Win64; x64) AppleWebKit/537.36 (KHTML, like Gecko) Chrome/146.0.0.0 Safari/537.36"
185.149.49.50 - - [14/Apr/2026:08:27:25 +0300] "GET /components/com_sppagebuilder/assets/js/sppagebuilder.js?0e2c506aa593d331478b48ba5314a03f HTTP/1.1" 200 35661 "https://mramoria.com/" "Mozilla/5.0 (Windows NT 10.0; Win64; x64) AppleWebKit/537.36 (KHTML, like Gecko) Chrome/146.0.0.0 Safari/537.36"
185.149.49.50 - - [14/Apr/2026:08:27:25 +0300] "GET /modules/mod_djmegamenu/assets/js/jquery.djmegamenu.min.js?4.4.1.pro HTTP/1.0" 200 4134 "https://mramoria.com/" "Mozilla/5.0 (Windows NT 10.0; Win64; x64) AppleWebKit/537.36 (KHTML, like Gecko) Chrome/146.0.0.0 Safari/537.36"
88.82.93.126 - - [14/Apr/2026:08:27:25 +0300] "GET /modules/mod_djmegamenu/assets/js/jquery.djmobilemenu.min.js?4.4.1.pro HTTP/1.0" 200 3019 "https://mramoria.com/" "Mozilla/5.0 (Windows NT 10.0; Win64; x64) AppleWebKit/537.36 (KHTML, like Gecko) Chrome/146.0.0.0 Safari/537.36"
88.82.93.126 - - [14/Apr/2026:08:27:25 +0300] "GET /images/2025/02/14/fon2.jpg HTTP/1.0" 200 440649 "https://mramoria.com/" "Mozilla/5.0 (Windows NT 10.0; Win64; x64) AppleWebKit/537.36 (KHTML, like Gecko) Chrome/146.0.0.0 Safari/537.36"
88.82.93.126 - - [14/Apr/2026:08:27:26 +0300] "GET /images/2025/02/17/sl25-4.jpg HTTP/1.0" 200 320250 "https://mramoria.com/" "Mozilla/5.0 (Windows NT 10.0; Win64; x64) AppleWebKit/537.36 (KHTML, like Gecko) Chrome/146.0.0.0 Safari/537.36"
185.149.49.50 - - [14/Apr/2026:08:27:26 +0300] "GET /images/2025/02/17/img_7666.jpg HTTP/1.0" 200 430884 "https://mramoria.com/" "Mozilla/5.0 (Windows NT 10.0; Win64; x64) AppleWebKit/537.36 (KHTML, like Gecko) Chrome/146.0.0.0 Safari/537.36"
88.82.93.126 - - [14/Apr/2026:08:27:27 +0300] "GET /images/fav.png HTTP/1.0" 200 5650 "https://mramoria.com/" "Mozilla/5.0 (Windows NT 10.0; Win64; x64) AppleWebKit/537.36 (KHTML, like Gecko) Chrome/146.0.0.0 Safari/537.36"
74.7.241.59 - - [14/Apr/2026:08:27:25 +0300] "GET /market/Z022799563959 HTTP/1.0" 404 2091 "https://mramoria.com/sitemap.xml" "Mozilla/5.0 AppleWebKit/537.36 (KHTML, like Gecko; compatible; GPTBot/1.3; +https://openai.com/gptbot)"
216.73.216.159 - - [14/Apr/2026:08:27:26 +0300] "GET /market/Z002192834214 HTTP/1.0" 404 2188 "-" "Mozilla/5.0 AppleWebKit/537.36 (KHTML, like Gecko; compatible; ClaudeBot/1.0; +claudebot@anthropic.com)"
74.7.241.59 - - [14/Apr/2026:08:27:28 +0300] "GET /market/Z023354080089 HTTP/1.0" 404 2091 "https://mramoria.com/sitemap.xml" "Mozilla/5.0 AppleWebKit/537.36 (KHTML, like Gecko; compatible; GPTBot/1.3; +https://openai.com/gptbot)"
216.73.216.159 - - [14/Apr/2026:08:27:31 +0300] "GET /market/Z013181913800 HTTP/1.0" 404 2188 "-" "Mozilla/5.0 AppleWebKit/537.36 (KHTML, like Gecko; compatible; ClaudeBot/1.0; +claudebot@anthropic.com)"
74.7.241.59 - - [14/Apr/2026:08:27:32 +0300] "GET /market/Z021132802405 HTTP/1.0" 404 2091 "https://mramoria.com/sitemap.xml" "Mozilla/5.0 AppleWebKit/537.36 (KHTML, like Gecko; compatible; GPTBot/1.3; +https://openai.com/gptbot)"
74.7.241.59 - - [14/Apr/2026:08:27:35 +0300] "GET /market/Z024150272585 HTTP/1.0" 404 2091 "https://mramoria.com/sitemap.xml" "Mozilla/5.0 AppleWebKit/537.36 (KHTML, like Gecko; compatible; GPTBot/1.3; +https://openai.com/gptbot)"
66.249.70.135 - - [14/Apr/2026:08:27:35 +0300] "GET /market/Z011629342386 HTTP/1.0" 200 29313 "-" "Mozilla/5.0 (Linux; Android 6.0.1; Nexus 5X Build/MMB29P) AppleWebKit/537.36 (KHTML, like Gecko) Chrome/146.0.7680.177 Mobile Safari/537.36 (compatible; GoogleOther)"
216.73.216.159 - - [14/Apr/2026:08:27:36 +0300] "GET /market/Z001733323733 HTTP/1.0" 404 2188 "-" "Mozilla/5.0 AppleWebKit/537.36 (KHTML, like Gecko; compatible; ClaudeBot/1.0; +claudebot@anthropic.com)"
74.7.241.59 - - [14/Apr/2026:08:27:39 +0300] "GET /market/Z021147173719 HTTP/1.0" 404 2091 "https://mramoria.com/sitemap.xml" "Mozilla/5.0 AppleWebKit/537.36 (KHTML, like Gecko; compatible; GPTBot/1.3; +https://openai.com/gptbot)"
74.7.241.59 - - [14/Apr/2026:08:27:42 +0300] "GET /market/Z022942729853 HTTP/1.0" 404 2091 "https://mramoria.com/sitemap.xml" "Mozilla/5.0 AppleWebKit/537.36 (KHTML, like Gecko; compatible; GPTBot/1.3; +https://openai.com/gptbot)"
74.7.241.59 - - [14/Apr/2026:08:27:46 +0300] "GET /market/Z024056026157 HTTP/1.0" 404 2091 "https://mramoria.com/sitemap.xml" "Mozilla/5.0 AppleWebKit/537.36 (KHTML, like Gecko; compatible; GPTBot/1.3; +https://openai.com/gptbot)"
74.7.241.59 - - [14/Apr/2026:08:27:49 +0300] "GET /market/Z021383310254 HTTP/1.0" 404 2091 "https://mramoria.com/sitemap.xml" "Mozilla/5.0 AppleWebKit/537.36 (KHTML, like Gecko; compatible; GPTBot/1.3; +https://openai.com/gptbot)"
74.7.241.59 - - [14/Apr/2026:08:27:52 +0300] "GET /market/Z021331359473 HTTP/1.0" 404 2091 "https://mramoria.com/sitemap.xml" "Mozilla/5.0 AppleWebKit/537.36 (KHTML, like Gecko; compatible; GPTBot/1.3; +https://openai.com/gptbot)"
74.7.241.59 - - [14/Apr/2026:08:27:56 +0300] "GET /market/Z023129294381 HTTP/1.0" 404 2091 "https://mramoria.com/sitemap.xml" "Mozilla/5.0 AppleWebKit/537.36 (KHTML, like Gecko; compatible; GPTBot/1.3; +https://openai.com/gptbot)"
74.7.241.59 - - [14/Apr/2026:08:27:59 +0300] "GET /market/Z022783421020 HTTP/1.0" 404 2091 "https://mramoria.com/sitemap.xml" "Mozilla/5.0 AppleWebKit/537.36 (KHTML, like Gecko; compatible; GPTBot/1.3; +https://openai.com/gptbot)"
74.7.241.59 - - [14/Apr/2026:08:28:03 +0300] "GET /market/Z022323760786 HTTP/1.0" 404 2091 "https://mramoria.com/sitemap.xml" "Mozilla/5.0 AppleWebKit/537.36 (KHTML, like Gecko; compatible; GPTBot/1.3; +https://openai.com/gptbot)"
74.7.241.59 - - [14/Apr/2026:08:28:07 +0300] "GET /market/Z022988716224 HTTP/1.0" 404 2091 "https://mramoria.com/sitemap.xml" "Mozilla/5.0 AppleWebKit/537.36 (KHTML, like Gecko; compatible; GPTBot/1.3; +https://openai.com/gptbot)"
74.7.241.59 - - [14/Apr/2026:08:28:10 +0300] "GET /market/Z021804674744 HTTP/1.0" 404 2091 "https://mramoria.com/sitemap.xml" "Mozilla/5.0 AppleWebKit/537.36 (KHTML, like Gecko; compatible; GPTBot/1.3; +https://openai.com/gptbot)"
74.7.241.59 - - [14/Apr/2026:08:28:13 +0300] "GET /market/Z022796187270 HTTP/1.0" 404 2091 "https://mramoria.com/sitemap.xml" "Mozilla/5.0 AppleWebKit/537.36 (KHTML, like Gecko; compatible; GPTBot/1.3; +https://openai.com/gptbot)"
74.7.241.59 - - [14/Apr/2026:08:28:17 +0300] "GET /market/Z023137423365 HTTP/1.0" 404 2091 "https://mramoria.com/sitemap.xml" "Mozilla/5.0 AppleWebKit/537.36 (KHTML, like Gecko; compatible; GPTBot/1.3; +https://openai.com/gptbot)"
