74.7.241.59 - - [14/Apr/2026:07:29:09 +0300] "GET /market/Z023497460167 HTTP/1.0" 404 2091 "https://mramoria.com/sitemap.xml" "Mozilla/5.0 AppleWebKit/537.36 (KHTML, like Gecko; compatible; GPTBot/1.3; +https://openai.com/gptbot)"
20.219.138.200 - - [14/Apr/2026:07:29:09 +0300] "GET /a5.php HTTP/1.0" 404 2188 "-" "Mozilla/5.0 (Windows NT 10.0; Win64; x64) AppleWebKit/537.36 (KHTML, like Gecko) Chrome/120.0.0.0 Safari/537.36"
20.219.138.200 - - [14/Apr/2026:07:29:12 +0300] "GET /aa.php HTTP/1.0" 404 2188 "-" "Mozilla/5.0 (Windows NT 10.0; Win64; x64) AppleWebKit/537.36 (KHTML, like Gecko) Chrome/120.0.0.0 Safari/537.36"
74.7.241.59 - - [14/Apr/2026:07:29:12 +0300] "GET /market/Z021047639293 HTTP/1.0" 404 2091 "https://mramoria.com/sitemap.xml" "Mozilla/5.0 AppleWebKit/537.36 (KHTML, like Gecko; compatible; GPTBot/1.3; +https://openai.com/gptbot)"
20.219.138.200 - - [14/Apr/2026:07:29:15 +0300] "GET /bolt.php HTTP/1.0" 404 2188 "-" "Mozilla/5.0 (Windows NT 10.0; Win64; x64) AppleWebKit/537.36 (KHTML, like Gecko) Chrome/120.0.0.0 Safari/537.36"
74.7.241.59 - - [14/Apr/2026:07:29:15 +0300] "GET /market/Z024037113662 HTTP/1.0" 404 2091 "https://mramoria.com/sitemap.xml" "Mozilla/5.0 AppleWebKit/537.36 (KHTML, like Gecko; compatible; GPTBot/1.3; +https://openai.com/gptbot)"
20.219.138.200 - - [14/Apr/2026:07:29:18 +0300] "GET /x.php HTTP/1.0" 404 2188 "-" "Mozilla/5.0 (Windows NT 10.0; Win64; x64) AppleWebKit/537.36 (KHTML, like Gecko) Chrome/120.0.0.0 Safari/537.36"
74.7.241.59 - - [14/Apr/2026:07:29:18 +0300] "GET /market/Z023095287491 HTTP/1.0" 404 2091 "https://mramoria.com/sitemap.xml" "Mozilla/5.0 AppleWebKit/537.36 (KHTML, like Gecko; compatible; GPTBot/1.3; +https://openai.com/gptbot)"
20.219.138.200 - - [14/Apr/2026:07:29:22 +0300] "GET /jga.php HTTP/1.0" 404 2188 "-" "Mozilla/5.0 (Windows NT 10.0; Win64; x64) AppleWebKit/537.36 (KHTML, like Gecko) Chrome/120.0.0.0 Safari/537.36"
74.7.241.59 - - [14/Apr/2026:07:29:22 +0300] "GET /market/Z023267847616 HTTP/1.0" 404 2091 "https://mramoria.com/sitemap.xml" "Mozilla/5.0 AppleWebKit/537.36 (KHTML, like Gecko; compatible; GPTBot/1.3; +https://openai.com/gptbot)"
20.219.138.200 - - [14/Apr/2026:07:29:25 +0300] "GET /k.php HTTP/1.0" 404 2188 "-" "Mozilla/5.0 (Windows NT 10.0; Win64; x64) AppleWebKit/537.36 (KHTML, like Gecko) Chrome/120.0.0.0 Safari/537.36"
74.7.241.59 - - [14/Apr/2026:07:29:25 +0300] "GET /market/Z023817890770 HTTP/1.0" 404 2091 "https://mramoria.com/sitemap.xml" "Mozilla/5.0 AppleWebKit/537.36 (KHTML, like Gecko; compatible; GPTBot/1.3; +https://openai.com/gptbot)"
74.7.241.59 - - [14/Apr/2026:07:29:29 +0300] "GET /market/Z023445509386 HTTP/1.0" 404 2091 "https://mramoria.com/sitemap.xml" "Mozilla/5.0 AppleWebKit/537.36 (KHTML, like Gecko; compatible; GPTBot/1.3; +https://openai.com/gptbot)"
20.219.138.200 - - [14/Apr/2026:07:29:29 +0300] "GET /vx.php HTTP/1.0" 404 2188 "-" "Mozilla/5.0 (Windows NT 10.0; Win64; x64) AppleWebKit/537.36 (KHTML, like Gecko) Chrome/120.0.0.0 Safari/537.36"
74.7.241.59 - - [14/Apr/2026:07:29:32 +0300] "GET /market/Z023007628719 HTTP/1.0" 404 2091 "https://mramoria.com/sitemap.xml" "Mozilla/5.0 AppleWebKit/537.36 (KHTML, like Gecko; compatible; GPTBot/1.3; +https://openai.com/gptbot)"
20.219.138.200 - - [14/Apr/2026:07:29:32 +0300] "GET /ws77.php HTTP/1.0" 404 2188 "-" "Mozilla/5.0 (Windows NT 10.0; Win64; x64) AppleWebKit/537.36 (KHTML, like Gecko) Chrome/120.0.0.0 Safari/537.36"
74.7.241.59 - - [14/Apr/2026:07:29:35 +0300] "GET /market/Z021006014467 HTTP/1.0" 404 2091 "https://mramoria.com/sitemap.xml" "Mozilla/5.0 AppleWebKit/537.36 (KHTML, like Gecko; compatible; GPTBot/1.3; +https://openai.com/gptbot)"
20.219.138.200 - - [14/Apr/2026:07:29:35 +0300] "GET /2.php HTTP/1.0" 404 2188 "-" "Mozilla/5.0 (Windows NT 10.0; Win64; x64) AppleWebKit/537.36 (KHTML, like Gecko) Chrome/120.0.0.0 Safari/537.36"
74.7.241.59 - - [14/Apr/2026:07:29:39 +0300] "GET /market/Z021506369818 HTTP/1.0" 404 2091 "https://mramoria.com/sitemap.xml" "Mozilla/5.0 AppleWebKit/537.36 (KHTML, like Gecko; compatible; GPTBot/1.3; +https://openai.com/gptbot)"
20.219.138.200 - - [14/Apr/2026:07:29:41 +0300] "GET /abcd.php HTTP/1.0" 404 2188 "-" "Mozilla/5.0 (Windows NT 10.0; Win64; x64) AppleWebKit/537.36 (KHTML, like Gecko) Chrome/120.0.0.0 Safari/537.36"
74.7.241.59 - - [14/Apr/2026:07:29:42 +0300] "GET /market/Z021073564758 HTTP/1.0" 404 2091 "https://mramoria.com/sitemap.xml" "Mozilla/5.0 AppleWebKit/537.36 (KHTML, like Gecko; compatible; GPTBot/1.3; +https://openai.com/gptbot)"
20.219.138.200 - - [14/Apr/2026:07:29:44 +0300] "GET /wp-content/plugins/admin.php HTTP/1.0" 404 2188 "-" "Mozilla/5.0 (Windows NT 10.0; Win64; x64) AppleWebKit/537.36 (KHTML, like Gecko) Chrome/120.0.0.0 Safari/537.36"
74.7.241.59 - - [14/Apr/2026:07:29:46 +0300] "GET /market/Z023843372625 HTTP/1.0" 404 2091 "https://mramoria.com/sitemap.xml" "Mozilla/5.0 AppleWebKit/537.36 (KHTML, like Gecko; compatible; GPTBot/1.3; +https://openai.com/gptbot)"
20.219.138.200 - - [14/Apr/2026:07:29:47 +0300] "GET /asd.php HTTP/1.0" 404 2188 "-" "Mozilla/5.0 (Windows NT 10.0; Win64; x64) AppleWebKit/537.36 (KHTML, like Gecko) Chrome/120.0.0.0 Safari/537.36"
74.7.241.59 - - [14/Apr/2026:07:29:49 +0300] "GET /market/Z021091782561 HTTP/1.0" 404 2091 "https://mramoria.com/sitemap.xml" "Mozilla/5.0 AppleWebKit/537.36 (KHTML, like Gecko; compatible; GPTBot/1.3; +https://openai.com/gptbot)"
20.219.138.200 - - [14/Apr/2026:07:29:50 +0300] "GET /default.php HTTP/1.0" 404 2188 "-" "Mozilla/5.0 (Windows NT 10.0; Win64; x64) AppleWebKit/537.36 (KHTML, like Gecko) Chrome/120.0.0.0 Safari/537.36"
74.7.241.59 - - [14/Apr/2026:07:29:53 +0300] "GET /market/Z024039278252 HTTP/1.0" 404 2091 "https://mramoria.com/sitemap.xml" "Mozilla/5.0 AppleWebKit/537.36 (KHTML, like Gecko; compatible; GPTBot/1.3; +https://openai.com/gptbot)"
20.219.138.200 - - [14/Apr/2026:07:29:54 +0300] "GET /gettest.php HTTP/1.0" 404 2188 "-" "Mozilla/5.0 (Windows NT 10.0; Win64; x64) AppleWebKit/537.36 (KHTML, like Gecko) Chrome/120.0.0.0 Safari/537.36"
74.7.241.59 - - [14/Apr/2026:07:29:56 +0300] "GET /market/Z022146234151 HTTP/1.0" 404 2091 "https://mramoria.com/sitemap.xml" "Mozilla/5.0 AppleWebKit/537.36 (KHTML, like Gecko; compatible; GPTBot/1.3; +https://openai.com/gptbot)"
20.219.138.200 - - [14/Apr/2026:07:29:57 +0300] "GET /install.php HTTP/1.0" 404 2188 "-" "Mozilla/5.0 (Windows NT 10.0; Win64; x64) AppleWebKit/537.36 (KHTML, like Gecko) Chrome/120.0.0.0 Safari/537.36"
74.7.241.59 - - [14/Apr/2026:07:29:59 +0300] "GET /market/Z024001469359 HTTP/1.0" 404 2091 "https://mramoria.com/sitemap.xml" "Mozilla/5.0 AppleWebKit/537.36 (KHTML, like Gecko; compatible; GPTBot/1.3; +https://openai.com/gptbot)"
20.219.138.200 - - [14/Apr/2026:07:30:00 +0300] "GET /tfm.php HTTP/1.0" 404 2188 "-" "Mozilla/5.0 (Windows NT 10.0; Win64; x64) AppleWebKit/537.36 (KHTML, like Gecko) Chrome/120.0.0.0 Safari/537.36"
74.7.241.59 - - [14/Apr/2026:07:30:03 +0300] "GET /market/Z021579443092 HTTP/1.0" 404 2091 "https://mramoria.com/sitemap.xml" "Mozilla/5.0 AppleWebKit/537.36 (KHTML, like Gecko; compatible; GPTBot/1.3; +https://openai.com/gptbot)"
20.219.138.200 - - [14/Apr/2026:07:30:04 +0300] "GET /ws81.php HTTP/1.0" 404 2188 "-" "Mozilla/5.0 (Windows NT 10.0; Win64; x64) AppleWebKit/537.36 (KHTML, like Gecko) Chrome/120.0.0.0 Safari/537.36"
74.7.241.59 - - [14/Apr/2026:07:30:06 +0300] "GET /market/Z022817523979 HTTP/1.0" 404 2091 "https://mramoria.com/sitemap.xml" "Mozilla/5.0 AppleWebKit/537.36 (KHTML, like Gecko; compatible; GPTBot/1.3; +https://openai.com/gptbot)"
20.219.138.200 - - [14/Apr/2026:07:30:07 +0300] "GET /222.php HTTP/1.0" 404 2188 "-" "Mozilla/5.0 (Windows NT 10.0; Win64; x64) AppleWebKit/537.36 (KHTML, like Gecko) Chrome/120.0.0.0 Safari/537.36"
74.7.241.59 - - [14/Apr/2026:07:30:10 +0300] "GET /market/Z022353667906 HTTP/1.0" 404 2091 "https://mramoria.com/sitemap.xml" "Mozilla/5.0 AppleWebKit/537.36 (KHTML, like Gecko; compatible; GPTBot/1.3; +https://openai.com/gptbot)"
20.219.138.200 - - [14/Apr/2026:07:30:10 +0300] "GET /tmp.php HTTP/1.0" 404 2188 "-" "Mozilla/5.0 (Windows NT 10.0; Win64; x64) AppleWebKit/537.36 (KHTML, like Gecko) Chrome/120.0.0.0 Safari/537.36"
74.7.241.59 - - [14/Apr/2026:07:30:13 +0300] "GET /market/Z023845796807 HTTP/1.0" 404 2091 "https://mramoria.com/sitemap.xml" "Mozilla/5.0 AppleWebKit/537.36 (KHTML, like Gecko; compatible; GPTBot/1.3; +https://openai.com/gptbot)"
20.219.138.200 - - [14/Apr/2026:07:30:13 +0300] "GET /wp-admin/maint/index.php HTTP/1.0" 404 2188 "-" "Mozilla/5.0 (Windows NT 10.0; Win64; x64) AppleWebKit/537.36 (KHTML, like Gecko) Chrome/120.0.0.0 Safari/537.36"
74.7.241.59 - - [14/Apr/2026:07:30:16 +0300] "GET /market/Z022143809969 HTTP/1.0" 404 2091 "https://mramoria.com/sitemap.xml" "Mozilla/5.0 AppleWebKit/537.36 (KHTML, like Gecko; compatible; GPTBot/1.3; +https://openai.com/gptbot)"
20.219.138.200 - - [14/Apr/2026:07:30:17 +0300] "GET /6xBAm3vODE05BSzkJZRAws.php HTTP/1.0" 404 2188 "-" "Mozilla/5.0 (Windows NT 10.0; Win64; x64) AppleWebKit/537.36 (KHTML, like Gecko) Chrome/120.0.0.0 Safari/537.36"
74.7.241.59 - - [14/Apr/2026:07:30:20 +0300] "GET /market/Z022755167426 HTTP/1.0" 404 2091 "https://mramoria.com/sitemap.xml" "Mozilla/5.0 AppleWebKit/537.36 (KHTML, like Gecko; compatible; GPTBot/1.3; +https://openai.com/gptbot)"
20.219.138.200 - - [14/Apr/2026:07:30:20 +0300] "GET /a.php HTTP/1.0" 404 2188 "-" "Mozilla/5.0 (Windows NT 10.0; Win64; x64) AppleWebKit/537.36 (KHTML, like Gecko) Chrome/120.0.0.0 Safari/537.36"
216.73.216.159 - - [14/Apr/2026:07:30:23 +0300] "GET /market/Z014136342698 HTTP/1.0" 404 2188 "-" "Mozilla/5.0 AppleWebKit/537.36 (KHTML, like Gecko; compatible; ClaudeBot/1.0; +claudebot@anthropic.com)"
74.7.241.59 - - [14/Apr/2026:07:30:23 +0300] "GET /market/Z021992678598 HTTP/1.0" 404 2091 "https://mramoria.com/sitemap.xml" "Mozilla/5.0 AppleWebKit/537.36 (KHTML, like Gecko; compatible; GPTBot/1.3; +https://openai.com/gptbot)"
20.219.138.200 - - [14/Apr/2026:07:30:23 +0300] "GET /a1.php HTTP/1.0" 404 2188 "-" "Mozilla/5.0 (Windows NT 10.0; Win64; x64) AppleWebKit/537.36 (KHTML, like Gecko) Chrome/120.0.0.0 Safari/537.36"
74.7.241.59 - - [14/Apr/2026:07:30:26 +0300] "GET /market/Z022632429317 HTTP/1.0" 404 2091 "https://mramoria.com/sitemap.xml" "Mozilla/5.0 AppleWebKit/537.36 (KHTML, like Gecko; compatible; GPTBot/1.3; +https://openai.com/gptbot)"
20.219.138.200 - - [14/Apr/2026:07:30:26 +0300] "GET /onclickfuns.php HTTP/1.0" 404 2188 "-" "Mozilla/5.0 (Windows NT 10.0; Win64; x64) AppleWebKit/537.36 (KHTML, like Gecko) Chrome/120.0.0.0 Safari/537.36"
216.73.216.159 - - [14/Apr/2026:07:30:28 +0300] "GET /market/Z01894525167 HTTP/1.0" 404 2091 "-" "Mozilla/5.0 AppleWebKit/537.36 (KHTML, like Gecko; compatible; ClaudeBot/1.0; +claudebot@anthropic.com)"
74.7.241.59 - - [14/Apr/2026:07:30:30 +0300] "GET /market/Z022140433280 HTTP/1.0" 404 2091 "https://mramoria.com/sitemap.xml" "Mozilla/5.0 AppleWebKit/537.36 (KHTML, like Gecko; compatible; GPTBot/1.3; +https://openai.com/gptbot)"
20.219.138.200 - - [14/Apr/2026:07:30:30 +0300] "GET /w.php HTTP/1.0" 404 2188 "-" "Mozilla/5.0 (Windows NT 10.0; Win64; x64) AppleWebKit/537.36 (KHTML, like Gecko) Chrome/120.0.0.0 Safari/537.36"
20.219.138.200 - - [14/Apr/2026:07:30:33 +0300] "GET /wp-admin/maint/about.php HTTP/1.0" 404 2188 "-" "Mozilla/5.0 (Windows NT 10.0; Win64; x64) AppleWebKit/537.36 (KHTML, like Gecko) Chrome/120.0.0.0 Safari/537.36"
74.7.241.59 - - [14/Apr/2026:07:30:33 +0300] "GET /market/Z021138603308 HTTP/1.0" 404 2091 "https://mramoria.com/sitemap.xml" "Mozilla/5.0 AppleWebKit/537.36 (KHTML, like Gecko; compatible; GPTBot/1.3; +https://openai.com/gptbot)"
216.73.216.159 - - [14/Apr/2026:07:30:34 +0300] "GET /market/Z00775170692 HTTP/1.0" 404 2091 "-" "Mozilla/5.0 AppleWebKit/537.36 (KHTML, like Gecko; compatible; ClaudeBot/1.0; +claudebot@anthropic.com)"
20.219.138.200 - - [14/Apr/2026:07:30:36 +0300] "GET /wp-content/plugins/index.php HTTP/1.0" 404 2188 "-" "Mozilla/5.0 (Windows NT 10.0; Win64; x64) AppleWebKit/537.36 (KHTML, like Gecko) Chrome/120.0.0.0 Safari/537.36"
74.7.241.59 - - [14/Apr/2026:07:30:36 +0300] "GET /market/Z021552583416 HTTP/1.0" 404 2091 "https://mramoria.com/sitemap.xml" "Mozilla/5.0 AppleWebKit/537.36 (KHTML, like Gecko; compatible; GPTBot/1.3; +https://openai.com/gptbot)"
20.219.138.200 - - [14/Apr/2026:07:30:40 +0300] "GET /wp-good.php HTTP/1.0" 404 2188 "-" "Mozilla/5.0 (Windows NT 10.0; Win64; x64) AppleWebKit/537.36 (KHTML, like Gecko) Chrome/120.0.0.0 Safari/537.36"
74.7.241.59 - - [14/Apr/2026:07:30:40 +0300] "GET /market/Z022725096783 HTTP/1.0" 404 2091 "https://mramoria.com/sitemap.xml" "Mozilla/5.0 AppleWebKit/537.36 (KHTML, like Gecko; compatible; GPTBot/1.3; +https://openai.com/gptbot)"
216.73.216.159 - - [14/Apr/2026:07:30:40 +0300] "GET /market/Z01875449149 HTTP/1.0" 404 2091 "-" "Mozilla/5.0 AppleWebKit/537.36 (KHTML, like Gecko; compatible; ClaudeBot/1.0; +claudebot@anthropic.com)"
74.7.241.59 - - [14/Apr/2026:07:30:43 +0300] "GET /market/Z023325826511 HTTP/1.0" 404 2091 "https://mramoria.com/sitemap.xml" "Mozilla/5.0 AppleWebKit/537.36 (KHTML, like Gecko; compatible; GPTBot/1.3; +https://openai.com/gptbot)"
20.219.138.200 - - [14/Apr/2026:07:30:43 +0300] "GET /.info.php HTTP/1.0" 404 2188 "-" "Mozilla/5.0 (Windows NT 10.0; Win64; x64) AppleWebKit/537.36 (KHTML, like Gecko) Chrome/120.0.0.0 Safari/537.36"
216.73.216.159 - - [14/Apr/2026:07:30:46 +0300] "GET /market/Z00327045840 HTTP/1.0" 404 2091 "-" "Mozilla/5.0 AppleWebKit/537.36 (KHTML, like Gecko; compatible; ClaudeBot/1.0; +claudebot@anthropic.com)"
20.219.138.200 - - [14/Apr/2026:07:30:46 +0300] "GET /config.php HTTP/1.0" 404 2188 "-" "Mozilla/5.0 (Windows NT 10.0; Win64; x64) AppleWebKit/537.36 (KHTML, like Gecko) Chrome/120.0.0.0 Safari/537.36"
74.7.241.59 - - [14/Apr/2026:07:30:46 +0300] "GET /market/Z024189457116 HTTP/1.0" 404 2091 "https://mramoria.com/sitemap.xml" "Mozilla/5.0 AppleWebKit/537.36 (KHTML, like Gecko; compatible; GPTBot/1.3; +https://openai.com/gptbot)"
20.219.138.200 - - [14/Apr/2026:07:30:50 +0300] "GET /item.php HTTP/1.0" 404 2188 "-" "Mozilla/5.0 (Windows NT 10.0; Win64; x64) AppleWebKit/537.36 (KHTML, like Gecko) Chrome/120.0.0.0 Safari/537.36"
74.7.241.59 - - [14/Apr/2026:07:30:50 +0300] "GET /market/Z023733400798 HTTP/1.0" 404 2091 "https://mramoria.com/sitemap.xml" "Mozilla/5.0 AppleWebKit/537.36 (KHTML, like Gecko; compatible; GPTBot/1.3; +https://openai.com/gptbot)"
216.73.216.159 - - [14/Apr/2026:07:30:52 +0300] "GET /market/Z004285130076 HTTP/1.0" 404 2091 "-" "Mozilla/5.0 AppleWebKit/537.36 (KHTML, like Gecko; compatible; ClaudeBot/1.0; +claudebot@anthropic.com)"
20.219.138.200 - - [14/Apr/2026:07:30:53 +0300] "GET /m.php HTTP/1.0" 404 2188 "-" "Mozilla/5.0 (Windows NT 10.0; Win64; x64) AppleWebKit/537.36 (KHTML, like Gecko) Chrome/120.0.0.0 Safari/537.36"
74.7.241.59 - - [14/Apr/2026:07:30:53 +0300] "GET /market/Z022120145163 HTTP/1.0" 404 2091 "https://mramoria.com/sitemap.xml" "Mozilla/5.0 AppleWebKit/537.36 (KHTML, like Gecko; compatible; GPTBot/1.3; +https://openai.com/gptbot)"
20.219.138.200 - - [14/Apr/2026:07:30:56 +0300] "GET /rh.php HTTP/1.0" 404 2188 "-" "Mozilla/5.0 (Windows NT 10.0; Win64; x64) AppleWebKit/537.36 (KHTML, like Gecko) Chrome/120.0.0.0 Safari/537.36"
74.7.241.59 - - [14/Apr/2026:07:30:56 +0300] "GET /market/Z023496248068 HTTP/1.0" 404 2091 "https://mramoria.com/sitemap.xml" "Mozilla/5.0 AppleWebKit/537.36 (KHTML, like Gecko; compatible; GPTBot/1.3; +https://openai.com/gptbot)"
74.7.241.59 - - [14/Apr/2026:07:31:00 +0300] "GET /market/Z021848723752 HTTP/1.0" 404 2091 "https://mramoria.com/sitemap.xml" "Mozilla/5.0 AppleWebKit/537.36 (KHTML, like Gecko; compatible; GPTBot/1.3; +https://openai.com/gptbot)"
216.73.216.159 - - [14/Apr/2026:07:30:59 +0300] "GET /market/Z00839398200 HTTP/1.0" 404 2188 "-" "Mozilla/5.0 AppleWebKit/537.36 (KHTML, like Gecko; compatible; ClaudeBot/1.0; +claudebot@anthropic.com)"
74.7.241.59 - - [14/Apr/2026:07:31:03 +0300] "GET /market/Z022517729034 HTTP/1.0" 404 2091 "https://mramoria.com/sitemap.xml" "Mozilla/5.0 AppleWebKit/537.36 (KHTML, like Gecko; compatible; GPTBot/1.3; +https://openai.com/gptbot)"
216.73.216.159 - - [14/Apr/2026:07:31:05 +0300] "GET /market/Z004208238686 HTTP/1.0" 404 2091 "-" "Mozilla/5.0 AppleWebKit/537.36 (KHTML, like Gecko; compatible; ClaudeBot/1.0; +claudebot@anthropic.com)"
74.7.241.59 - - [14/Apr/2026:07:31:06 +0300] "GET /market/Z022987340586 HTTP/1.0" 404 2091 "https://mramoria.com/sitemap.xml" "Mozilla/5.0 AppleWebKit/537.36 (KHTML, like Gecko; compatible; GPTBot/1.3; +https://openai.com/gptbot)"
74.7.241.59 - - [14/Apr/2026:07:31:10 +0300] "GET /market/Z023374582406 HTTP/1.0" 404 2091 "https://mramoria.com/sitemap.xml" "Mozilla/5.0 AppleWebKit/537.36 (KHTML, like Gecko; compatible; GPTBot/1.3; +https://openai.com/gptbot)"
216.73.216.159 - - [14/Apr/2026:07:31:11 +0300] "GET /market/Z00623809422 HTTP/1.0" 404 2091 "-" "Mozilla/5.0 AppleWebKit/537.36 (KHTML, like Gecko; compatible; ClaudeBot/1.0; +claudebot@anthropic.com)"
74.7.241.59 - - [14/Apr/2026:07:31:13 +0300] "GET /market/Z021312446978 HTTP/1.0" 404 2091 "https://mramoria.com/sitemap.xml" "Mozilla/5.0 AppleWebKit/537.36 (KHTML, like Gecko; compatible; GPTBot/1.3; +https://openai.com/gptbot)"
74.7.241.59 - - [14/Apr/2026:07:31:17 +0300] "GET /market/Z021828780993 HTTP/1.0" 404 2091 "https://mramoria.com/sitemap.xml" "Mozilla/5.0 AppleWebKit/537.36 (KHTML, like Gecko; compatible; GPTBot/1.3; +https://openai.com/gptbot)"
216.73.216.159 - - [14/Apr/2026:07:31:19 +0300] "GET /market/Z003280875906 HTTP/1.0" 404 2188 "-" "Mozilla/5.0 AppleWebKit/537.36 (KHTML, like Gecko; compatible; ClaudeBot/1.0; +claudebot@anthropic.com)"
74.7.241.59 - - [14/Apr/2026:07:31:20 +0300] "GET /market/Z023864267875 HTTP/1.0" 404 2091 "https://mramoria.com/sitemap.xml" "Mozilla/5.0 AppleWebKit/537.36 (KHTML, like Gecko; compatible; GPTBot/1.3; +https://openai.com/gptbot)"
74.7.241.59 - - [14/Apr/2026:07:31:24 +0300] "GET /market/Z021381934616 HTTP/1.0" 404 2091 "https://mramoria.com/sitemap.xml" "Mozilla/5.0 AppleWebKit/537.36 (KHTML, like Gecko; compatible; GPTBot/1.3; +https://openai.com/gptbot)"
216.73.216.159 - - [14/Apr/2026:07:31:24 +0300] "GET /market/Z012489916867 HTTP/1.0" 404 2091 "-" "Mozilla/5.0 AppleWebKit/537.36 (KHTML, like Gecko; compatible; ClaudeBot/1.0; +claudebot@anthropic.com)"
74.7.241.59 - - [14/Apr/2026:07:31:27 +0300] "GET /market/Z023658933590 HTTP/1.0" 404 2091 "https://mramoria.com/sitemap.xml" "Mozilla/5.0 AppleWebKit/537.36 (KHTML, like Gecko; compatible; GPTBot/1.3; +https://openai.com/gptbot)"
66.249.76.129 - - [14/Apr/2026:07:31:28 +0300] "GET /market/Z012447314433 HTTP/1.0" 200 27386 "-" "Mozilla/5.0 (Linux; Android 6.0.1; Nexus 5X Build/MMB29P) AppleWebKit/537.36 (KHTML, like Gecko) Chrome/146.0.7680.177 Mobile Safari/537.36 (compatible; GoogleOther)"
216.73.216.159 - - [14/Apr/2026:07:31:30 +0300] "GET /market/Z012196390322 HTTP/1.0" 404 2091 "-" "Mozilla/5.0 AppleWebKit/537.36 (KHTML, like Gecko; compatible; ClaudeBot/1.0; +claudebot@anthropic.com)"
74.7.241.59 - - [14/Apr/2026:07:31:31 +0300] "GET /market/Z023469944880 HTTP/1.0" 404 2091 "https://mramoria.com/sitemap.xml" "Mozilla/5.0 AppleWebKit/537.36 (KHTML, like Gecko; compatible; GPTBot/1.3; +https://openai.com/gptbot)"
74.7.241.59 - - [14/Apr/2026:07:31:34 +0300] "GET /market/Z021334899669 HTTP/1.0" 404 2091 "https://mramoria.com/sitemap.xml" "Mozilla/5.0 AppleWebKit/537.36 (KHTML, like Gecko; compatible; GPTBot/1.3; +https://openai.com/gptbot)"
216.73.216.159 - - [14/Apr/2026:07:31:36 +0300] "GET /market/Z01470572940 HTTP/1.0" 404 2091 "-" "Mozilla/5.0 AppleWebKit/537.36 (KHTML, like Gecko; compatible; ClaudeBot/1.0; +claudebot@anthropic.com)"
74.7.241.59 - - [14/Apr/2026:07:31:38 +0300] "GET /market/Z022551997715 HTTP/1.0" 404 2091 "https://mramoria.com/sitemap.xml" "Mozilla/5.0 AppleWebKit/537.36 (KHTML, like Gecko; compatible; GPTBot/1.3; +https://openai.com/gptbot)"
74.7.241.59 - - [14/Apr/2026:07:31:41 +0300] "GET /market/Z021066388249 HTTP/1.0" 404 2091 "https://mramoria.com/sitemap.xml" "Mozilla/5.0 AppleWebKit/537.36 (KHTML, like Gecko; compatible; GPTBot/1.3; +https://openai.com/gptbot)"
216.73.216.159 - - [14/Apr/2026:07:31:42 +0300] "GET /market/Z014237113094 HTTP/1.0" 404 2091 "-" "Mozilla/5.0 AppleWebKit/537.36 (KHTML, like Gecko; compatible; ClaudeBot/1.0; +claudebot@anthropic.com)"
74.7.241.59 - - [14/Apr/2026:07:31:44 +0300] "GET /market/Z021487457339 HTTP/1.0" 404 2091 "https://mramoria.com/sitemap.xml" "Mozilla/5.0 AppleWebKit/537.36 (KHTML, like Gecko; compatible; GPTBot/1.3; +https://openai.com/gptbot)"
216.73.216.159 - - [14/Apr/2026:07:31:48 +0300] "GET /market/Z014067839932 HTTP/1.0" 404 2091 "-" "Mozilla/5.0 AppleWebKit/537.36 (KHTML, like Gecko; compatible; ClaudeBot/1.0; +claudebot@anthropic.com)"
74.7.241.59 - - [14/Apr/2026:07:31:49 +0300] "GET /market/Z023567175048 HTTP/1.0" 404 2091 "https://mramoria.com/sitemap.xml" "Mozilla/5.0 AppleWebKit/537.36 (KHTML, like Gecko; compatible; GPTBot/1.3; +https://openai.com/gptbot)"
74.7.241.59 - - [14/Apr/2026:07:31:53 +0300] "GET /market/Z024118593840 HTTP/1.0" 404 2091 "https://mramoria.com/sitemap.xml" "Mozilla/5.0 AppleWebKit/537.36 (KHTML, like Gecko; compatible; GPTBot/1.3; +https://openai.com/gptbot)"
74.7.241.59 - - [14/Apr/2026:07:31:56 +0300] "GET /market/Z023594034724 HTTP/1.0" 404 2091 "https://mramoria.com/sitemap.xml" "Mozilla/5.0 AppleWebKit/537.36 (KHTML, like Gecko; compatible; GPTBot/1.3; +https://openai.com/gptbot)"
74.7.241.59 - - [14/Apr/2026:07:31:59 +0300] "GET /market/Z021857901344 HTTP/1.0" 404 2091 "https://mramoria.com/sitemap.xml" "Mozilla/5.0 AppleWebKit/537.36 (KHTML, like Gecko; compatible; GPTBot/1.3; +https://openai.com/gptbot)"
74.7.241.59 - - [14/Apr/2026:07:32:03 +0300] "GET /market/Z022403076358 HTTP/1.0" 404 2091 "https://mramoria.com/sitemap.xml" "Mozilla/5.0 AppleWebKit/537.36 (KHTML, like Gecko; compatible; GPTBot/1.3; +https://openai.com/gptbot)"
66.249.70.135 - - [14/Apr/2026:07:32:04 +0300] "GET /market/Z014292460823 HTTP/1.0" 200 29809 "-" "Mozilla/5.0 (Linux; Android 6.0.1; Nexus 5X Build/MMB29P) AppleWebKit/537.36 (KHTML, like Gecko) Chrome/146.0.7680.177 Mobile Safari/537.36 (compatible; GoogleOther)"
74.7.241.59 - - [14/Apr/2026:07:32:06 +0300] "GET /market/Z022849531985 HTTP/1.0" 404 2091 "https://mramoria.com/sitemap.xml" "Mozilla/5.0 AppleWebKit/537.36 (KHTML, like Gecko; compatible; GPTBot/1.3; +https://openai.com/gptbot)"
74.7.241.59 - - [14/Apr/2026:07:32:10 +0300] "GET /market/Z024062597700 HTTP/1.0" 404 2091 "https://mramoria.com/sitemap.xml" "Mozilla/5.0 AppleWebKit/537.36 (KHTML, like Gecko; compatible; GPTBot/1.3; +https://openai.com/gptbot)"
74.7.241.59 - - [14/Apr/2026:07:32:13 +0300] "GET /market/Z022510763655 HTTP/1.0" 404 2091 "https://mramoria.com/sitemap.xml" "Mozilla/5.0 AppleWebKit/537.36 (KHTML, like Gecko; compatible; GPTBot/1.3; +https://openai.com/gptbot)"
74.7.241.59 - - [14/Apr/2026:07:32:17 +0300] "GET /market/Z023191862064 HTTP/1.0" 404 2091 "https://mramoria.com/sitemap.xml" "Mozilla/5.0 AppleWebKit/537.36 (KHTML, like Gecko; compatible; GPTBot/1.3; +https://openai.com/gptbot)"
74.7.241.59 - - [14/Apr/2026:07:32:22 +0300] "GET /market/Z023647379439 HTTP/1.0" 404 2091 "https://mramoria.com/sitemap.xml" "Mozilla/5.0 AppleWebKit/537.36 (KHTML, like Gecko; compatible; GPTBot/1.3; +https://openai.com/gptbot)"
74.7.241.59 - - [14/Apr/2026:07:32:25 +0300] "GET /market/Z021761326771 HTTP/1.0" 404 2091 "https://mramoria.com/sitemap.xml" "Mozilla/5.0 AppleWebKit/537.36 (KHTML, like Gecko; compatible; GPTBot/1.3; +https://openai.com/gptbot)"
74.7.241.59 - - [14/Apr/2026:07:32:29 +0300] "GET /market/Z021920635604 HTTP/1.0" 404 2091 "https://mramoria.com/sitemap.xml" "Mozilla/5.0 AppleWebKit/537.36 (KHTML, like Gecko; compatible; GPTBot/1.3; +https://openai.com/gptbot)"
216.73.216.159 - - [14/Apr/2026:07:32:29 +0300] "GET /market/Z012249840694 HTTP/1.0" 404 2188 "-" "Mozilla/5.0 AppleWebKit/537.36 (KHTML, like Gecko; compatible; ClaudeBot/1.0; +claudebot@anthropic.com)"
74.7.241.59 - - [14/Apr/2026:07:32:32 +0300] "GET /market/Z021290339613 HTTP/1.0" 404 2091 "https://mramoria.com/sitemap.xml" "Mozilla/5.0 AppleWebKit/537.36 (KHTML, like Gecko; compatible; GPTBot/1.3; +https://openai.com/gptbot)"
216.73.216.159 - - [14/Apr/2026:07:32:35 +0300] "GET /market/Z013814997477 HTTP/1.0" 404 2091 "-" "Mozilla/5.0 AppleWebKit/537.36 (KHTML, like Gecko; compatible; ClaudeBot/1.0; +claudebot@anthropic.com)"
74.7.241.59 - - [14/Apr/2026:07:32:35 +0300] "GET /market/Z021359827251 HTTP/1.0" 404 2091 "https://mramoria.com/sitemap.xml" "Mozilla/5.0 AppleWebKit/537.36 (KHTML, like Gecko; compatible; GPTBot/1.3; +https://openai.com/gptbot)"
74.7.241.59 - - [14/Apr/2026:07:32:38 +0300] "GET /market/Z021072352659 HTTP/1.0" 404 2091 "https://mramoria.com/sitemap.xml" "Mozilla/5.0 AppleWebKit/537.36 (KHTML, like Gecko; compatible; GPTBot/1.3; +https://openai.com/gptbot)"
216.73.216.159 - - [14/Apr/2026:07:32:41 +0300] "GET /market/Z014254903082 HTTP/1.0" 404 2091 "-" "Mozilla/5.0 AppleWebKit/537.36 (KHTML, like Gecko; compatible; ClaudeBot/1.0; +claudebot@anthropic.com)"
74.7.241.59 - - [14/Apr/2026:07:32:42 +0300] "GET /market/Z022600194084 HTTP/1.0" 404 2091 "https://mramoria.com/sitemap.xml" "Mozilla/5.0 AppleWebKit/537.36 (KHTML, like Gecko; compatible; GPTBot/1.3; +https://openai.com/gptbot)"
74.7.241.59 - - [14/Apr/2026:07:32:45 +0300] "GET /market/Z022356092088 HTTP/1.0" 404 2091 "https://mramoria.com/sitemap.xml" "Mozilla/5.0 AppleWebKit/537.36 (KHTML, like Gecko; compatible; GPTBot/1.3; +https://openai.com/gptbot)"
216.73.216.159 - - [14/Apr/2026:07:32:47 +0300] "GET /market/Z014083205706 HTTP/1.0" 404 2091 "-" "Mozilla/5.0 AppleWebKit/537.36 (KHTML, like Gecko; compatible; ClaudeBot/1.0; +claudebot@anthropic.com)"
74.7.241.59 - - [14/Apr/2026:07:32:48 +0300] "GET /market/Z021556123644 HTTP/1.0" 404 2091 "https://mramoria.com/sitemap.xml" "Mozilla/5.0 AppleWebKit/537.36 (KHTML, like Gecko; compatible; GPTBot/1.3; +https://openai.com/gptbot)"
74.7.241.59 - - [14/Apr/2026:07:32:52 +0300] "GET /market/Z023215526854 HTTP/1.0" 404 2091 "https://mramoria.com/sitemap.xml" "Mozilla/5.0 AppleWebKit/537.36 (KHTML, like Gecko; compatible; GPTBot/1.3; +https://openai.com/gptbot)"
216.73.216.159 - - [14/Apr/2026:07:32:53 +0300] "GET /market/Z012471835341 HTTP/1.0" 404 2091 "-" "Mozilla/5.0 AppleWebKit/537.36 (KHTML, like Gecko; compatible; ClaudeBot/1.0; +claudebot@anthropic.com)"
74.7.241.59 - - [14/Apr/2026:07:32:55 +0300] "GET /market/Z022141645363 HTTP/1.0" 404 2091 "https://mramoria.com/sitemap.xml" "Mozilla/5.0 AppleWebKit/537.36 (KHTML, like Gecko; compatible; GPTBot/1.3; +https://openai.com/gptbot)"
74.7.241.59 - - [14/Apr/2026:07:32:59 +0300] "GET /market/Z021415381964 HTTP/1.0" 404 2091 "https://mramoria.com/sitemap.xml" "Mozilla/5.0 AppleWebKit/537.36 (KHTML, like Gecko; compatible; GPTBot/1.3; +https://openai.com/gptbot)"
216.73.216.159 - - [14/Apr/2026:07:32:59 +0300] "GET /market/Z013323722186 HTTP/1.0" 404 2091 "-" "Mozilla/5.0 AppleWebKit/537.36 (KHTML, like Gecko; compatible; ClaudeBot/1.0; +claudebot@anthropic.com)"
74.7.241.59 - - [14/Apr/2026:07:33:02 +0300] "GET /market/Z023925837675 HTTP/1.0" 404 2091 "https://mramoria.com/sitemap.xml" "Mozilla/5.0 AppleWebKit/537.36 (KHTML, like Gecko; compatible; GPTBot/1.3; +https://openai.com/gptbot)"
216.73.216.159 - - [14/Apr/2026:07:33:05 +0300] "GET /market/Z00816752222 HTTP/1.0" 404 2091 "-" "Mozilla/5.0 AppleWebKit/537.36 (KHTML, like Gecko; compatible; ClaudeBot/1.0; +claudebot@anthropic.com)"
74.7.241.59 - - [14/Apr/2026:07:33:06 +0300] "GET /market/Z022183019106 HTTP/1.0" 404 2091 "https://mramoria.com/sitemap.xml" "Mozilla/5.0 AppleWebKit/537.36 (KHTML, like Gecko; compatible; GPTBot/1.3; +https://openai.com/gptbot)"
74.7.241.59 - - [14/Apr/2026:07:33:09 +0300] "GET /market/Z021039461799 HTTP/1.0" 404 2091 "https://mramoria.com/sitemap.xml" "Mozilla/5.0 AppleWebKit/537.36 (KHTML, like Gecko; compatible; GPTBot/1.3; +https://openai.com/gptbot)"
216.73.216.159 - - [14/Apr/2026:07:33:11 +0300] "GET /market/Z014223783863 HTTP/1.0" 404 2091 "-" "Mozilla/5.0 AppleWebKit/537.36 (KHTML, like Gecko; compatible; ClaudeBot/1.0; +claudebot@anthropic.com)"
74.7.241.59 - - [14/Apr/2026:07:33:12 +0300] "GET /market/Z023166377994 HTTP/1.0" 404 2091 "https://mramoria.com/sitemap.xml" "Mozilla/5.0 AppleWebKit/537.36 (KHTML, like Gecko; compatible; GPTBot/1.3; +https://openai.com/gptbot)"
74.7.241.59 - - [14/Apr/2026:07:33:15 +0300] "GET /market/Z023305883720 HTTP/1.0" 404 2091 "https://mramoria.com/sitemap.xml" "Mozilla/5.0 AppleWebKit/537.36 (KHTML, like Gecko; compatible; GPTBot/1.3; +https://openai.com/gptbot)"
216.73.216.159 - - [14/Apr/2026:07:33:17 +0300] "GET /market/Z003994880874 HTTP/1.0" 404 2188 "-" "Mozilla/5.0 AppleWebKit/537.36 (KHTML, like Gecko; compatible; ClaudeBot/1.0; +claudebot@anthropic.com)"
74.7.241.59 - - [14/Apr/2026:07:33:19 +0300] "GET /market/Z022816311864 HTTP/1.0" 404 2091 "https://mramoria.com/sitemap.xml" "Mozilla/5.0 AppleWebKit/537.36 (KHTML, like Gecko; compatible; GPTBot/1.3; +https://openai.com/gptbot)"
74.7.241.59 - - [14/Apr/2026:07:33:22 +0300] "GET /market/Z023820478491 HTTP/1.0" 404 2091 "https://mramoria.com/sitemap.xml" "Mozilla/5.0 AppleWebKit/537.36 (KHTML, like Gecko; compatible; GPTBot/1.3; +https://openai.com/gptbot)"
216.73.216.159 - - [14/Apr/2026:07:33:23 +0300] "GET /market/Z004140752083 HTTP/1.0" 404 2091 "-" "Mozilla/5.0 AppleWebKit/537.36 (KHTML, like Gecko; compatible; ClaudeBot/1.0; +claudebot@anthropic.com)"
74.7.241.59 - - [14/Apr/2026:07:33:25 +0300] "GET /market/Z023396689787 HTTP/1.0" 404 2091 "https://mramoria.com/sitemap.xml" "Mozilla/5.0 AppleWebKit/537.36 (KHTML, like Gecko; compatible; GPTBot/1.3; +https://openai.com/gptbot)"
216.73.216.159 - - [14/Apr/2026:07:33:29 +0300] "GET /market/Z063835777873 HTTP/1.0" 404 2091 "-" "Mozilla/5.0 AppleWebKit/537.36 (KHTML, like Gecko; compatible; ClaudeBot/1.0; +claudebot@anthropic.com)"
74.7.241.59 - - [14/Apr/2026:07:33:29 +0300] "GET /market/Z021387899042 HTTP/1.0" 404 2091 "https://mramoria.com/sitemap.xml" "Mozilla/5.0 AppleWebKit/537.36 (KHTML, like Gecko; compatible; GPTBot/1.3; +https://openai.com/gptbot)"
74.7.241.59 - - [14/Apr/2026:07:33:32 +0300] "GET /market/Z022706366107 HTTP/1.0" 404 2091 "https://mramoria.com/sitemap.xml" "Mozilla/5.0 AppleWebKit/537.36 (KHTML, like Gecko; compatible; GPTBot/1.3; +https://openai.com/gptbot)"
216.73.216.159 - - [14/Apr/2026:07:33:35 +0300] "GET /market/Z064086178418 HTTP/1.0" 404 2091 "-" "Mozilla/5.0 AppleWebKit/537.36 (KHTML, like Gecko; compatible; ClaudeBot/1.0; +claudebot@anthropic.com)"
74.7.241.59 - - [14/Apr/2026:07:33:35 +0300] "GET /market/Z023936179743 HTTP/1.0" 404 2091 "https://mramoria.com/sitemap.xml" "Mozilla/5.0 AppleWebKit/537.36 (KHTML, like Gecko; compatible; GPTBot/1.3; +https://openai.com/gptbot)"
74.7.241.59 - - [14/Apr/2026:07:33:39 +0300] "GET /market/Z021239373688 HTTP/1.0" 404 2091 "https://mramoria.com/sitemap.xml" "Mozilla/5.0 AppleWebKit/537.36 (KHTML, like Gecko; compatible; GPTBot/1.3; +https://openai.com/gptbot)"
216.73.216.159 - - [14/Apr/2026:07:33:41 +0300] "GET /market/Z064051808094 HTTP/1.0" 404 2091 "-" "Mozilla/5.0 AppleWebKit/537.36 (KHTML, like Gecko; compatible; ClaudeBot/1.0; +claudebot@anthropic.com)"
74.7.241.59 - - [14/Apr/2026:07:33:42 +0300] "GET /market/Z021244896687 HTTP/1.0" 404 2188 "https://mramoria.com/sitemap.xml" "Mozilla/5.0 AppleWebKit/537.36 (KHTML, like Gecko; compatible; GPTBot/1.3; +https://openai.com/gptbot)"
74.7.241.59 - - [14/Apr/2026:07:33:46 +0300] "GET /market/Z022097085307 HTTP/1.0" 404 2091 "https://mramoria.com/sitemap.xml" "Mozilla/5.0 AppleWebKit/537.36 (KHTML, like Gecko; compatible; GPTBot/1.3; +https://openai.com/gptbot)"
216.73.216.159 - - [14/Apr/2026:07:33:47 +0300] "GET /market/Z001814767788 HTTP/1.0" 404 2091 "-" "Mozilla/5.0 AppleWebKit/537.36 (KHTML, like Gecko; compatible; ClaudeBot/1.0; +claudebot@anthropic.com)"
74.7.241.59 - - [14/Apr/2026:07:33:49 +0300] "GET /market/Z021435670081 HTTP/1.0" 404 2091 "https://mramoria.com/sitemap.xml" "Mozilla/5.0 AppleWebKit/537.36 (KHTML, like Gecko; compatible; GPTBot/1.3; +https://openai.com/gptbot)"
74.7.241.59 - - [14/Apr/2026:07:33:52 +0300] "GET /market/Z023963826188 HTTP/1.0" 404 2091 "https://mramoria.com/sitemap.xml" "Mozilla/5.0 AppleWebKit/537.36 (KHTML, like Gecko; compatible; GPTBot/1.3; +https://openai.com/gptbot)"
216.73.216.159 - - [14/Apr/2026:07:33:53 +0300] "GET /market/Z061584816407 HTTP/1.0" 404 2091 "-" "Mozilla/5.0 AppleWebKit/537.36 (KHTML, like Gecko; compatible; ClaudeBot/1.0; +claudebot@anthropic.com)"
74.7.241.59 - - [14/Apr/2026:07:33:56 +0300] "GET /market/Z023986374964 HTTP/1.0" 404 2091 "https://mramoria.com/sitemap.xml" "Mozilla/5.0 AppleWebKit/537.36 (KHTML, like Gecko; compatible; GPTBot/1.3; +https://openai.com/gptbot)"
216.73.216.159 - - [14/Apr/2026:07:33:59 +0300] "GET /market/Z06391433843 HTTP/1.0" 404 2091 "-" "Mozilla/5.0 AppleWebKit/537.36 (KHTML, like Gecko; compatible; ClaudeBot/1.0; +claudebot@anthropic.com)"
74.7.241.59 - - [14/Apr/2026:07:33:59 +0300] "GET /market/Z022946106542 HTTP/1.0" 404 2091 "https://mramoria.com/sitemap.xml" "Mozilla/5.0 AppleWebKit/537.36 (KHTML, like Gecko; compatible; GPTBot/1.3; +https://openai.com/gptbot)"
74.7.241.59 - - [14/Apr/2026:07:34:03 +0300] "GET /market/Z023348279218 HTTP/1.0" 404 2091 "https://mramoria.com/sitemap.xml" "Mozilla/5.0 AppleWebKit/537.36 (KHTML, like Gecko; compatible; GPTBot/1.3; +https://openai.com/gptbot)"
216.73.216.159 - - [14/Apr/2026:07:34:05 +0300] "GET /market/Z01390016714 HTTP/1.0" 404 2091 "-" "Mozilla/5.0 AppleWebKit/537.36 (KHTML, like Gecko; compatible; ClaudeBot/1.0; +claudebot@anthropic.com)"
74.7.241.59 - - [14/Apr/2026:07:34:06 +0300] "GET /market/Z023734612897 HTTP/1.0" 404 2091 "https://mramoria.com/sitemap.xml" "Mozilla/5.0 AppleWebKit/537.36 (KHTML, like Gecko; compatible; GPTBot/1.3; +https://openai.com/gptbot)"
74.7.241.59 - - [14/Apr/2026:07:34:09 +0300] "GET /market/Z021997267386 HTTP/1.0" 404 2091 "https://mramoria.com/sitemap.xml" "Mozilla/5.0 AppleWebKit/537.36 (KHTML, like Gecko; compatible; GPTBot/1.3; +https://openai.com/gptbot)"
216.73.216.159 - - [14/Apr/2026:07:34:11 +0300] "GET /market/Z011273640170 HTTP/1.0" 404 2091 "-" "Mozilla/5.0 AppleWebKit/537.36 (KHTML, like Gecko; compatible; ClaudeBot/1.0; +claudebot@anthropic.com)"
74.7.241.59 - - [14/Apr/2026:07:34:13 +0300] "GET /market/Z022307454292 HTTP/1.0" 404 2091 "https://mramoria.com/sitemap.xml" "Mozilla/5.0 AppleWebKit/537.36 (KHTML, like Gecko; compatible; GPTBot/1.3; +https://openai.com/gptbot)"
216.73.216.159 - - [14/Apr/2026:07:34:15 +0300] "GET /market/Z012770146731 HTTP/1.0" 404 2188 "-" "Mozilla/5.0 AppleWebKit/537.36 (KHTML, like Gecko; compatible; ClaudeBot/1.0; +claudebot@anthropic.com)"
74.7.241.59 - - [14/Apr/2026:07:34:16 +0300] "GET /market/Z021355238479 HTTP/1.0" 404 2091 "https://mramoria.com/sitemap.xml" "Mozilla/5.0 AppleWebKit/537.36 (KHTML, like Gecko; compatible; GPTBot/1.3; +https://openai.com/gptbot)"
74.7.241.59 - - [14/Apr/2026:07:34:20 +0300] "GET /market/Z023465192553 HTTP/1.0" 404 2091 "https://mramoria.com/sitemap.xml" "Mozilla/5.0 AppleWebKit/537.36 (KHTML, like Gecko; compatible; GPTBot/1.3; +https://openai.com/gptbot)"
216.73.216.159 - - [14/Apr/2026:07:34:21 +0300] "GET /market/Z012702596424 HTTP/1.0" 404 2091 "-" "Mozilla/5.0 AppleWebKit/537.36 (KHTML, like Gecko; compatible; ClaudeBot/1.0; +claudebot@anthropic.com)"
74.7.241.59 - - [14/Apr/2026:07:34:23 +0300] "GET /market/Z022431707691 HTTP/1.0" 404 2091 "https://mramoria.com/sitemap.xml" "Mozilla/5.0 AppleWebKit/537.36 (KHTML, like Gecko; compatible; GPTBot/1.3; +https://openai.com/gptbot)"
74.7.241.59 - - [14/Apr/2026:07:34:27 +0300] "GET /market/Z023494872462 HTTP/1.0" 404 2091 "https://mramoria.com/sitemap.xml" "Mozilla/5.0 AppleWebKit/537.36 (KHTML, like Gecko; compatible; GPTBot/1.3; +https://openai.com/gptbot)"
216.73.216.159 - - [14/Apr/2026:07:34:27 +0300] "GET /market/Z012155929959 HTTP/1.0" 404 2091 "-" "Mozilla/5.0 AppleWebKit/537.36 (KHTML, like Gecko; compatible; ClaudeBot/1.0; +claudebot@anthropic.com)"
74.7.241.59 - - [14/Apr/2026:07:34:30 +0300] "GET /market/Z021956247526 HTTP/1.0" 404 2091 "https://mramoria.com/sitemap.xml" "Mozilla/5.0 AppleWebKit/537.36 (KHTML, like Gecko; compatible; GPTBot/1.3; +https://openai.com/gptbot)"
74.7.241.59 - - [14/Apr/2026:07:34:34 +0300] "GET /market/Z023793177388 HTTP/1.0" 404 2091 "https://mramoria.com/sitemap.xml" "Mozilla/5.0 AppleWebKit/537.36 (KHTML, like Gecko; compatible; GPTBot/1.3; +https://openai.com/gptbot)"
216.73.216.159 - - [14/Apr/2026:07:34:36 +0300] "GET /market/Z013110430335 HTTP/1.0" 404 2188 "-" "Mozilla/5.0 AppleWebKit/537.36 (KHTML, like Gecko; compatible; ClaudeBot/1.0; +claudebot@anthropic.com)"
74.7.241.59 - - [14/Apr/2026:07:34:37 +0300] "GET /market/Z023590398443 HTTP/1.0" 404 2091 "https://mramoria.com/sitemap.xml" "Mozilla/5.0 AppleWebKit/537.36 (KHTML, like Gecko; compatible; GPTBot/1.3; +https://openai.com/gptbot)"
74.7.241.59 - - [14/Apr/2026:07:34:40 +0300] "GET /market/Z021837006078 HTTP/1.0" 404 2091 "https://mramoria.com/sitemap.xml" "Mozilla/5.0 AppleWebKit/537.36 (KHTML, like Gecko; compatible; GPTBot/1.3; +https://openai.com/gptbot)"
216.73.216.159 - - [14/Apr/2026:07:34:41 +0300] "GET /market/Z01411807247 HTTP/1.0" 404 2091 "-" "Mozilla/5.0 AppleWebKit/537.36 (KHTML, like Gecko; compatible; ClaudeBot/1.0; +claudebot@anthropic.com)"
66.249.70.135 - - [14/Apr/2026:07:34:41 +0300] "GET /market/Z013011549449 HTTP/1.0" 200 27768 "-" "Mozilla/5.0 (Linux; Android 6.0.1; Nexus 5X Build/MMB29P) AppleWebKit/537.36 (KHTML, like Gecko) Chrome/146.0.7680.177 Mobile Safari/537.36 (compatible; GoogleOther)"
74.7.241.59 - - [14/Apr/2026:07:34:44 +0300] "GET /market/Z021886532645 HTTP/1.0" 404 2091 "https://mramoria.com/sitemap.xml" "Mozilla/5.0 AppleWebKit/537.36 (KHTML, like Gecko; compatible; GPTBot/1.3; +https://openai.com/gptbot)"
74.7.241.59 - - [14/Apr/2026:07:34:47 +0300] "GET /market/Z023818054277 HTTP/1.0" 404 2091 "https://mramoria.com/sitemap.xml" "Mozilla/5.0 AppleWebKit/537.36 (KHTML, like Gecko; compatible; GPTBot/1.3; +https://openai.com/gptbot)"
216.73.216.159 - - [14/Apr/2026:07:34:47 +0300] "GET /market/Z013090305741 HTTP/1.0" 404 2091 "-" "Mozilla/5.0 AppleWebKit/537.36 (KHTML, like Gecko; compatible; ClaudeBot/1.0; +claudebot@anthropic.com)"
74.7.241.59 - - [14/Apr/2026:07:34:51 +0300] "GET /market/Z022729849078 HTTP/1.0" 404 2091 "https://mramoria.com/sitemap.xml" "Mozilla/5.0 AppleWebKit/537.36 (KHTML, like Gecko; compatible; GPTBot/1.3; +https://openai.com/gptbot)"
216.73.216.159 - - [14/Apr/2026:07:34:53 +0300] "GET /market/Z013058038127 HTTP/1.0" 404 2188 "-" "Mozilla/5.0 AppleWebKit/537.36 (KHTML, like Gecko; compatible; ClaudeBot/1.0; +claudebot@anthropic.com)"
74.7.241.59 - - [14/Apr/2026:07:34:54 +0300] "GET /market/Z021455449317 HTTP/1.0" 404 2091 "https://mramoria.com/sitemap.xml" "Mozilla/5.0 AppleWebKit/537.36 (KHTML, like Gecko; compatible; GPTBot/1.3; +https://openai.com/gptbot)"
74.7.241.59 - - [14/Apr/2026:07:34:57 +0300] "GET /market/Z021173262723 HTTP/1.0" 404 2091 "https://mramoria.com/sitemap.xml" "Mozilla/5.0 AppleWebKit/537.36 (KHTML, like Gecko; compatible; GPTBot/1.3; +https://openai.com/gptbot)"
216.73.216.159 - - [14/Apr/2026:07:34:59 +0300] "GET /market/Z012462174353 HTTP/1.0" 404 2091 "-" "Mozilla/5.0 AppleWebKit/537.36 (KHTML, like Gecko; compatible; ClaudeBot/1.0; +claudebot@anthropic.com)"
74.7.241.59 - - [14/Apr/2026:07:35:00 +0300] "GET /market/Z022045070806 HTTP/1.0" 404 2091 "https://mramoria.com/sitemap.xml" "Mozilla/5.0 AppleWebKit/537.36 (KHTML, like Gecko; compatible; GPTBot/1.3; +https://openai.com/gptbot)"
74.7.241.59 - - [14/Apr/2026:07:35:04 +0300] "GET /market/Z022365433187 HTTP/1.0" 404 2091 "https://mramoria.com/sitemap.xml" "Mozilla/5.0 AppleWebKit/537.36 (KHTML, like Gecko; compatible; GPTBot/1.3; +https://openai.com/gptbot)"
216.73.216.159 - - [14/Apr/2026:07:35:05 +0300] "GET /market/Z013272043426 HTTP/1.0" 404 2091 "-" "Mozilla/5.0 AppleWebKit/537.36 (KHTML, like Gecko; compatible; ClaudeBot/1.0; +claudebot@anthropic.com)"
74.7.241.59 - - [14/Apr/2026:07:35:07 +0300] "GET /market/Z023046876922 HTTP/1.0" 404 2091 "https://mramoria.com/sitemap.xml" "Mozilla/5.0 AppleWebKit/537.36 (KHTML, like Gecko; compatible; GPTBot/1.3; +https://openai.com/gptbot)"
74.7.241.59 - - [14/Apr/2026:07:35:10 +0300] "GET /market/Z021641825699 HTTP/1.0" 404 2091 "https://mramoria.com/sitemap.xml" "Mozilla/5.0 AppleWebKit/537.36 (KHTML, like Gecko; compatible; GPTBot/1.3; +https://openai.com/gptbot)"
216.73.216.159 - - [14/Apr/2026:07:35:11 +0300] "GET /market/Z002268076184 HTTP/1.0" 404 2091 "-" "Mozilla/5.0 AppleWebKit/537.36 (KHTML, like Gecko; compatible; ClaudeBot/1.0; +claudebot@anthropic.com)"
74.7.241.59 - - [14/Apr/2026:07:35:14 +0300] "GET /market/Z023536055829 HTTP/1.0" 404 2091 "https://mramoria.com/sitemap.xml" "Mozilla/5.0 AppleWebKit/537.36 (KHTML, like Gecko; compatible; GPTBot/1.3; +https://openai.com/gptbot)"
216.73.216.159 - - [14/Apr/2026:07:35:17 +0300] "GET /market/Z011742430373 HTTP/1.0" 404 2091 "-" "Mozilla/5.0 AppleWebKit/537.36 (KHTML, like Gecko; compatible; ClaudeBot/1.0; +claudebot@anthropic.com)"
74.7.241.59 - - [14/Apr/2026:07:35:17 +0300] "GET /market/Z021924012293 HTTP/1.0" 404 2091 "https://mramoria.com/sitemap.xml" "Mozilla/5.0 AppleWebKit/537.36 (KHTML, like Gecko; compatible; GPTBot/1.3; +https://openai.com/gptbot)"
74.7.241.59 - - [14/Apr/2026:07:35:20 +0300] "GET /market/Z021660556375 HTTP/1.0" 404 2091 "https://mramoria.com/sitemap.xml" "Mozilla/5.0 AppleWebKit/537.36 (KHTML, like Gecko; compatible; GPTBot/1.3; +https://openai.com/gptbot)"
216.73.216.159 - - [14/Apr/2026:07:35:23 +0300] "GET /market/Z062206102146 HTTP/1.0" 404 2091 "-" "Mozilla/5.0 AppleWebKit/537.36 (KHTML, like Gecko; compatible; ClaudeBot/1.0; +claudebot@anthropic.com)"
74.7.241.59 - - [14/Apr/2026:07:35:24 +0300] "GET /market/Z023390725377 HTTP/1.0" 404 2091 "https://mramoria.com/sitemap.xml" "Mozilla/5.0 AppleWebKit/537.36 (KHTML, like Gecko; compatible; GPTBot/1.3; +https://openai.com/gptbot)"
66.249.76.129 - - [14/Apr/2026:07:35:29 +0300] "GET /robots.txt HTTP/1.0" 200 392 "-" "Mozilla/5.0 (compatible; Googlebot/2.1; +http://www.google.com/bot.html)"
74.7.241.59 - - [14/Apr/2026:07:35:27 +0300] "GET /market/Z022894533484 HTTP/1.0" 404 2091 "https://mramoria.com/sitemap.xml" "Mozilla/5.0 AppleWebKit/537.36 (KHTML, like Gecko; compatible; GPTBot/1.3; +https://openai.com/gptbot)"
216.73.216.159 - - [14/Apr/2026:07:35:29 +0300] "GET /market/Z011891611338 HTTP/1.0" 404 2091 "-" "Mozilla/5.0 AppleWebKit/537.36 (KHTML, like Gecko; compatible; ClaudeBot/1.0; +claudebot@anthropic.com)"
51.68.107.139 - - [14/Apr/2026:07:35:33 +0300] "GET /robots.txt HTTP/1.0" 200 392 "-" "Mozilla/5.0 (compatible; MJ12bot/v2.0.5; http://mj12bot.com/)"
74.7.241.59 - - [14/Apr/2026:07:35:30 +0300] "GET /market/Z022168088234 HTTP/1.0" 404 2091 "https://mramoria.com/sitemap.xml" "Mozilla/5.0 AppleWebKit/537.36 (KHTML, like Gecko; compatible; GPTBot/1.3; +https://openai.com/gptbot)"
74.7.241.59 - - [14/Apr/2026:07:35:33 +0300] "GET /market/Z023204973656 HTTP/1.0" 404 2091 "https://mramoria.com/sitemap.xml" "Mozilla/5.0 AppleWebKit/537.36 (KHTML, like Gecko; compatible; GPTBot/1.3; +https://openai.com/gptbot)"
216.73.216.159 - - [14/Apr/2026:07:35:35 +0300] "GET /market/Z011009439605 HTTP/1.0" 404 2091 "-" "Mozilla/5.0 AppleWebKit/537.36 (KHTML, like Gecko; compatible; ClaudeBot/1.0; +claudebot@anthropic.com)"
51.68.107.139 - - [14/Apr/2026:07:35:33 +0300] "GET / HTTP/1.0" 200 10938 "-" "Mozilla/5.0 (compatible; MJ12bot/v2.0.5; http://mj12bot.com/)"
74.7.241.59 - - [14/Apr/2026:07:35:37 +0300] "GET /market/Z022784633119 HTTP/1.0" 404 2091 "https://mramoria.com/sitemap.xml" "Mozilla/5.0 AppleWebKit/537.36 (KHTML, like Gecko; compatible; GPTBot/1.3; +https://openai.com/gptbot)"
74.7.241.59 - - [14/Apr/2026:07:35:40 +0300] "GET /market/Z024182280607 HTTP/1.0" 404 2091 "https://mramoria.com/sitemap.xml" "Mozilla/5.0 AppleWebKit/537.36 (KHTML, like Gecko; compatible; GPTBot/1.3; +https://openai.com/gptbot)"
216.73.216.159 - - [14/Apr/2026:07:35:45 +0300] "GET /robots.txt HTTP/1.0" 200 392 "-" "Mozilla/5.0 AppleWebKit/537.36 (KHTML, like Gecko; compatible; ClaudeBot/1.0; +claudebot@anthropic.com)"
74.7.241.59 - - [14/Apr/2026:07:35:44 +0300] "GET /market/Z022163499446 HTTP/1.0" 404 2091 "https://mramoria.com/sitemap.xml" "Mozilla/5.0 AppleWebKit/537.36 (KHTML, like Gecko; compatible; GPTBot/1.3; +https://openai.com/gptbot)"
216.73.216.159 - - [14/Apr/2026:07:35:45 +0300] "GET /market/Z063779278426 HTTP/1.0" 404 2188 "-" "Mozilla/5.0 AppleWebKit/537.36 (KHTML, like Gecko; compatible; ClaudeBot/1.0; +claudebot@anthropic.com)"
74.7.241.59 - - [14/Apr/2026:07:35:47 +0300] "GET /market/Z021905445140 HTTP/1.0" 404 2091 "https://mramoria.com/sitemap.xml" "Mozilla/5.0 AppleWebKit/537.36 (KHTML, like Gecko; compatible; GPTBot/1.3; +https://openai.com/gptbot)"
66.249.70.134 - - [14/Apr/2026:07:35:47 +0300] "GET /market/Z0123936415 HTTP/1.0" 200 28145 "-" "Mozilla/5.0 (Linux; Android 6.0.1; Nexus 5X Build/MMB29P) AppleWebKit/537.36 (KHTML, like Gecko) Chrome/146.0.7680.177 Mobile Safari/537.36 (compatible; GoogleOther)"
74.7.241.59 - - [14/Apr/2026:07:35:51 +0300] "GET /market/Z021162709525 HTTP/1.0" 404 2091 "https://mramoria.com/sitemap.xml" "Mozilla/5.0 AppleWebKit/537.36 (KHTML, like Gecko; compatible; GPTBot/1.3; +https://openai.com/gptbot)"
216.73.216.159 - - [14/Apr/2026:07:35:51 +0300] "GET /market/Z001424492808 HTTP/1.0" 404 2091 "-" "Mozilla/5.0 AppleWebKit/537.36 (KHTML, like Gecko; compatible; ClaudeBot/1.0; +claudebot@anthropic.com)"
74.7.241.59 - - [14/Apr/2026:07:35:54 +0300] "GET /market/Z022397275487 HTTP/1.0" 404 2091 "https://mramoria.com/sitemap.xml" "Mozilla/5.0 AppleWebKit/537.36 (KHTML, like Gecko; compatible; GPTBot/1.3; +https://openai.com/gptbot)"
74.7.241.59 - - [14/Apr/2026:07:35:57 +0300] "GET /market/Z023917612590 HTTP/1.0" 404 2091 "https://mramoria.com/sitemap.xml" "Mozilla/5.0 AppleWebKit/537.36 (KHTML, like Gecko; compatible; GPTBot/1.3; +https://openai.com/gptbot)"
216.73.216.159 - - [14/Apr/2026:07:35:57 +0300] "GET /market/Z002724772571 HTTP/1.0" 404 2091 "-" "Mozilla/5.0 AppleWebKit/537.36 (KHTML, like Gecko; compatible; ClaudeBot/1.0; +claudebot@anthropic.com)"
74.7.241.59 - - [14/Apr/2026:07:36:01 +0300] "GET /market/Z021906657239 HTTP/1.0" 404 2091 "https://mramoria.com/sitemap.xml" "Mozilla/5.0 AppleWebKit/537.36 (KHTML, like Gecko; compatible; GPTBot/1.3; +https://openai.com/gptbot)"
216.73.216.159 - - [14/Apr/2026:07:36:03 +0300] "GET /market/Z011837399882 HTTP/1.0" 404 2091 "-" "Mozilla/5.0 AppleWebKit/537.36 (KHTML, like Gecko; compatible; ClaudeBot/1.0; +claudebot@anthropic.com)"
74.7.241.59 - - [14/Apr/2026:07:36:04 +0300] "GET /market/Z024112792937 HTTP/1.0" 404 2091 "https://mramoria.com/sitemap.xml" "Mozilla/5.0 AppleWebKit/537.36 (KHTML, like Gecko; compatible; GPTBot/1.3; +https://openai.com/gptbot)"
47.128.24.126 - - [14/Apr/2026:07:36:08 +0300] "GET /robots.txt HTTP/1.0" 200 392 "-" "Mozilla/5.0 (Linux; Android 5.0) AppleWebKit/537.36 (KHTML, like Gecko) Mobile Safari/537.36 (compatible; Bytespider; spider-feedback@bytedance.com)"
74.7.241.59 - - [14/Apr/2026:07:36:08 +0300] "GET /market/Z022744172801 HTTP/1.0" 404 2091 "https://mramoria.com/sitemap.xml" "Mozilla/5.0 AppleWebKit/537.36 (KHTML, like Gecko; compatible; GPTBot/1.3; +https://openai.com/gptbot)"
216.73.216.159 - - [14/Apr/2026:07:36:09 +0300] "GET /market/Z002176939502 HTTP/1.0" 404 2091 "-" "Mozilla/5.0 AppleWebKit/537.36 (KHTML, like Gecko; compatible; ClaudeBot/1.0; +claudebot@anthropic.com)"
74.7.241.59 - - [14/Apr/2026:07:36:11 +0300] "GET /market/Z021530901381 HTTP/1.0" 404 2091 "https://mramoria.com/sitemap.xml" "Mozilla/5.0 AppleWebKit/537.36 (KHTML, like Gecko; compatible; GPTBot/1.3; +https://openai.com/gptbot)"
74.7.241.59 - - [14/Apr/2026:07:36:14 +0300] "GET /market/Z022896957682 HTTP/1.0" 404 2091 "https://mramoria.com/sitemap.xml" "Mozilla/5.0 AppleWebKit/537.36 (KHTML, like Gecko; compatible; GPTBot/1.3; +https://openai.com/gptbot)"
216.73.216.159 - - [14/Apr/2026:07:36:15 +0300] "GET /market/Z064031519961 HTTP/1.0" 404 2091 "-" "Mozilla/5.0 AppleWebKit/537.36 (KHTML, like Gecko; compatible; ClaudeBot/1.0; +claudebot@anthropic.com)"
74.7.241.59 - - [14/Apr/2026:07:36:18 +0300] "GET /market/Z022100625519 HTTP/1.0" 404 2091 "https://mramoria.com/sitemap.xml" "Mozilla/5.0 AppleWebKit/537.36 (KHTML, like Gecko; compatible; GPTBot/1.3; +https://openai.com/gptbot)"
74.7.241.59 - - [14/Apr/2026:07:36:21 +0300] "GET /market/Z022698400614 HTTP/1.0" 404 2091 "https://mramoria.com/sitemap.xml" "Mozilla/5.0 AppleWebKit/537.36 (KHTML, like Gecko; compatible; GPTBot/1.3; +https://openai.com/gptbot)"
216.73.216.159 - - [14/Apr/2026:07:36:21 +0300] "GET /market/Z012025601826 HTTP/1.0" 404 2091 "-" "Mozilla/5.0 AppleWebKit/537.36 (KHTML, like Gecko; compatible; ClaudeBot/1.0; +claudebot@anthropic.com)"
74.7.241.59 - - [14/Apr/2026:07:36:25 +0300] "GET /market/Z023614159318 HTTP/1.0" 404 2091 "https://mramoria.com/sitemap.xml" "Mozilla/5.0 AppleWebKit/537.36 (KHTML, like Gecko; compatible; GPTBot/1.3; +https://openai.com/gptbot)"
216.73.216.159 - - [14/Apr/2026:07:36:27 +0300] "GET /market/Z013284595521 HTTP/1.0" 404 2091 "-" "Mozilla/5.0 AppleWebKit/537.36 (KHTML, like Gecko; compatible; ClaudeBot/1.0; +claudebot@anthropic.com)"
74.7.241.59 - - [14/Apr/2026:07:36:28 +0300] "GET /market/Z023425384792 HTTP/1.0" 404 2091 "https://mramoria.com/sitemap.xml" "Mozilla/5.0 AppleWebKit/537.36 (KHTML, like Gecko; compatible; GPTBot/1.3; +https://openai.com/gptbot)"
