216.73.216.159 - - [14/Apr/2026:07:53:39 +0300] "GET /market/Z003295410727 HTTP/1.0" 404 2188 "-" "Mozilla/5.0 AppleWebKit/537.36 (KHTML, like Gecko; compatible; ClaudeBot/1.0; +claudebot@anthropic.com)"
74.7.241.59 - - [14/Apr/2026:07:53:42 +0300] "GET /market/Z021049803883 HTTP/1.0" 404 2091 "https://mramoria.com/sitemap.xml" "Mozilla/5.0 AppleWebKit/537.36 (KHTML, like Gecko; compatible; GPTBot/1.3; +https://openai.com/gptbot)"
216.73.216.159 - - [14/Apr/2026:07:53:43 +0300] "GET /market/Z012182626128 HTTP/1.0" 404 2091 "-" "Mozilla/5.0 AppleWebKit/537.36 (KHTML, like Gecko; compatible; ClaudeBot/1.0; +claudebot@anthropic.com)"
74.7.241.59 - - [14/Apr/2026:07:53:45 +0300] "GET /market/Z021220461193 HTTP/1.0" 404 2091 "https://mramoria.com/sitemap.xml" "Mozilla/5.0 AppleWebKit/537.36 (KHTML, like Gecko; compatible; GPTBot/1.3; +https://openai.com/gptbot)"
74.7.241.59 - - [14/Apr/2026:07:53:48 +0300] "GET /market/Z022706529630 HTTP/1.0" 404 2091 "https://mramoria.com/sitemap.xml" "Mozilla/5.0 AppleWebKit/537.36 (KHTML, like Gecko; compatible; GPTBot/1.3; +https://openai.com/gptbot)"
74.7.241.59 - - [14/Apr/2026:07:53:52 +0300] "GET /market/Z021558547842 HTTP/1.0" 404 2091 "https://mramoria.com/sitemap.xml" "Mozilla/5.0 AppleWebKit/537.36 (KHTML, like Gecko; compatible; GPTBot/1.3; +https://openai.com/gptbot)"
216.73.216.159 - - [14/Apr/2026:07:53:52 +0300] "GET /market/Z011465184252 HTTP/1.0" 404 2091 "-" "Mozilla/5.0 AppleWebKit/537.36 (KHTML, like Gecko; compatible; ClaudeBot/1.0; +claudebot@anthropic.com)"
74.7.241.59 - - [14/Apr/2026:07:53:55 +0300] "GET /market/Z022617287331 HTTP/1.0" 404 2091 "https://mramoria.com/sitemap.xml" "Mozilla/5.0 AppleWebKit/537.36 (KHTML, like Gecko; compatible; GPTBot/1.3; +https://openai.com/gptbot)"
74.7.241.59 - - [14/Apr/2026:07:53:59 +0300] "GET /market/Z023808713178 HTTP/1.0" 404 2091 "https://mramoria.com/sitemap.xml" "Mozilla/5.0 AppleWebKit/537.36 (KHTML, like Gecko; compatible; GPTBot/1.3; +https://openai.com/gptbot)"
216.73.216.159 - - [14/Apr/2026:07:54:01 +0300] "GET /market/Z011614391226 HTTP/1.0" 404 2091 "-" "Mozilla/5.0 AppleWebKit/537.36 (KHTML, like Gecko; compatible; ClaudeBot/1.0; +claudebot@anthropic.com)"
74.7.241.59 - - [14/Apr/2026:07:54:02 +0300] "GET /market/Z023141059678 HTTP/1.0" 404 2188 "https://mramoria.com/sitemap.xml" "Mozilla/5.0 AppleWebKit/537.36 (KHTML, like Gecko; compatible; GPTBot/1.3; +https://openai.com/gptbot)"
74.7.241.59 - - [14/Apr/2026:07:54:06 +0300] "GET /market/Z021143797030 HTTP/1.0" 404 2091 "https://mramoria.com/sitemap.xml" "Mozilla/5.0 AppleWebKit/537.36 (KHTML, like Gecko; compatible; GPTBot/1.3; +https://openai.com/gptbot)"
74.7.241.59 - - [14/Apr/2026:07:54:09 +0300] "GET /market/Z021578067486 HTTP/1.0" 404 2091 "https://mramoria.com/sitemap.xml" "Mozilla/5.0 AppleWebKit/537.36 (KHTML, like Gecko; compatible; GPTBot/1.3; +https://openai.com/gptbot)"
216.73.216.159 - - [14/Apr/2026:07:54:10 +0300] "GET /market/Z011739053684 HTTP/1.0" 404 2091 "-" "Mozilla/5.0 AppleWebKit/537.36 (KHTML, like Gecko; compatible; ClaudeBot/1.0; +claudebot@anthropic.com)"
74.7.241.59 - - [14/Apr/2026:07:54:13 +0300] "GET /market/Z023809925293 HTTP/1.0" 404 2091 "https://mramoria.com/sitemap.xml" "Mozilla/5.0 AppleWebKit/537.36 (KHTML, like Gecko; compatible; GPTBot/1.3; +https://openai.com/gptbot)"
74.7.241.59 - - [14/Apr/2026:07:54:17 +0300] "GET /market/Z022790386399 HTTP/1.0" 404 2091 "https://mramoria.com/sitemap.xml" "Mozilla/5.0 AppleWebKit/537.36 (KHTML, like Gecko; compatible; GPTBot/1.3; +https://openai.com/gptbot)"
216.73.216.159 - - [14/Apr/2026:07:54:19 +0300] "GET /market/Z012202750722 HTTP/1.0" 404 2188 "-" "Mozilla/5.0 AppleWebKit/537.36 (KHTML, like Gecko; compatible; ClaudeBot/1.0; +claudebot@anthropic.com)"
74.7.241.59 - - [14/Apr/2026:07:54:20 +0300] "GET /market/Z021142584931 HTTP/1.0" 404 2091 "https://mramoria.com/sitemap.xml" "Mozilla/5.0 AppleWebKit/537.36 (KHTML, like Gecko; compatible; GPTBot/1.3; +https://openai.com/gptbot)"
74.7.241.59 - - [14/Apr/2026:07:54:23 +0300] "GET /market/Z024219923778 HTTP/1.0" 404 2091 "https://mramoria.com/sitemap.xml" "Mozilla/5.0 AppleWebKit/537.36 (KHTML, like Gecko; compatible; GPTBot/1.3; +https://openai.com/gptbot)"
74.7.241.59 - - [14/Apr/2026:07:54:27 +0300] "GET /market/Z024057238256 HTTP/1.0" 404 2091 "https://mramoria.com/sitemap.xml" "Mozilla/5.0 AppleWebKit/537.36 (KHTML, like Gecko; compatible; GPTBot/1.3; +https://openai.com/gptbot)"
216.73.216.159 - - [14/Apr/2026:07:54:28 +0300] "GET /market/Z012493293556 HTTP/1.0" 404 2091 "-" "Mozilla/5.0 AppleWebKit/537.36 (KHTML, like Gecko; compatible; ClaudeBot/1.0; +claudebot@anthropic.com)"
74.7.241.59 - - [14/Apr/2026:07:54:30 +0300] "GET /market/Z024239047403 HTTP/1.0" 404 2091 "https://mramoria.com/sitemap.xml" "Mozilla/5.0 AppleWebKit/537.36 (KHTML, like Gecko; compatible; GPTBot/1.3; +https://openai.com/gptbot)"
74.7.241.59 - - [14/Apr/2026:07:54:33 +0300] "GET /market/Z022382181092 HTTP/1.0" 404 2091 "https://mramoria.com/sitemap.xml" "Mozilla/5.0 AppleWebKit/537.36 (KHTML, like Gecko; compatible; GPTBot/1.3; +https://openai.com/gptbot)"
74.7.241.59 - - [14/Apr/2026:07:54:37 +0300] "GET /market/Z021797757843 HTTP/1.0" 404 2091 "https://mramoria.com/sitemap.xml" "Mozilla/5.0 AppleWebKit/537.36 (KHTML, like Gecko; compatible; GPTBot/1.3; +https://openai.com/gptbot)"
216.73.216.159 - - [14/Apr/2026:07:54:37 +0300] "GET /market/Z011717553484 HTTP/1.0" 404 2091 "-" "Mozilla/5.0 AppleWebKit/537.36 (KHTML, like Gecko; compatible; ClaudeBot/1.0; +claudebot@anthropic.com)"
74.7.241.59 - - [14/Apr/2026:07:54:40 +0300] "GET /market/Z021238161589 HTTP/1.0" 404 2091 "https://mramoria.com/sitemap.xml" "Mozilla/5.0 AppleWebKit/537.36 (KHTML, like Gecko; compatible; GPTBot/1.3; +https://openai.com/gptbot)"
74.7.241.59 - - [14/Apr/2026:07:54:44 +0300] "GET /market/Z023724270829 HTTP/1.0" 404 2091 "https://mramoria.com/sitemap.xml" "Mozilla/5.0 AppleWebKit/537.36 (KHTML, like Gecko; compatible; GPTBot/1.3; +https://openai.com/gptbot)"
185.177.72.50 - - [14/Apr/2026:07:54:46 +0300] "GET /plans HTTP/1.0" 404 2188 "-" "Mozilla/5.0 (Windows NT 10.0; Win64; x64) AppleWebKit/537.36, Mozilla/5.0 (Windows NT 10.0; Win64; x64) AppleWebKit/537.36 (KHTML, like Gecko) Chrome/120.0.0.0 Safari/537.36"
185.177.72.50 - - [14/Apr/2026:07:54:46 +0300] "GET /cart HTTP/1.0" 404 2188 "-" "Mozilla/5.0 (Windows NT 10.0; Win64; x64) AppleWebKit/537.36, Mozilla/5.0 (Windows NT 10.0; Win64; x64) AppleWebKit/537.36 (KHTML, like Gecko) Chrome/120.0.0.0 Safari/537.36"
216.73.216.159 - - [14/Apr/2026:07:54:46 +0300] "GET /market/Z011410236659 HTTP/1.0" 404 2091 "-" "Mozilla/5.0 AppleWebKit/537.36 (KHTML, like Gecko; compatible; ClaudeBot/1.0; +claudebot@anthropic.com)"
185.177.72.50 - - [14/Apr/2026:07:54:46 +0300] "GET /checkout HTTP/1.0" 404 2188 "-" "Mozilla/5.0 (Windows NT 10.0; Win64; x64) AppleWebKit/537.36, Mozilla/5.0 (Windows NT 10.0; Win64; x64) AppleWebKit/537.36 (KHTML, like Gecko) Chrome/120.0.0.0 Safari/537.36"
185.177.72.50 - - [14/Apr/2026:07:54:46 +0300] "GET /order HTTP/1.0" 404 2188 "-" "Mozilla/5.0 (Windows NT 10.0; Win64; x64) AppleWebKit/537.36, Mozilla/5.0 (Windows NT 10.0; Win64; x64) AppleWebKit/537.36 (KHTML, like Gecko) Chrome/120.0.0.0 Safari/537.36"
185.177.72.50 - - [14/Apr/2026:07:54:46 +0300] "GET /shop HTTP/1.0" 404 2188 "-" "Mozilla/5.0 (Windows NT 10.0; Win64; x64) AppleWebKit/537.36, Mozilla/5.0 (Windows NT 10.0; Win64; x64) AppleWebKit/537.36 (KHTML, like Gecko) Chrome/120.0.0.0 Safari/537.36"
185.177.72.50 - - [14/Apr/2026:07:54:46 +0300] "GET /.env HTTP/1.0" 404 2188 "-" "Mozilla/5.0 (Windows NT 10.0; Win64; x64) AppleWebKit/537.36, Mozilla/5.0 (Windows NT 10.0; Win64; x64) AppleWebKit/537.36 (KHTML, like Gecko) Chrome/120.0.0.0 Safari/537.36"
185.177.72.50 - - [14/Apr/2026:07:54:47 +0300] "GET /billing HTTP/1.0" 404 2188 "-" "Mozilla/5.0 (Windows NT 10.0; Win64; x64) AppleWebKit/537.36, Mozilla/5.0 (Windows NT 10.0; Win64; x64) AppleWebKit/537.36 (KHTML, like Gecko) Chrome/120.0.0.0 Safari/537.36"
185.177.72.50 - - [14/Apr/2026:07:54:47 +0300] "GET /account HTTP/1.0" 404 2188 "-" "Mozilla/5.0 (Windows NT 10.0; Win64; x64) AppleWebKit/537.36, Mozilla/5.0 (Windows NT 10.0; Win64; x64) AppleWebKit/537.36 (KHTML, like Gecko) Chrome/120.0.0.0 Safari/537.36"
185.177.72.50 - - [14/Apr/2026:07:54:47 +0300] "GET /payment HTTP/1.0" 404 2188 "-" "Mozilla/5.0 (Windows NT 10.0; Win64; x64) AppleWebKit/537.36, Mozilla/5.0 (Windows NT 10.0; Win64; x64) AppleWebKit/537.36 (KHTML, like Gecko) Chrome/120.0.0.0 Safari/537.36"
74.7.241.59 - - [14/Apr/2026:07:54:47 +0300] "GET /market/Z023359046600 HTTP/1.0" 404 2091 "https://mramoria.com/sitemap.xml" "Mozilla/5.0 AppleWebKit/537.36 (KHTML, like Gecko; compatible; GPTBot/1.3; +https://openai.com/gptbot)"
185.177.72.50 - - [14/Apr/2026:07:54:48 +0300] "GET /register HTTP/1.0" 404 2188 "-" "Mozilla/5.0 (Windows NT 10.0; Win64; x64) AppleWebKit/537.36, Mozilla/5.0 (Windows NT 10.0; Win64; x64) AppleWebKit/537.36 (KHTML, like Gecko) Chrome/120.0.0.0 Safari/537.36"
185.177.72.50 - - [14/Apr/2026:07:54:48 +0300] "GET /pricing HTTP/1.0" 404 2188 "-" "Mozilla/5.0 (Windows NT 10.0; Win64; x64) AppleWebKit/537.36, Mozilla/5.0 (Windows NT 10.0; Win64; x64) AppleWebKit/537.36 (KHTML, like Gecko) Chrome/120.0.0.0 Safari/537.36"
185.177.72.50 - - [14/Apr/2026:07:54:49 +0300] "GET /.env HTTP/1.0" 404 2188 "-" "Mozilla/5.0 (Windows NT 10.0; Win64; x64) AppleWebKit/537.36, Mozilla/5.0 (Windows NT 10.0; Win64; x64) AppleWebKit/537.36 (KHTML, like Gecko) Chrome/120.0.0.0 Safari/537.36"
74.7.241.59 - - [14/Apr/2026:07:54:51 +0300] "GET /market/Z023163953796 HTTP/1.0" 404 2091 "https://mramoria.com/sitemap.xml" "Mozilla/5.0 AppleWebKit/537.36 (KHTML, like Gecko; compatible; GPTBot/1.3; +https://openai.com/gptbot)"
185.177.72.50 - - [14/Apr/2026:07:54:51 +0300] "GET /checkout HTTP/1.0" 404 2188 "-" "Mozilla/5.0 (Windows NT 10.0; Win64; x64) AppleWebKit/537.36, Mozilla/5.0 (Windows NT 10.0; Win64; x64) AppleWebKit/537.36 (KHTML, like Gecko) Chrome/120.0.0.0 Safari/537.36"
185.177.72.50 - - [14/Apr/2026:07:54:52 +0300] "GET /register HTTP/1.0" 404 2188 "-" "Mozilla/5.0 (Windows NT 10.0; Win64; x64) AppleWebKit/537.36, Mozilla/5.0 (Windows NT 10.0; Win64; x64) AppleWebKit/537.36 (KHTML, like Gecko) Chrome/120.0.0.0 Safari/537.36"
216.73.216.159 - - [14/Apr/2026:07:54:53 +0300] "GET /market/Z011046747083 HTTP/1.0" 404 2188 "-" "Mozilla/5.0 AppleWebKit/537.36 (KHTML, like Gecko; compatible; ClaudeBot/1.0; +claudebot@anthropic.com)"
185.177.72.50 - - [14/Apr/2026:07:54:54 +0300] "GET /pricing HTTP/1.0" 404 2188 "-" "Mozilla/5.0 (Windows NT 10.0; Win64; x64) AppleWebKit/537.36, Mozilla/5.0 (Windows NT 10.0; Win64; x64) AppleWebKit/537.36 (KHTML, like Gecko) Chrome/120.0.0.0 Safari/537.36"
74.7.241.59 - - [14/Apr/2026:07:54:54 +0300] "GET /market/Z023452426303 HTTP/1.0" 404 2091 "https://mramoria.com/sitemap.xml" "Mozilla/5.0 AppleWebKit/537.36 (KHTML, like Gecko; compatible; GPTBot/1.3; +https://openai.com/gptbot)"
185.177.72.50 - - [14/Apr/2026:07:54:53 +0300] "GET /shop HTTP/1.0" 404 2188 "-" "Mozilla/5.0 (Windows NT 10.0; Win64; x64) AppleWebKit/537.36, Mozilla/5.0 (Windows NT 10.0; Win64; x64) AppleWebKit/537.36 (KHTML, like Gecko) Chrome/120.0.0.0 Safari/537.36"
74.7.241.59 - - [14/Apr/2026:07:54:57 +0300] "GET /market/Z023975591485 HTTP/1.0" 404 2091 "https://mramoria.com/sitemap.xml" "Mozilla/5.0 AppleWebKit/537.36 (KHTML, like Gecko; compatible; GPTBot/1.3; +https://openai.com/gptbot)"
74.7.241.59 - - [14/Apr/2026:07:55:01 +0300] "GET /market/Z023648591538 HTTP/1.0" 404 2091 "https://mramoria.com/sitemap.xml" "Mozilla/5.0 AppleWebKit/537.36 (KHTML, like Gecko; compatible; GPTBot/1.3; +https://openai.com/gptbot)"
216.73.216.159 - - [14/Apr/2026:07:55:02 +0300] "GET /market/Z01551849746 HTTP/1.0" 404 2091 "-" "Mozilla/5.0 AppleWebKit/537.36 (KHTML, like Gecko; compatible; ClaudeBot/1.0; +claudebot@anthropic.com)"
74.7.241.59 - - [14/Apr/2026:07:55:04 +0300] "GET /market/Z023541856732 HTTP/1.0" 404 2091 "https://mramoria.com/sitemap.xml" "Mozilla/5.0 AppleWebKit/537.36 (KHTML, like Gecko; compatible; GPTBot/1.3; +https://openai.com/gptbot)"
74.7.241.59 - - [14/Apr/2026:07:55:08 +0300] "GET /market/Z021764703460 HTTP/1.0" 404 2091 "https://mramoria.com/sitemap.xml" "Mozilla/5.0 AppleWebKit/537.36 (KHTML, like Gecko; compatible; GPTBot/1.3; +https://openai.com/gptbot)"
74.7.241.59 - - [14/Apr/2026:07:55:11 +0300] "GET /market/Z021034709504 HTTP/1.0" 404 2091 "https://mramoria.com/sitemap.xml" "Mozilla/5.0 AppleWebKit/537.36 (KHTML, like Gecko; compatible; GPTBot/1.3; +https://openai.com/gptbot)"
216.73.216.159 - - [14/Apr/2026:07:55:11 +0300] "GET /market/Z062484754070 HTTP/1.0" 404 2091 "-" "Mozilla/5.0 AppleWebKit/537.36 (KHTML, like Gecko; compatible; ClaudeBot/1.0; +claudebot@anthropic.com)"
74.7.241.59 - - [14/Apr/2026:07:55:14 +0300] "GET /market/Z022941517738 HTTP/1.0" 404 2091 "https://mramoria.com/sitemap.xml" "Mozilla/5.0 AppleWebKit/537.36 (KHTML, like Gecko; compatible; GPTBot/1.3; +https://openai.com/gptbot)"
74.7.241.59 - - [14/Apr/2026:07:55:18 +0300] "GET /market/Z021370380465 HTTP/1.0" 404 2091 "https://mramoria.com/sitemap.xml" "Mozilla/5.0 AppleWebKit/537.36 (KHTML, like Gecko; compatible; GPTBot/1.3; +https://openai.com/gptbot)"
216.73.216.159 - - [14/Apr/2026:07:55:20 +0300] "GET /market/Z00132092704 HTTP/1.0" 404 2091 "-" "Mozilla/5.0 AppleWebKit/537.36 (KHTML, like Gecko; compatible; ClaudeBot/1.0; +claudebot@anthropic.com)"
74.7.241.59 - - [14/Apr/2026:07:55:23 +0300] "GET /market/Z021639661109 HTTP/1.0" 404 2091 "https://mramoria.com/sitemap.xml" "Mozilla/5.0 AppleWebKit/537.36 (KHTML, like Gecko; compatible; GPTBot/1.3; +https://openai.com/gptbot)"
74.7.241.59 - - [14/Apr/2026:07:55:26 +0300] "GET /market/Z021073822557 HTTP/1.0" 404 2091 "https://mramoria.com/sitemap.xml" "Mozilla/5.0 AppleWebKit/537.36 (KHTML, like Gecko; compatible; GPTBot/1.3; +https://openai.com/gptbot)"
216.73.216.159 - - [14/Apr/2026:07:55:29 +0300] "GET /market/Z062960493555 HTTP/1.0" 404 2091 "-" "Mozilla/5.0 AppleWebKit/537.36 (KHTML, like Gecko; compatible; ClaudeBot/1.0; +claudebot@anthropic.com)"
74.7.241.59 - - [14/Apr/2026:07:55:30 +0300] "GET /market/Z023379171194 HTTP/1.0" 404 2091 "https://mramoria.com/sitemap.xml" "Mozilla/5.0 AppleWebKit/537.36 (KHTML, like Gecko; compatible; GPTBot/1.3; +https://openai.com/gptbot)"
74.7.241.59 - - [14/Apr/2026:07:55:33 +0300] "GET /market/Z021840546290 HTTP/1.0" 404 2091 "https://mramoria.com/sitemap.xml" "Mozilla/5.0 AppleWebKit/537.36 (KHTML, like Gecko; compatible; GPTBot/1.3; +https://openai.com/gptbot)"
74.7.241.59 - - [14/Apr/2026:07:55:37 +0300] "GET /market/Z022596557803 HTTP/1.0" 404 2091 "https://mramoria.com/sitemap.xml" "Mozilla/5.0 AppleWebKit/537.36 (KHTML, like Gecko; compatible; GPTBot/1.3; +https://openai.com/gptbot)"
216.73.216.159 - - [14/Apr/2026:07:55:38 +0300] "GET /market/Z003706621327 HTTP/1.0" 404 2091 "-" "Mozilla/5.0 AppleWebKit/537.36 (KHTML, like Gecko; compatible; ClaudeBot/1.0; +claudebot@anthropic.com)"
74.7.241.59 - - [14/Apr/2026:07:55:40 +0300] "GET /market/Z023447837515 HTTP/1.0" 404 2091 "https://mramoria.com/sitemap.xml" "Mozilla/5.0 AppleWebKit/537.36 (KHTML, like Gecko; compatible; GPTBot/1.3; +https://openai.com/gptbot)"
74.7.241.59 - - [14/Apr/2026:07:55:43 +0300] "GET /market/Z022328349558 HTTP/1.0" 404 2091 "https://mramoria.com/sitemap.xml" "Mozilla/5.0 AppleWebKit/537.36 (KHTML, like Gecko; compatible; GPTBot/1.3; +https://openai.com/gptbot)"
74.7.241.59 - - [14/Apr/2026:07:55:47 +0300] "GET /market/Z021166249737 HTTP/1.0" 404 2091 "https://mramoria.com/sitemap.xml" "Mozilla/5.0 AppleWebKit/537.36 (KHTML, like Gecko; compatible; GPTBot/1.3; +https://openai.com/gptbot)"
216.73.216.159 - - [14/Apr/2026:07:55:47 +0300] "GET /market/Z063602243143 HTTP/1.0" 404 2091 "-" "Mozilla/5.0 AppleWebKit/537.36 (KHTML, like Gecko; compatible; ClaudeBot/1.0; +claudebot@anthropic.com)"
74.7.241.59 - - [14/Apr/2026:07:55:50 +0300] "GET /market/Z022573497947 HTTP/1.0" 404 2091 "https://mramoria.com/sitemap.xml" "Mozilla/5.0 AppleWebKit/537.36 (KHTML, like Gecko; compatible; GPTBot/1.3; +https://openai.com/gptbot)"
74.7.241.59 - - [14/Apr/2026:07:55:54 +0300] "GET /market/Z021076246739 HTTP/1.0" 404 2091 "https://mramoria.com/sitemap.xml" "Mozilla/5.0 AppleWebKit/537.36 (KHTML, like Gecko; compatible; GPTBot/1.3; +https://openai.com/gptbot)"
216.73.216.159 - - [14/Apr/2026:07:55:57 +0300] "GET /market/Z001324263169 HTTP/1.0" 404 2091 "-" "Mozilla/5.0 AppleWebKit/537.36 (KHTML, like Gecko; compatible; ClaudeBot/1.0; +claudebot@anthropic.com)"
74.7.241.59 - - [14/Apr/2026:07:55:57 +0300] "GET /market/Z021097583432 HTTP/1.0" 404 2091 "https://mramoria.com/sitemap.xml" "Mozilla/5.0 AppleWebKit/537.36 (KHTML, like Gecko; compatible; GPTBot/1.3; +https://openai.com/gptbot)"
216.73.216.159 - - [14/Apr/2026:07:56:00 +0300] "GET /market/Z00233026623 HTTP/1.0" 404 2188 "-" "Mozilla/5.0 AppleWebKit/537.36 (KHTML, like Gecko; compatible; ClaudeBot/1.0; +claudebot@anthropic.com)"
74.7.241.59 - - [14/Apr/2026:07:56:01 +0300] "GET /market/Z022406616570 HTTP/1.0" 404 2091 "https://mramoria.com/sitemap.xml" "Mozilla/5.0 AppleWebKit/537.36 (KHTML, like Gecko; compatible; GPTBot/1.3; +https://openai.com/gptbot)"
74.7.241.59 - - [14/Apr/2026:07:56:04 +0300] "GET /market/Z021900692845 HTTP/1.0" 404 2091 "https://mramoria.com/sitemap.xml" "Mozilla/5.0 AppleWebKit/537.36 (KHTML, like Gecko; compatible; GPTBot/1.3; +https://openai.com/gptbot)"
74.7.241.59 - - [14/Apr/2026:07:56:07 +0300] "GET /market/Z022172677038 HTTP/1.0" 404 2091 "https://mramoria.com/sitemap.xml" "Mozilla/5.0 AppleWebKit/537.36 (KHTML, like Gecko; compatible; GPTBot/1.3; +https://openai.com/gptbot)"
66.249.70.133 - - [14/Apr/2026:07:56:07 +0300] "GET /market/Z013411247953 HTTP/1.0" 200 27425 "-" "Mozilla/5.0 (Linux; Android 6.0.1; Nexus 5X Build/MMB29P) AppleWebKit/537.36 (KHTML, like Gecko) Chrome/146.0.7680.177 Mobile Safari/537.36 (compatible; GoogleOther)"
216.73.216.159 - - [14/Apr/2026:07:56:10 +0300] "GET /market/Z012583840015 HTTP/1.0" 404 2091 "-" "Mozilla/5.0 AppleWebKit/537.36 (KHTML, like Gecko; compatible; ClaudeBot/1.0; +claudebot@anthropic.com)"
74.7.241.59 - - [14/Apr/2026:07:56:11 +0300] "GET /market/Z021482705012 HTTP/1.0" 404 2091 "https://mramoria.com/sitemap.xml" "Mozilla/5.0 AppleWebKit/537.36 (KHTML, like Gecko; compatible; GPTBot/1.3; +https://openai.com/gptbot)"
74.7.241.59 - - [14/Apr/2026:07:56:14 +0300] "GET /market/Z023428761481 HTTP/1.0" 404 2091 "https://mramoria.com/sitemap.xml" "Mozilla/5.0 AppleWebKit/537.36 (KHTML, like Gecko; compatible; GPTBot/1.3; +https://openai.com/gptbot)"
74.7.241.59 - - [14/Apr/2026:07:56:18 +0300] "GET /market/Z023375794505 HTTP/1.0" 404 2091 "https://mramoria.com/sitemap.xml" "Mozilla/5.0 AppleWebKit/537.36 (KHTML, like Gecko; compatible; GPTBot/1.3; +https://openai.com/gptbot)"
216.73.216.159 - - [14/Apr/2026:07:56:20 +0300] "GET /market/Z001704067074 HTTP/1.0" 404 2091 "-" "Mozilla/5.0 AppleWebKit/537.36 (KHTML, like Gecko; compatible; ClaudeBot/1.0; +claudebot@anthropic.com)"
74.7.241.59 - - [14/Apr/2026:07:56:21 +0300] "GET /market/Z023495035985 HTTP/1.0" 404 2091 "https://mramoria.com/sitemap.xml" "Mozilla/5.0 AppleWebKit/537.36 (KHTML, like Gecko; compatible; GPTBot/1.3; +https://openai.com/gptbot)"
74.7.241.59 - - [14/Apr/2026:07:56:25 +0300] "GET /market/Z023565962949 HTTP/1.0" 404 2091 "https://mramoria.com/sitemap.xml" "Mozilla/5.0 AppleWebKit/537.36 (KHTML, like Gecko; compatible; GPTBot/1.3; +https://openai.com/gptbot)"
74.7.241.59 - - [14/Apr/2026:07:56:28 +0300] "GET /market/Z023660145689 HTTP/1.0" 404 2091 "https://mramoria.com/sitemap.xml" "Mozilla/5.0 AppleWebKit/537.36 (KHTML, like Gecko; compatible; GPTBot/1.3; +https://openai.com/gptbot)"
216.73.216.159 - - [14/Apr/2026:07:56:30 +0300] "GET /market/Z012956315253 HTTP/1.0" 404 2091 "-" "Mozilla/5.0 AppleWebKit/537.36 (KHTML, like Gecko; compatible; ClaudeBot/1.0; +claudebot@anthropic.com)"
74.7.241.59 - - [14/Apr/2026:07:56:31 +0300] "GET /market/Z021689414919 HTTP/1.0" 404 2091 "https://mramoria.com/sitemap.xml" "Mozilla/5.0 AppleWebKit/537.36 (KHTML, like Gecko; compatible; GPTBot/1.3; +https://openai.com/gptbot)"
74.7.241.59 - - [14/Apr/2026:07:56:35 +0300] "GET /market/Z023573139474 HTTP/1.0" 404 2091 "https://mramoria.com/sitemap.xml" "Mozilla/5.0 AppleWebKit/537.36 (KHTML, like Gecko; compatible; GPTBot/1.3; +https://openai.com/gptbot)"
74.7.241.59 - - [14/Apr/2026:07:56:38 +0300] "GET /market/Z022664108094 HTTP/1.0" 404 2091 "https://mramoria.com/sitemap.xml" "Mozilla/5.0 AppleWebKit/537.36 (KHTML, like Gecko; compatible; GPTBot/1.3; +https://openai.com/gptbot)"
216.73.216.159 - - [14/Apr/2026:07:56:40 +0300] "GET /market/Z062285535833 HTTP/1.0" 404 2091 "-" "Mozilla/5.0 AppleWebKit/537.36 (KHTML, like Gecko; compatible; ClaudeBot/1.0; +claudebot@anthropic.com)"
74.7.241.59 - - [14/Apr/2026:07:56:42 +0300] "GET /market/Z021071140576 HTTP/1.0" 404 2091 "https://mramoria.com/sitemap.xml" "Mozilla/5.0 AppleWebKit/537.36 (KHTML, like Gecko; compatible; GPTBot/1.3; +https://openai.com/gptbot)"
74.7.241.59 - - [14/Apr/2026:07:56:45 +0300] "GET /market/Z023576516147 HTTP/1.0" 404 2091 "https://mramoria.com/sitemap.xml" "Mozilla/5.0 AppleWebKit/537.36 (KHTML, like Gecko; compatible; GPTBot/1.3; +https://openai.com/gptbot)"
74.7.241.59 - - [14/Apr/2026:07:56:48 +0300] "GET /market/Z024076921423 HTTP/1.0" 404 2091 "https://mramoria.com/sitemap.xml" "Mozilla/5.0 AppleWebKit/537.36 (KHTML, like Gecko; compatible; GPTBot/1.3; +https://openai.com/gptbot)"
216.73.216.159 - - [14/Apr/2026:07:56:50 +0300] "GET /market/Z063645034644 HTTP/1.0" 404 2091 "-" "Mozilla/5.0 AppleWebKit/537.36 (KHTML, like Gecko; compatible; ClaudeBot/1.0; +claudebot@anthropic.com)"
74.7.241.59 - - [14/Apr/2026:07:56:52 +0300] "GET /market/Z021710751628 HTTP/1.0" 404 2091 "https://mramoria.com/sitemap.xml" "Mozilla/5.0 AppleWebKit/537.36 (KHTML, like Gecko; compatible; GPTBot/1.3; +https://openai.com/gptbot)"
74.7.241.59 - - [14/Apr/2026:07:56:55 +0300] "GET /market/Z021430917754 HTTP/1.0" 404 2091 "https://mramoria.com/sitemap.xml" "Mozilla/5.0 AppleWebKit/537.36 (KHTML, like Gecko; compatible; GPTBot/1.3; +https://openai.com/gptbot)"
74.7.241.59 - - [14/Apr/2026:07:56:58 +0300] "GET /market/Z022900334355 HTTP/1.0" 404 2091 "https://mramoria.com/sitemap.xml" "Mozilla/5.0 AppleWebKit/537.36 (KHTML, like Gecko; compatible; GPTBot/1.3; +https://openai.com/gptbot)"
216.73.216.159 - - [14/Apr/2026:07:57:00 +0300] "GET /market/Z062524064169 HTTP/1.0" 404 2091 "-" "Mozilla/5.0 AppleWebKit/537.36 (KHTML, like Gecko; compatible; ClaudeBot/1.0; +claudebot@anthropic.com)"
74.7.241.59 - - [14/Apr/2026:07:57:02 +0300] "GET /market/Z021528477199 HTTP/1.0" 404 2091 "https://mramoria.com/sitemap.xml" "Mozilla/5.0 AppleWebKit/537.36 (KHTML, like Gecko; compatible; GPTBot/1.3; +https://openai.com/gptbot)"
74.7.241.59 - - [14/Apr/2026:07:57:05 +0300] "GET /market/Z023356458895 HTTP/1.0" 404 2091 "https://mramoria.com/sitemap.xml" "Mozilla/5.0 AppleWebKit/537.36 (KHTML, like Gecko; compatible; GPTBot/1.3; +https://openai.com/gptbot)"
74.7.241.59 - - [14/Apr/2026:07:57:08 +0300] "GET /market/Z024276690574 HTTP/1.0" 404 2091 "https://mramoria.com/sitemap.xml" "Mozilla/5.0 AppleWebKit/537.36 (KHTML, like Gecko; compatible; GPTBot/1.3; +https://openai.com/gptbot)"
216.73.216.159 - - [14/Apr/2026:07:57:10 +0300] "GET /market/Z011883386269 HTTP/1.0" 404 2091 "-" "Mozilla/5.0 AppleWebKit/537.36 (KHTML, like Gecko; compatible; ClaudeBot/1.0; +claudebot@anthropic.com)"
74.7.241.59 - - [14/Apr/2026:07:57:12 +0300] "GET /market/Z022386328453 HTTP/1.0" 404 2091 "https://mramoria.com/sitemap.xml" "Mozilla/5.0 AppleWebKit/537.36 (KHTML, like Gecko; compatible; GPTBot/1.3; +https://openai.com/gptbot)"
74.7.241.59 - - [14/Apr/2026:07:57:15 +0300] "GET /market/Z023859515580 HTTP/1.0" 404 2091 "https://mramoria.com/sitemap.xml" "Mozilla/5.0 AppleWebKit/537.36 (KHTML, like Gecko; compatible; GPTBot/1.3; +https://openai.com/gptbot)"
74.7.241.59 - - [14/Apr/2026:07:57:18 +0300] "GET /market/Z021295091908 HTTP/1.0" 404 2091 "https://mramoria.com/sitemap.xml" "Mozilla/5.0 AppleWebKit/537.36 (KHTML, like Gecko; compatible; GPTBot/1.3; +https://openai.com/gptbot)"
216.73.216.159 - - [14/Apr/2026:07:57:22 +0300] "GET /market/Z002741124544 HTTP/1.0" 404 2188 "-" "Mozilla/5.0 AppleWebKit/537.36 (KHTML, like Gecko; compatible; ClaudeBot/1.0; +claudebot@anthropic.com)"
74.7.241.59 - - [14/Apr/2026:07:57:22 +0300] "GET /market/Z021886369138 HTTP/1.0" 404 2091 "https://mramoria.com/sitemap.xml" "Mozilla/5.0 AppleWebKit/537.36 (KHTML, like Gecko; compatible; GPTBot/1.3; +https://openai.com/gptbot)"
74.7.241.59 - - [14/Apr/2026:07:57:25 +0300] "GET /market/Z022625512432 HTTP/1.0" 404 2091 "https://mramoria.com/sitemap.xml" "Mozilla/5.0 AppleWebKit/537.36 (KHTML, like Gecko; compatible; GPTBot/1.3; +https://openai.com/gptbot)"
74.7.241.59 - - [14/Apr/2026:07:57:29 +0300] "GET /market/Z021726894567 HTTP/1.0" 404 2091 "https://mramoria.com/sitemap.xml" "Mozilla/5.0 AppleWebKit/537.36 (KHTML, like Gecko; compatible; GPTBot/1.3; +https://openai.com/gptbot)"
216.73.216.159 - - [14/Apr/2026:07:57:31 +0300] "GET /market/Z002315960202 HTTP/1.0" 404 2091 "-" "Mozilla/5.0 AppleWebKit/537.36 (KHTML, like Gecko; compatible; ClaudeBot/1.0; +claudebot@anthropic.com)"
74.7.241.59 - - [14/Apr/2026:07:57:32 +0300] "GET /market/Z022507386966 HTTP/1.0" 404 2091 "https://mramoria.com/sitemap.xml" "Mozilla/5.0 AppleWebKit/537.36 (KHTML, like Gecko; compatible; GPTBot/1.3; +https://openai.com/gptbot)"
74.7.241.59 - - [14/Apr/2026:07:57:36 +0300] "GET /market/Z021049640344 HTTP/1.0" 404 2091 "https://mramoria.com/sitemap.xml" "Mozilla/5.0 AppleWebKit/537.36 (KHTML, like Gecko; compatible; GPTBot/1.3; +https://openai.com/gptbot)"
74.7.241.59 - - [14/Apr/2026:07:57:39 +0300] "GET /market/Z021263809182 HTTP/1.0" 404 2091 "https://mramoria.com/sitemap.xml" "Mozilla/5.0 AppleWebKit/537.36 (KHTML, like Gecko; compatible; GPTBot/1.3; +https://openai.com/gptbot)"
216.73.216.159 - - [14/Apr/2026:07:57:41 +0300] "GET /market/Z012400972065 HTTP/1.0" 404 2091 "-" "Mozilla/5.0 AppleWebKit/537.36 (KHTML, like Gecko; compatible; ClaudeBot/1.0; +claudebot@anthropic.com)"
74.7.241.59 - - [14/Apr/2026:07:57:42 +0300] "GET /market/Z021563136614 HTTP/1.0" 404 2091 "https://mramoria.com/sitemap.xml" "Mozilla/5.0 AppleWebKit/537.36 (KHTML, like Gecko; compatible; GPTBot/1.3; +https://openai.com/gptbot)"
74.7.241.59 - - [14/Apr/2026:07:57:46 +0300] "GET /market/Z023930378840 HTTP/1.0" 404 2091 "https://mramoria.com/sitemap.xml" "Mozilla/5.0 AppleWebKit/537.36 (KHTML, like Gecko; compatible; GPTBot/1.3; +https://openai.com/gptbot)"
74.7.241.59 - - [14/Apr/2026:07:57:49 +0300] "GET /market/Z022550785632 HTTP/1.0" 404 2091 "https://mramoria.com/sitemap.xml" "Mozilla/5.0 AppleWebKit/537.36 (KHTML, like Gecko; compatible; GPTBot/1.3; +https://openai.com/gptbot)"
216.73.216.159 - - [14/Apr/2026:07:57:51 +0300] "GET /market/Z011959065544 HTTP/1.0" 404 2091 "-" "Mozilla/5.0 AppleWebKit/537.36 (KHTML, like Gecko; compatible; ClaudeBot/1.0; +claudebot@anthropic.com)"
74.7.241.59 - - [14/Apr/2026:07:57:53 +0300] "GET /market/Z022739420474 HTTP/1.0" 404 2091 "https://mramoria.com/sitemap.xml" "Mozilla/5.0 AppleWebKit/537.36 (KHTML, like Gecko; compatible; GPTBot/1.3; +https://openai.com/gptbot)"
74.7.241.59 - - [14/Apr/2026:07:57:56 +0300] "GET /market/Z022708953812 HTTP/1.0" 404 2091 "https://mramoria.com/sitemap.xml" "Mozilla/5.0 AppleWebKit/537.36 (KHTML, like Gecko; compatible; GPTBot/1.3; +https://openai.com/gptbot)"
74.7.241.59 - - [14/Apr/2026:07:57:59 +0300] "GET /market/Z022188983516 HTTP/1.0" 404 2091 "https://mramoria.com/sitemap.xml" "Mozilla/5.0 AppleWebKit/537.36 (KHTML, like Gecko; compatible; GPTBot/1.3; +https://openai.com/gptbot)"
216.73.216.159 - - [14/Apr/2026:07:58:01 +0300] "GET /market/Z002657683148 HTTP/1.0" 404 2091 "-" "Mozilla/5.0 AppleWebKit/537.36 (KHTML, like Gecko; compatible; ClaudeBot/1.0; +claudebot@anthropic.com)"
74.7.241.59 - - [14/Apr/2026:07:58:03 +0300] "GET /market/Z021098795547 HTTP/1.0" 404 2091 "https://mramoria.com/sitemap.xml" "Mozilla/5.0 AppleWebKit/537.36 (KHTML, like Gecko; compatible; GPTBot/1.3; +https://openai.com/gptbot)"
74.7.241.59 - - [14/Apr/2026:07:58:06 +0300] "GET /market/Z021151926046 HTTP/1.0" 404 2091 "https://mramoria.com/sitemap.xml" "Mozilla/5.0 AppleWebKit/537.36 (KHTML, like Gecko; compatible; GPTBot/1.3; +https://openai.com/gptbot)"
74.7.241.59 - - [14/Apr/2026:07:58:10 +0300] "GET /market/Z022998057323 HTTP/1.0" 404 2091 "https://mramoria.com/sitemap.xml" "Mozilla/5.0 AppleWebKit/537.36 (KHTML, like Gecko; compatible; GPTBot/1.3; +https://openai.com/gptbot)"
216.73.216.159 - - [14/Apr/2026:07:58:11 +0300] "GET /market/Z013849656924 HTTP/1.0" 404 2091 "-" "Mozilla/5.0 AppleWebKit/537.36 (KHTML, like Gecko; compatible; ClaudeBot/1.0; +claudebot@anthropic.com)"
74.7.241.59 - - [14/Apr/2026:07:58:13 +0300] "GET /market/Z022118933048 HTTP/1.0" 404 2091 "https://mramoria.com/sitemap.xml" "Mozilla/5.0 AppleWebKit/537.36 (KHTML, like Gecko; compatible; GPTBot/1.3; +https://openai.com/gptbot)"
74.7.241.59 - - [14/Apr/2026:07:58:17 +0300] "GET /market/Z022069342761 HTTP/1.0" 404 2091 "https://mramoria.com/sitemap.xml" "Mozilla/5.0 AppleWebKit/537.36 (KHTML, like Gecko; compatible; GPTBot/1.3; +https://openai.com/gptbot)"
74.7.241.59 - - [14/Apr/2026:07:58:20 +0300] "GET /market/Z024160943898 HTTP/1.0" 404 2091 "https://mramoria.com/sitemap.xml" "Mozilla/5.0 AppleWebKit/537.36 (KHTML, like Gecko; compatible; GPTBot/1.3; +https://openai.com/gptbot)"
216.73.216.159 - - [14/Apr/2026:07:58:21 +0300] "GET /market/Z011378877816 HTTP/1.0" 404 2091 "-" "Mozilla/5.0 AppleWebKit/537.36 (KHTML, like Gecko; compatible; ClaudeBot/1.0; +claudebot@anthropic.com)"
74.7.241.59 - - [14/Apr/2026:07:58:23 +0300] "GET /market/Z024235670698 HTTP/1.0" 404 2091 "https://mramoria.com/sitemap.xml" "Mozilla/5.0 AppleWebKit/537.36 (KHTML, like Gecko; compatible; GPTBot/1.3; +https://openai.com/gptbot)"
66.249.70.135 - - [14/Apr/2026:07:58:26 +0300] "GET /market/Z012963303106 HTTP/1.0" 200 28091 "-" "Mozilla/5.0 (Linux; Android 6.0.1; Nexus 5X Build/MMB29P) AppleWebKit/537.36 (KHTML, like Gecko) Chrome/146.0.7680.177 Mobile Safari/537.36 (compatible; GoogleOther)"
74.7.241.59 - - [14/Apr/2026:07:58:27 +0300] "GET /market/Z023795601586 HTTP/1.0" 404 2091 "https://mramoria.com/sitemap.xml" "Mozilla/5.0 AppleWebKit/537.36 (KHTML, like Gecko; compatible; GPTBot/1.3; +https://openai.com/gptbot)"
74.7.241.59 - - [14/Apr/2026:07:58:30 +0300] "GET /market/Z023520961450 HTTP/1.0" 404 2091 "https://mramoria.com/sitemap.xml" "Mozilla/5.0 AppleWebKit/537.36 (KHTML, like Gecko; compatible; GPTBot/1.3; +https://openai.com/gptbot)"
216.73.216.159 - - [14/Apr/2026:07:58:31 +0300] "GET /market/Z011077778727 HTTP/1.0" 404 2091 "-" "Mozilla/5.0 AppleWebKit/537.36 (KHTML, like Gecko; compatible; ClaudeBot/1.0; +claudebot@anthropic.com)"
74.7.241.59 - - [14/Apr/2026:07:58:33 +0300] "GET /market/Z022871639334 HTTP/1.0" 404 2091 "https://mramoria.com/sitemap.xml" "Mozilla/5.0 AppleWebKit/537.36 (KHTML, like Gecko; compatible; GPTBot/1.3; +https://openai.com/gptbot)"
74.7.241.59 - - [14/Apr/2026:07:58:37 +0300] "GET /market/Z023382547899 HTTP/1.0" 404 2091 "https://mramoria.com/sitemap.xml" "Mozilla/5.0 AppleWebKit/537.36 (KHTML, like Gecko; compatible; GPTBot/1.3; +https://openai.com/gptbot)"
74.7.241.59 - - [14/Apr/2026:07:58:40 +0300] "GET /market/Z024260384096 HTTP/1.0" 404 2091 "https://mramoria.com/sitemap.xml" "Mozilla/5.0 AppleWebKit/537.36 (KHTML, like Gecko; compatible; GPTBot/1.3; +https://openai.com/gptbot)"
216.73.216.159 - - [14/Apr/2026:07:58:41 +0300] "GET /market/Z002172891455 HTTP/1.0" 404 2091 "-" "Mozilla/5.0 AppleWebKit/537.36 (KHTML, like Gecko; compatible; ClaudeBot/1.0; +claudebot@anthropic.com)"
148.113.130.181 - - [14/Apr/2026:07:58:41 +0300] "GET /market/Z06995900760 HTTP/1.0" 404 2188 "-" "Mozilla/5.0 (compatible; AhrefsBot/7.0; +http://ahrefs.com/robot/)"
74.7.241.59 - - [14/Apr/2026:07:58:43 +0300] "GET /market/Z021317035750 HTTP/1.0" 404 2091 "https://mramoria.com/sitemap.xml" "Mozilla/5.0 AppleWebKit/537.36 (KHTML, like Gecko; compatible; GPTBot/1.3; +https://openai.com/gptbot)"
74.7.241.59 - - [14/Apr/2026:07:58:47 +0300] "GET /market/Z022589640886 HTTP/1.0" 404 2091 "https://mramoria.com/sitemap.xml" "Mozilla/5.0 AppleWebKit/537.36 (KHTML, like Gecko; compatible; GPTBot/1.3; +https://openai.com/gptbot)"
74.7.241.59 - - [14/Apr/2026:07:58:50 +0300] "GET /market/Z021978959857 HTTP/1.0" 404 2091 "https://mramoria.com/sitemap.xml" "Mozilla/5.0 AppleWebKit/537.36 (KHTML, like Gecko; compatible; GPTBot/1.3; +https://openai.com/gptbot)"
216.73.216.159 - - [14/Apr/2026:07:58:53 +0300] "GET /market/Z063255767918 HTTP/1.0" 404 2188 "-" "Mozilla/5.0 AppleWebKit/537.36 (KHTML, like Gecko; compatible; ClaudeBot/1.0; +claudebot@anthropic.com)"
74.7.241.59 - - [14/Apr/2026:07:58:53 +0300] "GET /market/Z022549618941 HTTP/1.0" 404 2091 "https://mramoria.com/sitemap.xml" "Mozilla/5.0 AppleWebKit/537.36 (KHTML, like Gecko; compatible; GPTBot/1.3; +https://openai.com/gptbot)"
74.7.241.59 - - [14/Apr/2026:07:58:57 +0300] "GET /market/Z021492209650 HTTP/1.0" 404 2091 "https://mramoria.com/sitemap.xml" "Mozilla/5.0 AppleWebKit/537.36 (KHTML, like Gecko; compatible; GPTBot/1.3; +https://openai.com/gptbot)"
74.7.241.59 - - [14/Apr/2026:07:59:00 +0300] "GET /market/Z023307095835 HTTP/1.0" 404 2091 "https://mramoria.com/sitemap.xml" "Mozilla/5.0 AppleWebKit/537.36 (KHTML, like Gecko; compatible; GPTBot/1.3; +https://openai.com/gptbot)"
216.73.216.159 - - [14/Apr/2026:07:59:03 +0300] "GET /market/Z063188305186 HTTP/1.0" 404 2091 "-" "Mozilla/5.0 AppleWebKit/537.36 (KHTML, like Gecko; compatible; ClaudeBot/1.0; +claudebot@anthropic.com)"
74.7.241.59 - - [14/Apr/2026:07:59:03 +0300] "GET /market/Z022650389321 HTTP/1.0" 404 2091 "https://mramoria.com/sitemap.xml" "Mozilla/5.0 AppleWebKit/537.36 (KHTML, like Gecko; compatible; GPTBot/1.3; +https://openai.com/gptbot)"
74.7.241.59 - - [14/Apr/2026:07:59:07 +0300] "GET /market/Z021871012936 HTTP/1.0" 404 2188 "https://mramoria.com/sitemap.xml" "Mozilla/5.0 AppleWebKit/537.36 (KHTML, like Gecko; compatible; GPTBot/1.3; +https://openai.com/gptbot)"
74.7.241.59 - - [14/Apr/2026:07:59:10 +0300] "GET /market/Z022673449177 HTTP/1.0" 404 2091 "https://mramoria.com/sitemap.xml" "Mozilla/5.0 AppleWebKit/537.36 (KHTML, like Gecko; compatible; GPTBot/1.3; +https://openai.com/gptbot)"
216.73.216.159 - - [14/Apr/2026:07:59:13 +0300] "GET /market/Z063685393319 HTTP/1.0" 404 2091 "-" "Mozilla/5.0 AppleWebKit/537.36 (KHTML, like Gecko; compatible; ClaudeBot/1.0; +claudebot@anthropic.com)"
74.7.241.59 - - [14/Apr/2026:07:59:14 +0300] "GET /market/Z023430137119 HTTP/1.0" 404 2091 "https://mramoria.com/sitemap.xml" "Mozilla/5.0 AppleWebKit/537.36 (KHTML, like Gecko; compatible; GPTBot/1.3; +https://openai.com/gptbot)"
74.7.241.59 - - [14/Apr/2026:07:59:17 +0300] "GET /market/Z021147337242 HTTP/1.0" 404 2091 "https://mramoria.com/sitemap.xml" "Mozilla/5.0 AppleWebKit/537.36 (KHTML, like Gecko; compatible; GPTBot/1.3; +https://openai.com/gptbot)"
74.7.241.59 - - [14/Apr/2026:07:59:20 +0300] "GET /market/Z023728811994 HTTP/1.0" 404 2091 "https://mramoria.com/sitemap.xml" "Mozilla/5.0 AppleWebKit/537.36 (KHTML, like Gecko; compatible; GPTBot/1.3; +https://openai.com/gptbot)"
216.73.216.159 - - [14/Apr/2026:07:59:23 +0300] "GET /market/Z061858933238 HTTP/1.0" 404 2091 "-" "Mozilla/5.0 AppleWebKit/537.36 (KHTML, like Gecko; compatible; ClaudeBot/1.0; +claudebot@anthropic.com)"
74.7.241.59 - - [14/Apr/2026:07:59:24 +0300] "GET /market/Z023865479974 HTTP/1.0" 404 2091 "https://mramoria.com/sitemap.xml" "Mozilla/5.0 AppleWebKit/537.36 (KHTML, like Gecko; compatible; GPTBot/1.3; +https://openai.com/gptbot)"
74.7.241.59 - - [14/Apr/2026:07:59:27 +0300] "GET /market/Z023064395515 HTTP/1.0" 404 2091 "https://mramoria.com/sitemap.xml" "Mozilla/5.0 AppleWebKit/537.36 (KHTML, like Gecko; compatible; GPTBot/1.3; +https://openai.com/gptbot)"
74.7.241.59 - - [14/Apr/2026:07:59:30 +0300] "GET /market/Z021380722517 HTTP/1.0" 404 2091 "https://mramoria.com/sitemap.xml" "Mozilla/5.0 AppleWebKit/537.36 (KHTML, like Gecko; compatible; GPTBot/1.3; +https://openai.com/gptbot)"
216.73.216.159 - - [14/Apr/2026:07:59:33 +0300] "GET /market/Z062293210004 HTTP/1.0" 404 2091 "-" "Mozilla/5.0 AppleWebKit/537.36 (KHTML, like Gecko; compatible; ClaudeBot/1.0; +claudebot@anthropic.com)"
74.7.241.59 - - [14/Apr/2026:07:59:34 +0300] "GET /market/Z023898536572 HTTP/1.0" 404 2091 "https://mramoria.com/sitemap.xml" "Mozilla/5.0 AppleWebKit/537.36 (KHTML, like Gecko; compatible; GPTBot/1.3; +https://openai.com/gptbot)"
74.7.241.59 - - [14/Apr/2026:07:59:37 +0300] "GET /market/Z023116528099 HTTP/1.0" 404 2091 "https://mramoria.com/sitemap.xml" "Mozilla/5.0 AppleWebKit/537.36 (KHTML, like Gecko; compatible; GPTBot/1.3; +https://openai.com/gptbot)"
74.7.241.59 - - [14/Apr/2026:07:59:41 +0300] "GET /market/Z022830619490 HTTP/1.0" 404 2091 "https://mramoria.com/sitemap.xml" "Mozilla/5.0 AppleWebKit/537.36 (KHTML, like Gecko; compatible; GPTBot/1.3; +https://openai.com/gptbot)"
216.73.216.159 - - [14/Apr/2026:07:59:43 +0300] "GET /market/Z06307211750 HTTP/1.0" 404 2091 "-" "Mozilla/5.0 AppleWebKit/537.36 (KHTML, like Gecko; compatible; ClaudeBot/1.0; +claudebot@anthropic.com)"
74.7.241.59 - - [14/Apr/2026:07:59:44 +0300] "GET /market/Z022142857462 HTTP/1.0" 404 2091 "https://mramoria.com/sitemap.xml" "Mozilla/5.0 AppleWebKit/537.36 (KHTML, like Gecko; compatible; GPTBot/1.3; +https://openai.com/gptbot)"
74.7.241.59 - - [14/Apr/2026:07:59:48 +0300] "GET /market/Z023956467844 HTTP/1.0" 404 2091 "https://mramoria.com/sitemap.xml" "Mozilla/5.0 AppleWebKit/537.36 (KHTML, like Gecko; compatible; GPTBot/1.3; +https://openai.com/gptbot)"
74.7.241.59 - - [14/Apr/2026:07:59:51 +0300] "GET /market/Z021600779785 HTTP/1.0" 404 2091 "https://mramoria.com/sitemap.xml" "Mozilla/5.0 AppleWebKit/537.36 (KHTML, like Gecko; compatible; GPTBot/1.3; +https://openai.com/gptbot)"
216.73.216.159 - - [14/Apr/2026:07:59:54 +0300] "GET /market/Z064075127542 HTTP/1.0" 404 2091 "-" "Mozilla/5.0 AppleWebKit/537.36 (KHTML, like Gecko; compatible; ClaudeBot/1.0; +claudebot@anthropic.com)"
74.7.241.59 - - [14/Apr/2026:07:59:54 +0300] "GET /market/Z023791965273 HTTP/1.0" 404 2091 "https://mramoria.com/sitemap.xml" "Mozilla/5.0 AppleWebKit/537.36 (KHTML, like Gecko; compatible; GPTBot/1.3; +https://openai.com/gptbot)"
74.7.241.59 - - [14/Apr/2026:07:59:58 +0300] "GET /market/Z023627254845 HTTP/1.0" 404 2091 "https://mramoria.com/sitemap.xml" "Mozilla/5.0 AppleWebKit/537.36 (KHTML, like Gecko; compatible; GPTBot/1.3; +https://openai.com/gptbot)"
74.7.241.59 - - [14/Apr/2026:08:00:02 +0300] "GET /market/Z023545396944 HTTP/1.0" 404 2091 "https://mramoria.com/sitemap.xml" "Mozilla/5.0 AppleWebKit/537.36 (KHTML, like Gecko; compatible; GPTBot/1.3; +https://openai.com/gptbot)"
216.73.216.159 - - [14/Apr/2026:08:00:05 +0300] "GET /market/Z061248352795 HTTP/1.0" 404 2091 "-" "Mozilla/5.0 AppleWebKit/537.36 (KHTML, like Gecko; compatible; ClaudeBot/1.0; +claudebot@anthropic.com)"
74.7.241.59 - - [14/Apr/2026:08:00:05 +0300] "GET /market/Z024178903918 HTTP/1.0" 404 2091 "https://mramoria.com/sitemap.xml" "Mozilla/5.0 AppleWebKit/537.36 (KHTML, like Gecko; compatible; GPTBot/1.3; +https://openai.com/gptbot)"
74.7.241.59 - - [14/Apr/2026:08:00:09 +0300] "GET /market/Z022548406826 HTTP/1.0" 404 2091 "https://mramoria.com/sitemap.xml" "Mozilla/5.0 AppleWebKit/537.36 (KHTML, like Gecko; compatible; GPTBot/1.3; +https://openai.com/gptbot)"
74.7.241.59 - - [14/Apr/2026:08:00:12 +0300] "GET /market/Z022116768458 HTTP/1.0" 404 2091 "https://mramoria.com/sitemap.xml" "Mozilla/5.0 AppleWebKit/537.36 (KHTML, like Gecko; compatible; GPTBot/1.3; +https://openai.com/gptbot)"
74.7.241.59 - - [14/Apr/2026:08:00:15 +0300] "GET /market/Z023078719206 HTTP/1.0" 404 2091 "https://mramoria.com/sitemap.xml" "Mozilla/5.0 AppleWebKit/537.36 (KHTML, like Gecko; compatible; GPTBot/1.3; +https://openai.com/gptbot)"
216.73.216.159 - - [14/Apr/2026:08:00:16 +0300] "GET /market/Z062008063526 HTTP/1.0" 404 2188 "-" "Mozilla/5.0 AppleWebKit/537.36 (KHTML, like Gecko; compatible; ClaudeBot/1.0; +claudebot@anthropic.com)"
74.7.241.59 - - [14/Apr/2026:08:00:19 +0300] "GET /market/Z021972995431 HTTP/1.0" 404 2091 "https://mramoria.com/sitemap.xml" "Mozilla/5.0 AppleWebKit/537.36 (KHTML, like Gecko; compatible; GPTBot/1.3; +https://openai.com/gptbot)"
74.7.241.59 - - [14/Apr/2026:08:00:22 +0300] "GET /market/Z021184980429 HTTP/1.0" 404 2091 "https://mramoria.com/sitemap.xml" "Mozilla/5.0 AppleWebKit/537.36 (KHTML, like Gecko; compatible; GPTBot/1.3; +https://openai.com/gptbot)"
74.7.241.59 - - [14/Apr/2026:08:00:25 +0300] "GET /market/Z023059806711 HTTP/1.0" 404 2091 "https://mramoria.com/sitemap.xml" "Mozilla/5.0 AppleWebKit/537.36 (KHTML, like Gecko; compatible; GPTBot/1.3; +https://openai.com/gptbot)"
216.73.216.159 - - [14/Apr/2026:08:00:27 +0300] "GET /market/Z063046449350 HTTP/1.0" 404 2091 "-" "Mozilla/5.0 AppleWebKit/537.36 (KHTML, like Gecko; compatible; ClaudeBot/1.0; +claudebot@anthropic.com)"
74.7.241.59 - - [14/Apr/2026:08:00:29 +0300] "GET /market/Z023570715276 HTTP/1.0" 404 2091 "https://mramoria.com/sitemap.xml" "Mozilla/5.0 AppleWebKit/537.36 (KHTML, like Gecko; compatible; GPTBot/1.3; +https://openai.com/gptbot)"
74.7.241.59 - - [14/Apr/2026:08:00:32 +0300] "GET /market/Z022829407391 HTTP/1.0" 404 2091 "https://mramoria.com/sitemap.xml" "Mozilla/5.0 AppleWebKit/537.36 (KHTML, like Gecko; compatible; GPTBot/1.3; +https://openai.com/gptbot)"
74.7.241.59 - - [14/Apr/2026:08:00:36 +0300] "GET /market/Z021485033125 HTTP/1.0" 404 2091 "https://mramoria.com/sitemap.xml" "Mozilla/5.0 AppleWebKit/537.36 (KHTML, like Gecko; compatible; GPTBot/1.3; +https://openai.com/gptbot)"
216.73.216.159 - - [14/Apr/2026:08:00:38 +0300] "GET /market/Z002060330110 HTTP/1.0" 404 2091 "-" "Mozilla/5.0 AppleWebKit/537.36 (KHTML, like Gecko; compatible; ClaudeBot/1.0; +claudebot@anthropic.com)"
74.7.241.59 - - [14/Apr/2026:08:00:39 +0300] "GET /market/Z021674880098 HTTP/1.0" 404 2091 "https://mramoria.com/sitemap.xml" "Mozilla/5.0 AppleWebKit/537.36 (KHTML, like Gecko; compatible; GPTBot/1.3; +https://openai.com/gptbot)"
74.7.241.59 - - [14/Apr/2026:08:00:42 +0300] "GET /market/Z022165664036 HTTP/1.0" 404 2091 "https://mramoria.com/sitemap.xml" "Mozilla/5.0 AppleWebKit/537.36 (KHTML, like Gecko; compatible; GPTBot/1.3; +https://openai.com/gptbot)"
74.7.241.59 - - [14/Apr/2026:08:00:46 +0300] "GET /market/Z021599567686 HTTP/1.0" 404 2091 "https://mramoria.com/sitemap.xml" "Mozilla/5.0 AppleWebKit/537.36 (KHTML, like Gecko; compatible; GPTBot/1.3; +https://openai.com/gptbot)"
216.73.216.159 - - [14/Apr/2026:08:00:46 +0300] "GET /market/Z012022678396 HTTP/1.0" 404 2188 "-" "Mozilla/5.0 AppleWebKit/537.36 (KHTML, like Gecko; compatible; ClaudeBot/1.0; +claudebot@anthropic.com)"
74.7.241.59 - - [14/Apr/2026:08:00:49 +0300] "GET /market/Z023206185771 HTTP/1.0" 404 2091 "https://mramoria.com/sitemap.xml" "Mozilla/5.0 AppleWebKit/537.36 (KHTML, like Gecko; compatible; GPTBot/1.3; +https://openai.com/gptbot)"
74.7.241.59 - - [14/Apr/2026:08:00:53 +0300] "GET /market/Z022485886766 HTTP/1.0" 404 2091 "https://mramoria.com/sitemap.xml" "Mozilla/5.0 AppleWebKit/537.36 (KHTML, like Gecko; compatible; GPTBot/1.3; +https://openai.com/gptbot)"
74.7.241.59 - - [14/Apr/2026:08:00:56 +0300] "GET /market/Z021141372848 HTTP/1.0" 404 2091 "https://mramoria.com/sitemap.xml" "Mozilla/5.0 AppleWebKit/537.36 (KHTML, like Gecko; compatible; GPTBot/1.3; +https://openai.com/gptbot)"
216.73.216.159 - - [14/Apr/2026:08:00:57 +0300] "GET /market/Z002387754969 HTTP/1.0" 404 2091 "-" "Mozilla/5.0 AppleWebKit/537.36 (KHTML, like Gecko; compatible; ClaudeBot/1.0; +claudebot@anthropic.com)"
74.7.241.59 - - [14/Apr/2026:08:00:59 +0300] "GET /market/Z024237835288 HTTP/1.0" 404 2091 "https://mramoria.com/sitemap.xml" "Mozilla/5.0 AppleWebKit/537.36 (KHTML, like Gecko; compatible; GPTBot/1.3; +https://openai.com/gptbot)"
74.7.241.59 - - [14/Apr/2026:08:01:03 +0300] "GET /market/Z021069928477 HTTP/1.0" 404 2091 "https://mramoria.com/sitemap.xml" "Mozilla/5.0 AppleWebKit/537.36 (KHTML, like Gecko; compatible; GPTBot/1.3; +https://openai.com/gptbot)"
74.7.241.59 - - [14/Apr/2026:08:01:06 +0300] "GET /market/Z023210938082 HTTP/1.0" 404 2091 "https://mramoria.com/sitemap.xml" "Mozilla/5.0 AppleWebKit/537.36 (KHTML, like Gecko; compatible; GPTBot/1.3; +https://openai.com/gptbot)"
216.73.216.159 - - [14/Apr/2026:08:01:08 +0300] "GET /market/Z00884070088 HTTP/1.0" 404 2091 "-" "Mozilla/5.0 AppleWebKit/537.36 (KHTML, like Gecko; compatible; ClaudeBot/1.0; +claudebot@anthropic.com)"
74.7.241.59 - - [14/Apr/2026:08:01:10 +0300] "GET /market/Z023540644617 HTTP/1.0" 404 2091 "https://mramoria.com/sitemap.xml" "Mozilla/5.0 AppleWebKit/537.36 (KHTML, like Gecko; compatible; GPTBot/1.3; +https://openai.com/gptbot)"
74.7.241.59 - - [14/Apr/2026:08:01:13 +0300] "GET /market/Z022326184968 HTTP/1.0" 404 2091 "https://mramoria.com/sitemap.xml" "Mozilla/5.0 AppleWebKit/537.36 (KHTML, like Gecko; compatible; GPTBot/1.3; +https://openai.com/gptbot)"
74.7.241.59 - - [14/Apr/2026:08:01:17 +0300] "GET /market/Z021943088311 HTTP/1.0" 404 2091 "https://mramoria.com/sitemap.xml" "Mozilla/5.0 AppleWebKit/537.36 (KHTML, like Gecko; compatible; GPTBot/1.3; +https://openai.com/gptbot)"
216.73.216.159 - - [14/Apr/2026:08:01:19 +0300] "GET /market/Z012398807459 HTTP/1.0" 404 2091 "-" "Mozilla/5.0 AppleWebKit/537.36 (KHTML, like Gecko; compatible; ClaudeBot/1.0; +claudebot@anthropic.com)"
74.7.241.59 - - [14/Apr/2026:08:01:20 +0300] "GET /market/Z021412005275 HTTP/1.0" 404 2091 "https://mramoria.com/sitemap.xml" "Mozilla/5.0 AppleWebKit/537.36 (KHTML, like Gecko; compatible; GPTBot/1.3; +https://openai.com/gptbot)"
74.7.241.59 - - [14/Apr/2026:08:01:23 +0300] "GET /market/Z022184394712 HTTP/1.0" 404 2091 "https://mramoria.com/sitemap.xml" "Mozilla/5.0 AppleWebKit/537.36 (KHTML, like Gecko; compatible; GPTBot/1.3; +https://openai.com/gptbot)"
66.249.76.129 - - [14/Apr/2026:08:01:25 +0300] "GET /market/Z013927236626 HTTP/1.0" 200 29787 "-" "Mozilla/5.0 (Linux; Android 6.0.1; Nexus 5X Build/MMB29P) AppleWebKit/537.36 (KHTML, like Gecko) Chrome/146.0.7680.177 Mobile Safari/537.36 (compatible; GoogleOther)"
74.7.241.59 - - [14/Apr/2026:08:01:27 +0300] "GET /market/Z021831205175 HTTP/1.0" 404 2091 "https://mramoria.com/sitemap.xml" "Mozilla/5.0 AppleWebKit/537.36 (KHTML, like Gecko; compatible; GPTBot/1.3; +https://openai.com/gptbot)"
216.73.216.159 - - [14/Apr/2026:08:01:30 +0300] "GET /market/Z062124976893 HTTP/1.0" 404 2091 "-" "Mozilla/5.0 AppleWebKit/537.36 (KHTML, like Gecko; compatible; ClaudeBot/1.0; +claudebot@anthropic.com)"
74.7.241.59 - - [14/Apr/2026:08:01:30 +0300] "GET /market/Z021719881597 HTTP/1.0" 404 2091 "https://mramoria.com/sitemap.xml" "Mozilla/5.0 AppleWebKit/537.36 (KHTML, like Gecko; compatible; GPTBot/1.3; +https://openai.com/gptbot)"
74.7.241.59 - - [14/Apr/2026:08:01:34 +0300] "GET /market/Z023422960610 HTTP/1.0" 404 2091 "https://mramoria.com/sitemap.xml" "Mozilla/5.0 AppleWebKit/537.36 (KHTML, like Gecko; compatible; GPTBot/1.3; +https://openai.com/gptbot)"
74.7.241.59 - - [14/Apr/2026:08:01:37 +0300] "GET /market/Z022553209814 HTTP/1.0" 404 2091 "https://mramoria.com/sitemap.xml" "Mozilla/5.0 AppleWebKit/537.36 (KHTML, like Gecko; compatible; GPTBot/1.3; +https://openai.com/gptbot)"
74.7.241.59 - - [14/Apr/2026:08:01:41 +0300] "GET /market/Z024132312581 HTTP/1.0" 404 2091 "https://mramoria.com/sitemap.xml" "Mozilla/5.0 AppleWebKit/537.36 (KHTML, like Gecko; compatible; GPTBot/1.3; +https://openai.com/gptbot)"
216.73.216.159 - - [14/Apr/2026:08:01:41 +0300] "GET /market/Z001844233465 HTTP/1.0" 404 2091 "-" "Mozilla/5.0 AppleWebKit/537.36 (KHTML, like Gecko; compatible; ClaudeBot/1.0; +claudebot@anthropic.com)"
74.7.241.59 - - [14/Apr/2026:08:01:44 +0300] "GET /market/Z024233082993 HTTP/1.0" 404 2091 "https://mramoria.com/sitemap.xml" "Mozilla/5.0 AppleWebKit/537.36 (KHTML, like Gecko; compatible; GPTBot/1.3; +https://openai.com/gptbot)"
74.7.241.59 - - [14/Apr/2026:08:01:47 +0300] "GET /market/Z022576874636 HTTP/1.0" 404 2091 "https://mramoria.com/sitemap.xml" "Mozilla/5.0 AppleWebKit/537.36 (KHTML, like Gecko; compatible; GPTBot/1.3; +https://openai.com/gptbot)"
216.73.216.159 - - [14/Apr/2026:08:01:49 +0300] "GET /market/Z00710180939 HTTP/1.0" 404 2188 "-" "Mozilla/5.0 AppleWebKit/537.36 (KHTML, like Gecko; compatible; ClaudeBot/1.0; +claudebot@anthropic.com)"
74.7.241.59 - - [14/Apr/2026:08:01:51 +0300] "GET /market/Z023327991101 HTTP/1.0" 404 2091 "https://mramoria.com/sitemap.xml" "Mozilla/5.0 AppleWebKit/537.36 (KHTML, like Gecko; compatible; GPTBot/1.3; +https://openai.com/gptbot)"
74.7.241.59 - - [14/Apr/2026:08:01:54 +0300] "GET /market/Z021764866983 HTTP/1.0" 404 2091 "https://mramoria.com/sitemap.xml" "Mozilla/5.0 AppleWebKit/537.36 (KHTML, like Gecko; compatible; GPTBot/1.3; +https://openai.com/gptbot)"
74.7.241.59 - - [14/Apr/2026:08:01:57 +0300] "GET /market/Z023115575608 HTTP/1.0" 404 2091 "https://mramoria.com/sitemap.xml" "Mozilla/5.0 AppleWebKit/537.36 (KHTML, like Gecko; compatible; GPTBot/1.3; +https://openai.com/gptbot)"
74.7.241.59 - - [14/Apr/2026:08:02:01 +0300] "GET /market/Z021365791677 HTTP/1.0" 404 2091 "https://mramoria.com/sitemap.xml" "Mozilla/5.0 AppleWebKit/537.36 (KHTML, like Gecko; compatible; GPTBot/1.3; +https://openai.com/gptbot)"
216.73.216.159 - - [14/Apr/2026:08:02:02 +0300] "GET /market/Z063980944818 HTTP/1.0" 404 2188 "-" "Mozilla/5.0 AppleWebKit/537.36 (KHTML, like Gecko; compatible; ClaudeBot/1.0; +claudebot@anthropic.com)"
