74.7.241.59 - - [14/Apr/2026:07:01:44 +0300] "GET /market/Z02838576634 HTTP/1.0" 404 2091 "https://mramoria.com/sitemap.xml" "Mozilla/5.0 AppleWebKit/537.36 (KHTML, like Gecko; compatible; GPTBot/1.3; +https://openai.com/gptbot)"
74.7.241.59 - - [14/Apr/2026:07:01:48 +0300] "GET /market/Z02736594155 HTTP/1.0" 404 2091 "https://mramoria.com/sitemap.xml" "Mozilla/5.0 AppleWebKit/537.36 (KHTML, like Gecko; compatible; GPTBot/1.3; +https://openai.com/gptbot)"
74.7.241.59 - - [14/Apr/2026:07:01:51 +0300] "GET /market/Z02584087162 HTTP/1.0" 404 2091 "https://mramoria.com/sitemap.xml" "Mozilla/5.0 AppleWebKit/537.36 (KHTML, like Gecko; compatible; GPTBot/1.3; +https://openai.com/gptbot)"
216.73.216.159 - - [14/Apr/2026:07:01:53 +0300] "GET /market/Z003744841883 HTTP/1.0" 404 2188 "-" "Mozilla/5.0 AppleWebKit/537.36 (KHTML, like Gecko; compatible; ClaudeBot/1.0; +claudebot@anthropic.com)"
74.7.241.59 - - [14/Apr/2026:07:01:54 +0300] "GET /market/Z02655177681 HTTP/1.0" 404 2091 "https://mramoria.com/sitemap.xml" "Mozilla/5.0 AppleWebKit/537.36 (KHTML, like Gecko; compatible; GPTBot/1.3; +https://openai.com/gptbot)"
74.7.241.59 - - [14/Apr/2026:07:01:58 +0300] "GET /market/Z02733217450 HTTP/1.0" 404 2091 "https://mramoria.com/sitemap.xml" "Mozilla/5.0 AppleWebKit/537.36 (KHTML, like Gecko; compatible; GPTBot/1.3; +https://openai.com/gptbot)"
74.7.241.59 - - [14/Apr/2026:07:02:01 +0300] "GET /market/Z02977501281 HTTP/1.0" 404 2091 "https://mramoria.com/sitemap.xml" "Mozilla/5.0 AppleWebKit/537.36 (KHTML, like Gecko; compatible; GPTBot/1.3; +https://openai.com/gptbot)"
66.249.70.135 - - [14/Apr/2026:07:02:01 +0300] "GET /market/Z015348974 HTTP/1.0" 200 26862 "-" "Mozilla/5.0 (Linux; Android 6.0.1; Nexus 5X Build/MMB29P) AppleWebKit/537.36 (KHTML, like Gecko) Chrome/146.0.7680.177 Mobile Safari/537.36 (compatible; GoogleOther)"
74.7.241.59 - - [14/Apr/2026:07:02:05 +0300] "GET /market/Z02443812196 HTTP/1.0" 404 2091 "https://mramoria.com/sitemap.xml" "Mozilla/5.0 AppleWebKit/537.36 (KHTML, like Gecko; compatible; GPTBot/1.3; +https://openai.com/gptbot)"
74.7.241.59 - - [14/Apr/2026:07:02:08 +0300] "GET /market/Z02855835603 HTTP/1.0" 404 2091 "https://mramoria.com/sitemap.xml" "Mozilla/5.0 AppleWebKit/537.36 (KHTML, like Gecko; compatible; GPTBot/1.3; +https://openai.com/gptbot)"
74.7.241.59 - - [14/Apr/2026:07:02:12 +0300] "GET /market/Z02886954822 HTTP/1.0" 404 2091 "https://mramoria.com/sitemap.xml" "Mozilla/5.0 AppleWebKit/537.36 (KHTML, like Gecko; compatible; GPTBot/1.3; +https://openai.com/gptbot)"
216.73.216.159 - - [14/Apr/2026:07:02:14 +0300] "GET /market/Z003356134683 HTTP/1.0" 404 2091 "-" "Mozilla/5.0 AppleWebKit/537.36 (KHTML, like Gecko; compatible; ClaudeBot/1.0; +claudebot@anthropic.com)"
74.7.241.59 - - [14/Apr/2026:07:02:15 +0300] "GET /market/Z02119064414 HTTP/1.0" 404 2091 "https://mramoria.com/sitemap.xml" "Mozilla/5.0 AppleWebKit/537.36 (KHTML, like Gecko; compatible; GPTBot/1.3; +https://openai.com/gptbot)"
74.7.241.59 - - [14/Apr/2026:07:02:19 +0300] "GET /market/Z02737806254 HTTP/1.0" 404 2091 "https://mramoria.com/sitemap.xml" "Mozilla/5.0 AppleWebKit/537.36 (KHTML, like Gecko; compatible; GPTBot/1.3; +https://openai.com/gptbot)"
74.7.241.59 - - [14/Apr/2026:07:02:23 +0300] "GET /market/Z02332930045 HTTP/1.0" 404 2091 "https://mramoria.com/sitemap.xml" "Mozilla/5.0 AppleWebKit/537.36 (KHTML, like Gecko; compatible; GPTBot/1.3; +https://openai.com/gptbot)"
74.7.241.59 - - [14/Apr/2026:07:02:26 +0300] "GET /market/Z02533651671 HTTP/1.0" 404 2091 "https://mramoria.com/sitemap.xml" "Mozilla/5.0 AppleWebKit/537.36 (KHTML, like Gecko; compatible; GPTBot/1.3; +https://openai.com/gptbot)"
74.7.241.59 - - [14/Apr/2026:07:02:29 +0300] "GET /market/Z02492631811 HTTP/1.0" 404 2091 "https://mramoria.com/sitemap.xml" "Mozilla/5.0 AppleWebKit/537.36 (KHTML, like Gecko; compatible; GPTBot/1.3; +https://openai.com/gptbot)"
74.7.241.59 - - [14/Apr/2026:07:02:33 +0300] "GET /market/Z02778055442 HTTP/1.0" 404 2091 "https://mramoria.com/sitemap.xml" "Mozilla/5.0 AppleWebKit/537.36 (KHTML, like Gecko; compatible; GPTBot/1.3; +https://openai.com/gptbot)"
216.73.216.159 - - [14/Apr/2026:07:02:35 +0300] "GET /market/Z003741301655 HTTP/1.0" 404 2091 "-" "Mozilla/5.0 AppleWebKit/537.36 (KHTML, like Gecko; compatible; ClaudeBot/1.0; +claudebot@anthropic.com)"
74.7.241.59 - - [14/Apr/2026:07:02:36 +0300] "GET /market/Z02975173168 HTTP/1.0" 404 2091 "https://mramoria.com/sitemap.xml" "Mozilla/5.0 AppleWebKit/537.36 (KHTML, like Gecko; compatible; GPTBot/1.3; +https://openai.com/gptbot)"
74.7.241.59 - - [14/Apr/2026:07:02:40 +0300] "GET /market/Z02273950165 HTTP/1.0" 404 2091 "https://mramoria.com/sitemap.xml" "Mozilla/5.0 AppleWebKit/537.36 (KHTML, like Gecko; compatible; GPTBot/1.3; +https://openai.com/gptbot)"
74.7.241.59 - - [14/Apr/2026:07:02:43 +0300] "GET /market/Z02368801559 HTTP/1.0" 404 2091 "https://mramoria.com/sitemap.xml" "Mozilla/5.0 AppleWebKit/537.36 (KHTML, like Gecko; compatible; GPTBot/1.3; +https://openai.com/gptbot)"
103.4.250.14 - - [14/Apr/2026:07:02:44 +0300] "GET / HTTP/1.0" 200 10938 "-" "Mozilla/5.0 (Macintosh; Intel Mac OS X 10_15_7) AppleWebKit/537.36 (KHTML, like Gecko) Chrome/116.0.0.0 Safari/537.36"
154.28.229.30 - - [14/Apr/2026:07:02:44 +0300] "GET / HTTP/1.0" 200 10938 "-" "Mozilla/5.0 (X11; Linux x86_64) AppleWebKit/537.36 (KHTML, like Gecko) Chrome/117.0.0.0 Safari/537.36"
74.7.241.59 - - [14/Apr/2026:07:02:46 +0300] "GET /market/Z02244106765 HTTP/1.0" 404 2091 "https://mramoria.com/sitemap.xml" "Mozilla/5.0 AppleWebKit/537.36 (KHTML, like Gecko; compatible; GPTBot/1.3; +https://openai.com/gptbot)"
74.7.241.59 - - [14/Apr/2026:07:02:54 +0300] "GET /market/Z02831563664 HTTP/1.0" 404 2091 "https://mramoria.com/sitemap.xml" "Mozilla/5.0 AppleWebKit/537.36 (KHTML, like Gecko; compatible; GPTBot/1.3; +https://openai.com/gptbot)"
74.7.241.59 - - [14/Apr/2026:07:02:57 +0300] "GET /market/Z02959030197 HTTP/1.0" 404 2091 "https://mramoria.com/sitemap.xml" "Mozilla/5.0 AppleWebKit/537.36 (KHTML, like Gecko; compatible; GPTBot/1.3; +https://openai.com/gptbot)"
74.7.241.59 - - [14/Apr/2026:07:03:00 +0300] "GET /market/Z02615369920 HTTP/1.0" 404 2091 "https://mramoria.com/sitemap.xml" "Mozilla/5.0 AppleWebKit/537.36 (KHTML, like Gecko; compatible; GPTBot/1.3; +https://openai.com/gptbot)"
74.7.241.59 - - [14/Apr/2026:07:03:03 +0300] "GET /market/Z02498596237 HTTP/1.0" 404 2091 "https://mramoria.com/sitemap.xml" "Mozilla/5.0 AppleWebKit/537.36 (KHTML, like Gecko; compatible; GPTBot/1.3; +https://openai.com/gptbot)"
216.73.216.159 - - [14/Apr/2026:07:03:06 +0300] "GET /market/Z062307026736 HTTP/1.0" 404 2188 "-" "Mozilla/5.0 AppleWebKit/537.36 (KHTML, like Gecko; compatible; ClaudeBot/1.0; +claudebot@anthropic.com)"
74.7.241.59 - - [14/Apr/2026:07:03:07 +0300] "GET /market/Z02997885483 HTTP/1.0" 404 2091 "https://mramoria.com/sitemap.xml" "Mozilla/5.0 AppleWebKit/537.36 (KHTML, like Gecko; compatible; GPTBot/1.3; +https://openai.com/gptbot)"
74.7.241.59 - - [14/Apr/2026:07:03:10 +0300] "GET /market/Z02531487081 HTTP/1.0" 404 2091 "https://mramoria.com/sitemap.xml" "Mozilla/5.0 AppleWebKit/537.36 (KHTML, like Gecko; compatible; GPTBot/1.3; +https://openai.com/gptbot)"
74.7.241.59 - - [14/Apr/2026:07:03:13 +0300] "GET /market/Z02488043039 HTTP/1.0" 404 2188 "https://mramoria.com/sitemap.xml" "Mozilla/5.0 AppleWebKit/537.36 (KHTML, like Gecko; compatible; GPTBot/1.3; +https://openai.com/gptbot)"
74.7.241.59 - - [14/Apr/2026:07:03:17 +0300] "GET /market/Z02266819064 HTTP/1.0" 404 2091 "https://mramoria.com/sitemap.xml" "Mozilla/5.0 AppleWebKit/537.36 (KHTML, like Gecko; compatible; GPTBot/1.3; +https://openai.com/gptbot)"
74.7.241.59 - - [14/Apr/2026:07:03:20 +0300] "GET /market/Z02483290712 HTTP/1.0" 404 2091 "https://mramoria.com/sitemap.xml" "Mozilla/5.0 AppleWebKit/537.36 (KHTML, like Gecko; compatible; GPTBot/1.3; +https://openai.com/gptbot)"
74.7.241.59 - - [14/Apr/2026:07:03:23 +0300] "GET /market/Z02504185978 HTTP/1.0" 404 2091 "https://mramoria.com/sitemap.xml" "Mozilla/5.0 AppleWebKit/537.36 (KHTML, like Gecko; compatible; GPTBot/1.3; +https://openai.com/gptbot)"
74.7.241.59 - - [14/Apr/2026:07:03:26 +0300] "GET /market/Z02786184426 HTTP/1.0" 404 2091 "https://mramoria.com/sitemap.xml" "Mozilla/5.0 AppleWebKit/537.36 (KHTML, like Gecko; compatible; GPTBot/1.3; +https://openai.com/gptbot)"
216.73.216.159 - - [14/Apr/2026:07:03:27 +0300] "GET /market/Z002407879579 HTTP/1.0" 404 2091 "-" "Mozilla/5.0 AppleWebKit/537.36 (KHTML, like Gecko; compatible; ClaudeBot/1.0; +claudebot@anthropic.com)"
74.7.241.59 - - [14/Apr/2026:07:03:30 +0300] "GET /market/Z02236141272 HTTP/1.0" 404 2091 "https://mramoria.com/sitemap.xml" "Mozilla/5.0 AppleWebKit/537.36 (KHTML, like Gecko; compatible; GPTBot/1.3; +https://openai.com/gptbot)"
66.249.76.130 - - [14/Apr/2026:07:03:30 +0300] "GET /market/Z013280241176 HTTP/1.0" 200 27487 "-" "Mozilla/5.0 (Linux; Android 6.0.1; Nexus 5X Build/MMB29P) AppleWebKit/537.36 (KHTML, like Gecko) Chrome/146.0.7680.177 Mobile Safari/537.36 (compatible; GoogleOther)"
74.7.241.59 - - [14/Apr/2026:07:03:33 +0300] "GET /market/Z02489255138 HTTP/1.0" 404 2091 "https://mramoria.com/sitemap.xml" "Mozilla/5.0 AppleWebKit/537.36 (KHTML, like Gecko; compatible; GPTBot/1.3; +https://openai.com/gptbot)"
216.73.216.159 - - [14/Apr/2026:07:03:36 +0300] "GET /market/Z00133882188 HTTP/1.0" 404 2188 "-" "Mozilla/5.0 AppleWebKit/537.36 (KHTML, like Gecko; compatible; ClaudeBot/1.0; +claudebot@anthropic.com)"
74.7.241.59 - - [14/Apr/2026:07:03:36 +0300] "GET /market/Z02296498973 HTTP/1.0" 404 2091 "https://mramoria.com/sitemap.xml" "Mozilla/5.0 AppleWebKit/537.36 (KHTML, like Gecko; compatible; GPTBot/1.3; +https://openai.com/gptbot)"
74.7.241.59 - - [14/Apr/2026:07:03:39 +0300] "GET /market/Z02219834794 HTTP/1.0" 404 2091 "https://mramoria.com/sitemap.xml" "Mozilla/5.0 AppleWebKit/537.36 (KHTML, like Gecko; compatible; GPTBot/1.3; +https://openai.com/gptbot)"
74.7.241.59 - - [14/Apr/2026:07:03:43 +0300] "GET /market/Z02765289160 HTTP/1.0" 404 2091 "https://mramoria.com/sitemap.xml" "Mozilla/5.0 AppleWebKit/537.36 (KHTML, like Gecko; compatible; GPTBot/1.3; +https://openai.com/gptbot)"
185.177.72.50 - - [14/Apr/2026:07:03:46 +0300] "GET /shop HTTP/1.0" 404 2188 "-" "Mozilla/5.0 (Windows NT 10.0; Win64; x64) AppleWebKit/537.36, Mozilla/5.0 (Windows NT 10.0; Win64; x64) AppleWebKit/537.36 (KHTML, like Gecko) Chrome/120.0.0.0 Safari/537.36"
185.177.72.50 - - [14/Apr/2026:07:03:46 +0300] "GET /admin HTTP/1.0" 404 2188 "-" "Mozilla/5.0 (Windows NT 10.0; Win64; x64) AppleWebKit/537.36, Mozilla/5.0 (Windows NT 10.0; Win64; x64) AppleWebKit/537.36 (KHTML, like Gecko) Chrome/120.0.0.0 Safari/537.36"
185.177.72.50 - - [14/Apr/2026:07:03:46 +0300] "GET /pricing HTTP/1.0" 404 2188 "-" "Mozilla/5.0 (Windows NT 10.0; Win64; x64) AppleWebKit/537.36, Mozilla/5.0 (Windows NT 10.0; Win64; x64) AppleWebKit/537.36 (KHTML, like Gecko) Chrome/120.0.0.0 Safari/537.36"
74.7.241.59 - - [14/Apr/2026:07:03:46 +0300] "GET /market/Z02617534510 HTTP/1.0" 404 2091 "https://mramoria.com/sitemap.xml" "Mozilla/5.0 AppleWebKit/537.36 (KHTML, like Gecko; compatible; GPTBot/1.3; +https://openai.com/gptbot)"
185.177.72.50 - - [14/Apr/2026:07:03:46 +0300] "GET /checkout HTTP/1.0" 404 2188 "-" "Mozilla/5.0 (Windows NT 10.0; Win64; x64) AppleWebKit/537.36, Mozilla/5.0 (Windows NT 10.0; Win64; x64) AppleWebKit/537.36 (KHTML, like Gecko) Chrome/120.0.0.0 Safari/537.36"
185.177.72.50 - - [14/Apr/2026:07:03:47 +0300] "GET /dashboard HTTP/1.0" 404 2188 "-" "Mozilla/5.0 (Windows NT 10.0; Win64; x64) AppleWebKit/537.36, Mozilla/5.0 (Windows NT 10.0; Win64; x64) AppleWebKit/537.36 (KHTML, like Gecko) Chrome/120.0.0.0 Safari/537.36"
185.177.72.50 - - [14/Apr/2026:07:03:47 +0300] "GET /register HTTP/1.0" 404 2188 "-" "Mozilla/5.0 (Windows NT 10.0; Win64; x64) AppleWebKit/537.36, Mozilla/5.0 (Windows NT 10.0; Win64; x64) AppleWebKit/537.36 (KHTML, like Gecko) Chrome/120.0.0.0 Safari/537.36"
185.177.72.50 - - [14/Apr/2026:07:03:48 +0300] "GET /order HTTP/1.0" 404 2188 "-" "Mozilla/5.0 (Windows NT 10.0; Win64; x64) AppleWebKit/537.36, Mozilla/5.0 (Windows NT 10.0; Win64; x64) AppleWebKit/537.36 (KHTML, like Gecko) Chrome/120.0.0.0 Safari/537.36"
185.177.72.50 - - [14/Apr/2026:07:03:48 +0300] "GET /index.html HTTP/1.0" 404 2188 "-" "Mozilla/5.0 (Windows NT 10.0; Win64; x64) AppleWebKit/537.36, Mozilla/5.0 (Windows NT 10.0; Win64; x64) AppleWebKit/537.36 (KHTML, like Gecko) Chrome/120.0.0.0 Safari/537.36"
185.177.72.50 - - [14/Apr/2026:07:03:48 +0300] "GET /plans HTTP/1.0" 404 2188 "-" "Mozilla/5.0 (Windows NT 10.0; Win64; x64) AppleWebKit/537.36, Mozilla/5.0 (Windows NT 10.0; Win64; x64) AppleWebKit/537.36 (KHTML, like Gecko) Chrome/120.0.0.0 Safari/537.36"
185.177.72.50 - - [14/Apr/2026:07:03:46 +0300] "GET / HTTP/1.0" 200 10946 "-" "Mozilla/5.0 (Windows NT 10.0; Win64; x64) AppleWebKit/537.36, Mozilla/5.0 (Windows NT 10.0; Win64; x64) AppleWebKit/537.36 (KHTML, like Gecko) Chrome/120.0.0.0 Safari/537.36"
185.177.72.50 - - [14/Apr/2026:07:03:48 +0300] "GET /order HTTP/1.0" 404 2188 "-" "Mozilla/5.0 (Windows NT 10.0; Win64; x64) AppleWebKit/537.36, Mozilla/5.0 (Windows NT 10.0; Win64; x64) AppleWebKit/537.36 (KHTML, like Gecko) Chrome/120.0.0.0 Safari/537.36"
185.177.72.50 - - [14/Apr/2026:07:03:48 +0300] "GET /billing HTTP/1.0" 404 2188 "-" "Mozilla/5.0 (Windows NT 10.0; Win64; x64) AppleWebKit/537.36, Mozilla/5.0 (Windows NT 10.0; Win64; x64) AppleWebKit/537.36 (KHTML, like Gecko) Chrome/120.0.0.0 Safari/537.36"
185.177.72.50 - - [14/Apr/2026:07:03:48 +0300] "GET /shop HTTP/1.0" 404 2188 "-" "Mozilla/5.0 (Windows NT 10.0; Win64; x64) AppleWebKit/537.36, Mozilla/5.0 (Windows NT 10.0; Win64; x64) AppleWebKit/537.36 (KHTML, like Gecko) Chrome/120.0.0.0 Safari/537.36"
185.177.72.50 - - [14/Apr/2026:07:03:48 +0300] "GET /plans HTTP/1.0" 404 2188 "-" "Mozilla/5.0 (Windows NT 10.0; Win64; x64) AppleWebKit/537.36, Mozilla/5.0 (Windows NT 10.0; Win64; x64) AppleWebKit/537.36 (KHTML, like Gecko) Chrome/120.0.0.0 Safari/537.36"
185.177.72.50 - - [14/Apr/2026:07:03:49 +0300] "GET /dashboard HTTP/1.0" 404 2188 "-" "Mozilla/5.0 (Windows NT 10.0; Win64; x64) AppleWebKit/537.36, Mozilla/5.0 (Windows NT 10.0; Win64; x64) AppleWebKit/537.36 (KHTML, like Gecko) Chrome/120.0.0.0 Safari/537.36"
74.7.241.59 - - [14/Apr/2026:07:03:50 +0300] "GET /market/Z02189927674 HTTP/1.0" 404 2091 "https://mramoria.com/sitemap.xml" "Mozilla/5.0 AppleWebKit/537.36 (KHTML, like Gecko; compatible; GPTBot/1.3; +https://openai.com/gptbot)"
185.177.72.50 - - [14/Apr/2026:07:03:48 +0300] "GET /index.html HTTP/1.0" 404 2188 "-" "Mozilla/5.0 (Windows NT 10.0; Win64; x64) AppleWebKit/537.36, Mozilla/5.0 (Windows NT 10.0; Win64; x64) AppleWebKit/537.36 (KHTML, like Gecko) Chrome/120.0.0.0 Safari/537.36"
185.177.72.50 - - [14/Apr/2026:07:03:50 +0300] "GET /account HTTP/1.0" 404 2188 "-" "Mozilla/5.0 (Windows NT 10.0; Win64; x64) AppleWebKit/537.36, Mozilla/5.0 (Windows NT 10.0; Win64; x64) AppleWebKit/537.36 (KHTML, like Gecko) Chrome/120.0.0.0 Safari/537.36"
185.177.72.50 - - [14/Apr/2026:07:03:50 +0300] "GET /signup HTTP/1.0" 404 2188 "-" "Mozilla/5.0 (Windows NT 10.0; Win64; x64) AppleWebKit/537.36, Mozilla/5.0 (Windows NT 10.0; Win64; x64) AppleWebKit/537.36 (KHTML, like Gecko) Chrome/120.0.0.0 Safari/537.36"
185.177.72.50 - - [14/Apr/2026:07:03:51 +0300] "GET /index.html HTTP/1.0" 404 2188 "-" "Mozilla/5.0 (Windows NT 10.0; Win64; x64) AppleWebKit/537.36, Mozilla/5.0 (Windows NT 10.0; Win64; x64) AppleWebKit/537.36 (KHTML, like Gecko) Chrome/120.0.0.0 Safari/537.36"
185.177.72.50 - - [14/Apr/2026:07:03:51 +0300] "GET /index.html HTTP/1.0" 404 2188 "-" "Mozilla/5.0 (Windows NT 10.0; Win64; x64) AppleWebKit/537.36, Mozilla/5.0 (Windows NT 10.0; Win64; x64) AppleWebKit/537.36 (KHTML, like Gecko) Chrome/120.0.0.0 Safari/537.36"
185.177.72.50 - - [14/Apr/2026:07:03:50 +0300] "GET /sitemap.xml HTTP/1.0" 200 14313 "-" "Mozilla/5.0 (Windows NT 10.0; Win64; x64) AppleWebKit/537.36"
185.177.72.50 - - [14/Apr/2026:07:03:51 +0300] "GET /shop HTTP/1.0" 404 2188 "-" "Mozilla/5.0 (Windows NT 10.0; Win64; x64) AppleWebKit/537.36, Mozilla/5.0 (Windows NT 10.0; Win64; x64) AppleWebKit/537.36 (KHTML, like Gecko) Chrome/120.0.0.0 Safari/537.36"
185.177.72.50 - - [14/Apr/2026:07:03:52 +0300] "GET /dashboard HTTP/1.0" 404 2188 "-" "Mozilla/5.0 (Windows NT 10.0; Win64; x64) AppleWebKit/537.36, Mozilla/5.0 (Windows NT 10.0; Win64; x64) AppleWebKit/537.36 (KHTML, like Gecko) Chrome/120.0.0.0 Safari/537.36"
185.177.72.50 - - [14/Apr/2026:07:03:52 +0300] "GET /pricing HTTP/1.0" 404 2188 "-" "Mozilla/5.0 (Windows NT 10.0; Win64; x64) AppleWebKit/537.36, Mozilla/5.0 (Windows NT 10.0; Win64; x64) AppleWebKit/537.36 (KHTML, like Gecko) Chrome/120.0.0.0 Safari/537.36"
74.7.241.59 - - [14/Apr/2026:07:03:53 +0300] "GET /market/Z02998837958 HTTP/1.0" 404 2091 "https://mramoria.com/sitemap.xml" "Mozilla/5.0 AppleWebKit/537.36 (KHTML, like Gecko; compatible; GPTBot/1.3; +https://openai.com/gptbot)"
185.177.72.50 - - [14/Apr/2026:07:03:53 +0300] "GET /account HTTP/1.0" 404 2188 "-" "Mozilla/5.0 (Windows NT 10.0; Win64; x64) AppleWebKit/537.36, Mozilla/5.0 (Windows NT 10.0; Win64; x64) AppleWebKit/537.36 (KHTML, like Gecko) Chrome/120.0.0.0 Safari/537.36"
185.177.72.50 - - [14/Apr/2026:07:03:52 +0300] "GET / HTTP/1.0" 200 10945 "-" "Mozilla/5.0 (Windows NT 10.0; Win64; x64) AppleWebKit/537.36, Mozilla/5.0 (Windows NT 10.0; Win64; x64) AppleWebKit/537.36 (KHTML, like Gecko) Chrome/120.0.0.0 Safari/537.36"
216.73.216.159 - - [14/Apr/2026:07:03:54 +0300] "GET /market/Z00546918032 HTTP/1.0" 404 2188 "-" "Mozilla/5.0 AppleWebKit/537.36 (KHTML, like Gecko; compatible; ClaudeBot/1.0; +claudebot@anthropic.com)"
185.177.72.50 - - [14/Apr/2026:07:03:54 +0300] "GET /sitemap.xml HTTP/1.0" 200 14321 "-" "Mozilla/5.0 (Windows NT 10.0; Win64; x64) AppleWebKit/537.36"
74.7.241.59 - - [14/Apr/2026:07:03:56 +0300] "GET /market/Z02837364535 HTTP/1.0" 404 2091 "https://mramoria.com/sitemap.xml" "Mozilla/5.0 AppleWebKit/537.36 (KHTML, like Gecko; compatible; GPTBot/1.3; +https://openai.com/gptbot)"
74.7.241.59 - - [14/Apr/2026:07:03:59 +0300] "GET /market/Z02341500456 HTTP/1.0" 404 2091 "https://mramoria.com/sitemap.xml" "Mozilla/5.0 AppleWebKit/537.36 (KHTML, like Gecko; compatible; GPTBot/1.3; +https://openai.com/gptbot)"
74.7.241.59 - - [14/Apr/2026:07:04:03 +0300] "GET /market/Z02881153951 HTTP/1.0" 404 2091 "https://mramoria.com/sitemap.xml" "Mozilla/5.0 AppleWebKit/537.36 (KHTML, like Gecko; compatible; GPTBot/1.3; +https://openai.com/gptbot)"
74.7.241.59 - - [14/Apr/2026:07:04:06 +0300] "GET /market/Z02877613739 HTTP/1.0" 404 2091 "https://mramoria.com/sitemap.xml" "Mozilla/5.0 AppleWebKit/537.36 (KHTML, like Gecko; compatible; GPTBot/1.3; +https://openai.com/gptbot)"
74.7.241.59 - - [14/Apr/2026:07:04:09 +0300] "GET /market/Z02962406886 HTTP/1.0" 404 2091 "https://mramoria.com/sitemap.xml" "Mozilla/5.0 AppleWebKit/537.36 (KHTML, like Gecko; compatible; GPTBot/1.3; +https://openai.com/gptbot)"
74.7.241.59 - - [14/Apr/2026:07:04:12 +0300] "GET /market/Z02497384122 HTTP/1.0" 404 2091 "https://mramoria.com/sitemap.xml" "Mozilla/5.0 AppleWebKit/537.36 (KHTML, like Gecko; compatible; GPTBot/1.3; +https://openai.com/gptbot)"
216.73.216.159 - - [14/Apr/2026:07:04:15 +0300] "GET /market/Z064141733115 HTTP/1.0" 404 2091 "-" "Mozilla/5.0 AppleWebKit/537.36 (KHTML, like Gecko; compatible; ClaudeBot/1.0; +claudebot@anthropic.com)"
74.7.241.59 - - [14/Apr/2026:07:04:16 +0300] "GET /market/Z02420329209 HTTP/1.0" 404 2091 "https://mramoria.com/sitemap.xml" "Mozilla/5.0 AppleWebKit/537.36 (KHTML, like Gecko; compatible; GPTBot/1.3; +https://openai.com/gptbot)"
74.7.241.59 - - [14/Apr/2026:07:04:19 +0300] "GET /market/Z02265606965 HTTP/1.0" 404 2091 "https://mramoria.com/sitemap.xml" "Mozilla/5.0 AppleWebKit/537.36 (KHTML, like Gecko; compatible; GPTBot/1.3; +https://openai.com/gptbot)"
74.7.241.59 - - [14/Apr/2026:07:04:22 +0300] "GET /market/Z02711717250 HTTP/1.0" 404 2091 "https://mramoria.com/sitemap.xml" "Mozilla/5.0 AppleWebKit/537.36 (KHTML, like Gecko; compatible; GPTBot/1.3; +https://openai.com/gptbot)"
74.7.241.59 - - [14/Apr/2026:07:04:26 +0300] "GET /market/Z02262230276 HTTP/1.0" 404 2091 "https://mramoria.com/sitemap.xml" "Mozilla/5.0 AppleWebKit/537.36 (KHTML, like Gecko; compatible; GPTBot/1.3; +https://openai.com/gptbot)"
74.7.241.59 - - [14/Apr/2026:07:04:29 +0300] "GET /market/Z02125028808 HTTP/1.0" 404 2091 "https://mramoria.com/sitemap.xml" "Mozilla/5.0 AppleWebKit/537.36 (KHTML, like Gecko; compatible; GPTBot/1.3; +https://openai.com/gptbot)"
74.7.241.59 - - [14/Apr/2026:07:04:33 +0300] "GET /market/Z02932727009 HTTP/1.0" 404 2091 "https://mramoria.com/sitemap.xml" "Mozilla/5.0 AppleWebKit/537.36 (KHTML, like Gecko; compatible; GPTBot/1.3; +https://openai.com/gptbot)"
216.73.216.159 - - [14/Apr/2026:07:04:36 +0300] "GET /market/Z011899740354 HTTP/1.0" 404 2091 "-" "Mozilla/5.0 AppleWebKit/537.36 (KHTML, like Gecko; compatible; ClaudeBot/1.0; +claudebot@anthropic.com)"
74.7.241.59 - - [14/Apr/2026:07:04:36 +0300] "GET /market/Z02929350320 HTTP/1.0" 404 2091 "https://mramoria.com/sitemap.xml" "Mozilla/5.0 AppleWebKit/537.36 (KHTML, like Gecko; compatible; GPTBot/1.3; +https://openai.com/gptbot)"
74.7.241.59 - - [14/Apr/2026:07:04:39 +0300] "GET /market/Z02933939092 HTTP/1.0" 404 2091 "https://mramoria.com/sitemap.xml" "Mozilla/5.0 AppleWebKit/537.36 (KHTML, like Gecko; compatible; GPTBot/1.3; +https://openai.com/gptbot)"
74.7.241.59 - - [14/Apr/2026:07:04:43 +0300] "GET /market/Z02903702727 HTTP/1.0" 404 2091 "https://mramoria.com/sitemap.xml" "Mozilla/5.0 AppleWebKit/537.36 (KHTML, like Gecko; compatible; GPTBot/1.3; +https://openai.com/gptbot)"
74.7.241.59 - - [14/Apr/2026:07:04:46 +0300] "GET /market/Z02291910169 HTTP/1.0" 404 2091 "https://mramoria.com/sitemap.xml" "Mozilla/5.0 AppleWebKit/537.36 (KHTML, like Gecko; compatible; GPTBot/1.3; +https://openai.com/gptbot)"
74.7.241.59 - - [14/Apr/2026:07:04:49 +0300] "GET /market/Z02204299004 HTTP/1.0" 404 2091 "https://mramoria.com/sitemap.xml" "Mozilla/5.0 AppleWebKit/537.36 (KHTML, like Gecko; compatible; GPTBot/1.3; +https://openai.com/gptbot)"
74.7.241.59 - - [14/Apr/2026:07:04:53 +0300] "GET /market/Z02710505151 HTTP/1.0" 404 2091 "https://mramoria.com/sitemap.xml" "Mozilla/5.0 AppleWebKit/537.36 (KHTML, like Gecko; compatible; GPTBot/1.3; +https://openai.com/gptbot)"
74.7.241.59 - - [14/Apr/2026:07:04:56 +0300] "GET /market/Z02909062203 HTTP/1.0" 404 2091 "https://mramoria.com/sitemap.xml" "Mozilla/5.0 AppleWebKit/537.36 (KHTML, like Gecko; compatible; GPTBot/1.3; +https://openai.com/gptbot)"
216.73.216.159 - - [14/Apr/2026:07:04:57 +0300] "GET /market/Z002969361489 HTTP/1.0" 404 2091 "-" "Mozilla/5.0 AppleWebKit/537.36 (KHTML, like Gecko; compatible; ClaudeBot/1.0; +claudebot@anthropic.com)"
74.7.241.59 - - [14/Apr/2026:07:04:59 +0300] "GET /market/Z02272738082 HTTP/1.0" 404 2091 "https://mramoria.com/sitemap.xml" "Mozilla/5.0 AppleWebKit/537.36 (KHTML, like Gecko; compatible; GPTBot/1.3; +https://openai.com/gptbot)"
74.7.241.59 - - [14/Apr/2026:07:05:03 +0300] "GET /market/Z02229175893 HTTP/1.0" 404 2091 "https://mramoria.com/sitemap.xml" "Mozilla/5.0 AppleWebKit/537.36 (KHTML, like Gecko; compatible; GPTBot/1.3; +https://openai.com/gptbot)"
74.7.241.59 - - [14/Apr/2026:07:05:06 +0300] "GET /market/Z02224423598 HTTP/1.0" 404 2091 "https://mramoria.com/sitemap.xml" "Mozilla/5.0 AppleWebKit/537.36 (KHTML, like Gecko; compatible; GPTBot/1.3; +https://openai.com/gptbot)"
216.73.216.159 - - [14/Apr/2026:07:05:09 +0300] "GET /market/Z004208652532 HTTP/1.0" 404 2188 "-" "Mozilla/5.0 AppleWebKit/537.36 (KHTML, like Gecko; compatible; ClaudeBot/1.0; +claudebot@anthropic.com)"
74.7.241.59 - - [14/Apr/2026:07:05:09 +0300] "GET /market/Z02746376665 HTTP/1.0" 404 2091 "https://mramoria.com/sitemap.xml" "Mozilla/5.0 AppleWebKit/537.36 (KHTML, like Gecko; compatible; GPTBot/1.3; +https://openai.com/gptbot)"
74.7.241.59 - - [14/Apr/2026:07:05:13 +0300] "GET /market/Z02712929333 HTTP/1.0" 404 2091 "https://mramoria.com/sitemap.xml" "Mozilla/5.0 AppleWebKit/537.36 (KHTML, like Gecko; compatible; GPTBot/1.3; +https://openai.com/gptbot)"
74.7.241.59 - - [14/Apr/2026:07:05:16 +0300] "GET /market/Z02311593336 HTTP/1.0" 404 2091 "https://mramoria.com/sitemap.xml" "Mozilla/5.0 AppleWebKit/537.36 (KHTML, like Gecko; compatible; GPTBot/1.3; +https://openai.com/gptbot)"
74.7.241.59 - - [14/Apr/2026:07:05:20 +0300] "GET /market/Z02588839489 HTTP/1.0" 404 2091 "https://mramoria.com/sitemap.xml" "Mozilla/5.0 AppleWebKit/537.36 (KHTML, like Gecko; compatible; GPTBot/1.3; +https://openai.com/gptbot)"
74.7.241.59 - - [14/Apr/2026:07:05:23 +0300] "GET /market/Z02465148889 HTTP/1.0" 404 2091 "https://mramoria.com/sitemap.xml" "Mozilla/5.0 AppleWebKit/537.36 (KHTML, like Gecko; compatible; GPTBot/1.3; +https://openai.com/gptbot)"
216.73.216.159 - - [14/Apr/2026:07:05:26 +0300] "GET /market/Z004222839931 HTTP/1.0" 404 2188 "-" "Mozilla/5.0 AppleWebKit/537.36 (KHTML, like Gecko; compatible; ClaudeBot/1.0; +claudebot@anthropic.com)"
74.7.241.59 - - [14/Apr/2026:07:05:27 +0300] "GET /market/Z02300039185 HTTP/1.0" 404 2091 "https://mramoria.com/sitemap.xml" "Mozilla/5.0 AppleWebKit/537.36 (KHTML, like Gecko; compatible; GPTBot/1.3; +https://openai.com/gptbot)"
74.7.241.59 - - [14/Apr/2026:07:05:30 +0300] "GET /market/Z02224587121 HTTP/1.0" 404 2091 "https://mramoria.com/sitemap.xml" "Mozilla/5.0 AppleWebKit/537.36 (KHTML, like Gecko; compatible; GPTBot/1.3; +https://openai.com/gptbot)"
74.7.241.59 - - [14/Apr/2026:07:05:33 +0300] "GET /market/Z02144155519 HTTP/1.0" 404 2091 "https://mramoria.com/sitemap.xml" "Mozilla/5.0 AppleWebKit/537.36 (KHTML, like Gecko; compatible; GPTBot/1.3; +https://openai.com/gptbot)"
74.7.241.59 - - [14/Apr/2026:07:05:37 +0300] "GET /market/Z02350841555 HTTP/1.0" 404 2091 "https://mramoria.com/sitemap.xml" "Mozilla/5.0 AppleWebKit/537.36 (KHTML, like Gecko; compatible; GPTBot/1.3; +https://openai.com/gptbot)"
74.7.241.59 - - [14/Apr/2026:07:05:40 +0300] "GET /market/Z02888330460 HTTP/1.0" 404 2091 "https://mramoria.com/sitemap.xml" "Mozilla/5.0 AppleWebKit/537.36 (KHTML, like Gecko; compatible; GPTBot/1.3; +https://openai.com/gptbot)"
51.161.65.85 - - [14/Apr/2026:07:05:41 +0300] "GET /market/Z061145352535 HTTP/1.0" 404 2188 "-" "Mozilla/5.0 (compatible; AhrefsBot/7.0; +http://ahrefs.com/robot/)"
66.249.76.129 - - [14/Apr/2026:07:05:42 +0300] "GET /market/Z012539300186 HTTP/1.0" 200 29218 "-" "Mozilla/5.0 (Linux; Android 6.0.1; Nexus 5X Build/MMB29P) AppleWebKit/537.36 (KHTML, like Gecko) Chrome/146.0.7680.177 Mobile Safari/537.36 (compatible; GoogleOther)"
74.7.241.59 - - [14/Apr/2026:07:05:43 +0300] "GET /market/Z02227963810 HTTP/1.0" 404 2091 "https://mramoria.com/sitemap.xml" "Mozilla/5.0 AppleWebKit/537.36 (KHTML, like Gecko; compatible; GPTBot/1.3; +https://openai.com/gptbot)"
74.7.241.59 - - [14/Apr/2026:07:05:46 +0300] "GET /market/Z02411151649 HTTP/1.0" 404 2091 "https://mramoria.com/sitemap.xml" "Mozilla/5.0 AppleWebKit/537.36 (KHTML, like Gecko; compatible; GPTBot/1.3; +https://openai.com/gptbot)"
216.73.216.159 - - [14/Apr/2026:07:05:47 +0300] "GET /market/Z06430961842 HTTP/1.0" 404 2091 "-" "Mozilla/5.0 AppleWebKit/537.36 (KHTML, like Gecko; compatible; ClaudeBot/1.0; +claudebot@anthropic.com)"
74.7.241.59 - - [14/Apr/2026:07:05:50 +0300] "GET /market/Z02192351888 HTTP/1.0" 404 2091 "https://mramoria.com/sitemap.xml" "Mozilla/5.0 AppleWebKit/537.36 (KHTML, like Gecko; compatible; GPTBot/1.3; +https://openai.com/gptbot)"
74.7.241.59 - - [14/Apr/2026:07:05:53 +0300] "GET /market/Z02688397770 HTTP/1.0" 404 2091 "https://mramoria.com/sitemap.xml" "Mozilla/5.0 AppleWebKit/537.36 (KHTML, like Gecko; compatible; GPTBot/1.3; +https://openai.com/gptbot)"
74.7.241.59 - - [14/Apr/2026:07:05:56 +0300] "GET /market/Z02221046909 HTTP/1.0" 404 2091 "https://mramoria.com/sitemap.xml" "Mozilla/5.0 AppleWebKit/537.36 (KHTML, like Gecko; compatible; GPTBot/1.3; +https://openai.com/gptbot)"
216.73.216.159 - - [14/Apr/2026:07:05:56 +0300] "GET /market/Z00826187294 HTTP/1.0" 404 2188 "-" "Mozilla/5.0 AppleWebKit/537.36 (KHTML, like Gecko; compatible; ClaudeBot/1.0; +claudebot@anthropic.com)"
74.7.241.59 - - [14/Apr/2026:07:05:59 +0300] "GET /market/Z02888166921 HTTP/1.0" 404 2091 "https://mramoria.com/sitemap.xml" "Mozilla/5.0 AppleWebKit/537.36 (KHTML, like Gecko; compatible; GPTBot/1.3; +https://openai.com/gptbot)"
74.7.241.59 - - [14/Apr/2026:07:06:03 +0300] "GET /market/Z02123653202 HTTP/1.0" 404 2091 "https://mramoria.com/sitemap.xml" "Mozilla/5.0 AppleWebKit/537.36 (KHTML, like Gecko; compatible; GPTBot/1.3; +https://openai.com/gptbot)"
74.7.241.59 - - [14/Apr/2026:07:06:06 +0300] "GET /market/Z02240730076 HTTP/1.0" 404 2091 "https://mramoria.com/sitemap.xml" "Mozilla/5.0 AppleWebKit/537.36 (KHTML, like Gecko; compatible; GPTBot/1.3; +https://openai.com/gptbot)"
74.7.241.59 - - [14/Apr/2026:07:06:10 +0300] "GET /market/Z02953229326 HTTP/1.0" 404 2091 "https://mramoria.com/sitemap.xml" "Mozilla/5.0 AppleWebKit/537.36 (KHTML, like Gecko; compatible; GPTBot/1.3; +https://openai.com/gptbot)"
74.7.241.59 - - [14/Apr/2026:07:06:13 +0300] "GET /market/Z02659929976 HTTP/1.0" 404 2091 "https://mramoria.com/sitemap.xml" "Mozilla/5.0 AppleWebKit/537.36 (KHTML, like Gecko; compatible; GPTBot/1.3; +https://openai.com/gptbot)"
74.7.241.59 - - [14/Apr/2026:07:06:17 +0300] "GET /market/Z02460560101 HTTP/1.0" 404 2091 "https://mramoria.com/sitemap.xml" "Mozilla/5.0 AppleWebKit/537.36 (KHTML, like Gecko; compatible; GPTBot/1.3; +https://openai.com/gptbot)"
216.73.216.159 - - [14/Apr/2026:07:06:17 +0300] "GET /market/Z013612554257 HTTP/1.0" 404 2091 "-" "Mozilla/5.0 AppleWebKit/537.36 (KHTML, like Gecko; compatible; ClaudeBot/1.0; +claudebot@anthropic.com)"
74.7.241.59 - - [14/Apr/2026:07:06:20 +0300] "GET /market/Z02935151191 HTTP/1.0" 404 2091 "https://mramoria.com/sitemap.xml" "Mozilla/5.0 AppleWebKit/537.36 (KHTML, like Gecko; compatible; GPTBot/1.3; +https://openai.com/gptbot)"
74.7.241.59 - - [14/Apr/2026:07:06:23 +0300] "GET /market/Z02251283258 HTTP/1.0" 404 2091 "https://mramoria.com/sitemap.xml" "Mozilla/5.0 AppleWebKit/537.36 (KHTML, like Gecko; compatible; GPTBot/1.3; +https://openai.com/gptbot)"
74.7.241.59 - - [14/Apr/2026:07:06:27 +0300] "GET /market/Z023114200002 HTTP/1.0" 404 2091 "https://mramoria.com/sitemap.xml" "Mozilla/5.0 AppleWebKit/537.36 (KHTML, like Gecko; compatible; GPTBot/1.3; +https://openai.com/gptbot)"
74.7.241.59 - - [14/Apr/2026:07:06:30 +0300] "GET /market/Z02741787877 HTTP/1.0" 404 2091 "https://mramoria.com/sitemap.xml" "Mozilla/5.0 AppleWebKit/537.36 (KHTML, like Gecko; compatible; GPTBot/1.3; +https://openai.com/gptbot)"
74.7.241.59 - - [14/Apr/2026:07:06:34 +0300] "GET /market/Z02505561616 HTTP/1.0" 404 2091 "https://mramoria.com/sitemap.xml" "Mozilla/5.0 AppleWebKit/537.36 (KHTML, like Gecko; compatible; GPTBot/1.3; +https://openai.com/gptbot)"
74.7.241.59 - - [14/Apr/2026:07:06:37 +0300] "GET /market/Z02704704248 HTTP/1.0" 404 2091 "https://mramoria.com/sitemap.xml" "Mozilla/5.0 AppleWebKit/537.36 (KHTML, like Gecko; compatible; GPTBot/1.3; +https://openai.com/gptbot)"
216.73.216.159 - - [14/Apr/2026:07:06:38 +0300] "GET /market/Z013208216991 HTTP/1.0" 404 2091 "-" "Mozilla/5.0 AppleWebKit/537.36 (KHTML, like Gecko; compatible; ClaudeBot/1.0; +claudebot@anthropic.com)"
74.7.241.59 - - [14/Apr/2026:07:06:40 +0300] "GET /market/Z02366377377 HTTP/1.0" 404 2091 "https://mramoria.com/sitemap.xml" "Mozilla/5.0 AppleWebKit/537.36 (KHTML, like Gecko; compatible; GPTBot/1.3; +https://openai.com/gptbot)"
74.7.241.59 - - [14/Apr/2026:07:06:44 +0300] "GET /market/Z02960242296 HTTP/1.0" 404 2091 "https://mramoria.com/sitemap.xml" "Mozilla/5.0 AppleWebKit/537.36 (KHTML, like Gecko; compatible; GPTBot/1.3; +https://openai.com/gptbot)"
74.7.241.59 - - [14/Apr/2026:07:06:47 +0300] "GET /market/Z02801720232 HTTP/1.0" 404 2091 "https://mramoria.com/sitemap.xml" "Mozilla/5.0 AppleWebKit/537.36 (KHTML, like Gecko; compatible; GPTBot/1.3; +https://openai.com/gptbot)"
74.7.241.59 - - [14/Apr/2026:07:06:50 +0300] "GET /market/Z02387272627 HTTP/1.0" 404 2091 "https://mramoria.com/sitemap.xml" "Mozilla/5.0 AppleWebKit/537.36 (KHTML, like Gecko; compatible; GPTBot/1.3; +https://openai.com/gptbot)"
74.7.241.59 - - [14/Apr/2026:07:06:53 +0300] "GET /market/Z02563355435 HTTP/1.0" 404 2091 "https://mramoria.com/sitemap.xml" "Mozilla/5.0 AppleWebKit/537.36 (KHTML, like Gecko; compatible; GPTBot/1.3; +https://openai.com/gptbot)"
74.7.241.59 - - [14/Apr/2026:07:06:57 +0300] "GET /market/Z02658717877 HTTP/1.0" 404 2091 "https://mramoria.com/sitemap.xml" "Mozilla/5.0 AppleWebKit/537.36 (KHTML, like Gecko; compatible; GPTBot/1.3; +https://openai.com/gptbot)"
216.73.216.159 - - [14/Apr/2026:07:06:59 +0300] "GET /market/Z013301950546 HTTP/1.0" 404 2091 "-" "Mozilla/5.0 AppleWebKit/537.36 (KHTML, like Gecko; compatible; ClaudeBot/1.0; +claudebot@anthropic.com)"
74.7.241.59 - - [14/Apr/2026:07:07:00 +0300] "GET /market/Z02784972327 HTTP/1.0" 404 2091 "https://mramoria.com/sitemap.xml" "Mozilla/5.0 AppleWebKit/537.36 (KHTML, like Gecko; compatible; GPTBot/1.3; +https://openai.com/gptbot)"
74.7.241.59 - - [14/Apr/2026:07:07:03 +0300] "GET /market/Z02745164566 HTTP/1.0" 404 2091 "https://mramoria.com/sitemap.xml" "Mozilla/5.0 AppleWebKit/537.36 (KHTML, like Gecko; compatible; GPTBot/1.3; +https://openai.com/gptbot)"
74.7.241.59 - - [14/Apr/2026:07:07:07 +0300] "GET /market/Z02386060544 HTTP/1.0" 404 2091 "https://mramoria.com/sitemap.xml" "Mozilla/5.0 AppleWebKit/537.36 (KHTML, like Gecko; compatible; GPTBot/1.3; +https://openai.com/gptbot)"
74.7.241.59 - - [14/Apr/2026:07:07:10 +0300] "GET /market/Z02884790232 HTTP/1.0" 404 2091 "https://mramoria.com/sitemap.xml" "Mozilla/5.0 AppleWebKit/537.36 (KHTML, like Gecko; compatible; GPTBot/1.3; +https://openai.com/gptbot)"
216.73.216.159 - - [14/Apr/2026:07:07:12 +0300] "GET /market/Z013202252565 HTTP/1.0" 404 2188 "-" "Mozilla/5.0 AppleWebKit/537.36 (KHTML, like Gecko; compatible; ClaudeBot/1.0; +claudebot@anthropic.com)"
74.7.241.59 - - [14/Apr/2026:07:07:13 +0300] "GET /market/Z02218622695 HTTP/1.0" 404 2091 "https://mramoria.com/sitemap.xml" "Mozilla/5.0 AppleWebKit/537.36 (KHTML, like Gecko; compatible; GPTBot/1.3; +https://openai.com/gptbot)"
74.7.241.59 - - [14/Apr/2026:07:07:16 +0300] "GET /market/Z02543230825 HTTP/1.0" 404 2091 "https://mramoria.com/sitemap.xml" "Mozilla/5.0 AppleWebKit/537.36 (KHTML, like Gecko; compatible; GPTBot/1.3; +https://openai.com/gptbot)"
74.7.241.59 - - [14/Apr/2026:07:07:20 +0300] "GET /market/Z02705916363 HTTP/1.0" 404 2091 "https://mramoria.com/sitemap.xml" "Mozilla/5.0 AppleWebKit/537.36 (KHTML, like Gecko; compatible; GPTBot/1.3; +https://openai.com/gptbot)"
74.7.241.59 - - [14/Apr/2026:07:07:23 +0300] "GET /market/Z02120276513 HTTP/1.0" 404 2091 "https://mramoria.com/sitemap.xml" "Mozilla/5.0 AppleWebKit/537.36 (KHTML, like Gecko; compatible; GPTBot/1.3; +https://openai.com/gptbot)"
74.7.241.59 - - [14/Apr/2026:07:07:27 +0300] "GET /market/Z02665894402 HTTP/1.0" 404 2091 "https://mramoria.com/sitemap.xml" "Mozilla/5.0 AppleWebKit/537.36 (KHTML, like Gecko; compatible; GPTBot/1.3; +https://openai.com/gptbot)"
74.7.241.59 - - [14/Apr/2026:07:07:31 +0300] "GET /market/Z02340288357 HTTP/1.0" 404 2091 "https://mramoria.com/sitemap.xml" "Mozilla/5.0 AppleWebKit/537.36 (KHTML, like Gecko; compatible; GPTBot/1.3; +https://openai.com/gptbot)"
66.249.70.134 - - [14/Apr/2026:07:07:31 +0300] "GET /market/Z012391545536 HTTP/1.0" 200 29817 "-" "Mozilla/5.0 (Linux; Android 6.0.1; Nexus 5X Build/MMB29P) AppleWebKit/537.36 (KHTML, like Gecko) Chrome/146.0.7680.177 Mobile Safari/537.36 (compatible; GoogleOther)"
216.73.216.159 - - [14/Apr/2026:07:07:33 +0300] "GET /market/Z014271209560 HTTP/1.0" 404 2188 "-" "Mozilla/5.0 AppleWebKit/537.36 (KHTML, like Gecko; compatible; ClaudeBot/1.0; +claudebot@anthropic.com)"
216.73.216.159 - - [14/Apr/2026:07:07:33 +0300] "GET /market/Z014231401799 HTTP/1.0" 404 2091 "-" "Mozilla/5.0 AppleWebKit/537.36 (KHTML, like Gecko; compatible; ClaudeBot/1.0; +claudebot@anthropic.com)"
74.7.241.59 - - [14/Apr/2026:07:07:35 +0300] "GET /market/Z02314970025 HTTP/1.0" 404 2091 "https://mramoria.com/sitemap.xml" "Mozilla/5.0 AppleWebKit/537.36 (KHTML, like Gecko; compatible; GPTBot/1.3; +https://openai.com/gptbot)"
74.7.241.59 - - [14/Apr/2026:07:07:40 +0300] "GET /market/Z02892919248 HTTP/1.0" 404 2091 "https://mramoria.com/sitemap.xml" "Mozilla/5.0 AppleWebKit/537.36 (KHTML, like Gecko; compatible; GPTBot/1.3; +https://openai.com/gptbot)"
74.7.241.59 - - [14/Apr/2026:07:07:44 +0300] "GET /market/Z02455807806 HTTP/1.0" 404 2091 "https://mramoria.com/sitemap.xml" "Mozilla/5.0 AppleWebKit/537.36 (KHTML, like Gecko; compatible; GPTBot/1.3; +https://openai.com/gptbot)"
74.7.241.59 - - [14/Apr/2026:07:07:49 +0300] "GET /market/Z02731841828 HTTP/1.0" 404 2091 "https://mramoria.com/sitemap.xml" "Mozilla/5.0 AppleWebKit/537.36 (KHTML, like Gecko; compatible; GPTBot/1.3; +https://openai.com/gptbot)"
216.73.216.159 - - [14/Apr/2026:07:07:52 +0300] "GET /market/Z013841863633 HTTP/1.0" 404 2188 "-" "Mozilla/5.0 AppleWebKit/537.36 (KHTML, like Gecko; compatible; ClaudeBot/1.0; +claudebot@anthropic.com)"
74.7.241.59 - - [14/Apr/2026:07:07:53 +0300] "GET /market/Z02857047702 HTTP/1.0" 404 2091 "https://mramoria.com/sitemap.xml" "Mozilla/5.0 AppleWebKit/537.36 (KHTML, like Gecko; compatible; GPTBot/1.3; +https://openai.com/gptbot)"
74.7.241.59 - - [14/Apr/2026:07:07:58 +0300] "GET /market/Z02168427474 HTTP/1.0" 404 2091 "https://mramoria.com/sitemap.xml" "Mozilla/5.0 AppleWebKit/537.36 (KHTML, like Gecko; compatible; GPTBot/1.3; +https://openai.com/gptbot)"
216.73.216.159 - - [14/Apr/2026:07:08:00 +0300] "GET /market/Z012379363932 HTTP/1.0" 404 2188 "-" "Mozilla/5.0 AppleWebKit/537.36 (KHTML, like Gecko; compatible; ClaudeBot/1.0; +claudebot@anthropic.com)"
74.7.241.59 - - [14/Apr/2026:07:08:02 +0300] "GET /market/Z02530274982 HTTP/1.0" 404 2091 "https://mramoria.com/sitemap.xml" "Mozilla/5.0 AppleWebKit/537.36 (KHTML, like Gecko; compatible; GPTBot/1.3; +https://openai.com/gptbot)"
74.7.241.59 - - [14/Apr/2026:07:08:06 +0300] "GET /market/Z02342712571 HTTP/1.0" 404 2091 "https://mramoria.com/sitemap.xml" "Mozilla/5.0 AppleWebKit/537.36 (KHTML, like Gecko; compatible; GPTBot/1.3; +https://openai.com/gptbot)"
74.7.241.59 - - [14/Apr/2026:07:08:09 +0300] "GET /market/Z02421541324 HTTP/1.0" 404 2091 "https://mramoria.com/sitemap.xml" "Mozilla/5.0 AppleWebKit/537.36 (KHTML, like Gecko; compatible; GPTBot/1.3; +https://openai.com/gptbot)"
74.7.241.59 - - [14/Apr/2026:07:08:13 +0300] "GET /market/Z02902490628 HTTP/1.0" 404 2091 "https://mramoria.com/sitemap.xml" "Mozilla/5.0 AppleWebKit/537.36 (KHTML, like Gecko; compatible; GPTBot/1.3; +https://openai.com/gptbot)"
74.7.241.59 - - [14/Apr/2026:07:08:16 +0300] "GET /market/Z02275162264 HTTP/1.0" 404 2091 "https://mramoria.com/sitemap.xml" "Mozilla/5.0 AppleWebKit/537.36 (KHTML, like Gecko; compatible; GPTBot/1.3; +https://openai.com/gptbot)"
216.73.216.159 - - [14/Apr/2026:07:08:16 +0300] "GET /market/Z002742336627 HTTP/1.0" 404 2091 "-" "Mozilla/5.0 AppleWebKit/537.36 (KHTML, like Gecko; compatible; ClaudeBot/1.0; +claudebot@anthropic.com)"
74.7.241.59 - - [14/Apr/2026:07:08:19 +0300] "GET /market/Z02739363695 HTTP/1.0" 404 2188 "https://mramoria.com/sitemap.xml" "Mozilla/5.0 AppleWebKit/537.36 (KHTML, like Gecko; compatible; GPTBot/1.3; +https://openai.com/gptbot)"
74.7.241.59 - - [14/Apr/2026:07:08:22 +0300] "GET /market/Z02656553287 HTTP/1.0" 404 2091 "https://mramoria.com/sitemap.xml" "Mozilla/5.0 AppleWebKit/537.36 (KHTML, like Gecko; compatible; GPTBot/1.3; +https://openai.com/gptbot)"
74.7.241.59 - - [14/Apr/2026:07:08:26 +0300] "GET /market/Z02388484726 HTTP/1.0" 404 2091 "https://mramoria.com/sitemap.xml" "Mozilla/5.0 AppleWebKit/537.36 (KHTML, like Gecko; compatible; GPTBot/1.3; +https://openai.com/gptbot)"
74.7.241.59 - - [14/Apr/2026:07:08:29 +0300] "GET /market/Z02514902715 HTTP/1.0" 404 2091 "https://mramoria.com/sitemap.xml" "Mozilla/5.0 AppleWebKit/537.36 (KHTML, like Gecko; compatible; GPTBot/1.3; +https://openai.com/gptbot)"
216.73.216.159 - - [14/Apr/2026:07:08:30 +0300] "GET /market/Z001882668237 HTTP/1.0" 404 2188 "-" "Mozilla/5.0 AppleWebKit/537.36 (KHTML, like Gecko; compatible; ClaudeBot/1.0; +claudebot@anthropic.com)"
74.7.241.59 - - [14/Apr/2026:07:08:32 +0300] "GET /market/Z02298663563 HTTP/1.0" 404 2091 "https://mramoria.com/sitemap.xml" "Mozilla/5.0 AppleWebKit/537.36 (KHTML, like Gecko; compatible; GPTBot/1.3; +https://openai.com/gptbot)"
74.7.241.59 - - [14/Apr/2026:07:08:36 +0300] "GET /market/Z02802932347 HTTP/1.0" 404 2091 "https://mramoria.com/sitemap.xml" "Mozilla/5.0 AppleWebKit/537.36 (KHTML, like Gecko; compatible; GPTBot/1.3; +https://openai.com/gptbot)"
74.7.241.59 - - [14/Apr/2026:07:08:39 +0300] "GET /market/Z02331717930 HTTP/1.0" 404 2091 "https://mramoria.com/sitemap.xml" "Mozilla/5.0 AppleWebKit/537.36 (KHTML, like Gecko; compatible; GPTBot/1.3; +https://openai.com/gptbot)"
74.7.241.59 - - [14/Apr/2026:07:08:42 +0300] "GET /market/Z02545395415 HTTP/1.0" 404 2091 "https://mramoria.com/sitemap.xml" "Mozilla/5.0 AppleWebKit/537.36 (KHTML, like Gecko; compatible; GPTBot/1.3; +https://openai.com/gptbot)"
74.7.241.59 - - [14/Apr/2026:07:08:46 +0300] "GET /market/Z02389696825 HTTP/1.0" 404 2091 "https://mramoria.com/sitemap.xml" "Mozilla/5.0 AppleWebKit/537.36 (KHTML, like Gecko; compatible; GPTBot/1.3; +https://openai.com/gptbot)"
74.7.241.59 - - [14/Apr/2026:07:08:49 +0300] "GET /market/Z02416952520 HTTP/1.0" 404 2091 "https://mramoria.com/sitemap.xml" "Mozilla/5.0 AppleWebKit/537.36 (KHTML, like Gecko; compatible; GPTBot/1.3; +https://openai.com/gptbot)"
216.73.216.159 - - [14/Apr/2026:07:08:49 +0300] "GET /market/Z011310678362 HTTP/1.0" 404 2188 "-" "Mozilla/5.0 AppleWebKit/537.36 (KHTML, like Gecko; compatible; ClaudeBot/1.0; +claudebot@anthropic.com)"
216.73.216.159 - - [14/Apr/2026:07:08:51 +0300] "GET /market/Z012864329471 HTTP/1.0" 404 2091 "-" "Mozilla/5.0 AppleWebKit/537.36 (KHTML, like Gecko; compatible; ClaudeBot/1.0; +claudebot@anthropic.com)"
74.7.241.59 - - [14/Apr/2026:07:08:52 +0300] "GET /market/Z02437847786 HTTP/1.0" 404 2091 "https://mramoria.com/sitemap.xml" "Mozilla/5.0 AppleWebKit/537.36 (KHTML, like Gecko; compatible; GPTBot/1.3; +https://openai.com/gptbot)"
74.7.241.59 - - [14/Apr/2026:07:08:56 +0300] "GET /market/Z02734169941 HTTP/1.0" 404 2091 "https://mramoria.com/sitemap.xml" "Mozilla/5.0 AppleWebKit/537.36 (KHTML, like Gecko; compatible; GPTBot/1.3; +https://openai.com/gptbot)"
74.7.241.59 - - [14/Apr/2026:07:08:59 +0300] "GET /market/Z02831400141 HTTP/1.0" 404 2091 "https://mramoria.com/sitemap.xml" "Mozilla/5.0 AppleWebKit/537.36 (KHTML, like Gecko; compatible; GPTBot/1.3; +https://openai.com/gptbot)"
74.7.241.59 - - [14/Apr/2026:07:09:02 +0300] "GET /market/Z02836152436 HTTP/1.0" 404 2091 "https://mramoria.com/sitemap.xml" "Mozilla/5.0 AppleWebKit/537.36 (KHTML, like Gecko; compatible; GPTBot/1.3; +https://openai.com/gptbot)"
74.7.241.59 - - [14/Apr/2026:07:09:06 +0300] "GET /market/Z02925810108 HTTP/1.0" 404 2091 "https://mramoria.com/sitemap.xml" "Mozilla/5.0 AppleWebKit/537.36 (KHTML, like Gecko; compatible; GPTBot/1.3; +https://openai.com/gptbot)"
74.7.241.59 - - [14/Apr/2026:07:09:09 +0300] "GET /market/Z02593591784 HTTP/1.0" 404 2091 "https://mramoria.com/sitemap.xml" "Mozilla/5.0 AppleWebKit/537.36 (KHTML, like Gecko; compatible; GPTBot/1.3; +https://openai.com/gptbot)"
216.73.216.159 - - [14/Apr/2026:07:09:10 +0300] "GET /market/Z013912726909 HTTP/1.0" 404 2091 "-" "Mozilla/5.0 AppleWebKit/537.36 (KHTML, like Gecko; compatible; ClaudeBot/1.0; +claudebot@anthropic.com)"
216.73.216.159 - - [14/Apr/2026:07:09:12 +0300] "GET /market/Z002529006596 HTTP/1.0" 404 2091 "-" "Mozilla/5.0 AppleWebKit/537.36 (KHTML, like Gecko; compatible; ClaudeBot/1.0; +claudebot@anthropic.com)"
74.7.241.59 - - [14/Apr/2026:07:09:13 +0300] "GET /market/Z02129617612 HTTP/1.0" 404 2091 "https://mramoria.com/sitemap.xml" "Mozilla/5.0 AppleWebKit/537.36 (KHTML, like Gecko; compatible; GPTBot/1.3; +https://openai.com/gptbot)"
74.7.241.59 - - [14/Apr/2026:07:09:16 +0300] "GET /market/Z02317394239 HTTP/1.0" 404 2091 "https://mramoria.com/sitemap.xml" "Mozilla/5.0 AppleWebKit/537.36 (KHTML, like Gecko; compatible; GPTBot/1.3; +https://openai.com/gptbot)"
74.7.241.59 - - [14/Apr/2026:07:09:19 +0300] "GET /market/Z02584250701 HTTP/1.0" 404 2091 "https://mramoria.com/sitemap.xml" "Mozilla/5.0 AppleWebKit/537.36 (KHTML, like Gecko; compatible; GPTBot/1.3; +https://openai.com/gptbot)"
74.7.241.59 - - [14/Apr/2026:07:09:23 +0300] "GET /market/Z02956606015 HTTP/1.0" 404 2091 "https://mramoria.com/sitemap.xml" "Mozilla/5.0 AppleWebKit/537.36 (KHTML, like Gecko; compatible; GPTBot/1.3; +https://openai.com/gptbot)"
216.73.216.159 - - [14/Apr/2026:07:09:25 +0300] "GET /market/Z01218229717 HTTP/1.0" 404 2188 "-" "Mozilla/5.0 AppleWebKit/537.36 (KHTML, like Gecko; compatible; ClaudeBot/1.0; +claudebot@anthropic.com)"
74.7.241.59 - - [14/Apr/2026:07:09:26 +0300] "GET /market/Z02776843343 HTTP/1.0" 404 2091 "https://mramoria.com/sitemap.xml" "Mozilla/5.0 AppleWebKit/537.36 (KHTML, like Gecko; compatible; GPTBot/1.3; +https://openai.com/gptbot)"
74.7.241.59 - - [14/Apr/2026:07:09:29 +0300] "GET /market/Z02301251268 HTTP/1.0" 404 2091 "https://mramoria.com/sitemap.xml" "Mozilla/5.0 AppleWebKit/537.36 (KHTML, like Gecko; compatible; GPTBot/1.3; +https://openai.com/gptbot)"
216.73.216.159 - - [14/Apr/2026:07:09:31 +0300] "GET /market/Z013577335268 HTTP/1.0" 404 2091 "-" "Mozilla/5.0 AppleWebKit/537.36 (KHTML, like Gecko; compatible; ClaudeBot/1.0; +claudebot@anthropic.com)"
74.7.241.59 - - [14/Apr/2026:07:09:33 +0300] "GET /market/Z02472507233 HTTP/1.0" 404 2091 "https://mramoria.com/sitemap.xml" "Mozilla/5.0 AppleWebKit/537.36 (KHTML, like Gecko; compatible; GPTBot/1.3; +https://openai.com/gptbot)"
74.7.241.59 - - [14/Apr/2026:07:09:37 +0300] "GET /market/Z02142943420 HTTP/1.0" 404 2091 "https://mramoria.com/sitemap.xml" "Mozilla/5.0 AppleWebKit/537.36 (KHTML, like Gecko; compatible; GPTBot/1.3; +https://openai.com/gptbot)"
74.7.241.59 - - [14/Apr/2026:07:09:40 +0300] "GET /market/Z02383895954 HTTP/1.0" 404 2091 "https://mramoria.com/sitemap.xml" "Mozilla/5.0 AppleWebKit/537.36 (KHTML, like Gecko; compatible; GPTBot/1.3; +https://openai.com/gptbot)"
74.7.241.59 - - [14/Apr/2026:07:09:43 +0300] "GET /market/Z02121488596 HTTP/1.0" 404 2091 "https://mramoria.com/sitemap.xml" "Mozilla/5.0 AppleWebKit/537.36 (KHTML, like Gecko; compatible; GPTBot/1.3; +https://openai.com/gptbot)"
74.7.241.59 - - [14/Apr/2026:07:09:46 +0300] "GET /market/Z02853507506 HTTP/1.0" 404 2091 "https://mramoria.com/sitemap.xml" "Mozilla/5.0 AppleWebKit/537.36 (KHTML, like Gecko; compatible; GPTBot/1.3; +https://openai.com/gptbot)"
74.7.241.59 - - [14/Apr/2026:07:09:50 +0300] "GET /market/Z02766501275 HTTP/1.0" 404 2091 "https://mramoria.com/sitemap.xml" "Mozilla/5.0 AppleWebKit/537.36 (KHTML, like Gecko; compatible; GPTBot/1.3; +https://openai.com/gptbot)"
74.7.241.59 - - [14/Apr/2026:07:09:53 +0300] "GET /market/Z02454595707 HTTP/1.0" 404 2091 "https://mramoria.com/sitemap.xml" "Mozilla/5.0 AppleWebKit/537.36 (KHTML, like Gecko; compatible; GPTBot/1.3; +https://openai.com/gptbot)"
74.7.241.59 - - [14/Apr/2026:07:09:56 +0300] "GET /market/Z02439059901 HTTP/1.0" 404 2091 "https://mramoria.com/sitemap.xml" "Mozilla/5.0 AppleWebKit/537.36 (KHTML, like Gecko; compatible; GPTBot/1.3; +https://openai.com/gptbot)"
74.7.241.59 - - [14/Apr/2026:07:10:00 +0300] "GET /market/Z02685021081 HTTP/1.0" 404 2091 "https://mramoria.com/sitemap.xml" "Mozilla/5.0 AppleWebKit/537.36 (KHTML, like Gecko; compatible; GPTBot/1.3; +https://openai.com/gptbot)"
66.249.76.130 - - [14/Apr/2026:07:10:00 +0300] "GET /market/Z01650823336 HTTP/1.0" 200 27843 "-" "Mozilla/5.0 (Linux; Android 6.0.1; Nexus 5X Build/MMB29P) AppleWebKit/537.36 (KHTML, like Gecko) Chrome/146.0.7680.177 Mobile Safari/537.36 (compatible; GoogleOther)"
74.7.241.59 - - [14/Apr/2026:07:10:03 +0300] "GET /market/Z02195728577 HTTP/1.0" 404 2091 "https://mramoria.com/sitemap.xml" "Mozilla/5.0 AppleWebKit/537.36 (KHTML, like Gecko; compatible; GPTBot/1.3; +https://openai.com/gptbot)"
74.7.241.59 - - [14/Apr/2026:07:10:06 +0300] "GET /market/Z02365165278 HTTP/1.0" 404 2091 "https://mramoria.com/sitemap.xml" "Mozilla/5.0 AppleWebKit/537.36 (KHTML, like Gecko; compatible; GPTBot/1.3; +https://openai.com/gptbot)"
216.73.216.159 - - [14/Apr/2026:07:10:06 +0300] "GET /market/Z01454202713 HTTP/1.0" 404 2188 "-" "Mozilla/5.0 AppleWebKit/537.36 (KHTML, like Gecko; compatible; ClaudeBot/1.0; +claudebot@anthropic.com)"
74.7.241.59 - - [14/Apr/2026:07:10:10 +0300] "GET /market/Z02306841041 HTTP/1.0" 404 2091 "https://mramoria.com/sitemap.xml" "Mozilla/5.0 AppleWebKit/537.36 (KHTML, like Gecko; compatible; GPTBot/1.3; +https://openai.com/gptbot)"
74.7.241.59 - - [14/Apr/2026:07:10:13 +0300] "GET /market/Z02276374379 HTTP/1.0" 404 2091 "https://mramoria.com/sitemap.xml" "Mozilla/5.0 AppleWebKit/537.36 (KHTML, like Gecko; compatible; GPTBot/1.3; +https://openai.com/gptbot)"
74.7.241.59 - - [14/Apr/2026:07:10:16 +0300] "GET /market/Z02848918718 HTTP/1.0" 404 2091 "https://mramoria.com/sitemap.xml" "Mozilla/5.0 AppleWebKit/537.36 (KHTML, like Gecko; compatible; GPTBot/1.3; +https://openai.com/gptbot)"
74.7.241.59 - - [14/Apr/2026:07:10:20 +0300] "GET /market/Z02538478530 HTTP/1.0" 404 2091 "https://mramoria.com/sitemap.xml" "Mozilla/5.0 AppleWebKit/537.36 (KHTML, like Gecko; compatible; GPTBot/1.3; +https://openai.com/gptbot)"
74.7.241.59 - - [14/Apr/2026:07:10:23 +0300] "GET /market/Z02975336675 HTTP/1.0" 404 2091 "https://mramoria.com/sitemap.xml" "Mozilla/5.0 AppleWebKit/537.36 (KHTML, like Gecko; compatible; GPTBot/1.3; +https://openai.com/gptbot)"
