216.73.216.172 - - [10/Apr/2026:20:36:48 +0300] "GET /p/seize30258346?id=274604 HTTP/1.0" 404 2091 "-" "Mozilla/5.0 AppleWebKit/537.36 (KHTML, like Gecko; compatible; ClaudeBot/1.0; +claudebot@anthropic.com)"
216.73.216.172 - - [10/Apr/2026:20:36:51 +0300] "GET /p/solut70949486?id=965744 HTTP/1.0" 404 2091 "-" "Mozilla/5.0 AppleWebKit/537.36 (KHTML, like Gecko; compatible; ClaudeBot/1.0; +claudebot@anthropic.com)"
89.111.170.8 - - [10/Apr/2026:20:36:51 +0300] "GET / HTTP/1.0" 200 273999 "-" "https://reg.ru monitoring abuse@reg.ru"
216.73.216.172 - - [10/Apr/2026:20:36:54 +0300] "GET /p/sprin60373013?id=389271 HTTP/1.0" 404 2091 "-" "Mozilla/5.0 AppleWebKit/537.36 (KHTML, like Gecko; compatible; ClaudeBot/1.0; +claudebot@anthropic.com)"
216.73.216.172 - - [10/Apr/2026:20:36:57 +0300] "GET /p/decla20755369?id=771627 HTTP/1.0" 404 2091 "-" "Mozilla/5.0 AppleWebKit/537.36 (KHTML, like Gecko; compatible; ClaudeBot/1.0; +claudebot@anthropic.com)"
216.73.216.172 - - [10/Apr/2026:20:37:00 +0300] "GET /p/bold80774543?id=790801 HTTP/1.0" 404 2091 "-" "Mozilla/5.0 AppleWebKit/537.36 (KHTML, like Gecko; compatible; ClaudeBot/1.0; +claudebot@anthropic.com)"
216.73.216.172 - - [10/Apr/2026:20:37:03 +0300] "GET /p/dynam11247512?id=1263770 HTTP/1.0" 404 2091 "-" "Mozilla/5.0 AppleWebKit/537.36 (KHTML, like Gecko; compatible; ClaudeBot/1.0; +claudebot@anthropic.com)"
216.73.216.172 - - [10/Apr/2026:20:37:06 +0300] "GET /p/slide51645652?id=1661910 HTTP/1.0" 404 2091 "-" "Mozilla/5.0 AppleWebKit/537.36 (KHTML, like Gecko; compatible; ClaudeBot/1.0; +claudebot@anthropic.com)"
216.73.216.172 - - [10/Apr/2026:20:37:09 +0300] "GET /p/paste32710530?id=2726788 HTTP/1.0" 404 2091 "-" "Mozilla/5.0 AppleWebKit/537.36 (KHTML, like Gecko; compatible; ClaudeBot/1.0; +claudebot@anthropic.com)"
74.7.227.61 - - [10/Apr/2026:20:37:12 +0300] "GET /p/as22476305?id=2492563 HTTP/1.0" 404 2091 "https://region-saitov.ru/sitemapl.xml" "Mozilla/5.0 AppleWebKit/537.36 (KHTML, like Gecko; compatible; GPTBot/1.3; +https://openai.com/gptbot)"
188.225.126.182 - - [10/Apr/2026:20:37:25 +0300] "GET /rs-blue.png HTTP/1.1" 304 0 "https://mc-tabib.ru/" "Mozilla/5.0 (Linux; Android 10; K) AppleWebKit/537.36 (KHTML, like Gecko) Chrome/146.0.0.0 Mobile Safari/537.36"
216.73.216.172 - - [10/Apr/2026:20:37:30 +0300] "GET /p/below40813043?id=829301 HTTP/1.0" 404 2188 "-" "Mozilla/5.0 AppleWebKit/537.36 (KHTML, like Gecko; compatible; ClaudeBot/1.0; +claudebot@anthropic.com)"
216.73.216.172 - - [10/Apr/2026:20:37:33 +0300] "GET /p/dive40783475?id=799733 HTTP/1.0" 404 2091 "-" "Mozilla/5.0 AppleWebKit/537.36 (KHTML, like Gecko; compatible; ClaudeBot/1.0; +claudebot@anthropic.com)"
216.73.216.172 - - [10/Apr/2026:20:37:36 +0300] "GET /p/axis21790865?id=1807123 HTTP/1.0" 404 2091 "-" "Mozilla/5.0 AppleWebKit/537.36 (KHTML, like Gecko; compatible; ClaudeBot/1.0; +claudebot@anthropic.com)"
216.73.216.172 - - [10/Apr/2026:20:37:39 +0300] "GET /p/era80469871?id=486129 HTTP/1.0" 404 2091 "-" "Mozilla/5.0 AppleWebKit/537.36 (KHTML, like Gecko; compatible; ClaudeBot/1.0; +claudebot@anthropic.com)"
74.7.227.61 - - [10/Apr/2026:20:37:41 +0300] "GET /p/at31860042?id=1876300 HTTP/1.0" 404 2091 "https://region-saitov.ru/sitemapk.xml" "Mozilla/5.0 AppleWebKit/537.36 (KHTML, like Gecko; compatible; GPTBot/1.3; +https://openai.com/gptbot)"
216.73.216.172 - - [10/Apr/2026:20:37:42 +0300] "GET /p/frien30600362?id=616620 HTTP/1.0" 404 2091 "-" "Mozilla/5.0 AppleWebKit/537.36 (KHTML, like Gecko; compatible; ClaudeBot/1.0; +claudebot@anthropic.com)"
216.73.216.172 - - [10/Apr/2026:20:37:45 +0300] "GET /p/fend10875976?id=892234 HTTP/1.0" 404 2091 "-" "Mozilla/5.0 AppleWebKit/537.36 (KHTML, like Gecko; compatible; ClaudeBot/1.0; +claudebot@anthropic.com)"
216.73.216.172 - - [10/Apr/2026:20:37:48 +0300] "GET /p/awkwa20795145?id=811403 HTTP/1.0" 404 2091 "-" "Mozilla/5.0 AppleWebKit/537.36 (KHTML, like Gecko; compatible; ClaudeBot/1.0; +claudebot@anthropic.com)"
216.73.216.172 - - [10/Apr/2026:20:37:51 +0300] "GET /p/genui10310312?id=326570 HTTP/1.0" 404 2091 "-" "Mozilla/5.0 AppleWebKit/537.36 (KHTML, like Gecko; compatible; ClaudeBot/1.0; +claudebot@anthropic.com)"
216.73.216.172 - - [10/Apr/2026:20:37:54 +0300] "GET /p/of30201090?id=217348 HTTP/1.0" 404 2091 "-" "Mozilla/5.0 AppleWebKit/537.36 (KHTML, like Gecko; compatible; ClaudeBot/1.0; +claudebot@anthropic.com)"
216.73.216.172 - - [10/Apr/2026:20:37:57 +0300] "GET /p/image60070197?id=86455 HTTP/1.0" 404 2091 "-" "Mozilla/5.0 AppleWebKit/537.36 (KHTML, like Gecko; compatible; ClaudeBot/1.0; +claudebot@anthropic.com)"
216.73.216.172 - - [10/Apr/2026:20:38:01 +0300] "GET /p/issue51105884?id=1122142 HTTP/1.0" 404 2188 "-" "Mozilla/5.0 AppleWebKit/537.36 (KHTML, like Gecko; compatible; ClaudeBot/1.0; +claudebot@anthropic.com)"
216.73.216.172 - - [10/Apr/2026:20:38:03 +0300] "GET /p/passa12813184?id=2829442 HTTP/1.0" 404 2091 "-" "Mozilla/5.0 AppleWebKit/537.36 (KHTML, like Gecko; compatible; ClaudeBot/1.0; +claudebot@anthropic.com)"
216.73.216.172 - - [10/Apr/2026:20:38:06 +0300] "GET /p/misca12785888?id=2802146 HTTP/1.0" 404 2091 "-" "Mozilla/5.0 AppleWebKit/537.36 (KHTML, like Gecko; compatible; ClaudeBot/1.0; +claudebot@anthropic.com)"
216.73.216.172 - - [10/Apr/2026:20:38:09 +0300] "GET /p/cella32038698?id=2054956 HTTP/1.0" 404 2091 "-" "Mozilla/5.0 AppleWebKit/537.36 (KHTML, like Gecko; compatible; ClaudeBot/1.0; +claudebot@anthropic.com)"
74.7.227.61 - - [10/Apr/2026:20:38:09 +0300] "GET /p/in52392748?id=2409006 HTTP/1.0" 404 2091 "https://region-saitov.ru/sitemapf.xml" "Mozilla/5.0 AppleWebKit/537.36 (KHTML, like Gecko; compatible; GPTBot/1.3; +https://openai.com/gptbot)"
216.73.216.172 - - [10/Apr/2026:20:38:12 +0300] "GET /p/ok42217099?id=2233357 HTTP/1.0" 404 2091 "-" "Mozilla/5.0 AppleWebKit/537.36 (KHTML, like Gecko; compatible; ClaudeBot/1.0; +claudebot@anthropic.com)"
216.73.216.172 - - [10/Apr/2026:20:38:15 +0300] "GET /p/fork32900394?id=2916652 HTTP/1.0" 404 2091 "-" "Mozilla/5.0 AppleWebKit/537.36 (KHTML, like Gecko; compatible; ClaudeBot/1.0; +claudebot@anthropic.com)"
176.15.125.228 - - [10/Apr/2026:20:38:17 +0300] "GET /rs-grey.png HTTP/1.1" 200 2424 "https://markains.ru/" "Mozilla/5.0 (iPhone; CPU iPhone OS 18_7 like Mac OS X) AppleWebKit/605.1.15 (KHTML, like Gecko) Mobile/15E148 YaBrowser/26.3.0.1879.10 YaApp_iOS/2603.0 YaApp_iOS_Browser/2603.0 Safari/604.1 SA/3 Version/26.3"
216.73.216.172 - - [10/Apr/2026:20:38:18 +0300] "GET /p/mini20755857?id=772115 HTTP/1.0" 404 2091 "-" "Mozilla/5.0 AppleWebKit/537.36 (KHTML, like Gecko; compatible; ClaudeBot/1.0; +claudebot@anthropic.com)"
216.73.216.172 - - [10/Apr/2026:20:38:21 +0300] "GET /p/expli81701919?id=1718177 HTTP/1.0" 404 2091 "-" "Mozilla/5.0 AppleWebKit/537.36 (KHTML, like Gecko; compatible; ClaudeBot/1.0; +claudebot@anthropic.com)"
216.73.216.172 - - [10/Apr/2026:20:38:24 +0300] "GET /p/post41336403?id=1352661 HTTP/1.0" 404 2091 "-" "Mozilla/5.0 AppleWebKit/537.36 (KHTML, like Gecko; compatible; ClaudeBot/1.0; +claudebot@anthropic.com)"
216.73.216.172 - - [10/Apr/2026:20:38:27 +0300] "GET /p/separ72136654?id=2152912 HTTP/1.0" 404 2091 "-" "Mozilla/5.0 AppleWebKit/537.36 (KHTML, like Gecko; compatible; ClaudeBot/1.0; +claudebot@anthropic.com)"
216.73.216.172 - - [10/Apr/2026:20:38:32 +0300] "GET /p/mind81037287?id=1053545 HTTP/1.0" 404 2188 "-" "Mozilla/5.0 AppleWebKit/537.36 (KHTML, like Gecko; compatible; ClaudeBot/1.0; +claudebot@anthropic.com)"
216.73.216.172 - - [10/Apr/2026:20:38:35 +0300] "GET /p/inval80249975?id=266233 HTTP/1.0" 404 2091 "-" "Mozilla/5.0 AppleWebKit/537.36 (KHTML, like Gecko; compatible; ClaudeBot/1.0; +claudebot@anthropic.com)"
74.7.227.61 - - [10/Apr/2026:20:38:37 +0300] "GET /p/oh21343521?id=1359779 HTTP/1.0" 404 2091 "https://region-saitov.ru/sitemapm.xml" "Mozilla/5.0 AppleWebKit/537.36 (KHTML, like Gecko; compatible; GPTBot/1.3; +https://openai.com/gptbot)"
216.73.216.172 - - [10/Apr/2026:20:38:38 +0300] "GET /p/input41842715?id=1858973 HTTP/1.0" 404 2091 "-" "Mozilla/5.0 AppleWebKit/537.36 (KHTML, like Gecko; compatible; ClaudeBot/1.0; +claudebot@anthropic.com)"
216.73.216.172 - - [10/Apr/2026:20:38:41 +0300] "GET /p/oval71419782?id=1436040 HTTP/1.0" 404 2091 "-" "Mozilla/5.0 AppleWebKit/537.36 (KHTML, like Gecko; compatible; ClaudeBot/1.0; +claudebot@anthropic.com)"
216.73.216.172 - - [10/Apr/2026:20:38:44 +0300] "GET /p/load72294758?id=2311016 HTTP/1.0" 404 2091 "-" "Mozilla/5.0 AppleWebKit/537.36 (KHTML, like Gecko; compatible; ClaudeBot/1.0; +claudebot@anthropic.com)"
216.73.216.172 - - [10/Apr/2026:20:38:47 +0300] "GET /p/lette72112246?id=2128504 HTTP/1.0" 404 2091 "-" "Mozilla/5.0 AppleWebKit/537.36 (KHTML, like Gecko; compatible; ClaudeBot/1.0; +claudebot@anthropic.com)"
216.73.216.172 - - [10/Apr/2026:20:38:50 +0300] "GET /p/skip52647892?id=2664150 HTTP/1.0" 404 2091 "-" "Mozilla/5.0 AppleWebKit/537.36 (KHTML, like Gecko; compatible; ClaudeBot/1.0; +claudebot@anthropic.com)"
216.73.216.172 - - [10/Apr/2026:20:38:53 +0300] "GET /p/cheap21620441?id=1636699 HTTP/1.0" 404 2091 "-" "Mozilla/5.0 AppleWebKit/537.36 (KHTML, like Gecko; compatible; ClaudeBot/1.0; +claudebot@anthropic.com)"
216.73.216.172 - - [10/Apr/2026:20:38:56 +0300] "GET /p/sight40464683?id=480941 HTTP/1.0" 404 2091 "-" "Mozilla/5.0 AppleWebKit/537.36 (KHTML, like Gecko; compatible; ClaudeBot/1.0; +claudebot@anthropic.com)"
216.73.216.172 - - [10/Apr/2026:20:38:59 +0300] "GET /p/truth42585307?id=2601565 HTTP/1.0" 404 2091 "-" "Mozilla/5.0 AppleWebKit/537.36 (KHTML, like Gecko; compatible; ClaudeBot/1.0; +claudebot@anthropic.com)"
216.73.216.172 - - [10/Apr/2026:20:39:04 +0300] "GET /p/setti30710154?id=726412 HTTP/1.0" 404 2188 "-" "Mozilla/5.0 AppleWebKit/537.36 (KHTML, like Gecko; compatible; ClaudeBot/1.0; +claudebot@anthropic.com)"
74.7.227.61 - - [10/Apr/2026:20:39:05 +0300] "GET /p/by81861151?id=1877409 HTTP/1.0" 404 2091 "https://region-saitov.ru/sitemaph.xml" "Mozilla/5.0 AppleWebKit/537.36 (KHTML, like Gecko; compatible; GPTBot/1.3; +https://openai.com/gptbot)"
216.73.216.172 - - [10/Apr/2026:20:39:07 +0300] "GET /p/fourf42439731?id=2455989 HTTP/1.0" 404 2091 "-" "Mozilla/5.0 AppleWebKit/537.36 (KHTML, like Gecko; compatible; ClaudeBot/1.0; +claudebot@anthropic.com)"
216.73.216.172 - - [10/Apr/2026:20:39:10 +0300] "GET /p/small31764682?id=1780940 HTTP/1.0" 404 2091 "-" "Mozilla/5.0 AppleWebKit/537.36 (KHTML, like Gecko; compatible; ClaudeBot/1.0; +claudebot@anthropic.com)"
216.73.216.172 - - [10/Apr/2026:20:39:13 +0300] "GET /p/beard72049526?id=2065784 HTTP/1.0" 404 2091 "-" "Mozilla/5.0 AppleWebKit/537.36 (KHTML, like Gecko; compatible; ClaudeBot/1.0; +claudebot@anthropic.com)"
216.73.216.172 - - [10/Apr/2026:20:39:16 +0300] "GET /p/orpha82782575?id=2798833 HTTP/1.0" 404 2091 "-" "Mozilla/5.0 AppleWebKit/537.36 (KHTML, like Gecko; compatible; ClaudeBot/1.0; +claudebot@anthropic.com)"
216.73.216.172 - - [10/Apr/2026:20:39:19 +0300] "GET /p/small30140682?id=156940 HTTP/1.0" 404 2091 "-" "Mozilla/5.0 AppleWebKit/537.36 (KHTML, like Gecko; compatible; ClaudeBot/1.0; +claudebot@anthropic.com)"
216.73.216.172 - - [10/Apr/2026:20:39:22 +0300] "GET /p/dump30326282?id=342540 HTTP/1.0" 404 2091 "-" "Mozilla/5.0 AppleWebKit/537.36 (KHTML, like Gecko; compatible; ClaudeBot/1.0; +claudebot@anthropic.com)"
216.73.216.172 - - [10/Apr/2026:20:39:25 +0300] "GET /p/boost40966203?id=982461 HTTP/1.0" 404 2091 "-" "Mozilla/5.0 AppleWebKit/537.36 (KHTML, like Gecko; compatible; ClaudeBot/1.0; +claudebot@anthropic.com)"
216.73.216.172 - - [10/Apr/2026:20:39:32 +0300] "GET /p/quick62276021?id=2292279 HTTP/1.0" 404 2188 "-" "Mozilla/5.0 AppleWebKit/537.36 (KHTML, like Gecko; compatible; ClaudeBot/1.0; +claudebot@anthropic.com)"
74.7.227.61 - - [10/Apr/2026:20:39:34 +0300] "GET /p/ax72810838?id=2827096 HTTP/1.0" 404 2091 "https://region-saitov.ru/sitemaph.xml" "Mozilla/5.0 AppleWebKit/537.36 (KHTML, like Gecko; compatible; GPTBot/1.3; +https://openai.com/gptbot)"
216.73.216.172 - - [10/Apr/2026:20:39:34 +0300] "GET /p/pine52083180?id=2099438 HTTP/1.0" 404 2091 "-" "Mozilla/5.0 AppleWebKit/537.36 (KHTML, like Gecko; compatible; ClaudeBot/1.0; +claudebot@anthropic.com)"
216.73.216.172 - - [10/Apr/2026:20:39:37 +0300] "GET /p/math51328172?id=1344430 HTTP/1.0" 404 2091 "-" "Mozilla/5.0 AppleWebKit/537.36 (KHTML, like Gecko; compatible; ClaudeBot/1.0; +claudebot@anthropic.com)"
216.73.216.172 - - [10/Apr/2026:20:39:40 +0300] "GET /p/estee40842011?id=858269 HTTP/1.0" 404 2091 "-" "Mozilla/5.0 AppleWebKit/537.36 (KHTML, like Gecko; compatible; ClaudeBot/1.0; +claudebot@anthropic.com)"
92.242.60.14 - - [10/Apr/2026:20:39:40 +0300] "GET / HTTP/1.0" 200 273999 "-" "https://reg.ru monitoring abuse@reg.ru"
216.73.216.172 - - [10/Apr/2026:20:39:43 +0300] "GET /p/footh12046232?id=2062490 HTTP/1.0" 404 2091 "-" "Mozilla/5.0 AppleWebKit/537.36 (KHTML, like Gecko; compatible; ClaudeBot/1.0; +claudebot@anthropic.com)"
89.111.141.101 - - [10/Apr/2026:20:39:54 +0300] "GET / HTTP/1.0" 200 273999 "-" "https://reg.ru monitoring abuse@reg.ru"
216.73.216.172 - - [10/Apr/2026:20:40:00 +0300] "GET /p/bleed61270541?id=1286799 HTTP/1.0" 404 2188 "-" "Mozilla/5.0 AppleWebKit/537.36 (KHTML, like Gecko; compatible; ClaudeBot/1.0; +claudebot@anthropic.com)"
74.7.227.61 - - [10/Apr/2026:20:40:01 +0300] "GET /p/we31240058?id=1256316 HTTP/1.0" 404 2091 "https://region-saitov.ru/sitemapk.xml" "Mozilla/5.0 AppleWebKit/537.36 (KHTML, like Gecko; compatible; GPTBot/1.3; +https://openai.com/gptbot)"
216.73.216.172 - - [10/Apr/2026:20:40:03 +0300] "GET /p/this51212812?id=1229070 HTTP/1.0" 404 2091 "-" "Mozilla/5.0 AppleWebKit/537.36 (KHTML, like Gecko; compatible; ClaudeBot/1.0; +claudebot@anthropic.com)"
216.73.216.172 - - [10/Apr/2026:20:40:06 +0300] "GET /p/jam80411487?id=427745 HTTP/1.0" 404 2091 "-" "Mozilla/5.0 AppleWebKit/537.36 (KHTML, like Gecko; compatible; ClaudeBot/1.0; +claudebot@anthropic.com)"
216.73.216.172 - - [10/Apr/2026:20:40:09 +0300] "GET /p/trait82142079?id=2158337 HTTP/1.0" 404 2091 "-" "Mozilla/5.0 AppleWebKit/537.36 (KHTML, like Gecko; compatible; ClaudeBot/1.0; +claudebot@anthropic.com)"
216.73.216.172 - - [10/Apr/2026:20:40:12 +0300] "GET /p/funct52558028?id=2574286 HTTP/1.0" 404 2091 "-" "Mozilla/5.0 AppleWebKit/537.36 (KHTML, like Gecko; compatible; ClaudeBot/1.0; +claudebot@anthropic.com)"
216.73.216.172 - - [10/Apr/2026:20:40:15 +0300] "GET /p/traff42120547?id=2136805 HTTP/1.0" 404 2091 "-" "Mozilla/5.0 AppleWebKit/537.36 (KHTML, like Gecko; compatible; ClaudeBot/1.0; +claudebot@anthropic.com)"
216.73.216.172 - - [10/Apr/2026:20:40:18 +0300] "GET /p/feed70813494?id=829752 HTTP/1.0" 404 2091 "-" "Mozilla/5.0 AppleWebKit/537.36 (KHTML, like Gecko; compatible; ClaudeBot/1.0; +claudebot@anthropic.com)"
216.73.216.172 - - [10/Apr/2026:20:40:21 +0300] "GET /p/boot50491388?id=507646 HTTP/1.0" 404 2091 "-" "Mozilla/5.0 AppleWebKit/537.36 (KHTML, like Gecko; compatible; ClaudeBot/1.0; +claudebot@anthropic.com)"
216.73.216.172 - - [10/Apr/2026:20:40:24 +0300] "GET /p/sin42539787?id=2556045 HTTP/1.0" 404 2091 "-" "Mozilla/5.0 AppleWebKit/537.36 (KHTML, like Gecko; compatible; ClaudeBot/1.0; +claudebot@anthropic.com)"
216.73.216.172 - - [10/Apr/2026:20:40:27 +0300] "GET /p/objec71616438?id=1632696 HTTP/1.0" 404 2091 "-" "Mozilla/5.0 AppleWebKit/537.36 (KHTML, like Gecko; compatible; ClaudeBot/1.0; +claudebot@anthropic.com)"
74.7.227.61 - - [10/Apr/2026:20:40:29 +0300] "GET /p/cd72873142?id=2889400 HTTP/1.0" 404 2091 "https://region-saitov.ru/sitemapl.xml" "Mozilla/5.0 AppleWebKit/537.36 (KHTML, like Gecko; compatible; GPTBot/1.3; +https://openai.com/gptbot)"
216.73.216.172 - - [10/Apr/2026:20:40:30 +0300] "GET /p/excel22273209?id=2289467 HTTP/1.0" 404 2091 "-" "Mozilla/5.0 AppleWebKit/537.36 (KHTML, like Gecko; compatible; ClaudeBot/1.0; +claudebot@anthropic.com)"
216.73.216.172 - - [10/Apr/2026:20:40:33 +0300] "GET /p/dormi82849751?id=2866009 HTTP/1.0" 404 2091 "-" "Mozilla/5.0 AppleWebKit/537.36 (KHTML, like Gecko; compatible; ClaudeBot/1.0; +claudebot@anthropic.com)"
216.73.216.172 - - [10/Apr/2026:20:40:36 +0300] "GET /p/cheap21296441?id=1312699 HTTP/1.0" 404 2091 "-" "Mozilla/5.0 AppleWebKit/537.36 (KHTML, like Gecko; compatible; ClaudeBot/1.0; +claudebot@anthropic.com)"
216.73.216.172 - - [10/Apr/2026:20:40:39 +0300] "GET /p/lest61939629?id=1955887 HTTP/1.0" 404 2091 "-" "Mozilla/5.0 AppleWebKit/537.36 (KHTML, like Gecko; compatible; ClaudeBot/1.0; +claudebot@anthropic.com)"
216.73.216.172 - - [10/Apr/2026:20:40:42 +0300] "GET /p/class22028401?id=2044659 HTTP/1.0" 404 2091 "-" "Mozilla/5.0 AppleWebKit/537.36 (KHTML, like Gecko; compatible; ClaudeBot/1.0; +claudebot@anthropic.com)"
216.73.216.172 - - [10/Apr/2026:20:40:45 +0300] "GET /p/nice42465059?id=2481317 HTTP/1.0" 404 2091 "-" "Mozilla/5.0 AppleWebKit/537.36 (KHTML, like Gecko; compatible; ClaudeBot/1.0; +claudebot@anthropic.com)"
216.73.216.172 - - [10/Apr/2026:20:40:48 +0300] "GET /p/const51398084?id=1414342 HTTP/1.0" 404 2091 "-" "Mozilla/5.0 AppleWebKit/537.36 (KHTML, like Gecko; compatible; ClaudeBot/1.0; +claudebot@anthropic.com)"
216.73.216.172 - - [10/Apr/2026:20:40:51 +0300] "GET /p/stake82030055?id=2046313 HTTP/1.0" 404 2091 "-" "Mozilla/5.0 AppleWebKit/537.36 (KHTML, like Gecko; compatible; ClaudeBot/1.0; +claudebot@anthropic.com)"
216.73.216.172 - - [10/Apr/2026:20:40:54 +0300] "GET /p/forec60202677?id=218935 HTTP/1.0" 404 2091 "-" "Mozilla/5.0 AppleWebKit/537.36 (KHTML, like Gecko; compatible; ClaudeBot/1.0; +claudebot@anthropic.com)"
216.73.216.172 - - [10/Apr/2026:20:40:57 +0300] "GET /p/chip70949446?id=965704 HTTP/1.0" 404 2091 "-" "Mozilla/5.0 AppleWebKit/537.36 (KHTML, like Gecko; compatible; ClaudeBot/1.0; +claudebot@anthropic.com)"
74.7.227.61 - - [10/Apr/2026:20:40:58 +0300] "GET /p/on81065071?id=1081329 HTTP/1.0" 404 2091 "https://region-saitov.ru/sitemapk.xml" "Mozilla/5.0 AppleWebKit/537.36 (KHTML, like Gecko; compatible; GPTBot/1.3; +https://openai.com/gptbot)"
216.73.216.172 - - [10/Apr/2026:20:41:00 +0300] "GET /p/hat60085189?id=101447 HTTP/1.0" 404 2091 "-" "Mozilla/5.0 AppleWebKit/537.36 (KHTML, like Gecko; compatible; ClaudeBot/1.0; +claudebot@anthropic.com)"
216.73.216.172 - - [10/Apr/2026:20:41:03 +0300] "GET /p/human12989232?id=3005490 HTTP/1.0" 404 2091 "-" "Mozilla/5.0 AppleWebKit/537.36 (KHTML, like Gecko; compatible; ClaudeBot/1.0; +claudebot@anthropic.com)"
216.73.216.172 - - [10/Apr/2026:20:41:06 +0300] "GET /p/coord10887520?id=903778 HTTP/1.0" 404 2091 "-" "Mozilla/5.0 AppleWebKit/537.36 (KHTML, like Gecko; compatible; ClaudeBot/1.0; +claudebot@anthropic.com)"
216.73.216.172 - - [10/Apr/2026:20:41:09 +0300] "GET /p/numbe82272287?id=2288545 HTTP/1.0" 404 2091 "-" "Mozilla/5.0 AppleWebKit/537.36 (KHTML, like Gecko; compatible; ClaudeBot/1.0; +claudebot@anthropic.com)"
216.73.216.172 - - [10/Apr/2026:20:41:12 +0300] "GET /p/leaf31872850?id=1889108 HTTP/1.0" 404 2091 "-" "Mozilla/5.0 AppleWebKit/537.36 (KHTML, like Gecko; compatible; ClaudeBot/1.0; +claudebot@anthropic.com)"
216.73.216.172 - - [10/Apr/2026:20:41:15 +0300] "GET /p/hoste82795527?id=2811785 HTTP/1.0" 404 2091 "-" "Mozilla/5.0 AppleWebKit/537.36 (KHTML, like Gecko; compatible; ClaudeBot/1.0; +claudebot@anthropic.com)"
216.73.216.172 - - [10/Apr/2026:20:41:18 +0300] "GET /p/from12357544?id=2373802 HTTP/1.0" 404 2091 "-" "Mozilla/5.0 AppleWebKit/537.36 (KHTML, like Gecko; compatible; ClaudeBot/1.0; +claudebot@anthropic.com)"
216.73.216.172 - - [10/Apr/2026:20:41:21 +0300] "GET /p/picky63006285?id=3022543 HTTP/1.0" 404 2091 "-" "Mozilla/5.0 AppleWebKit/537.36 (KHTML, like Gecko; compatible; ClaudeBot/1.0; +claudebot@anthropic.com)"
216.73.216.172 - - [10/Apr/2026:20:41:24 +0300] "GET /p/smell41221395?id=1237653 HTTP/1.0" 404 2091 "-" "Mozilla/5.0 AppleWebKit/537.36 (KHTML, like Gecko; compatible; ClaudeBot/1.0; +claudebot@anthropic.com)"
74.7.227.61 - - [10/Apr/2026:20:41:27 +0300] "GET /p/on81293071?id=1309329 HTTP/1.0" 404 2091 "https://region-saitov.ru/sitemapk.xml" "Mozilla/5.0 AppleWebKit/537.36 (KHTML, like Gecko; compatible; GPTBot/1.3; +https://openai.com/gptbot)"
216.73.216.172 - - [10/Apr/2026:20:41:27 +0300] "GET /p/used80968359?id=984617 HTTP/1.0" 404 2091 "-" "Mozilla/5.0 AppleWebKit/537.36 (KHTML, like Gecko; compatible; ClaudeBot/1.0; +claudebot@anthropic.com)"
178.170.242.101 - - [10/Apr/2026:20:41:31 +0300] "GET /rs-grey.png HTTP/1.1" 200 2424 "-" "Python/3.11 aiohttp/3.13.5"
216.73.216.172 - - [10/Apr/2026:20:41:32 +0300] "GET /p/swell80431591?id=447849 HTTP/1.0" 404 2188 "-" "Mozilla/5.0 AppleWebKit/537.36 (KHTML, like Gecko; compatible; ClaudeBot/1.0; +claudebot@anthropic.com)"
216.73.216.172 - - [10/Apr/2026:20:41:34 +0300] "GET /p/clini20765905?id=782163 HTTP/1.0" 404 2091 "-" "Mozilla/5.0 AppleWebKit/537.36 (KHTML, like Gecko; compatible; ClaudeBot/1.0; +claudebot@anthropic.com)"
216.73.216.172 - - [10/Apr/2026:20:41:37 +0300] "GET /p/pillo62791597?id=2807855 HTTP/1.0" 404 2091 "-" "Mozilla/5.0 AppleWebKit/537.36 (KHTML, like Gecko; compatible; ClaudeBot/1.0; +claudebot@anthropic.com)"
216.73.216.172 - - [10/Apr/2026:20:41:40 +0300] "GET /p/moral10322008?id=338266 HTTP/1.0" 404 2091 "-" "Mozilla/5.0 AppleWebKit/537.36 (KHTML, like Gecko; compatible; ClaudeBot/1.0; +claudebot@anthropic.com)"
216.73.216.172 - - [10/Apr/2026:20:41:43 +0300] "GET /p/ray80215615?id=231873 HTTP/1.0" 404 2091 "-" "Mozilla/5.0 AppleWebKit/537.36 (KHTML, like Gecko; compatible; ClaudeBot/1.0; +claudebot@anthropic.com)"
216.73.216.172 - - [10/Apr/2026:20:41:46 +0300] "GET /p/dread71375358?id=1391616 HTTP/1.0" 404 2091 "-" "Mozilla/5.0 AppleWebKit/537.36 (KHTML, like Gecko; compatible; ClaudeBot/1.0; +claudebot@anthropic.com)"
111.225.149.164 - - [10/Apr/2026:20:41:46 +0300] "GET /robots.txt HTTP/1.0" 200 420 "-" "Mozilla/5.0 (Linux; Android 5.0) AppleWebKit/537.36 (KHTML, like Gecko) Mobile Safari/537.36 (compatible; Bytespider; https://zhanzhang.toutiao.com/)"
216.73.216.172 - - [10/Apr/2026:20:41:49 +0300] "GET /p/as21020305?id=1036563 HTTP/1.0" 404 2091 "-" "Mozilla/5.0 AppleWebKit/537.36 (KHTML, like Gecko; compatible; ClaudeBot/1.0; +claudebot@anthropic.com)"
216.73.216.172 - - [10/Apr/2026:20:41:52 +0300] "GET /p/raw51735324?id=1751582 HTTP/1.0" 404 2091 "-" "Mozilla/5.0 AppleWebKit/537.36 (KHTML, like Gecko; compatible; ClaudeBot/1.0; +claudebot@anthropic.com)"
74.7.227.61 - - [10/Apr/2026:20:41:54 +0300] "GET /p/ax71566838?id=1583096 HTTP/1.0" 404 2188 "https://region-saitov.ru/sitemapi.xml" "Mozilla/5.0 AppleWebKit/537.36 (KHTML, like Gecko; compatible; GPTBot/1.3; +https://openai.com/gptbot)"
216.73.216.172 - - [10/Apr/2026:20:41:55 +0300] "GET /p/usefu21796281?id=1812539 HTTP/1.0" 404 2091 "-" "Mozilla/5.0 AppleWebKit/537.36 (KHTML, like Gecko; compatible; ClaudeBot/1.0; +claudebot@anthropic.com)"
216.73.216.172 - - [10/Apr/2026:20:41:58 +0300] "GET /p/few22888625?id=2904883 HTTP/1.0" 404 2091 "-" "Mozilla/5.0 AppleWebKit/537.36 (KHTML, like Gecko; compatible; ClaudeBot/1.0; +claudebot@anthropic.com)"
216.73.216.172 - - [10/Apr/2026:20:42:01 +0300] "GET /p/these70520750?id=537008 HTTP/1.0" 404 2091 "-" "Mozilla/5.0 AppleWebKit/537.36 (KHTML, like Gecko; compatible; ClaudeBot/1.0; +claudebot@anthropic.com)"
89.111.170.8 - - [10/Apr/2026:20:42:02 +0300] "GET / HTTP/1.0" 200 273999 "-" "https://reg.ru monitoring abuse@reg.ru"
216.73.216.172 - - [10/Apr/2026:20:42:04 +0300] "GET /p/ham52768588?id=2784846 HTTP/1.0" 404 2091 "-" "Mozilla/5.0 AppleWebKit/537.36 (KHTML, like Gecko; compatible; ClaudeBot/1.0; +claudebot@anthropic.com)"
216.73.216.172 - - [10/Apr/2026:20:42:07 +0300] "GET /p/marat22789401?id=2805659 HTTP/1.0" 404 2091 "-" "Mozilla/5.0 AppleWebKit/537.36 (KHTML, like Gecko; compatible; ClaudeBot/1.0; +claudebot@anthropic.com)"
216.73.216.172 - - [10/Apr/2026:20:42:10 +0300] "GET /p/park52204540?id=2220798 HTTP/1.0" 404 2091 "-" "Mozilla/5.0 AppleWebKit/537.36 (KHTML, like Gecko; compatible; ClaudeBot/1.0; +claudebot@anthropic.com)"
216.73.216.172 - - [10/Apr/2026:20:42:13 +0300] "GET /p/grand61996013?id=2012271 HTTP/1.0" 404 2091 "-" "Mozilla/5.0 AppleWebKit/537.36 (KHTML, like Gecko; compatible; ClaudeBot/1.0; +claudebot@anthropic.com)"
216.73.216.172 - - [10/Apr/2026:20:42:16 +0300] "GET /p/state81324743?id=1341001 HTTP/1.0" 404 2091 "-" "Mozilla/5.0 AppleWebKit/537.36 (KHTML, like Gecko; compatible; ClaudeBot/1.0; +claudebot@anthropic.com)"
216.73.216.172 - - [10/Apr/2026:20:42:19 +0300] "GET /p/circl21976593?id=1992851 HTTP/1.0" 404 2091 "-" "Mozilla/5.0 AppleWebKit/537.36 (KHTML, like Gecko; compatible; ClaudeBot/1.0; +claudebot@anthropic.com)"
216.73.216.172 - - [10/Apr/2026:20:42:22 +0300] "GET /p/packa31244802?id=1261060 HTTP/1.0" 404 2091 "-" "Mozilla/5.0 AppleWebKit/537.36 (KHTML, like Gecko; compatible; ClaudeBot/1.0; +claudebot@anthropic.com)"
74.7.227.61 - - [10/Apr/2026:20:42:22 +0300] "GET /p/he61248045?id=1264303 HTTP/1.0" 404 2091 "https://region-saitov.ru/sitemapc.xml" "Mozilla/5.0 AppleWebKit/537.36 (KHTML, like Gecko; compatible; GPTBot/1.3; +https://openai.com/gptbot)"
216.73.216.172 - - [10/Apr/2026:20:42:25 +0300] "GET /p/furry10341408?id=357666 HTTP/1.0" 404 2091 "-" "Mozilla/5.0 AppleWebKit/537.36 (KHTML, like Gecko; compatible; ClaudeBot/1.0; +claudebot@anthropic.com)"
216.73.216.172 - - [10/Apr/2026:20:42:28 +0300] "GET /p/attem30473466?id=489724 HTTP/1.0" 404 2091 "-" "Mozilla/5.0 AppleWebKit/537.36 (KHTML, like Gecko; compatible; ClaudeBot/1.0; +claudebot@anthropic.com)"
216.73.216.172 - - [10/Apr/2026:20:42:31 +0300] "GET /p/sick11040992?id=1057250 HTTP/1.0" 404 2091 "-" "Mozilla/5.0 AppleWebKit/537.36 (KHTML, like Gecko; compatible; ClaudeBot/1.0; +claudebot@anthropic.com)"
216.73.216.172 - - [10/Apr/2026:20:42:34 +0300] "GET /p/docto32312290?id=2328548 HTTP/1.0" 404 2091 "-" "Mozilla/5.0 AppleWebKit/537.36 (KHTML, like Gecko; compatible; ClaudeBot/1.0; +claudebot@anthropic.com)"
216.73.216.172 - - [10/Apr/2026:20:42:37 +0300] "GET /p/campu32054818?id=2071076 HTTP/1.0" 404 2091 "-" "Mozilla/5.0 AppleWebKit/537.36 (KHTML, like Gecko; compatible; ClaudeBot/1.0; +claudebot@anthropic.com)"
216.73.216.172 - - [10/Apr/2026:20:42:40 +0300] "GET /p/like11512696?id=1528954 HTTP/1.0" 404 2091 "-" "Mozilla/5.0 AppleWebKit/537.36 (KHTML, like Gecko; compatible; ClaudeBot/1.0; +claudebot@anthropic.com)"
213.180.203.114 - - [10/Apr/2026:20:42:42 +0300] "GET / HTTP/1.0" 200 24118 "-" "Mozilla/5.0 (compatible; YandexBot/3.0; +http://yandex.com/bots) AppleWebKit/537.36 (KHTML, like Gecko) Chrome/108.0.0.0"
216.73.216.172 - - [10/Apr/2026:20:42:43 +0300] "GET /p/quiet20188529?id=204787 HTTP/1.0" 404 2091 "-" "Mozilla/5.0 AppleWebKit/537.36 (KHTML, like Gecko; compatible; ClaudeBot/1.0; +claudebot@anthropic.com)"
5.255.231.11 - - [10/Apr/2026:20:42:45 +0300] "GET /media/system/js/core.min.js?37ffe4186289eba9c5df81bea44080aff77b9684 HTTP/1.1" 200 7662 "https://region-saitov.ru/" "Mozilla/5.0 (compatible; YandexRenderResourcesBot/1.0; +http://yandex.com/bots) AppleWebKit/537.36 (KHTML, like Gecko) Chrome/108.0.0.0"
213.180.203.24 - - [10/Apr/2026:20:42:46 +0300] "GET /media/vendor/bootstrap/js/alert.min.js?5.3.2 HTTP/1.1" 200 987 "https://region-saitov.ru/" "Mozilla/5.0 (compatible; YandexRenderResourcesBot/1.0; +http://yandex.com/bots) AppleWebKit/537.36 (KHTML, like Gecko) Chrome/108.0.0.0"
5.255.231.53 - - [10/Apr/2026:20:42:46 +0300] "GET /media/legacy/js/jquery-noconflict.min.js?647005fc12b79b3ca2bb30c059899d5994e3e34d HTTP/1.1" 200 27 "https://region-saitov.ru/" "Mozilla/5.0 (compatible; YandexRenderResourcesBot/1.0; +http://yandex.com/bots) AppleWebKit/537.36 (KHTML, like Gecko) Chrome/108.0.0.0"
5.255.231.194 - - [10/Apr/2026:20:42:46 +0300] "GET /media/vendor/bootstrap/js/button.min.js?5.3.2 HTTP/1.1" 200 787 "https://region-saitov.ru/" "Mozilla/5.0 (compatible; YandexRenderResourcesBot/1.0; +http://yandex.com/bots) AppleWebKit/537.36 (KHTML, like Gecko) Chrome/108.0.0.0"
87.250.224.55 - - [10/Apr/2026:20:42:47 +0300] "GET /media/vendor/bootstrap/js/carousel.min.js?5.3.2 HTTP/1.1" 200 5752 "https://region-saitov.ru/" "Mozilla/5.0 (compatible; YandexRenderResourcesBot/1.0; +http://yandex.com/bots) AppleWebKit/537.36 (KHTML, like Gecko) Chrome/108.0.0.0"
95.108.213.86 - - [10/Apr/2026:20:42:47 +0300] "GET /media/vendor/bootstrap/js/collapse.min.js?5.3.2 HTTP/1.1" 200 4047 "https://region-saitov.ru/" "Mozilla/5.0 (compatible; YandexRenderResourcesBot/1.0; +http://yandex.com/bots) AppleWebKit/537.36 (KHTML, like Gecko) Chrome/108.0.0.0"
213.180.203.108 - - [10/Apr/2026:20:42:47 +0300] "GET /media/vendor/bootstrap/js/dropdown.min.js?5.3.2 HTTP/1.1" 200 6220 "https://region-saitov.ru/" "Mozilla/5.0 (compatible; YandexRenderResourcesBot/1.0; +http://yandex.com/bots) AppleWebKit/537.36 (KHTML, like Gecko) Chrome/108.0.0.0"
213.180.203.237 - - [10/Apr/2026:20:42:48 +0300] "GET /media/vendor/bootstrap/js/offcanvas.min.js?5.3.2 HTTP/1.1" 200 3552 "https://region-saitov.ru/" "Mozilla/5.0 (compatible; YandexRenderResourcesBot/1.0; +http://yandex.com/bots) AppleWebKit/537.36 (KHTML, like Gecko) Chrome/108.0.0.0"
213.180.203.13 - - [10/Apr/2026:20:42:48 +0300] "GET /media/vendor/bootstrap/js/dom.min.js?5.3.0 HTTP/1.1" 200 18838 "https://region-saitov.ru/media/vendor/bootstrap/js/alert.min.js?5.3.2" "Mozilla/5.0 (compatible; YandexRenderResourcesBot/1.0; +http://yandex.com/bots) AppleWebKit/537.36 (KHTML, like Gecko) Chrome/108.0.0.0"
5.255.231.13 - - [10/Apr/2026:20:42:48 +0300] "GET /media/vendor/bootstrap/js/modal.min.js?5.3.2 HTTP/1.1" 200 7145 "https://region-saitov.ru/" "Mozilla/5.0 (compatible; YandexRenderResourcesBot/1.0; +http://yandex.com/bots) AppleWebKit/537.36 (KHTML, like Gecko) Chrome/108.0.0.0"
216.73.216.172 - - [10/Apr/2026:20:42:48 +0300] "GET /p/canad22572777?id=2589035 HTTP/1.0" 404 2188 "-" "Mozilla/5.0 AppleWebKit/537.36 (KHTML, like Gecko; compatible; ClaudeBot/1.0; +claudebot@anthropic.com)"
213.180.203.27 - - [10/Apr/2026:20:42:48 +0300] "GET /templates/shaper_helixultimate/js/main.js HTTP/1.1" 200 9807 "https://region-saitov.ru/" "Mozilla/5.0 (compatible; YandexRenderResourcesBot/1.0; +http://yandex.com/bots) AppleWebKit/537.36 (KHTML, like Gecko) Chrome/108.0.0.0"
87.250.224.47 - - [10/Apr/2026:20:42:48 +0300] "GET /media/vendor/bootstrap/js/toast.min.js?5.3.2 HTTP/1.1" 200 2789 "https://region-saitov.ru/" "Mozilla/5.0 (compatible; YandexRenderResourcesBot/1.0; +http://yandex.com/bots) AppleWebKit/537.36 (KHTML, like Gecko) Chrome/108.0.0.0"
87.250.224.245 - - [10/Apr/2026:20:42:48 +0300] "GET /components/com_sppagebuilder/assets/js/addons/image.js HTTP/1.1" 200 2417 "https://region-saitov.ru/" "Mozilla/5.0 (compatible; YandexRenderResourcesBot/1.0; +http://yandex.com/bots) AppleWebKit/537.36 (KHTML, like Gecko) Chrome/108.0.0.0"
95.108.213.191 - - [10/Apr/2026:20:42:48 +0300] "GET /components/com_sppagebuilder/assets/js/common.js HTTP/1.1" 200 144 "https://region-saitov.ru/" "Mozilla/5.0 (compatible; YandexRenderResourcesBot/1.0; +http://yandex.com/bots) AppleWebKit/537.36 (KHTML, like Gecko) Chrome/108.0.0.0"
213.180.203.114 - - [10/Apr/2026:20:42:49 +0300] "GET /components/com_sppagebuilder/assets/js/jquery.parallax.js?0e2c506aa593d331478b48ba5314a03f HTTP/1.1" 200 898 "https://region-saitov.ru/" "Mozilla/5.0 (compatible; YandexRenderResourcesBot/1.0; +http://yandex.com/bots) AppleWebKit/537.36 (KHTML, like Gecko) Chrome/108.0.0.0"
213.180.203.24 - - [10/Apr/2026:20:42:49 +0300] "GET /components/com_sppagebuilder/assets/js/jquery.magnific-popup.min.js HTTP/1.1" 200 20321 "https://region-saitov.ru/" "Mozilla/5.0 (compatible; YandexRenderResourcesBot/1.0; +http://yandex.com/bots) AppleWebKit/537.36 (KHTML, like Gecko) Chrome/108.0.0.0"
5.255.231.11 - - [10/Apr/2026:20:42:49 +0300] "GET /media/system/js/messages.min.js?7f7aa28ac8e8d42145850e8b45b3bc82ff9a6411 HTTP/1.1" 200 5598 "https://region-saitov.ru/" "Mozilla/5.0 (compatible; YandexRenderResourcesBot/1.0; +http://yandex.com/bots) AppleWebKit/537.36 (KHTML, like Gecko) Chrome/108.0.0.0"
5.255.231.53 - - [10/Apr/2026:20:42:49 +0300] "GET /media/vendor/bootstrap/js/popper.min.js?5.3.0 HTTP/1.1" 200 20635 "https://region-saitov.ru/media/vendor/bootstrap/js/dropdown.min.js?5.3.2" "Mozilla/5.0 (compatible; YandexRenderResourcesBot/1.0; +http://yandex.com/bots) AppleWebKit/537.36 (KHTML, like Gecko) Chrome/108.0.0.0"
5.255.231.194 - - [10/Apr/2026:20:42:50 +0300] "GET /modules/mod_djmegamenu/assets/js/jquery.djmegamenu.min.js?4.4.1.pro HTTP/1.1" 200 14294 "https://region-saitov.ru/" "Mozilla/5.0 (compatible; YandexRenderResourcesBot/1.0; +http://yandex.com/bots) AppleWebKit/537.36 (KHTML, like Gecko) Chrome/108.0.0.0"
87.250.224.55 - - [10/Apr/2026:20:42:50 +0300] "GET /modules/mod_djmegamenu/assets/js/jquery.djmobilemenu.min.js?4.4.1.pro HTTP/1.1" 200 9012 "https://region-saitov.ru/" "Mozilla/5.0 (compatible; YandexRenderResourcesBot/1.0; +http://yandex.com/bots) AppleWebKit/537.36 (KHTML, like Gecko) Chrome/108.0.0.0"
74.7.227.61 - - [10/Apr/2026:20:42:50 +0300] "GET /p/ok40045099?id=61357 HTTP/1.0" 404 2091 "https://region-saitov.ru/sitemapk.xml" "Mozilla/5.0 AppleWebKit/537.36 (KHTML, like Gecko; compatible; GPTBot/1.3; +https://openai.com/gptbot)"
216.73.216.172 - - [10/Apr/2026:20:42:50 +0300] "GET /p/dicta10545968?id=562226 HTTP/1.0" 404 2091 "-" "Mozilla/5.0 AppleWebKit/537.36 (KHTML, like Gecko; compatible; ClaudeBot/1.0; +claudebot@anthropic.com)"
216.73.216.172 - - [10/Apr/2026:20:42:53 +0300] "GET /p/durab71698142?id=1714400 HTTP/1.0" 404 2091 "-" "Mozilla/5.0 AppleWebKit/537.36 (KHTML, like Gecko; compatible; ClaudeBot/1.0; +claudebot@anthropic.com)"
216.73.216.172 - - [10/Apr/2026:20:42:56 +0300] "GET /p/shear81530943?id=1547201 HTTP/1.0" 404 2091 "-" "Mozilla/5.0 AppleWebKit/537.36 (KHTML, like Gecko; compatible; ClaudeBot/1.0; +claudebot@anthropic.com)"
216.73.216.172 - - [10/Apr/2026:20:42:59 +0300] "GET /p/enabl32653962?id=2670220 HTTP/1.0" 404 2091 "-" "Mozilla/5.0 AppleWebKit/537.36 (KHTML, like Gecko; compatible; ClaudeBot/1.0; +claudebot@anthropic.com)"
216.73.216.172 - - [10/Apr/2026:20:43:02 +0300] "GET /p/criti50437660?id=453918 HTTP/1.0" 404 2091 "-" "Mozilla/5.0 AppleWebKit/537.36 (KHTML, like Gecko; compatible; ClaudeBot/1.0; +claudebot@anthropic.com)"
216.73.216.172 - - [10/Apr/2026:20:43:05 +0300] "GET /p/coke40484083?id=500341 HTTP/1.0" 404 2091 "-" "Mozilla/5.0 AppleWebKit/537.36 (KHTML, like Gecko; compatible; ClaudeBot/1.0; +claudebot@anthropic.com)"
216.73.216.172 - - [10/Apr/2026:20:43:08 +0300] "GET /p/enfor51514948?id=1531206 HTTP/1.0" 404 2091 "-" "Mozilla/5.0 AppleWebKit/537.36 (KHTML, like Gecko; compatible; ClaudeBot/1.0; +claudebot@anthropic.com)"
216.73.216.172 - - [10/Apr/2026:20:43:11 +0300] "GET /p/bump61567661?id=1583919 HTTP/1.0" 404 2091 "-" "Mozilla/5.0 AppleWebKit/537.36 (KHTML, like Gecko; compatible; ClaudeBot/1.0; +claudebot@anthropic.com)"
216.73.216.172 - - [10/Apr/2026:20:43:14 +0300] "GET /p/pinch80431239?id=447497 HTTP/1.0" 404 2091 "-" "Mozilla/5.0 AppleWebKit/537.36 (KHTML, like Gecko; compatible; ClaudeBot/1.0; +claudebot@anthropic.com)"
216.73.216.172 - - [10/Apr/2026:20:43:17 +0300] "GET /p/machi80644383?id=660641 HTTP/1.0" 404 2091 "-" "Mozilla/5.0 AppleWebKit/537.36 (KHTML, like Gecko; compatible; ClaudeBot/1.0; +claudebot@anthropic.com)"
74.7.227.61 - - [10/Apr/2026:20:43:19 +0300] "GET /p/how61328949?id=1345207 HTTP/1.0" 404 2091 "https://region-saitov.ru/sitemapm.xml" "Mozilla/5.0 AppleWebKit/537.36 (KHTML, like Gecko; compatible; GPTBot/1.3; +https://openai.com/gptbot)"
216.73.216.172 - - [10/Apr/2026:20:43:20 +0300] "GET /p/vest60411901?id=428159 HTTP/1.0" 404 2091 "-" "Mozilla/5.0 AppleWebKit/537.36 (KHTML, like Gecko; compatible; ClaudeBot/1.0; +claudebot@anthropic.com)"
216.73.216.172 - - [10/Apr/2026:20:43:23 +0300] "GET /p/perma41562299?id=1578557 HTTP/1.0" 404 2091 "-" "Mozilla/5.0 AppleWebKit/537.36 (KHTML, like Gecko; compatible; ClaudeBot/1.0; +claudebot@anthropic.com)"
216.73.216.172 - - [10/Apr/2026:20:43:26 +0300] "GET /p/mount11625216?id=1641474 HTTP/1.0" 404 2091 "-" "Mozilla/5.0 AppleWebKit/537.36 (KHTML, like Gecko; compatible; ClaudeBot/1.0; +claudebot@anthropic.com)"
216.73.216.172 - - [10/Apr/2026:20:43:29 +0300] "GET /p/mode61951149?id=1967407 HTTP/1.0" 404 2091 "-" "Mozilla/5.0 AppleWebKit/537.36 (KHTML, like Gecko; compatible; ClaudeBot/1.0; +claudebot@anthropic.com)"
216.73.216.172 - - [10/Apr/2026:20:43:32 +0300] "GET /p/oppos32329378?id=2345636 HTTP/1.0" 404 2091 "-" "Mozilla/5.0 AppleWebKit/537.36 (KHTML, like Gecko; compatible; ClaudeBot/1.0; +claudebot@anthropic.com)"
216.73.216.172 - - [10/Apr/2026:20:43:35 +0300] "GET /p/odd52631028?id=2647286 HTTP/1.0" 404 2091 "-" "Mozilla/5.0 AppleWebKit/537.36 (KHTML, like Gecko; compatible; ClaudeBot/1.0; +claudebot@anthropic.com)"
216.73.216.172 - - [10/Apr/2026:20:43:38 +0300] "GET /p/helic70481622?id=497880 HTTP/1.0" 404 2091 "-" "Mozilla/5.0 AppleWebKit/537.36 (KHTML, like Gecko; compatible; ClaudeBot/1.0; +claudebot@anthropic.com)"
216.73.216.172 - - [10/Apr/2026:20:43:41 +0300] "GET /p/repea41677123?id=1693381 HTTP/1.0" 404 2091 "-" "Mozilla/5.0 AppleWebKit/537.36 (KHTML, like Gecko; compatible; ClaudeBot/1.0; +claudebot@anthropic.com)"
216.73.216.172 - - [10/Apr/2026:20:43:44 +0300] "GET /p/pen72084398?id=2100656 HTTP/1.0" 404 2091 "-" "Mozilla/5.0 AppleWebKit/537.36 (KHTML, like Gecko; compatible; ClaudeBot/1.0; +claudebot@anthropic.com)"
216.73.216.172 - - [10/Apr/2026:20:43:47 +0300] "GET /p/barn42746555?id=2762813 HTTP/1.0" 404 2091 "-" "Mozilla/5.0 AppleWebKit/537.36 (KHTML, like Gecko; compatible; ClaudeBot/1.0; +claudebot@anthropic.com)"
74.7.227.61 - - [10/Apr/2026:20:43:48 +0300] "GET /p/way72364198?id=2380456 HTTP/1.0" 404 2091 "https://region-saitov.ru/sitemapm.xml" "Mozilla/5.0 AppleWebKit/537.36 (KHTML, like Gecko; compatible; GPTBot/1.3; +https://openai.com/gptbot)"
216.73.216.172 - - [10/Apr/2026:20:43:50 +0300] "GET /p/ultim50054388?id=70646 HTTP/1.0" 404 2091 "-" "Mozilla/5.0 AppleWebKit/537.36 (KHTML, like Gecko; compatible; ClaudeBot/1.0; +claudebot@anthropic.com)"
216.73.216.172 - - [10/Apr/2026:20:43:53 +0300] "GET /p/pea51183372?id=1199630 HTTP/1.0" 404 2091 "-" "Mozilla/5.0 AppleWebKit/537.36 (KHTML, like Gecko; compatible; ClaudeBot/1.0; +claudebot@anthropic.com)"
216.73.216.172 - - [10/Apr/2026:20:43:56 +0300] "GET /p/hale40187843?id=204101 HTTP/1.0" 404 2091 "-" "Mozilla/5.0 AppleWebKit/537.36 (KHTML, like Gecko; compatible; ClaudeBot/1.0; +claudebot@anthropic.com)"
216.73.216.172 - - [10/Apr/2026:20:43:59 +0300] "GET /p/loud30892466?id=908724 HTTP/1.0" 404 2091 "-" "Mozilla/5.0 AppleWebKit/537.36 (KHTML, like Gecko; compatible; ClaudeBot/1.0; +claudebot@anthropic.com)"
216.73.216.172 - - [10/Apr/2026:20:44:02 +0300] "GET /p/indic71654438?id=1670696 HTTP/1.0" 404 2091 "-" "Mozilla/5.0 AppleWebKit/537.36 (KHTML, like Gecko; compatible; ClaudeBot/1.0; +claudebot@anthropic.com)"
216.73.216.172 - - [10/Apr/2026:20:44:05 +0300] "GET /p/coil70150622?id=166880 HTTP/1.0" 404 2091 "-" "Mozilla/5.0 AppleWebKit/537.36 (KHTML, like Gecko; compatible; ClaudeBot/1.0; +claudebot@anthropic.com)"
216.73.216.172 - - [10/Apr/2026:20:44:08 +0300] "GET /p/flaw40329819?id=346077 HTTP/1.0" 404 2091 "-" "Mozilla/5.0 AppleWebKit/537.36 (KHTML, like Gecko; compatible; ClaudeBot/1.0; +claudebot@anthropic.com)"
216.73.216.172 - - [10/Apr/2026:20:44:11 +0300] "GET /p/hunt72607110?id=2623368 HTTP/1.0" 404 2091 "-" "Mozilla/5.0 AppleWebKit/537.36 (KHTML, like Gecko; compatible; ClaudeBot/1.0; +claudebot@anthropic.com)"
216.73.216.172 - - [10/Apr/2026:20:44:14 +0300] "GET /p/what40412803?id=429061 HTTP/1.0" 404 2091 "-" "Mozilla/5.0 AppleWebKit/537.36 (KHTML, like Gecko; compatible; ClaudeBot/1.0; +claudebot@anthropic.com)"
74.7.227.61 - - [10/Apr/2026:20:44:15 +0300] "GET /p/hey82389415?id=2405673 HTTP/1.0" 404 2091 "https://region-saitov.ru/sitemape.xml" "Mozilla/5.0 AppleWebKit/537.36 (KHTML, like Gecko; compatible; GPTBot/1.3; +https://openai.com/gptbot)"
216.73.216.172 - - [10/Apr/2026:20:44:17 +0300] "GET /p/freel72254646?id=2270904 HTTP/1.0" 404 2091 "-" "Mozilla/5.0 AppleWebKit/537.36 (KHTML, like Gecko; compatible; ClaudeBot/1.0; +claudebot@anthropic.com)"
216.73.216.172 - - [10/Apr/2026:20:44:20 +0300] "GET /p/auto42683051?id=2699309 HTTP/1.0" 404 2091 "-" "Mozilla/5.0 AppleWebKit/537.36 (KHTML, like Gecko; compatible; ClaudeBot/1.0; +claudebot@anthropic.com)"
216.73.216.172 - - [10/Apr/2026:20:44:23 +0300] "GET /p/tone30982658?id=998916 HTTP/1.0" 404 2091 "-" "Mozilla/5.0 AppleWebKit/537.36 (KHTML, like Gecko; compatible; ClaudeBot/1.0; +claudebot@anthropic.com)"
216.73.216.172 - - [10/Apr/2026:20:44:26 +0300] "GET /p/expen81961079?id=1977337 HTTP/1.0" 404 2091 "-" "Mozilla/5.0 AppleWebKit/537.36 (KHTML, like Gecko; compatible; ClaudeBot/1.0; +claudebot@anthropic.com)"
91.184.244.208 - - [10/Apr/2026:20:44:28 +0300] "GET /rs-grey.png HTTP/1.1" 200 2424 "-" "Mozilla/5.0(Linux;Android5.1.1;SAMSUNGSM-G920PBuild/LMY47X)AppleWebKit/537.36(KHTML,likeGecko)SamsungBrowser/3.2Chrome/38.0.2125.102MobileSafari/537.36"
216.73.216.172 - - [10/Apr/2026:20:44:29 +0300] "GET /p/local72881590?id=2897848 HTTP/1.0" 404 2091 "-" "Mozilla/5.0 AppleWebKit/537.36 (KHTML, like Gecko; compatible; ClaudeBot/1.0; +claudebot@anthropic.com)"
216.73.216.172 - - [10/Apr/2026:20:44:32 +0300] "GET /p/chief82599599?id=2615857 HTTP/1.0" 404 2091 "-" "Mozilla/5.0 AppleWebKit/537.36 (KHTML, like Gecko; compatible; ClaudeBot/1.0; +claudebot@anthropic.com)"
216.73.216.172 - - [10/Apr/2026:20:44:35 +0300] "GET /p/skate21456873?id=1473131 HTTP/1.0" 404 2091 "-" "Mozilla/5.0 AppleWebKit/537.36 (KHTML, like Gecko; compatible; ClaudeBot/1.0; +claudebot@anthropic.com)"
216.73.216.172 - - [10/Apr/2026:20:44:38 +0300] "GET /p/intim71067574?id=1083832 HTTP/1.0" 404 2091 "-" "Mozilla/5.0 AppleWebKit/537.36 (KHTML, like Gecko; compatible; ClaudeBot/1.0; +claudebot@anthropic.com)"
216.73.216.172 - - [10/Apr/2026:20:44:41 +0300] "GET /p/norm71947870?id=1964128 HTTP/1.0" 404 2091 "-" "Mozilla/5.0 AppleWebKit/537.36 (KHTML, like Gecko; compatible; ClaudeBot/1.0; +claudebot@anthropic.com)"
74.7.227.61 - - [10/Apr/2026:20:44:44 +0300] "GET /p/sky31592786?id=1609044 HTTP/1.0" 404 2091 "https://region-saitov.ru/sitemapi.xml" "Mozilla/5.0 AppleWebKit/537.36 (KHTML, like Gecko; compatible; GPTBot/1.3; +https://openai.com/gptbot)"
216.73.216.172 - - [10/Apr/2026:20:44:44 +0300] "GET /p/jet20550793?id=567051 HTTP/1.0" 404 2091 "-" "Mozilla/5.0 AppleWebKit/537.36 (KHTML, like Gecko; compatible; ClaudeBot/1.0; +claudebot@anthropic.com)"
92.242.60.14 - - [10/Apr/2026:20:44:44 +0300] "GET / HTTP/1.0" 200 273999 "-" "https://reg.ru monitoring abuse@reg.ru"
216.73.216.172 - - [10/Apr/2026:20:44:47 +0300] "GET /p/town22280209?id=2296467 HTTP/1.0" 404 2091 "-" "Mozilla/5.0 AppleWebKit/537.36 (KHTML, like Gecko; compatible; ClaudeBot/1.0; +claudebot@anthropic.com)"
216.73.216.172 - - [10/Apr/2026:20:44:50 +0300] "GET /p/lunch62504765?id=2521023 HTTP/1.0" 404 2091 "-" "Mozilla/5.0 AppleWebKit/537.36 (KHTML, like Gecko; compatible; ClaudeBot/1.0; +claudebot@anthropic.com)"
216.73.216.172 - - [10/Apr/2026:20:44:53 +0300] "GET /p/than70324638?id=340896 HTTP/1.0" 404 2091 "-" "Mozilla/5.0 AppleWebKit/537.36 (KHTML, like Gecko; compatible; ClaudeBot/1.0; +claudebot@anthropic.com)"
216.73.216.172 - - [10/Apr/2026:20:44:56 +0300] "GET /p/densi61101965?id=1118223 HTTP/1.0" 404 2091 "-" "Mozilla/5.0 AppleWebKit/537.36 (KHTML, like Gecko; compatible; ClaudeBot/1.0; +claudebot@anthropic.com)"
216.73.216.172 - - [10/Apr/2026:20:44:59 +0300] "GET /p/look60597149?id=613407 HTTP/1.0" 404 2091 "-" "Mozilla/5.0 AppleWebKit/537.36 (KHTML, like Gecko; compatible; ClaudeBot/1.0; +claudebot@anthropic.com)"
89.111.141.101 - - [10/Apr/2026:20:45:01 +0300] "GET / HTTP/1.0" 200 273999 "-" "https://reg.ru monitoring abuse@reg.ru"
216.73.216.172 - - [10/Apr/2026:20:45:03 +0300] "GET /p/revis52290276?id=2306534 HTTP/1.0" 404 2188 "-" "Mozilla/5.0 AppleWebKit/537.36 (KHTML, like Gecko; compatible; ClaudeBot/1.0; +claudebot@anthropic.com)"
216.73.216.172 - - [10/Apr/2026:20:45:06 +0300] "GET /p/swift52062332?id=2078590 HTTP/1.0" 404 2091 "-" "Mozilla/5.0 AppleWebKit/537.36 (KHTML, like Gecko; compatible; ClaudeBot/1.0; +claudebot@anthropic.com)"
216.73.216.172 - - [10/Apr/2026:20:45:09 +0300] "GET /p/jar12674504?id=2690762 HTTP/1.0" 404 2091 "-" "Mozilla/5.0 AppleWebKit/537.36 (KHTML, like Gecko; compatible; ClaudeBot/1.0; +claudebot@anthropic.com)"
216.73.216.172 - - [10/Apr/2026:20:45:12 +0300] "GET /p/forbi60085669?id=101927 HTTP/1.0" 404 2091 "-" "Mozilla/5.0 AppleWebKit/537.36 (KHTML, like Gecko; compatible; ClaudeBot/1.0; +claudebot@anthropic.com)"
74.7.227.61 - - [10/Apr/2026:20:45:13 +0300] "GET /p/tall20088073?id=104331 HTTP/1.0" 404 2091 "https://region-saitov.ru/sitemaph.xml" "Mozilla/5.0 AppleWebKit/537.36 (KHTML, like Gecko; compatible; GPTBot/1.3; +https://openai.com/gptbot)"
216.73.216.172 - - [10/Apr/2026:20:45:15 +0300] "GET /p/rival80830111?id=846369 HTTP/1.0" 404 2091 "-" "Mozilla/5.0 AppleWebKit/537.36 (KHTML, like Gecko; compatible; ClaudeBot/1.0; +claudebot@anthropic.com)"
216.73.216.172 - - [10/Apr/2026:20:45:18 +0300] "GET /p/gathe31894874?id=1911132 HTTP/1.0" 404 2091 "-" "Mozilla/5.0 AppleWebKit/537.36 (KHTML, like Gecko; compatible; ClaudeBot/1.0; +claudebot@anthropic.com)"
216.73.216.172 - - [10/Apr/2026:20:45:21 +0300] "GET /p/mainl20299225?id=315483 HTTP/1.0" 404 2091 "-" "Mozilla/5.0 AppleWebKit/537.36 (KHTML, like Gecko; compatible; ClaudeBot/1.0; +claudebot@anthropic.com)"
216.73.216.172 - - [10/Apr/2026:20:45:24 +0300] "GET /p/diet71305670?id=1321928 HTTP/1.0" 404 2091 "-" "Mozilla/5.0 AppleWebKit/537.36 (KHTML, like Gecko; compatible; ClaudeBot/1.0; +claudebot@anthropic.com)"
216.73.216.172 - - [10/Apr/2026:20:45:27 +0300] "GET /p/hale42451843?id=2468101 HTTP/1.0" 404 2091 "-" "Mozilla/5.0 AppleWebKit/537.36 (KHTML, like Gecko; compatible; ClaudeBot/1.0; +claudebot@anthropic.com)"
216.73.216.172 - - [10/Apr/2026:20:45:30 +0300] "GET /p/sunny30212418?id=228676 HTTP/1.0" 404 2091 "-" "Mozilla/5.0 AppleWebKit/537.36 (KHTML, like Gecko; compatible; ClaudeBot/1.0; +claudebot@anthropic.com)"
216.73.216.172 - - [10/Apr/2026:20:45:33 +0300] "GET /p/snack20486081?id=502339 HTTP/1.0" 404 2091 "-" "Mozilla/5.0 AppleWebKit/537.36 (KHTML, like Gecko; compatible; ClaudeBot/1.0; +claudebot@anthropic.com)"
87.117.189.0 - - [10/Apr/2026:20:45:34 +0300] "GET /rs-white.png HTTP/1.1" 200 2176 "https://xn--16-6kchjga5bzc0etd.xn--p1ai/" "Mozilla/5.0 (Linux; Android 10; K) AppleWebKit/537.36 (KHTML, like Gecko) Chrome/146.0.0.0 Mobile Safari/537.36"
216.73.216.172 - - [10/Apr/2026:20:45:36 +0300] "GET /p/sayin82005607?id=2021865 HTTP/1.0" 404 2091 "-" "Mozilla/5.0 AppleWebKit/537.36 (KHTML, like Gecko; compatible; ClaudeBot/1.0; +claudebot@anthropic.com)"
216.73.216.172 - - [10/Apr/2026:20:45:39 +0300] "GET /p/panel71578742?id=1595000 HTTP/1.0" 404 2091 "-" "Mozilla/5.0 AppleWebKit/537.36 (KHTML, like Gecko; compatible; ClaudeBot/1.0; +claudebot@anthropic.com)"
216.73.216.172 - - [10/Apr/2026:20:45:42 +0300] "GET /p/mesh51511860?id=1528118 HTTP/1.0" 404 2091 "-" "Mozilla/5.0 AppleWebKit/537.36 (KHTML, like Gecko; compatible; ClaudeBot/1.0; +claudebot@anthropic.com)"
74.7.227.61 - - [10/Apr/2026:20:45:42 +0300] "GET /p/left60256469?id=272727 HTTP/1.0" 404 2091 "https://region-saitov.ru/sitemapc.xml" "Mozilla/5.0 AppleWebKit/537.36 (KHTML, like Gecko; compatible; GPTBot/1.3; +https://openai.com/gptbot)"
216.73.216.172 - - [10/Apr/2026:20:45:45 +0300] "GET /p/hole80097463?id=113721 HTTP/1.0" 404 2091 "-" "Mozilla/5.0 AppleWebKit/537.36 (KHTML, like Gecko; compatible; ClaudeBot/1.0; +claudebot@anthropic.com)"
216.73.216.172 - - [10/Apr/2026:20:45:48 +0300] "GET /p/centi31066538?id=1082796 HTTP/1.0" 404 2091 "-" "Mozilla/5.0 AppleWebKit/537.36 (KHTML, like Gecko; compatible; ClaudeBot/1.0; +claudebot@anthropic.com)"
216.73.216.172 - - [10/Apr/2026:20:45:51 +0300] "GET /p/gambl11249824?id=1266082 HTTP/1.0" 404 2091 "-" "Mozilla/5.0 AppleWebKit/537.36 (KHTML, like Gecko; compatible; ClaudeBot/1.0; +claudebot@anthropic.com)"
216.73.216.172 - - [10/Apr/2026:20:45:54 +0300] "GET /p/heavi32910690?id=2926948 HTTP/1.0" 404 2091 "-" "Mozilla/5.0 AppleWebKit/537.36 (KHTML, like Gecko; compatible; ClaudeBot/1.0; +claudebot@anthropic.com)"
216.73.216.172 - - [10/Apr/2026:20:45:57 +0300] "GET /p/lag21398681?id=1414939 HTTP/1.0" 404 2091 "-" "Mozilla/5.0 AppleWebKit/537.36 (KHTML, like Gecko; compatible; ClaudeBot/1.0; +claudebot@anthropic.com)"
216.73.216.172 - - [10/Apr/2026:20:46:00 +0300] "GET /p/berry42714587?id=2730845 HTTP/1.0" 404 2091 "-" "Mozilla/5.0 AppleWebKit/537.36 (KHTML, like Gecko; compatible; ClaudeBot/1.0; +claudebot@anthropic.com)"
216.73.216.172 - - [10/Apr/2026:20:46:03 +0300] "GET /p/relia12657984?id=2674242 HTTP/1.0" 404 2091 "-" "Mozilla/5.0 AppleWebKit/537.36 (KHTML, like Gecko; compatible; ClaudeBot/1.0; +claudebot@anthropic.com)"
216.73.216.172 - - [10/Apr/2026:20:46:06 +0300] "GET /p/teleg51459508?id=1475766 HTTP/1.0" 404 2091 "-" "Mozilla/5.0 AppleWebKit/537.36 (KHTML, like Gecko; compatible; ClaudeBot/1.0; +claudebot@anthropic.com)"
216.73.216.172 - - [10/Apr/2026:20:46:09 +0300] "GET /p/band80657511?id=673769 HTTP/1.0" 404 2091 "-" "Mozilla/5.0 AppleWebKit/537.36 (KHTML, like Gecko; compatible; ClaudeBot/1.0; +claudebot@anthropic.com)"
74.7.227.61 - - [10/Apr/2026:20:46:10 +0300] "GET /p/mood20202097?id=218355 HTTP/1.0" 404 2091 "https://region-saitov.ru/sitemapc.xml" "Mozilla/5.0 AppleWebKit/537.36 (KHTML, like Gecko; compatible; GPTBot/1.3; +https://openai.com/gptbot)"
216.73.216.172 - - [10/Apr/2026:20:46:15 +0300] "GET /p/privi61938853?id=1955111 HTTP/1.0" 404 2188 "-" "Mozilla/5.0 AppleWebKit/537.36 (KHTML, like Gecko; compatible; ClaudeBot/1.0; +claudebot@anthropic.com)"
216.73.216.172 - - [10/Apr/2026:20:46:17 +0300] "GET /p/eden71039966?id=1056224 HTTP/1.0" 404 2091 "-" "Mozilla/5.0 AppleWebKit/537.36 (KHTML, like Gecko; compatible; ClaudeBot/1.0; +claudebot@anthropic.com)"
