216.73.216.172 - - [10/Apr/2026:21:07:19 +0300] "GET /p/seek12505752?id=2522010 HTTP/1.0" 404 2091 "-" "Mozilla/5.0 AppleWebKit/537.36 (KHTML, like Gecko; compatible; ClaudeBot/1.0; +claudebot@anthropic.com)"
216.73.216.172 - - [10/Apr/2026:21:07:22 +0300] "GET /p/hope61608509?id=1624767 HTTP/1.0" 404 2091 "-" "Mozilla/5.0 AppleWebKit/537.36 (KHTML, like Gecko; compatible; ClaudeBot/1.0; +claudebot@anthropic.com)"
74.7.227.61 - - [10/Apr/2026:21:07:24 +0300] "GET /p/helme30475394?id=491652 HTTP/1.0" 404 2091 "https://region-saitov.ru/sitemapc.xml" "Mozilla/5.0 AppleWebKit/537.36 (KHTML, like Gecko; compatible; GPTBot/1.3; +https://openai.com/gptbot)"
216.73.216.172 - - [10/Apr/2026:21:07:25 +0300] "GET /p/swift52110332?id=2126590 HTTP/1.0" 404 2091 "-" "Mozilla/5.0 AppleWebKit/537.36 (KHTML, like Gecko; compatible; ClaudeBot/1.0; +claudebot@anthropic.com)"
216.73.216.172 - - [10/Apr/2026:21:07:28 +0300] "GET /p/if41020043?id=1036301 HTTP/1.0" 404 2091 "-" "Mozilla/5.0 AppleWebKit/537.36 (KHTML, like Gecko; compatible; ClaudeBot/1.0; +claudebot@anthropic.com)"
216.73.216.172 - - [10/Apr/2026:21:07:31 +0300] "GET /p/abund50506012?id=522270 HTTP/1.0" 404 2091 "-" "Mozilla/5.0 AppleWebKit/537.36 (KHTML, like Gecko; compatible; ClaudeBot/1.0; +claudebot@anthropic.com)"
216.73.216.172 - - [10/Apr/2026:21:07:34 +0300] "GET /p/imagi72464454?id=2480712 HTTP/1.0" 404 2091 "-" "Mozilla/5.0 AppleWebKit/537.36 (KHTML, like Gecko; compatible; ClaudeBot/1.0; +claudebot@anthropic.com)"
216.73.216.172 - - [10/Apr/2026:21:07:37 +0300] "GET /p/anniv41379739?id=1395997 HTTP/1.0" 404 2091 "-" "Mozilla/5.0 AppleWebKit/537.36 (KHTML, like Gecko; compatible; ClaudeBot/1.0; +claudebot@anthropic.com)"
89.111.170.8 - - [10/Apr/2026:21:07:37 +0300] "GET / HTTP/1.0" 200 273999 "-" "https://reg.ru monitoring abuse@reg.ru"
216.73.216.172 - - [10/Apr/2026:21:07:40 +0300] "GET /p/nerve51906860?id=1923118 HTTP/1.0" 404 2091 "-" "Mozilla/5.0 AppleWebKit/537.36 (KHTML, like Gecko; compatible; ClaudeBot/1.0; +claudebot@anthropic.com)"
216.73.216.172 - - [10/Apr/2026:21:07:43 +0300] "GET /p/ship81340111?id=1356369 HTTP/1.0" 404 2091 "-" "Mozilla/5.0 AppleWebKit/537.36 (KHTML, like Gecko; compatible; ClaudeBot/1.0; +claudebot@anthropic.com)"
216.73.216.172 - - [10/Apr/2026:21:07:46 +0300] "GET /p/anoth30093234?id=109492 HTTP/1.0" 404 2091 "-" "Mozilla/5.0 AppleWebKit/537.36 (KHTML, like Gecko; compatible; ClaudeBot/1.0; +claudebot@anthropic.com)"
216.73.216.172 - - [10/Apr/2026:21:07:49 +0300] "GET /p/hit60769429?id=785687 HTTP/1.0" 404 2091 "-" "Mozilla/5.0 AppleWebKit/537.36 (KHTML, like Gecko; compatible; ClaudeBot/1.0; +claudebot@anthropic.com)"
216.73.216.172 - - [10/Apr/2026:21:07:52 +0300] "GET /p/throa52105564?id=2121822 HTTP/1.0" 404 2091 "-" "Mozilla/5.0 AppleWebKit/537.36 (KHTML, like Gecko; compatible; ClaudeBot/1.0; +claudebot@anthropic.com)"
74.7.227.61 - - [10/Apr/2026:21:07:53 +0300] "GET /p/gravi60915221?id=931479 HTTP/1.0" 404 2188 "https://region-saitov.ru/sitemapn.xml" "Mozilla/5.0 AppleWebKit/537.36 (KHTML, like Gecko; compatible; GPTBot/1.3; +https://openai.com/gptbot)"
216.73.216.172 - - [10/Apr/2026:21:07:55 +0300] "GET /p/howev41028379?id=1044637 HTTP/1.0" 404 2091 "-" "Mozilla/5.0 AppleWebKit/537.36 (KHTML, like Gecko; compatible; ClaudeBot/1.0; +claudebot@anthropic.com)"
216.73.216.172 - - [10/Apr/2026:21:07:58 +0300] "GET /p/hold81941455?id=1957713 HTTP/1.0" 404 2091 "-" "Mozilla/5.0 AppleWebKit/537.36 (KHTML, like Gecko; compatible; ClaudeBot/1.0; +claudebot@anthropic.com)"
216.73.216.172 - - [10/Apr/2026:21:08:01 +0300] "GET /p/alert80930031?id=946289 HTTP/1.0" 404 2091 "-" "Mozilla/5.0 AppleWebKit/537.36 (KHTML, like Gecko; compatible; ClaudeBot/1.0; +claudebot@anthropic.com)"
216.73.216.172 - - [10/Apr/2026:21:08:04 +0300] "GET /p/centi32266538?id=2282796 HTTP/1.0" 404 2091 "-" "Mozilla/5.0 AppleWebKit/537.36 (KHTML, like Gecko; compatible; ClaudeBot/1.0; +claudebot@anthropic.com)"
216.73.216.172 - - [10/Apr/2026:21:08:07 +0300] "GET /p/highw11746984?id=1763242 HTTP/1.0" 404 2091 "-" "Mozilla/5.0 AppleWebKit/537.36 (KHTML, like Gecko; compatible; ClaudeBot/1.0; +claudebot@anthropic.com)"
216.73.216.172 - - [10/Apr/2026:21:08:10 +0300] "GET /p/dawn10315056?id=331314 HTTP/1.0" 404 2091 "-" "Mozilla/5.0 AppleWebKit/537.36 (KHTML, like Gecko; compatible; ClaudeBot/1.0; +claudebot@anthropic.com)"
216.73.216.172 - - [10/Apr/2026:21:08:13 +0300] "GET /p/loan40618267?id=634525 HTTP/1.0" 404 2091 "-" "Mozilla/5.0 AppleWebKit/537.36 (KHTML, like Gecko; compatible; ClaudeBot/1.0; +claudebot@anthropic.com)"
216.73.216.172 - - [10/Apr/2026:21:08:16 +0300] "GET /p/slope52050924?id=2067182 HTTP/1.0" 404 2091 "-" "Mozilla/5.0 AppleWebKit/537.36 (KHTML, like Gecko; compatible; ClaudeBot/1.0; +claudebot@anthropic.com)"
216.73.216.172 - - [10/Apr/2026:21:08:19 +0300] "GET /p/shore60323645?id=339903 HTTP/1.0" 404 2091 "-" "Mozilla/5.0 AppleWebKit/537.36 (KHTML, like Gecko; compatible; ClaudeBot/1.0; +claudebot@anthropic.com)"
74.7.227.61 - - [10/Apr/2026:21:08:22 +0300] "GET /p/class20312401?id=328659 HTTP/1.0" 404 2091 "https://region-saitov.ru/sitemaph.xml" "Mozilla/5.0 AppleWebKit/537.36 (KHTML, like Gecko; compatible; GPTBot/1.3; +https://openai.com/gptbot)"
216.73.216.172 - - [10/Apr/2026:21:08:22 +0300] "GET /p/staff81809447?id=1825705 HTTP/1.0" 404 2091 "-" "Mozilla/5.0 AppleWebKit/537.36 (KHTML, like Gecko; compatible; ClaudeBot/1.0; +claudebot@anthropic.com)"
216.73.216.172 - - [10/Apr/2026:21:08:25 +0300] "GET /p/restr81385591?id=1401849 HTTP/1.0" 404 2091 "-" "Mozilla/5.0 AppleWebKit/537.36 (KHTML, like Gecko; compatible; ClaudeBot/1.0; +claudebot@anthropic.com)"
216.73.216.172 - - [10/Apr/2026:21:08:28 +0300] "GET /p/crow51803260?id=1819518 HTTP/1.0" 404 2091 "-" "Mozilla/5.0 AppleWebKit/537.36 (KHTML, like Gecko; compatible; ClaudeBot/1.0; +claudebot@anthropic.com)"
216.73.216.172 - - [10/Apr/2026:21:08:31 +0300] "GET /p/frenc71421566?id=1437824 HTTP/1.0" 404 2091 "-" "Mozilla/5.0 AppleWebKit/537.36 (KHTML, like Gecko; compatible; ClaudeBot/1.0; +claudebot@anthropic.com)"
216.73.216.172 - - [10/Apr/2026:21:08:34 +0300] "GET /p/thirs21920585?id=1936843 HTTP/1.0" 404 2091 "-" "Mozilla/5.0 AppleWebKit/537.36 (KHTML, like Gecko; compatible; ClaudeBot/1.0; +claudebot@anthropic.com)"
216.73.216.172 - - [10/Apr/2026:21:08:37 +0300] "GET /p/april11044784?id=1061042 HTTP/1.0" 404 2091 "-" "Mozilla/5.0 AppleWebKit/537.36 (KHTML, like Gecko; compatible; ClaudeBot/1.0; +claudebot@anthropic.com)"
216.73.216.172 - - [10/Apr/2026:21:08:40 +0300] "GET /p/franc10169608?id=185866 HTTP/1.0" 404 2091 "-" "Mozilla/5.0 AppleWebKit/537.36 (KHTML, like Gecko; compatible; ClaudeBot/1.0; +claudebot@anthropic.com)"
216.73.216.172 - - [10/Apr/2026:21:08:43 +0300] "GET /p/easyg31506186?id=1522444 HTTP/1.0" 404 2091 "-" "Mozilla/5.0 AppleWebKit/537.36 (KHTML, like Gecko; compatible; ClaudeBot/1.0; +claudebot@anthropic.com)"
216.73.216.172 - - [10/Apr/2026:21:08:46 +0300] "GET /p/soda80787695?id=803953 HTTP/1.0" 404 2091 "-" "Mozilla/5.0 AppleWebKit/537.36 (KHTML, like Gecko; compatible; ClaudeBot/1.0; +claudebot@anthropic.com)"
216.73.216.172 - - [10/Apr/2026:21:08:49 +0300] "GET /p/show10716272?id=732530 HTTP/1.0" 404 2091 "-" "Mozilla/5.0 AppleWebKit/537.36 (KHTML, like Gecko; compatible; ClaudeBot/1.0; +claudebot@anthropic.com)"
74.7.227.61 - - [10/Apr/2026:21:08:50 +0300] "GET /p/daily10248712?id=264970 HTTP/1.0" 404 2091 "https://region-saitov.ru/sitemapc.xml" "Mozilla/5.0 AppleWebKit/537.36 (KHTML, like Gecko; compatible; GPTBot/1.3; +https://openai.com/gptbot)"
216.73.216.172 - - [10/Apr/2026:21:08:52 +0300] "GET /p/endin81226671?id=1242929 HTTP/1.0" 404 2091 "-" "Mozilla/5.0 AppleWebKit/537.36 (KHTML, like Gecko; compatible; ClaudeBot/1.0; +claudebot@anthropic.com)"
216.73.216.172 - - [10/Apr/2026:21:08:55 +0300] "GET /p/missi40550171?id=566429 HTTP/1.0" 404 2091 "-" "Mozilla/5.0 AppleWebKit/537.36 (KHTML, like Gecko; compatible; ClaudeBot/1.0; +claudebot@anthropic.com)"
216.73.216.172 - - [10/Apr/2026:21:08:58 +0300] "GET /p/plum30183874?id=200132 HTTP/1.0" 404 2091 "-" "Mozilla/5.0 AppleWebKit/537.36 (KHTML, like Gecko; compatible; ClaudeBot/1.0; +claudebot@anthropic.com)"
216.73.216.172 - - [10/Apr/2026:21:09:01 +0300] "GET /p/cooke80569103?id=585361 HTTP/1.0" 404 2091 "-" "Mozilla/5.0 AppleWebKit/537.36 (KHTML, like Gecko; compatible; ClaudeBot/1.0; +claudebot@anthropic.com)"
216.73.216.172 - - [10/Apr/2026:21:09:04 +0300] "GET /p/long62588301?id=2604559 HTTP/1.0" 404 2091 "-" "Mozilla/5.0 AppleWebKit/537.36 (KHTML, like Gecko; compatible; ClaudeBot/1.0; +claudebot@anthropic.com)"
216.73.216.172 - - [10/Apr/2026:21:09:07 +0300] "GET /p/volle30524274?id=540532 HTTP/1.0" 404 2091 "-" "Mozilla/5.0 AppleWebKit/537.36 (KHTML, like Gecko; compatible; ClaudeBot/1.0; +claudebot@anthropic.com)"
216.73.216.172 - - [10/Apr/2026:21:09:10 +0300] "GET /p/oxyge11699712?id=1715970 HTTP/1.0" 404 2091 "-" "Mozilla/5.0 AppleWebKit/537.36 (KHTML, like Gecko; compatible; ClaudeBot/1.0; +claudebot@anthropic.com)"
216.73.216.172 - - [10/Apr/2026:21:09:13 +0300] "GET /p/am11057688?id=1073946 HTTP/1.0" 404 2091 "-" "Mozilla/5.0 AppleWebKit/537.36 (KHTML, like Gecko; compatible; ClaudeBot/1.0; +claudebot@anthropic.com)"
216.73.216.172 - - [10/Apr/2026:21:09:16 +0300] "GET /p/altho50564276?id=580534 HTTP/1.0" 404 2091 "-" "Mozilla/5.0 AppleWebKit/537.36 (KHTML, like Gecko; compatible; ClaudeBot/1.0; +claudebot@anthropic.com)"
74.7.227.61 - - [10/Apr/2026:21:09:18 +0300] "GET /p/elsew40643299?id=659557 HTTP/1.0" 404 2091 "https://region-saitov.ru/sitemapk.xml" "Mozilla/5.0 AppleWebKit/537.36 (KHTML, like Gecko; compatible; GPTBot/1.3; +https://openai.com/gptbot)"
216.73.216.172 - - [10/Apr/2026:21:09:19 +0300] "GET /p/ounce31131306?id=1147564 HTTP/1.0" 404 2091 "-" "Mozilla/5.0 AppleWebKit/537.36 (KHTML, like Gecko; compatible; ClaudeBot/1.0; +claudebot@anthropic.com)"
216.73.216.172 - - [10/Apr/2026:21:09:26 +0300] "GET /p/disas81471375?id=1487633 HTTP/1.0" 404 2188 "-" "Mozilla/5.0 AppleWebKit/537.36 (KHTML, like Gecko; compatible; ClaudeBot/1.0; +claudebot@anthropic.com)"
216.73.216.172 - - [10/Apr/2026:21:09:28 +0300] "GET /p/ripe72663310?id=2679568 HTTP/1.0" 404 2091 "-" "Mozilla/5.0 AppleWebKit/537.36 (KHTML, like Gecko; compatible; ClaudeBot/1.0; +claudebot@anthropic.com)"
216.73.216.172 - - [10/Apr/2026:21:09:31 +0300] "GET /p/crime32307562?id=2323820 HTTP/1.0" 404 2091 "-" "Mozilla/5.0 AppleWebKit/537.36 (KHTML, like Gecko; compatible; ClaudeBot/1.0; +claudebot@anthropic.com)"
216.73.216.172 - - [10/Apr/2026:21:09:34 +0300] "GET /p/await81035231?id=1051489 HTTP/1.0" 404 2091 "-" "Mozilla/5.0 AppleWebKit/537.36 (KHTML, like Gecko; compatible; ClaudeBot/1.0; +claudebot@anthropic.com)"
216.73.216.172 - - [10/Apr/2026:21:09:37 +0300] "GET /p/corpo80122255?id=138513 HTTP/1.0" 404 2091 "-" "Mozilla/5.0 AppleWebKit/537.36 (KHTML, like Gecko; compatible; ClaudeBot/1.0; +claudebot@anthropic.com)"
216.73.216.172 - - [10/Apr/2026:21:09:40 +0300] "GET /p/pecul72954974?id=2971232 HTTP/1.0" 404 2091 "-" "Mozilla/5.0 AppleWebKit/537.36 (KHTML, like Gecko; compatible; ClaudeBot/1.0; +claudebot@anthropic.com)"
216.73.216.172 - - [10/Apr/2026:21:09:43 +0300] "GET /p/crime31531562?id=1547820 HTTP/1.0" 404 2091 "-" "Mozilla/5.0 AppleWebKit/537.36 (KHTML, like Gecko; compatible; ClaudeBot/1.0; +claudebot@anthropic.com)"
74.7.227.61 - - [10/Apr/2026:21:09:45 +0300] "GET /p/accep10632200?id=648458 HTTP/1.0" 404 2091 "https://region-saitov.ru/sitemapl.xml" "Mozilla/5.0 AppleWebKit/537.36 (KHTML, like Gecko; compatible; GPTBot/1.3; +https://openai.com/gptbot)"
216.73.216.172 - - [10/Apr/2026:21:09:46 +0300] "GET /p/saddl71655342?id=1671600 HTTP/1.0" 404 2091 "-" "Mozilla/5.0 AppleWebKit/537.36 (KHTML, like Gecko; compatible; ClaudeBot/1.0; +claudebot@anthropic.com)"
216.73.216.172 - - [10/Apr/2026:21:09:49 +0300] "GET /p/inves51478324?id=1494582 HTTP/1.0" 404 2091 "-" "Mozilla/5.0 AppleWebKit/537.36 (KHTML, like Gecko; compatible; ClaudeBot/1.0; +claudebot@anthropic.com)"
216.73.216.172 - - [10/Apr/2026:21:09:52 +0300] "GET /p/rotar21639401?id=1655659 HTTP/1.0" 404 2091 "-" "Mozilla/5.0 AppleWebKit/537.36 (KHTML, like Gecko; compatible; ClaudeBot/1.0; +claudebot@anthropic.com)"
176.62.84.192 - - [10/Apr/2026:21:09:53 +0300] "GET /prodvizhenie-sajtov HTTP/1.0" 200 24839 "-" "Mozilla/5.0 (Linux; Android 10; K) AppleWebKit/537.36 (KHTML, like Gecko) Chrome/139.0.0.0 Mobile Safari/537.36"
176.62.84.192 - - [10/Apr/2026:21:09:54 +0300] "GET /components/com_sppagebuilder/assets/js/common.js HTTP/1.1" 200 144 "https://region-saitov.ru/prodvizhenie-sajtov" "Mozilla/5.0 (Linux; Android 10; K) AppleWebKit/537.36 (KHTML, like Gecko) Chrome/139.0.0.0 Mobile Safari/537.36"
176.62.84.192 - - [10/Apr/2026:21:09:54 +0300] "GET /components/com_sppagebuilder/assets/js/addons/text_block.js HTTP/1.1" 200 690 "https://region-saitov.ru/prodvizhenie-sajtov" "Mozilla/5.0 (Linux; Android 10; K) AppleWebKit/537.36 (KHTML, like Gecko) Chrome/139.0.0.0 Mobile Safari/537.36"
176.62.84.192 - - [10/Apr/2026:21:09:54 +0300] "GET /templates/shaper_helixultimate/js/main.js HTTP/1.1" 200 9807 "https://region-saitov.ru/prodvizhenie-sajtov" "Mozilla/5.0 (Linux; Android 10; K) AppleWebKit/537.36 (KHTML, like Gecko) Chrome/139.0.0.0 Mobile Safari/537.36"
176.62.84.192 - - [10/Apr/2026:21:09:54 +0300] "GET /components/com_sppagebuilder/assets/js/jquery.magnific-popup.min.js HTTP/1.1" 200 20321 "https://region-saitov.ru/prodvizhenie-sajtov" "Mozilla/5.0 (Linux; Android 10; K) AppleWebKit/537.36 (KHTML, like Gecko) Chrome/139.0.0.0 Mobile Safari/537.36"
176.62.84.192 - - [10/Apr/2026:21:09:54 +0300] "GET /components/com_sppagebuilder/assets/js/addons/image.js HTTP/1.1" 200 2417 "https://region-saitov.ru/prodvizhenie-sajtov" "Mozilla/5.0 (Linux; Android 10; K) AppleWebKit/537.36 (KHTML, like Gecko) Chrome/139.0.0.0 Mobile Safari/537.36"
216.73.216.172 - - [10/Apr/2026:21:09:55 +0300] "GET /p/lord61799317?id=1815575 HTTP/1.0" 404 2091 "-" "Mozilla/5.0 AppleWebKit/537.36 (KHTML, like Gecko; compatible; ClaudeBot/1.0; +claudebot@anthropic.com)"
216.73.216.172 - - [10/Apr/2026:21:09:58 +0300] "GET /p/hum22253465?id=2269723 HTTP/1.0" 404 2091 "-" "Mozilla/5.0 AppleWebKit/537.36 (KHTML, like Gecko; compatible; ClaudeBot/1.0; +claudebot@anthropic.com)"
216.73.216.172 - - [10/Apr/2026:21:10:01 +0300] "GET /p/nerve51142860?id=1159118 HTTP/1.0" 404 2091 "-" "Mozilla/5.0 AppleWebKit/537.36 (KHTML, like Gecko; compatible; ClaudeBot/1.0; +claudebot@anthropic.com)"
216.73.216.172 - - [10/Apr/2026:21:10:04 +0300] "GET /p/bale%2012119824?id=2136082 HTTP/1.0" 404 2091 "-" "Mozilla/5.0 AppleWebKit/537.36 (KHTML, like Gecko; compatible; ClaudeBot/1.0; +claudebot@anthropic.com)"
216.73.216.172 - - [10/Apr/2026:21:10:07 +0300] "GET /p/shun61595893?id=1612151 HTTP/1.0" 404 2091 "-" "Mozilla/5.0 AppleWebKit/537.36 (KHTML, like Gecko; compatible; ClaudeBot/1.0; +claudebot@anthropic.com)"
216.73.216.172 - - [10/Apr/2026:21:10:10 +0300] "GET /p/deput70115686?id=131944 HTTP/1.0" 404 2091 "-" "Mozilla/5.0 AppleWebKit/537.36 (KHTML, like Gecko; compatible; ClaudeBot/1.0; +claudebot@anthropic.com)"
216.73.216.172 - - [10/Apr/2026:21:10:13 +0300] "GET /p/helic72957622?id=2973880 HTTP/1.0" 404 2091 "-" "Mozilla/5.0 AppleWebKit/537.36 (KHTML, like Gecko; compatible; ClaudeBot/1.0; +claudebot@anthropic.com)"
74.7.227.61 - - [10/Apr/2026:21:10:13 +0300] "GET /p/envir60412341?id=428599 HTTP/1.0" 404 2091 "https://region-saitov.ru/sitemapl.xml" "Mozilla/5.0 AppleWebKit/537.36 (KHTML, like Gecko; compatible; GPTBot/1.3; +https://openai.com/gptbot)"
216.73.216.172 - - [10/Apr/2026:21:10:16 +0300] "GET /p/along61032053?id=1048311 HTTP/1.0" 404 2091 "-" "Mozilla/5.0 AppleWebKit/537.36 (KHTML, like Gecko; compatible; ClaudeBot/1.0; +claudebot@anthropic.com)"
216.73.216.172 - - [10/Apr/2026:21:10:19 +0300] "GET /p/enorm41113875?id=1130133 HTTP/1.0" 404 2091 "-" "Mozilla/5.0 AppleWebKit/537.36 (KHTML, like Gecko; compatible; ClaudeBot/1.0; +claudebot@anthropic.com)"
92.242.60.14 - - [10/Apr/2026:21:10:19 +0300] "GET / HTTP/1.0" 200 273999 "-" "https://reg.ru monitoring abuse@reg.ru"
51.161.37.200 - - [10/Apr/2026:21:10:18 +0300] "GET /sitemap.xml HTTP/1.0" 200 416 "-" "Mozilla/5.0 (compatible; AhrefsBot/7.0; +http://ahrefs.com/robot/)"
216.73.216.172 - - [10/Apr/2026:21:10:22 +0300] "GET /p/stir41022355?id=1038613 HTTP/1.0" 404 2091 "-" "Mozilla/5.0 AppleWebKit/537.36 (KHTML, like Gecko; compatible; ClaudeBot/1.0; +claudebot@anthropic.com)"
216.73.216.172 - - [10/Apr/2026:21:10:25 +0300] "GET /p/illne30972474?id=988732 HTTP/1.0" 404 2091 "-" "Mozilla/5.0 AppleWebKit/537.36 (KHTML, like Gecko; compatible; ClaudeBot/1.0; +claudebot@anthropic.com)"
216.73.216.172 - - [10/Apr/2026:21:10:28 +0300] "GET /p/wash22568417?id=2584675 HTTP/1.0" 404 2091 "-" "Mozilla/5.0 AppleWebKit/537.36 (KHTML, like Gecko; compatible; ClaudeBot/1.0; +claudebot@anthropic.com)"
216.73.216.172 - - [10/Apr/2026:21:10:31 +0300] "GET /p/relie20105881?id=122139 HTTP/1.0" 404 2091 "-" "Mozilla/5.0 AppleWebKit/537.36 (KHTML, like Gecko; compatible; ClaudeBot/1.0; +claudebot@anthropic.com)"
216.73.216.172 - - [10/Apr/2026:21:10:34 +0300] "GET /p/pond22940361?id=2956619 HTTP/1.0" 404 2091 "-" "Mozilla/5.0 AppleWebKit/537.36 (KHTML, like Gecko; compatible; ClaudeBot/1.0; +claudebot@anthropic.com)"
54.39.89.180 - - [10/Apr/2026:21:10:31 +0300] "GET /sitemapa.xml HTTP/1.0" 200 28631 "-" "Mozilla/5.0 (compatible; AhrefsBot/7.0; +http://ahrefs.com/robot/)"
216.73.216.172 - - [10/Apr/2026:21:10:37 +0300] "GET /p/highw12718984?id=2735242 HTTP/1.0" 404 2091 "-" "Mozilla/5.0 AppleWebKit/537.36 (KHTML, like Gecko; compatible; ClaudeBot/1.0; +claudebot@anthropic.com)"
95.108.213.168 - - [10/Apr/2026:21:10:40 +0300] "GET /robots.txt HTTP/1.0" 200 587 "-" "Mozilla/5.0 (compatible; YandexBot/3.0; +http://yandex.com/bots)"
216.73.216.172 - - [10/Apr/2026:21:10:40 +0300] "GET /p/sense72629078?id=2645336 HTTP/1.0" 404 2091 "-" "Mozilla/5.0 AppleWebKit/537.36 (KHTML, like Gecko; compatible; ClaudeBot/1.0; +claudebot@anthropic.com)"
74.7.227.61 - - [10/Apr/2026:21:10:41 +0300] "GET /p/comra60207517?id=223775 HTTP/1.0" 404 2091 "https://region-saitov.ru/sitemapc.xml" "Mozilla/5.0 AppleWebKit/537.36 (KHTML, like Gecko; compatible; GPTBot/1.3; +https://openai.com/gptbot)"
216.73.216.172 - - [10/Apr/2026:21:10:43 +0300] "GET /p/jest82235847?id=2252105 HTTP/1.0" 404 2091 "-" "Mozilla/5.0 AppleWebKit/537.36 (KHTML, like Gecko; compatible; ClaudeBot/1.0; +claudebot@anthropic.com)"
216.73.216.172 - - [10/Apr/2026:21:10:46 +0300] "GET /p/altho51688276?id=1704534 HTTP/1.0" 404 2091 "-" "Mozilla/5.0 AppleWebKit/537.36 (KHTML, like Gecko; compatible; ClaudeBot/1.0; +claudebot@anthropic.com)"
89.111.141.101 - - [10/Apr/2026:21:10:46 +0300] "GET / HTTP/1.0" 200 273999 "-" "https://reg.ru monitoring abuse@reg.ru"
109.107.178.102 - - [10/Apr/2026:21:10:49 +0300] "GET / HTTP/1.1" 301 196 "-" "Mozilla/5.0 (Windows NT 6.3; WOW64) AppleWebKit/537.36 (KHTML, like Gecko) Chrome/53.0.2826.71 Safari/537.36"
148.113.130.5 - - [10/Apr/2026:21:10:46 +0300] "GET /sitemapb.xml HTTP/1.0" 200 16956 "-" "Mozilla/5.0 (compatible; AhrefsBot/7.0; +http://ahrefs.com/robot/)"
216.73.216.172 - - [10/Apr/2026:21:10:49 +0300] "GET /p/stret31722498?id=1738756 HTTP/1.0" 404 2091 "-" "Mozilla/5.0 AppleWebKit/537.36 (KHTML, like Gecko; compatible; ClaudeBot/1.0; +claudebot@anthropic.com)"
109.107.178.102 - - [10/Apr/2026:21:10:49 +0300] "GET / HTTP/1.0" 200 24116 "-" "Mozilla/5.0 (Windows NT 6.3; WOW64) AppleWebKit/537.36 (KHTML, like Gecko) Chrome/53.0.2826.71 Safari/537.36"
109.107.178.102 - - [10/Apr/2026:21:10:50 +0300] "POST /?task=Include&53aa7bf7b094b489e413747bffa35b7c=1&option=com_ajax&file=nrinlinefileupload&format=raw&path=plugins%2Fsystem%2Fnrframework%2Ffields%2F&plugin=nrframework&class=JFormFieldNRInlineFileUpload HTTP/1.0" 200 401 "https://region-saitov.ru:443/" "Mozilla/5.0 (Windows NT 6.3; WOW64) AppleWebKit/537.36 (KHTML, like Gecko) Chrome/53.0.2826.71 Safari/537.36"
109.107.178.102 - - [10/Apr/2026:21:10:51 +0300] "GET /169d93d2b15dc2_591afca4b366.shtml HTTP/1.0" 200 488 "https://region-saitov.ru:443/?task=Include&53aa7bf7b094b489e413747bffa35b7c=1&option=com_ajax&file=nrinlinefileupload&format=raw&path=plugins%2Fsystem%2Fnrframework%2Ffields%2F&plugin=nrframework&class=JFormFieldNRInlineFileUpload" "Mozilla/5.0 (Windows NT 6.3; WOW64) AppleWebKit/537.36 (KHTML, like Gecko) Chrome/53.0.2826.71 Safari/537.36"
216.73.216.172 - - [10/Apr/2026:21:10:52 +0300] "GET /p/onion30589794?id=606052 HTTP/1.0" 404 2091 "-" "Mozilla/5.0 AppleWebKit/537.36 (KHTML, like Gecko; compatible; ClaudeBot/1.0; +claudebot@anthropic.com)"
216.73.216.172 - - [10/Apr/2026:21:10:55 +0300] "GET /p/elimi72433990?id=2450248 HTTP/1.0" 404 2091 "-" "Mozilla/5.0 AppleWebKit/537.36 (KHTML, like Gecko; compatible; ClaudeBot/1.0; +claudebot@anthropic.com)"
109.107.178.102 - - [10/Apr/2026:21:10:58 +0300] "GET /591afca4b366.php HTTP/1.0" 403 487 "https://region-saitov.ru:443/169d93d2b15dc2_591afca4b366.shtml" "Mozilla/5.0 (Windows NT 6.3; WOW64) AppleWebKit/537.36 (KHTML, like Gecko) Chrome/53.0.2826.71 Safari/537.36"
109.107.178.102 - - [10/Apr/2026:21:10:58 +0300] "POST /?task=Include&53aa7bf7b094b489e413747bffa35b7c=1&option=com_ajax&file=nrinlinefileupload&format=raw&path=plugins%2Fsystem%2Fnrframework%2Ffields%2F&plugin=nrframework&class=JFormFieldNRInlineFileUpload HTTP/1.0" 200 330 "https://region-saitov.ru:443/591afca4b366.php" "Mozilla/5.0 (Windows NT 6.3; WOW64) AppleWebKit/537.36 (KHTML, like Gecko) Chrome/53.0.2826.71 Safari/537.36"
216.73.216.172 - - [10/Apr/2026:21:10:58 +0300] "GET /p/hallw42073715?id=2089973 HTTP/1.0" 404 2091 "-" "Mozilla/5.0 AppleWebKit/537.36 (KHTML, like Gecko; compatible; ClaudeBot/1.0; +claudebot@anthropic.com)"
216.73.216.172 - - [10/Apr/2026:21:11:01 +0300] "GET /p/hardl20340121?id=356379 HTTP/1.0" 404 2091 "-" "Mozilla/5.0 AppleWebKit/537.36 (KHTML, like Gecko; compatible; ClaudeBot/1.0; +claudebot@anthropic.com)"
142.44.228.8 - - [10/Apr/2026:21:11:00 +0300] "GET /sitemapc.xml HTTP/1.0" 200 17778 "-" "Mozilla/5.0 (compatible; AhrefsBot/7.0; +http://ahrefs.com/robot/)"
216.73.216.172 - - [10/Apr/2026:21:11:04 +0300] "GET /p/lend12085336?id=2101594 HTTP/1.0" 404 2091 "-" "Mozilla/5.0 AppleWebKit/537.36 (KHTML, like Gecko; compatible; ClaudeBot/1.0; +claudebot@anthropic.com)"
216.73.216.172 - - [10/Apr/2026:21:11:07 +0300] "GET /p/attai51434764?id=1451022 HTTP/1.0" 404 2091 "-" "Mozilla/5.0 AppleWebKit/537.36 (KHTML, like Gecko; compatible; ClaudeBot/1.0; +claudebot@anthropic.com)"
74.7.227.61 - - [10/Apr/2026:21:11:08 +0300] "GET /p/youth80886479?id=902737 HTTP/1.0" 404 2091 "https://region-saitov.ru/sitemapn.xml" "Mozilla/5.0 AppleWebKit/537.36 (KHTML, like Gecko; compatible; GPTBot/1.3; +https://openai.com/gptbot)"
216.73.216.172 - - [10/Apr/2026:21:11:10 +0300] "GET /p/acid41947587?id=1963845 HTTP/1.0" 404 2091 "-" "Mozilla/5.0 AppleWebKit/537.36 (KHTML, like Gecko; compatible; ClaudeBot/1.0; +claudebot@anthropic.com)"
216.73.216.172 - - [10/Apr/2026:21:11:13 +0300] "GET /p/goal70064502?id=80760 HTTP/1.0" 404 2091 "-" "Mozilla/5.0 AppleWebKit/537.36 (KHTML, like Gecko; compatible; ClaudeBot/1.0; +claudebot@anthropic.com)"
216.73.216.172 - - [10/Apr/2026:21:11:16 +0300] "GET /p/aband32866522?id=2882780 HTTP/1.0" 404 2091 "-" "Mozilla/5.0 AppleWebKit/537.36 (KHTML, like Gecko; compatible; ClaudeBot/1.0; +claudebot@anthropic.com)"
54.39.203.59 - - [10/Apr/2026:21:11:14 +0300] "GET /sitemapd.xml HTTP/1.0" 200 15428 "-" "Mozilla/5.0 (compatible; AhrefsBot/7.0; +http://ahrefs.com/robot/)"
216.73.216.172 - - [10/Apr/2026:21:11:19 +0300] "GET /p/motor32781146?id=2797404 HTTP/1.0" 404 2091 "-" "Mozilla/5.0 AppleWebKit/537.36 (KHTML, like Gecko; compatible; ClaudeBot/1.0; +claudebot@anthropic.com)"
216.73.216.172 - - [10/Apr/2026:21:11:22 +0300] "GET /p/invol52194428?id=2210686 HTTP/1.0" 404 2091 "-" "Mozilla/5.0 AppleWebKit/537.36 (KHTML, like Gecko; compatible; ClaudeBot/1.0; +claudebot@anthropic.com)"
216.73.216.172 - - [10/Apr/2026:21:11:25 +0300] "GET /p/disas81367375?id=1383633 HTTP/1.0" 404 2091 "-" "Mozilla/5.0 AppleWebKit/537.36 (KHTML, like Gecko; compatible; ClaudeBot/1.0; +claudebot@anthropic.com)"
216.73.216.172 - - [10/Apr/2026:21:11:28 +0300] "GET /p/bed71953198?id=1969456 HTTP/1.0" 404 2091 "-" "Mozilla/5.0 AppleWebKit/537.36 (KHTML, like Gecko; compatible; ClaudeBot/1.0; +claudebot@anthropic.com)"
167.114.139.101 - - [10/Apr/2026:21:11:28 +0300] "GET /sitemape.xml HTTP/1.0" 200 15597 "-" "Mozilla/5.0 (compatible; AhrefsBot/7.0; +http://ahrefs.com/robot/)"
216.73.216.172 - - [10/Apr/2026:21:11:35 +0300] "GET /p/credi20234641?id=250899 HTTP/1.0" 404 2188 "-" "Mozilla/5.0 AppleWebKit/537.36 (KHTML, like Gecko; compatible; ClaudeBot/1.0; +claudebot@anthropic.com)"
74.7.227.61 - - [10/Apr/2026:21:11:35 +0300] "GET /p/hills60218957?id=235215 HTTP/1.0" 404 2091 "https://region-saitov.ru/sitemapm.xml" "Mozilla/5.0 AppleWebKit/537.36 (KHTML, like Gecko; compatible; GPTBot/1.3; +https://openai.com/gptbot)"
216.73.216.172 - - [10/Apr/2026:21:11:37 +0300] "GET /p/jeans72364694?id=2380952 HTTP/1.0" 404 2091 "-" "Mozilla/5.0 AppleWebKit/537.36 (KHTML, like Gecko; compatible; ClaudeBot/1.0; +claudebot@anthropic.com)"
216.73.216.172 - - [10/Apr/2026:21:11:40 +0300] "GET /p/penny32833642?id=2849900 HTTP/1.0" 404 2091 "-" "Mozilla/5.0 AppleWebKit/537.36 (KHTML, like Gecko; compatible; ClaudeBot/1.0; +claudebot@anthropic.com)"
216.73.216.172 - - [10/Apr/2026:21:11:43 +0300] "GET /p/kink10139848?id=156106 HTTP/1.0" 404 2091 "-" "Mozilla/5.0 AppleWebKit/537.36 (KHTML, like Gecko; compatible; ClaudeBot/1.0; +claudebot@anthropic.com)"
15.235.98.196 - - [10/Apr/2026:21:11:42 +0300] "GET /sitemapf.xml HTTP/1.0" 200 22024 "-" "Mozilla/5.0 (compatible; AhrefsBot/7.0; +http://ahrefs.com/robot/)"
216.73.216.172 - - [10/Apr/2026:21:11:46 +0300] "GET /p/beer80759215?id=775473 HTTP/1.0" 404 2091 "-" "Mozilla/5.0 AppleWebKit/537.36 (KHTML, like Gecko; compatible; ClaudeBot/1.0; +claudebot@anthropic.com)"
216.73.216.172 - - [10/Apr/2026:21:11:49 +0300] "GET /p/choic82464143?id=2480401 HTTP/1.0" 404 2091 "-" "Mozilla/5.0 AppleWebKit/537.36 (KHTML, like Gecko; compatible; ClaudeBot/1.0; +claudebot@anthropic.com)"
216.73.216.172 - - [10/Apr/2026:21:11:52 +0300] "GET /p/ticke30161186?id=177444 HTTP/1.0" 404 2091 "-" "Mozilla/5.0 AppleWebKit/537.36 (KHTML, like Gecko; compatible; ClaudeBot/1.0; +claudebot@anthropic.com)"
46.148.180.81 - - [10/Apr/2026:21:11:54 +0300] "GET /rs-grey.png HTTP/1.1" 200 2424 "https://www.xn--7-9sbeamc3b1argoh9m.xn--p1ai/" "Mozilla/5.0 (Linux; Android 10; K) AppleWebKit/537.36 (KHTML, like Gecko) Chrome/146.0.0.0 Mobile Safari/537.36"
216.73.216.172 - - [10/Apr/2026:21:11:55 +0300] "GET /p/stere60806293?id=822551 HTTP/1.0" 404 2091 "-" "Mozilla/5.0 AppleWebKit/537.36 (KHTML, like Gecko; compatible; ClaudeBot/1.0; +claudebot@anthropic.com)"
216.73.216.172 - - [10/Apr/2026:21:11:58 +0300] "GET /p/likel11602976?id=1619234 HTTP/1.0" 404 2091 "-" "Mozilla/5.0 AppleWebKit/537.36 (KHTML, like Gecko; compatible; ClaudeBot/1.0; +claudebot@anthropic.com)"
167.114.139.215 - - [10/Apr/2026:21:11:57 +0300] "GET /sitemapg.xml HTTP/1.0" 200 23292 "-" "Mozilla/5.0 (compatible; AhrefsBot/7.0; +http://ahrefs.com/robot/)"
216.73.216.172 - - [10/Apr/2026:21:12:01 +0300] "GET /p/fifth40165195?id=181453 HTTP/1.0" 404 2091 "-" "Mozilla/5.0 AppleWebKit/537.36 (KHTML, like Gecko; compatible; ClaudeBot/1.0; +claudebot@anthropic.com)"
74.7.227.61 - - [10/Apr/2026:21:12:03 +0300] "GET /p/ideal50127460?id=143718 HTTP/1.0" 404 2091 "https://region-saitov.ru/sitemape.xml" "Mozilla/5.0 AppleWebKit/537.36 (KHTML, like Gecko; compatible; GPTBot/1.3; +https://openai.com/gptbot)"
216.73.216.172 - - [10/Apr/2026:21:12:08 +0300] "GET /p/say61485677?id=1501935 HTTP/1.0" 404 2188 "-" "Mozilla/5.0 AppleWebKit/537.36 (KHTML, like Gecko; compatible; ClaudeBot/1.0; +claudebot@anthropic.com)"
216.73.216.172 - - [10/Apr/2026:21:12:11 +0300] "GET /p/hatre60030589?id=46847 HTTP/1.0" 404 2091 "-" "Mozilla/5.0 AppleWebKit/537.36 (KHTML, like Gecko; compatible; ClaudeBot/1.0; +claudebot@anthropic.com)"
216.73.216.172 - - [10/Apr/2026:21:12:14 +0300] "GET /p/very11324008?id=1340266 HTTP/1.0" 404 2091 "-" "Mozilla/5.0 AppleWebKit/537.36 (KHTML, like Gecko; compatible; ClaudeBot/1.0; +claudebot@anthropic.com)"
54.39.0.117 - - [10/Apr/2026:21:12:11 +0300] "GET /sitemaph.xml HTTP/1.0" 200 26380 "-" "Mozilla/5.0 (compatible; AhrefsBot/7.0; +http://ahrefs.com/robot/)"
216.73.216.172 - - [10/Apr/2026:21:12:17 +0300] "GET /p/usual12725072?id=2741330 HTTP/1.0" 404 2091 "-" "Mozilla/5.0 AppleWebKit/537.36 (KHTML, like Gecko; compatible; ClaudeBot/1.0; +claudebot@anthropic.com)"
216.73.216.172 - - [10/Apr/2026:21:12:20 +0300] "GET /p/brill11610864?id=1627122 HTTP/1.0" 404 2091 "-" "Mozilla/5.0 AppleWebKit/537.36 (KHTML, like Gecko; compatible; ClaudeBot/1.0; +claudebot@anthropic.com)"
216.73.216.172 - - [10/Apr/2026:21:12:23 +0300] "GET /p/switc40606291?id=622549 HTTP/1.0" 404 2091 "-" "Mozilla/5.0 AppleWebKit/537.36 (KHTML, like Gecko; compatible; ClaudeBot/1.0; +claudebot@anthropic.com)"
216.73.216.172 - - [10/Apr/2026:21:12:26 +0300] "GET /p/blank52861460?id=2877718 HTTP/1.0" 404 2091 "-" "Mozilla/5.0 AppleWebKit/537.36 (KHTML, like Gecko; compatible; ClaudeBot/1.0; +claudebot@anthropic.com)"
167.114.139.169 - - [10/Apr/2026:21:12:25 +0300] "GET /sitemapi.xml HTTP/1.0" 200 26091 "-" "Mozilla/5.0 (compatible; AhrefsBot/7.0; +http://ahrefs.com/robot/)"
216.73.216.172 - - [10/Apr/2026:21:12:29 +0300] "GET /p/deser60457877?id=474135 HTTP/1.0" 404 2091 "-" "Mozilla/5.0 AppleWebKit/537.36 (KHTML, like Gecko; compatible; ClaudeBot/1.0; +claudebot@anthropic.com)"
74.7.227.61 - - [10/Apr/2026:21:12:30 +0300] "GET /p/ocean70169766?id=186024 HTTP/1.0" 404 2091 "https://region-saitov.ru/sitemapc.xml" "Mozilla/5.0 AppleWebKit/537.36 (KHTML, like Gecko; compatible; GPTBot/1.3; +https://openai.com/gptbot)"
216.73.216.172 - - [10/Apr/2026:21:12:32 +0300] "GET /p/smile30508314?id=524572 HTTP/1.0" 404 2091 "-" "Mozilla/5.0 AppleWebKit/537.36 (KHTML, like Gecko; compatible; ClaudeBot/1.0; +claudebot@anthropic.com)"
216.73.216.172 - - [10/Apr/2026:21:12:35 +0300] "GET /p/equip50589492?id=605750 HTTP/1.0" 404 2091 "-" "Mozilla/5.0 AppleWebKit/537.36 (KHTML, like Gecko; compatible; ClaudeBot/1.0; +claudebot@anthropic.com)"
216.73.216.172 - - [10/Apr/2026:21:12:38 +0300] "GET /p/mad22464169?id=2480427 HTTP/1.0" 404 2091 "-" "Mozilla/5.0 AppleWebKit/537.36 (KHTML, like Gecko; compatible; ClaudeBot/1.0; +claudebot@anthropic.com)"
82.209.73.230 - - [10/Apr/2026:21:12:38 +0300] "GET /rs-white.png HTTP/1.1" 200 2176 "https://dks.riat.ru/" "Mozilla/5.0 (Linux; Android 10; K) AppleWebKit/537.36 (KHTML, like Gecko) Chrome/146.0.0.0 Mobile Safari/537.36"
216.73.216.172 - - [10/Apr/2026:21:12:41 +0300] "GET /p/heart20876793?id=893051 HTTP/1.0" 404 2091 "-" "Mozilla/5.0 AppleWebKit/537.36 (KHTML, like Gecko; compatible; ClaudeBot/1.0; +claudebot@anthropic.com)"
142.44.228.67 - - [10/Apr/2026:21:12:40 +0300] "GET /sitemapj.xml HTTP/1.0" 200 19187 "-" "Mozilla/5.0 (compatible; AhrefsBot/7.0; +http://ahrefs.com/robot/)"
216.73.216.172 - - [10/Apr/2026:21:12:44 +0300] "GET /p/drink81989719?id=2005977 HTTP/1.0" 404 2091 "-" "Mozilla/5.0 AppleWebKit/537.36 (KHTML, like Gecko; compatible; ClaudeBot/1.0; +claudebot@anthropic.com)"
89.111.170.8 - - [10/Apr/2026:21:12:45 +0300] "GET / HTTP/1.0" 200 273999 "-" "https://reg.ru monitoring abuse@reg.ru"
216.73.216.172 - - [10/Apr/2026:21:12:47 +0300] "GET /p/stren20263425?id=279683 HTTP/1.0" 404 2091 "-" "Mozilla/5.0 AppleWebKit/537.36 (KHTML, like Gecko; compatible; ClaudeBot/1.0; +claudebot@anthropic.com)"
216.73.216.172 - - [10/Apr/2026:21:12:50 +0300] "GET /p/picni40449299?id=465557 HTTP/1.0" 404 2091 "-" "Mozilla/5.0 AppleWebKit/537.36 (KHTML, like Gecko; compatible; ClaudeBot/1.0; +claudebot@anthropic.com)"
216.73.216.172 - - [10/Apr/2026:21:12:53 +0300] "GET /p/nose11128424?id=1144682 HTTP/1.0" 404 2091 "-" "Mozilla/5.0 AppleWebKit/537.36 (KHTML, like Gecko; compatible; ClaudeBot/1.0; +claudebot@anthropic.com)"
216.73.216.172 - - [10/Apr/2026:21:12:56 +0300] "GET /p/dampe61770277?id=1786535 HTTP/1.0" 404 2091 "-" "Mozilla/5.0 AppleWebKit/537.36 (KHTML, like Gecko; compatible; ClaudeBot/1.0; +claudebot@anthropic.com)"
15.235.96.43 - - [10/Apr/2026:21:12:54 +0300] "GET /sitemapk.xml HTTP/1.0" 200 19710 "-" "Mozilla/5.0 (compatible; AhrefsBot/7.0; +http://ahrefs.com/robot/)"
74.7.227.61 - - [10/Apr/2026:21:12:58 +0300] "GET /p/energ40648515?id=664773 HTTP/1.0" 404 2188 "https://region-saitov.ru/sitemapm.xml" "Mozilla/5.0 AppleWebKit/537.36 (KHTML, like Gecko; compatible; GPTBot/1.3; +https://openai.com/gptbot)"
216.73.216.172 - - [10/Apr/2026:21:12:59 +0300] "GET /p/feel40125483?id=141741 HTTP/1.0" 404 2091 "-" "Mozilla/5.0 AppleWebKit/537.36 (KHTML, like Gecko; compatible; ClaudeBot/1.0; +claudebot@anthropic.com)"
216.73.216.172 - - [10/Apr/2026:21:13:02 +0300] "GET /p/he62500045?id=2516303 HTTP/1.0" 404 2091 "-" "Mozilla/5.0 AppleWebKit/537.36 (KHTML, like Gecko; compatible; ClaudeBot/1.0; +claudebot@anthropic.com)"
216.73.216.172 - - [10/Apr/2026:21:13:05 +0300] "GET /p/game22881281?id=2897539 HTTP/1.0" 404 2091 "-" "Mozilla/5.0 AppleWebKit/537.36 (KHTML, like Gecko; compatible; ClaudeBot/1.0; +claudebot@anthropic.com)"
216.73.216.172 - - [10/Apr/2026:21:13:08 +0300] "GET /p/relev22586289?id=2602547 HTTP/1.0" 404 2091 "-" "Mozilla/5.0 AppleWebKit/537.36 (KHTML, like Gecko; compatible; ClaudeBot/1.0; +claudebot@anthropic.com)"
216.73.216.172 - - [10/Apr/2026:21:13:11 +0300] "GET /p/utili21309953?id=1326211 HTTP/1.0" 404 2091 "-" "Mozilla/5.0 AppleWebKit/537.36 (KHTML, like Gecko; compatible; ClaudeBot/1.0; +claudebot@anthropic.com)"
54.39.210.136 - - [10/Apr/2026:21:13:08 +0300] "GET /sitemapl.xml HTTP/1.0" 200 28337 "-" "Mozilla/5.0 (compatible; AhrefsBot/7.0; +http://ahrefs.com/robot/)"
216.73.216.172 - - [10/Apr/2026:21:13:14 +0300] "GET /p/appet50574132?id=590390 HTTP/1.0" 404 2091 "-" "Mozilla/5.0 AppleWebKit/537.36 (KHTML, like Gecko; compatible; ClaudeBot/1.0; +claudebot@anthropic.com)"
216.73.216.172 - - [10/Apr/2026:21:13:17 +0300] "GET /p/eyesi71894846?id=1911104 HTTP/1.0" 404 2091 "-" "Mozilla/5.0 AppleWebKit/537.36 (KHTML, like Gecko; compatible; ClaudeBot/1.0; +claudebot@anthropic.com)"
216.73.216.172 - - [10/Apr/2026:21:13:20 +0300] "GET /p/labor32593514?id=2609772 HTTP/1.0" 404 2091 "-" "Mozilla/5.0 AppleWebKit/537.36 (KHTML, like Gecko; compatible; ClaudeBot/1.0; +claudebot@anthropic.com)"
216.73.216.172 - - [10/Apr/2026:21:13:23 +0300] "GET /p/accum30982386?id=998644 HTTP/1.0" 404 2091 "-" "Mozilla/5.0 AppleWebKit/537.36 (KHTML, like Gecko; compatible; ClaudeBot/1.0; +claudebot@anthropic.com)"
15.235.98.121 - - [10/Apr/2026:21:13:23 +0300] "GET /sitemapm.xml HTTP/1.0" 200 22853 "-" "Mozilla/5.0 (compatible; AhrefsBot/7.0; +http://ahrefs.com/robot/)"
216.73.216.172 - - [10/Apr/2026:21:13:26 +0300] "GET /p/princ31546122?id=1562380 HTTP/1.0" 404 2091 "-" "Mozilla/5.0 AppleWebKit/537.36 (KHTML, like Gecko; compatible; ClaudeBot/1.0; +claudebot@anthropic.com)"
74.7.227.61 - - [10/Apr/2026:21:13:27 +0300] "GET /p/swing40704811?id=721069 HTTP/1.0" 404 2091 "https://region-saitov.ru/sitemapk.xml" "Mozilla/5.0 AppleWebKit/537.36 (KHTML, like Gecko; compatible; GPTBot/1.3; +https://openai.com/gptbot)"
216.73.216.172 - - [10/Apr/2026:21:13:29 +0300] "GET /p/resul51292188?id=1308446 HTTP/1.0" 404 2091 "-" "Mozilla/5.0 AppleWebKit/537.36 (KHTML, like Gecko; compatible; ClaudeBot/1.0; +claudebot@anthropic.com)"
216.73.216.172 - - [10/Apr/2026:21:13:32 +0300] "GET /p/nowad72782686?id=2798944 HTTP/1.0" 404 2091 "-" "Mozilla/5.0 AppleWebKit/537.36 (KHTML, like Gecko; compatible; ClaudeBot/1.0; +claudebot@anthropic.com)"
216.73.216.172 - - [10/Apr/2026:21:13:35 +0300] "GET /p/gaol21871777?id=1888035 HTTP/1.0" 404 2091 "-" "Mozilla/5.0 AppleWebKit/537.36 (KHTML, like Gecko; compatible; ClaudeBot/1.0; +claudebot@anthropic.com)"
216.73.216.172 - - [10/Apr/2026:21:13:38 +0300] "GET /p/passa11777184?id=1793442 HTTP/1.0" 404 2091 "-" "Mozilla/5.0 AppleWebKit/537.36 (KHTML, like Gecko; compatible; ClaudeBot/1.0; +claudebot@anthropic.com)"
15.235.98.223 - - [10/Apr/2026:21:13:37 +0300] "GET /sitemapn.xml HTTP/1.0" 200 21219 "-" "Mozilla/5.0 (compatible; AhrefsBot/7.0; +http://ahrefs.com/robot/)"
216.73.216.172 - - [10/Apr/2026:21:13:41 +0300] "GET /p/saw20950769?id=967027 HTTP/1.0" 404 2091 "-" "Mozilla/5.0 AppleWebKit/537.36 (KHTML, like Gecko; compatible; ClaudeBot/1.0; +claudebot@anthropic.com)"
216.73.216.172 - - [10/Apr/2026:21:13:44 +0300] "GET /p/sprin61937013?id=1953271 HTTP/1.0" 404 2091 "-" "Mozilla/5.0 AppleWebKit/537.36 (KHTML, like Gecko; compatible; ClaudeBot/1.0; +claudebot@anthropic.com)"
216.73.216.172 - - [10/Apr/2026:21:13:47 +0300] "GET /p/casse61299445?id=1315703 HTTP/1.0" 404 2091 "-" "Mozilla/5.0 AppleWebKit/537.36 (KHTML, like Gecko; compatible; ClaudeBot/1.0; +claudebot@anthropic.com)"
216.73.216.172 - - [10/Apr/2026:21:13:50 +0300] "GET /p/fligh31897322?id=1913580 HTTP/1.0" 404 2091 "-" "Mozilla/5.0 AppleWebKit/537.36 (KHTML, like Gecko; compatible; ClaudeBot/1.0; +claudebot@anthropic.com)"
216.73.216.172 - - [10/Apr/2026:21:13:53 +0300] "GET /p/inwar82062615?id=2078873 HTTP/1.0" 404 2091 "-" "Mozilla/5.0 AppleWebKit/537.36 (KHTML, like Gecko; compatible; ClaudeBot/1.0; +claudebot@anthropic.com)"
54.39.210.42 - - [10/Apr/2026:21:13:51 +0300] "GET /sitemapo.xml HTTP/1.0" 200 23129 "-" "Mozilla/5.0 (compatible; AhrefsBot/7.0; +http://ahrefs.com/robot/)"
74.7.227.61 - - [10/Apr/2026:21:13:55 +0300] "GET /p/stati60548605?id=564863 HTTP/1.0" 404 2091 "https://region-saitov.ru/sitemapn.xml" "Mozilla/5.0 AppleWebKit/537.36 (KHTML, like Gecko; compatible; GPTBot/1.3; +https://openai.com/gptbot)"
216.73.216.172 - - [10/Apr/2026:21:13:56 +0300] "GET /p/coin82956847?id=2973105 HTTP/1.0" 404 2091 "-" "Mozilla/5.0 AppleWebKit/537.36 (KHTML, like Gecko; compatible; ClaudeBot/1.0; +claudebot@anthropic.com)"
216.73.216.172 - - [10/Apr/2026:21:13:59 +0300] "GET /p/coura42173011?id=2189269 HTTP/1.0" 404 2091 "-" "Mozilla/5.0 AppleWebKit/537.36 (KHTML, like Gecko; compatible; ClaudeBot/1.0; +claudebot@anthropic.com)"
216.73.216.172 - - [10/Apr/2026:21:14:02 +0300] "GET /p/liabi71870334?id=1886592 HTTP/1.0" 404 2091 "-" "Mozilla/5.0 AppleWebKit/537.36 (KHTML, like Gecko; compatible; ClaudeBot/1.0; +claudebot@anthropic.com)"
216.73.216.172 - - [10/Apr/2026:21:14:05 +0300] "GET /p/holid52804132?id=2820390 HTTP/1.0" 404 2091 "-" "Mozilla/5.0 AppleWebKit/537.36 (KHTML, like Gecko; compatible; ClaudeBot/1.0; +claudebot@anthropic.com)"
216.73.216.172 - - [10/Apr/2026:21:14:08 +0300] "GET /p/well41829339?id=1845597 HTTP/1.0" 404 2091 "-" "Mozilla/5.0 AppleWebKit/537.36 (KHTML, like Gecko; compatible; ClaudeBot/1.0; +claudebot@anthropic.com)"
216.73.216.172 - - [10/Apr/2026:21:14:12 +0300] "GET /p/dam62871309?id=2887567 HTTP/1.0" 404 2188 "-" "Mozilla/5.0 AppleWebKit/537.36 (KHTML, like Gecko; compatible; ClaudeBot/1.0; +claudebot@anthropic.com)"
216.73.216.172 - - [10/Apr/2026:21:14:14 +0300] "GET /p/capab52073932?id=2090190 HTTP/1.0" 404 2091 "-" "Mozilla/5.0 AppleWebKit/537.36 (KHTML, like Gecko; compatible; ClaudeBot/1.0; +claudebot@anthropic.com)"
216.73.216.172 - - [10/Apr/2026:21:14:17 +0300] "GET /p/rob61739749?id=1756007 HTTP/1.0" 404 2091 "-" "Mozilla/5.0 AppleWebKit/537.36 (KHTML, like Gecko; compatible; ClaudeBot/1.0; +claudebot@anthropic.com)"
216.73.216.172 - - [10/Apr/2026:21:14:20 +0300] "GET /p/sass20043889?id=60147 HTTP/1.0" 404 2091 "-" "Mozilla/5.0 AppleWebKit/537.36 (KHTML, like Gecko; compatible; ClaudeBot/1.0; +claudebot@anthropic.com)"
74.7.227.61 - - [10/Apr/2026:21:14:23 +0300] "GET /p/bump60903661?id=919919 HTTP/1.0" 404 2091 "https://region-saitov.ru/sitemapl.xml" "Mozilla/5.0 AppleWebKit/537.36 (KHTML, like Gecko; compatible; GPTBot/1.3; +https://openai.com/gptbot)"
216.73.216.172 - - [10/Apr/2026:21:14:23 +0300] "GET /p/finge11029064?id=1045322 HTTP/1.0" 404 2091 "-" "Mozilla/5.0 AppleWebKit/537.36 (KHTML, like Gecko; compatible; ClaudeBot/1.0; +claudebot@anthropic.com)"
216.73.216.172 - - [10/Apr/2026:21:14:26 +0300] "GET /p/drip21026593?id=1042851 HTTP/1.0" 404 2091 "-" "Mozilla/5.0 AppleWebKit/537.36 (KHTML, like Gecko; compatible; ClaudeBot/1.0; +claudebot@anthropic.com)"
216.73.216.172 - - [10/Apr/2026:21:14:29 +0300] "GET /p/quick60696021?id=712279 HTTP/1.0" 404 2091 "-" "Mozilla/5.0 AppleWebKit/537.36 (KHTML, like Gecko; compatible; ClaudeBot/1.0; +claudebot@anthropic.com)"
216.73.216.172 - - [10/Apr/2026:21:14:32 +0300] "GET /p/bette30833338?id=849596 HTTP/1.0" 404 2091 "-" "Mozilla/5.0 AppleWebKit/537.36 (KHTML, like Gecko; compatible; ClaudeBot/1.0; +claudebot@anthropic.com)"
216.73.216.172 - - [10/Apr/2026:21:14:36 +0300] "GET /p/trim80647287?id=663545 HTTP/1.0" 404 2091 "-" "Mozilla/5.0 AppleWebKit/537.36 (KHTML, like Gecko; compatible; ClaudeBot/1.0; +claudebot@anthropic.com)"
216.73.216.172 - - [10/Apr/2026:21:14:39 +0300] "GET /p/headl62239013?id=2255271 HTTP/1.0" 404 2091 "-" "Mozilla/5.0 AppleWebKit/537.36 (KHTML, like Gecko; compatible; ClaudeBot/1.0; +claudebot@anthropic.com)"
168.100.149.11 - - [10/Apr/2026:21:14:40 +0300] "GET /robots.txt HTTP/1.0" 200 420 "-" "Mozilla/5.0 (compatible; AhrefsBot/7.0; +http://ahrefs.com/robot/)"
216.73.216.172 - - [10/Apr/2026:21:14:42 +0300] "GET /p/bad30769682?id=785940 HTTP/1.0" 404 2091 "-" "Mozilla/5.0 AppleWebKit/537.36 (KHTML, like Gecko; compatible; ClaudeBot/1.0; +claudebot@anthropic.com)"
216.73.216.172 - - [10/Apr/2026:21:14:45 +0300] "GET /p/comfo60648589?id=664847 HTTP/1.0" 404 2091 "-" "Mozilla/5.0 AppleWebKit/537.36 (KHTML, like Gecko; compatible; ClaudeBot/1.0; +claudebot@anthropic.com)"
216.73.216.172 - - [10/Apr/2026:21:14:48 +0300] "GET /p/week51148156?id=1164414 HTTP/1.0" 404 2091 "-" "Mozilla/5.0 AppleWebKit/537.36 (KHTML, like Gecko; compatible; ClaudeBot/1.0; +claudebot@anthropic.com)"
216.73.216.172 - - [10/Apr/2026:21:14:51 +0300] "GET /p/infec80087151?id=103409 HTTP/1.0" 404 2091 "-" "Mozilla/5.0 AppleWebKit/537.36 (KHTML, like Gecko; compatible; ClaudeBot/1.0; +claudebot@anthropic.com)"
74.7.227.61 - - [10/Apr/2026:21:14:51 +0300] "GET /p/since70893046?id=909304 HTTP/1.0" 404 2091 "https://region-saitov.ru/sitemapn.xml" "Mozilla/5.0 AppleWebKit/537.36 (KHTML, like Gecko; compatible; GPTBot/1.3; +https://openai.com/gptbot)"
168.100.149.229 - - [10/Apr/2026:21:14:51 +0300] "GET / HTTP/1.0" 200 24118 "-" "Mozilla/5.0 (compatible; AhrefsBot/7.0; +http://ahrefs.com/robot/)"
216.73.216.172 - - [10/Apr/2026:21:14:54 +0300] "GET /p/mirro60413005?id=429263 HTTP/1.0" 404 2091 "-" "Mozilla/5.0 AppleWebKit/537.36 (KHTML, like Gecko; compatible; ClaudeBot/1.0; +claudebot@anthropic.com)"
216.73.216.172 - - [10/Apr/2026:21:14:57 +0300] "GET /p/bathe60534493?id=550751 HTTP/1.0" 404 2091 "-" "Mozilla/5.0 AppleWebKit/537.36 (KHTML, like Gecko; compatible; ClaudeBot/1.0; +claudebot@anthropic.com)"
216.73.216.172 - - [10/Apr/2026:21:15:00 +0300] "GET /p/drip20938593?id=954851 HTTP/1.0" 404 2091 "-" "Mozilla/5.0 AppleWebKit/537.36 (KHTML, like Gecko; compatible; ClaudeBot/1.0; +claudebot@anthropic.com)"
216.73.216.172 - - [10/Apr/2026:21:15:05 +0300] "GET /p/orche20006585?id=22843 HTTP/1.0" 404 2188 "-" "Mozilla/5.0 AppleWebKit/537.36 (KHTML, like Gecko; compatible; ClaudeBot/1.0; +claudebot@anthropic.com)"
216.73.216.172 - - [10/Apr/2026:21:15:08 +0300] "GET /p/sword81851023?id=1867281 HTTP/1.0" 404 2091 "-" "Mozilla/5.0 AppleWebKit/537.36 (KHTML, like Gecko; compatible; ClaudeBot/1.0; +claudebot@anthropic.com)"
216.73.216.172 - - [10/Apr/2026:21:15:11 +0300] "GET /p/broad81786159?id=1802417 HTTP/1.0" 404 2091 "-" "Mozilla/5.0 AppleWebKit/537.36 (KHTML, like Gecko; compatible; ClaudeBot/1.0; +claudebot@anthropic.com)"
216.73.216.172 - - [10/Apr/2026:21:15:14 +0300] "GET /p/abuse70102158?id=118416 HTTP/1.0" 404 2091 "-" "Mozilla/5.0 AppleWebKit/537.36 (KHTML, like Gecko; compatible; ClaudeBot/1.0; +claudebot@anthropic.com)"
74.7.227.61 - - [10/Apr/2026:21:15:18 +0300] "GET /p/aboar50367580?id=383838 HTTP/1.0" 404 2091 "https://region-saitov.ru/sitemapf.xml" "Mozilla/5.0 AppleWebKit/537.36 (KHTML, like Gecko; compatible; GPTBot/1.3; +https://openai.com/gptbot)"
216.73.216.172 - - [10/Apr/2026:21:15:18 +0300] "GET /p/plain51352532?id=1368790 HTTP/1.0" 404 2188 "-" "Mozilla/5.0 AppleWebKit/537.36 (KHTML, like Gecko; compatible; ClaudeBot/1.0; +claudebot@anthropic.com)"
216.73.216.172 - - [10/Apr/2026:21:15:21 +0300] "GET /p/pool11376872?id=1393130 HTTP/1.0" 404 2091 "-" "Mozilla/5.0 AppleWebKit/537.36 (KHTML, like Gecko; compatible; ClaudeBot/1.0; +claudebot@anthropic.com)"
216.73.216.172 - - [10/Apr/2026:21:15:24 +0300] "GET /p/prote11960840?id=1977098 HTTP/1.0" 404 2091 "-" "Mozilla/5.0 AppleWebKit/537.36 (KHTML, like Gecko; compatible; ClaudeBot/1.0; +claudebot@anthropic.com)"
216.73.216.172 - - [10/Apr/2026:21:15:27 +0300] "GET /p/compi71610830?id=1627088 HTTP/1.0" 404 2091 "-" "Mozilla/5.0 AppleWebKit/537.36 (KHTML, like Gecko; compatible; ClaudeBot/1.0; +claudebot@anthropic.com)"
92.242.60.14 - - [10/Apr/2026:21:15:29 +0300] "GET / HTTP/1.0" 200 273999 "-" "https://reg.ru monitoring abuse@reg.ru"
216.73.216.172 - - [10/Apr/2026:21:15:30 +0300] "GET /p/of31217090?id=1233348 HTTP/1.0" 404 2091 "-" "Mozilla/5.0 AppleWebKit/537.36 (KHTML, like Gecko; compatible; ClaudeBot/1.0; +claudebot@anthropic.com)"
216.73.216.172 - - [10/Apr/2026:21:15:35 +0300] "GET /p/squar61469141?id=1485399 HTTP/1.0" 404 2188 "-" "Mozilla/5.0 AppleWebKit/537.36 (KHTML, like Gecko; compatible; ClaudeBot/1.0; +claudebot@anthropic.com)"
216.73.216.172 - - [10/Apr/2026:21:15:38 +0300] "GET /p/twelf22956513?id=2972771 HTTP/1.0" 404 2091 "-" "Mozilla/5.0 AppleWebKit/537.36 (KHTML, like Gecko; compatible; ClaudeBot/1.0; +claudebot@anthropic.com)"
216.73.216.172 - - [10/Apr/2026:21:15:41 +0300] "GET /p/meter21413729?id=1429987 HTTP/1.0" 404 2091 "-" "Mozilla/5.0 AppleWebKit/537.36 (KHTML, like Gecko; compatible; ClaudeBot/1.0; +claudebot@anthropic.com)"
216.73.216.172 - - [10/Apr/2026:21:15:44 +0300] "GET /p/aid32389586?id=2405844 HTTP/1.0" 404 2091 "-" "Mozilla/5.0 AppleWebKit/537.36 (KHTML, like Gecko; compatible; ClaudeBot/1.0; +claudebot@anthropic.com)"
74.7.227.61 - - [10/Apr/2026:21:15:46 +0300] "GET /p/be80004015?id=20273 HTTP/1.0" 404 2091 "https://region-saitov.ru/sitemapl.xml" "Mozilla/5.0 AppleWebKit/537.36 (KHTML, like Gecko; compatible; GPTBot/1.3; +https://openai.com/gptbot)"
216.73.216.172 - - [10/Apr/2026:21:15:47 +0300] "GET /p/tenth81625303?id=1641561 HTTP/1.0" 404 2091 "-" "Mozilla/5.0 AppleWebKit/537.36 (KHTML, like Gecko; compatible; ClaudeBot/1.0; +claudebot@anthropic.com)"
89.111.141.101 - - [10/Apr/2026:21:15:46 +0300] "GET / HTTP/1.0" 200 273999 "-" "https://reg.ru monitoring abuse@reg.ru"
216.73.216.172 - - [10/Apr/2026:21:15:50 +0300] "GET /p/cut71885382?id=1901640 HTTP/1.0" 404 2091 "-" "Mozilla/5.0 AppleWebKit/537.36 (KHTML, like Gecko; compatible; ClaudeBot/1.0; +claudebot@anthropic.com)"
216.73.216.172 - - [10/Apr/2026:21:15:53 +0300] "GET /p/optio12842024?id=2858282 HTTP/1.0" 404 2091 "-" "Mozilla/5.0 AppleWebKit/537.36 (KHTML, like Gecko; compatible; ClaudeBot/1.0; +claudebot@anthropic.com)"
216.73.216.172 - - [10/Apr/2026:21:15:56 +0300] "GET /p/fale80751967?id=768225 HTTP/1.0" 404 2091 "-" "Mozilla/5.0 AppleWebKit/537.36 (KHTML, like Gecko; compatible; ClaudeBot/1.0; +claudebot@anthropic.com)"
216.73.216.172 - - [10/Apr/2026:21:15:59 +0300] "GET /p/frown81678239?id=1694497 HTTP/1.0" 404 2091 "-" "Mozilla/5.0 AppleWebKit/537.36 (KHTML, like Gecko; compatible; ClaudeBot/1.0; +claudebot@anthropic.com)"
216.73.216.172 - - [10/Apr/2026:21:16:02 +0300] "GET /p/elsew42103299?id=2119557 HTTP/1.0" 404 2091 "-" "Mozilla/5.0 AppleWebKit/537.36 (KHTML, like Gecko; compatible; ClaudeBot/1.0; +claudebot@anthropic.com)"
216.73.216.172 - - [10/Apr/2026:21:16:05 +0300] "GET /p/aside70442750?id=459008 HTTP/1.0" 404 2091 "-" "Mozilla/5.0 AppleWebKit/537.36 (KHTML, like Gecko; compatible; ClaudeBot/1.0; +claudebot@anthropic.com)"
216.73.216.172 - - [10/Apr/2026:21:16:08 +0300] "GET /p/agend21575729?id=1591987 HTTP/1.0" 404 2091 "-" "Mozilla/5.0 AppleWebKit/537.36 (KHTML, like Gecko; compatible; ClaudeBot/1.0; +claudebot@anthropic.com)"
216.73.216.172 - - [10/Apr/2026:21:16:11 +0300] "GET /p/old61769197?id=1785455 HTTP/1.0" 404 2091 "-" "Mozilla/5.0 AppleWebKit/537.36 (KHTML, like Gecko; compatible; ClaudeBot/1.0; +claudebot@anthropic.com)"
216.73.216.172 - - [10/Apr/2026:21:16:14 +0300] "GET /p/store60252517?id=268775 HTTP/1.0" 404 2091 "-" "Mozilla/5.0 AppleWebKit/537.36 (KHTML, like Gecko; compatible; ClaudeBot/1.0; +claudebot@anthropic.com)"
74.7.227.61 - - [10/Apr/2026:21:16:14 +0300] "GET /p/fog71538766?id=1555024 HTTP/1.0" 404 2091 "https://region-saitov.ru/sitemapk.xml" "Mozilla/5.0 AppleWebKit/537.36 (KHTML, like Gecko; compatible; GPTBot/1.3; +https://openai.com/gptbot)"
216.73.216.172 - - [10/Apr/2026:21:16:19 +0300] "GET /p/cause41136203?id=1152461 HTTP/1.0" 404 2188 "-" "Mozilla/5.0 AppleWebKit/537.36 (KHTML, like Gecko; compatible; ClaudeBot/1.0; +claudebot@anthropic.com)"
216.73.216.172 - - [10/Apr/2026:21:16:21 +0300] "GET /p/socce20357673?id=373931 HTTP/1.0" 404 2091 "-" "Mozilla/5.0 AppleWebKit/537.36 (KHTML, like Gecko; compatible; ClaudeBot/1.0; +claudebot@anthropic.com)"
216.73.216.172 - - [10/Apr/2026:21:16:24 +0300] "GET /p/local72481590?id=2497848 HTTP/1.0" 404 2091 "-" "Mozilla/5.0 AppleWebKit/537.36 (KHTML, like Gecko; compatible; ClaudeBot/1.0; +claudebot@anthropic.com)"
216.73.216.172 - - [10/Apr/2026:21:16:27 +0300] "GET /p/metho72152446?id=2168704 HTTP/1.0" 404 2091 "-" "Mozilla/5.0 AppleWebKit/537.36 (KHTML, like Gecko; compatible; ClaudeBot/1.0; +claudebot@anthropic.com)"
