89.111.141.101 - - [10/Apr/2026:12:07:59 +0300] "GET / HTTP/1.0" 200 273999 "-" "https://reg.ru monitoring abuse@reg.ru"
89.111.170.8 - - [10/Apr/2026:12:08:05 +0300] "GET / HTTP/1.0" 200 273999 "-" "https://reg.ru monitoring abuse@reg.ru"
80.253.251.190 - - [10/Apr/2026:12:09:20 +0300] "GET / HTTP/1.0" 200 24118 "-" "Mozilla/5.0 (Windows NT 10.0; Win64; x64) AppleWebKit/537.36 (KHTML, like Gecko) Chrome/124.0.0.0 Safari/537.36"
80.253.251.190 - - [10/Apr/2026:12:09:31 +0300] "GET //cart HTTP/1.0" 404 2188 "-" "Mozilla/5.0 (Windows NT 10.0; Win64; x64) AppleWebKit/537.36 (KHTML, like Gecko) Chrome/124.0.0.0 Safari/537.36"
109.237.104.58 - - [10/Apr/2026:12:09:55 +0300] "GET /rs-grey.png HTTP/1.1" 200 2424 "https://markains.ru/" "Mozilla/5.0 (Windows NT 10.0; Win64; x64; rv:149.0) Gecko/20100101 Firefox/149.0"
85.140.5.110 - - [10/Apr/2026:12:10:33 +0300] "GET /cdh.mp4 HTTP/1.0" 206 20087720 "https://cdh-implant.ru/" "Mozilla/5.0 (Linux; Android 10; K) AppleWebKit/537.36 (KHTML, like Gecko) SamsungBrowser/29.0 Chrome/136.0.0.0 Mobile Safari/537.36"
138.246.253.24 - - [10/Apr/2026:12:10:40 +0300] "GET /robots.txt HTTP/1.0" 200 587 "-" "Mozilla/5.0 (Windows NT 10.0; Win64; x64) AppleWebKit/537.36 (KHTML, like Gecko) Chrome/103.0.5060.134 Safari/537.36"
79.127.248.2 - - [10/Apr/2026:12:10:51 +0300] "GET / HTTP/1.0" 200 24119 "-" "Mozilla/5.0 (Macintosh; Intel Mac OS X 10_15_7) AppleWebKit/537.36 (KHTML, like Gecko) Chrome/120.0.0.0 Safari/537.36"
79.127.248.2 - - [10/Apr/2026:12:10:56 +0300] "GET / HTTP/1.0" 200 24118 "-" "Mozilla/5.0 (Macintosh; Intel Mac OS X 11_0_0) AppleWebKit/537.36 (KHTML, like Gecko) Chrome/87.0.4280.88 Safari/537.36"
80.253.251.190 - - [10/Apr/2026:12:10:58 +0300] "GET / HTTP/1.0" 200 24119 "-" "Mozilla/5.0 (Windows NT 10.0; Win64; x64) AppleWebKit/537.36 (KHTML, like Gecko) Chrome/124.0.0.0 Safari/537.36"
79.127.248.2 - - [10/Apr/2026:12:11:00 +0300] "GET /media/vendor/bootstrap/js/scrollspy.min.js?5.3.2 HTTP/1.1" 200 4096 "https://region-saitov.ru/" "Mozilla/5.0 (Macintosh; Intel Mac OS X 11_0_0) AppleWebKit/537.36 (KHTML, like Gecko) Chrome/87.0.4280.88 Safari/537.36"
79.127.248.2 - - [10/Apr/2026:12:11:00 +0300] "GET /media/vendor/bootstrap/js/modal.min.js?5.3.2 HTTP/1.1" 200 7145 "https://region-saitov.ru/" "Mozilla/5.0 (Macintosh; Intel Mac OS X 11_0_0) AppleWebKit/537.36 (KHTML, like Gecko) Chrome/87.0.4280.88 Safari/537.36"
79.127.248.2 - - [10/Apr/2026:12:11:00 +0300] "GET /media/vendor/bootstrap/js/tab.min.js?5.3.2 HTTP/1.1" 200 4965 "https://region-saitov.ru/" "Mozilla/5.0 (Macintosh; Intel Mac OS X 11_0_0) AppleWebKit/537.36 (KHTML, like Gecko) Chrome/87.0.4280.88 Safari/537.36"
79.127.248.2 - - [10/Apr/2026:12:11:00 +0300] "GET /media/vendor/bootstrap/js/alert.min.js?5.3.2 HTTP/1.1" 200 987 "https://region-saitov.ru/" "Mozilla/5.0 (Macintosh; Intel Mac OS X 11_0_0) AppleWebKit/537.36 (KHTML, like Gecko) Chrome/87.0.4280.88 Safari/537.36"
79.127.248.2 - - [10/Apr/2026:12:11:00 +0300] "GET /components/com_sppagebuilder/assets/js/jquery.magnific-popup.min.js HTTP/1.1" 200 20321 "https://region-saitov.ru/" "Mozilla/5.0 (Macintosh; Intel Mac OS X 11_0_0) AppleWebKit/537.36 (KHTML, like Gecko) Chrome/87.0.4280.88 Safari/537.36"
79.127.248.2 - - [10/Apr/2026:12:11:00 +0300] "GET /media/system/js/messages.min.js?7f7aa28ac8e8d42145850e8b45b3bc82ff9a6411 HTTP/1.1" 200 5598 "https://region-saitov.ru/" "Mozilla/5.0 (Macintosh; Intel Mac OS X 11_0_0) AppleWebKit/537.36 (KHTML, like Gecko) Chrome/87.0.4280.88 Safari/537.36"
79.127.248.2 - - [10/Apr/2026:12:11:00 +0300] "GET /media/system/js/core.min.js?37ffe4186289eba9c5df81bea44080aff77b9684 HTTP/1.1" 200 7662 "https://region-saitov.ru/" "Mozilla/5.0 (Macintosh; Intel Mac OS X 11_0_0) AppleWebKit/537.36 (KHTML, like Gecko) Chrome/87.0.4280.88 Safari/537.36"
79.127.248.2 - - [10/Apr/2026:12:11:00 +0300] "GET /components/com_sppagebuilder/assets/js/addons/image.js HTTP/1.1" 200 2417 "https://region-saitov.ru/" "Mozilla/5.0 (Macintosh; Intel Mac OS X 11_0_0) AppleWebKit/537.36 (KHTML, like Gecko) Chrome/87.0.4280.88 Safari/537.36"
79.127.248.2 - - [10/Apr/2026:12:11:00 +0300] "GET /components/com_sppagebuilder/assets/js/jquery.parallax.js?0e2c506aa593d331478b48ba5314a03f HTTP/1.1" 200 898 "https://region-saitov.ru/" "Mozilla/5.0 (Macintosh; Intel Mac OS X 11_0_0) AppleWebKit/537.36 (KHTML, like Gecko) Chrome/87.0.4280.88 Safari/537.36"
79.127.248.2 - - [10/Apr/2026:12:11:00 +0300] "GET /media/legacy/js/jquery-noconflict.min.js?647005fc12b79b3ca2bb30c059899d5994e3e34d HTTP/1.1" 200 27 "https://region-saitov.ru/" "Mozilla/5.0 (Macintosh; Intel Mac OS X 11_0_0) AppleWebKit/537.36 (KHTML, like Gecko) Chrome/87.0.4280.88 Safari/537.36"
79.127.248.2 - - [10/Apr/2026:12:11:00 +0300] "GET /media/vendor/bootstrap/js/carousel.min.js?5.3.2 HTTP/1.1" 200 5752 "https://region-saitov.ru/" "Mozilla/5.0 (Macintosh; Intel Mac OS X 11_0_0) AppleWebKit/537.36 (KHTML, like Gecko) Chrome/87.0.4280.88 Safari/537.36"
79.127.248.2 - - [10/Apr/2026:12:11:00 +0300] "GET /media/vendor/bootstrap/js/button.min.js?5.3.2 HTTP/1.1" 200 787 "https://region-saitov.ru/" "Mozilla/5.0 (Macintosh; Intel Mac OS X 11_0_0) AppleWebKit/537.36 (KHTML, like Gecko) Chrome/87.0.4280.88 Safari/537.36"
79.127.248.2 - - [10/Apr/2026:12:11:00 +0300] "GET /media/system/js/showon.min.js?f79c256660e2c0ca2179cf7f3168ea8143e1af82 HTTP/1.1" 200 3553 "https://region-saitov.ru/" "Mozilla/5.0 (Macintosh; Intel Mac OS X 11_0_0) AppleWebKit/537.36 (KHTML, like Gecko) Chrome/87.0.4280.88 Safari/537.36"
79.127.248.2 - - [10/Apr/2026:12:11:00 +0300] "GET /media/vendor/bootstrap/js/popover.min.js?5.3.2 HTTP/1.1" 200 11314 "https://region-saitov.ru/" "Mozilla/5.0 (Macintosh; Intel Mac OS X 11_0_0) AppleWebKit/537.36 (KHTML, like Gecko) Chrome/87.0.4280.88 Safari/537.36"
79.127.248.2 - - [10/Apr/2026:12:11:00 +0300] "GET /media/vendor/bootstrap/js/toast.min.js?5.3.2 HTTP/1.1" 200 2789 "https://region-saitov.ru/" "Mozilla/5.0 (Macintosh; Intel Mac OS X 11_0_0) AppleWebKit/537.36 (KHTML, like Gecko) Chrome/87.0.4280.88 Safari/537.36"
79.127.248.2 - - [10/Apr/2026:12:11:00 +0300] "GET /components/com_sppagebuilder/assets/js/addons/text_block.js HTTP/1.1" 200 690 "https://region-saitov.ru/" "Mozilla/5.0 (Macintosh; Intel Mac OS X 11_0_0) AppleWebKit/537.36 (KHTML, like Gecko) Chrome/87.0.4280.88 Safari/537.36"
79.127.248.2 - - [10/Apr/2026:12:11:00 +0300] "GET /media/vendor/bootstrap/js/offcanvas.min.js?5.3.2 HTTP/1.1" 200 3552 "https://region-saitov.ru/" "Mozilla/5.0 (Macintosh; Intel Mac OS X 11_0_0) AppleWebKit/537.36 (KHTML, like Gecko) Chrome/87.0.4280.88 Safari/537.36"
79.127.248.2 - - [10/Apr/2026:12:11:00 +0300] "GET /media/vendor/bootstrap/js/collapse.min.js?5.3.2 HTTP/1.1" 200 4047 "https://region-saitov.ru/" "Mozilla/5.0 (Macintosh; Intel Mac OS X 11_0_0) AppleWebKit/537.36 (KHTML, like Gecko) Chrome/87.0.4280.88 Safari/537.36"
79.127.248.2 - - [10/Apr/2026:12:11:00 +0300] "GET /components/com_sppagebuilder/assets/js/common.js HTTP/1.1" 200 144 "https://region-saitov.ru/" "Mozilla/5.0 (Macintosh; Intel Mac OS X 11_0_0) AppleWebKit/537.36 (KHTML, like Gecko) Chrome/87.0.4280.88 Safari/537.36"
79.127.248.2 - - [10/Apr/2026:12:11:00 +0300] "GET /media/vendor/bootstrap/js/dropdown.min.js?5.3.2 HTTP/1.1" 200 6220 "https://region-saitov.ru/" "Mozilla/5.0 (Macintosh; Intel Mac OS X 11_0_0) AppleWebKit/537.36 (KHTML, like Gecko) Chrome/87.0.4280.88 Safari/537.36"
79.127.248.2 - - [10/Apr/2026:12:11:00 +0300] "GET /templates/shaper_helixultimate/js/main.js HTTP/1.1" 200 9807 "https://region-saitov.ru/" "Mozilla/5.0 (Macintosh; Intel Mac OS X 11_0_0) AppleWebKit/537.36 (KHTML, like Gecko) Chrome/87.0.4280.88 Safari/537.36"
79.127.248.2 - - [10/Apr/2026:12:11:00 +0300] "GET /plugins/system/spcookieconsent/assets/js/script.js HTTP/1.1" 200 663 "https://region-saitov.ru/" "Mozilla/5.0 (Macintosh; Intel Mac OS X 11_0_0) AppleWebKit/537.36 (KHTML, like Gecko) Chrome/87.0.4280.88 Safari/537.36"
79.127.248.2 - - [10/Apr/2026:12:11:00 +0300] "GET /media/vendor/jquery/js/jquery.min.js?3.7.1 HTTP/1.1" 200 87533 "https://region-saitov.ru/" "Mozilla/5.0 (Macintosh; Intel Mac OS X 11_0_0) AppleWebKit/537.36 (KHTML, like Gecko) Chrome/87.0.4280.88 Safari/537.36"
79.127.248.2 - - [10/Apr/2026:12:11:03 +0300] "GET /modules/mod_djmegamenu/assets/js/jquery.djmegamenu.min.js?4.4.1.pro HTTP/1.1" 200 14294 "https://region-saitov.ru/" "Mozilla/5.0 (Macintosh; Intel Mac OS X 11_0_0) AppleWebKit/537.36 (KHTML, like Gecko) Chrome/87.0.4280.88 Safari/537.36"
79.127.248.2 - - [10/Apr/2026:12:11:03 +0300] "GET /media/vendor/bootstrap/js/dom.min.js?5.3.0 HTTP/1.1" 200 18838 "https://region-saitov.ru/media/vendor/bootstrap/js/alert.min.js?5.3.2" "Mozilla/5.0 (Macintosh; Intel Mac OS X 11_0_0) AppleWebKit/537.36 (KHTML, like Gecko) Chrome/87.0.4280.88 Safari/537.36"
79.127.248.2 - - [10/Apr/2026:12:11:03 +0300] "GET /modules/mod_djmegamenu/assets/js/jquery.djmobilemenu.min.js?4.4.1.pro HTTP/1.1" 200 9012 "https://region-saitov.ru/" "Mozilla/5.0 (Macintosh; Intel Mac OS X 11_0_0) AppleWebKit/537.36 (KHTML, like Gecko) Chrome/87.0.4280.88 Safari/537.36"
79.127.248.2 - - [10/Apr/2026:12:11:03 +0300] "GET /media/vendor/bootstrap/js/popper.min.js?5.3.0 HTTP/1.1" 200 20635 "https://region-saitov.ru/media/vendor/bootstrap/js/dropdown.min.js?5.3.2" "Mozilla/5.0 (Macintosh; Intel Mac OS X 11_0_0) AppleWebKit/537.36 (KHTML, like Gecko) Chrome/87.0.4280.88 Safari/537.36"
52.167.144.215 - - [10/Apr/2026:12:11:03 +0300] "GET /sitemap.xml=* HTTP/1.0" 404 2188 "-" "Mozilla/5.0 AppleWebKit/537.36 (KHTML, like Gecko; compatible; bingbot/2.0; +http://www.bing.com/bingbot.htm) Chrome/116.0.1938.76 Safari/537.36"
79.127.248.2 - - [10/Apr/2026:12:11:03 +0300] "GET /components/com_sppagebuilder/assets/js/sppagebuilder.js?0e2c506aa593d331478b48ba5314a03f HTTP/1.1" 200 82144 "https://region-saitov.ru/" "Mozilla/5.0 (Macintosh; Intel Mac OS X 11_0_0) AppleWebKit/537.36 (KHTML, like Gecko) Chrome/87.0.4280.88 Safari/537.36"
79.127.248.2 - - [10/Apr/2026:12:11:04 +0300] "GET /modules/mod_mycityselector/tmpl/webpack/mcs-modal/dist/build.js HTTP/1.1" 200 237796 "https://region-saitov.ru/" "Mozilla/5.0 (Macintosh; Intel Mac OS X 11_0_0) AppleWebKit/537.36 (KHTML, like Gecko) Chrome/87.0.4280.88 Safari/537.36"
80.253.251.190 - - [10/Apr/2026:12:11:04 +0300] "GET //cart HTTP/1.0" 404 2188 "-" "Mozilla/5.0 (Windows NT 10.0; Win64; x64) AppleWebKit/537.36 (KHTML, like Gecko) Chrome/124.0.0.0 Safari/537.36"
79.127.248.2 - - [10/Apr/2026:12:11:08 +0300] "GET /images/fav.png HTTP/1.1" 200 19976 "-" "Mozilla/5.0 (Macintosh; Intel Mac OS X 10_15_7) AppleWebKit/537.36 (KHTML, like Gecko) Chrome/120.0.0.0 Safari/537.36"
92.242.60.14 - - [10/Apr/2026:12:11:33 +0300] "GET / HTTP/1.0" 200 273999 "-" "https://reg.ru monitoring abuse@reg.ru"
80.253.251.190 - - [10/Apr/2026:12:12:05 +0300] "GET / HTTP/1.0" 200 24117 "-" "Mozilla/5.0 (Windows NT 10.0; Win64; x64) AppleWebKit/537.36 (KHTML, like Gecko) Chrome/124.0.0.0 Safari/537.36"
80.253.251.190 - - [10/Apr/2026:12:12:11 +0300] "GET //cart HTTP/1.0" 404 2188 "-" "Mozilla/5.0 (Windows NT 10.0; Win64; x64) AppleWebKit/537.36 (KHTML, like Gecko) Chrome/124.0.0.0 Safari/537.36"
95.37.233.112 - - [10/Apr/2026:12:12:49 +0300] "GET /rs-blue.png HTTP/1.1" 200 2931 "https://xn----7sbqqeyelgcdbhp.xn--p1ai/" "Mozilla/5.0 (X11; Linux x86_64) AppleWebKit/537.36 (KHTML, like Gecko) Chrome/144.0.7559.119 YaBrowser/26.3.5.119.00 Safari/537.36"
52.12.236.46 - - [10/Apr/2026:12:12:53 +0300] "GET /rs-blue.png HTTP/1.1" 200 2931 "https://xn----7sbqqeyelgcdbhp.xn--p1ai/" "Mozilla/5.0 (Windows NT 10.0; Win64; x64) AppleWebKit/537.36 (KHTML, like Gecko) Chrome/144.0.0.0 YaBrowser/26.3.0.0 Safari/537.36"
89.111.141.101 - - [10/Apr/2026:12:13:05 +0300] "GET / HTTP/1.0" 200 273999 "-" "https://reg.ru monitoring abuse@reg.ru"
51.68.111.244 - - [10/Apr/2026:12:13:11 +0300] "GET /robots.txt HTTP/1.0" 200 420 "-" "Mozilla/5.0 (compatible; MJ12bot/v2.0.5; http://mj12bot.com/)"
89.111.170.8 - - [10/Apr/2026:12:13:11 +0300] "GET / HTTP/1.0" 200 273999 "-" "https://reg.ru monitoring abuse@reg.ru"
51.68.111.244 - - [10/Apr/2026:12:13:12 +0300] "GET / HTTP/1.0" 200 24117 "-" "Mozilla/5.0 (compatible; MJ12bot/v2.0.5; http://mj12bot.com/)"
178.206.184.48 - - [10/Apr/2026:12:13:19 +0300] "GET /cdh.mp4 HTTP/1.0" 206 21715483 "https://cdh-implant.ru/" "Mozilla/5.0 (Linux; Android 10; K) AppleWebKit/537.36 (KHTML, like Gecko) Chrome/146.0.0.0 Mobile Safari/537.36"
178.206.184.48 - - [10/Apr/2026:12:13:19 +0300] "GET /cdh.mp4 HTTP/1.0" 206 55839 "https://cdh-implant.ru/" "Mozilla/5.0 (Linux; Android 10; K) AppleWebKit/537.36 (KHTML, like Gecko) Chrome/146.0.0.0 Mobile Safari/537.36"
178.206.184.48 - - [10/Apr/2026:12:13:19 +0300] "GET /cdh.mp4 HTTP/1.0" 206 55839 "https://cdh-implant.ru/" "Mozilla/5.0 (Linux; Android 10; K) AppleWebKit/537.36 (KHTML, like Gecko) Chrome/146.0.0.0 Mobile Safari/537.36"
178.206.184.48 - - [10/Apr/2026:12:13:20 +0300] "GET /cdh.mp4 HTTP/1.0" 206 21578351 "https://cdh-implant.ru/" "Mozilla/5.0 (Linux; Android 10; K) AppleWebKit/537.36 (KHTML, like Gecko) Chrome/146.0.0.0 Mobile Safari/537.36"
216.73.216.172 - - [10/Apr/2026:12:14:36 +0300] "GET /sitemapd.xml HTTP/1.0" 200 19083 "-" "Mozilla/5.0 AppleWebKit/537.36 (KHTML, like Gecko; compatible; ClaudeBot/1.0; +claudebot@anthropic.com)"
47.128.119.150 - - [10/Apr/2026:12:15:36 +0300] "GET /rs-grey.png HTTP/1.1" 206 500 "http://www.cpo-dopusk.ru/" "Mozilla/5.0 (Linux; Android 5.0) AppleWebKit/537.36 (KHTML, like Gecko) Mobile Safari/537.36 (compatible; TikTokSpider; ttspider-feedback@tiktok.com)"
92.242.60.14 - - [10/Apr/2026:12:16:43 +0300] "GET / HTTP/1.0" 200 273999 "-" "https://reg.ru monitoring abuse@reg.ru"
51.195.183.138 - - [10/Apr/2026:12:17:59 +0300] "GET /sitemapb.xml HTTP/1.0" 200 15033 "-" "Mozilla/5.0 (compatible; AhrefsBot/7.0; +http://ahrefs.com/robot/)"
89.111.141.101 - - [10/Apr/2026:12:18:08 +0300] "GET / HTTP/1.0" 200 273999 "-" "https://reg.ru monitoring abuse@reg.ru"
89.111.170.8 - - [10/Apr/2026:12:18:13 +0300] "GET / HTTP/1.0" 200 273999 "-" "https://reg.ru monitoring abuse@reg.ru"
158.160.38.52 - - [10/Apr/2026:12:18:27 +0300] "GET / HTTP/1.0" 200 24119 "-" "Mozilla/5.0 (compatible; DomainsCrawler/1.0; +http://89.110.82.210:8080)"
158.160.38.52 - - [10/Apr/2026:12:18:27 +0300] "GET / HTTP/1.0" 200 24022 "-" "Mozilla/5.0 (compatible; DomainsCrawler/1.0; +http://89.110.82.210:8080)"
158.160.38.52 - - [10/Apr/2026:12:18:28 +0300] "GET /reklama-sajtov HTTP/1.0" 200 20704 "-" "Mozilla/5.0 (compatible; DomainsCrawler/1.0; +http://89.110.82.210:8080)"
158.160.38.52 - - [10/Apr/2026:12:18:28 +0300] "GET /prodvizhenie-sajtov HTTP/1.0" 200 24743 "-" "Mozilla/5.0 (compatible; DomainsCrawler/1.0; +http://89.110.82.210:8080)"
158.160.38.52 - - [10/Apr/2026:12:18:28 +0300] "GET /sozdanie-sajtov HTTP/1.0" 200 30871 "-" "Mozilla/5.0 (compatible; DomainsCrawler/1.0; +http://89.110.82.210:8080)"
158.160.38.52 - - [10/Apr/2026:12:18:29 +0300] "GET /privacy-policy HTTP/1.0" 200 14627 "-" "Mozilla/5.0 (compatible; DomainsCrawler/1.0; +http://89.110.82.210:8080)"
158.160.38.52 - - [10/Apr/2026:12:18:29 +0300] "GET /kontakty HTTP/1.0" 200 14762 "-" "Mozilla/5.0 (compatible; DomainsCrawler/1.0; +http://89.110.82.210:8080)"
158.160.38.52 - - [10/Apr/2026:12:18:29 +0300] "GET /portfolio HTTP/1.0" 200 24379 "-" "Mozilla/5.0 (compatible; DomainsCrawler/1.0; +http://89.110.82.210:8080)"
176.213.124.119 - - [10/Apr/2026:12:18:39 +0300] "POST /591afca4b366.php HTTP/1.0" 403 487 "-" "Mozilla/5.0 (X11; Linux i686 on x86_64; rv:45.0) Gecko/20100101 Firefox/45.0"
94.51.116.93 - - [10/Apr/2026:12:19:25 +0300] "GET /cdh.mp4 HTTP/1.0" 206 21715483 "https://cdh-implant.ru/" "Mozilla/5.0 (Windows NT 10.0; Win64; x64) AppleWebKit/537.36 (KHTML, like Gecko) Chrome/144.0.0.0 YaBrowser/26.3.0.0 Safari/537.36"
94.51.116.93 - - [10/Apr/2026:12:19:26 +0300] "GET /cdh.mp4 HTTP/1.0" 206 55839 "https://cdh-implant.ru/" "Mozilla/5.0 (Windows NT 10.0; Win64; x64) AppleWebKit/537.36 (KHTML, like Gecko) Chrome/144.0.0.0 YaBrowser/26.3.0.0 Safari/537.36"
94.51.116.93 - - [10/Apr/2026:12:19:26 +0300] "GET /cdh.mp4 HTTP/1.0" 206 21594735 "https://cdh-implant.ru/" "Mozilla/5.0 (Windows NT 10.0; Win64; x64) AppleWebKit/537.36 (KHTML, like Gecko) Chrome/144.0.0.0 YaBrowser/26.3.0.0 Safari/537.36"
92.242.60.14 - - [10/Apr/2026:12:21:52 +0300] "GET / HTTP/1.0" 200 273999 "-" "https://reg.ru monitoring abuse@reg.ru"
89.111.141.101 - - [10/Apr/2026:12:23:09 +0300] "GET / HTTP/1.0" 200 273999 "-" "https://reg.ru monitoring abuse@reg.ru"
89.111.170.8 - - [10/Apr/2026:12:23:22 +0300] "GET / HTTP/1.0" 200 273999 "-" "https://reg.ru monitoring abuse@reg.ru"
176.52.76.114 - - [10/Apr/2026:12:24:04 +0300] "GET /rs-white.png HTTP/1.1" 200 2176 "https://germetikprof.ru/" "Mozilla/5.0 (Linux; Android 10; K) AppleWebKit/537.36 (KHTML, like Gecko) Chrome/148.0.0.0 Mobile Safari/537.36"
92.242.60.14 - - [10/Apr/2026:12:27:00 +0300] "GET / HTTP/1.0" 200 273999 "-" "https://reg.ru monitoring abuse@reg.ru"
89.111.141.101 - - [10/Apr/2026:12:28:11 +0300] "GET / HTTP/1.0" 200 273999 "-" "https://reg.ru monitoring abuse@reg.ru"
89.111.170.8 - - [10/Apr/2026:12:28:38 +0300] "GET / HTTP/1.0" 200 273999 "-" "https://reg.ru monitoring abuse@reg.ru"
74.125.151.3 - - [10/Apr/2026:12:29:02 +0300] "GET /rs-blue.png HTTP/1.1" 200 2931 "https://mishkagastrobar.ru/" "Mozilla/5.0 (X11; Linux x86_64) AppleWebKit/537.36 (KHTML, like Gecko) Chrome/146.0.7680.164 Safari/537.36"
185.42.26.59 - - [10/Apr/2026:12:30:21 +0300] "GET /rs-blue.png HTTP/1.1" 200 2931 "https://xn--d1aifpbankex.xn--p1ai/" "Mozilla/5.0 (Windows NT 10.0; Win64; x64) AppleWebKit/537.36 (KHTML, like Gecko) Chrome/146.0.7680.80 YaBrowser/24.4.0.2121 Safari/537.36"
90.151.145.1 - - [10/Apr/2026:12:31:19 +0300] "GET /cdh.mp4 HTTP/1.0" 206 21715483 "https://cdh-implant.ru/" "Mozilla/5.0 (Linux; arm_64; Android 14; TECNO LH7n) AppleWebKit/537.36 (KHTML, like Gecko) Chrome/144.0.7559.119 YaBrowser/26.3.5.119.00 Mobile Safari/537.36"
90.151.145.1 - - [10/Apr/2026:12:31:19 +0300] "GET /cdh.mp4 HTTP/1.0" 206 55839 "https://cdh-implant.ru/" "Mozilla/5.0 (Linux; arm_64; Android 14; TECNO LH7n) AppleWebKit/537.36 (KHTML, like Gecko) Chrome/144.0.7559.119 YaBrowser/26.3.5.119.00 Mobile Safari/537.36"
90.151.145.1 - - [10/Apr/2026:12:31:19 +0300] "GET /cdh.mp4 HTTP/1.0" 206 21594735 "https://cdh-implant.ru/" "Mozilla/5.0 (Linux; arm_64; Android 14; TECNO LH7n) AppleWebKit/537.36 (KHTML, like Gecko) Chrome/144.0.7559.119 YaBrowser/26.3.5.119.00 Mobile Safari/537.36"
95.78.20.44 - - [10/Apr/2026:12:31:52 +0300] "GET /rs-white.png HTTP/1.1" 200 2176 "https://dks.riat.ru/" "Mozilla/5.0 (Linux; arm_64; Android 16; SM-S9210) AppleWebKit/537.36 (KHTML, like Gecko) Chrome/144.0.7559.119 YaBrowser/26.3.5.119.00 Mobile Safari/537.36"
92.242.60.14 - - [10/Apr/2026:12:32:12 +0300] "GET / HTTP/1.0" 200 273999 "-" "https://reg.ru monitoring abuse@reg.ru"
94.77.33.34 - - [10/Apr/2026:12:32:33 +0300] "GET /rs-blue.png HTTP/1.1" 200 2931 "https://xn----7sbkbf1bmuairr.xn--p1ai/" "Mozilla/5.0 (Linux; Android 10; K) AppleWebKit/537.36 (KHTML, like Gecko) Chrome/146.0.0.0 Mobile Safari/537.36"
216.73.216.172 - - [10/Apr/2026:12:32:55 +0300] "GET /sitemaph.xml HTTP/1.0" 200 26645 "-" "Mozilla/5.0 AppleWebKit/537.36 (KHTML, like Gecko; compatible; ClaudeBot/1.0; +claudebot@anthropic.com)"
89.111.141.101 - - [10/Apr/2026:12:33:21 +0300] "GET / HTTP/1.0" 200 273999 "-" "https://reg.ru monitoring abuse@reg.ru"
92.255.194.129 - - [10/Apr/2026:12:33:36 +0300] "GET /rs-blue.png HTTP/1.1" 200 2931 "https://www.dosaaf-tetushi.ru/" "Mozilla/5.0 (Windows NT 10.0; Win64; x64) AppleWebKit/537.36 (KHTML, like Gecko) Chrome/146.0.0.0 Safari/537.36"
89.111.170.8 - - [10/Apr/2026:12:33:40 +0300] "GET / HTTP/1.0" 200 273999 "-" "https://reg.ru monitoring abuse@reg.ru"
176.52.32.103 - - [10/Apr/2026:12:34:09 +0300] "GET /rs-blue.png HTTP/1.1" 200 2931 "https://xn----7sbkbf1bmuairr.xn--p1ai/" "Mozilla/5.0 (Linux; arm_64; Android 12; CTR-L91) AppleWebKit/537.36 (KHTML, like Gecko) Chrome/144.0.7559.122 YaBrowser/26.3.5.122.00 Mobile Safari/537.36"
5.255.231.202 - - [10/Apr/2026:12:35:00 +0300] "GET /robots.txt HTTP/1.0" 200 587 "-" "Mozilla/5.0 (compatible; YandexBot/3.0; +http://yandex.com/bots)"
43.166.226.57 - - [10/Apr/2026:12:35:01 +0300] "GET / HTTP/1.1" 301 196 "-" "Mozilla/5.0 (iPhone; CPU iPhone OS 13_2_3 like Mac OS X) AppleWebKit/605.1.15 (KHTML, like Gecko) Version/13.0.3 Mobile/15E148 Safari/604.1"
43.166.226.57 - - [10/Apr/2026:12:35:03 +0300] "GET / HTTP/1.0" 302 303 "http://www.region-saitov.ru" "Mozilla/5.0 (iPhone; CPU iPhone OS 13_2_3 like Mac OS X) AppleWebKit/605.1.15 (KHTML, like Gecko) Version/13.0.3 Mobile/15E148 Safari/604.1"
43.166.226.57 - - [10/Apr/2026:12:35:04 +0300] "GET / HTTP/1.0" 200 24117 "https://www.region-saitov.ru:443/" "Mozilla/5.0 (iPhone; CPU iPhone OS 13_2_3 like Mac OS X) AppleWebKit/605.1.15 (KHTML, like Gecko) Version/13.0.3 Mobile/15E148 Safari/604.1"
185.27.192.81 - - [10/Apr/2026:12:36:53 +0300] "GET /rs-white.png HTTP/1.1" 200 2176 "https://bazasetok.ru/" "Mozilla/5.0 (Windows NT 10.0; Win64; x64; rv:147.0) Gecko/20100101 Firefox/147.0"
92.242.60.14 - - [10/Apr/2026:12:37:23 +0300] "GET / HTTP/1.0" 200 273999 "-" "https://reg.ru monitoring abuse@reg.ru"
89.111.141.101 - - [10/Apr/2026:12:38:28 +0300] "GET / HTTP/1.0" 200 273999 "-" "https://reg.ru monitoring abuse@reg.ru"
109.252.215.172 - - [10/Apr/2026:12:38:34 +0300] "GET /rs-blue.png HTTP/1.1" 200 2931 "https://stolraskroychelny.ru/" "Mozilla/5.0 (Linux; Android 10; K) AppleWebKit/537.36 (KHTML, like Gecko) Chrome/146.0.0.0 Mobile Safari/537.36"
89.111.170.8 - - [10/Apr/2026:12:38:41 +0300] "GET / HTTP/1.0" 200 273999 "-" "https://reg.ru monitoring abuse@reg.ru"
176.52.115.10 - - [10/Apr/2026:12:40:29 +0300] "GET /cdh.mp4 HTTP/1.0" 206 21715483 "https://cdh-implant.ru/" "Mozilla/5.0 (Windows NT 10.0; Win64; x64) AppleWebKit/537.36 (KHTML, like Gecko) Chrome/145.0.0.0 Safari/537.36 OPR/129.0.0.0 (Edition Yx 02)"
176.52.115.10 - - [10/Apr/2026:12:40:29 +0300] "GET /cdh.mp4 HTTP/1.0" 206 55839 "https://cdh-implant.ru/" "Mozilla/5.0 (Windows NT 10.0; Win64; x64) AppleWebKit/537.36 (KHTML, like Gecko) Chrome/145.0.0.0 Safari/537.36 OPR/129.0.0.0 (Edition Yx 02)"
176.52.115.10 - - [10/Apr/2026:12:40:29 +0300] "GET /cdh.mp4 HTTP/1.0" 206 21561967 "https://cdh-implant.ru/" "Mozilla/5.0 (Windows NT 10.0; Win64; x64) AppleWebKit/537.36 (KHTML, like Gecko) Chrome/145.0.0.0 Safari/537.36 OPR/129.0.0.0 (Edition Yx 02)"
87.239.5.138 - - [10/Apr/2026:12:40:49 +0300] "GET /rs-grey.png HTTP/1.1" 200 2424 "https://devistom.ru/" "Mozilla/5.0 (Windows NT 10.0; Win64; x64) AppleWebKit/537.36 (KHTML, like Gecko) Chrome/144.0.0.0 YaBrowser/26.3.0.0 Safari/537.36"
92.242.60.14 - - [10/Apr/2026:12:42:33 +0300] "GET / HTTP/1.0" 200 273999 "-" "https://reg.ru monitoring abuse@reg.ru"
89.111.141.101 - - [10/Apr/2026:12:43:36 +0300] "GET / HTTP/1.0" 200 273999 "-" "https://reg.ru monitoring abuse@reg.ru"
46.147.93.3 - - [10/Apr/2026:12:43:42 +0300] "GET /cdh.mp4 HTTP/1.0" 206 21715483 "https://cdh-implant.ru/" "Mozilla/5.0 (Linux; Android 10; K) AppleWebKit/537.36 (KHTML, like Gecko) Chrome/146.0.0.0 Mobile Safari/537.36"
46.147.93.3 - - [10/Apr/2026:12:43:42 +0300] "GET /cdh.mp4 HTTP/1.0" 206 55839 "https://cdh-implant.ru/" "Mozilla/5.0 (Linux; Android 10; K) AppleWebKit/537.36 (KHTML, like Gecko) Chrome/146.0.0.0 Mobile Safari/537.36"
46.147.93.3 - - [10/Apr/2026:12:43:42 +0300] "GET /cdh.mp4 HTTP/1.0" 206 21611119 "https://cdh-implant.ru/" "Mozilla/5.0 (Linux; Android 10; K) AppleWebKit/537.36 (KHTML, like Gecko) Chrome/146.0.0.0 Mobile Safari/537.36"
89.111.170.8 - - [10/Apr/2026:12:43:49 +0300] "GET / HTTP/1.0" 200 273999 "-" "https://reg.ru monitoring abuse@reg.ru"
47.128.119.159 - - [10/Apr/2026:12:44:41 +0300] "GET /rs-white.png HTTP/1.1" 206 500 "https://www.vekanch.ru/" "Mozilla/5.0 (Linux; Android 5.0) AppleWebKit/537.36 (KHTML, like Gecko) Mobile Safari/537.36 (compatible; TikTokSpider; ttspider-feedback@tiktok.com)"
216.24.210.64 - - [10/Apr/2026:12:46:29 +0300] "GET /wp-includes/css/buttons.css HTTP/1.1" 301 196 "-" "Go-http-client/1.1"
98.159.37.252 - - [10/Apr/2026:12:46:30 +0300] "GET /wp-includes/css/buttons.css HTTP/1.0" 404 2188 "http://region-saitov.ru/wp-includes/css/buttons.css" "Go-http-client/1.1"
92.242.60.14 - - [10/Apr/2026:12:47:44 +0300] "GET / HTTP/1.0" 200 273999 "-" "https://reg.ru monitoring abuse@reg.ru"
178.176.82.57 - - [10/Apr/2026:12:48:36 +0300] "GET /cdh.mp4 HTTP/1.0" 206 21715483 "https://cdh-implant.ru/" "Mozilla/5.0 (Linux; arm_64; Android 11; 220333QNY) AppleWebKit/537.36 (KHTML, like Gecko) Chrome/136.0.7103.397 YaApp_Android/25.62.1 YaSearchBrowser/25.62.1 BroPP/1.0 SA/3 Mobile Safari/537.36"
178.176.82.57 - - [10/Apr/2026:12:48:37 +0300] "GET /cdh.mp4 HTTP/1.0" 206 55839 "https://cdh-implant.ru/" "Mozilla/5.0 (Linux; arm_64; Android 11; 220333QNY) AppleWebKit/537.36 (KHTML, like Gecko) Chrome/136.0.7103.397 YaApp_Android/25.62.1 YaSearchBrowser/25.62.1 BroPP/1.0 SA/3 Mobile Safari/537.36"
178.176.82.57 - - [10/Apr/2026:12:48:37 +0300] "GET /cdh.mp4 HTTP/1.0" 206 55839 "https://cdh-implant.ru/" "Mozilla/5.0 (Linux; arm_64; Android 11; 220333QNY) AppleWebKit/537.36 (KHTML, like Gecko) Chrome/136.0.7103.397 YaApp_Android/25.62.1 YaSearchBrowser/25.62.1 BroPP/1.0 SA/3 Mobile Safari/537.36"
178.176.82.57 - - [10/Apr/2026:12:48:38 +0300] "GET /cdh.mp4 HTTP/1.0" 206 21480048 "https://cdh-implant.ru/" "Mozilla/5.0 (Linux; arm_64; Android 11; 220333QNY) AppleWebKit/537.36 (KHTML, like Gecko) Chrome/136.0.7103.397 YaApp_Android/25.62.1 YaSearchBrowser/25.62.1 BroPP/1.0 SA/3 Mobile Safari/537.36"
89.111.141.101 - - [10/Apr/2026:12:48:37 +0300] "GET / HTTP/1.0" 200 273999 "-" "https://reg.ru monitoring abuse@reg.ru"
89.111.170.8 - - [10/Apr/2026:12:48:55 +0300] "GET / HTTP/1.0" 200 273999 "-" "https://reg.ru monitoring abuse@reg.ru"
176.52.112.51 - - [10/Apr/2026:12:50:43 +0300] "GET /cdh.mp4 HTTP/1.0" 206 21715483 "https://cdh-implant.ru/" "Mozilla/5.0 (Linux; arm; Android 15; 2312BPC51X) AppleWebKit/537.36 (KHTML, like Gecko) Chrome/142.0.7444.683 YaSearchBrowser/25.127.1 BroPP/1.0 YaSearchApp/25.127.1 webOmni Mobile Safari/537.36"
176.52.112.51 - - [10/Apr/2026:12:50:43 +0300] "GET /cdh.mp4 HTTP/1.0" 206 55839 "https://cdh-implant.ru/" "Mozilla/5.0 (Linux; arm; Android 15; 2312BPC51X) AppleWebKit/537.36 (KHTML, like Gecko) Chrome/142.0.7444.683 YaSearchBrowser/25.127.1 BroPP/1.0 YaSearchApp/25.127.1 webOmni Mobile Safari/537.36"
176.52.112.51 - - [10/Apr/2026:12:50:43 +0300] "GET /cdh.mp4 HTTP/1.0" 206 55839 "https://cdh-implant.ru/" "Mozilla/5.0 (Linux; arm; Android 15; 2312BPC51X) AppleWebKit/537.36 (KHTML, like Gecko) Chrome/142.0.7444.683 YaSearchBrowser/25.127.1 BroPP/1.0 YaSearchApp/25.127.1 webOmni Mobile Safari/537.36"
176.52.112.51 - - [10/Apr/2026:12:50:44 +0300] "GET /cdh.mp4 HTTP/1.0" 206 20480625 "https://cdh-implant.ru/" "Mozilla/5.0 (Linux; arm; Android 15; 2312BPC51X) AppleWebKit/537.36 (KHTML, like Gecko) Chrome/142.0.7444.683 YaSearchBrowser/25.127.1 BroPP/1.0 YaSearchApp/25.127.1 webOmni Mobile Safari/537.36"
95.80.105.45 - - [10/Apr/2026:12:52:47 +0300] "GET /rs-white.png HTTP/1.1" 200 2176 "https://bazasetok.ru/" "Mozilla/5.0 (Windows NT 10.0; Win64; x64) AppleWebKit/537.36 (KHTML, like Gecko) Chrome/146.0.0.0 Safari/537.36"
92.242.60.14 - - [10/Apr/2026:12:52:49 +0300] "GET / HTTP/1.0" 200 273999 "-" "https://reg.ru monitoring abuse@reg.ru"
91.144.159.14 - - [10/Apr/2026:12:53:08 +0300] "GET /rs-white.png HTTP/1.1" 200 2176 "https://www.eco-lab.ru/" "Mozilla/5.0 (Windows NT 10.0; Win64; x64) AppleWebKit/537.36 (KHTML, like Gecko) Chrome/144.0.0.0 YaBrowser/26.3.0.0 Safari/537.36"
89.111.141.101 - - [10/Apr/2026:12:53:53 +0300] "GET / HTTP/1.0" 200 273999 "-" "https://reg.ru monitoring abuse@reg.ru"
89.111.170.8 - - [10/Apr/2026:12:54:05 +0300] "GET / HTTP/1.0" 200 273999 "-" "https://reg.ru monitoring abuse@reg.ru"
176.124.146.181 - - [10/Apr/2026:12:54:39 +0300] "GET /rs-grey.png HTTP/1.1" 200 2424 "https://markains.ru/" "Mozilla/5.0 (Linux; Android 14; TECNO KL4 Build/UP1A.231005.007; wv) AppleWebKit/537.36 (KHTML, like Gecko) Version/4.0 Chrome/124.0.6367.179 Mobile Safari/537.36 YandexSearch/7.54 YandexSearchBrowser/7.54"
109.124.104.210 - - [10/Apr/2026:12:55:28 +0300] "GET /rs-blue.png HTTP/1.1" 200 2931 "https://kardogroup.ru/" "Mozilla/5.0 (Windows NT 10.0; Win64; x64) AppleWebKit/537.36 (KHTML, like Gecko) Chrome/109.0.0.0 Safari/537.36"
31.58.238.31 - - [10/Apr/2026:12:55:47 +0300] "GET /rs-grey.png HTTP/1.1" 200 2424 "https://markains.ru/" "Mozilla/5.0 (Linux; Android 10; K) AppleWebKit/537.36 (KHTML, like Gecko) Chrome/146.0.0.0 Mobile Safari/537.36"
66.249.64.228 - - [10/Apr/2026:12:56:44 +0300] "GET /robots.txt HTTP/1.0" 200 420 "-" "Mozilla/5.0 (compatible; Googlebot/2.1; +http://www.google.com/bot.html)"
66.249.64.227 - - [10/Apr/2026:12:56:44 +0300] "HEAD / HTTP/1.0" 200 147 "-" "GoogleOther"
178.206.255.113 - - [10/Apr/2026:12:57:53 +0300] "GET /cdh.mp4 HTTP/1.0" 206 21715483 "https://cdh-implant.ru/" "Mozilla/5.0 (Windows NT 10.0; Win64; x64) AppleWebKit/537.36 (KHTML, like Gecko) Chrome/144.0.0.0 YaBrowser/26.3.0.0 Safari/537.36"
178.206.255.113 - - [10/Apr/2026:12:57:53 +0300] "GET /cdh.mp4 HTTP/1.0" 206 219680 "https://cdh-implant.ru/" "Mozilla/5.0 (Windows NT 10.0; Win64; x64) AppleWebKit/537.36 (KHTML, like Gecko) Chrome/144.0.0.0 YaBrowser/26.3.0.0 Safari/537.36"
178.206.255.113 - - [10/Apr/2026:12:57:53 +0300] "GET /cdh.mp4 HTTP/1.0" 206 21217904 "https://cdh-implant.ru/" "Mozilla/5.0 (Windows NT 10.0; Win64; x64) AppleWebKit/537.36 (KHTML, like Gecko) Chrome/144.0.0.0 YaBrowser/26.3.0.0 Safari/537.36"
92.242.60.14 - - [10/Apr/2026:12:58:02 +0300] "GET / HTTP/1.0" 200 273999 "-" "https://reg.ru monitoring abuse@reg.ru"
95.78.20.23 - - [10/Apr/2026:12:58:27 +0300] "GET /rs-blue.png HTTP/1.1" 200 2931 "https://xn----7sbkbf1bmuairr.xn--p1ai/" "Mozilla/5.0 (iPhone; CPU iPhone OS 26_3_1 like Mac OS X) AppleWebKit/605.1.15 (KHTML, like Gecko) Version/26.0 YaBrowser/26.3.6.566.10 SA/3 Mobile/15E148 Safari/604.1"
193.143.66.160 - - [10/Apr/2026:12:58:48 +0300] "GET /rs-blue.png HTTP/1.1" 200 2931 "https://dosaaf-tetushi.ru/" "Mozilla/5.0 (iPhone; CPU iPhone OS 18_6_2 like Mac OS X) AppleWebKit/605.1.15 (KHTML, like Gecko) Version/18.6 Mobile/15E148 Safari/604.1"
89.111.141.101 - - [10/Apr/2026:12:58:56 +0300] "GET / HTTP/1.0" 200 273999 "-" "https://reg.ru monitoring abuse@reg.ru"
89.111.170.8 - - [10/Apr/2026:12:59:06 +0300] "GET / HTTP/1.0" 200 273999 "-" "https://reg.ru monitoring abuse@reg.ru"
193.143.66.160 - - [10/Apr/2026:12:59:40 +0300] "GET /rs-blue.png HTTP/1.1" 200 2931 "https://dosaaf-tetushi.ru/" "Mozilla/5.0 (iPhone; CPU iPhone OS 18_6_2 like Mac OS X) AppleWebKit/605.1.15 (KHTML, like Gecko) Version/18.0 YaBrowser/26.3.6.566.10 SA/3 Mobile/15E148 Safari/604.1"
74.125.151.4 - - [10/Apr/2026:13:00:44 +0300] "GET /rs-grey.png HTTP/1.1" 200 2424 "https://soul-village.ru/" "Mozilla/5.0 (X11; Linux x86_64) AppleWebKit/537.36 (KHTML, like Gecko) Chrome/146.0.7680.164 Safari/537.36"
89.232.120.74 - - [10/Apr/2026:13:00:51 +0300] "GET /rs-blue.png HTTP/1.1" 200 2931 "https://mc-tabib.ru/" "Mozilla/5.0 (Windows NT 10.0; Win64; x64) AppleWebKit/537.36 (KHTML, like Gecko) Chrome/147.0.0.0 Safari/537.36"
92.242.60.14 - - [10/Apr/2026:13:03:12 +0300] "GET / HTTP/1.0" 200 273999 "-" "https://reg.ru monitoring abuse@reg.ru"
109.107.178.102 - - [10/Apr/2026:13:04:01 +0300] "POST /591afca4b366.php HTTP/1.0" 403 487 "-" "Mozilla/5.0 (compatible; MSIE 8.0; Windows NT 6.1; WOW64; Trident/4.0)"
89.111.141.101 - - [10/Apr/2026:13:04:10 +0300] "GET / HTTP/1.0" 200 273999 "-" "https://reg.ru monitoring abuse@reg.ru"
89.111.170.8 - - [10/Apr/2026:13:04:13 +0300] "GET / HTTP/1.0" 200 273999 "-" "https://reg.ru monitoring abuse@reg.ru"
51.68.236.64 - - [10/Apr/2026:13:07:43 +0300] "GET /robots.txt HTTP/1.1" 301 196 "-" "Mozilla/5.0 (compatible; MJ12bot/v2.0.5; http://mj12bot.com/)"
51.68.236.64 - - [10/Apr/2026:13:07:43 +0300] "GET /robots.txt HTTP/1.0" 200 420 "-" "Mozilla/5.0 (compatible; MJ12bot/v2.0.5; http://mj12bot.com/)"
51.68.236.64 - - [10/Apr/2026:13:07:43 +0300] "GET / HTTP/1.1" 301 196 "-" "Mozilla/5.0 (compatible; MJ12bot/v2.0.5; http://mj12bot.com/)"
51.68.236.64 - - [10/Apr/2026:13:07:44 +0300] "GET / HTTP/1.0" 200 24119 "-" "Mozilla/5.0 (compatible; MJ12bot/v2.0.5; http://mj12bot.com/)"
92.242.60.14 - - [10/Apr/2026:13:08:21 +0300] "GET / HTTP/1.0" 200 273999 "-" "https://reg.ru monitoring abuse@reg.ru"
89.111.141.101 - - [10/Apr/2026:13:09:08 +0300] "GET / HTTP/1.0" 200 273999 "-" "https://reg.ru monitoring abuse@reg.ru"
89.111.170.8 - - [10/Apr/2026:13:09:18 +0300] "GET / HTTP/1.0" 200 273999 "-" "https://reg.ru monitoring abuse@reg.ru"
92.242.60.14 - - [10/Apr/2026:13:13:29 +0300] "GET / HTTP/1.0" 200 273999 "-" "https://reg.ru monitoring abuse@reg.ru"
89.111.141.101 - - [10/Apr/2026:13:14:19 +0300] "GET / HTTP/1.0" 200 273999 "-" "https://reg.ru monitoring abuse@reg.ru"
87.117.185.138 - - [10/Apr/2026:13:14:22 +0300] "GET /cdh.mp4 HTTP/1.0" 206 21715483 "https://cdh-implant.ru/" "Mozilla/5.0 (Windows NT 10.0; Win64; x64) AppleWebKit/537.36 (KHTML, like Gecko) Chrome/144.0.0.0 YaBrowser/26.3.0.0 Safari/537.36"
87.117.185.138 - - [10/Apr/2026:13:14:22 +0300] "GET /cdh.mp4 HTTP/1.0" 206 219680 "https://cdh-implant.ru/" "Mozilla/5.0 (Windows NT 10.0; Win64; x64) AppleWebKit/537.36 (KHTML, like Gecko) Chrome/144.0.0.0 YaBrowser/26.3.0.0 Safari/537.36"
87.117.185.138 - - [10/Apr/2026:13:14:23 +0300] "GET /cdh.mp4 HTTP/1.0" 206 21201520 "https://cdh-implant.ru/" "Mozilla/5.0 (Windows NT 10.0; Win64; x64) AppleWebKit/537.36 (KHTML, like Gecko) Chrome/144.0.0.0 YaBrowser/26.3.0.0 Safari/537.36"
89.111.170.8 - - [10/Apr/2026:13:14:22 +0300] "GET / HTTP/1.0" 200 273999 "-" "https://reg.ru monitoring abuse@reg.ru"
87.117.185.138 - - [10/Apr/2026:13:14:23 +0300] "GET /cdh.mp4 HTTP/1.0" 206 21005224 "https://cdh-implant.ru/" "Mozilla/5.0 (Windows NT 10.0; Win64; x64) AppleWebKit/537.36 (KHTML, like Gecko) Chrome/144.0.0.0 YaBrowser/26.3.0.0 Safari/537.36"
87.117.185.138 - - [10/Apr/2026:13:14:23 +0300] "GET /cdh.mp4 HTTP/1.0" 206 20595936 "https://cdh-implant.ru/" "Mozilla/5.0 (Windows NT 10.0; Win64; x64) AppleWebKit/537.36 (KHTML, like Gecko) Chrome/144.0.0.0 YaBrowser/26.3.0.0 Safari/537.36"
87.117.185.138 - - [10/Apr/2026:13:14:24 +0300] "GET /cdh.mp4 HTTP/1.0" 206 20170265 "https://cdh-implant.ru/" "Mozilla/5.0 (Windows NT 10.0; Win64; x64) AppleWebKit/537.36 (KHTML, like Gecko) Chrome/144.0.0.0 YaBrowser/26.3.0.0 Safari/537.36"
87.117.185.138 - - [10/Apr/2026:13:14:24 +0300] "GET /cdh.mp4 HTTP/1.0" 206 19842898 "https://cdh-implant.ru/" "Mozilla/5.0 (Windows NT 10.0; Win64; x64) AppleWebKit/537.36 (KHTML, like Gecko) Chrome/144.0.0.0 YaBrowser/26.3.0.0 Safari/537.36"
87.117.185.138 - - [10/Apr/2026:13:14:24 +0300] "GET /cdh.mp4 HTTP/1.0" 206 19449995 "https://cdh-implant.ru/" "Mozilla/5.0 (Windows NT 10.0; Win64; x64) AppleWebKit/537.36 (KHTML, like Gecko) Chrome/144.0.0.0 YaBrowser/26.3.0.0 Safari/537.36"
216.73.216.172 - - [10/Apr/2026:13:15:32 +0300] "GET /robots.txt HTTP/1.0" 200 420 "-" "Mozilla/5.0 AppleWebKit/537.36 (KHTML, like Gecko; compatible; ClaudeBot/1.0; +claudebot@anthropic.com)"
216.73.216.172 - - [10/Apr/2026:13:15:32 +0300] "GET /p/back80440215?id=456473 HTTP/1.0" 404 2188 "-" "Mozilla/5.0 AppleWebKit/537.36 (KHTML, like Gecko; compatible; ClaudeBot/1.0; +claudebot@anthropic.com)"
216.73.216.172 - - [10/Apr/2026:13:15:35 +0300] "GET /p/layer71035350?id=1051608 HTTP/1.0" 404 2091 "-" "Mozilla/5.0 AppleWebKit/537.36 (KHTML, like Gecko; compatible; ClaudeBot/1.0; +claudebot@anthropic.com)"
216.73.216.172 - - [10/Apr/2026:13:15:38 +0300] "GET /p/cloud30784938?id=801196 HTTP/1.0" 404 2091 "-" "Mozilla/5.0 AppleWebKit/537.36 (KHTML, like Gecko; compatible; ClaudeBot/1.0; +claudebot@anthropic.com)"
216.73.216.172 - - [10/Apr/2026:13:15:41 +0300] "GET /p/this50328812?id=345070 HTTP/1.0" 404 2091 "-" "Mozilla/5.0 AppleWebKit/537.36 (KHTML, like Gecko; compatible; ClaudeBot/1.0; +claudebot@anthropic.com)"
216.73.216.172 - - [10/Apr/2026:13:15:44 +0300] "GET /p/exami42860187?id=2876445 HTTP/1.0" 404 2091 "-" "Mozilla/5.0 AppleWebKit/537.36 (KHTML, like Gecko; compatible; ClaudeBot/1.0; +claudebot@anthropic.com)"
216.73.216.172 - - [10/Apr/2026:13:15:47 +0300] "GET /p/exclu82306167?id=2322425 HTTP/1.0" 404 2091 "-" "Mozilla/5.0 AppleWebKit/537.36 (KHTML, like Gecko; compatible; ClaudeBot/1.0; +claudebot@anthropic.com)"
216.73.216.172 - - [10/Apr/2026:13:15:50 +0300] "GET /p/antic50006124?id=22382 HTTP/1.0" 404 2091 "-" "Mozilla/5.0 AppleWebKit/537.36 (KHTML, like Gecko; compatible; ClaudeBot/1.0; +claudebot@anthropic.com)"
216.73.216.172 - - [10/Apr/2026:13:15:53 +0300] "GET /p/candl20344385?id=360643 HTTP/1.0" 404 2091 "-" "Mozilla/5.0 AppleWebKit/537.36 (KHTML, like Gecko; compatible; ClaudeBot/1.0; +claudebot@anthropic.com)"
216.73.216.172 - - [10/Apr/2026:13:15:56 +0300] "GET /p/footh12338232?id=2354490 HTTP/1.0" 404 2091 "-" "Mozilla/5.0 AppleWebKit/537.36 (KHTML, like Gecko; compatible; ClaudeBot/1.0; +claudebot@anthropic.com)"
216.73.216.172 - - [10/Apr/2026:13:15:59 +0300] "GET /p/hate21136681?id=1152939 HTTP/1.0" 404 2091 "-" "Mozilla/5.0 AppleWebKit/537.36 (KHTML, like Gecko; compatible; ClaudeBot/1.0; +claudebot@anthropic.com)"
216.73.216.172 - - [10/Apr/2026:13:16:02 +0300] "GET /p/clone21877273?id=1893531 HTTP/1.0" 404 2091 "-" "Mozilla/5.0 AppleWebKit/537.36 (KHTML, like Gecko; compatible; ClaudeBot/1.0; +claudebot@anthropic.com)"
216.73.216.172 - - [10/Apr/2026:13:16:05 +0300] "GET /p/merch30438802?id=455060 HTTP/1.0" 404 2091 "-" "Mozilla/5.0 AppleWebKit/537.36 (KHTML, like Gecko; compatible; ClaudeBot/1.0; +claudebot@anthropic.com)"
216.73.216.172 - - [10/Apr/2026:13:16:08 +0300] "GET /p/bed72001198?id=2017456 HTTP/1.0" 404 2091 "-" "Mozilla/5.0 AppleWebKit/537.36 (KHTML, like Gecko; compatible; ClaudeBot/1.0; +claudebot@anthropic.com)"
216.73.216.172 - - [10/Apr/2026:13:16:11 +0300] "GET /p/make53001500?id=3017758 HTTP/1.0" 404 2091 "-" "Mozilla/5.0 AppleWebKit/537.36 (KHTML, like Gecko; compatible; ClaudeBot/1.0; +claudebot@anthropic.com)"
216.73.216.172 - - [10/Apr/2026:13:16:14 +0300] "GET /p/repla80397911?id=414169 HTTP/1.0" 404 2091 "-" "Mozilla/5.0 AppleWebKit/537.36 (KHTML, like Gecko; compatible; ClaudeBot/1.0; +claudebot@anthropic.com)"
216.73.216.172 - - [10/Apr/2026:13:16:17 +0300] "GET /p/pine50347180?id=363438 HTTP/1.0" 404 2091 "-" "Mozilla/5.0 AppleWebKit/537.36 (KHTML, like Gecko; compatible; ClaudeBot/1.0; +claudebot@anthropic.com)"
216.73.216.172 - - [10/Apr/2026:13:16:20 +0300] "GET /p/angle70366966?id=383224 HTTP/1.0" 404 2091 "-" "Mozilla/5.0 AppleWebKit/537.36 (KHTML, like Gecko; compatible; ClaudeBot/1.0; +claudebot@anthropic.com)"
216.73.216.172 - - [10/Apr/2026:13:16:23 +0300] "GET /p/usage72847326?id=2863584 HTTP/1.0" 404 2091 "-" "Mozilla/5.0 AppleWebKit/537.36 (KHTML, like Gecko; compatible; ClaudeBot/1.0; +claudebot@anthropic.com)"
216.73.216.172 - - [10/Apr/2026:13:16:26 +0300] "GET /p/grade60108413?id=124671 HTTP/1.0" 404 2091 "-" "Mozilla/5.0 AppleWebKit/537.36 (KHTML, like Gecko; compatible; ClaudeBot/1.0; +claudebot@anthropic.com)"
216.73.216.172 - - [10/Apr/2026:13:16:29 +0300] "GET /p/autho40289331?id=305589 HTTP/1.0" 404 2091 "-" "Mozilla/5.0 AppleWebKit/537.36 (KHTML, like Gecko; compatible; ClaudeBot/1.0; +claudebot@anthropic.com)"
216.73.216.172 - - [10/Apr/2026:13:16:32 +0300] "GET /p/coord11999520?id=2015778 HTTP/1.0" 404 2091 "-" "Mozilla/5.0 AppleWebKit/537.36 (KHTML, like Gecko; compatible; ClaudeBot/1.0; +claudebot@anthropic.com)"
216.73.216.172 - - [10/Apr/2026:13:16:35 +0300] "GET /p/data20907353?id=923611 HTTP/1.0" 404 2091 "-" "Mozilla/5.0 AppleWebKit/537.36 (KHTML, like Gecko; compatible; ClaudeBot/1.0; +claudebot@anthropic.com)"
216.73.216.172 - - [10/Apr/2026:13:16:38 +0300] "GET /p/behin82129167?id=2145425 HTTP/1.0" 404 2091 "-" "Mozilla/5.0 AppleWebKit/537.36 (KHTML, like Gecko; compatible; ClaudeBot/1.0; +claudebot@anthropic.com)"
216.73.216.172 - - [10/Apr/2026:13:16:41 +0300] "GET /p/able62473085?id=2489343 HTTP/1.0" 404 2091 "-" "Mozilla/5.0 AppleWebKit/537.36 (KHTML, like Gecko; compatible; ClaudeBot/1.0; +claudebot@anthropic.com)"
216.73.216.172 - - [10/Apr/2026:13:16:44 +0300] "GET /p/chees41052931?id=1069189 HTTP/1.0" 404 2091 "-" "Mozilla/5.0 AppleWebKit/537.36 (KHTML, like Gecko; compatible; ClaudeBot/1.0; +claudebot@anthropic.com)"
216.73.216.172 - - [10/Apr/2026:13:16:47 +0300] "GET /p/fello40735531?id=751789 HTTP/1.0" 404 2091 "-" "Mozilla/5.0 AppleWebKit/537.36 (KHTML, like Gecko; compatible; ClaudeBot/1.0; +claudebot@anthropic.com)"
216.73.216.172 - - [10/Apr/2026:13:16:50 +0300] "GET /p/deman20038121?id=54379 HTTP/1.0" 404 2091 "-" "Mozilla/5.0 AppleWebKit/537.36 (KHTML, like Gecko; compatible; ClaudeBot/1.0; +claudebot@anthropic.com)"
216.73.216.172 - - [10/Apr/2026:13:16:53 +0300] "GET /p/wheth40840739?id=856997 HTTP/1.0" 404 2091 "-" "Mozilla/5.0 AppleWebKit/537.36 (KHTML, like Gecko; compatible; ClaudeBot/1.0; +claudebot@anthropic.com)"
216.73.216.172 - - [10/Apr/2026:13:16:56 +0300] "GET /p/zig52067932?id=2084190 HTTP/1.0" 404 2091 "-" "Mozilla/5.0 AppleWebKit/537.36 (KHTML, like Gecko; compatible; ClaudeBot/1.0; +claudebot@anthropic.com)"
216.73.216.172 - - [10/Apr/2026:13:16:59 +0300] "GET /p/fable20918697?id=934955 HTTP/1.0" 404 2091 "-" "Mozilla/5.0 AppleWebKit/537.36 (KHTML, like Gecko; compatible; ClaudeBot/1.0; +claudebot@anthropic.com)"
216.73.216.172 - - [10/Apr/2026:13:17:02 +0300] "GET /p/expli80425919?id=442177 HTTP/1.0" 404 2091 "-" "Mozilla/5.0 AppleWebKit/537.36 (KHTML, like Gecko; compatible; ClaudeBot/1.0; +claudebot@anthropic.com)"
216.73.216.172 - - [10/Apr/2026:13:17:05 +0300] "GET /p/cd71089142?id=1105400 HTTP/1.0" 404 2091 "-" "Mozilla/5.0 AppleWebKit/537.36 (KHTML, like Gecko; compatible; ClaudeBot/1.0; +claudebot@anthropic.com)"
216.73.216.172 - - [10/Apr/2026:13:17:08 +0300] "GET /p/odor80531871?id=548129 HTTP/1.0" 404 2091 "-" "Mozilla/5.0 AppleWebKit/537.36 (KHTML, like Gecko; compatible; ClaudeBot/1.0; +claudebot@anthropic.com)"
216.73.216.172 - - [10/Apr/2026:13:17:13 +0300] "GET /p/ring71749614?id=1765872 HTTP/1.0" 404 2188 "-" "Mozilla/5.0 AppleWebKit/537.36 (KHTML, like Gecko; compatible; ClaudeBot/1.0; +claudebot@anthropic.com)"
216.73.216.172 - - [10/Apr/2026:13:17:14 +0300] "GET /p/guest70068334?id=84592 HTTP/1.0" 404 2091 "-" "Mozilla/5.0 AppleWebKit/537.36 (KHTML, like Gecko; compatible; ClaudeBot/1.0; +claudebot@anthropic.com)"
216.73.216.172 - - [10/Apr/2026:13:17:17 +0300] "GET /p/cross72092854?id=2109112 HTTP/1.0" 404 2091 "-" "Mozilla/5.0 AppleWebKit/537.36 (KHTML, like Gecko; compatible; ClaudeBot/1.0; +claudebot@anthropic.com)"
216.73.216.172 - - [10/Apr/2026:13:17:20 +0300] "GET /p/flow71134278?id=1150536 HTTP/1.0" 404 2091 "-" "Mozilla/5.0 AppleWebKit/537.36 (KHTML, like Gecko; compatible; ClaudeBot/1.0; +claudebot@anthropic.com)"
216.73.216.172 - - [10/Apr/2026:13:17:23 +0300] "GET /p/stabl81054455?id=1070713 HTTP/1.0" 404 2091 "-" "Mozilla/5.0 AppleWebKit/537.36 (KHTML, like Gecko; compatible; ClaudeBot/1.0; +claudebot@anthropic.com)"
216.73.216.172 - - [10/Apr/2026:13:17:26 +0300] "GET /p/someh20547617?id=563875 HTTP/1.0" 404 2091 "-" "Mozilla/5.0 AppleWebKit/537.36 (KHTML, like Gecko; compatible; ClaudeBot/1.0; +claudebot@anthropic.com)"
216.73.216.172 - - [10/Apr/2026:13:17:29 +0300] "GET /p/brown21557057?id=1573315 HTTP/1.0" 404 2091 "-" "Mozilla/5.0 AppleWebKit/537.36 (KHTML, like Gecko; compatible; ClaudeBot/1.0; +claudebot@anthropic.com)"
216.73.216.172 - - [10/Apr/2026:13:17:32 +0300] "GET /p/barga41802131?id=1818389 HTTP/1.0" 404 2091 "-" "Mozilla/5.0 AppleWebKit/537.36 (KHTML, like Gecko; compatible; ClaudeBot/1.0; +claudebot@anthropic.com)"
216.73.216.172 - - [10/Apr/2026:13:17:35 +0300] "GET /p/dissa82118439?id=2134697 HTTP/1.0" 404 2091 "-" "Mozilla/5.0 AppleWebKit/537.36 (KHTML, like Gecko; compatible; ClaudeBot/1.0; +claudebot@anthropic.com)"
216.73.216.172 - - [10/Apr/2026:13:17:38 +0300] "GET /p/view71561630?id=1577888 HTTP/1.0" 404 2091 "-" "Mozilla/5.0 AppleWebKit/537.36 (KHTML, like Gecko; compatible; ClaudeBot/1.0; +claudebot@anthropic.com)"
216.73.216.172 - - [10/Apr/2026:13:17:41 +0300] "GET /p/cover20184201?id=200459 HTTP/1.0" 404 2091 "-" "Mozilla/5.0 AppleWebKit/537.36 (KHTML, like Gecko; compatible; ClaudeBot/1.0; +claudebot@anthropic.com)"
43.157.156.190 - - [10/Apr/2026:13:17:43 +0300] "GET / HTTP/1.1" 400 283 "-" "Mozilla/5.0 (iPhone; CPU iPhone OS 13_2_3 like Mac OS X) AppleWebKit/605.1.15 (KHTML, like Gecko) Version/13.0.3 Mobile/15E148 Safari/604.1"
216.73.216.172 - - [10/Apr/2026:13:17:44 +0300] "GET /p/being20219273?id=235531 HTTP/1.0" 404 2091 "-" "Mozilla/5.0 AppleWebKit/537.36 (KHTML, like Gecko; compatible; ClaudeBot/1.0; +claudebot@anthropic.com)"
216.73.216.172 - - [10/Apr/2026:13:17:47 +0300] "GET /p/cente30361410?id=377668 HTTP/1.0" 404 2091 "-" "Mozilla/5.0 AppleWebKit/537.36 (KHTML, like Gecko; compatible; ClaudeBot/1.0; +claudebot@anthropic.com)"
216.73.216.172 - - [10/Apr/2026:13:17:50 +0300] "GET /p/break61276437?id=1292695 HTTP/1.0" 404 2091 "-" "Mozilla/5.0 AppleWebKit/537.36 (KHTML, like Gecko; compatible; ClaudeBot/1.0; +claudebot@anthropic.com)"
216.73.216.172 - - [10/Apr/2026:13:17:53 +0300] "GET /p/suffe31222330?id=1238588 HTTP/1.0" 404 2091 "-" "Mozilla/5.0 AppleWebKit/537.36 (KHTML, like Gecko; compatible; ClaudeBot/1.0; +claudebot@anthropic.com)"
216.73.216.172 - - [10/Apr/2026:13:17:56 +0300] "GET /p/about62217093?id=2233351 HTTP/1.0" 404 2091 "-" "Mozilla/5.0 AppleWebKit/537.36 (KHTML, like Gecko; compatible; ClaudeBot/1.0; +claudebot@anthropic.com)"
216.73.216.172 - - [10/Apr/2026:13:17:59 +0300] "GET /p/drip22042593?id=2058851 HTTP/1.0" 404 2091 "-" "Mozilla/5.0 AppleWebKit/537.36 (KHTML, like Gecko; compatible; ClaudeBot/1.0; +claudebot@anthropic.com)"
216.73.216.172 - - [10/Apr/2026:13:18:02 +0300] "GET /p/click61751653?id=1767911 HTTP/1.0" 404 2091 "-" "Mozilla/5.0 AppleWebKit/537.36 (KHTML, like Gecko; compatible; ClaudeBot/1.0; +claudebot@anthropic.com)"
216.73.216.172 - - [10/Apr/2026:13:18:05 +0300] "GET /p/thick41240163?id=1256421 HTTP/1.0" 404 2091 "-" "Mozilla/5.0 AppleWebKit/537.36 (KHTML, like Gecko; compatible; ClaudeBot/1.0; +claudebot@anthropic.com)"
216.73.216.172 - - [10/Apr/2026:13:18:08 +0300] "GET /p/terro60689549?id=705807 HTTP/1.0" 404 2091 "-" "Mozilla/5.0 AppleWebKit/537.36 (KHTML, like Gecko; compatible; ClaudeBot/1.0; +claudebot@anthropic.com)"
216.73.216.172 - - [10/Apr/2026:13:18:11 +0300] "GET /p/pen71084398?id=1100656 HTTP/1.0" 404 2091 "-" "Mozilla/5.0 AppleWebKit/537.36 (KHTML, like Gecko; compatible; ClaudeBot/1.0; +claudebot@anthropic.com)"
216.73.216.172 - - [10/Apr/2026:13:18:14 +0300] "GET /p/beach60973133?id=989391 HTTP/1.0" 404 2091 "-" "Mozilla/5.0 AppleWebKit/537.36 (KHTML, like Gecko; compatible; ClaudeBot/1.0; +claudebot@anthropic.com)"
216.73.216.172 - - [10/Apr/2026:13:18:17 +0300] "GET /p/be80560015?id=576273 HTTP/1.0" 404 2091 "-" "Mozilla/5.0 AppleWebKit/537.36 (KHTML, like Gecko; compatible; ClaudeBot/1.0; +claudebot@anthropic.com)"
216.73.216.172 - - [10/Apr/2026:13:18:20 +0300] "GET /p/inade60505997?id=522255 HTTP/1.0" 404 2091 "-" "Mozilla/5.0 AppleWebKit/537.36 (KHTML, like Gecko; compatible; ClaudeBot/1.0; +claudebot@anthropic.com)"
216.73.216.172 - - [10/Apr/2026:13:18:23 +0300] "GET /p/blend62167349?id=2183607 HTTP/1.0" 404 2091 "-" "Mozilla/5.0 AppleWebKit/537.36 (KHTML, like Gecko; compatible; ClaudeBot/1.0; +claudebot@anthropic.com)"
216.73.216.172 - - [10/Apr/2026:13:18:26 +0300] "GET /p/name80365239?id=381497 HTTP/1.0" 404 2091 "-" "Mozilla/5.0 AppleWebKit/537.36 (KHTML, like Gecko; compatible; ClaudeBot/1.0; +claudebot@anthropic.com)"
216.73.216.172 - - [10/Apr/2026:13:18:29 +0300] "GET /p/avenu60501397?id=517655 HTTP/1.0" 404 2091 "-" "Mozilla/5.0 AppleWebKit/537.36 (KHTML, like Gecko; compatible; ClaudeBot/1.0; +claudebot@anthropic.com)"
216.73.216.172 - - [10/Apr/2026:13:18:32 +0300] "GET /p/decep70563678?id=579936 HTTP/1.0" 404 2091 "-" "Mozilla/5.0 AppleWebKit/537.36 (KHTML, like Gecko; compatible; ClaudeBot/1.0; +claudebot@anthropic.com)"
92.242.60.14 - - [10/Apr/2026:13:18:35 +0300] "GET / HTTP/1.0" 200 273999 "-" "https://reg.ru monitoring abuse@reg.ru"
216.73.216.172 - - [10/Apr/2026:13:18:35 +0300] "GET /p/brain12220608?id=2236866 HTTP/1.0" 404 2091 "-" "Mozilla/5.0 AppleWebKit/537.36 (KHTML, like Gecko; compatible; ClaudeBot/1.0; +claudebot@anthropic.com)"
216.73.216.172 - - [10/Apr/2026:13:18:38 +0300] "GET /p/no71849014?id=1865272 HTTP/1.0" 404 2091 "-" "Mozilla/5.0 AppleWebKit/537.36 (KHTML, like Gecko; compatible; ClaudeBot/1.0; +claudebot@anthropic.com)"
216.73.216.172 - - [10/Apr/2026:13:18:41 +0300] "GET /p/wagon71727694?id=1743952 HTTP/1.0" 404 2091 "-" "Mozilla/5.0 AppleWebKit/537.36 (KHTML, like Gecko; compatible; ClaudeBot/1.0; +claudebot@anthropic.com)"
216.73.216.172 - - [10/Apr/2026:13:18:44 +0300] "GET /p/advis30968050?id=984308 HTTP/1.0" 404 2091 "-" "Mozilla/5.0 AppleWebKit/537.36 (KHTML, like Gecko; compatible; ClaudeBot/1.0; +claudebot@anthropic.com)"
216.73.216.172 - - [10/Apr/2026:13:18:47 +0300] "GET /p/chall42453811?id=2470069 HTTP/1.0" 404 2091 "-" "Mozilla/5.0 AppleWebKit/537.36 (KHTML, like Gecko; compatible; ClaudeBot/1.0; +claudebot@anthropic.com)"
216.73.216.172 - - [10/Apr/2026:13:18:50 +0300] "GET /p/curl10415080?id=431338 HTTP/1.0" 404 2091 "-" "Mozilla/5.0 AppleWebKit/537.36 (KHTML, like Gecko; compatible; ClaudeBot/1.0; +claudebot@anthropic.com)"
216.73.216.172 - - [10/Apr/2026:13:18:53 +0300] "GET /p/tedio30034066?id=50324 HTTP/1.0" 404 2091 "-" "Mozilla/5.0 AppleWebKit/537.36 (KHTML, like Gecko; compatible; ClaudeBot/1.0; +claudebot@anthropic.com)"
