149.102.236.199 - - [01/Sep/2024:11:31:26 +0300] "POST /administrator/index.php HTTP/1.0" 200 3102 "-" "Mozilla/5.0 (Windows NT 10.0; WOW64) AppleWebKit/537.36 (KHTML, like Gecko) Chrome/75.0.3770.100 Safari/537.36"
149.102.236.199 - - [01/Sep/2024:11:31:28 +0300] "GET /administrator/index.php HTTP/1.0" 200 2931 "-" "Mozilla/5.0 (Windows NT 10.0; WOW64) AppleWebKit/537.36 (KHTML, like Gecko) Chrome/75.0.3770.100 Safari/537.36"
1.52.109.55 - - [01/Sep/2024:11:40:50 +0300] "GET / HTTP/1.0" 301 185 "http://tkgurman.ru/" "Mozilla/5.0 (Windows NT 10.0.0; Win64; x64; ) AppleWebKit/537.36 (KHTML, like Gecko) Chrome/124.0.6367.60 Chrome/124.0.6367.60 Not-A.Brand/99 Safari/537.36"
1.52.109.55 - - [01/Sep/2024:11:40:51 +0300] "GET / HTTP/1.0" 200 95687 "https://tkgurman.ru/" "Mozilla/5.0 (Windows NT 10.0.0; Win64; x64; ) AppleWebKit/537.36 (KHTML, like Gecko) Chrome/124.0.6367.60 Chrome/124.0.6367.60 Not-A.Brand/99 Safari/537.36"
1.52.109.55 - - [01/Sep/2024:11:40:53 +0300] "GET /kontakty HTTP/1.0" 200 28349 "https://tkgurman.ru/kontakty" "Mozilla/5.0 (Windows NT 10.0.0; Win64; x64; ) AppleWebKit/537.36 (KHTML, like Gecko) Chrome/124.0.6367.60 Chrome/124.0.6367.60 Not-A.Brand/99 Safari/537.36"
176.53.220.207 - - [01/Sep/2024:11:51:24 +0300] "GET / HTTP/1.1" 301 196 "-" "Mozilla/5.0 (Windows NT 10.0; Win64; x64) AppleWebKit/537.36 (KHTML, like Gecko) Chrome/94.0.4606.61 Safari/537.36"
45.90.63.116 - - [01/Sep/2024:11:51:25 +0300] "GET / HTTP/1.0" 200 16138 "-" "Mozilla/5.0 (Windows NT 10.0; Win64; x64) AppleWebKit/537.36 (KHTML, like Gecko) Chrome/94.0.4606.61 Safari/537.36"
89.104.100.131 - - [01/Sep/2024:11:51:28 +0300] "GET /favicon.ico HTTP/1.0" 404 1909 "-" "Mozilla/5.0 (Windows NT 10.0; Win64; x64) AppleWebKit/537.36 (KHTML, like Gecko) Chrome/94.0.4606.61 Safari/537.36"
176.53.223.239 - - [01/Sep/2024:11:51:30 +0300] "GET /favicon.ico HTTP/1.1" 301 196 "-" "Mozilla/5.0 (Windows NT 10.0; Win64; x64) AppleWebKit/537.36 (KHTML, like Gecko) Chrome/94.0.4606.61 Safari/537.36"
45.90.63.116 - - [01/Sep/2024:11:51:30 +0300] "GET /favicon.ico HTTP/1.0" 404 1909 "-" "Mozilla/5.0 (Windows NT 10.0; Win64; x64) AppleWebKit/537.36 (KHTML, like Gecko) Chrome/94.0.4606.61 Safari/537.36"
157.55.39.9 - - [01/Sep/2024:11:59:15 +0300] "GET /sitemap.xml.gz HTTP/1.0" 404 1912 "-" "Mozilla/5.0 AppleWebKit/537.36 (KHTML, like Gecko; compatible; bingbot/2.0; +http://www.bing.com/bingbot.htm) Chrome/116.0.1938.76 Safari/537.36"
66.249.66.86 - - [01/Sep/2024:12:45:23 +0300] "GET / HTTP/1.1" 301 196 "-" "Mozilla/5.0 (Linux; Android 6.0.1; Nexus 5X Build/MMB29P) AppleWebKit/537.36 (KHTML, like Gecko) Chrome/127.0.6533.119 Mobile Safari/537.36 (compatible; Googlebot/2.1; +http://www.google.com/bot.html)"
66.249.66.87 - - [01/Sep/2024:12:45:25 +0300] "GET / HTTP/1.0" 200 16138 "-" "Mozilla/5.0 (Linux; Android 6.0.1; Nexus 5X Build/MMB29P) AppleWebKit/537.36 (KHTML, like Gecko) Chrome/127.0.6533.119 Mobile Safari/537.36 (compatible; Googlebot/2.1; +http://www.google.com/bot.html)"
207.46.13.14 - - [01/Sep/2024:12:53:28 +0300] "GET /sitemap.xml.gz HTTP/1.0" 404 1912 "-" "Mozilla/5.0 AppleWebKit/537.36 (KHTML, like Gecko; compatible; bingbot/2.0; +http://www.bing.com/bingbot.htm) Chrome/116.0.1938.76 Safari/537.36"
66.249.66.86 - - [01/Sep/2024:12:54:40 +0300] "GET / HTTP/1.0" 200 16139 "-" "Mozilla/5.0 (Linux; Android 6.0.1; Nexus 5X Build/MMB29P) AppleWebKit/537.36 (KHTML, like Gecko) Chrome/127.0.6533.119 Mobile Safari/537.36 (compatible; Googlebot/2.1; +http://www.google.com/bot.html)"
46.42.250.159 - - [01/Sep/2024:12:56:49 +0300] "GET /images/2018/04/27/kat12_11.png HTTP/1.1" 200 139935 "-" "com.google.android.apps.searchlite/763881 (Linux; U; Android 8.1.0; ru_KZ; DRA-LX5; Build/HUAWEIDRA-LX5; Cronet/129.0.6614.4)"
45.227.254.34 - - [01/Sep/2024:12:59:58 +0300] "GET / HTTP/1.0" 200 16143 "-" "Mozilla/5.0 (Macintosh; Intel Mac OS X 10_15_7) AppleWebKit/537.36 (KHTML, like Gecko) Chrome/120.0.0.0 Safari/537.36"
213.199.47.87 - - [01/Sep/2024:13:14:05 +0300] "GET / HTTP/1.0" 200 16138 "-" "Mozilla/5.0 (Windows NT 6.2; WOW64; rv:19.0) Gecko/20100101 Firefox/19.0"
77.75.76.163 - - [01/Sep/2024:13:16:36 +0300] "GET /robots.txt HTTP/1.1" 301 196 "-" "Mozilla/5.0 (compatible; SeznamBot/4.0; +http://napoveda.seznam.cz/seznambot-intro/)"
77.75.76.163 - - [01/Sep/2024:13:16:36 +0300] "GET /katalog/kolbasnye-izdeliya HTTP/1.1" 301 196 "-" "Mozilla/5.0 (compatible; SeznamBot/4.0; +http://napoveda.seznam.cz/seznambot-intro/)"
77.75.76.163 - - [01/Sep/2024:13:16:36 +0300] "GET /robots.txt HTTP/1.0" 200 696 "-" "Mozilla/5.0 (compatible; SeznamBot/4.0; +http://napoveda.seznam.cz/seznambot-intro/)"
77.73.129.113 - - [01/Sep/2024:13:32:36 +0300] "HEAD /Release.zip HTTP/1.1" 301 0 "-" "Mozilla/5.0 (Windows NT 10.0; Win64; x64) AppleWebKit/537.36 (KHTML, like Gecko) Chrome/101.0.4951.67 Safari/537.36"
77.73.129.113 - - [01/Sep/2024:13:32:37 +0300] "HEAD /Release.zip HTTP/1.0" 404 294 "-" "Mozilla/5.0 (Windows NT 10.0; Win64; x64) AppleWebKit/537.36 (KHTML, like Gecko) Chrome/101.0.4951.67 Safari/537.36"
185.119.1.111 - - [01/Sep/2024:13:38:16 +0300] "GET /katalog/kolbasnye-izdeliya HTTP/1.0" 200 13884 "https://yandex.ru/" "Mozilla/5.0 (Macintosh; Intel Mac OS X 10_15_7) AppleWebKit/537.36 (KHTML, like Gecko) Chrome/92.0.4515.159 Safari/537.36"
185.119.1.111 - - [01/Sep/2024:13:38:18 +0300] "GET /components/com_sppagebuilder/assets/css/font-awesome.min.css HTTP/1.1" 200 30961 "https://tkgurman.ru/katalog/kolbasnye-izdeliya" "Mozilla/5.0 (Macintosh; Intel Mac OS X 10_15_7) AppleWebKit/537.36 (KHTML, like Gecko) Chrome/92.0.4515.159 Safari/537.36"
185.119.1.111 - - [01/Sep/2024:13:38:18 +0300] "GET /templates/shaper_helix3/css/font-awesome.min.css HTTP/1.1" 200 31000 "https://tkgurman.ru/katalog/kolbasnye-izdeliya" "Mozilla/5.0 (Macintosh; Intel Mac OS X 10_15_7) AppleWebKit/537.36 (KHTML, like Gecko) Chrome/92.0.4515.159 Safari/537.36"
185.119.1.111 - - [01/Sep/2024:13:38:18 +0300] "GET /components/com_sppagebuilder/assets/css/sppagecontainer.css HTTP/1.1" 200 268 "https://tkgurman.ru/katalog/kolbasnye-izdeliya" "Mozilla/5.0 (Macintosh; Intel Mac OS X 10_15_7) AppleWebKit/537.36 (KHTML, like Gecko) Chrome/92.0.4515.159 Safari/537.36"
185.119.1.111 - - [01/Sep/2024:13:38:18 +0300] "GET /components/com_sppagebuilder/assets/css/magnific-popup.css HTTP/1.1" 200 5920 "https://tkgurman.ru/katalog/kolbasnye-izdeliya" "Mozilla/5.0 (Macintosh; Intel Mac OS X 10_15_7) AppleWebKit/537.36 (KHTML, like Gecko) Chrome/92.0.4515.159 Safari/537.36"
185.119.1.111 - - [01/Sep/2024:13:38:18 +0300] "GET /components/com_sppagebuilder/assets/css/animate.min.css HTTP/1.1" 200 53431 "https://tkgurman.ru/katalog/kolbasnye-izdeliya" "Mozilla/5.0 (Macintosh; Intel Mac OS X 10_15_7) AppleWebKit/537.36 (KHTML, like Gecko) Chrome/92.0.4515.159 Safari/537.36"
185.119.1.111 - - [01/Sep/2024:13:38:18 +0300] "GET /templates/shaper_helix3/css/legacy.css HTTP/1.1" 200 27359 "https://tkgurman.ru/katalog/kolbasnye-izdeliya" "Mozilla/5.0 (Macintosh; Intel Mac OS X 10_15_7) AppleWebKit/537.36 (KHTML, like Gecko) Chrome/92.0.4515.159 Safari/537.36"
185.119.1.111 - - [01/Sep/2024:13:38:18 +0300] "GET /components/com_sppagebuilder/assets/css/sppagebuilder.css HTTP/1.1" 200 99532 "https://tkgurman.ru/katalog/kolbasnye-izdeliya" "Mozilla/5.0 (Macintosh; Intel Mac OS X 10_15_7) AppleWebKit/537.36 (KHTML, like Gecko) Chrome/92.0.4515.159 Safari/537.36"
185.119.1.111 - - [01/Sep/2024:13:38:18 +0300] "GET /templates/shaper_helix3/css/presets/preset3.css HTTP/1.1" 200 2159 "https://tkgurman.ru/katalog/kolbasnye-izdeliya" "Mozilla/5.0 (Macintosh; Intel Mac OS X 10_15_7) AppleWebKit/537.36 (KHTML, like Gecko) Chrome/92.0.4515.159 Safari/537.36"
185.119.1.111 - - [01/Sep/2024:13:38:18 +0300] "GET /templates/shaper_helix3/css/template.css HTTP/1.1" 200 75153 "https://tkgurman.ru/katalog/kolbasnye-izdeliya" "Mozilla/5.0 (Macintosh; Intel Mac OS X 10_15_7) AppleWebKit/537.36 (KHTML, like Gecko) Chrome/92.0.4515.159 Safari/537.36"
185.119.1.111 - - [01/Sep/2024:13:38:18 +0300] "GET /plugins/system/helix3/assets/css/pagebuilder.css HTTP/1.1" 200 546 "https://tkgurman.ru/katalog/kolbasnye-izdeliya" "Mozilla/5.0 (Macintosh; Intel Mac OS X 10_15_7) AppleWebKit/537.36 (KHTML, like Gecko) Chrome/92.0.4515.159 Safari/537.36"
185.119.1.111 - - [01/Sep/2024:13:38:18 +0300] "GET /templates/shaper_helix3/css/bootstrap.min.css HTTP/1.1" 200 121200 "https://tkgurman.ru/katalog/kolbasnye-izdeliya" "Mozilla/5.0 (Macintosh; Intel Mac OS X 10_15_7) AppleWebKit/537.36 (KHTML, like Gecko) Chrome/92.0.4515.159 Safari/537.36"
185.119.1.111 - - [01/Sep/2024:13:38:18 +0300] "GET /templates/shaper_helix3/css/frontend-edit.css HTTP/1.1" 200 2970 "https://tkgurman.ru/katalog/kolbasnye-izdeliya" "Mozilla/5.0 (Macintosh; Intel Mac OS X 10_15_7) AppleWebKit/537.36 (KHTML, like Gecko) Chrome/92.0.4515.159 Safari/537.36"
185.119.1.111 - - [01/Sep/2024:13:38:18 +0300] "GET /modules/mod_sj_flat_menu/assets/css/styles-responsive.css HTTP/1.1" 200 2389 "https://tkgurman.ru/katalog/kolbasnye-izdeliya" "Mozilla/5.0 (Macintosh; Intel Mac OS X 10_15_7) AppleWebKit/537.36 (KHTML, like Gecko) Chrome/92.0.4515.159 Safari/537.36"
185.119.1.111 - - [01/Sep/2024:13:38:18 +0300] "GET /modules/mod_sj_flat_menu/assets/css/styles.css HTTP/1.1" 200 2470 "https://tkgurman.ru/katalog/kolbasnye-izdeliya" "Mozilla/5.0 (Macintosh; Intel Mac OS X 10_15_7) AppleWebKit/537.36 (KHTML, like Gecko) Chrome/92.0.4515.159 Safari/537.36"
185.119.1.111 - - [01/Sep/2024:13:38:18 +0300] "GET /modules/mod_joomly_callback/css/callback_default.css HTTP/1.1" 200 4689 "https://tkgurman.ru/katalog/kolbasnye-izdeliya" "Mozilla/5.0 (Macintosh; Intel Mac OS X 10_15_7) AppleWebKit/537.36 (KHTML, like Gecko) Chrome/92.0.4515.159 Safari/537.36"
185.119.1.111 - - [01/Sep/2024:13:38:18 +0300] "GET /media/system/js/core.js?84f1ce0d194abefc70582b51dfe8db01 HTTP/1.1" 200 7731 "https://tkgurman.ru/katalog/kolbasnye-izdeliya" "Mozilla/5.0 (Macintosh; Intel Mac OS X 10_15_7) AppleWebKit/537.36 (KHTML, like Gecko) Chrome/92.0.4515.159 Safari/537.36"
185.119.1.111 - - [01/Sep/2024:13:38:18 +0300] "GET /media/jui/js/jquery.min.js?84f1ce0d194abefc70582b51dfe8db01 HTTP/1.1" 200 97163 "https://tkgurman.ru/katalog/kolbasnye-izdeliya" "Mozilla/5.0 (Macintosh; Intel Mac OS X 10_15_7) AppleWebKit/537.36 (KHTML, like Gecko) Chrome/92.0.4515.159 Safari/537.36"
185.119.1.111 - - [01/Sep/2024:13:38:18 +0300] "GET /media/jui/js/jquery-noconflict.js?84f1ce0d194abefc70582b51dfe8db01 HTTP/1.1" 200 21 "https://tkgurman.ru/katalog/kolbasnye-izdeliya" "Mozilla/5.0 (Macintosh; Intel Mac OS X 10_15_7) AppleWebKit/537.36 (KHTML, like Gecko) Chrome/92.0.4515.159 Safari/537.36"
185.119.1.111 - - [01/Sep/2024:13:38:18 +0300] "GET /media/jui/js/jquery-migrate.min.js?84f1ce0d194abefc70582b51dfe8db01 HTTP/1.1" 200 10056 "https://tkgurman.ru/katalog/kolbasnye-izdeliya" "Mozilla/5.0 (Macintosh; Intel Mac OS X 10_15_7) AppleWebKit/537.36 (KHTML, like Gecko) Chrome/92.0.4515.159 Safari/537.36"
185.119.1.111 - - [01/Sep/2024:13:38:18 +0300] "GET /components/com_sppagebuilder/assets/js/jquery.parallax-1.1.3.js HTTP/1.1" 200 892 "https://tkgurman.ru/katalog/kolbasnye-izdeliya" "Mozilla/5.0 (Macintosh; Intel Mac OS X 10_15_7) AppleWebKit/537.36 (KHTML, like Gecko) Chrome/92.0.4515.159 Safari/537.36"
185.119.1.111 - - [01/Sep/2024:13:38:18 +0300] "GET /components/com_sppagebuilder/assets/js/sppagebuilder.js HTTP/1.1" 200 35661 "https://tkgurman.ru/katalog/kolbasnye-izdeliya" "Mozilla/5.0 (Macintosh; Intel Mac OS X 10_15_7) AppleWebKit/537.36 (KHTML, like Gecko) Chrome/92.0.4515.159 Safari/537.36"
185.119.1.111 - - [01/Sep/2024:13:38:18 +0300] "GET /components/com_sppagebuilder/assets/js/jquery.magnific-popup.min.js HTTP/1.1" 200 20033 "https://tkgurman.ru/katalog/kolbasnye-izdeliya" "Mozilla/5.0 (Macintosh; Intel Mac OS X 10_15_7) AppleWebKit/537.36 (KHTML, like Gecko) Chrome/92.0.4515.159 Safari/537.36"
185.119.1.111 - - [01/Sep/2024:13:38:18 +0300] "GET /templates/shaper_helix3/js/bootstrap.min.js HTTP/1.1" 200 37045 "https://tkgurman.ru/katalog/kolbasnye-izdeliya" "Mozilla/5.0 (Macintosh; Intel Mac OS X 10_15_7) AppleWebKit/537.36 (KHTML, like Gecko) Chrome/92.0.4515.159 Safari/537.36"
185.119.1.111 - - [01/Sep/2024:13:38:18 +0300] "GET /templates/shaper_helix3/js/main.js HTTP/1.1" 200 8773 "https://tkgurman.ru/katalog/kolbasnye-izdeliya" "Mozilla/5.0 (Macintosh; Intel Mac OS X 10_15_7) AppleWebKit/537.36 (KHTML, like Gecko) Chrome/92.0.4515.159 Safari/537.36"
185.119.1.111 - - [01/Sep/2024:13:38:18 +0300] "GET /templates/shaper_helix3/js/jquery.sticky.js HTTP/1.1" 200 5739 "https://tkgurman.ru/katalog/kolbasnye-izdeliya" "Mozilla/5.0 (Macintosh; Intel Mac OS X 10_15_7) AppleWebKit/537.36 (KHTML, like Gecko) Chrome/92.0.4515.159 Safari/537.36"
185.119.1.111 - - [01/Sep/2024:13:38:18 +0300] "GET /modules/mod_joomly_callback/js/callback_default.js HTTP/1.1" 200 7358 "https://tkgurman.ru/katalog/kolbasnye-izdeliya" "Mozilla/5.0 (Macintosh; Intel Mac OS X 10_15_7) AppleWebKit/537.36 (KHTML, like Gecko) Chrome/92.0.4515.159 Safari/537.36"
185.119.1.111 - - [01/Sep/2024:13:38:18 +0300] "GET /templates/shaper_helix3/js/frontend-edit.js HTTP/1.1" 200 1948 "https://tkgurman.ru/katalog/kolbasnye-izdeliya" "Mozilla/5.0 (Macintosh; Intel Mac OS X 10_15_7) AppleWebKit/537.36 (KHTML, like Gecko) Chrome/92.0.4515.159 Safari/537.36"
185.119.1.111 - - [01/Sep/2024:13:38:18 +0300] "GET /images/logo2020.png HTTP/1.1" 200 26017 "https://tkgurman.ru/katalog/kolbasnye-izdeliya" "Mozilla/5.0 (Macintosh; Intel Mac OS X 10_15_7) AppleWebKit/537.36 (KHTML, like Gecko) Chrome/92.0.4515.159 Safari/537.36"
185.119.1.111 - - [01/Sep/2024:13:38:18 +0300] "GET /images/phone-call.png HTTP/1.1" 200 982 "https://tkgurman.ru/katalog/kolbasnye-izdeliya" "Mozilla/5.0 (Macintosh; Intel Mac OS X 10_15_7) AppleWebKit/537.36 (KHTML, like Gecko) Chrome/92.0.4515.159 Safari/537.36"
185.119.1.111 - - [01/Sep/2024:13:38:18 +0300] "GET /images/2018/04/27/kat11_03.png HTTP/1.1" 200 131112 "https://tkgurman.ru/katalog/kolbasnye-izdeliya" "Mozilla/5.0 (Macintosh; Intel Mac OS X 10_15_7) AppleWebKit/537.36 (KHTML, like Gecko) Chrome/92.0.4515.159 Safari/537.36"
185.119.1.111 - - [01/Sep/2024:13:38:18 +0300] "GET /images/2018/04/27/kat11_11.png HTTP/1.1" 200 129225 "https://tkgurman.ru/katalog/kolbasnye-izdeliya" "Mozilla/5.0 (Macintosh; Intel Mac OS X 10_15_7) AppleWebKit/537.36 (KHTML, like Gecko) Chrome/92.0.4515.159 Safari/537.36"
185.119.1.111 - - [01/Sep/2024:13:38:19 +0300] "GET /images/2018/04/27/kat11_17.png HTTP/1.1" 200 114397 "https://tkgurman.ru/katalog/kolbasnye-izdeliya" "Mozilla/5.0 (Macintosh; Intel Mac OS X 10_15_7) AppleWebKit/537.36 (KHTML, like Gecko) Chrome/92.0.4515.159 Safari/537.36"
185.119.1.111 - - [01/Sep/2024:13:38:19 +0300] "GET /images/2018/04/27/kat11_22.png HTTP/1.1" 200 137333 "https://tkgurman.ru/katalog/kolbasnye-izdeliya" "Mozilla/5.0 (Macintosh; Intel Mac OS X 10_15_7) AppleWebKit/537.36 (KHTML, like Gecko) Chrome/92.0.4515.159 Safari/537.36"
185.119.1.111 - - [01/Sep/2024:13:38:19 +0300] "GET /images/placeholder.png HTTP/1.1" 200 871 "https://tkgurman.ru/katalog/kolbasnye-izdeliya" "Mozilla/5.0 (Macintosh; Intel Mac OS X 10_15_7) AppleWebKit/537.36 (KHTML, like Gecko) Chrome/92.0.4515.159 Safari/537.36"
185.119.1.111 - - [01/Sep/2024:13:38:19 +0300] "GET /images/2018/04/27/kat12_03.png HTTP/1.1" 200 148697 "https://tkgurman.ru/katalog/kolbasnye-izdeliya" "Mozilla/5.0 (Macintosh; Intel Mac OS X 10_15_7) AppleWebKit/537.36 (KHTML, like Gecko) Chrome/92.0.4515.159 Safari/537.36"
185.119.1.111 - - [01/Sep/2024:13:38:19 +0300] "GET /images/2018/04/27/kat12_14.png HTTP/1.1" 200 131242 "https://tkgurman.ru/katalog/kolbasnye-izdeliya" "Mozilla/5.0 (Macintosh; Intel Mac OS X 10_15_7) AppleWebKit/537.36 (KHTML, like Gecko) Chrome/92.0.4515.159 Safari/537.36"
185.119.1.111 - - [01/Sep/2024:13:38:19 +0300] "GET /images/2018/04/27/kat12_27.png HTTP/1.1" 200 135792 "https://tkgurman.ru/katalog/kolbasnye-izdeliya" "Mozilla/5.0 (Macintosh; Intel Mac OS X 10_15_7) AppleWebKit/537.36 (KHTML, like Gecko) Chrome/92.0.4515.159 Safari/537.36"
185.119.1.111 - - [01/Sep/2024:13:38:19 +0300] "GET /images/2018/04/27/kat12_19.png HTTP/1.1" 200 132790 "https://tkgurman.ru/katalog/kolbasnye-izdeliya" "Mozilla/5.0 (Macintosh; Intel Mac OS X 10_15_7) AppleWebKit/537.36 (KHTML, like Gecko) Chrome/92.0.4515.159 Safari/537.36"
185.119.1.111 - - [01/Sep/2024:13:38:19 +0300] "GET /images/2018/04/27/kat13_11.png HTTP/1.1" 200 167646 "https://tkgurman.ru/katalog/kolbasnye-izdeliya" "Mozilla/5.0 (Macintosh; Intel Mac OS X 10_15_7) AppleWebKit/537.36 (KHTML, like Gecko) Chrome/92.0.4515.159 Safari/537.36"
185.119.1.111 - - [01/Sep/2024:13:38:19 +0300] "GET /images/2018/04/27/kat13_20.png HTTP/1.1" 200 136377 "https://tkgurman.ru/katalog/kolbasnye-izdeliya" "Mozilla/5.0 (Macintosh; Intel Mac OS X 10_15_7) AppleWebKit/537.36 (KHTML, like Gecko) Chrome/92.0.4515.159 Safari/537.36"
185.119.1.111 - - [01/Sep/2024:13:38:19 +0300] "GET /images/2018/04/27/kat14_03.png HTTP/1.1" 200 143227 "https://tkgurman.ru/katalog/kolbasnye-izdeliya" "Mozilla/5.0 (Macintosh; Intel Mac OS X 10_15_7) AppleWebKit/537.36 (KHTML, like Gecko) Chrome/92.0.4515.159 Safari/537.36"
185.119.1.111 - - [01/Sep/2024:13:38:19 +0300] "GET /images/2018/04/27/kat13_03.png HTTP/1.1" 200 173154 "https://tkgurman.ru/katalog/kolbasnye-izdeliya" "Mozilla/5.0 (Macintosh; Intel Mac OS X 10_15_7) AppleWebKit/537.36 (KHTML, like Gecko) Chrome/92.0.4515.159 Safari/537.36"
185.119.1.111 - - [01/Sep/2024:13:38:19 +0300] "GET /images/2018/04/27/kat14_17.png HTTP/1.1" 200 169152 "https://tkgurman.ru/katalog/kolbasnye-izdeliya" "Mozilla/5.0 (Macintosh; Intel Mac OS X 10_15_7) AppleWebKit/537.36 (KHTML, like Gecko) Chrome/92.0.4515.159 Safari/537.36"
185.119.1.111 - - [01/Sep/2024:13:38:19 +0300] "GET /images/2018/04/27/kat14_09.png HTTP/1.1" 200 170061 "https://tkgurman.ru/katalog/kolbasnye-izdeliya" "Mozilla/5.0 (Macintosh; Intel Mac OS X 10_15_7) AppleWebKit/537.36 (KHTML, like Gecko) Chrome/92.0.4515.159 Safari/537.36"
185.119.1.111 - - [01/Sep/2024:13:38:19 +0300] "GET /images/2018/04/27/kat14_24.png HTTP/1.1" 200 133003 "https://tkgurman.ru/katalog/kolbasnye-izdeliya" "Mozilla/5.0 (Macintosh; Intel Mac OS X 10_15_7) AppleWebKit/537.36 (KHTML, like Gecko) Chrome/92.0.4515.159 Safari/537.36"
185.119.1.111 - - [01/Sep/2024:13:38:19 +0300] "GET /images/2018/04/27/kat15_06.png HTTP/1.1" 200 139286 "https://tkgurman.ru/katalog/kolbasnye-izdeliya" "Mozilla/5.0 (Macintosh; Intel Mac OS X 10_15_7) AppleWebKit/537.36 (KHTML, like Gecko) Chrome/92.0.4515.159 Safari/537.36"
185.119.1.111 - - [01/Sep/2024:13:38:19 +0300] "GET /images/2018/04/27/kat16_03.png HTTP/1.1" 200 113468 "https://tkgurman.ru/katalog/kolbasnye-izdeliya" "Mozilla/5.0 (Macintosh; Intel Mac OS X 10_15_7) AppleWebKit/537.36 (KHTML, like Gecko) Chrome/92.0.4515.159 Safari/537.36"
185.119.1.111 - - [01/Sep/2024:13:38:19 +0300] "GET /images/2018/04/27/kat15_11.png HTTP/1.1" 200 142593 "https://tkgurman.ru/katalog/kolbasnye-izdeliya" "Mozilla/5.0 (Macintosh; Intel Mac OS X 10_15_7) AppleWebKit/537.36 (KHTML, like Gecko) Chrome/92.0.4515.159 Safari/537.36"
185.119.1.111 - - [01/Sep/2024:13:38:19 +0300] "GET /images/2018/04/27/kat16_14.png HTTP/1.1" 200 104898 "https://tkgurman.ru/katalog/kolbasnye-izdeliya" "Mozilla/5.0 (Macintosh; Intel Mac OS X 10_15_7) AppleWebKit/537.36 (KHTML, like Gecko) Chrome/92.0.4515.159 Safari/537.36"
185.119.1.111 - - [01/Sep/2024:13:38:19 +0300] "GET /images/2018/04/27/kat15_18.png HTTP/1.1" 200 248175 "https://tkgurman.ru/katalog/kolbasnye-izdeliya" "Mozilla/5.0 (Macintosh; Intel Mac OS X 10_15_7) AppleWebKit/537.36 (KHTML, like Gecko) Chrome/92.0.4515.159 Safari/537.36"
185.119.1.111 - - [01/Sep/2024:13:38:19 +0300] "GET /images/2018/04/27/kat16_19.png HTTP/1.1" 200 126296 "https://tkgurman.ru/katalog/kolbasnye-izdeliya" "Mozilla/5.0 (Macintosh; Intel Mac OS X 10_15_7) AppleWebKit/537.36 (KHTML, like Gecko) Chrome/92.0.4515.159 Safari/537.36"
185.119.1.111 - - [01/Sep/2024:13:38:19 +0300] "GET /images/2018/04/27/kat17_04.png HTTP/1.1" 200 158805 "https://tkgurman.ru/katalog/kolbasnye-izdeliya" "Mozilla/5.0 (Macintosh; Intel Mac OS X 10_15_7) AppleWebKit/537.36 (KHTML, like Gecko) Chrome/92.0.4515.159 Safari/537.36"
185.119.1.111 - - [01/Sep/2024:13:38:19 +0300] "GET /images/2018/04/27/kat17_12.png HTTP/1.1" 200 184744 "https://tkgurman.ru/katalog/kolbasnye-izdeliya" "Mozilla/5.0 (Macintosh; Intel Mac OS X 10_15_7) AppleWebKit/537.36 (KHTML, like Gecko) Chrome/92.0.4515.159 Safari/537.36"
185.119.1.111 - - [01/Sep/2024:13:38:19 +0300] "GET /images/pattern1.jpg HTTP/1.1" 200 53091 "https://tkgurman.ru/katalog/kolbasnye-izdeliya" "Mozilla/5.0 (Macintosh; Intel Mac OS X 10_15_7) AppleWebKit/537.36 (KHTML, like Gecko) Chrome/92.0.4515.159 Safari/537.36"
185.119.1.111 - - [01/Sep/2024:13:38:19 +0300] "GET /images/2018/04/27/kat18_03.png HTTP/1.1" 200 209196 "https://tkgurman.ru/katalog/kolbasnye-izdeliya" "Mozilla/5.0 (Macintosh; Intel Mac OS X 10_15_7) AppleWebKit/537.36 (KHTML, like Gecko) Chrome/92.0.4515.159 Safari/537.36"
185.119.1.111 - - [01/Sep/2024:13:38:19 +0300] "GET /images/2018/04/27/kat18_10.png HTTP/1.1" 200 159699 "https://tkgurman.ru/katalog/kolbasnye-izdeliya" "Mozilla/5.0 (Macintosh; Intel Mac OS X 10_15_7) AppleWebKit/537.36 (KHTML, like Gecko) Chrome/92.0.4515.159 Safari/537.36"
185.119.1.111 - - [01/Sep/2024:13:38:19 +0300] "GET /images/2018/04/27/kat18_16.png HTTP/1.1" 200 213743 "https://tkgurman.ru/katalog/kolbasnye-izdeliya" "Mozilla/5.0 (Macintosh; Intel Mac OS X 10_15_7) AppleWebKit/537.36 (KHTML, like Gecko) Chrome/92.0.4515.159 Safari/537.36"
185.119.1.111 - - [01/Sep/2024:13:38:19 +0300] "GET /images/2018/04/27/kat19_05.png HTTP/1.1" 200 94342 "https://tkgurman.ru/katalog/kolbasnye-izdeliya" "Mozilla/5.0 (Macintosh; Intel Mac OS X 10_15_7) AppleWebKit/537.36 (KHTML, like Gecko) Chrome/92.0.4515.159 Safari/537.36"
185.119.1.111 - - [01/Sep/2024:13:38:20 +0300] "GET /modules/mod_sj_flat_menu/assets/images/icon_active.png HTTP/1.1" 200 2874 "https://tkgurman.ru/katalog/kolbasnye-izdeliya" "Mozilla/5.0 (Macintosh; Intel Mac OS X 10_15_7) AppleWebKit/537.36 (KHTML, like Gecko) Chrome/92.0.4515.159 Safari/537.36"
185.119.1.111 - - [01/Sep/2024:13:38:20 +0300] "GET /images/2018/04/27/kat19_12.png HTTP/1.1" 200 84924 "https://tkgurman.ru/katalog/kolbasnye-izdeliya" "Mozilla/5.0 (Macintosh; Intel Mac OS X 10_15_7) AppleWebKit/537.36 (KHTML, like Gecko) Chrome/92.0.4515.159 Safari/537.36"
185.119.1.111 - - [01/Sep/2024:13:38:20 +0300] "GET /images/2018/04/27/kat20_03.png HTTP/1.1" 200 89890 "https://tkgurman.ru/katalog/kolbasnye-izdeliya" "Mozilla/5.0 (Macintosh; Intel Mac OS X 10_15_7) AppleWebKit/537.36 (KHTML, like Gecko) Chrome/92.0.4515.159 Safari/537.36"
185.119.1.111 - - [01/Sep/2024:13:38:20 +0300] "GET /images/2018/04/27/kat20_11.png HTTP/1.1" 200 70664 "https://tkgurman.ru/katalog/kolbasnye-izdeliya" "Mozilla/5.0 (Macintosh; Intel Mac OS X 10_15_7) AppleWebKit/537.36 (KHTML, like Gecko) Chrome/92.0.4515.159 Safari/537.36"
185.119.1.111 - - [01/Sep/2024:13:38:20 +0300] "GET /images/2018/04/27/kat20_19.png HTTP/1.1" 200 66568 "https://tkgurman.ru/katalog/kolbasnye-izdeliya" "Mozilla/5.0 (Macintosh; Intel Mac OS X 10_15_7) AppleWebKit/537.36 (KHTML, like Gecko) Chrome/92.0.4515.159 Safari/537.36"
185.119.1.111 - - [01/Sep/2024:13:38:20 +0300] "GET /images/2018/04/27/kat21_06.png HTTP/1.1" 200 85291 "https://tkgurman.ru/katalog/kolbasnye-izdeliya" "Mozilla/5.0 (Macintosh; Intel Mac OS X 10_15_7) AppleWebKit/537.36 (KHTML, like Gecko) Chrome/92.0.4515.159 Safari/537.36"
185.119.1.111 - - [01/Sep/2024:13:38:20 +0300] "GET /images/2018/04/27/kat21_14.png HTTP/1.1" 200 107084 "https://tkgurman.ru/katalog/kolbasnye-izdeliya" "Mozilla/5.0 (Macintosh; Intel Mac OS X 10_15_7) AppleWebKit/537.36 (KHTML, like Gecko) Chrome/92.0.4515.159 Safari/537.36"
185.119.1.111 - - [01/Sep/2024:13:38:20 +0300] "GET /images/2018/04/27/kat21_18.png HTTP/1.1" 200 121457 "https://tkgurman.ru/katalog/kolbasnye-izdeliya" "Mozilla/5.0 (Macintosh; Intel Mac OS X 10_15_7) AppleWebKit/537.36 (KHTML, like Gecko) Chrome/92.0.4515.159 Safari/537.36"
185.119.1.111 - - [01/Sep/2024:13:38:20 +0300] "GET /images/2018/04/27/kat21_23.png HTTP/1.1" 200 90773 "https://tkgurman.ru/katalog/kolbasnye-izdeliya" "Mozilla/5.0 (Macintosh; Intel Mac OS X 10_15_7) AppleWebKit/537.36 (KHTML, like Gecko) Chrome/92.0.4515.159 Safari/537.36"
185.119.1.111 - - [01/Sep/2024:13:38:20 +0300] "GET /images/2018/04/27/kat22_06.png HTTP/1.1" 200 194608 "https://tkgurman.ru/katalog/kolbasnye-izdeliya" "Mozilla/5.0 (Macintosh; Intel Mac OS X 10_15_7) AppleWebKit/537.36 (KHTML, like Gecko) Chrome/92.0.4515.159 Safari/537.36"
178.140.232.15 - - [01/Sep/2024:13:38:20 +0300] "GET /o-nas HTTP/1.0" 200 9044 "https://yandex.ru/" "Mozilla/5.0 (Macintosh; Intel Mac OS X 10_15_7) AppleWebKit/537.36 (KHTML, like Gecko) Chrome/92.0.4515.159 Safari/537.36"
185.119.1.111 - - [01/Sep/2024:13:38:20 +0300] "GET /images/2018/04/27/kat23_05.png HTTP/1.1" 200 148358 "https://tkgurman.ru/katalog/kolbasnye-izdeliya" "Mozilla/5.0 (Macintosh; Intel Mac OS X 10_15_7) AppleWebKit/537.36 (KHTML, like Gecko) Chrome/92.0.4515.159 Safari/537.36"
185.119.1.111 - - [01/Sep/2024:13:38:20 +0300] "GET /images/2018/04/27/kat22_11.png HTTP/1.1" 200 245291 "https://tkgurman.ru/katalog/kolbasnye-izdeliya" "Mozilla/5.0 (Macintosh; Intel Mac OS X 10_15_7) AppleWebKit/537.36 (KHTML, like Gecko) Chrome/92.0.4515.159 Safari/537.36"
185.119.1.111 - - [01/Sep/2024:13:38:20 +0300] "GET /images/2018/04/27/kat24_06.png HTTP/1.1" 200 159861 "https://tkgurman.ru/katalog/kolbasnye-izdeliya" "Mozilla/5.0 (Macintosh; Intel Mac OS X 10_15_7) AppleWebKit/537.36 (KHTML, like Gecko) Chrome/92.0.4515.159 Safari/537.36"
185.119.1.111 - - [01/Sep/2024:13:38:20 +0300] "GET /images/2018/04/27/kat23_14.png HTTP/1.1" 200 160160 "https://tkgurman.ru/katalog/kolbasnye-izdeliya" "Mozilla/5.0 (Macintosh; Intel Mac OS X 10_15_7) AppleWebKit/537.36 (KHTML, like Gecko) Chrome/92.0.4515.159 Safari/537.36"
178.140.232.15 - - [01/Sep/2024:13:38:20 +0300] "GET /templates/shaper_helix3/css/bootstrap.min.css HTTP/1.1" 200 121200 "https://tkgurman.ru/o-nas" "Mozilla/5.0 (Macintosh; Intel Mac OS X 10_15_7) AppleWebKit/537.36 (KHTML, like Gecko) Chrome/92.0.4515.159 Safari/537.36"
185.119.1.111 - - [01/Sep/2024:13:38:20 +0300] "GET /images/2018/04/27/kat24_11.png HTTP/1.1" 200 167667 "https://tkgurman.ru/katalog/kolbasnye-izdeliya" "Mozilla/5.0 (Macintosh; Intel Mac OS X 10_15_7) AppleWebKit/537.36 (KHTML, like Gecko) Chrome/92.0.4515.159 Safari/537.36"
178.140.232.15 - - [01/Sep/2024:13:38:20 +0300] "GET /templates/shaper_helix3/css/font-awesome.min.css HTTP/1.1" 200 31000 "https://tkgurman.ru/o-nas" "Mozilla/5.0 (Macintosh; Intel Mac OS X 10_15_7) AppleWebKit/537.36 (KHTML, like Gecko) Chrome/92.0.4515.159 Safari/537.36"
178.140.232.15 - - [01/Sep/2024:13:38:20 +0300] "GET /templates/shaper_helix3/css/legacy.css HTTP/1.1" 200 27359 "https://tkgurman.ru/o-nas" "Mozilla/5.0 (Macintosh; Intel Mac OS X 10_15_7) AppleWebKit/537.36 (KHTML, like Gecko) Chrome/92.0.4515.159 Safari/537.36"
178.140.232.15 - - [01/Sep/2024:13:38:20 +0300] "GET /templates/shaper_helix3/css/presets/preset3.css HTTP/1.1" 200 2159 "https://tkgurman.ru/o-nas" "Mozilla/5.0 (Macintosh; Intel Mac OS X 10_15_7) AppleWebKit/537.36 (KHTML, like Gecko) Chrome/92.0.4515.159 Safari/537.36"
178.140.232.15 - - [01/Sep/2024:13:38:20 +0300] "GET /templates/shaper_helix3/css/frontend-edit.css HTTP/1.1" 200 2970 "https://tkgurman.ru/o-nas" "Mozilla/5.0 (Macintosh; Intel Mac OS X 10_15_7) AppleWebKit/537.36 (KHTML, like Gecko) Chrome/92.0.4515.159 Safari/537.36"
178.140.232.15 - - [01/Sep/2024:13:38:20 +0300] "GET /modules/mod_sj_flat_menu/assets/css/styles-responsive.css HTTP/1.1" 200 2389 "https://tkgurman.ru/o-nas" "Mozilla/5.0 (Macintosh; Intel Mac OS X 10_15_7) AppleWebKit/537.36 (KHTML, like Gecko) Chrome/92.0.4515.159 Safari/537.36"
178.140.232.15 - - [01/Sep/2024:13:38:20 +0300] "GET /modules/mod_sj_flat_menu/assets/css/styles.css HTTP/1.1" 200 2470 "https://tkgurman.ru/o-nas" "Mozilla/5.0 (Macintosh; Intel Mac OS X 10_15_7) AppleWebKit/537.36 (KHTML, like Gecko) Chrome/92.0.4515.159 Safari/537.36"
178.140.232.15 - - [01/Sep/2024:13:38:20 +0300] "GET /modules/mod_joomly_callback/css/callback_default.css HTTP/1.1" 200 4689 "https://tkgurman.ru/o-nas" "Mozilla/5.0 (Macintosh; Intel Mac OS X 10_15_7) AppleWebKit/537.36 (KHTML, like Gecko) Chrome/92.0.4515.159 Safari/537.36"
178.140.232.15 - - [01/Sep/2024:13:38:20 +0300] "GET /templates/shaper_helix3/css/template.css HTTP/1.1" 200 75153 "https://tkgurman.ru/o-nas" "Mozilla/5.0 (Macintosh; Intel Mac OS X 10_15_7) AppleWebKit/537.36 (KHTML, like Gecko) Chrome/92.0.4515.159 Safari/537.36"
185.119.1.111 - - [01/Sep/2024:13:38:20 +0300] "GET /images/2018/04/27/kat24_22.png HTTP/1.1" 200 146272 "https://tkgurman.ru/katalog/kolbasnye-izdeliya" "Mozilla/5.0 (Macintosh; Intel Mac OS X 10_15_7) AppleWebKit/537.36 (KHTML, like Gecko) Chrome/92.0.4515.159 Safari/537.36"
185.119.1.111 - - [01/Sep/2024:13:38:20 +0300] "GET /images/2018/04/27/kat25_03.png HTTP/1.1" 200 157050 "https://tkgurman.ru/katalog/kolbasnye-izdeliya" "Mozilla/5.0 (Macintosh; Intel Mac OS X 10_15_7) AppleWebKit/537.36 (KHTML, like Gecko) Chrome/92.0.4515.159 Safari/537.36"
185.119.1.111 - - [01/Sep/2024:13:38:20 +0300] "GET /images/2018/04/27/kat25_18.png HTTP/1.1" 200 178959 "https://tkgurman.ru/katalog/kolbasnye-izdeliya" "Mozilla/5.0 (Macintosh; Intel Mac OS X 10_15_7) AppleWebKit/537.36 (KHTML, like Gecko) Chrome/92.0.4515.159 Safari/537.36"
185.119.1.111 - - [01/Sep/2024:13:38:20 +0300] "GET /images/2018/04/27/kat25_11.png HTTP/1.1" 200 192778 "https://tkgurman.ru/katalog/kolbasnye-izdeliya" "Mozilla/5.0 (Macintosh; Intel Mac OS X 10_15_7) AppleWebKit/537.36 (KHTML, like Gecko) Chrome/92.0.4515.159 Safari/537.36"
178.140.232.15 - - [01/Sep/2024:13:38:20 +0300] "GET /media/jui/js/jquery-migrate.min.js?84f1ce0d194abefc70582b51dfe8db01 HTTP/1.1" 200 10056 "https://tkgurman.ru/o-nas" "Mozilla/5.0 (Macintosh; Intel Mac OS X 10_15_7) AppleWebKit/537.36 (KHTML, like Gecko) Chrome/92.0.4515.159 Safari/537.36"
178.140.232.15 - - [01/Sep/2024:13:38:20 +0300] "GET /media/jui/js/jquery-noconflict.js?84f1ce0d194abefc70582b51dfe8db01 HTTP/1.1" 200 21 "https://tkgurman.ru/o-nas" "Mozilla/5.0 (Macintosh; Intel Mac OS X 10_15_7) AppleWebKit/537.36 (KHTML, like Gecko) Chrome/92.0.4515.159 Safari/537.36"
185.119.1.111 - - [01/Sep/2024:13:38:20 +0300] "GET /images/2018/04/27/kat26_10.png HTTP/1.1" 200 119077 "https://tkgurman.ru/katalog/kolbasnye-izdeliya" "Mozilla/5.0 (Macintosh; Intel Mac OS X 10_15_7) AppleWebKit/537.36 (KHTML, like Gecko) Chrome/92.0.4515.159 Safari/537.36"
178.140.232.15 - - [01/Sep/2024:13:38:20 +0300] "GET /media/jui/js/jquery.min.js?84f1ce0d194abefc70582b51dfe8db01 HTTP/1.1" 200 97163 "https://tkgurman.ru/o-nas" "Mozilla/5.0 (Macintosh; Intel Mac OS X 10_15_7) AppleWebKit/537.36 (KHTML, like Gecko) Chrome/92.0.4515.159 Safari/537.36"
185.119.1.111 - - [01/Sep/2024:13:38:20 +0300] "GET /images/2018/04/27/kat26_17.png HTTP/1.1" 200 117165 "https://tkgurman.ru/katalog/kolbasnye-izdeliya" "Mozilla/5.0 (Macintosh; Intel Mac OS X 10_15_7) AppleWebKit/537.36 (KHTML, like Gecko) Chrome/92.0.4515.159 Safari/537.36"
178.140.232.15 - - [01/Sep/2024:13:38:20 +0300] "GET /media/system/js/caption.js?84f1ce0d194abefc70582b51dfe8db01 HTTP/1.1" 200 491 "https://tkgurman.ru/o-nas" "Mozilla/5.0 (Macintosh; Intel Mac OS X 10_15_7) AppleWebKit/537.36 (KHTML, like Gecko) Chrome/92.0.4515.159 Safari/537.36"
178.140.232.15 - - [01/Sep/2024:13:38:20 +0300] "GET /templates/shaper_helix3/js/jquery.sticky.js HTTP/1.1" 200 5739 "https://tkgurman.ru/o-nas" "Mozilla/5.0 (Macintosh; Intel Mac OS X 10_15_7) AppleWebKit/537.36 (KHTML, like Gecko) Chrome/92.0.4515.159 Safari/537.36"
178.140.232.15 - - [01/Sep/2024:13:38:20 +0300] "GET /templates/shaper_helix3/js/bootstrap.min.js HTTP/1.1" 200 37045 "https://tkgurman.ru/o-nas" "Mozilla/5.0 (Macintosh; Intel Mac OS X 10_15_7) AppleWebKit/537.36 (KHTML, like Gecko) Chrome/92.0.4515.159 Safari/537.36"
178.140.232.15 - - [01/Sep/2024:13:38:20 +0300] "GET /templates/shaper_helix3/js/main.js HTTP/1.1" 200 8773 "https://tkgurman.ru/o-nas" "Mozilla/5.0 (Macintosh; Intel Mac OS X 10_15_7) AppleWebKit/537.36 (KHTML, like Gecko) Chrome/92.0.4515.159 Safari/537.36"
178.140.232.15 - - [01/Sep/2024:13:38:20 +0300] "GET /templates/shaper_helix3/js/frontend-edit.js HTTP/1.1" 200 1948 "https://tkgurman.ru/o-nas" "Mozilla/5.0 (Macintosh; Intel Mac OS X 10_15_7) AppleWebKit/537.36 (KHTML, like Gecko) Chrome/92.0.4515.159 Safari/537.36"
178.140.232.15 - - [01/Sep/2024:13:38:20 +0300] "GET /modules/mod_joomly_callback/js/callback_default.js HTTP/1.1" 200 7358 "https://tkgurman.ru/o-nas" "Mozilla/5.0 (Macintosh; Intel Mac OS X 10_15_7) AppleWebKit/537.36 (KHTML, like Gecko) Chrome/92.0.4515.159 Safari/537.36"
185.119.1.111 - - [01/Sep/2024:13:38:20 +0300] "GET /images/2018/04/27/kat11_06.png HTTP/1.1" 200 127683 "https://tkgurman.ru/katalog/kolbasnye-izdeliya" "Mozilla/5.0 (Macintosh; Intel Mac OS X 10_15_7) AppleWebKit/537.36 (KHTML, like Gecko) Chrome/92.0.4515.159 Safari/537.36"
185.119.1.111 - - [01/Sep/2024:13:38:20 +0300] "GET /images/2018/04/27/kat26_22.png HTTP/1.1" 200 90312 "https://tkgurman.ru/katalog/kolbasnye-izdeliya" "Mozilla/5.0 (Macintosh; Intel Mac OS X 10_15_7) AppleWebKit/537.36 (KHTML, like Gecko) Chrome/92.0.4515.159 Safari/537.36"
185.119.1.111 - - [01/Sep/2024:13:38:20 +0300] "GET /images/2018/04/27/kat11_13.png HTTP/1.1" 200 130995 "https://tkgurman.ru/katalog/kolbasnye-izdeliya" "Mozilla/5.0 (Macintosh; Intel Mac OS X 10_15_7) AppleWebKit/537.36 (KHTML, like Gecko) Chrome/92.0.4515.159 Safari/537.36"
185.119.1.111 - - [01/Sep/2024:13:38:20 +0300] "GET /images/2018/04/27/kat11_24.png HTTP/1.1" 200 159801 "https://tkgurman.ru/katalog/kolbasnye-izdeliya" "Mozilla/5.0 (Macintosh; Intel Mac OS X 10_15_7) AppleWebKit/537.36 (KHTML, like Gecko) Chrome/92.0.4515.159 Safari/537.36"
185.119.1.111 - - [01/Sep/2024:13:38:20 +0300] "GET /images/2018/04/27/kat11_19.png HTTP/1.1" 200 135686 "https://tkgurman.ru/katalog/kolbasnye-izdeliya" "Mozilla/5.0 (Macintosh; Intel Mac OS X 10_15_7) AppleWebKit/537.36 (KHTML, like Gecko) Chrome/92.0.4515.159 Safari/537.36"
185.119.1.111 - - [01/Sep/2024:13:38:20 +0300] "GET /images/2018/04/27/kat12_06.png HTTP/1.1" 200 141169 "https://tkgurman.ru/katalog/kolbasnye-izdeliya" "Mozilla/5.0 (Macintosh; Intel Mac OS X 10_15_7) AppleWebKit/537.36 (KHTML, like Gecko) Chrome/92.0.4515.159 Safari/537.36"
178.140.232.15 - - [01/Sep/2024:13:38:20 +0300] "GET /images/logo2020.png HTTP/1.1" 200 26017 "https://tkgurman.ru/o-nas" "Mozilla/5.0 (Macintosh; Intel Mac OS X 10_15_7) AppleWebKit/537.36 (KHTML, like Gecko) Chrome/92.0.4515.159 Safari/537.36"
178.140.232.15 - - [01/Sep/2024:13:38:20 +0300] "GET /images/phone-call.png HTTP/1.1" 200 982 "https://tkgurman.ru/o-nas" "Mozilla/5.0 (Macintosh; Intel Mac OS X 10_15_7) AppleWebKit/537.36 (KHTML, like Gecko) Chrome/92.0.4515.159 Safari/537.36"
185.119.1.111 - - [01/Sep/2024:13:38:20 +0300] "GET /images/2018/04/27/kat12_22.png HTTP/1.1" 200 133971 "https://tkgurman.ru/katalog/kolbasnye-izdeliya" "Mozilla/5.0 (Macintosh; Intel Mac OS X 10_15_7) AppleWebKit/537.36 (KHTML, like Gecko) Chrome/92.0.4515.159 Safari/537.36"
185.119.1.111 - - [01/Sep/2024:13:38:20 +0300] "GET /images/2018/04/27/kat12_11.png HTTP/1.1" 200 139935 "https://tkgurman.ru/katalog/kolbasnye-izdeliya" "Mozilla/5.0 (Macintosh; Intel Mac OS X 10_15_7) AppleWebKit/537.36 (KHTML, like Gecko) Chrome/92.0.4515.159 Safari/537.36"
185.119.1.111 - - [01/Sep/2024:13:38:20 +0300] "GET /images/2018/04/27/kat12_29.png HTTP/1.1" 200 136161 "https://tkgurman.ru/katalog/kolbasnye-izdeliya" "Mozilla/5.0 (Macintosh; Intel Mac OS X 10_15_7) AppleWebKit/537.36 (KHTML, like Gecko) Chrome/92.0.4515.159 Safari/537.36"
185.119.1.111 - - [01/Sep/2024:13:38:20 +0300] "GET /images/2018/04/27/kat13_06.png HTTP/1.1" 200 163750 "https://tkgurman.ru/katalog/kolbasnye-izdeliya" "Mozilla/5.0 (Macintosh; Intel Mac OS X 10_15_7) AppleWebKit/537.36 (KHTML, like Gecko) Chrome/92.0.4515.159 Safari/537.36"
66.249.83.86 - - [01/Sep/2024:13:38:20 +0300] "GET //catalog/kolbasa-myaso.pdf HTTP/1.0" 200 10886908 "-" "Mozilla/5.0 (compatible; Google AppsViewer; http://drive.google.com)"
185.119.1.111 - - [01/Sep/2024:13:38:20 +0300] "GET /images/2018/04/27/kat13_14.png HTTP/1.1" 200 143699 "https://tkgurman.ru/katalog/kolbasnye-izdeliya" "Mozilla/5.0 (Macintosh; Intel Mac OS X 10_15_7) AppleWebKit/537.36 (KHTML, like Gecko) Chrome/92.0.4515.159 Safari/537.36"
185.119.1.111 - - [01/Sep/2024:13:38:20 +0300] "GET /images/2018/04/27/kat13_18.png HTTP/1.1" 200 156212 "https://tkgurman.ru/katalog/kolbasnye-izdeliya" "Mozilla/5.0 (Macintosh; Intel Mac OS X 10_15_7) AppleWebKit/537.36 (KHTML, like Gecko) Chrome/92.0.4515.159 Safari/537.36"
185.119.1.111 - - [01/Sep/2024:13:38:21 +0300] "GET /images/2018/04/27/kat14_12.png HTTP/1.1" 200 160174 "https://tkgurman.ru/katalog/kolbasnye-izdeliya" "Mozilla/5.0 (Macintosh; Intel Mac OS X 10_15_7) AppleWebKit/537.36 (KHTML, like Gecko) Chrome/92.0.4515.159 Safari/537.36"
185.119.1.111 - - [01/Sep/2024:13:38:21 +0300] "GET /images/2018/04/27/kat14_05.png HTTP/1.1" 200 110181 "https://tkgurman.ru/katalog/kolbasnye-izdeliya" "Mozilla/5.0 (Macintosh; Intel Mac OS X 10_15_7) AppleWebKit/537.36 (KHTML, like Gecko) Chrome/92.0.4515.159 Safari/537.36"
185.119.1.111 - - [01/Sep/2024:13:38:21 +0300] "GET /images/2018/04/27/kat14_20.png HTTP/1.1" 200 144509 "https://tkgurman.ru/katalog/kolbasnye-izdeliya" "Mozilla/5.0 (Macintosh; Intel Mac OS X 10_15_7) AppleWebKit/537.36 (KHTML, like Gecko) Chrome/92.0.4515.159 Safari/537.36"
185.119.1.111 - - [01/Sep/2024:13:38:21 +0300] "GET /images/2018/04/27/kat14_26.png HTTP/1.1" 200 142176 "https://tkgurman.ru/katalog/kolbasnye-izdeliya" "Mozilla/5.0 (Macintosh; Intel Mac OS X 10_15_7) AppleWebKit/537.36 (KHTML, like Gecko) Chrome/92.0.4515.159 Safari/537.36"
185.119.1.111 - - [01/Sep/2024:13:38:21 +0300] "GET /images/2018/04/27/kat15_03.png HTTP/1.1" 200 126776 "https://tkgurman.ru/katalog/kolbasnye-izdeliya" "Mozilla/5.0 (Macintosh; Intel Mac OS X 10_15_7) AppleWebKit/537.36 (KHTML, like Gecko) Chrome/92.0.4515.159 Safari/537.36"
185.119.1.111 - - [01/Sep/2024:13:38:21 +0300] "GET /images/2018/04/27/kat15_14.png HTTP/1.1" 200 182280 "https://tkgurman.ru/katalog/kolbasnye-izdeliya" "Mozilla/5.0 (Macintosh; Intel Mac OS X 10_15_7) AppleWebKit/537.36 (KHTML, like Gecko) Chrome/92.0.4515.159 Safari/537.36"
178.140.232.15 - - [01/Sep/2024:13:38:21 +0300] "GET /modules/mod_sj_flat_menu/assets/images/icon_active.png HTTP/1.1" 200 2874 "https://tkgurman.ru/o-nas" "Mozilla/5.0 (Macintosh; Intel Mac OS X 10_15_7) AppleWebKit/537.36 (KHTML, like Gecko) Chrome/92.0.4515.159 Safari/537.36"
185.119.1.111 - - [01/Sep/2024:13:38:21 +0300] "GET /images/2018/04/27/kat15_19.png HTTP/1.1" 200 256149 "https://tkgurman.ru/katalog/kolbasnye-izdeliya" "Mozilla/5.0 (Macintosh; Intel Mac OS X 10_15_7) AppleWebKit/537.36 (KHTML, like Gecko) Chrome/92.0.4515.159 Safari/537.36"
185.119.1.111 - - [01/Sep/2024:13:38:21 +0300] "GET /images/2018/04/27/kat16_06.png HTTP/1.1" 200 91133 "https://tkgurman.ru/katalog/kolbasnye-izdeliya" "Mozilla/5.0 (Macintosh; Intel Mac OS X 10_15_7) AppleWebKit/537.36 (KHTML, like Gecko) Chrome/92.0.4515.159 Safari/537.36"
185.119.1.111 - - [01/Sep/2024:13:38:21 +0300] "GET /images/2018/04/27/kat16_11.png HTTP/1.1" 200 191546 "https://tkgurman.ru/katalog/kolbasnye-izdeliya" "Mozilla/5.0 (Macintosh; Intel Mac OS X 10_15_7) AppleWebKit/537.36 (KHTML, like Gecko) Chrome/92.0.4515.159 Safari/537.36"
185.119.1.111 - - [01/Sep/2024:13:38:21 +0300] "GET /images/2018/04/27/kat17_03.png HTTP/1.1" 200 156442 "https://tkgurman.ru/katalog/kolbasnye-izdeliya" "Mozilla/5.0 (Macintosh; Intel Mac OS X 10_15_7) AppleWebKit/537.36 (KHTML, like Gecko) Chrome/92.0.4515.159 Safari/537.36"
185.119.1.111 - - [01/Sep/2024:13:38:21 +0300] "GET /images/2018/04/27/kat17_08.png HTTP/1.1" 200 163845 "https://tkgurman.ru/katalog/kolbasnye-izdeliya" "Mozilla/5.0 (Macintosh; Intel Mac OS X 10_15_7) AppleWebKit/537.36 (KHTML, like Gecko) Chrome/92.0.4515.159 Safari/537.36"
178.140.232.15 - - [01/Sep/2024:13:38:21 +0300] "GET /images/placeholder.png HTTP/1.1" 200 871 "https://tkgurman.ru/o-nas" "Mozilla/5.0 (Macintosh; Intel Mac OS X 10_15_7) AppleWebKit/537.36 (KHTML, like Gecko) Chrome/92.0.4515.159 Safari/537.36"
185.119.1.111 - - [01/Sep/2024:13:38:21 +0300] "GET /images/2018/04/27/kat18_06.png HTTP/1.1" 200 212937 "https://tkgurman.ru/katalog/kolbasnye-izdeliya" "Mozilla/5.0 (Macintosh; Intel Mac OS X 10_15_7) AppleWebKit/537.36 (KHTML, like Gecko) Chrome/92.0.4515.159 Safari/537.36"
185.119.1.111 - - [01/Sep/2024:13:38:21 +0300] "GET /images/2018/04/27/kat18_09.png HTTP/1.1" 200 185637 "https://tkgurman.ru/katalog/kolbasnye-izdeliya" "Mozilla/5.0 (Macintosh; Intel Mac OS X 10_15_7) AppleWebKit/537.36 (KHTML, like Gecko) Chrome/92.0.4515.159 Safari/537.36"
185.119.1.111 - - [01/Sep/2024:13:38:21 +0300] "GET /images/2018/04/27/kat18_14.png HTTP/1.1" 200 168086 "https://tkgurman.ru/katalog/kolbasnye-izdeliya" "Mozilla/5.0 (Macintosh; Intel Mac OS X 10_15_7) AppleWebKit/537.36 (KHTML, like Gecko) Chrome/92.0.4515.159 Safari/537.36"
185.119.1.111 - - [01/Sep/2024:13:38:21 +0300] "GET /images/2018/04/27/kat19_10.png HTTP/1.1" 200 88760 "https://tkgurman.ru/katalog/kolbasnye-izdeliya" "Mozilla/5.0 (Macintosh; Intel Mac OS X 10_15_7) AppleWebKit/537.36 (KHTML, like Gecko) Chrome/92.0.4515.159 Safari/537.36"
185.119.1.111 - - [01/Sep/2024:13:38:21 +0300] "GET /images/2018/04/27/kat19_03.png HTTP/1.1" 200 125631 "https://tkgurman.ru/katalog/kolbasnye-izdeliya" "Mozilla/5.0 (Macintosh; Intel Mac OS X 10_15_7) AppleWebKit/537.36 (KHTML, like Gecko) Chrome/92.0.4515.159 Safari/537.36"
185.119.1.111 - - [01/Sep/2024:13:38:21 +0300] "GET /images/2018/04/27/kat19_17.png HTTP/1.1" 200 92886 "https://tkgurman.ru/katalog/kolbasnye-izdeliya" "Mozilla/5.0 (Macintosh; Intel Mac OS X 10_15_7) AppleWebKit/537.36 (KHTML, like Gecko) Chrome/92.0.4515.159 Safari/537.36"
185.119.1.111 - - [01/Sep/2024:13:38:21 +0300] "GET /images/2018/04/27/kat20_06.png HTTP/1.1" 200 83276 "https://tkgurman.ru/katalog/kolbasnye-izdeliya" "Mozilla/5.0 (Macintosh; Intel Mac OS X 10_15_7) AppleWebKit/537.36 (KHTML, like Gecko) Chrome/92.0.4515.159 Safari/537.36"
185.119.1.111 - - [01/Sep/2024:13:38:21 +0300] "GET /images/2018/04/27/kat20_14.png HTTP/1.1" 200 71418 "https://tkgurman.ru/katalog/kolbasnye-izdeliya" "Mozilla/5.0 (Macintosh; Intel Mac OS X 10_15_7) AppleWebKit/537.36 (KHTML, like Gecko) Chrome/92.0.4515.159 Safari/537.36"
185.119.1.111 - - [01/Sep/2024:13:38:21 +0300] "GET /images/2018/04/27/kat20_21.png HTTP/1.1" 200 63097 "https://tkgurman.ru/katalog/kolbasnye-izdeliya" "Mozilla/5.0 (Macintosh; Intel Mac OS X 10_15_7) AppleWebKit/537.36 (KHTML, like Gecko) Chrome/92.0.4515.159 Safari/537.36"
185.119.1.111 - - [01/Sep/2024:13:38:21 +0300] "GET /images/2018/04/27/kat21_03.png HTTP/1.1" 200 151020 "https://tkgurman.ru/katalog/kolbasnye-izdeliya" "Mozilla/5.0 (Macintosh; Intel Mac OS X 10_15_7) AppleWebKit/537.36 (KHTML, like Gecko) Chrome/92.0.4515.159 Safari/537.36"
185.119.1.111 - - [01/Sep/2024:13:38:21 +0300] "GET /images/2018/04/27/kat21_11.png HTTP/1.1" 200 130676 "https://tkgurman.ru/katalog/kolbasnye-izdeliya" "Mozilla/5.0 (Macintosh; Intel Mac OS X 10_15_7) AppleWebKit/537.36 (KHTML, like Gecko) Chrome/92.0.4515.159 Safari/537.36"
185.119.1.111 - - [01/Sep/2024:13:38:21 +0300] "GET /images/2018/04/27/kat21_20.png HTTP/1.1" 200 146955 "https://tkgurman.ru/katalog/kolbasnye-izdeliya" "Mozilla/5.0 (Macintosh; Intel Mac OS X 10_15_7) AppleWebKit/537.36 (KHTML, like Gecko) Chrome/92.0.4515.159 Safari/537.36"
185.119.1.111 - - [01/Sep/2024:13:38:21 +0300] "GET /images/2018/04/27/kat21_25.png HTTP/1.1" 200 98295 "https://tkgurman.ru/katalog/kolbasnye-izdeliya" "Mozilla/5.0 (Macintosh; Intel Mac OS X 10_15_7) AppleWebKit/537.36 (KHTML, like Gecko) Chrome/92.0.4515.159 Safari/537.36"
185.119.1.111 - - [01/Sep/2024:13:38:21 +0300] "GET /images/2018/04/27/kat22_03.png HTTP/1.1" 200 179785 "https://tkgurman.ru/katalog/kolbasnye-izdeliya" "Mozilla/5.0 (Macintosh; Intel Mac OS X 10_15_7) AppleWebKit/537.36 (KHTML, like Gecko) Chrome/92.0.4515.159 Safari/537.36"
185.119.1.111 - - [01/Sep/2024:13:38:21 +0300] "GET /images/2018/04/27/kat23_03.png HTTP/1.1" 200 159429 "https://tkgurman.ru/katalog/kolbasnye-izdeliya" "Mozilla/5.0 (Macintosh; Intel Mac OS X 10_15_7) AppleWebKit/537.36 (KHTML, like Gecko) Chrome/92.0.4515.159 Safari/537.36"
185.119.1.111 - - [01/Sep/2024:13:38:21 +0300] "GET /images/2018/04/27/kat23_10.png HTTP/1.1" 200 247075 "https://tkgurman.ru/katalog/kolbasnye-izdeliya" "Mozilla/5.0 (Macintosh; Intel Mac OS X 10_15_7) AppleWebKit/537.36 (KHTML, like Gecko) Chrome/92.0.4515.159 Safari/537.36"
185.119.1.111 - - [01/Sep/2024:13:38:21 +0300] "GET /images/2018/04/27/kat23_15.png HTTP/1.1" 200 173637 "https://tkgurman.ru/katalog/kolbasnye-izdeliya" "Mozilla/5.0 (Macintosh; Intel Mac OS X 10_15_7) AppleWebKit/537.36 (KHTML, like Gecko) Chrome/92.0.4515.159 Safari/537.36"
185.119.1.111 - - [01/Sep/2024:13:38:21 +0300] "GET /images/2018/04/27/kat24_03.png HTTP/1.1" 200 198921 "https://tkgurman.ru/katalog/kolbasnye-izdeliya" "Mozilla/5.0 (Macintosh; Intel Mac OS X 10_15_7) AppleWebKit/537.36 (KHTML, like Gecko) Chrome/92.0.4515.159 Safari/537.36"
185.119.1.111 - - [01/Sep/2024:13:38:21 +0300] "GET /images/2018/04/27/kat24_14.png HTTP/1.1" 200 200562 "https://tkgurman.ru/katalog/kolbasnye-izdeliya" "Mozilla/5.0 (Macintosh; Intel Mac OS X 10_15_7) AppleWebKit/537.36 (KHTML, like Gecko) Chrome/92.0.4515.159 Safari/537.36"
185.119.1.111 - - [01/Sep/2024:13:38:21 +0300] "GET /images/2018/04/27/kat24_19.png HTTP/1.1" 200 160175 "https://tkgurman.ru/katalog/kolbasnye-izdeliya" "Mozilla/5.0 (Macintosh; Intel Mac OS X 10_15_7) AppleWebKit/537.36 (KHTML, like Gecko) Chrome/92.0.4515.159 Safari/537.36"
185.119.1.111 - - [01/Sep/2024:13:38:21 +0300] "GET /images/2018/04/27/kat25_06.png HTTP/1.1" 200 177325 "https://tkgurman.ru/katalog/kolbasnye-izdeliya" "Mozilla/5.0 (Macintosh; Intel Mac OS X 10_15_7) AppleWebKit/537.36 (KHTML, like Gecko) Chrome/92.0.4515.159 Safari/537.36"
185.119.1.111 - - [01/Sep/2024:13:38:21 +0300] "GET /images/2018/04/27/kat25_15.png HTTP/1.1" 200 193923 "https://tkgurman.ru/katalog/kolbasnye-izdeliya" "Mozilla/5.0 (Macintosh; Intel Mac OS X 10_15_7) AppleWebKit/537.36 (KHTML, like Gecko) Chrome/92.0.4515.159 Safari/537.36"
185.119.1.111 - - [01/Sep/2024:13:38:21 +0300] "GET /images/2018/04/27/kat26_03.png HTTP/1.1" 200 120605 "https://tkgurman.ru/katalog/kolbasnye-izdeliya" "Mozilla/5.0 (Macintosh; Intel Mac OS X 10_15_7) AppleWebKit/537.36 (KHTML, like Gecko) Chrome/92.0.4515.159 Safari/537.36"
185.119.1.111 - - [01/Sep/2024:13:38:21 +0300] "GET /images/2018/04/27/kat26_07.png HTTP/1.1" 200 114812 "https://tkgurman.ru/katalog/kolbasnye-izdeliya" "Mozilla/5.0 (Macintosh; Intel Mac OS X 10_15_7) AppleWebKit/537.36 (KHTML, like Gecko) Chrome/92.0.4515.159 Safari/537.36"
178.140.232.15 - - [01/Sep/2024:13:38:21 +0300] "GET /images/pattern22.jpg HTTP/1.1" 200 40544 "https://tkgurman.ru/o-nas" "Mozilla/5.0 (Macintosh; Intel Mac OS X 10_15_7) AppleWebKit/537.36 (KHTML, like Gecko) Chrome/92.0.4515.159 Safari/537.36"
185.119.1.111 - - [01/Sep/2024:13:38:21 +0300] "GET /images/2018/04/27/kat26_15.png HTTP/1.1" 200 94118 "https://tkgurman.ru/katalog/kolbasnye-izdeliya" "Mozilla/5.0 (Macintosh; Intel Mac OS X 10_15_7) AppleWebKit/537.36 (KHTML, like Gecko) Chrome/92.0.4515.159 Safari/537.36"
185.119.1.111 - - [01/Sep/2024:13:38:21 +0300] "GET /images/pattern22.jpg HTTP/1.1" 200 40544 "https://tkgurman.ru/katalog/kolbasnye-izdeliya" "Mozilla/5.0 (Macintosh; Intel Mac OS X 10_15_7) AppleWebKit/537.36 (KHTML, like Gecko) Chrome/92.0.4515.159 Safari/537.36"
178.140.232.15 - - [01/Sep/2024:13:38:22 +0300] "GET /images/pattern1.jpg HTTP/1.1" 200 53091 "https://tkgurman.ru/o-nas" "Mozilla/5.0 (Macintosh; Intel Mac OS X 10_15_7) AppleWebKit/537.36 (KHTML, like Gecko) Chrome/92.0.4515.159 Safari/537.36"
46.149.75.86 - - [01/Sep/2024:13:49:35 +0300] "GET / HTTP/1.0" 301 185 "http://tkgurman.ru/" "Mozilla/5.0 (Windows NT 10.0; Win64; x64; ) AppleWebKit/537.36 (KHTML, like Gecko) Chrome/124.0.6367.61 Chrome/124.0.6367.61 Not-A.Brand/99 Safari/537.36"
46.149.75.86 - - [01/Sep/2024:13:49:35 +0300] "GET / HTTP/1.0" 200 95685 "https://tkgurman.ru/" "Mozilla/5.0 (Windows NT 10.0; Win64; x64; ) AppleWebKit/537.36 (KHTML, like Gecko) Chrome/124.0.6367.61 Chrome/124.0.6367.61 Not-A.Brand/99 Safari/537.36"
46.149.75.86 - - [01/Sep/2024:13:49:37 +0300] "GET /kontakty HTTP/1.0" 200 28354 "https://tkgurman.ru/kontakty" "Mozilla/5.0 (Windows NT 10.0; Win64; x64; ) AppleWebKit/537.36 (KHTML, like Gecko) Chrome/124.0.6367.61 Chrome/124.0.6367.61 Not-A.Brand/99 Safari/537.36"
109.94.209.10 - - [01/Sep/2024:13:59:00 +0300] "GET /.well-known/acme-challenge/--7SHAD8YAPJJJDMA54Q7VAXT0L27YO0 HTTP/1.1" 301 196 "-" "Cpanel-HTTP-Client/1.0"
109.94.209.10 - - [01/Sep/2024:13:59:00 +0300] "GET /.well-known/acme-challenge/--7SHAD8YAPJJJDMA54Q7VAXT0L27YO0 HTTP/1.1" 404 180 "-" "Cpanel-HTTP-Client/1.0"
109.94.209.10 - - [01/Sep/2024:13:59:00 +0300] "GET /.well-known/acme-challenge/EHS4KEN0D0Z9DG4CLOII7SQPE44MWOU3 HTTP/1.1" 301 196 "-" "Cpanel-HTTP-Client/1.0"
109.94.209.10 - - [01/Sep/2024:13:59:00 +0300] "GET /.well-known/acme-challenge/EHS4KEN0D0Z9DG4CLOII7SQPE44MWOU3 HTTP/1.1" 404 180 "-" "Cpanel-HTTP-Client/1.0"
148.163.81.91 - - [01/Sep/2024:14:10:26 +0300] "GET /images/2018/04/25/kat40_11.png HTTP/1.1" 200 115123 "-" "Mozilla/5.0 (Windows NT 10.0) AppleWebKit/536.0 (KHTML, like Gecko) Chrome/53.0.826.0 Safari/536.0"
