178.176.84.18 - - [06/Sep/2024:06:09:43 +0300] "GET /images/2018/05/07/tatar3-4.png HTTP/1.1" 200 196709 "https://yandex.ru/images/touch/search?source=serp&text=%D0%B1%D0%B0%D0%BB%D1%82%D0%B0%D1%81%D0%B8+%D0%BD%D0%B0+%D0%BA%D0%B0%D1%80%D1%82%D0%B5+%D1%82%D0%B0%D1%82%D0%B0%D1%80%D1%81%D1%82%D0%B0%D0%BD%D0%B0&img_url=https%3A%2F%2Ftkgurman.ru%2Fimages%2F2018%2F05%2F07%2Ftatar3-4.png&rpt=simage" "Mozilla/5.0 (Linux; arm_64; Android 12; CTR-LX1) AppleWebKit/537.36 (KHTML, like Gecko) Chrome/124.0.6367.47 YaBrowser/24.6.5.47.00 SA/3 Mobile Safari/537.36"
114.119.148.105 - - [06/Sep/2024:06:09:44 +0300] "GET /robots.txt HTTP/1.0" 200 696 "-" "Mozilla/5.0 (compatible;PetalBot;+https://webmaster.petalsearch.com/site/petalbot)"
66.133.109.36 - - [06/Sep/2024:06:11:12 +0300] "GET /.well-known/acme-challenge/dYDsk-dE_4SCw3YCCmGT73lznG8XKarGqMBfS_xViVk HTTP/1.1" 301 196 "-" "Mozilla/5.0 (compatible; Let's Encrypt validation server; +https://www.letsencrypt.org)"
66.133.109.36 - - [06/Sep/2024:06:11:13 +0300] "GET /.well-known/acme-challenge/dYDsk-dE_4SCw3YCCmGT73lznG8XKarGqMBfS_xViVk HTTP/1.1" 404 180 "http://www.tkgurman.ru/.well-known/acme-challenge/dYDsk-dE_4SCw3YCCmGT73lznG8XKarGqMBfS_xViVk" "Mozilla/5.0 (compatible; Let's Encrypt validation server; +https://www.letsencrypt.org)"
66.133.109.36 - - [06/Sep/2024:06:16:11 +0300] "GET /.well-known/acme-challenge/ZIsYE1thvbzKh1tW86Ydu5hEYDOvswxQLo1mzPdKgk0 HTTP/1.1" 301 196 "-" "Mozilla/5.0 (compatible; Let's Encrypt validation server; +https://www.letsencrypt.org)"
66.133.109.36 - - [06/Sep/2024:06:16:12 +0300] "GET /.well-known/acme-challenge/ZIsYE1thvbzKh1tW86Ydu5hEYDOvswxQLo1mzPdKgk0 HTTP/1.1" 404 180 "http://tkgurman.ru/.well-known/acme-challenge/ZIsYE1thvbzKh1tW86Ydu5hEYDOvswxQLo1mzPdKgk0" "Mozilla/5.0 (compatible; Let's Encrypt validation server; +https://www.letsencrypt.org)"
114.119.140.47 - - [06/Sep/2024:06:19:27 +0300] "GET /robots.txt HTTP/1.1" 301 196 "-" "Mozilla/5.0 (compatible;PetalBot;+https://webmaster.petalsearch.com/site/petalbot)"
114.119.140.47 - - [06/Sep/2024:06:19:28 +0300] "GET /robots.txt HTTP/1.0" 200 696 "-" "Mozilla/5.0 (compatible;PetalBot;+https://webmaster.petalsearch.com/site/petalbot)"
66.133.109.36 - - [06/Sep/2024:06:22:12 +0300] "GET /.well-known/acme-challenge/Xcehgxj8FWyCwnJPytBg04YM6ud-4BzqRZ6bRoLc_DA HTTP/1.1" 301 196 "-" "Mozilla/5.0 (compatible; Let's Encrypt validation server; +https://www.letsencrypt.org)"
66.133.109.36 - - [06/Sep/2024:06:22:13 +0300] "GET /.well-known/acme-challenge/Xcehgxj8FWyCwnJPytBg04YM6ud-4BzqRZ6bRoLc_DA HTTP/1.1" 404 180 "http://www.tkgurman.ru/.well-known/acme-challenge/Xcehgxj8FWyCwnJPytBg04YM6ud-4BzqRZ6bRoLc_DA" "Mozilla/5.0 (compatible; Let's Encrypt validation server; +https://www.letsencrypt.org)"
66.133.109.36 - - [06/Sep/2024:06:27:12 +0300] "GET /.well-known/acme-challenge/raQt2pPHmhJorEvvGDQFt5TwB1p08bDx1hzgTPFQYYQ HTTP/1.1" 301 196 "-" "Mozilla/5.0 (compatible; Let's Encrypt validation server; +https://www.letsencrypt.org)"
66.133.109.36 - - [06/Sep/2024:06:27:13 +0300] "GET /.well-known/acme-challenge/raQt2pPHmhJorEvvGDQFt5TwB1p08bDx1hzgTPFQYYQ HTTP/1.1" 404 180 "http://tkgurman.ru/.well-known/acme-challenge/raQt2pPHmhJorEvvGDQFt5TwB1p08bDx1hzgTPFQYYQ" "Mozilla/5.0 (compatible; Let's Encrypt validation server; +https://www.letsencrypt.org)"
66.133.109.36 - - [06/Sep/2024:06:32:12 +0300] "GET /.well-known/acme-challenge/GHAZD9N2q00v7CR_ewIJImiFWYhBms8rGbudnxiP_-U HTTP/1.1" 301 196 "-" "Mozilla/5.0 (compatible; Let's Encrypt validation server; +https://www.letsencrypt.org)"
66.133.109.36 - - [06/Sep/2024:06:32:13 +0300] "GET /.well-known/acme-challenge/GHAZD9N2q00v7CR_ewIJImiFWYhBms8rGbudnxiP_-U HTTP/1.1" 404 180 "http://www.tkgurman.ru/.well-known/acme-challenge/GHAZD9N2q00v7CR_ewIJImiFWYhBms8rGbudnxiP_-U" "Mozilla/5.0 (compatible; Let's Encrypt validation server; +https://www.letsencrypt.org)"
188.130.220.82 - - [06/Sep/2024:06:36:14 +0300] "GET /robots.txt HTTP/1.0" 200 696 "-" "Mozilla/5.0 (keys-so-bot)"
66.133.109.36 - - [06/Sep/2024:06:37:12 +0300] "GET /.well-known/acme-challenge/vP7lf2fz-FWw3uzA5w3_JJXDNVGJ9BHMZRWEAECxrrE HTTP/1.1" 301 196 "-" "Mozilla/5.0 (compatible; Let's Encrypt validation server; +https://www.letsencrypt.org)"
66.133.109.36 - - [06/Sep/2024:06:37:13 +0300] "GET /.well-known/acme-challenge/vP7lf2fz-FWw3uzA5w3_JJXDNVGJ9BHMZRWEAECxrrE HTTP/1.1" 404 180 "http://tkgurman.ru/.well-known/acme-challenge/vP7lf2fz-FWw3uzA5w3_JJXDNVGJ9BHMZRWEAECxrrE" "Mozilla/5.0 (compatible; Let's Encrypt validation server; +https://www.letsencrypt.org)"
195.191.219.130 - - [06/Sep/2024:06:40:42 +0300] "GET /robots.txt HTTP/1.1" 301 196 "-" "Mozilla/5.0 (compatible; MJ12bot/v1.4.8; http://mj12bot.com/)"
195.191.219.130 - - [06/Sep/2024:06:40:43 +0300] "GET /robots.txt HTTP/1.0" 200 1108 "-" "Mozilla/5.0 (compatible; MJ12bot/v1.4.8; http://mj12bot.com/)"
195.191.219.130 - - [06/Sep/2024:06:40:45 +0300] "GET / HTTP/1.1" 301 196 "-" "Mozilla/5.0 (compatible; MJ12bot/v1.4.8; http://mj12bot.com/)"
195.191.219.130 - - [06/Sep/2024:06:40:47 +0300] "GET / HTTP/1.0" 200 16146 "-" "Mozilla/5.0 (compatible; MJ12bot/v1.4.8; http://mj12bot.com/)"
195.191.219.130 - - [06/Sep/2024:06:40:49 +0300] "GET /robots.txt HTTP/1.1" 301 196 "-" "Mozilla/5.0 (compatible; MJ12bot/v1.4.8; http://mj12bot.com/)"
195.191.219.130 - - [06/Sep/2024:06:40:50 +0300] "GET /robots.txt HTTP/1.0" 200 1108 "-" "Mozilla/5.0 (compatible; MJ12bot/v1.4.8; http://mj12bot.com/)"
195.191.219.130 - - [06/Sep/2024:06:40:51 +0300] "GET / HTTP/1.1" 301 196 "-" "Mozilla/5.0 (compatible; MJ12bot/v1.4.8; http://mj12bot.com/)"
54.36.148.231 - - [06/Sep/2024:06:40:51 +0300] "GET /katalog/zamorozhennye-produkty HTTP/1.0" 200 9703 "-" "Mozilla/5.0 (compatible; AhrefsBot/7.0; +http://ahrefs.com/robot/)"
195.191.219.130 - - [06/Sep/2024:06:40:53 +0300] "GET / HTTP/1.0" 200 16150 "-" "Mozilla/5.0 (compatible; MJ12bot/v1.4.8; http://mj12bot.com/)"
66.133.109.36 - - [06/Sep/2024:06:42:12 +0300] "GET /.well-known/acme-challenge/9Z_Jxxesz4hPON8reN6LDFAlAhZKBrjzz13ArFdby7w HTTP/1.1" 301 196 "-" "Mozilla/5.0 (compatible; Let's Encrypt validation server; +https://www.letsencrypt.org)"
66.133.109.36 - - [06/Sep/2024:06:42:13 +0300] "GET /.well-known/acme-challenge/9Z_Jxxesz4hPON8reN6LDFAlAhZKBrjzz13ArFdby7w HTTP/1.1" 404 180 "http://www.tkgurman.ru/.well-known/acme-challenge/9Z_Jxxesz4hPON8reN6LDFAlAhZKBrjzz13ArFdby7w" "Mozilla/5.0 (compatible; Let's Encrypt validation server; +https://www.letsencrypt.org)"
20.171.206.13 - - [06/Sep/2024:06:47:21 +0300] "GET /robots.txt HTTP/1.0" 200 696 "-" "Mozilla/5.0 AppleWebKit/537.36 (KHTML, like Gecko; compatible; GPTBot/1.2; +https://openai.com/gptbot)"
66.249.64.169 - - [06/Sep/2024:06:47:26 +0300] "GET /katalog/konditerskie-izdeliya HTTP/1.1" 301 196 "-" "Mozilla/5.0 (Linux; Android 6.0.1; Nexus 5X Build/MMB29P) AppleWebKit/537.36 (KHTML, like Gecko) Chrome/128.0.6613.113 Mobile Safari/537.36 (compatible; Googlebot/2.1; +http://www.google.com/bot.html)"
66.249.64.166 - - [06/Sep/2024:06:47:27 +0300] "GET /katalog/konditerskie-izdeliya HTTP/1.0" 200 8994 "-" "Mozilla/5.0 (Linux; Android 6.0.1; Nexus 5X Build/MMB29P) AppleWebKit/537.36 (KHTML, like Gecko) Chrome/128.0.6613.113 Mobile Safari/537.36 (compatible; Googlebot/2.1; +http://www.google.com/bot.html)"
66.133.109.36 - - [06/Sep/2024:06:48:12 +0300] "GET /.well-known/acme-challenge/PrCRr2-RZTL6S4-mgCWPXA96a14xVVv-BHV5EcZYaSA HTTP/1.1" 301 196 "-" "Mozilla/5.0 (compatible; Let's Encrypt validation server; +https://www.letsencrypt.org)"
66.133.109.36 - - [06/Sep/2024:06:48:13 +0300] "GET /.well-known/acme-challenge/PrCRr2-RZTL6S4-mgCWPXA96a14xVVv-BHV5EcZYaSA HTTP/1.1" 404 180 "http://tkgurman.ru/.well-known/acme-challenge/PrCRr2-RZTL6S4-mgCWPXA96a14xVVv-BHV5EcZYaSA" "Mozilla/5.0 (compatible; Let's Encrypt validation server; +https://www.letsencrypt.org)"
62.113.113.162 - - [06/Sep/2024:06:50:22 +0300] "GET / HTTP/1.0" 200 95684 "https://tkgurman.ru/" "Mozilla/5.0 (Windows NT 10.0; Win64; x64) AppleWebKit/537.36 (KHTML, like Gecko) Chrome/124.0.0.0 Safari/537.36"
62.113.113.162 - - [06/Sep/2024:06:51:58 +0300] "GET / HTTP/1.0" 200 95676 "https://tkgurman.ru/" "Mozilla/5.0 (Windows NT 10.0.0; Win64; x64; ) AppleWebKit/537.36 (KHTML, like Gecko) Chrome/124.0.6367.119 Chrome/124.0.6367.119 Not-A.Brand/99 Safari/537.36"
62.113.113.162 - - [06/Sep/2024:06:54:03 +0300] "GET / HTTP/1.0" 200 95684 "https://tkgurman.ru/" "Mozilla/5.0 (Windows NT 10.0; Win64; x64; ) AppleWebKit/537.36 (KHTML, like Gecko) Chrome/124.0.6367.61 Chrome/124.0.6367.61 Not-A.Brand/99 Safari/537.36"
66.133.109.36 - - [06/Sep/2024:06:54:12 +0300] "GET /.well-known/acme-challenge/m_Z-fpwgKNkrkva0XClrPYat3Haqi29AekHbI0lxK10 HTTP/1.1" 301 196 "-" "Mozilla/5.0 (compatible; Let's Encrypt validation server; +https://www.letsencrypt.org)"
66.133.109.36 - - [06/Sep/2024:06:54:13 +0300] "GET /.well-known/acme-challenge/m_Z-fpwgKNkrkva0XClrPYat3Haqi29AekHbI0lxK10 HTTP/1.1" 404 180 "http://www.tkgurman.ru/.well-known/acme-challenge/m_Z-fpwgKNkrkva0XClrPYat3Haqi29AekHbI0lxK10" "Mozilla/5.0 (compatible; Let's Encrypt validation server; +https://www.letsencrypt.org)"
62.113.113.162 - - [06/Sep/2024:06:54:28 +0300] "GET / HTTP/1.0" 200 95680 "https://tkgurman.ru/" "Mozilla/5.0 (Windows NT 15.0.0; Win64; x64; ) AppleWebKit/537.36 (KHTML, like Gecko) Chrome/124.0.6367.119 Chrome/124.0.6367.119 Not-A.Brand/99 Safari/537.36"
195.2.78.191 - - [06/Sep/2024:06:58:21 +0300] "GET / HTTP/1.0" 200 95676 "https://tkgurman.ru/" "Mozilla/5.0 (Windows NT 10.0; Win64; x64) AppleWebKit/537.36 (KHTML, like Gecko) Chrome/124.0.6367.92 Safari/537.36"
66.133.109.36 - - [06/Sep/2024:06:59:12 +0300] "GET /.well-known/acme-challenge/gxzbYj-hnMjysh4g8hypinVLdC0X6RHQ-cIW29aDkk8 HTTP/1.1" 301 196 "-" "Mozilla/5.0 (compatible; Let's Encrypt validation server; +https://www.letsencrypt.org)"
66.133.109.36 - - [06/Sep/2024:06:59:13 +0300] "GET /.well-known/acme-challenge/gxzbYj-hnMjysh4g8hypinVLdC0X6RHQ-cIW29aDkk8 HTTP/1.1" 404 180 "http://tkgurman.ru/.well-known/acme-challenge/gxzbYj-hnMjysh4g8hypinVLdC0X6RHQ-cIW29aDkk8" "Mozilla/5.0 (compatible; Let's Encrypt validation server; +https://www.letsencrypt.org)"
195.2.78.191 - - [06/Sep/2024:07:00:42 +0300] "GET / HTTP/1.0" 200 95680 "https://tkgurman.ru/" "Mozilla/5.0 (Windows NT 15.0.0; Win64; x64; ) AppleWebKit/537.36 (KHTML, like Gecko) Chrome/124.0.6367.119 Chrome/124.0.6367.119 Not-A.Brand/99 Safari/537.36"
195.2.79.165 - - [06/Sep/2024:07:01:53 +0300] "GET / HTTP/1.0" 200 95680 "https://tkgurman.ru/" "Mozilla/5.0 (Windows NT 10.0.0; Win64; x64; ) AppleWebKit/537.36 (KHTML, like Gecko) Chrome/124.0.6367.61 Chrome/124.0.6367.61 Not-A.Brand/99 Safari/537.36"
195.2.79.165 - - [06/Sep/2024:07:04:57 +0300] "GET / HTTP/1.0" 200 95676 "https://tkgurman.ru/" "Mozilla/5.0 (Windows NT 10.0.0; Win64; x64; ) AppleWebKit/537.36 (KHTML, like Gecko) Chrome/124.0.6367.60 Chrome/124.0.6367.60 Not-A.Brand/99 Safari/537.36"
66.133.109.36 - - [06/Sep/2024:07:05:12 +0300] "GET /.well-known/acme-challenge/7u8J0V4v9hY6r3Ed8vWsJuEh9jgp-SKBKIp2x163tYE HTTP/1.1" 301 196 "-" "Mozilla/5.0 (compatible; Let's Encrypt validation server; +https://www.letsencrypt.org)"
66.133.109.36 - - [06/Sep/2024:07:05:13 +0300] "GET /.well-known/acme-challenge/7u8J0V4v9hY6r3Ed8vWsJuEh9jgp-SKBKIp2x163tYE HTTP/1.1" 404 180 "http://www.tkgurman.ru/.well-known/acme-challenge/7u8J0V4v9hY6r3Ed8vWsJuEh9jgp-SKBKIp2x163tYE" "Mozilla/5.0 (compatible; Let's Encrypt validation server; +https://www.letsencrypt.org)"
66.133.109.36 - - [06/Sep/2024:07:11:11 +0300] "GET /.well-known/acme-challenge/xB5tsyri0DDbmP6Jx7nz81BCfpLbMSakWkJPLhkAc5M HTTP/1.1" 301 196 "-" "Mozilla/5.0 (compatible; Let's Encrypt validation server; +https://www.letsencrypt.org)"
66.133.109.36 - - [06/Sep/2024:07:11:12 +0300] "GET /.well-known/acme-challenge/xB5tsyri0DDbmP6Jx7nz81BCfpLbMSakWkJPLhkAc5M HTTP/1.1" 404 180 "http://tkgurman.ru/.well-known/acme-challenge/xB5tsyri0DDbmP6Jx7nz81BCfpLbMSakWkJPLhkAc5M" "Mozilla/5.0 (compatible; Let's Encrypt validation server; +https://www.letsencrypt.org)"
185.191.171.17 - - [06/Sep/2024:07:13:15 +0300] "GET /robots.txt HTTP/1.0" 200 696 "-" "Mozilla/5.0 (compatible; SemrushBot/7~bl; +http://www.semrush.com/bot.html)"
85.208.96.193 - - [06/Sep/2024:07:13:15 +0300] "GET /katalog/sneki HTTP/1.0" 200 10121 "-" "Mozilla/5.0 (compatible; SemrushBot/7~bl; +http://www.semrush.com/bot.html)"
85.140.3.37 - - [06/Sep/2024:07:14:04 +0300] "GET /images/2018/04/26/tatar2-2.png HTTP/1.1" 200 203924 "https://yandex.ru/images/search?img_url=http%3A%2F%2Ftatar-map.ru%2F717851_BIG_0_0.jpg&lr=140513&pos=9&rpt=simage&text=%D0%BA%D0%B0%D1%80%D1%82%D0%B0%20%D0%B3%D0%BE%D1%80%D0%BE%D0%B4%D0%B0%20%D0%B0%D0%B3%D1%80%D1%8B%D0%B7%D0%B0%20%D1%82%D0%B0%D1%82%D0%B0%D1%80%D1%81%D1%82%D0%B0%D0%BD" "Mozilla/5.0 (Windows NT 10.0; Win64; x64) AppleWebKit/537.36 (KHTML, like Gecko) Chrome/126.0.0.0 YaBrowser/24.7.0.0 Safari/537.36"
66.133.109.36 - - [06/Sep/2024:07:16:11 +0300] "GET /.well-known/acme-challenge/oS9IHH7fk6svLKPb78qxSFuqCtpIDnm0NK_oOoF18ks HTTP/1.1" 301 196 "-" "Mozilla/5.0 (compatible; Let's Encrypt validation server; +https://www.letsencrypt.org)"
66.133.109.36 - - [06/Sep/2024:07:16:12 +0300] "GET /.well-known/acme-challenge/oS9IHH7fk6svLKPb78qxSFuqCtpIDnm0NK_oOoF18ks HTTP/1.1" 404 180 "http://www.tkgurman.ru/.well-known/acme-challenge/oS9IHH7fk6svLKPb78qxSFuqCtpIDnm0NK_oOoF18ks" "Mozilla/5.0 (compatible; Let's Encrypt validation server; +https://www.letsencrypt.org)"
185.231.154.128 - - [06/Sep/2024:07:19:45 +0300] "GET / HTTP/1.0" 200 95686 "https://tkgurman.ru/" "Mozilla/5.0 (Windows NT 10.0.0; Win64; x64; ) AppleWebKit/537.36 (KHTML, like Gecko) Chrome/124.0.6367.119 Chrome/124.0.6367.119 Not-A.Brand/99 Safari/537.36"
133.242.174.119 - - [06/Sep/2024:07:20:15 +0300] "GET / HTTP/1.0" 200 16146 "-" "Mozilla/5.0 (Linux; Android 10; K) AppleWebKit/537.36 (KHTML, like Gecko) Chrome/122.0.0.0 Mobile Safari/537.36"
54.36.148.230 - - [06/Sep/2024:07:20:21 +0300] "GET /partneram HTTP/1.0" 200 8179 "-" "Mozilla/5.0 (compatible; AhrefsBot/7.0; +http://ahrefs.com/robot/)"
66.133.109.36 - - [06/Sep/2024:07:21:11 +0300] "GET /.well-known/acme-challenge/iM7QRUj6Ll8NG8KJE8wwnh9GWfejveuc15r-d1bdmn8 HTTP/1.1" 301 196 "-" "Mozilla/5.0 (compatible; Let's Encrypt validation server; +https://www.letsencrypt.org)"
66.133.109.36 - - [06/Sep/2024:07:21:13 +0300] "GET /.well-known/acme-challenge/iM7QRUj6Ll8NG8KJE8wwnh9GWfejveuc15r-d1bdmn8 HTTP/1.1" 404 180 "http://tkgurman.ru/.well-known/acme-challenge/iM7QRUj6Ll8NG8KJE8wwnh9GWfejveuc15r-d1bdmn8" "Mozilla/5.0 (compatible; Let's Encrypt validation server; +https://www.letsencrypt.org)"
38.180.50.219 - - [06/Sep/2024:07:21:59 +0300] "HEAD /adminfiles.zip HTTP/1.1" 301 0 "-" "Mozilla/5.0 (Windows NT 10.0; Win64; x64) AppleWebKit/537.36 (KHTML, like Gecko) Chrome/101.0.4951.67 Safari/537.36"
38.180.50.219 - - [06/Sep/2024:07:22:00 +0300] "HEAD /adminfiles.zip HTTP/1.0" 404 294 "-" "Mozilla/5.0 (Windows NT 10.0; Win64; x64) AppleWebKit/537.36 (KHTML, like Gecko) Chrome/101.0.4951.67 Safari/537.36"
185.191.171.8 - - [06/Sep/2024:07:22:53 +0300] "GET /robots.txt HTTP/1.1" 301 196 "-" "Mozilla/5.0 (compatible; SemrushBot/7~bl; +http://www.semrush.com/bot.html)"
85.208.96.193 - - [06/Sep/2024:07:22:54 +0300] "GET /robots.txt HTTP/1.0" 200 696 "-" "Mozilla/5.0 (compatible; SemrushBot/7~bl; +http://www.semrush.com/bot.html)"
185.191.171.14 - - [06/Sep/2024:07:22:54 +0300] "GET /katalog/konservatsiya HTTP/1.1" 301 196 "-" "Mozilla/5.0 (compatible; SemrushBot/7~bl; +http://www.semrush.com/bot.html)"
85.208.96.203 - - [06/Sep/2024:07:22:56 +0300] "GET /katalog/konservatsiya HTTP/1.0" 200 8986 "-" "Mozilla/5.0 (compatible; SemrushBot/7~bl; +http://www.semrush.com/bot.html)"
66.133.109.36 - - [06/Sep/2024:07:27:11 +0300] "GET /.well-known/acme-challenge/ATVlm7YLJOA3osWVJX7hkYzGamEN2QysjD18_bgiNJE HTTP/1.1" 301 196 "-" "Mozilla/5.0 (compatible; Let's Encrypt validation server; +https://www.letsencrypt.org)"
66.133.109.36 - - [06/Sep/2024:07:27:12 +0300] "GET /.well-known/acme-challenge/ATVlm7YLJOA3osWVJX7hkYzGamEN2QysjD18_bgiNJE HTTP/1.1" 404 180 "http://www.tkgurman.ru/.well-known/acme-challenge/ATVlm7YLJOA3osWVJX7hkYzGamEN2QysjD18_bgiNJE" "Mozilla/5.0 (compatible; Let's Encrypt validation server; +https://www.letsencrypt.org)"
195.2.84.198 - - [06/Sep/2024:07:30:22 +0300] "GET / HTTP/1.0" 200 95676 "https://tkgurman.ru/" "Mozilla/5.0 (Windows NT 10.0.0; Win64; x64; ) AppleWebKit/537.36 (KHTML, like Gecko) Chrome/124.0.6367.63 Chrome/124.0.6367.63 Not-A.Brand/99 Safari/537.36"
195.2.75.216 - - [06/Sep/2024:07:31:54 +0300] "GET / HTTP/1.0" 200 95680 "https://tkgurman.ru/" "Mozilla/5.0 (Windows NT 10.0.0; Win64; x64; ) AppleWebKit/537.36 (KHTML, like Gecko) Chrome/124.0.6367.62 Chrome/124.0.6367.62 Not-A.Brand/99 Safari/537.36"
66.133.109.36 - - [06/Sep/2024:07:32:11 +0300] "GET /.well-known/acme-challenge/vFIiFw_AU7DnZr-s4p3wybp9BMw6axPAyXnZK8G5nKw HTTP/1.1" 301 196 "-" "Mozilla/5.0 (compatible; Let's Encrypt validation server; +https://www.letsencrypt.org)"
66.133.109.36 - - [06/Sep/2024:07:32:13 +0300] "GET /.well-known/acme-challenge/vFIiFw_AU7DnZr-s4p3wybp9BMw6axPAyXnZK8G5nKw HTTP/1.1" 404 180 "http://tkgurman.ru/.well-known/acme-challenge/vFIiFw_AU7DnZr-s4p3wybp9BMw6axPAyXnZK8G5nKw" "Mozilla/5.0 (compatible; Let's Encrypt validation server; +https://www.letsencrypt.org)"
195.2.75.216 - - [06/Sep/2024:07:34:37 +0300] "GET / HTTP/1.0" 200 95680 "https://tkgurman.ru/" "Mozilla/5.0 (Windows NT 10.0.0; Win64; x64; ) AppleWebKit/537.36 (KHTML, like Gecko) Chrome/124.0.6367.60 Chrome/124.0.6367.60 Not-A.Brand/99 Safari/537.36"
195.2.75.216 - - [06/Sep/2024:07:36:34 +0300] "GET / HTTP/1.0" 200 95680 "https://tkgurman.ru/" "Mozilla/5.0 (Windows NT 10.0.0; Win64; x64; ) AppleWebKit/537.36 (KHTML, like Gecko) Chrome/124.0.6367.93 Chrome/124.0.6367.93 Not-A.Brand/99 Safari/537.36"
66.249.70.105 - - [06/Sep/2024:07:37:03 +0300] "GET /katalog HTTP/1.1" 301 196 "-" "Mozilla/5.0 (Linux; Android 6.0.1; Nexus 5X Build/MMB29P) AppleWebKit/537.36 (KHTML, like Gecko) Chrome/128.0.6613.113 Mobile Safari/537.36 (compatible; Googlebot/2.1; +http://www.google.com/bot.html)"
66.249.70.96 - - [06/Sep/2024:07:37:07 +0300] "GET /media/jui/js/jquery.min.js?84f1ce0d194abefc70582b51dfe8db01 HTTP/1.1" 200 97163 "https://www.tkgurman.ru/katalog" "Mozilla/5.0 (Linux; Android 6.0.1; Nexus 5X Build/MMB29P) AppleWebKit/537.36 (KHTML, like Gecko) Chrome/127.0.6533.99 Mobile Safari/537.36 (compatible; Googlebot/2.1; +http://www.google.com/bot.html)"
66.133.109.36 - - [06/Sep/2024:07:37:11 +0300] "GET /.well-known/acme-challenge/KpncIDhI57jFIk2leAwXJjjHrDk2vgIdh1C4u4fVmxA HTTP/1.1" 301 196 "-" "Mozilla/5.0 (compatible; Let's Encrypt validation server; +https://www.letsencrypt.org)"
66.133.109.36 - - [06/Sep/2024:07:37:12 +0300] "GET /.well-known/acme-challenge/KpncIDhI57jFIk2leAwXJjjHrDk2vgIdh1C4u4fVmxA HTTP/1.1" 404 180 "http://www.tkgurman.ru/.well-known/acme-challenge/KpncIDhI57jFIk2leAwXJjjHrDk2vgIdh1C4u4fVmxA" "Mozilla/5.0 (compatible; Let's Encrypt validation server; +https://www.letsencrypt.org)"
178.20.45.182 - - [06/Sep/2024:07:38:08 +0300] "GET / HTTP/1.0" 200 95678 "https://tkgurman.ru/" "Mozilla/5.0 (Windows NT 10.0.0; Win64; x64; ) AppleWebKit/537.36 (KHTML, like Gecko) Chrome/124.0.6367.63 Chrome/124.0.6367.63 Not-A.Brand/99 Safari/537.36"
178.20.45.128 - - [06/Sep/2024:07:40:52 +0300] "GET / HTTP/1.0" 200 95682 "https://tkgurman.ru/" "Mozilla/5.0 (Windows NT 10.0.0; Win64; x64; ) AppleWebKit/537.36 (KHTML, like Gecko) Chrome/124.0.6367.119 Chrome/124.0.6367.119 Not-A.Brand/99 Safari/537.36"
66.133.109.36 - - [06/Sep/2024:07:42:11 +0300] "GET /.well-known/acme-challenge/Xwo_SAzYmsyD1fGv8J8yjUzlSdUN3jBqqOU4PtdaF3A HTTP/1.1" 301 196 "-" "Mozilla/5.0 (compatible; Let's Encrypt validation server; +https://www.letsencrypt.org)"
66.133.109.36 - - [06/Sep/2024:07:42:12 +0300] "GET /.well-known/acme-challenge/Xwo_SAzYmsyD1fGv8J8yjUzlSdUN3jBqqOU4PtdaF3A HTTP/1.1" 404 180 "http://tkgurman.ru/.well-known/acme-challenge/Xwo_SAzYmsyD1fGv8J8yjUzlSdUN3jBqqOU4PtdaF3A" "Mozilla/5.0 (compatible; Let's Encrypt validation server; +https://www.letsencrypt.org)"
84.54.44.19 - - [06/Sep/2024:07:42:33 +0300] "GET / HTTP/1.0" 200 95678 "https://tkgurman.ru/" "Mozilla/5.0 (Windows NT 10.0.0; Win64; x64; ) AppleWebKit/537.36 (KHTML, like Gecko) Chrome/124.0.6367.62 Chrome/124.0.6367.62 Not-A.Brand/99 Safari/537.36"
95.142.47.113 - - [06/Sep/2024:07:45:09 +0300] "GET / HTTP/1.0" 200 95678 "https://tkgurman.ru/" "Mozilla/5.0 (Windows NT 10.0; Win64; x64) AppleWebKit/537.36 (KHTML, like Gecko) Chrome/124.0.6367.92 Safari/537.36"
91.142.73.116 - - [06/Sep/2024:07:45:15 +0300] "GET / HTTP/1.0" 200 95682 "https://tkgurman.ru/" "Mozilla/5.0 (Windows NT 10.0.0; Win64; x64; ) AppleWebKit/537.36 (KHTML, like Gecko) Chrome/124.0.6367.61 Chrome/124.0.6367.61 Not-A.Brand/99 Safari/537.36"
66.249.64.170 - - [06/Sep/2024:07:45:36 +0300] "GET /katalog/pripravy HTTP/1.1" 301 196 "-" "Mozilla/5.0 (Linux; Android 6.0.1; Nexus 5X Build/MMB29P) AppleWebKit/537.36 (KHTML, like Gecko) Chrome/128.0.6613.113 Mobile Safari/537.36 (compatible; Googlebot/2.1; +http://www.google.com/bot.html)"
66.249.64.167 - - [06/Sep/2024:07:45:37 +0300] "GET /katalog/pripravy HTTP/1.0" 200 8986 "-" "Mozilla/5.0 (Linux; Android 6.0.1; Nexus 5X Build/MMB29P) AppleWebKit/537.36 (KHTML, like Gecko) Chrome/128.0.6613.113 Mobile Safari/537.36 (compatible; Googlebot/2.1; +http://www.google.com/bot.html)"
178.20.45.128 - - [06/Sep/2024:07:45:38 +0300] "GET / HTTP/1.0" 200 95678 "https://tkgurman.ru/" "Mozilla/5.0 (Windows NT 10.0.0; Win64; x64; ) AppleWebKit/537.36 (KHTML, like Gecko) Chrome/124.0.6367.62 Chrome/124.0.6367.62 Not-A.Brand/99 Safari/537.36"
66.249.64.165 - - [06/Sep/2024:07:45:40 +0300] "GET /templates/shaper_helix3/css/font-awesome.min.css HTTP/1.1" 200 31000 "https://tkgurman.ru/katalog/pripravy" "Mozilla/5.0 (Linux; Android 6.0.1; Nexus 5X Build/MMB29P) AppleWebKit/537.36 (KHTML, like Gecko) Chrome/127.0.6533.99 Mobile Safari/537.36 (compatible; Googlebot/2.1; +http://www.google.com/bot.html)"
66.249.64.166 - - [06/Sep/2024:07:45:41 +0300] "GET /templates/shaper_helix3/css/legacy.css HTTP/1.1" 200 27359 "https://tkgurman.ru/katalog/pripravy" "Mozilla/5.0 (Linux; Android 6.0.1; Nexus 5X Build/MMB29P) AppleWebKit/537.36 (KHTML, like Gecko) Chrome/127.0.6533.99 Mobile Safari/537.36 (compatible; Googlebot/2.1; +http://www.google.com/bot.html)"
66.133.109.36 - - [06/Sep/2024:07:47:11 +0300] "GET /.well-known/acme-challenge/mze57ohlt7-oBT7GBJcYMBID1OEDNJnS95bCFrTiYAs HTTP/1.1" 301 196 "-" "Mozilla/5.0 (compatible; Let's Encrypt validation server; +https://www.letsencrypt.org)"
66.133.109.36 - - [06/Sep/2024:07:47:12 +0300] "GET /.well-known/acme-challenge/mze57ohlt7-oBT7GBJcYMBID1OEDNJnS95bCFrTiYAs HTTP/1.1" 404 180 "http://www.tkgurman.ru/.well-known/acme-challenge/mze57ohlt7-oBT7GBJcYMBID1OEDNJnS95bCFrTiYAs" "Mozilla/5.0 (compatible; Let's Encrypt validation server; +https://www.letsencrypt.org)"
94.103.90.150 - - [06/Sep/2024:07:48:31 +0300] "GET / HTTP/1.0" 200 95678 "https://tkgurman.ru/" "Mozilla/5.0 (Windows NT 10.0.0; Win64; x64; ) AppleWebKit/537.36 (KHTML, like Gecko) Chrome/124.0.6367.78 Chrome/124.0.6367.78 Not-A.Brand/99 Safari/537.36"
85.208.96.203 - - [06/Sep/2024:07:49:00 +0300] "GET /katalog/soki-i-nektary HTTP/1.0" 200 8990 "-" "Mozilla/5.0 (compatible; SemrushBot/7~bl; +http://www.semrush.com/bot.html)"
84.54.44.204 - - [06/Sep/2024:07:51:57 +0300] "GET / HTTP/1.0" 200 95676 "https://tkgurman.ru/" "Mozilla/5.0 (Windows NT 10.0; Win64; x64; ) AppleWebKit/537.36 (KHTML, like Gecko) Chrome/124.0.6367.61 Chrome/124.0.6367.61 Not-A.Brand/99 Safari/537.36"
66.133.109.36 - - [06/Sep/2024:07:52:10 +0300] "GET /.well-known/acme-challenge/lC581zim2xN8yvOHx2H86kJi8AJb9CSSbOFJZmNKehQ HTTP/1.1" 301 196 "-" "Mozilla/5.0 (compatible; Let's Encrypt validation server; +https://www.letsencrypt.org)"
66.133.109.36 - - [06/Sep/2024:07:52:12 +0300] "GET /.well-known/acme-challenge/lC581zim2xN8yvOHx2H86kJi8AJb9CSSbOFJZmNKehQ HTTP/1.1" 404 180 "http://tkgurman.ru/.well-known/acme-challenge/lC581zim2xN8yvOHx2H86kJi8AJb9CSSbOFJZmNKehQ" "Mozilla/5.0 (compatible; Let's Encrypt validation server; +https://www.letsencrypt.org)"
66.249.70.104 - - [06/Sep/2024:07:53:49 +0300] "GET /nashi-postavshchiki HTTP/1.1" 301 196 "-" "Mozilla/5.0 (Linux; Android 6.0.1; Nexus 5X Build/MMB29P) AppleWebKit/537.36 (KHTML, like Gecko) Chrome/128.0.6613.113 Mobile Safari/537.36 (compatible; Googlebot/2.1; +http://www.google.com/bot.html)"
66.249.70.97 - - [06/Sep/2024:07:53:51 +0300] "GET /nashi-postavshchiki HTTP/1.0" 200 9440 "-" "Mozilla/5.0 (Linux; Android 6.0.1; Nexus 5X Build/MMB29P) AppleWebKit/537.36 (KHTML, like Gecko) Chrome/128.0.6613.113 Mobile Safari/537.36 (compatible; Googlebot/2.1; +http://www.google.com/bot.html)"
221.8.168.159 - - [06/Sep/2024:07:56:09 +0300] "GET / HTTP/1.0" 200 16143 "-" "Mozilla/5.0 (Windows NT 10.0) AppleWebKit/537.36 (KHTML, like Gecko) Chrome/40.0.2214.93 Safari/537.36"
221.8.168.159 - - [06/Sep/2024:07:56:12 +0300] "GET /modules/mod_sj_flat_menu/assets/css/styles.css HTTP/1.1" 200 2470 "-" "Go-http-client/1.1"
221.8.168.159 - - [06/Sep/2024:07:56:12 +0300] "GET /katalog/sneki HTTP/1.0" 200 46757 "-" "Go-http-client/1.1"
221.8.168.159 - - [06/Sep/2024:07:56:16 +0300] "GET /vakansii HTTP/1.0" 200 26264 "-" "Go-http-client/1.1"
221.8.168.159 - - [06/Sep/2024:07:56:26 +0300] "GET /modules/mod_sj_flat_menu/assets/css/styles-responsive.css HTTP/1.1" 200 2389 "-" "Go-http-client/1.1"
221.8.168.159 - - [06/Sep/2024:07:56:27 +0300] "GET /katalog/konservatsiya HTTP/1.0" 200 36616 "-" "Go-http-client/1.1"
66.133.109.36 - - [06/Sep/2024:07:58:10 +0300] "GET /.well-known/acme-challenge/Mg8eaSfE4YjFwaPPGrm2uA7KLOKPtt6CkHMdeTjWFzE HTTP/1.1" 301 196 "-" "Mozilla/5.0 (compatible; Let's Encrypt validation server; +https://www.letsencrypt.org)"
66.133.109.36 - - [06/Sep/2024:07:58:11 +0300] "GET /.well-known/acme-challenge/Mg8eaSfE4YjFwaPPGrm2uA7KLOKPtt6CkHMdeTjWFzE HTTP/1.1" 404 180 "http://www.tkgurman.ru/.well-known/acme-challenge/Mg8eaSfE4YjFwaPPGrm2uA7KLOKPtt6CkHMdeTjWFzE" "Mozilla/5.0 (compatible; Let's Encrypt validation server; +https://www.letsencrypt.org)"
109.94.209.10 - - [06/Sep/2024:08:00:58 +0300] "GET /.well-known/acme-challenge/HQPJGE3G5F4-GVEQEMCEZK4DAJ041U-6 HTTP/1.1" 301 196 "-" "Cpanel-HTTP-Client/1.0"
109.94.209.10 - - [06/Sep/2024:08:00:58 +0300] "GET /.well-known/acme-challenge/HQPJGE3G5F4-GVEQEMCEZK4DAJ041U-6 HTTP/1.1" 404 180 "-" "Cpanel-HTTP-Client/1.0"
109.94.209.10 - - [06/Sep/2024:08:00:58 +0300] "GET /.well-known/acme-challenge/0GVAMNNEHHK3T_HE5Z7334HP9ASC9Z-I HTTP/1.1" 301 196 "-" "Cpanel-HTTP-Client/1.0"
109.94.209.10 - - [06/Sep/2024:08:00:58 +0300] "GET /.well-known/acme-challenge/0GVAMNNEHHK3T_HE5Z7334HP9ASC9Z-I HTTP/1.1" 404 180 "-" "Cpanel-HTTP-Client/1.0"
54.36.148.43 - - [06/Sep/2024:08:02:51 +0300] "GET /nashi-postavshchiki HTTP/1.0" 200 9478 "-" "Mozilla/5.0 (compatible; AhrefsBot/7.0; +http://ahrefs.com/robot/)"
66.133.109.36 - - [06/Sep/2024:08:03:15 +0300] "GET /.well-known/acme-challenge/aX25eFzMUqeU8Ckv5zhN8967WgOxmWr57e7WYCBUJbM HTTP/1.1" 301 196 "-" "Mozilla/5.0 (compatible; Let's Encrypt validation server; +https://www.letsencrypt.org)"
66.133.109.36 - - [06/Sep/2024:08:03:16 +0300] "GET /.well-known/acme-challenge/aX25eFzMUqeU8Ckv5zhN8967WgOxmWr57e7WYCBUJbM HTTP/1.1" 404 180 "http://tkgurman.ru/.well-known/acme-challenge/aX25eFzMUqeU8Ckv5zhN8967WgOxmWr57e7WYCBUJbM" "Mozilla/5.0 (compatible; Let's Encrypt validation server; +https://www.letsencrypt.org)"
66.133.109.36 - - [06/Sep/2024:08:08:10 +0300] "GET /.well-known/acme-challenge/rkyF3SY6dH2l_sIagsZpj7kM95gYzmSTP1pV05RIFW0 HTTP/1.1" 301 196 "-" "Mozilla/5.0 (compatible; Let's Encrypt validation server; +https://www.letsencrypt.org)"
66.133.109.36 - - [06/Sep/2024:08:08:11 +0300] "GET /.well-known/acme-challenge/rkyF3SY6dH2l_sIagsZpj7kM95gYzmSTP1pV05RIFW0 HTTP/1.1" 404 180 "http://www.tkgurman.ru/.well-known/acme-challenge/rkyF3SY6dH2l_sIagsZpj7kM95gYzmSTP1pV05RIFW0" "Mozilla/5.0 (compatible; Let's Encrypt validation server; +https://www.letsencrypt.org)"
66.249.70.97 - - [06/Sep/2024:08:12:12 +0300] "GET /media/jui/js/jquery.min.js?84f1ce0d194abefc70582b51dfe8db01 HTTP/1.1" 200 97163 "https://www.tkgurman.ru/nashi-postavshchiki" "Mozilla/5.0 (Linux; Android 6.0.1; Nexus 5X Build/MMB29P) AppleWebKit/537.36 (KHTML, like Gecko) Chrome/127.0.6533.99 Mobile Safari/537.36 (compatible; Googlebot/2.1; +http://www.google.com/bot.html)"
66.133.109.36 - - [06/Sep/2024:08:13:11 +0300] "GET /.well-known/acme-challenge/s0JIMqZ3_ZqXov0oGykIXkxDoeF_0KTG7kBeyY6sI70 HTTP/1.1" 301 196 "-" "Mozilla/5.0 (compatible; Let's Encrypt validation server; +https://www.letsencrypt.org)"
66.133.109.36 - - [06/Sep/2024:08:13:12 +0300] "GET /.well-known/acme-challenge/s0JIMqZ3_ZqXov0oGykIXkxDoeF_0KTG7kBeyY6sI70 HTTP/1.1" 404 180 "http://tkgurman.ru/.well-known/acme-challenge/s0JIMqZ3_ZqXov0oGykIXkxDoeF_0KTG7kBeyY6sI70" "Mozilla/5.0 (compatible; Let's Encrypt validation server; +https://www.letsencrypt.org)"
66.133.109.36 - - [06/Sep/2024:08:18:11 +0300] "GET /.well-known/acme-challenge/VD4qT9iEqItNajDHilzMvQTKN8S0wDqc-j9Pthvi90M HTTP/1.1" 301 196 "-" "Mozilla/5.0 (compatible; Let's Encrypt validation server; +https://www.letsencrypt.org)"
66.133.109.36 - - [06/Sep/2024:08:18:12 +0300] "GET /.well-known/acme-challenge/VD4qT9iEqItNajDHilzMvQTKN8S0wDqc-j9Pthvi90M HTTP/1.1" 404 180 "http://www.tkgurman.ru/.well-known/acme-challenge/VD4qT9iEqItNajDHilzMvQTKN8S0wDqc-j9Pthvi90M" "Mozilla/5.0 (compatible; Let's Encrypt validation server; +https://www.letsencrypt.org)"
66.133.109.36 - - [06/Sep/2024:08:23:11 +0300] "GET /.well-known/acme-challenge/6YVlQ5QjcPBNuR1W9tLfOr40N4MoHKGPogqG790Cj2g HTTP/1.1" 301 196 "-" "Mozilla/5.0 (compatible; Let's Encrypt validation server; +https://www.letsencrypt.org)"
66.133.109.36 - - [06/Sep/2024:08:23:12 +0300] "GET /.well-known/acme-challenge/6YVlQ5QjcPBNuR1W9tLfOr40N4MoHKGPogqG790Cj2g HTTP/1.1" 404 180 "http://tkgurman.ru/.well-known/acme-challenge/6YVlQ5QjcPBNuR1W9tLfOr40N4MoHKGPogqG790Cj2g" "Mozilla/5.0 (compatible; Let's Encrypt validation server; +https://www.letsencrypt.org)"
85.208.96.208 - - [06/Sep/2024:08:24:12 +0300] "GET /robots.txt HTTP/1.0" 200 696 "-" "Mozilla/5.0 (compatible; SemrushBot/7~bl; +http://www.semrush.com/bot.html)"
185.191.171.8 - - [06/Sep/2024:08:24:12 +0300] "GET /katalog HTTP/1.0" 200 9735 "-" "Mozilla/5.0 (compatible; SemrushBot/7~bl; +http://www.semrush.com/bot.html)"
66.133.109.36 - - [06/Sep/2024:08:29:10 +0300] "GET /.well-known/acme-challenge/w6KFjtUP7EX9Dy5F1TDaw68mru5F-1u4Sn4E-LRGW9A HTTP/1.1" 301 196 "-" "Mozilla/5.0 (compatible; Let's Encrypt validation server; +https://www.letsencrypt.org)"
66.133.109.36 - - [06/Sep/2024:08:29:12 +0300] "GET /.well-known/acme-challenge/w6KFjtUP7EX9Dy5F1TDaw68mru5F-1u4Sn4E-LRGW9A HTTP/1.1" 404 180 "http://www.tkgurman.ru/.well-known/acme-challenge/w6KFjtUP7EX9Dy5F1TDaw68mru5F-1u4Sn4E-LRGW9A" "Mozilla/5.0 (compatible; Let's Encrypt validation server; +https://www.letsencrypt.org)"
185.191.171.9 - - [06/Sep/2024:08:31:57 +0300] "GET /robots.txt HTTP/1.0" 200 696 "-" "Mozilla/5.0 (compatible; SemrushBot/7~bl; +http://www.semrush.com/bot.html)"
85.208.96.194 - - [06/Sep/2024:08:31:58 +0300] "GET /katalog/sneki HTTP/1.0" 200 10144 "-" "Mozilla/5.0 (compatible; SemrushBot/7~bl; +http://www.semrush.com/bot.html)"
66.133.109.36 - - [06/Sep/2024:08:34:11 +0300] "GET /.well-known/acme-challenge/oFT6zLOBEmgtAuE9ihKE7PP6i8dymN2wOKIEN3uUc8Y HTTP/1.1" 301 196 "-" "Mozilla/5.0 (compatible; Let's Encrypt validation server; +https://www.letsencrypt.org)"
66.133.109.36 - - [06/Sep/2024:08:34:13 +0300] "GET /.well-known/acme-challenge/oFT6zLOBEmgtAuE9ihKE7PP6i8dymN2wOKIEN3uUc8Y HTTP/1.1" 404 180 "http://tkgurman.ru/.well-known/acme-challenge/oFT6zLOBEmgtAuE9ihKE7PP6i8dymN2wOKIEN3uUc8Y" "Mozilla/5.0 (compatible; Let's Encrypt validation server; +https://www.letsencrypt.org)"
213.232.87.234 - - [06/Sep/2024:08:36:50 +0300] "GET /_vti_pvt/administrators.pwd HTTP/1.0" 404 1925 "-" "Go-http-client/1.1"
213.232.87.234 - - [06/Sep/2024:08:36:50 +0300] "GET /.kube/config HTTP/1.0" 404 1910 "-" "Go-http-client/1.1"
213.232.87.234 - - [06/Sep/2024:08:36:50 +0300] "GET /secrets.json HTTP/1.0" 404 1910 "-" "Go-http-client/1.1"
213.232.87.234 - - [06/Sep/2024:08:36:50 +0300] "GET /config.yaml HTTP/1.0" 404 1909 "-" "Go-http-client/1.1"
213.232.87.234 - - [06/Sep/2024:08:36:50 +0300] "GET /.vscode/sftp.json HTTP/1.0" 404 1915 "-" "Go-http-client/1.1"
213.232.87.234 - - [06/Sep/2024:08:36:50 +0300] "GET /.env.production HTTP/1.0" 404 1913 "-" "Go-http-client/1.1"
213.232.87.234 - - [06/Sep/2024:08:36:50 +0300] "GET /backup.sql HTTP/1.0" 404 1908 "-" "Go-http-client/1.1"
213.232.87.234 - - [06/Sep/2024:08:36:50 +0300] "GET /config/production.json HTTP/1.0" 404 1920 "-" "Go-http-client/1.1"
213.232.87.234 - - [06/Sep/2024:08:36:50 +0300] "GET /_vti_pvt/authors.pwd HTTP/1.0" 404 1918 "-" "Go-http-client/1.1"
213.232.87.234 - - [06/Sep/2024:08:36:50 +0300] "GET /dump.sql HTTP/1.0" 404 1906 "-" "Go-http-client/1.1"
213.232.87.234 - - [06/Sep/2024:08:36:50 +0300] "GET /api/.env HTTP/1.0" 404 1906 "-" "Go-http-client/1.1"
213.232.87.234 - - [06/Sep/2024:08:36:50 +0300] "GET /.svn/wc.db HTTP/1.0" 404 1908 "-" "Go-http-client/1.1"
213.232.87.234 - - [06/Sep/2024:08:36:50 +0300] "GET /cloud-config.yml HTTP/1.0" 404 1914 "-" "Go-http-client/1.1"
213.232.87.234 - - [06/Sep/2024:08:36:50 +0300] "GET /.git/HEAD HTTP/1.0" 404 1907 "-" "Go-http-client/1.1"
213.232.87.234 - - [06/Sep/2024:08:36:50 +0300] "GET /feed HTTP/1.0" 404 1902 "-" "Go-http-client/1.1"
213.232.87.234 - - [06/Sep/2024:08:36:50 +0300] "GET /wp-config.php HTTP/1.0" 404 1911 "-" "Go-http-client/1.1"
213.232.87.234 - - [06/Sep/2024:08:36:50 +0300] "GET /config.xml HTTP/1.0" 404 1908 "-" "Go-http-client/1.1"
213.232.87.234 - - [06/Sep/2024:08:36:51 +0300] "GET /server-status HTTP/1.0" 403 479 "-" "Go-http-client/1.1"
213.232.87.234 - - [06/Sep/2024:08:36:51 +0300] "GET /.ssh/id_ecdsa HTTP/1.0" 404 1911 "-" "Go-http-client/1.1"
213.232.87.234 - - [06/Sep/2024:08:36:51 +0300] "GET /wp-admin/setup-config.php HTTP/1.0" 404 1923 "-" "Go-http-client/1.1"
213.232.87.234 - - [06/Sep/2024:08:36:51 +0300] "GET /config.json HTTP/1.0" 404 1909 "-" "Go-http-client/1.1"
213.232.87.234 - - [06/Sep/2024:08:36:51 +0300] "GET /database.sql HTTP/1.0" 404 1910 "-" "Go-http-client/1.1"
213.232.87.234 - - [06/Sep/2024:08:36:51 +0300] "GET /.ssh/id_ed25519 HTTP/1.0" 404 1913 "-" "Go-http-client/1.1"
213.232.87.234 - - [06/Sep/2024:08:36:51 +0300] "GET /user_secrets.yml HTTP/1.0" 404 1914 "-" "Go-http-client/1.1"
213.232.87.234 - - [06/Sep/2024:08:36:51 +0300] "GET /etc/ssl/private/server.key HTTP/1.0" 404 1902 "-" "Go-http-client/1.1"
213.232.87.234 - - [06/Sep/2024:08:36:51 +0300] "GET /backup.tar.gz HTTP/1.0" 404 1911 "-" "Go-http-client/1.1"
213.232.87.234 - - [06/Sep/2024:08:36:51 +0300] "GET /config/database.php HTTP/1.0" 404 1917 "-" "Go-http-client/1.1"
213.232.87.234 - - [06/Sep/2024:08:36:51 +0300] "GET /.aws/credentials HTTP/1.0" 404 1914 "-" "Go-http-client/1.1"
213.232.87.234 - - [06/Sep/2024:08:36:51 +0300] "GET /web.config HTTP/1.0" 404 1908 "-" "Go-http-client/1.1"
213.232.87.234 - - [06/Sep/2024:08:36:51 +0300] "GET /config.php HTTP/1.0" 404 1908 "-" "Go-http-client/1.1"
213.232.87.234 - - [06/Sep/2024:08:36:51 +0300] "GET /docker-compose.yml HTTP/1.0" 404 1916 "-" "Go-http-client/1.1"
213.232.87.234 - - [06/Sep/2024:08:36:51 +0300] "GET /.ssh/id_rsa HTTP/1.0" 404 1909 "-" "Go-http-client/1.1"
213.232.87.234 - - [06/Sep/2024:08:36:51 +0300] "GET /_vti_pvt/service.pwd HTTP/1.0" 404 1918 "-" "Go-http-client/1.1"
213.232.87.234 - - [06/Sep/2024:08:36:51 +0300] "GET /etc/shadow HTTP/1.0" 404 1908 "-" "Go-http-client/1.1"
213.232.87.234 - - [06/Sep/2024:08:36:51 +0300] "GET /phpinfo.php HTTP/1.0" 404 1909 "-" "Go-http-client/1.1"
213.232.87.234 - - [06/Sep/2024:08:36:51 +0300] "GET /.env HTTP/1.0" 404 1902 "-" "Go-http-client/1.1"
213.232.87.234 - - [06/Sep/2024:08:36:51 +0300] "GET /config.yml HTTP/1.0" 404 1908 "-" "Go-http-client/1.1"
213.232.87.234 - - [06/Sep/2024:08:36:51 +0300] "GET /backup.zip HTTP/1.0" 404 1908 "-" "Go-http-client/1.1"
213.232.87.234 - - [06/Sep/2024:08:36:51 +0300] "GET /server.key HTTP/1.0" 404 1908 "-" "Go-http-client/1.1"
213.232.87.234 - - [06/Sep/2024:08:36:51 +0300] "GET / HTTP/1.0" 200 16167 "-" "Go-http-client/1.1"
54.36.148.68 - - [06/Sep/2024:08:37:22 +0300] "GET /katalog/syry HTTP/1.0" 200 9010 "-" "Mozilla/5.0 (compatible; AhrefsBot/7.0; +http://ahrefs.com/robot/)"
66.249.64.167 - - [06/Sep/2024:08:38:42 +0300] "GET /katalog/konditerskie-izdeliya HTTP/1.0" 200 9017 "-" "Mozilla/5.0 (Linux; Android 6.0.1; Nexus 5X Build/MMB29P) AppleWebKit/537.36 (KHTML, like Gecko) Chrome/128.0.6613.113 Mobile Safari/537.36 (compatible; Googlebot/2.1; +http://www.google.com/bot.html)"
66.249.64.166 - - [06/Sep/2024:08:38:46 +0300] "GET /templates/shaper_helix3/css/presets/preset3.css HTTP/1.1" 200 2159 "https://tkgurman.ru/katalog/konditerskie-izdeliya" "Mozilla/5.0 (Linux; Android 6.0.1; Nexus 5X Build/MMB29P) AppleWebKit/537.36 (KHTML, like Gecko) Chrome/127.0.6533.99 Mobile Safari/537.36 (compatible; Googlebot/2.1; +http://www.google.com/bot.html)"
66.133.109.36 - - [06/Sep/2024:08:39:11 +0300] "GET /.well-known/acme-challenge/PeTkPzd4Vaht-zTTmkGyluyX279ICkZi_blmylIWqk0 HTTP/1.1" 301 196 "-" "Mozilla/5.0 (compatible; Let's Encrypt validation server; +https://www.letsencrypt.org)"
66.133.109.36 - - [06/Sep/2024:08:39:13 +0300] "GET /.well-known/acme-challenge/PeTkPzd4Vaht-zTTmkGyluyX279ICkZi_blmylIWqk0 HTTP/1.1" 404 180 "http://www.tkgurman.ru/.well-known/acme-challenge/PeTkPzd4Vaht-zTTmkGyluyX279ICkZi_blmylIWqk0" "Mozilla/5.0 (compatible; Let's Encrypt validation server; +https://www.letsencrypt.org)"
66.133.109.36 - - [06/Sep/2024:08:44:12 +0300] "GET /.well-known/acme-challenge/s97CD2cVK5IhKzvfJ6TrAmzNVhFjF5wyMGlCSoyQnxo HTTP/1.1" 301 196 "-" "Mozilla/5.0 (compatible; Let's Encrypt validation server; +https://www.letsencrypt.org)"
66.133.109.36 - - [06/Sep/2024:08:44:13 +0300] "GET /.well-known/acme-challenge/s97CD2cVK5IhKzvfJ6TrAmzNVhFjF5wyMGlCSoyQnxo HTTP/1.1" 404 180 "http://tkgurman.ru/.well-known/acme-challenge/s97CD2cVK5IhKzvfJ6TrAmzNVhFjF5wyMGlCSoyQnxo" "Mozilla/5.0 (compatible; Let's Encrypt validation server; +https://www.letsencrypt.org)"
88.200.235.30 - - [06/Sep/2024:08:44:14 +0300] "GET / HTTP/1.0" 301 185 "http://tkgurman.ru/" "Mozilla/5.0 (Windows NT 10.0; Win64; x64) AppleWebKit/537.36 (KHTML, like Gecko) Chrome/121.0.0.0 Safari/537.36"
88.200.235.30 - - [06/Sep/2024:08:44:14 +0300] "GET / HTTP/1.0" 200 96659 "https://tkgurman.ru/" "Mozilla/5.0 (Windows NT 10.0; Win64; x64) AppleWebKit/537.36 (KHTML, like Gecko) Chrome/121.0.0.0 Safari/537.36"
88.200.235.30 - - [06/Sep/2024:08:44:16 +0300] "GET /kontakty HTTP/1.0" 200 29323 "https://tkgurman.ru/kontakty" "Mozilla/5.0 (Windows NT 10.0; Win64; x64) AppleWebKit/537.36 (KHTML, like Gecko) Chrome/121.0.0.0 Safari/537.36"
66.133.109.36 - - [06/Sep/2024:08:49:11 +0300] "GET /.well-known/acme-challenge/GUINCNlzHk2SR7P-yMFI8lnCORixMArLwDxgsKRBpRU HTTP/1.1" 301 196 "-" "Mozilla/5.0 (compatible; Let's Encrypt validation server; +https://www.letsencrypt.org)"
66.133.109.36 - - [06/Sep/2024:08:49:13 +0300] "GET /.well-known/acme-challenge/GUINCNlzHk2SR7P-yMFI8lnCORixMArLwDxgsKRBpRU HTTP/1.1" 404 180 "http://www.tkgurman.ru/.well-known/acme-challenge/GUINCNlzHk2SR7P-yMFI8lnCORixMArLwDxgsKRBpRU" "Mozilla/5.0 (compatible; Let's Encrypt validation server; +https://www.letsencrypt.org)"
66.249.64.168 - - [06/Sep/2024:08:50:53 +0300] "GET /katalog/pripravy HTTP/1.1" 301 196 "-" "Mozilla/5.0 (Linux; Android 6.0.1; Nexus 5X Build/MMB29P) AppleWebKit/537.36 (KHTML, like Gecko) Chrome/128.0.6613.113 Mobile Safari/537.36 (compatible; Googlebot/2.1; +http://www.google.com/bot.html)"
66.249.64.168 - - [06/Sep/2024:08:50:53 +0300] "GET /robots.txt HTTP/1.1" 301 196 "-" "Mozilla/5.0 (compatible; Googlebot/2.1; +http://www.google.com/bot.html)"
66.249.64.167 - - [06/Sep/2024:08:50:53 +0300] "GET /robots.txt HTTP/1.0" 200 696 "-" "Mozilla/5.0 (compatible; Googlebot/2.1; +http://www.google.com/bot.html)"
17.241.227.58 - - [06/Sep/2024:08:54:06 +0300] "GET /robots.txt HTTP/1.0" 200 696 "-" "Mozilla/5.0 (Macintosh; Intel Mac OS X 10_15_7) AppleWebKit/605.1.15 (KHTML, like Gecko) Version/17.4 Safari/605.1.15 (Applebot/0.1; +http://www.apple.com/go/applebot)"
17.241.227.58 - - [06/Sep/2024:08:54:06 +0300] "GET /nashi-postavshchiki HTTP/1.0" 200 9472 "-" "Mozilla/5.0 (Macintosh; Intel Mac OS X 10_15_7) AppleWebKit/605.1.15 (KHTML, like Gecko) Version/17.4 Safari/605.1.15 (Applebot/0.1; +http://www.apple.com/go/applebot)"
66.133.109.36 - - [06/Sep/2024:08:54:11 +0300] "GET /.well-known/acme-challenge/fSDlZ3PYnKRdSVjvt5RJO6Xp3Dq0Fq7zhV6YcFTaXhA HTTP/1.1" 301 196 "-" "Mozilla/5.0 (compatible; Let's Encrypt validation server; +https://www.letsencrypt.org)"
66.133.109.36 - - [06/Sep/2024:08:54:13 +0300] "GET /.well-known/acme-challenge/fSDlZ3PYnKRdSVjvt5RJO6Xp3Dq0Fq7zhV6YcFTaXhA HTTP/1.1" 404 180 "http://tkgurman.ru/.well-known/acme-challenge/fSDlZ3PYnKRdSVjvt5RJO6Xp3Dq0Fq7zhV6YcFTaXhA" "Mozilla/5.0 (compatible; Let's Encrypt validation server; +https://www.letsencrypt.org)"
38.180.50.219 - - [06/Sep/2024:08:54:31 +0300] "HEAD /wwwroot.zip HTTP/1.1" 301 0 "-" "Mozilla/5.0 (Windows NT 10.0; Win64; x64) AppleWebKit/537.36 (KHTML, like Gecko) Chrome/101.0.4951.67 Safari/537.36"
38.180.50.219 - - [06/Sep/2024:08:54:32 +0300] "HEAD /wwwroot.zip HTTP/1.0" 404 294 "-" "Mozilla/5.0 (Windows NT 10.0; Win64; x64) AppleWebKit/537.36 (KHTML, like Gecko) Chrome/101.0.4951.67 Safari/537.36"
178.20.47.39 - - [06/Sep/2024:08:59:45 +0300] "GET / HTTP/1.0" 200 96661 "https://tkgurman.ru/" "Mozilla/5.0 (Windows NT 10.0; Win64; x64; ) AppleWebKit/537.36 (KHTML, like Gecko) Chrome/124.0.6367.61 Chrome/124.0.6367.61 Not-A.Brand/99 Safari/537.36"
66.133.109.36 - - [06/Sep/2024:09:00:11 +0300] "GET /.well-known/acme-challenge/kZOai4Y25jfe00q3NZ3N1GFWmY23rUosEtibG7sBSMA HTTP/1.1" 301 196 "-" "Mozilla/5.0 (compatible; Let's Encrypt validation server; +https://www.letsencrypt.org)"
66.133.109.36 - - [06/Sep/2024:09:00:13 +0300] "GET /.well-known/acme-challenge/kZOai4Y25jfe00q3NZ3N1GFWmY23rUosEtibG7sBSMA HTTP/1.1" 404 180 "http://www.tkgurman.ru/.well-known/acme-challenge/kZOai4Y25jfe00q3NZ3N1GFWmY23rUosEtibG7sBSMA" "Mozilla/5.0 (compatible; Let's Encrypt validation server; +https://www.letsencrypt.org)"
66.249.70.98 - - [06/Sep/2024:09:04:19 +0300] "GET /images/2022/06/02/5_page-0001.jpg HTTP/1.0" 404 1913 "-" "Googlebot-Image/1.0"
66.133.109.36 - - [06/Sep/2024:09:05:13 +0300] "GET /.well-known/acme-challenge/DpP4BioAsS-WcP_puYP8q_FNKtdm5iGeF_LPRJya7bY HTTP/1.1" 301 196 "-" "Mozilla/5.0 (compatible; Let's Encrypt validation server; +https://www.letsencrypt.org)"
66.133.109.36 - - [06/Sep/2024:09:05:14 +0300] "GET /.well-known/acme-challenge/DpP4BioAsS-WcP_puYP8q_FNKtdm5iGeF_LPRJya7bY HTTP/1.1" 404 180 "http://tkgurman.ru/.well-known/acme-challenge/DpP4BioAsS-WcP_puYP8q_FNKtdm5iGeF_LPRJya7bY" "Mozilla/5.0 (compatible; Let's Encrypt validation server; +https://www.letsencrypt.org)"
54.36.148.244 - - [06/Sep/2024:09:08:16 +0300] "GET /katalog/sneki HTTP/1.0" 200 10149 "-" "Mozilla/5.0 (compatible; AhrefsBot/7.0; +http://ahrefs.com/robot/)"
66.133.109.36 - - [06/Sep/2024:09:11:12 +0300] "GET /.well-known/acme-challenge/rqnxsdpC21HI_Du4YUaw23mR4phP0qey657JQBu4O4Q HTTP/1.1" 301 196 "-" "Mozilla/5.0 (compatible; Let's Encrypt validation server; +https://www.letsencrypt.org)"
66.133.109.36 - - [06/Sep/2024:09:11:13 +0300] "GET /.well-known/acme-challenge/rqnxsdpC21HI_Du4YUaw23mR4phP0qey657JQBu4O4Q HTTP/1.1" 404 180 "http://www.tkgurman.ru/.well-known/acme-challenge/rqnxsdpC21HI_Du4YUaw23mR4phP0qey657JQBu4O4Q" "Mozilla/5.0 (compatible; Let's Encrypt validation server; +https://www.letsencrypt.org)"
198.235.24.237 - - [06/Sep/2024:09:16:59 +0300] "GET / HTTP/1.0" 200 96604 "-" "Expanse, a Palo Alto Networks company, searches across the global IPv4 space multiple times per day to identify customers' presences on the Internet. If you would like to be excluded from our scans, please send IP addresses/domains to: scaninfo@paloaltonetworks.com"
66.133.109.36 - - [06/Sep/2024:09:17:12 +0300] "GET /.well-known/acme-challenge/eMYI8jSs_nsuGKHNG3J0pjKB4x1B0Gw81TC685zoeJs HTTP/1.1" 301 196 "-" "Mozilla/5.0 (compatible; Let's Encrypt validation server; +https://www.letsencrypt.org)"
66.133.109.36 - - [06/Sep/2024:09:17:13 +0300] "GET /.well-known/acme-challenge/eMYI8jSs_nsuGKHNG3J0pjKB4x1B0Gw81TC685zoeJs HTTP/1.1" 404 180 "http://tkgurman.ru/.well-known/acme-challenge/eMYI8jSs_nsuGKHNG3J0pjKB4x1B0Gw81TC685zoeJs" "Mozilla/5.0 (compatible; Let's Encrypt validation server; +https://www.letsencrypt.org)"
66.133.109.36 - - [06/Sep/2024:09:22:12 +0300] "GET /.well-known/acme-challenge/zxbLZvR_UmzKelcGkbkUdypBnFjD_b084fMCThB899g HTTP/1.1" 301 196 "-" "Mozilla/5.0 (compatible; Let's Encrypt validation server; +https://www.letsencrypt.org)"
66.133.109.36 - - [06/Sep/2024:09:22:13 +0300] "GET /.well-known/acme-challenge/zxbLZvR_UmzKelcGkbkUdypBnFjD_b084fMCThB899g HTTP/1.1" 404 180 "http://www.tkgurman.ru/.well-known/acme-challenge/zxbLZvR_UmzKelcGkbkUdypBnFjD_b084fMCThB899g" "Mozilla/5.0 (compatible; Let's Encrypt validation server; +https://www.letsencrypt.org)"
95.78.6.246 - - [06/Sep/2024:09:26:26 +0300] "GET / HTTP/1.0" 200 16072 "-" "Mozilla/5.0 (Windows NT 10.0; Win64; x64) AppleWebKit/537.36 (KHTML, like Gecko) Chrome/126.0.0.0 YaBrowser/24.7.0.0 Safari/537.36"
95.78.6.246 - - [06/Sep/2024:09:26:27 +0300] "GET /images/sl1-1.jpg HTTP/1.1" 206 1 "https://tkgurman.ru/" "Mozilla/5.0 (Windows NT 10.0; Win64; x64) AppleWebKit/537.36 (KHTML, like Gecko) Chrome/126.0.0.0 YaBrowser/24.7.0.0 Safari/537.36"
95.78.6.246 - - [06/Sep/2024:09:26:27 +0300] "GET /images/2022/06/02/2-6_page-0001.jpg HTTP/1.0" 404 1814 "https://tkgurman.ru/" "Mozilla/5.0 (Windows NT 10.0; Win64; x64) AppleWebKit/537.36 (KHTML, like Gecko) Chrome/126.0.0.0 YaBrowser/24.7.0.0 Safari/537.36"
95.78.6.246 - - [06/Sep/2024:09:26:27 +0300] "GET /images/2021/08/12/_page-0001.jpg HTTP/1.0" 404 1811 "https://tkgurman.ru/" "Mozilla/5.0 (Windows NT 10.0; Win64; x64) AppleWebKit/537.36 (KHTML, like Gecko) Chrome/126.0.0.0 YaBrowser/24.7.0.0 Safari/537.36"
95.78.6.246 - - [06/Sep/2024:09:26:27 +0300] "GET /images/sl1-1.jpg HTTP/1.1" 206 133468 "https://tkgurman.ru/" "Mozilla/5.0 (Windows NT 10.0; Win64; x64) AppleWebKit/537.36 (KHTML, like Gecko) Chrome/126.0.0.0 YaBrowser/24.7.0.0 Safari/537.36"
95.78.6.246 - - [06/Sep/2024:09:26:27 +0300] "GET /images/s10.jpg HTTP/1.1" 200 264710 "https://tkgurman.ru/" "Mozilla/5.0 (Windows NT 10.0; Win64; x64) AppleWebKit/537.36 (KHTML, like Gecko) Chrome/126.0.0.0 YaBrowser/24.7.0.0 Safari/537.36"
95.78.6.246 - - [06/Sep/2024:09:26:27 +0300] "GET /images/2022/04/05/_page-00012.jpg HTTP/1.0" 404 1812 "https://tkgurman.ru/" "Mozilla/5.0 (Windows NT 10.0; Win64; x64) AppleWebKit/537.36 (KHTML, like Gecko) Chrome/126.0.0.0 YaBrowser/24.7.0.0 Safari/537.36"
95.78.6.246 - - [06/Sep/2024:09:26:27 +0300] "GET /images/2022/06/02/6_page-00013.jpg HTTP/1.0" 404 1813 "https://tkgurman.ru/" "Mozilla/5.0 (Windows NT 10.0; Win64; x64) AppleWebKit/537.36 (KHTML, like Gecko) Chrome/126.0.0.0 YaBrowser/24.7.0.0 Safari/537.36"
95.78.6.246 - - [06/Sep/2024:09:26:27 +0300] "GET /images/2022/06/02/6_page-0001.jpg HTTP/1.0" 404 1812 "https://tkgurman.ru/" "Mozilla/5.0 (Windows NT 10.0; Win64; x64) AppleWebKit/537.36 (KHTML, like Gecko) Chrome/126.0.0.0 YaBrowser/24.7.0.0 Safari/537.36"
95.78.6.246 - - [06/Sep/2024:09:26:27 +0300] "GET /images/sl4.jpg HTTP/1.1" 206 1 "https://tkgurman.ru/" "Mozilla/5.0 (Windows NT 10.0; Win64; x64) AppleWebKit/537.36 (KHTML, like Gecko) Chrome/126.0.0.0 YaBrowser/24.7.0.0 Safari/537.36"
95.78.6.246 - - [06/Sep/2024:09:26:27 +0300] "GET /images/2022/06/02/6_page-00011.jpg HTTP/1.0" 404 1813 "https://tkgurman.ru/" "Mozilla/5.0 (Windows NT 10.0; Win64; x64) AppleWebKit/537.36 (KHTML, like Gecko) Chrome/126.0.0.0 YaBrowser/24.7.0.0 Safari/537.36"
95.78.6.246 - - [06/Sep/2024:09:26:27 +0300] "GET /images/2022/06/02/5_page-0001.jpg HTTP/1.0" 404 1812 "https://tkgurman.ru/" "Mozilla/5.0 (Windows NT 10.0; Win64; x64) AppleWebKit/537.36 (KHTML, like Gecko) Chrome/126.0.0.0 YaBrowser/24.7.0.0 Safari/537.36"
95.78.6.246 - - [06/Sep/2024:09:26:27 +0300] "GET /images/sl7-2.jpg HTTP/1.1" 206 1 "https://tkgurman.ru/" "Mozilla/5.0 (Windows NT 10.0; Win64; x64) AppleWebKit/537.36 (KHTML, like Gecko) Chrome/126.0.0.0 YaBrowser/24.7.0.0 Safari/537.36"
95.78.6.246 - - [06/Sep/2024:09:26:27 +0300] "GET /modules/mod_sj_flat_menu/assets/images/icon_active.png HTTP/1.1" 200 2874 "https://tkgurman.ru/" "Mozilla/5.0 (Windows NT 10.0; Win64; x64) AppleWebKit/537.36 (KHTML, like Gecko) Chrome/126.0.0.0 YaBrowser/24.7.0.0 Safari/537.36"
95.78.6.246 - - [06/Sep/2024:09:26:27 +0300] "GET /images/sl2-1.jpg HTTP/1.1" 200 219174 "https://tkgurman.ru/" "Mozilla/5.0 (Windows NT 10.0; Win64; x64) AppleWebKit/537.36 (KHTML, like Gecko) Chrome/126.0.0.0 YaBrowser/24.7.0.0 Safari/537.36"
95.78.6.246 - - [06/Sep/2024:09:26:27 +0300] "GET /images/sl7-2.jpg HTTP/1.1" 206 85856 "https://tkgurman.ru/" "Mozilla/5.0 (Windows NT 10.0; Win64; x64) AppleWebKit/537.36 (KHTML, like Gecko) Chrome/126.0.0.0 YaBrowser/24.7.0.0 Safari/537.36"
95.78.6.246 - - [06/Sep/2024:09:26:27 +0300] "GET /images/2018/04/17/kat_03.png HTTP/1.1" 200 42180 "https://tkgurman.ru/" "Mozilla/5.0 (Windows NT 10.0; Win64; x64) AppleWebKit/537.36 (KHTML, like Gecko) Chrome/126.0.0.0 YaBrowser/24.7.0.0 Safari/537.36"
