uawdijnntqw1x1x1
IP : 216.73.216.143
Hostname : dsru51-17647.fornex.org
Kernel : Linux dsru51-17647.fornex.org 4.9.0-4-amd64 #1 SMP Debian 4.9.65-3+deb9u1 (2017-12-23) x86_64
Disable Function : pcntl_alarm,pcntl_fork,pcntl_waitpid,pcntl_wait,pcntl_wifexited,pcntl_wifstopped,pcntl_wifsignaled,pcntl_wexitstatus,pcntl_wtermsig,pcntl_wstopsig,pcntl_signal,pcntl_signal_dispatch,pcntl_get_last_error,pcntl_strerror,pcntl_sigprocmask,pcntl_sigwaitinfo,pcntl_sigtimedwait,pcntl_exec,pcntl_getpriority,pcntl_setpriority,
OS : Linux
PATH:
/
var
/
www
/
rustam
/
data
/
.
/
webdav
/
php-bin-isp-php72
/
.
/
..
/
aps_tmp
/
..
/
logs
/
mishkagastrobar.ru.access.log
/
/
89.111.141.101 - - [16/Apr/2026:06:25:24 +0300] "GET / HTTP/1.0" 200 954 "-" "https://reg.ru monitoring abuse@reg.ru"
89.111.170.8 - - [16/Apr/2026:06:25:28 +0300] "GET / HTTP/1.0" 200 954 "-" "https://reg.ru monitoring abuse@reg.ru"
57.141.20.57 - - [16/Apr/2026:06:25:34 +0300] "GET /shop/g/g919771373185/ HTTP/1.0" 404 483 "-" "meta-externalagent/1.1 (+https://developers.facebook.com/docs/sharing/webmasters/crawler)"
57.141.20.56 - - [16/Apr/2026:06:25:57 +0300] "GET /shop/g/g91936217255/ HTTP/1.0" 404 482 "-" "meta-externalagent/1.1 (+https://developers.facebook.com/docs/sharing/webmasters/crawler)"
57.141.20.45 - - [16/Apr/2026:06:26:19 +0300] "GET /shop/g/g91943548381/ HTTP/1.0" 404 482 "-" "meta-externalagent/1.1 (+https://developers.facebook.com/docs/sharing/webmasters/crawler)"
57.141.20.52 - - [16/Apr/2026:06:26:42 +0300] "GET /shop/g/g9194803238/ HTTP/1.0" 404 481 "-" "meta-externalagent/1.1 (+https://developers.facebook.com/docs/sharing/webmasters/crawler)"
57.141.20.39 - - [16/Apr/2026:06:27:03 +0300] "GET /shop/g/g919874609298/ HTTP/1.0" 404 483 "-" "meta-externalagent/1.1 (+https://developers.facebook.com/docs/sharing/webmasters/crawler)"
57.141.20.39 - - [16/Apr/2026:06:27:26 +0300] "GET /shop/g/g91957202963/ HTTP/1.0" 404 482 "-" "meta-externalagent/1.1 (+https://developers.facebook.com/docs/sharing/webmasters/crawler)"
57.141.20.41 - - [16/Apr/2026:06:27:48 +0300] "GET /shop/g/g919673732517/ HTTP/1.0" 404 483 "-" "meta-externalagent/1.1 (+https://developers.facebook.com/docs/sharing/webmasters/crawler)"
92.242.60.14 - - [16/Apr/2026:06:27:52 +0300] "GET / HTTP/1.0" 200 954 "-" "https://reg.ru monitoring abuse@reg.ru"
57.141.20.64 - - [16/Apr/2026:06:28:10 +0300] "GET /shop/g/g919673891000/ HTTP/1.0" 404 483 "-" "meta-externalagent/1.1 (+https://developers.facebook.com/docs/sharing/webmasters/crawler)"
57.141.20.7 - - [16/Apr/2026:06:28:33 +0300] "GET /shop/g/g91982828655/ HTTP/1.0" 404 482 "-" "meta-externalagent/1.1 (+https://developers.facebook.com/docs/sharing/webmasters/crawler)"
57.141.20.62 - - [16/Apr/2026:06:28:55 +0300] "GET /shop/g/g91936310646/ HTTP/1.0" 404 482 "-" "meta-externalagent/1.1 (+https://developers.facebook.com/docs/sharing/webmasters/crawler)"
57.141.20.57 - - [16/Apr/2026:06:29:17 +0300] "GET /shop/g/g91946898596/ HTTP/1.0" 404 482 "-" "meta-externalagent/1.1 (+https://developers.facebook.com/docs/sharing/webmasters/crawler)"
57.141.20.0 - - [16/Apr/2026:06:29:39 +0300] "GET /shop/g/g91946713959/ HTTP/1.0" 404 482 "-" "meta-externalagent/1.1 (+https://developers.facebook.com/docs/sharing/webmasters/crawler)"
57.141.20.7 - - [16/Apr/2026:06:30:02 +0300] "GET /shop/g/g9194529934/ HTTP/1.0" 404 481 "-" "meta-externalagent/1.1 (+https://developers.facebook.com/docs/sharing/webmasters/crawler)"
57.141.20.47 - - [16/Apr/2026:06:30:24 +0300] "GET /shop/g/g91964567978/ HTTP/1.0" 404 482 "-" "meta-externalagent/1.1 (+https://developers.facebook.com/docs/sharing/webmasters/crawler)"
89.111.141.101 - - [16/Apr/2026:06:30:30 +0300] "GET / HTTP/1.0" 200 954 "-" "https://reg.ru monitoring abuse@reg.ru"
89.111.170.8 - - [16/Apr/2026:06:30:37 +0300] "GET / HTTP/1.0" 200 954 "-" "https://reg.ru monitoring abuse@reg.ru"
57.141.20.34 - - [16/Apr/2026:06:30:46 +0300] "GET /shop/g/g9194862874/ HTTP/1.0" 404 481 "-" "meta-externalagent/1.1 (+https://developers.facebook.com/docs/sharing/webmasters/crawler)"
57.141.20.44 - - [16/Apr/2026:06:31:08 +0300] "GET /shop/g/g91961895728/ HTTP/1.0" 404 482 "-" "meta-externalagent/1.1 (+https://developers.facebook.com/docs/sharing/webmasters/crawler)"
57.141.20.33 - - [16/Apr/2026:06:31:30 +0300] "GET /shop/g/g91982908674/ HTTP/1.0" 404 482 "-" "meta-externalagent/1.1 (+https://developers.facebook.com/docs/sharing/webmasters/crawler)"
57.141.20.0 - - [16/Apr/2026:06:31:53 +0300] "GET /shop/g/g919372367137/ HTTP/1.0" 404 483 "-" "meta-externalagent/1.1 (+https://developers.facebook.com/docs/sharing/webmasters/crawler)"
43.156.204.134 - - [16/Apr/2026:06:32:09 +0300] "GET /?C=D;O=D HTTP/1.0" 200 633 "-" "Mozilla/5.0 (iPhone; CPU iPhone OS 13_2_3 like Mac OS X) AppleWebKit/605.1.15 (KHTML, like Gecko) Version/13.0.3 Mobile/15E148 Safari/604.1"
57.141.20.10 - - [16/Apr/2026:06:32:14 +0300] "GET /shop/g/g919472742050/ HTTP/1.0" 404 483 "-" "meta-externalagent/1.1 (+https://developers.facebook.com/docs/sharing/webmasters/crawler)"
57.141.20.60 - - [16/Apr/2026:06:32:37 +0300] "GET /shop/g/g91954151453/ HTTP/1.0" 404 482 "-" "meta-externalagent/1.1 (+https://developers.facebook.com/docs/sharing/webmasters/crawler)"
57.141.20.65 - - [16/Apr/2026:06:32:59 +0300] "GET /shop/g/g91951023913/ HTTP/1.0" 404 482 "-" "meta-externalagent/1.1 (+https://developers.facebook.com/docs/sharing/webmasters/crawler)"
92.242.60.14 - - [16/Apr/2026:06:33:03 +0300] "GET / HTTP/1.0" 200 954 "-" "https://reg.ru monitoring abuse@reg.ru"
57.141.20.56 - - [16/Apr/2026:06:33:21 +0300] "GET /shop/g/g91951325930/ HTTP/1.0" 404 482 "-" "meta-externalagent/1.1 (+https://developers.facebook.com/docs/sharing/webmasters/crawler)"
57.141.20.6 - - [16/Apr/2026:06:33:44 +0300] "GET /shop/g/g91972177760/ HTTP/1.0" 404 482 "-" "meta-externalagent/1.1 (+https://developers.facebook.com/docs/sharing/webmasters/crawler)"
57.141.20.14 - - [16/Apr/2026:06:34:06 +0300] "GET /shop/g/g91982619671/ HTTP/1.0" 404 482 "-" "meta-externalagent/1.1 (+https://developers.facebook.com/docs/sharing/webmasters/crawler)"
57.141.20.62 - - [16/Apr/2026:06:34:28 +0300] "GET /shop/g/g91936279359/ HTTP/1.0" 404 482 "-" "meta-externalagent/1.1 (+https://developers.facebook.com/docs/sharing/webmasters/crawler)"
57.141.20.53 - - [16/Apr/2026:06:34:50 +0300] "GET /shop/g/g919475913728/ HTTP/1.0" 404 483 "-" "meta-externalagent/1.1 (+https://developers.facebook.com/docs/sharing/webmasters/crawler)"
57.141.20.0 - - [16/Apr/2026:06:35:13 +0300] "GET /shop/g/g919877973157/ HTTP/1.0" 404 483 "-" "meta-externalagent/1.1 (+https://developers.facebook.com/docs/sharing/webmasters/crawler)"
57.141.20.62 - - [16/Apr/2026:06:35:36 +0300] "GET /shop/g/g919378026202/ HTTP/1.0" 404 483 "-" "meta-externalagent/1.1 (+https://developers.facebook.com/docs/sharing/webmasters/crawler)"
89.111.141.101 - - [16/Apr/2026:06:35:37 +0300] "GET / HTTP/1.0" 200 954 "-" "https://reg.ru monitoring abuse@reg.ru"
89.111.170.8 - - [16/Apr/2026:06:35:44 +0300] "GET / HTTP/1.0" 200 954 "-" "https://reg.ru monitoring abuse@reg.ru"
57.141.20.1 - - [16/Apr/2026:06:35:56 +0300] "GET /shop/g/g9194930964/ HTTP/1.0" 404 481 "-" "meta-externalagent/1.1 (+https://developers.facebook.com/docs/sharing/webmasters/crawler)"
57.141.20.66 - - [16/Apr/2026:06:36:19 +0300] "GET /shop/g/g91964576796/ HTTP/1.0" 404 482 "-" "meta-externalagent/1.1 (+https://developers.facebook.com/docs/sharing/webmasters/crawler)"
47.128.117.214 - - [16/Apr/2026:06:36:39 +0300] "GET /myasnaya/ HTTP/1.0" 404 471 "-" "Mozilla/5.0 (Linux; Android 5.0) AppleWebKit/537.36 (KHTML, like Gecko) Mobile Safari/537.36 (compatible; TikTokSpider; ttspider-feedback@tiktok.com)"
57.141.20.30 - - [16/Apr/2026:06:36:42 +0300] "GET /shop/g/g919673823207/ HTTP/1.0" 404 483 "-" "meta-externalagent/1.1 (+https://developers.facebook.com/docs/sharing/webmasters/crawler)"
57.141.20.30 - - [16/Apr/2026:06:37:04 +0300] "GET /shop/g/g919375475550/ HTTP/1.0" 404 483 "-" "meta-externalagent/1.1 (+https://developers.facebook.com/docs/sharing/webmasters/crawler)"
57.141.20.17 - - [16/Apr/2026:06:37:26 +0300] "GET /shop/g/g919874856427/ HTTP/1.0" 404 483 "-" "meta-externalagent/1.1 (+https://developers.facebook.com/docs/sharing/webmasters/crawler)"
57.141.20.54 - - [16/Apr/2026:06:37:48 +0300] "GET /shop/g/g9194538944/ HTTP/1.0" 404 481 "-" "meta-externalagent/1.1 (+https://developers.facebook.com/docs/sharing/webmasters/crawler)"
92.242.60.14 - - [16/Apr/2026:06:38:10 +0300] "GET / HTTP/1.0" 200 954 "-" "https://reg.ru monitoring abuse@reg.ru"
57.141.20.57 - - [16/Apr/2026:06:38:10 +0300] "GET /shop/g/g91961741796/ HTTP/1.0" 404 482 "-" "meta-externalagent/1.1 (+https://developers.facebook.com/docs/sharing/webmasters/crawler)"
57.141.20.35 - - [16/Apr/2026:06:38:33 +0300] "GET /shop/g/g91964540180/ HTTP/1.0" 404 482 "-" "meta-externalagent/1.1 (+https://developers.facebook.com/docs/sharing/webmasters/crawler)"
43.153.87.54 - - [16/Apr/2026:06:38:43 +0300] "GET / HTTP/1.1" 400 283 "-" "Mozilla/5.0 (iPhone; CPU iPhone OS 13_2_3 like Mac OS X) AppleWebKit/605.1.15 (KHTML, like Gecko) Version/13.0.3 Mobile/15E148 Safari/604.1"
57.141.20.17 - - [16/Apr/2026:06:38:56 +0300] "GET /shop/g/g91975491416/ HTTP/1.0" 404 482 "-" "meta-externalagent/1.1 (+https://developers.facebook.com/docs/sharing/webmasters/crawler)"
57.141.20.29 - - [16/Apr/2026:06:39:17 +0300] "GET /shop/g/g91954248039/ HTTP/1.0" 404 482 "-" "meta-externalagent/1.1 (+https://developers.facebook.com/docs/sharing/webmasters/crawler)"
57.141.20.58 - - [16/Apr/2026:06:39:39 +0300] "GET /shop/g/g919774094408/ HTTP/1.0" 404 483 "-" "meta-externalagent/1.1 (+https://developers.facebook.com/docs/sharing/webmasters/crawler)"
57.141.20.27 - - [16/Apr/2026:06:40:02 +0300] "GET /shop/g/g919573205172/ HTTP/1.0" 404 483 "-" "meta-externalagent/1.1 (+https://developers.facebook.com/docs/sharing/webmasters/crawler)"
57.141.20.30 - - [16/Apr/2026:06:40:24 +0300] "GET /shop/g/g919774074947/ HTTP/1.0" 404 483 "-" "meta-externalagent/1.1 (+https://developers.facebook.com/docs/sharing/webmasters/crawler)"
89.111.141.101 - - [16/Apr/2026:06:40:40 +0300] "GET / HTTP/1.0" 200 954 "-" "https://reg.ru monitoring abuse@reg.ru"
57.141.20.59 - - [16/Apr/2026:06:40:46 +0300] "GET /shop/g/g919573194943/ HTTP/1.0" 404 483 "-" "meta-externalagent/1.1 (+https://developers.facebook.com/docs/sharing/webmasters/crawler)"
89.111.170.8 - - [16/Apr/2026:06:40:48 +0300] "GET / HTTP/1.0" 200 954 "-" "https://reg.ru monitoring abuse@reg.ru"
57.141.20.2 - - [16/Apr/2026:06:41:08 +0300] "GET /shop/g/g919372295802/ HTTP/1.0" 404 483 "-" "meta-externalagent/1.1 (+https://developers.facebook.com/docs/sharing/webmasters/crawler)"
57.141.20.39 - - [16/Apr/2026:06:41:31 +0300] "GET /shop/g/g91951410534/ HTTP/1.0" 404 482 "-" "meta-externalagent/1.1 (+https://developers.facebook.com/docs/sharing/webmasters/crawler)"
57.141.20.52 - - [16/Apr/2026:06:41:52 +0300] "GET /shop/g/g919372047008/ HTTP/1.0" 404 483 "-" "meta-externalagent/1.1 (+https://developers.facebook.com/docs/sharing/webmasters/crawler)"
57.141.20.43 - - [16/Apr/2026:06:42:15 +0300] "GET /shop/g/g919475508392/ HTTP/1.0" 404 483 "-" "meta-externalagent/1.1 (+https://developers.facebook.com/docs/sharing/webmasters/crawler)"
57.141.20.52 - - [16/Apr/2026:06:42:37 +0300] "GET /shop/g/g91933242123/ HTTP/1.0" 404 482 "-" "meta-externalagent/1.1 (+https://developers.facebook.com/docs/sharing/webmasters/crawler)"
57.141.20.39 - - [16/Apr/2026:06:42:59 +0300] "GET /shop/g/g9194893069/ HTTP/1.0" 404 481 "-" "meta-externalagent/1.1 (+https://developers.facebook.com/docs/sharing/webmasters/crawler)"
92.242.60.14 - - [16/Apr/2026:06:43:16 +0300] "GET / HTTP/1.0" 200 954 "-" "https://reg.ru monitoring abuse@reg.ru"
57.141.20.6 - - [16/Apr/2026:06:43:21 +0300] "GET /shop/g/g9194606046/ HTTP/1.0" 404 481 "-" "meta-externalagent/1.1 (+https://developers.facebook.com/docs/sharing/webmasters/crawler)"
57.141.20.65 - - [16/Apr/2026:06:43:44 +0300] "GET /shop/g/g9193474879/ HTTP/1.0" 404 481 "-" "meta-externalagent/1.1 (+https://developers.facebook.com/docs/sharing/webmasters/crawler)"
152.58.118.223 - - [16/Apr/2026:06:43:57 +0300] "GET /category/salaty/ HTTP/1.0" 404 478 "-" "Mozilla/5.0 (Macintosh; U; Intel Mac OS X 10_10_7; rv:1.9.3.20) Gecko/4038-04-18 11:46:41.631477 Firefox/3.8"
57.141.20.27 - - [16/Apr/2026:06:44:07 +0300] "GET /shop/g/g919576133053/ HTTP/1.0" 404 483 "-" "meta-externalagent/1.1 (+https://developers.facebook.com/docs/sharing/webmasters/crawler)"
57.141.20.63 - - [16/Apr/2026:06:44:28 +0300] "GET /shop/g/g91967604970/ HTTP/1.0" 404 482 "-" "meta-externalagent/1.1 (+https://developers.facebook.com/docs/sharing/webmasters/crawler)"
57.141.20.25 - - [16/Apr/2026:06:44:50 +0300] "GET /shop/g/g91933203733/ HTTP/1.0" 404 482 "-" "meta-externalagent/1.1 (+https://developers.facebook.com/docs/sharing/webmasters/crawler)"
57.141.20.66 - - [16/Apr/2026:06:45:13 +0300] "GET /shop/g/g91933337192/ HTTP/1.0" 404 482 "-" "meta-externalagent/1.1 (+https://developers.facebook.com/docs/sharing/webmasters/crawler)"
57.141.20.39 - - [16/Apr/2026:06:45:35 +0300] "GET /shop/g/g91985891973/ HTTP/1.0" 404 482 "-" "meta-externalagent/1.1 (+https://developers.facebook.com/docs/sharing/webmasters/crawler)"
89.111.141.101 - - [16/Apr/2026:06:45:51 +0300] "GET / HTTP/1.0" 200 954 "-" "https://reg.ru monitoring abuse@reg.ru"
89.111.170.8 - - [16/Apr/2026:06:45:56 +0300] "GET / HTTP/1.0" 200 954 "-" "https://reg.ru monitoring abuse@reg.ru"
57.141.20.16 - - [16/Apr/2026:06:45:57 +0300] "GET /shop/g/g91961660108/ HTTP/1.0" 404 482 "-" "meta-externalagent/1.1 (+https://developers.facebook.com/docs/sharing/webmasters/crawler)"
57.141.20.32 - - [16/Apr/2026:06:46:19 +0300] "GET /shop/g/g91972276411/ HTTP/1.0" 404 482 "-" "meta-externalagent/1.1 (+https://developers.facebook.com/docs/sharing/webmasters/crawler)"
57.141.20.27 - - [16/Apr/2026:06:46:41 +0300] "GET /shop/g/g91982801613/ HTTP/1.0" 404 482 "-" "meta-externalagent/1.1 (+https://developers.facebook.com/docs/sharing/webmasters/crawler)"
57.141.20.35 - - [16/Apr/2026:06:47:04 +0300] "GET /shop/g/g919372411337/ HTTP/1.0" 404 483 "-" "meta-externalagent/1.1 (+https://developers.facebook.com/docs/sharing/webmasters/crawler)"
57.141.20.64 - - [16/Apr/2026:06:47:26 +0300] "GET /shop/g/g9194943285/ HTTP/1.0" 404 481 "-" "meta-externalagent/1.1 (+https://developers.facebook.com/docs/sharing/webmasters/crawler)"
57.141.20.6 - - [16/Apr/2026:06:47:49 +0300] "GET /shop/g/g91961588126/ HTTP/1.0" 404 482 "-" "meta-externalagent/1.1 (+https://developers.facebook.com/docs/sharing/webmasters/crawler)"
57.141.20.52 - - [16/Apr/2026:06:48:10 +0300] "GET /shop/g/g91982678783/ HTTP/1.0" 404 482 "-" "meta-externalagent/1.1 (+https://developers.facebook.com/docs/sharing/webmasters/crawler)"
92.242.60.14 - - [16/Apr/2026:06:48:25 +0300] "GET / HTTP/1.0" 200 954 "-" "https://reg.ru monitoring abuse@reg.ru"
57.141.20.49 - - [16/Apr/2026:06:48:33 +0300] "GET /shop/g/g9194666444/ HTTP/1.0" 404 481 "-" "meta-externalagent/1.1 (+https://developers.facebook.com/docs/sharing/webmasters/crawler)"
57.141.20.14 - - [16/Apr/2026:06:48:55 +0300] "GET /shop/g/g919375077175/ HTTP/1.0" 404 483 "-" "meta-externalagent/1.1 (+https://developers.facebook.com/docs/sharing/webmasters/crawler)"
57.141.20.27 - - [16/Apr/2026:06:49:17 +0300] "GET /shop/g/g919372277103/ HTTP/1.0" 404 483 "-" "meta-externalagent/1.1 (+https://developers.facebook.com/docs/sharing/webmasters/crawler)"
57.141.20.56 - - [16/Apr/2026:06:49:40 +0300] "GET /shop/g/g919573007432/ HTTP/1.0" 404 483 "-" "meta-externalagent/1.1 (+https://developers.facebook.com/docs/sharing/webmasters/crawler)"
57.141.20.49 - - [16/Apr/2026:06:50:01 +0300] "GET /shop/g/g919472696037/ HTTP/1.0" 404 483 "-" "meta-externalagent/1.1 (+https://developers.facebook.com/docs/sharing/webmasters/crawler)"
57.141.20.8 - - [16/Apr/2026:06:50:24 +0300] "GET /shop/g/g91951256254/ HTTP/1.0" 404 482 "-" "meta-externalagent/1.1 (+https://developers.facebook.com/docs/sharing/webmasters/crawler)"
57.141.20.29 - - [16/Apr/2026:06:50:46 +0300] "GET /shop/g/g919351050/ HTTP/1.0" 404 480 "-" "meta-externalagent/1.1 (+https://developers.facebook.com/docs/sharing/webmasters/crawler)"
89.111.141.101 - - [16/Apr/2026:06:51:00 +0300] "GET / HTTP/1.0" 200 954 "-" "https://reg.ru monitoring abuse@reg.ru"
89.111.170.8 - - [16/Apr/2026:06:51:05 +0300] "GET / HTTP/1.0" 200 954 "-" "https://reg.ru monitoring abuse@reg.ru"
57.141.20.39 - - [16/Apr/2026:06:51:09 +0300] "GET /shop/g/g91933152020/ HTTP/1.0" 404 482 "-" "meta-externalagent/1.1 (+https://developers.facebook.com/docs/sharing/webmasters/crawler)"
57.141.20.31 - - [16/Apr/2026:06:51:31 +0300] "GET /shop/g/g9193101719/ HTTP/1.0" 404 481 "-" "meta-externalagent/1.1 (+https://developers.facebook.com/docs/sharing/webmasters/crawler)"
57.141.20.31 - - [16/Apr/2026:06:51:53 +0300] "GET /shop/g/g91982588214/ HTTP/1.0" 404 482 "-" "meta-externalagent/1.1 (+https://developers.facebook.com/docs/sharing/webmasters/crawler)"
57.141.20.29 - - [16/Apr/2026:06:52:15 +0300] "GET /shop/g/g91978040144/ HTTP/1.0" 404 482 "-" "meta-externalagent/1.1 (+https://developers.facebook.com/docs/sharing/webmasters/crawler)"
85.208.96.193 - - [16/Apr/2026:06:52:24 +0300] "GET /set-mishka-3/ HTTP/1.0" 404 475 "-" "Mozilla/5.0 (compatible; SemrushBot/7~bl; +http://www.semrush.com/bot.html)"
57.141.20.30 - - [16/Apr/2026:06:52:37 +0300] "GET /shop/g/g91936372714/ HTTP/1.0" 404 482 "-" "meta-externalagent/1.1 (+https://developers.facebook.com/docs/sharing/webmasters/crawler)"
57.141.20.9 - - [16/Apr/2026:06:52:59 +0300] "GET /shop/g/g91982899460/ HTTP/1.0" 404 482 "-" "meta-externalagent/1.1 (+https://developers.facebook.com/docs/sharing/webmasters/crawler)"
57.141.20.2 - - [16/Apr/2026:06:53:22 +0300] "GET /shop/g/g91982698174/ HTTP/1.0" 404 482 "-" "meta-externalagent/1.1 (+https://developers.facebook.com/docs/sharing/webmasters/crawler)"
92.242.60.14 - - [16/Apr/2026:06:53:30 +0300] "GET / HTTP/1.0" 200 954 "-" "https://reg.ru monitoring abuse@reg.ru"
57.141.20.61 - - [16/Apr/2026:06:53:44 +0300] "GET /shop/g/g91933354330/ HTTP/1.0" 404 482 "-" "meta-externalagent/1.1 (+https://developers.facebook.com/docs/sharing/webmasters/crawler)"
57.141.20.35 - - [16/Apr/2026:06:54:06 +0300] "GET /shop/g/g91933025913/ HTTP/1.0" 404 482 "-" "meta-externalagent/1.1 (+https://developers.facebook.com/docs/sharing/webmasters/crawler)"
57.141.20.26 - - [16/Apr/2026:06:54:29 +0300] "GET /shop/g/g9193446690/ HTTP/1.0" 404 481 "-" "meta-externalagent/1.1 (+https://developers.facebook.com/docs/sharing/webmasters/crawler)"
185.191.171.13 - - [16/Apr/2026:06:54:41 +0300] "GET /kaprichchio/ HTTP/1.0" 404 474 "-" "Mozilla/5.0 (compatible; SemrushBot/7~bl; +http://www.semrush.com/bot.html)"
57.141.20.18 - - [16/Apr/2026:06:54:51 +0300] "GET /shop/g/g91961582465/ HTTP/1.0" 404 482 "-" "meta-externalagent/1.1 (+https://developers.facebook.com/docs/sharing/webmasters/crawler)"
57.141.20.56 - - [16/Apr/2026:06:55:12 +0300] "GET /shop/g/g91982503944/ HTTP/1.0" 404 482 "-" "meta-externalagent/1.1 (+https://developers.facebook.com/docs/sharing/webmasters/crawler)"
57.141.20.3 - - [16/Apr/2026:06:55:35 +0300] "GET /shop/g/g919372460638/ HTTP/1.0" 404 483 "-" "meta-externalagent/1.1 (+https://developers.facebook.com/docs/sharing/webmasters/crawler)"
57.141.20.25 - - [16/Apr/2026:06:55:57 +0300] "GET /shop/g/g91972132083/ HTTP/1.0" 404 482 "-" "meta-externalagent/1.1 (+https://developers.facebook.com/docs/sharing/webmasters/crawler)"
89.111.141.101 - - [16/Apr/2026:06:56:07 +0300] "GET / HTTP/1.0" 200 954 "-" "https://reg.ru monitoring abuse@reg.ru"
89.111.170.8 - - [16/Apr/2026:06:56:08 +0300] "GET / HTTP/1.0" 200 954 "-" "https://reg.ru monitoring abuse@reg.ru"
57.141.20.37 - - [16/Apr/2026:06:56:19 +0300] "GET /shop/g/g91975001394/ HTTP/1.0" 404 482 "-" "meta-externalagent/1.1 (+https://developers.facebook.com/docs/sharing/webmasters/crawler)"
57.141.20.9 - - [16/Apr/2026:06:56:42 +0300] "GET /shop/g/g919777455082/ HTTP/1.0" 404 483 "-" "meta-externalagent/1.1 (+https://developers.facebook.com/docs/sharing/webmasters/crawler)"
57.141.20.42 - - [16/Apr/2026:06:57:04 +0300] "GET /shop/g/g919774327438/ HTTP/1.0" 404 483 "-" "meta-externalagent/1.1 (+https://developers.facebook.com/docs/sharing/webmasters/crawler)"
57.141.20.57 - - [16/Apr/2026:06:57:26 +0300] "GET /shop/g/g91936155021/ HTTP/1.0" 404 482 "-" "meta-externalagent/1.1 (+https://developers.facebook.com/docs/sharing/webmasters/crawler)"
57.141.20.8 - - [16/Apr/2026:06:57:48 +0300] "GET /shop/g/g91961746978/ HTTP/1.0" 404 482 "-" "meta-externalagent/1.1 (+https://developers.facebook.com/docs/sharing/webmasters/crawler)"
57.141.20.3 - - [16/Apr/2026:06:58:11 +0300] "GET /shop/g/g91964746048/ HTTP/1.0" 404 482 "-" "meta-externalagent/1.1 (+https://developers.facebook.com/docs/sharing/webmasters/crawler)"
57.141.20.10 - - [16/Apr/2026:06:58:33 +0300] "GET /shop/g/g9194941488/ HTTP/1.0" 404 481 "-" "meta-externalagent/1.1 (+https://developers.facebook.com/docs/sharing/webmasters/crawler)"
92.242.60.14 - - [16/Apr/2026:06:58:37 +0300] "GET / HTTP/1.0" 200 954 "-" "https://reg.ru monitoring abuse@reg.ru"
57.141.20.27 - - [16/Apr/2026:06:58:55 +0300] "GET /shop/g/g91964710146/ HTTP/1.0" 404 482 "-" "meta-externalagent/1.1 (+https://developers.facebook.com/docs/sharing/webmasters/crawler)"
57.141.20.63 - - [16/Apr/2026:06:59:17 +0300] "GET /shop/g/g919472988450/ HTTP/1.0" 404 483 "-" "meta-externalagent/1.1 (+https://developers.facebook.com/docs/sharing/webmasters/crawler)"
57.141.20.16 - - [16/Apr/2026:06:59:40 +0300] "GET /shop/g/g91946986384/ HTTP/1.0" 404 482 "-" "meta-externalagent/1.1 (+https://developers.facebook.com/docs/sharing/webmasters/crawler)"
57.141.20.33 - - [16/Apr/2026:07:00:02 +0300] "GET /shop/g/g91961541896/ HTTP/1.0" 404 482 "-" "meta-externalagent/1.1 (+https://developers.facebook.com/docs/sharing/webmasters/crawler)"
57.141.20.6 - - [16/Apr/2026:07:00:24 +0300] "GET /shop/g/g91946521296/ HTTP/1.0" 404 482 "-" "meta-externalagent/1.1 (+https://developers.facebook.com/docs/sharing/webmasters/crawler)"
57.141.20.49 - - [16/Apr/2026:07:00:46 +0300] "GET /shop/g/g91943956734/ HTTP/1.0" 404 482 "-" "meta-externalagent/1.1 (+https://developers.facebook.com/docs/sharing/webmasters/crawler)"
57.141.20.41 - - [16/Apr/2026:07:01:09 +0300] "GET /shop/g/g91946561115/ HTTP/1.0" 404 482 "-" "meta-externalagent/1.1 (+https://developers.facebook.com/docs/sharing/webmasters/crawler)"
89.111.141.101 - - [16/Apr/2026:07:01:11 +0300] "GET / HTTP/1.0" 200 954 "-" "https://reg.ru monitoring abuse@reg.ru"
89.111.170.8 - - [16/Apr/2026:07:01:20 +0300] "GET / HTTP/1.0" 200 954 "-" "https://reg.ru monitoring abuse@reg.ru"
57.141.20.58 - - [16/Apr/2026:07:01:31 +0300] "GET /shop/g/g91982613396/ HTTP/1.0" 404 482 "-" "meta-externalagent/1.1 (+https://developers.facebook.com/docs/sharing/webmasters/crawler)"
57.141.20.52 - - [16/Apr/2026:07:01:52 +0300] "GET /shop/g/g91964994488/ HTTP/1.0" 404 482 "-" "meta-externalagent/1.1 (+https://developers.facebook.com/docs/sharing/webmasters/crawler)"
57.141.20.63 - - [16/Apr/2026:07:02:15 +0300] "GET /shop/g/g91933173480/ HTTP/1.0" 404 482 "-" "meta-externalagent/1.1 (+https://developers.facebook.com/docs/sharing/webmasters/crawler)"
57.141.20.33 - - [16/Apr/2026:07:02:37 +0300] "GET /shop/g/g91967691217/ HTTP/1.0" 404 482 "-" "meta-externalagent/1.1 (+https://developers.facebook.com/docs/sharing/webmasters/crawler)"
57.141.20.2 - - [16/Apr/2026:07:03:00 +0300] "GET /shop/g/g91978254377/ HTTP/1.0" 404 482 "-" "meta-externalagent/1.1 (+https://developers.facebook.com/docs/sharing/webmasters/crawler)"
57.141.20.9 - - [16/Apr/2026:07:03:22 +0300] "GET /shop/g/g919573015628/ HTTP/1.0" 404 483 "-" "meta-externalagent/1.1 (+https://developers.facebook.com/docs/sharing/webmasters/crawler)"
216.244.66.198 - - [16/Apr/2026:07:03:42 +0300] "GET /robots.txt HTTP/1.1" 301 196 "-" "Mozilla/5.0 (compatible; DotBot/1.2; +https://opensiteexplorer.org/dotbot; help@moz.com)"
92.242.60.14 - - [16/Apr/2026:07:03:43 +0300] "GET / HTTP/1.0" 200 954 "-" "https://reg.ru monitoring abuse@reg.ru"
216.244.66.198 - - [16/Apr/2026:07:03:44 +0300] "GET /robots.txt HTTP/1.0" 404 472 "-" "Mozilla/5.0 (compatible; DotBot/1.2; +https://opensiteexplorer.org/dotbot; help@moz.com)"
57.141.20.64 - - [16/Apr/2026:07:03:44 +0300] "GET /shop/g/g919469865133/ HTTP/1.0" 404 483 "-" "meta-externalagent/1.1 (+https://developers.facebook.com/docs/sharing/webmasters/crawler)"
57.141.20.1 - - [16/Apr/2026:07:04:06 +0300] "GET /shop/g/g91943511938/ HTTP/1.0" 404 482 "-" "meta-externalagent/1.1 (+https://developers.facebook.com/docs/sharing/webmasters/crawler)"
57.141.20.0 - - [16/Apr/2026:07:04:28 +0300] "GET /shop/g/g91982843983/ HTTP/1.0" 404 482 "-" "meta-externalagent/1.1 (+https://developers.facebook.com/docs/sharing/webmasters/crawler)"
57.141.20.25 - - [16/Apr/2026:07:04:51 +0300] "GET /shop/g/g91939279958/ HTTP/1.0" 404 482 "-" "meta-externalagent/1.1 (+https://developers.facebook.com/docs/sharing/webmasters/crawler)"
57.141.20.41 - - [16/Apr/2026:07:05:14 +0300] "GET /shop/g/g91961570963/ HTTP/1.0" 404 482 "-" "meta-externalagent/1.1 (+https://developers.facebook.com/docs/sharing/webmasters/crawler)"
57.141.20.6 - - [16/Apr/2026:07:05:35 +0300] "GET /shop/g/g919372243663/ HTTP/1.0" 404 483 "-" "meta-externalagent/1.1 (+https://developers.facebook.com/docs/sharing/webmasters/crawler)"
57.141.20.68 - - [16/Apr/2026:07:05:57 +0300] "GET /shop/g/g919378068800/ HTTP/1.0" 404 483 "-" "meta-externalagent/1.1 (+https://developers.facebook.com/docs/sharing/webmasters/crawler)"
89.111.141.101 - - [16/Apr/2026:07:06:19 +0300] "GET / HTTP/1.0" 200 954 "-" "https://reg.ru monitoring abuse@reg.ru"
57.141.20.4 - - [16/Apr/2026:07:06:19 +0300] "GET /shop/g/g91936300208/ HTTP/1.0" 404 482 "-" "meta-externalagent/1.1 (+https://developers.facebook.com/docs/sharing/webmasters/crawler)"
89.111.170.8 - - [16/Apr/2026:07:06:35 +0300] "GET / HTTP/1.0" 200 954 "-" "https://reg.ru monitoring abuse@reg.ru"
57.141.20.3 - - [16/Apr/2026:07:06:42 +0300] "GET /shop/g/g91933450595/ HTTP/1.0" 404 482 "-" "meta-externalagent/1.1 (+https://developers.facebook.com/docs/sharing/webmasters/crawler)"
57.141.20.18 - - [16/Apr/2026:07:07:05 +0300] "GET /shop/g/g919871985450/ HTTP/1.0" 404 483 "-" "meta-externalagent/1.1 (+https://developers.facebook.com/docs/sharing/webmasters/crawler)"
57.141.20.68 - - [16/Apr/2026:07:07:27 +0300] "GET /shop/g/g91982882183/ HTTP/1.0" 404 482 "-" "meta-externalagent/1.1 (+https://developers.facebook.com/docs/sharing/webmasters/crawler)"
57.141.20.69 - - [16/Apr/2026:07:07:48 +0300] "GET /shop/g/g91954197318/ HTTP/1.0" 404 482 "-" "meta-externalagent/1.1 (+https://developers.facebook.com/docs/sharing/webmasters/crawler)"
57.141.20.35 - - [16/Apr/2026:07:08:11 +0300] "GET /shop/g/g91961615171/ HTTP/1.0" 404 482 "-" "meta-externalagent/1.1 (+https://developers.facebook.com/docs/sharing/webmasters/crawler)"
57.141.20.35 - - [16/Apr/2026:07:08:33 +0300] "GET /shop/g/g919375186452/ HTTP/1.0" 404 483 "-" "meta-externalagent/1.1 (+https://developers.facebook.com/docs/sharing/webmasters/crawler)"
92.242.60.14 - - [16/Apr/2026:07:08:51 +0300] "GET / HTTP/1.0" 200 954 "-" "https://reg.ru monitoring abuse@reg.ru"
57.141.20.39 - - [16/Apr/2026:07:08:56 +0300] "GET /shop/g/g919475844732/ HTTP/1.0" 404 483 "-" "meta-externalagent/1.1 (+https://developers.facebook.com/docs/sharing/webmasters/crawler)"
57.141.20.4 - - [16/Apr/2026:07:09:18 +0300] "GET /shop/g/g919378425728/ HTTP/1.0" 404 483 "-" "meta-externalagent/1.1 (+https://developers.facebook.com/docs/sharing/webmasters/crawler)"
57.141.20.7 - - [16/Apr/2026:07:09:39 +0300] "GET /shop/g/g919372123392/ HTTP/1.0" 404 483 "-" "meta-externalagent/1.1 (+https://developers.facebook.com/docs/sharing/webmasters/crawler)"
57.141.20.12 - - [16/Apr/2026:07:10:02 +0300] "GET /shop/g/g919475725375/ HTTP/1.0" 404 483 "-" "meta-externalagent/1.1 (+https://developers.facebook.com/docs/sharing/webmasters/crawler)"
57.141.20.8 - - [16/Apr/2026:07:10:24 +0300] "GET /shop/g/g9194955042/ HTTP/1.0" 404 481 "-" "meta-externalagent/1.1 (+https://developers.facebook.com/docs/sharing/webmasters/crawler)"
57.141.20.63 - - [16/Apr/2026:07:10:46 +0300] "GET /shop/g/g91936419445/ HTTP/1.0" 404 482 "-" "meta-externalagent/1.1 (+https://developers.facebook.com/docs/sharing/webmasters/crawler)"
57.141.20.29 - - [16/Apr/2026:07:11:07 +0300] "GET /shop/g/g919370310/ HTTP/1.0" 404 480 "-" "meta-externalagent/1.1 (+https://developers.facebook.com/docs/sharing/webmasters/crawler)"
89.111.141.101 - - [16/Apr/2026:07:11:27 +0300] "GET / HTTP/1.0" 200 954 "-" "https://reg.ru monitoring abuse@reg.ru"
89.111.170.8 - - [16/Apr/2026:07:11:30 +0300] "GET / HTTP/1.0" 200 954 "-" "https://reg.ru monitoring abuse@reg.ru"
57.141.20.58 - - [16/Apr/2026:07:11:31 +0300] "GET /shop/g/g91933073313/ HTTP/1.0" 404 482 "-" "meta-externalagent/1.1 (+https://developers.facebook.com/docs/sharing/webmasters/crawler)"
57.141.20.42 - - [16/Apr/2026:07:11:52 +0300] "GET /shop/g/g91943899796/ HTTP/1.0" 404 482 "-" "meta-externalagent/1.1 (+https://developers.facebook.com/docs/sharing/webmasters/crawler)"
57.141.20.67 - - [16/Apr/2026:07:12:14 +0300] "GET /shop/g/g919871943912/ HTTP/1.0" 404 483 "-" "meta-externalagent/1.1 (+https://developers.facebook.com/docs/sharing/webmasters/crawler)"
57.141.20.13 - - [16/Apr/2026:07:12:38 +0300] "GET /shop/g/g919874564367/ HTTP/1.0" 404 483 "-" "meta-externalagent/1.1 (+https://developers.facebook.com/docs/sharing/webmasters/crawler)"
57.141.20.43 - - [16/Apr/2026:07:12:59 +0300] "GET /shop/g/g919375170733/ HTTP/1.0" 404 483 "-" "meta-externalagent/1.1 (+https://developers.facebook.com/docs/sharing/webmasters/crawler)"
57.141.20.0 - - [16/Apr/2026:07:13:22 +0300] "GET /shop/g/g919871993812/ HTTP/1.0" 404 483 "-" "meta-externalagent/1.1 (+https://developers.facebook.com/docs/sharing/webmasters/crawler)"
57.141.20.7 - - [16/Apr/2026:07:13:44 +0300] "GET /shop/g/g9194801523/ HTTP/1.0" 404 481 "-" "meta-externalagent/1.1 (+https://developers.facebook.com/docs/sharing/webmasters/crawler)"
92.242.60.14 - - [16/Apr/2026:07:13:57 +0300] "GET / HTTP/1.0" 200 954 "-" "https://reg.ru monitoring abuse@reg.ru"
57.141.20.66 - - [16/Apr/2026:07:14:07 +0300] "GET /shop/g/g91951039849/ HTTP/1.0" 404 482 "-" "meta-externalagent/1.1 (+https://developers.facebook.com/docs/sharing/webmasters/crawler)"
57.141.20.53 - - [16/Apr/2026:07:14:28 +0300] "GET /shop/g/g91982826348/ HTTP/1.0" 404 482 "-" "meta-externalagent/1.1 (+https://developers.facebook.com/docs/sharing/webmasters/crawler)"
57.141.20.43 - - [16/Apr/2026:07:14:51 +0300] "GET /shop/g/g91946563858/ HTTP/1.0" 404 482 "-" "meta-externalagent/1.1 (+https://developers.facebook.com/docs/sharing/webmasters/crawler)"
57.141.20.14 - - [16/Apr/2026:07:15:13 +0300] "GET /shop/g/g919774486575/ HTTP/1.0" 404 483 "-" "meta-externalagent/1.1 (+https://developers.facebook.com/docs/sharing/webmasters/crawler)"
57.141.20.8 - - [16/Apr/2026:07:15:36 +0300] "GET /shop/g/g9194543503/ HTTP/1.0" 404 481 "-" "meta-externalagent/1.1 (+https://developers.facebook.com/docs/sharing/webmasters/crawler)"
57.141.20.9 - - [16/Apr/2026:07:15:58 +0300] "GET /shop/g/g919372116433/ HTTP/1.0" 404 483 "-" "meta-externalagent/1.1 (+https://developers.facebook.com/docs/sharing/webmasters/crawler)"
57.141.20.29 - - [16/Apr/2026:07:16:20 +0300] "GET /shop/g/g919670760533/ HTTP/1.0" 404 483 "-" "meta-externalagent/1.1 (+https://developers.facebook.com/docs/sharing/webmasters/crawler)"
89.111.141.101 - - [16/Apr/2026:07:16:32 +0300] "GET / HTTP/1.0" 200 954 "-" "https://reg.ru monitoring abuse@reg.ru"
89.111.170.8 - - [16/Apr/2026:07:16:38 +0300] "GET / HTTP/1.0" 200 954 "-" "https://reg.ru monitoring abuse@reg.ru"
57.141.20.34 - - [16/Apr/2026:07:16:42 +0300] "GET /shop/g/g919375076983/ HTTP/1.0" 404 483 "-" "meta-externalagent/1.1 (+https://developers.facebook.com/docs/sharing/webmasters/crawler)"
57.141.20.39 - - [16/Apr/2026:07:17:04 +0300] "GET /shop/g/g919472618102/ HTTP/1.0" 404 483 "-" "meta-externalagent/1.1 (+https://developers.facebook.com/docs/sharing/webmasters/crawler)"
57.141.20.38 - - [16/Apr/2026:07:17:25 +0300] "GET /shop/g/g919771379942/ HTTP/1.0" 404 483 "-" "meta-externalagent/1.1 (+https://developers.facebook.com/docs/sharing/webmasters/crawler)"
57.141.20.29 - - [16/Apr/2026:07:17:48 +0300] "GET /shop/g/g91946518913/ HTTP/1.0" 404 482 "-" "meta-externalagent/1.1 (+https://developers.facebook.com/docs/sharing/webmasters/crawler)"
57.141.20.16 - - [16/Apr/2026:07:18:11 +0300] "GET /shop/g/g91951244160/ HTTP/1.0" 404 482 "-" "meta-externalagent/1.1 (+https://developers.facebook.com/docs/sharing/webmasters/crawler)"
57.141.20.62 - - [16/Apr/2026:07:18:34 +0300] "GET /shop/g/g91943827111/ HTTP/1.0" 404 482 "-" "meta-externalagent/1.1 (+https://developers.facebook.com/docs/sharing/webmasters/crawler)"
57.141.20.65 - - [16/Apr/2026:07:18:56 +0300] "GET /shop/g/g91951473201/ HTTP/1.0" 404 482 "-" "meta-externalagent/1.1 (+https://developers.facebook.com/docs/sharing/webmasters/crawler)"
92.242.60.14 - - [16/Apr/2026:07:19:06 +0300] "GET / HTTP/1.0" 200 954 "-" "https://reg.ru monitoring abuse@reg.ru"
216.244.66.198 - - [16/Apr/2026:07:19:07 +0300] "GET /vareniki-kartofyelgriby/ HTTP/1.0" 404 486 "-" "Mozilla/5.0 (compatible; DotBot/1.2; +https://opensiteexplorer.org/dotbot; help@moz.com)"
57.141.20.45 - - [16/Apr/2026:07:19:17 +0300] "GET /shop/g/g919877857250/ HTTP/1.0" 404 483 "-" "meta-externalagent/1.1 (+https://developers.facebook.com/docs/sharing/webmasters/crawler)"
57.141.20.20 - - [16/Apr/2026:07:19:39 +0300] "GET /shop/g/g919378251448/ HTTP/1.0" 404 483 "-" "meta-externalagent/1.1 (+https://developers.facebook.com/docs/sharing/webmasters/crawler)"
57.141.20.29 - - [16/Apr/2026:07:20:02 +0300] "GET /shop/g/g91936181592/ HTTP/1.0" 404 482 "-" "meta-externalagent/1.1 (+https://developers.facebook.com/docs/sharing/webmasters/crawler)"
216.244.66.198 - - [16/Apr/2026:07:20:05 +0300] "GET /pasta-karbonara-/ HTTP/1.0" 404 479 "-" "Mozilla/5.0 (compatible; DotBot/1.2; +https://opensiteexplorer.org/dotbot; help@moz.com)"
57.141.20.3 - - [16/Apr/2026:07:20:24 +0300] "GET /shop/g/g91954254814/ HTTP/1.0" 404 482 "-" "meta-externalagent/1.1 (+https://developers.facebook.com/docs/sharing/webmasters/crawler)"
57.141.20.63 - - [16/Apr/2026:07:20:47 +0300] "GET /shop/g/g91951454792/ HTTP/1.0" 404 482 "-" "meta-externalagent/1.1 (+https://developers.facebook.com/docs/sharing/webmasters/crawler)"
57.141.20.54 - - [16/Apr/2026:07:21:09 +0300] "GET /shop/g/g919874954447/ HTTP/1.0" 404 483 "-" "meta-externalagent/1.1 (+https://developers.facebook.com/docs/sharing/webmasters/crawler)"
57.141.20.1 - - [16/Apr/2026:07:21:30 +0300] "GET /shop/g/g9194714146/ HTTP/1.0" 404 481 "-" "meta-externalagent/1.1 (+https://developers.facebook.com/docs/sharing/webmasters/crawler)"
89.111.170.8 - - [16/Apr/2026:07:21:43 +0300] "GET / HTTP/1.0" 200 954 "-" "https://reg.ru monitoring abuse@reg.ru"
89.111.141.101 - - [16/Apr/2026:07:21:43 +0300] "GET / HTTP/1.0" 200 954 "-" "https://reg.ru monitoring abuse@reg.ru"
57.141.20.42 - - [16/Apr/2026:07:21:53 +0300] "GET /shop/g/g919378458662/ HTTP/1.0" 404 483 "-" "meta-externalagent/1.1 (+https://developers.facebook.com/docs/sharing/webmasters/crawler)"
57.141.20.16 - - [16/Apr/2026:07:22:15 +0300] "GET /shop/g/g91961670193/ HTTP/1.0" 404 482 "-" "meta-externalagent/1.1 (+https://developers.facebook.com/docs/sharing/webmasters/crawler)"
57.141.20.64 - - [16/Apr/2026:07:22:37 +0300] "GET /shop/g/g91978173573/ HTTP/1.0" 404 482 "-" "meta-externalagent/1.1 (+https://developers.facebook.com/docs/sharing/webmasters/crawler)"
57.141.20.51 - - [16/Apr/2026:07:23:00 +0300] "GET /shop/g/g91939301995/ HTTP/1.0" 404 482 "-" "meta-externalagent/1.1 (+https://developers.facebook.com/docs/sharing/webmasters/crawler)"
156.59.198.135 - - [16/Apr/2026:07:23:21 +0300] "GET /wa-data/public/shop/products/01/00/1/images/89/89.600.jpg HTTP/1.0" 404 519 "https://mishkagastrobar.ru/tsezar/" "Mozilla/5.0 (Linux; Android 5.0) AppleWebKit/537.36 (KHTML, like Gecko) Mobile Safari/537.36 (compatible; Bytespider; spider-feedback@bytedance.com)"
57.141.20.54 - - [16/Apr/2026:07:23:22 +0300] "GET /shop/g/g919372070703/ HTTP/1.0" 404 483 "-" "meta-externalagent/1.1 (+https://developers.facebook.com/docs/sharing/webmasters/crawler)"
57.141.20.29 - - [16/Apr/2026:07:23:44 +0300] "GET /shop/g/g919673528782/ HTTP/1.0" 404 483 "-" "meta-externalagent/1.1 (+https://developers.facebook.com/docs/sharing/webmasters/crawler)"
57.141.20.12 - - [16/Apr/2026:07:24:06 +0300] "GET /shop/g/g919670898142/ HTTP/1.0" 404 483 "-" "meta-externalagent/1.1 (+https://developers.facebook.com/docs/sharing/webmasters/crawler)"
92.242.60.14 - - [16/Apr/2026:07:24:15 +0300] "GET / HTTP/1.0" 200 954 "-" "https://reg.ru monitoring abuse@reg.ru"
57.141.20.51 - - [16/Apr/2026:07:24:28 +0300] "GET /shop/g/g91988656545/ HTTP/1.0" 404 482 "-" "meta-externalagent/1.1 (+https://developers.facebook.com/docs/sharing/webmasters/crawler)"
57.141.20.21 - - [16/Apr/2026:07:24:50 +0300] "GET /shop/g/g91961595433/ HTTP/1.0" 404 482 "-" "meta-externalagent/1.1 (+https://developers.facebook.com/docs/sharing/webmasters/crawler)"
57.141.20.29 - - [16/Apr/2026:07:25:13 +0300] "GET /shop/g/g919877878243/ HTTP/1.0" 404 483 "-" "meta-externalagent/1.1 (+https://developers.facebook.com/docs/sharing/webmasters/crawler)"
57.141.20.58 - - [16/Apr/2026:07:25:36 +0300] "GET /shop/g/g919573270828/ HTTP/1.0" 404 483 "-" "meta-externalagent/1.1 (+https://developers.facebook.com/docs/sharing/webmasters/crawler)"
57.141.20.9 - - [16/Apr/2026:07:25:57 +0300] "GET /shop/g/g91961929180/ HTTP/1.0" 404 482 "-" "meta-externalagent/1.1 (+https://developers.facebook.com/docs/sharing/webmasters/crawler)"
57.141.20.62 - - [16/Apr/2026:07:26:20 +0300] "GET /shop/g/g91936414038/ HTTP/1.0" 404 482 "-" "meta-externalagent/1.1 (+https://developers.facebook.com/docs/sharing/webmasters/crawler)"
57.141.20.58 - - [16/Apr/2026:07:26:42 +0300] "GET /shop/g/g91946531923/ HTTP/1.0" 404 482 "-" "meta-externalagent/1.1 (+https://developers.facebook.com/docs/sharing/webmasters/crawler)"
89.111.141.101 - - [16/Apr/2026:07:26:47 +0300] "GET / HTTP/1.0" 200 954 "-" "https://reg.ru monitoring abuse@reg.ru"
89.111.170.8 - - [16/Apr/2026:07:26:51 +0300] "GET / HTTP/1.0" 200 954 "-" "https://reg.ru monitoring abuse@reg.ru"
57.141.20.1 - - [16/Apr/2026:07:27:04 +0300] "GET /shop/g/g91954480293/ HTTP/1.0" 404 482 "-" "meta-externalagent/1.1 (+https://developers.facebook.com/docs/sharing/webmasters/crawler)"
66.249.64.66 - - [16/Apr/2026:07:27:23 +0300] "GET /category/rolly/ HTTP/1.0" 404 477 "-" "Mozilla/5.0 (Linux; Android 6.0.1; Nexus 5X Build/MMB29P) AppleWebKit/537.36 (KHTML, like Gecko) Chrome/146.0.7680.177 Mobile Safari/537.36 (compatible; Googlebot/2.1; +http://www.google.com/bot.html)"
57.141.20.21 - - [16/Apr/2026:07:27:26 +0300] "GET /shop/g/g919372061117/ HTTP/1.0" 404 483 "-" "meta-externalagent/1.1 (+https://developers.facebook.com/docs/sharing/webmasters/crawler)"
57.141.20.49 - - [16/Apr/2026:07:27:48 +0300] "GET /shop/g/g919573225738/ HTTP/1.0" 404 483 "-" "meta-externalagent/1.1 (+https://developers.facebook.com/docs/sharing/webmasters/crawler)"
57.141.20.20 - - [16/Apr/2026:07:28:10 +0300] "GET /shop/g/g9193451521/ HTTP/1.0" 404 481 "-" "meta-externalagent/1.1 (+https://developers.facebook.com/docs/sharing/webmasters/crawler)"
57.141.20.63 - - [16/Apr/2026:07:28:33 +0300] "GET /shop/g/g919372231773/ HTTP/1.0" 404 483 "-" "meta-externalagent/1.1 (+https://developers.facebook.com/docs/sharing/webmasters/crawler)"
57.141.20.56 - - [16/Apr/2026:07:28:55 +0300] "GET /shop/g/g91961874046/ HTTP/1.0" 404 482 "-" "meta-externalagent/1.1 (+https://developers.facebook.com/docs/sharing/webmasters/crawler)"
57.141.20.49 - - [16/Apr/2026:07:29:17 +0300] "GET /shop/g/g91957096929/ HTTP/1.0" 404 482 "-" "meta-externalagent/1.1 (+https://developers.facebook.com/docs/sharing/webmasters/crawler)"
92.242.60.14 - - [16/Apr/2026:07:29:19 +0300] "GET / HTTP/1.0" 200 954 "-" "https://reg.ru monitoring abuse@reg.ru"
57.141.20.61 - - [16/Apr/2026:07:29:40 +0300] "GET /shop/g/g91964728079/ HTTP/1.0" 404 482 "-" "meta-externalagent/1.1 (+https://developers.facebook.com/docs/sharing/webmasters/crawler)"
57.141.20.54 - - [16/Apr/2026:07:30:02 +0300] "GET /shop/g/g919472964925/ HTTP/1.0" 404 483 "-" "meta-externalagent/1.1 (+https://developers.facebook.com/docs/sharing/webmasters/crawler)"
57.141.20.27 - - [16/Apr/2026:07:30:24 +0300] "GET /shop/g/g9196103648187/ HTTP/1.0" 404 484 "-" "meta-externalagent/1.1 (+https://developers.facebook.com/docs/sharing/webmasters/crawler)"
57.141.20.30 - - [16/Apr/2026:07:30:46 +0300] "GET /shop/g/g91933434342/ HTTP/1.0" 404 482 "-" "meta-externalagent/1.1 (+https://developers.facebook.com/docs/sharing/webmasters/crawler)"
57.141.20.34 - - [16/Apr/2026:07:31:08 +0300] "GET /shop/g/g91961684116/ HTTP/1.0" 404 482 "-" "meta-externalagent/1.1 (+https://developers.facebook.com/docs/sharing/webmasters/crawler)"
57.141.20.51 - - [16/Apr/2026:07:31:31 +0300] "GET /shop/g/g91957222538/ HTTP/1.0" 404 482 "-" "meta-externalagent/1.1 (+https://developers.facebook.com/docs/sharing/webmasters/crawler)"
57.141.20.25 - - [16/Apr/2026:07:31:52 +0300] "GET /shop/g/g9194823321/ HTTP/1.0" 404 481 "-" "meta-externalagent/1.1 (+https://developers.facebook.com/docs/sharing/webmasters/crawler)"
89.111.141.101 - - [16/Apr/2026:07:31:56 +0300] "GET / HTTP/1.0" 200 954 "-" "https://reg.ru monitoring abuse@reg.ru"
89.111.170.8 - - [16/Apr/2026:07:31:58 +0300] "GET / HTTP/1.0" 200 954 "-" "https://reg.ru monitoring abuse@reg.ru"
57.141.20.45 - - [16/Apr/2026:07:32:14 +0300] "GET /shop/g/g91985893175/ HTTP/1.0" 404 482 "-" "meta-externalagent/1.1 (+https://developers.facebook.com/docs/sharing/webmasters/crawler)"
57.141.20.41 - - [16/Apr/2026:07:32:37 +0300] "GET /shop/g/g91954150491/ HTTP/1.0" 404 482 "-" "meta-externalagent/1.1 (+https://developers.facebook.com/docs/sharing/webmasters/crawler)"
57.141.20.39 - - [16/Apr/2026:07:33:00 +0300] "GET /shop/g/g9194564488/ HTTP/1.0" 404 481 "-" "meta-externalagent/1.1 (+https://developers.facebook.com/docs/sharing/webmasters/crawler)"
57.141.20.69 - - [16/Apr/2026:07:33:22 +0300] "GET /shop/g/g9194580276/ HTTP/1.0" 404 481 "-" "meta-externalagent/1.1 (+https://developers.facebook.com/docs/sharing/webmasters/crawler)"
57.141.20.21 - - [16/Apr/2026:07:33:44 +0300] "GET /shop/g/g9193449633/ HTTP/1.0" 404 481 "-" "meta-externalagent/1.1 (+https://developers.facebook.com/docs/sharing/webmasters/crawler)"
57.141.20.10 - - [16/Apr/2026:07:34:06 +0300] "GET /shop/g/g919774055567/ HTTP/1.0" 404 483 "-" "meta-externalagent/1.1 (+https://developers.facebook.com/docs/sharing/webmasters/crawler)"
92.242.60.14 - - [16/Apr/2026:07:34:26 +0300] "GET / HTTP/1.0" 200 954 "-" "https://reg.ru monitoring abuse@reg.ru"
57.141.20.43 - - [16/Apr/2026:07:34:28 +0300] "GET /shop/g/g919874585772/ HTTP/1.0" 404 483 "-" "meta-externalagent/1.1 (+https://developers.facebook.com/docs/sharing/webmasters/crawler)"
57.141.20.53 - - [16/Apr/2026:07:34:51 +0300] "GET /shop/g/g91982812753/ HTTP/1.0" 404 482 "-" "meta-externalagent/1.1 (+https://developers.facebook.com/docs/sharing/webmasters/crawler)"
57.141.20.44 - - [16/Apr/2026:07:35:13 +0300] "GET /shop/g/g91943997674/ HTTP/1.0" 404 482 "-" "meta-externalagent/1.1 (+https://developers.facebook.com/docs/sharing/webmasters/crawler)"
57.141.20.25 - - [16/Apr/2026:07:35:35 +0300] "GET /shop/g/g91943571193/ HTTP/1.0" 404 482 "-" "meta-externalagent/1.1 (+https://developers.facebook.com/docs/sharing/webmasters/crawler)"
57.141.20.62 - - [16/Apr/2026:07:35:57 +0300] "GET /shop/g/g91957397213/ HTTP/1.0" 404 482 "-" "meta-externalagent/1.1 (+https://developers.facebook.com/docs/sharing/webmasters/crawler)"
57.141.20.37 - - [16/Apr/2026:07:36:19 +0300] "GET /shop/g/g91943816272/ HTTP/1.0" 404 482 "-" "meta-externalagent/1.1 (+https://developers.facebook.com/docs/sharing/webmasters/crawler)"
57.141.20.34 - - [16/Apr/2026:07:36:42 +0300] "GET /shop/g/g91982752737/ HTTP/1.0" 404 482 "-" "meta-externalagent/1.1 (+https://developers.facebook.com/docs/sharing/webmasters/crawler)"
57.141.20.38 - - [16/Apr/2026:07:37:03 +0300] "GET /shop/g/g91954490183/ HTTP/1.0" 404 482 "-" "meta-externalagent/1.1 (+https://developers.facebook.com/docs/sharing/webmasters/crawler)"
89.111.141.101 - - [16/Apr/2026:07:37:04 +0300] "GET / HTTP/1.0" 200 954 "-" "https://reg.ru monitoring abuse@reg.ru"
89.111.170.8 - - [16/Apr/2026:07:37:12 +0300] "GET / HTTP/1.0" 200 954 "-" "https://reg.ru monitoring abuse@reg.ru"
57.141.20.61 - - [16/Apr/2026:07:37:26 +0300] "GET /shop/g/g91957267080/ HTTP/1.0" 404 482 "-" "meta-externalagent/1.1 (+https://developers.facebook.com/docs/sharing/webmasters/crawler)"
57.141.20.27 - - [16/Apr/2026:07:37:48 +0300] "GET /shop/g/g919375426557/ HTTP/1.0" 404 483 "-" "meta-externalagent/1.1 (+https://developers.facebook.com/docs/sharing/webmasters/crawler)"
57.141.20.59 - - [16/Apr/2026:07:38:10 +0300] "GET /shop/g/g91975474919/ HTTP/1.0" 404 482 "-" "meta-externalagent/1.1 (+https://developers.facebook.com/docs/sharing/webmasters/crawler)"
57.141.20.63 - - [16/Apr/2026:07:38:33 +0300] "GET /shop/g/g919372334172/ HTTP/1.0" 404 483 "-" "meta-externalagent/1.1 (+https://developers.facebook.com/docs/sharing/webmasters/crawler)"
57.141.20.52 - - [16/Apr/2026:07:38:55 +0300] "GET /shop/g/g9194569221/ HTTP/1.0" 404 481 "-" "meta-externalagent/1.1 (+https://developers.facebook.com/docs/sharing/webmasters/crawler)"
57.141.20.44 - - [16/Apr/2026:07:39:17 +0300] "GET /shop/g/g91982541989/ HTTP/1.0" 404 482 "-" "meta-externalagent/1.1 (+https://developers.facebook.com/docs/sharing/webmasters/crawler)"
92.242.60.14 - - [16/Apr/2026:07:39:34 +0300] "GET / HTTP/1.0" 200 954 "-" "https://reg.ru monitoring abuse@reg.ru"
57.141.20.42 - - [16/Apr/2026:07:39:40 +0300] "GET /shop/g/g919777125478/ HTTP/1.0" 404 483 "-" "meta-externalagent/1.1 (+https://developers.facebook.com/docs/sharing/webmasters/crawler)"
57.141.20.14 - - [16/Apr/2026:07:40:02 +0300] "GET /shop/g/g919472595512/ HTTP/1.0" 404 483 "-" "meta-externalagent/1.1 (+https://developers.facebook.com/docs/sharing/webmasters/crawler)"
57.141.20.53 - - [16/Apr/2026:07:40:24 +0300] "GET /shop/g/g919378111542/ HTTP/1.0" 404 483 "-" "meta-externalagent/1.1 (+https://developers.facebook.com/docs/sharing/webmasters/crawler)"
57.141.20.62 - - [16/Apr/2026:07:40:46 +0300] "GET /shop/g/g91954393508/ HTTP/1.0" 404 482 "-" "meta-externalagent/1.1 (+https://developers.facebook.com/docs/sharing/webmasters/crawler)"
57.141.20.4 - - [16/Apr/2026:07:41:09 +0300] "GET /shop/g/g91954410793/ HTTP/1.0" 404 482 "-" "meta-externalagent/1.1 (+https://developers.facebook.com/docs/sharing/webmasters/crawler)"
57.141.20.27 - - [16/Apr/2026:07:41:30 +0300] "GET /shop/g/g919573368325/ HTTP/1.0" 404 483 "-" "meta-externalagent/1.1 (+https://developers.facebook.com/docs/sharing/webmasters/crawler)"
57.141.20.26 - - [16/Apr/2026:07:41:53 +0300] "GET /shop/g/g919573406363/ HTTP/1.0" 404 483 "-" "meta-externalagent/1.1 (+https://developers.facebook.com/docs/sharing/webmasters/crawler)"
89.111.141.101 - - [16/Apr/2026:07:42:10 +0300] "GET / HTTP/1.0" 200 954 "-" "https://reg.ru monitoring abuse@reg.ru"
89.111.170.8 - - [16/Apr/2026:07:42:10 +0300] "GET / HTTP/1.0" 200 954 "-" "https://reg.ru monitoring abuse@reg.ru"
57.141.20.47 - - [16/Apr/2026:07:42:15 +0300] "GET /shop/g/g91961804574/ HTTP/1.0" 404 482 "-" "meta-externalagent/1.1 (+https://developers.facebook.com/docs/sharing/webmasters/crawler)"
57.141.20.7 - - [16/Apr/2026:07:42:37 +0300] "GET /shop/g/g91951442713/ HTTP/1.0" 404 482 "-" "meta-externalagent/1.1 (+https://developers.facebook.com/docs/sharing/webmasters/crawler)"
57.141.20.31 - - [16/Apr/2026:07:43:00 +0300] "GET /shop/g/g91961635053/ HTTP/1.0" 404 482 "-" "meta-externalagent/1.1 (+https://developers.facebook.com/docs/sharing/webmasters/crawler)"
57.141.20.6 - - [16/Apr/2026:07:43:22 +0300] "GET /shop/g/g919774072133/ HTTP/1.0" 404 483 "-" "meta-externalagent/1.1 (+https://developers.facebook.com/docs/sharing/webmasters/crawler)"
57.141.20.12 - - [16/Apr/2026:07:43:44 +0300] "GET /shop/g/g919375162035/ HTTP/1.0" 404 483 "-" "meta-externalagent/1.1 (+https://developers.facebook.com/docs/sharing/webmasters/crawler)"
57.141.20.25 - - [16/Apr/2026:07:44:07 +0300] "GET /shop/g/g919469665458/ HTTP/1.0" 404 483 "-" "meta-externalagent/1.1 (+https://developers.facebook.com/docs/sharing/webmasters/crawler)"
57.141.20.60 - - [16/Apr/2026:07:44:29 +0300] "GET /shop/g/g919475827573/ HTTP/1.0" 404 483 "-" "meta-externalagent/1.1 (+https://developers.facebook.com/docs/sharing/webmasters/crawler)"
92.242.60.14 - - [16/Apr/2026:07:44:42 +0300] "GET / HTTP/1.0" 200 954 "-" "https://reg.ru monitoring abuse@reg.ru"
57.141.20.52 - - [16/Apr/2026:07:44:51 +0300] "GET /shop/g/g919573400902/ HTTP/1.0" 404 483 "-" "meta-externalagent/1.1 (+https://developers.facebook.com/docs/sharing/webmasters/crawler)"
57.141.20.38 - - [16/Apr/2026:07:45:13 +0300] "GET /shop/g/g919777145175/ HTTP/1.0" 404 483 "-" "meta-externalagent/1.1 (+https://developers.facebook.com/docs/sharing/webmasters/crawler)"
57.141.20.8 - - [16/Apr/2026:07:45:35 +0300] "GET /shop/g/g91972359608/ HTTP/1.0" 404 482 "-" "meta-externalagent/1.1 (+https://developers.facebook.com/docs/sharing/webmasters/crawler)"
57.141.20.49 - - [16/Apr/2026:07:45:58 +0300] "GET /shop/g/g91951124846/ HTTP/1.0" 404 482 "-" "meta-externalagent/1.1 (+https://developers.facebook.com/docs/sharing/webmasters/crawler)"
57.141.20.51 - - [16/Apr/2026:07:46:19 +0300] "GET /shop/g/g919369355003/ HTTP/1.0" 404 483 "-" "meta-externalagent/1.1 (+https://developers.facebook.com/docs/sharing/webmasters/crawler)"
57.141.20.0 - - [16/Apr/2026:07:46:42 +0300] "GET /shop/g/g919670696403/ HTTP/1.0" 404 483 "-" "meta-externalagent/1.1 (+https://developers.facebook.com/docs/sharing/webmasters/crawler)"
