94.154.35.236 - - [14/Apr/2026:03:55:01 +0300] "HEAD /admin.7z HTTP/1.0" 404 294 "-" "Mozilla/5.0 (Windows NT 10.0; Win64; x64) AppleWebKit/537.36 (KHTML, like Gecko) Chrome/101.0.4951.67 Safari/537.36"
85.208.96.200 - - [14/Apr/2026:03:55:45 +0300] "GET /info/O021014959096 HTTP/1.0" 404 3327 "-" "Mozilla/5.0 (compatible; SemrushBot/7~bl; +http://www.semrush.com/bot.html)"
148.113.128.224 - - [14/Apr/2026:03:56:27 +0300] "GET /info/O022595818869 HTTP/1.0" 404 3327 "-" "Mozilla/5.0 (compatible; AhrefsBot/7.0; +http://ahrefs.com/robot/)"
85.208.96.200 - - [14/Apr/2026:03:58:38 +0300] "GET /info/O022093823212 HTTP/1.0" 404 3327 "-" "Mozilla/5.0 (compatible; SemrushBot/7~bl; +http://www.semrush.com/bot.html)"
54.39.89.212 - - [14/Apr/2026:03:59:22 +0300] "GET /info/O022549832514 HTTP/1.0" 404 3327 "-" "Mozilla/5.0 (compatible; AhrefsBot/7.0; +http://ahrefs.com/robot/)"
34.226.89.140 - - [14/Apr/2026:04:00:25 +0300] "GET /avtorizatsiya HTTP/1.1" 301 196 "-" "Mozilla/5.0 AppleWebKit/537.36 (KHTML, like Gecko; compatible; Amazonbot/0.1; +https://developer.amazon.com/support/amazonbot) Chrome/119.0.6045.214 Safari/537.36"
34.226.89.140 - - [14/Apr/2026:04:00:26 +0300] "GET /avtorizatsiya HTTP/1.0" 200 10761 "-" "Mozilla/5.0 AppleWebKit/537.36 (KHTML, like Gecko; compatible; Amazonbot/0.1; +https://developer.amazon.com/support/amazonbot) Chrome/119.0.6045.214 Safari/537.36"
185.191.171.13 - - [14/Apr/2026:04:01:29 +0300] "GET /info/O021851262560 HTTP/1.0" 404 3327 "-" "Mozilla/5.0 (compatible; SemrushBot/7~bl; +http://www.semrush.com/bot.html)"
51.222.168.170 - - [14/Apr/2026:04:02:24 +0300] "GET /info/O022543868088 HTTP/1.0" 404 3327 "-" "Mozilla/5.0 (compatible; AhrefsBot/7.0; +http://ahrefs.com/robot/)"
85.208.96.206 - - [14/Apr/2026:04:02:26 +0300] "GET /info/O021239911413 HTTP/1.0" 404 3327 "-" "Mozilla/5.0 (compatible; SemrushBot/7~bl; +http://www.semrush.com/bot.html)"
85.208.96.197 - - [14/Apr/2026:04:03:08 +0300] "GET /info/O022104539933 HTTP/1.0" 404 3327 "-" "Mozilla/5.0 (compatible; SemrushBot/7~bl; +http://www.semrush.com/bot.html)"
85.208.96.208 - - [14/Apr/2026:04:03:20 +0300] "GET /info/O021293041912 HTTP/1.0" 404 3327 "-" "Mozilla/5.0 (compatible; SemrushBot/7~bl; +http://www.semrush.com/bot.html)"
51.222.95.64 - - [14/Apr/2026:04:05:12 +0300] "GET /info/O022501636145 HTTP/1.0" 404 3327 "-" "Mozilla/5.0 (compatible; AhrefsBot/7.0; +http://ahrefs.com/robot/)"
185.191.171.16 - - [14/Apr/2026:04:07:00 +0300] "GET /info/O023891943196 HTTP/1.0" 404 3327 "-" "Mozilla/5.0 (compatible; SemrushBot/7~bl; +http://www.semrush.com/bot.html)"
85.208.96.206 - - [14/Apr/2026:04:07:38 +0300] "GET /robots.txt HTTP/1.0" 200 395 "-" "Mozilla/5.0 (compatible; SemrushBot/7~bl; +http://www.semrush.com/bot.html)"
85.208.96.208 - - [14/Apr/2026:04:07:39 +0300] "GET /info/O022898447882 HTTP/1.0" 404 3327 "-" "Mozilla/5.0 (compatible; SemrushBot/7~bl; +http://www.semrush.com/bot.html)"
54.39.89.54 - - [14/Apr/2026:04:08:09 +0300] "GET /info/O022430545626 HTTP/1.0" 404 3327 "-" "Mozilla/5.0 (compatible; AhrefsBot/7.0; +http://ahrefs.com/robot/)"
185.191.171.19 - - [14/Apr/2026:04:09:05 +0300] "GET /info/O024064184017 HTTP/1.0" 404 3327 "-" "Mozilla/5.0 (compatible; SemrushBot/7~bl; +http://www.semrush.com/bot.html)"
185.191.171.8 - - [14/Apr/2026:04:09:56 +0300] "GET /info/O023811511578 HTTP/1.0" 404 3327 "-" "Mozilla/5.0 (compatible; SemrushBot/7~bl; +http://www.semrush.com/bot.html)"
85.208.96.197 - - [14/Apr/2026:04:10:59 +0300] "GET /info/O023847287039 HTTP/1.0" 404 3327 "-" "Mozilla/5.0 (compatible; SemrushBot/7~bl; +http://www.semrush.com/bot.html)"
148.113.128.237 - - [14/Apr/2026:04:11:24 +0300] "GET /info/O022364434661 HTTP/1.0" 404 3327 "-" "Mozilla/5.0 (compatible; AhrefsBot/7.0; +http://ahrefs.com/robot/)"
185.191.171.12 - - [14/Apr/2026:04:12:42 +0300] "GET /info/O022457565947 HTTP/1.0" 404 3327 "-" "Mozilla/5.0 (compatible; SemrushBot/7~bl; +http://www.semrush.com/bot.html)"
85.208.96.212 - - [14/Apr/2026:04:13:08 +0300] "GET /info/O021781384156 HTTP/1.0" 404 3327 "-" "Mozilla/5.0 (compatible; SemrushBot/7~bl; +http://www.semrush.com/bot.html)"
185.191.171.12 - - [14/Apr/2026:04:13:34 +0300] "GET /info/O022649551440 HTTP/1.0" 404 3327 "-" "Mozilla/5.0 (compatible; SemrushBot/7~bl; +http://www.semrush.com/bot.html)"
167.114.139.249 - - [14/Apr/2026:04:14:01 +0300] "GET /info/O022093662567 HTTP/1.0" 404 3327 "-" "Mozilla/5.0 (compatible; AhrefsBot/7.0; +http://ahrefs.com/robot/)"
85.208.96.207 - - [14/Apr/2026:04:14:48 +0300] "GET /info/O022796561488 HTTP/1.0" 404 3327 "-" "Mozilla/5.0 (compatible; SemrushBot/7~bl; +http://www.semrush.com/bot.html)"
185.191.171.5 - - [14/Apr/2026:04:15:17 +0300] "GET /info/O023165703620 HTTP/1.0" 404 3327 "-" "Mozilla/5.0 (compatible; SemrushBot/7~bl; +http://www.semrush.com/bot.html)"
15.235.27.94 - - [14/Apr/2026:04:16:46 +0300] "GET /info/O021997480975 HTTP/1.0" 404 3327 "-" "Mozilla/5.0 (compatible; AhrefsBot/7.0; +http://ahrefs.com/robot/)"
185.191.171.9 - - [14/Apr/2026:04:17:43 +0300] "GET /info/O0212080548 HTTP/1.0" 404 3325 "-" "Mozilla/5.0 (compatible; SemrushBot/7~bl; +http://www.semrush.com/bot.html)"
74.125.151.64 - - [14/Apr/2026:04:17:53 +0300] "GET /katalog/product/view/1/25 HTTP/1.0" 200 11936 "-" "Mozilla/5.0 (X11; Linux x86_64) AppleWebKit/537.36 (KHTML, like Gecko) Chrome/146.0.7680.164 Safari/537.36"
185.191.171.16 - - [14/Apr/2026:04:17:56 +0300] "GET /info/O021506744020 HTTP/1.0" 404 3327 "-" "Mozilla/5.0 (compatible; SemrushBot/7~bl; +http://www.semrush.com/bot.html)"
74.125.151.66 - - [14/Apr/2026:04:18:06 +0300] "GET /components/com_jshopping/css/default.css HTTP/1.1" 200 25555 "https://germetikprof.ru/katalog/product/view/1/25" "Mozilla/5.0 (X11; Linux x86_64) AppleWebKit/537.36 (KHTML, like Gecko) Chrome/146.0.7680.164 Safari/537.36"
74.125.151.64 - - [14/Apr/2026:04:18:17 +0300] "GET /templates/shaper_helix3/css/frontend-edit.css HTTP/1.1" 200 2912 "https://germetikprof.ru/katalog/product/view/1/25" "Mozilla/5.0 (X11; Linux x86_64) AppleWebKit/537.36 (KHTML, like Gecko) Chrome/146.0.7680.164 Safari/537.36"
74.125.151.64 - - [14/Apr/2026:04:18:27 +0300] "GET /components/com_jshopping/css/jquery.lightbox.css HTTP/1.1" 200 2421 "https://germetikprof.ru/katalog/product/view/1/25" "Mozilla/5.0 (X11; Linux x86_64) AppleWebKit/537.36 (KHTML, like Gecko) Chrome/146.0.7680.164 Safari/537.36"
74.125.151.64 - - [14/Apr/2026:04:18:38 +0300] "GET /media/mod_jcart_ajax/css/default.css HTTP/1.1" 200 6426 "https://germetikprof.ru/katalog/product/view/1/25" "Mozilla/5.0 (X11; Linux x86_64) AppleWebKit/537.36 (KHTML, like Gecko) Chrome/146.0.7680.164 Safari/537.36"
85.208.96.199 - - [14/Apr/2026:04:18:42 +0300] "GET /info/O021709913715 HTTP/1.0" 404 3327 "-" "Mozilla/5.0 (compatible; SemrushBot/7~bl; +http://www.semrush.com/bot.html)"
74.125.151.64 - - [14/Apr/2026:04:18:50 +0300] "GET /modules/mod_gruemenu/css/styles.css HTTP/1.1" 200 4545 "https://germetikprof.ru/katalog/product/view/1/25" "Mozilla/5.0 (X11; Linux x86_64) AppleWebKit/537.36 (KHTML, like Gecko) Chrome/146.0.7680.164 Safari/537.36"
74.125.151.64 - - [14/Apr/2026:04:19:02 +0300] "GET /templates/shaper_helix3/css/font-awesome.min.css HTTP/1.1" 200 31000 "https://germetikprof.ru/katalog/product/view/1/25" "Mozilla/5.0 (X11; Linux x86_64) AppleWebKit/537.36 (KHTML, like Gecko) Chrome/146.0.7680.164 Safari/537.36"
85.208.96.205 - - [14/Apr/2026:04:19:06 +0300] "GET /info/O02654503307 HTTP/1.0" 404 3326 "-" "Mozilla/5.0 (compatible; SemrushBot/7~bl; +http://www.semrush.com/bot.html)"
74.125.151.64 - - [14/Apr/2026:04:19:15 +0300] "GET /templates/shaper_helix3/css/template.css HTTP/1.1" 200 76424 "https://germetikprof.ru/katalog/product/view/1/25" "Mozilla/5.0 (X11; Linux x86_64) AppleWebKit/537.36 (KHTML, like Gecko) Chrome/146.0.7680.164 Safari/537.36"
74.125.151.64 - - [14/Apr/2026:04:19:27 +0300] "GET /templates/shaper_helix3/css/presets/preset4.css HTTP/1.1" 200 2159 "https://germetikprof.ru/katalog/product/view/1/25" "Mozilla/5.0 (X11; Linux x86_64) AppleWebKit/537.36 (KHTML, like Gecko) Chrome/146.0.7680.164 Safari/537.36"
51.161.65.190 - - [14/Apr/2026:04:19:26 +0300] "GET /info/O021900906418 HTTP/1.0" 404 3327 "-" "Mozilla/5.0 (compatible; AhrefsBot/7.0; +http://ahrefs.com/robot/)"
85.208.96.193 - - [14/Apr/2026:04:19:43 +0300] "GET /info/O021553121141 HTTP/1.0" 404 3327 "-" "Mozilla/5.0 (compatible; SemrushBot/7~bl; +http://www.semrush.com/bot.html)"
74.125.151.64 - - [14/Apr/2026:04:19:51 +0300] "GET /components/com_sppagebuilder/assets/css/magnific-popup.css HTTP/1.1" 200 5920 "https://germetikprof.ru/katalog/product/view/1/25" "Mozilla/5.0 (X11; Linux x86_64) AppleWebKit/537.36 (KHTML, like Gecko) Chrome/146.0.7680.164 Safari/537.36"
74.125.151.64 - - [14/Apr/2026:04:20:03 +0300] "GET /components/com_jshopping/images/search.png HTTP/1.1" 200 491 "https://germetikprof.ru/katalog/product/view/1/25" "Mozilla/5.0 (X11; Linux x86_64) AppleWebKit/537.36 (KHTML, like Gecko) Chrome/146.0.7680.164 Safari/537.36"
74.125.151.64 - - [14/Apr/2026:04:20:15 +0300] "GET /components/com_jshopping/files/img_products/0Y9A0655-PhotoRoompn.png.webp HTTP/1.0" 200 57771 "https://germetikprof.ru/katalog/product/view/1/25" "Mozilla/5.0 (X11; Linux x86_64) AppleWebKit/537.36 (KHTML, like Gecko) Chrome/146.0.7680.164 Safari/537.36"
94.154.35.236 - - [14/Apr/2026:04:22:06 +0300] "HEAD /blog.tar.gz HTTP/1.1" 301 0 "-" "Mozilla/5.0 (Windows NT 10.0; Win64; x64) AppleWebKit/537.36 (KHTML, like Gecko) Chrome/101.0.4951.67 Safari/537.36"
94.154.35.236 - - [14/Apr/2026:04:22:06 +0300] "HEAD /blog.tar.gz HTTP/1.0" 404 294 "-" "Mozilla/5.0 (Windows NT 10.0; Win64; x64) AppleWebKit/537.36 (KHTML, like Gecko) Chrome/101.0.4951.67 Safari/537.36"
51.161.37.157 - - [14/Apr/2026:04:22:08 +0300] "GET /info/O021853526129 HTTP/1.0" 404 3327 "-" "Mozilla/5.0 (compatible; AhrefsBot/7.0; +http://ahrefs.com/robot/)"
85.208.96.211 - - [14/Apr/2026:04:22:20 +0300] "GET /info/O02690147594 HTTP/1.0" 404 3326 "-" "Mozilla/5.0 (compatible; SemrushBot/7~bl; +http://www.semrush.com/bot.html)"
216.244.66.201 - - [14/Apr/2026:04:23:05 +0300] "GET /robots.txt HTTP/1.1" 301 196 "-" "Mozilla/5.0 (compatible; DotBot/1.2; +https://opensiteexplorer.org/dotbot; help@moz.com)"
216.244.66.201 - - [14/Apr/2026:04:23:06 +0300] "GET /robots.txt HTTP/1.0" 200 351 "-" "Mozilla/5.0 (compatible; DotBot/1.2; +https://opensiteexplorer.org/dotbot; help@moz.com)"
185.191.171.16 - - [14/Apr/2026:04:23:10 +0300] "GET /info/O021100285747 HTTP/1.0" 404 3327 "-" "Mozilla/5.0 (compatible; SemrushBot/7~bl; +http://www.semrush.com/bot.html)"
85.208.96.206 - - [14/Apr/2026:04:23:20 +0300] "GET /info/O023959611602 HTTP/1.0" 404 3327 "-" "Mozilla/5.0 (compatible; SemrushBot/7~bl; +http://www.semrush.com/bot.html)"
185.191.171.16 - - [14/Apr/2026:04:23:32 +0300] "GET /info/O02385482255 HTTP/1.0" 404 3326 "-" "Mozilla/5.0 (compatible; SemrushBot/7~bl; +http://www.semrush.com/bot.html)"
51.161.65.119 - - [14/Apr/2026:04:24:44 +0300] "GET /info/O021802723743 HTTP/1.0" 404 3327 "-" "Mozilla/5.0 (compatible; AhrefsBot/7.0; +http://ahrefs.com/robot/)"
185.191.171.15 - - [14/Apr/2026:04:26:08 +0300] "GET /info/O021074196743 HTTP/1.0" 404 3327 "-" "Mozilla/5.0 (compatible; SemrushBot/7~bl; +http://www.semrush.com/bot.html)"
85.208.96.200 - - [14/Apr/2026:04:26:26 +0300] "GET /info/O022115930577 HTTP/1.0" 404 3327 "-" "Mozilla/5.0 (compatible; SemrushBot/7~bl; +http://www.semrush.com/bot.html)"
185.191.171.11 - - [14/Apr/2026:04:27:00 +0300] "GET /info/O02383058041 HTTP/1.0" 404 3326 "-" "Mozilla/5.0 (compatible; SemrushBot/7~bl; +http://www.semrush.com/bot.html)"
148.113.130.57 - - [14/Apr/2026:04:27:31 +0300] "GET /info/O021579656665 HTTP/1.0" 404 3327 "-" "Mozilla/5.0 (compatible; AhrefsBot/7.0; +http://ahrefs.com/robot/)"
216.244.66.201 - - [14/Apr/2026:04:28:11 +0300] "GET /images/2019/11/04/img_20190907_162055-02.jpg HTTP/1.1" 200 207343 "-" "Mozilla/5.0 (compatible; DotBot/1.2; +https://opensiteexplorer.org/dotbot; help@moz.com)"
142.44.233.88 - - [14/Apr/2026:04:30:17 +0300] "GET /info/O021530066378 HTTP/1.0" 404 3327 "-" "Mozilla/5.0 (compatible; AhrefsBot/7.0; +http://ahrefs.com/robot/)"
185.191.171.13 - - [14/Apr/2026:04:31:03 +0300] "GET /info/O021825778490 HTTP/1.0" 404 3327 "-" "Mozilla/5.0 (compatible; SemrushBot/7~bl; +http://www.semrush.com/bot.html)"
142.44.220.193 - - [14/Apr/2026:04:33:05 +0300] "GET /info/O021223002895 HTTP/1.0" 404 3327 "-" "Mozilla/5.0 (compatible; AhrefsBot/7.0; +http://ahrefs.com/robot/)"
185.191.171.14 - - [14/Apr/2026:04:33:20 +0300] "GET /info/O023269597440 HTTP/1.0" 404 3327 "-" "Mozilla/5.0 (compatible; SemrushBot/7~bl; +http://www.semrush.com/bot.html)"
185.191.171.12 - - [14/Apr/2026:04:34:16 +0300] "GET /info/O022575084232 HTTP/1.0" 404 3327 "-" "Mozilla/5.0 (compatible; SemrushBot/7~bl; +http://www.semrush.com/bot.html)"
85.208.96.197 - - [14/Apr/2026:04:35:25 +0300] "GET /info/O022671658789 HTTP/1.0" 404 3327 "-" "Mozilla/5.0 (compatible; SemrushBot/7~bl; +http://www.semrush.com/bot.html)"
142.44.228.4 - - [14/Apr/2026:04:35:47 +0300] "GET /info/O021188570675 HTTP/1.0" 404 3327 "-" "Mozilla/5.0 (compatible; AhrefsBot/7.0; +http://ahrefs.com/robot/)"
85.208.96.200 - - [14/Apr/2026:04:37:27 +0300] "GET /info/O021341074758 HTTP/1.0" 404 3327 "-" "Mozilla/5.0 (compatible; SemrushBot/7~bl; +http://www.semrush.com/bot.html)"
54.39.136.188 - - [14/Apr/2026:04:38:29 +0300] "GET /info/O021133015978 HTTP/1.0" 404 3327 "-" "Mozilla/5.0 (compatible; AhrefsBot/7.0; +http://ahrefs.com/robot/)"
85.208.96.196 - - [14/Apr/2026:04:39:59 +0300] "GET /info/O02245856589 HTTP/1.0" 404 3326 "-" "Mozilla/5.0 (compatible; SemrushBot/7~bl; +http://www.semrush.com/bot.html)"
85.208.96.197 - - [14/Apr/2026:04:41:25 +0300] "GET /info/O021171376250 HTTP/1.0" 404 3327 "-" "Mozilla/5.0 (compatible; SemrushBot/7~bl; +http://www.semrush.com/bot.html)"
185.191.171.14 - - [14/Apr/2026:04:41:36 +0300] "GET /info/O02710879337 HTTP/1.0" 404 3326 "-" "Mozilla/5.0 (compatible; SemrushBot/7~bl; +http://www.semrush.com/bot.html)"
15.235.27.166 - - [14/Apr/2026:04:42:26 +0300] "GET /sitemap_269.xml HTTP/1.0" 200 14342 "-" "Mozilla/5.0 (compatible; AhrefsBot/7.0; +http://ahrefs.com/robot/)"
85.208.96.212 - - [14/Apr/2026:04:43:08 +0300] "GET /info/O02307378766 HTTP/1.0" 404 3326 "-" "Mozilla/5.0 (compatible; SemrushBot/7~bl; +http://www.semrush.com/bot.html)"
85.208.96.197 - - [14/Apr/2026:04:43:19 +0300] "GET /info/O022548781028 HTTP/1.0" 404 3327 "-" "Mozilla/5.0 (compatible; SemrushBot/7~bl; +http://www.semrush.com/bot.html)"
85.208.96.209 - - [14/Apr/2026:04:44:45 +0300] "GET /info/O02852833132 HTTP/1.0" 404 3326 "-" "Mozilla/5.0 (compatible; SemrushBot/7~bl; +http://www.semrush.com/bot.html)"
185.191.171.14 - - [14/Apr/2026:04:44:55 +0300] "GET /info/O021989676127 HTTP/1.0" 404 3327 "-" "Mozilla/5.0 (compatible; SemrushBot/7~bl; +http://www.semrush.com/bot.html)"
85.208.96.202 - - [14/Apr/2026:04:46:23 +0300] "GET /info/O022642538438 HTTP/1.0" 404 3327 "-" "Mozilla/5.0 (compatible; SemrushBot/7~bl; +http://www.semrush.com/bot.html)"
54.39.136.64 - - [14/Apr/2026:04:46:29 +0300] "GET /sitemap_226.xml HTTP/1.0" 200 14340 "-" "Mozilla/5.0 (compatible; AhrefsBot/7.0; +http://ahrefs.com/robot/)"
85.208.96.207 - - [14/Apr/2026:04:46:35 +0300] "GET /info/O022405778689 HTTP/1.0" 404 3327 "-" "Mozilla/5.0 (compatible; SemrushBot/7~bl; +http://www.semrush.com/bot.html)"
85.208.96.208 - - [14/Apr/2026:04:47:07 +0300] "GET /info/O02817614159 HTTP/1.0" 404 3326 "-" "Mozilla/5.0 (compatible; SemrushBot/7~bl; +http://www.semrush.com/bot.html)"
85.208.96.197 - - [14/Apr/2026:04:47:43 +0300] "GET /info/O021796919946 HTTP/1.0" 404 3327 "-" "Mozilla/5.0 (compatible; SemrushBot/7~bl; +http://www.semrush.com/bot.html)"
185.191.171.4 - - [14/Apr/2026:04:48:55 +0300] "GET /info/O022114718478 HTTP/1.0" 404 3327 "-" "Mozilla/5.0 (compatible; SemrushBot/7~bl; +http://www.semrush.com/bot.html)"
185.191.171.16 - - [14/Apr/2026:04:49:02 +0300] "GET /info/O02893293434 HTTP/1.0" 404 3326 "-" "Mozilla/5.0 (compatible; SemrushBot/7~bl; +http://www.semrush.com/bot.html)"
94.154.35.236 - - [14/Apr/2026:04:49:11 +0300] "HEAD /blog.zip HTTP/1.1" 301 0 "-" "Mozilla/5.0 (Windows NT 10.0; Win64; x64) AppleWebKit/537.36 (KHTML, like Gecko) Chrome/101.0.4951.67 Safari/537.36"
94.154.35.236 - - [14/Apr/2026:04:49:11 +0300] "HEAD /blog.zip HTTP/1.0" 404 294 "-" "Mozilla/5.0 (Windows NT 10.0; Win64; x64) AppleWebKit/537.36 (KHTML, like Gecko) Chrome/101.0.4951.67 Safari/537.36"
54.39.136.19 - - [14/Apr/2026:04:50:03 +0300] "GET /info/O02427719307 HTTP/1.0" 404 3326 "-" "Mozilla/5.0 (compatible; AhrefsBot/7.0; +http://ahrefs.com/robot/)"
45.227.253.15 - - [14/Apr/2026:04:50:27 +0300] "GET /?of=1 HTTP/1.0" 200 10306 "-" "Mozilla/5.0 (Macintosh; Intel Mac OS X 10.14; rv:103.0) Gecko/20100101 Firefox/103.0"
185.191.171.10 - - [14/Apr/2026:04:50:31 +0300] "GET /info/O023569877363 HTTP/1.0" 404 3327 "-" "Mozilla/5.0 (compatible; SemrushBot/7~bl; +http://www.semrush.com/bot.html)"
85.208.96.206 - - [14/Apr/2026:04:51:03 +0300] "GET /info/O022745759102 HTTP/1.0" 404 3327 "-" "Mozilla/5.0 (compatible; SemrushBot/7~bl; +http://www.semrush.com/bot.html)"
85.208.96.201 - - [14/Apr/2026:04:52:42 +0300] "GET /info/O023880177899 HTTP/1.0" 404 3327 "-" "Mozilla/5.0 (compatible; SemrushBot/7~bl; +http://www.semrush.com/bot.html)"
167.114.139.154 - - [14/Apr/2026:04:53:21 +0300] "GET /info/O024131477578 HTTP/1.0" 404 3327 "-" "Mozilla/5.0 (compatible; AhrefsBot/7.0; +http://ahrefs.com/robot/)"
185.191.171.11 - - [14/Apr/2026:04:53:48 +0300] "GET /info/O024079719823 HTTP/1.0" 404 3327 "-" "Mozilla/5.0 (compatible; SemrushBot/7~bl; +http://www.semrush.com/bot.html)"
185.191.171.11 - - [14/Apr/2026:04:54:02 +0300] "GET /info/O023053215550 HTTP/1.0" 404 3327 "-" "Mozilla/5.0 (compatible; SemrushBot/7~bl; +http://www.semrush.com/bot.html)"
85.208.96.210 - - [14/Apr/2026:04:55:09 +0300] "GET /info/O023374956624 HTTP/1.0" 404 3327 "-" "Mozilla/5.0 (compatible; SemrushBot/7~bl; +http://www.semrush.com/bot.html)"
85.208.96.195 - - [14/Apr/2026:04:56:41 +0300] "GET /info/O022675199001 HTTP/1.0" 404 3327 "-" "Mozilla/5.0 (compatible; SemrushBot/7~bl; +http://www.semrush.com/bot.html)"
54.39.136.149 - - [14/Apr/2026:04:56:51 +0300] "GET /info/O023851715198 HTTP/1.0" 404 3327 "-" "Mozilla/5.0 (compatible; AhrefsBot/7.0; +http://ahrefs.com/robot/)"
85.208.96.212 - - [14/Apr/2026:04:57:19 +0300] "GET /info/O02347839084 HTTP/1.0" 404 3326 "-" "Mozilla/5.0 (compatible; SemrushBot/7~bl; +http://www.semrush.com/bot.html)"
85.208.96.196 - - [14/Apr/2026:04:59:46 +0300] "GET /info/O024117919450 HTTP/1.0" 404 3327 "-" "Mozilla/5.0 (compatible; SemrushBot/7~bl; +http://www.semrush.com/bot.html)"
85.208.96.194 - - [14/Apr/2026:04:59:52 +0300] "GET /info/O02637755386 HTTP/1.0" 404 3326 "-" "Mozilla/5.0 (compatible; SemrushBot/7~bl; +http://www.semrush.com/bot.html)"
185.191.171.14 - - [14/Apr/2026:05:00:06 +0300] "GET /info/O021136716819 HTTP/1.0" 404 3327 "-" "Mozilla/5.0 (compatible; SemrushBot/7~bl; +http://www.semrush.com/bot.html)"
54.39.0.176 - - [14/Apr/2026:05:00:10 +0300] "GET /info/O023722060204 HTTP/1.0" 404 3327 "-" "Mozilla/5.0 (compatible; AhrefsBot/7.0; +http://ahrefs.com/robot/)"
185.191.171.4 - - [14/Apr/2026:05:01:04 +0300] "GET /info/O02493169552 HTTP/1.0" 404 3326 "-" "Mozilla/5.0 (compatible; SemrushBot/7~bl; +http://www.semrush.com/bot.html)"
85.208.96.202 - - [14/Apr/2026:05:01:33 +0300] "GET /info/O023069522028 HTTP/1.0" 404 3327 "-" "Mozilla/5.0 (compatible; SemrushBot/7~bl; +http://www.semrush.com/bot.html)"
85.208.96.198 - - [14/Apr/2026:05:01:45 +0300] "GET /info/O021799344160 HTTP/1.0" 404 3327 "-" "Mozilla/5.0 (compatible; SemrushBot/7~bl; +http://www.semrush.com/bot.html)"
185.191.171.18 - - [14/Apr/2026:05:01:53 +0300] "GET /info/O024150810310 HTTP/1.0" 404 3327 "-" "Mozilla/5.0 (compatible; SemrushBot/7~bl; +http://www.semrush.com/bot.html)"
85.208.96.200 - - [14/Apr/2026:05:02:00 +0300] "GET /info/O022946480728 HTTP/1.0" 404 3327 "-" "Mozilla/5.0 (compatible; SemrushBot/7~bl; +http://www.semrush.com/bot.html)"
148.113.130.185 - - [14/Apr/2026:05:03:16 +0300] "GET /info/O023131932136 HTTP/1.0" 404 3327 "-" "Mozilla/5.0 (compatible; AhrefsBot/7.0; +http://ahrefs.com/robot/)"
185.191.171.19 - - [14/Apr/2026:05:03:24 +0300] "GET /info/O021911783752 HTTP/1.0" 404 3327 "-" "Mozilla/5.0 (compatible; SemrushBot/7~bl; +http://www.semrush.com/bot.html)"
85.208.96.199 - - [14/Apr/2026:05:03:31 +0300] "GET /info/O02546981716 HTTP/1.0" 404 3326 "-" "Mozilla/5.0 (compatible; SemrushBot/7~bl; +http://www.semrush.com/bot.html)"
185.191.171.10 - - [14/Apr/2026:05:03:49 +0300] "GET /info/O023647753625 HTTP/1.0" 404 3327 "-" "Mozilla/5.0 (compatible; SemrushBot/7~bl; +http://www.semrush.com/bot.html)"
185.191.171.18 - - [14/Apr/2026:05:05:17 +0300] "GET /info/O021561086618 HTTP/1.0" 404 3327 "-" "Mozilla/5.0 (compatible; SemrushBot/7~bl; +http://www.semrush.com/bot.html)"
85.208.96.209 - - [14/Apr/2026:05:06:03 +0300] "GET /info/O02980463188 HTTP/1.0" 404 3326 "-" "Mozilla/5.0 (compatible; SemrushBot/7~bl; +http://www.semrush.com/bot.html)"
167.114.139.140 - - [14/Apr/2026:05:06:18 +0300] "GET /info/O022783634593 HTTP/1.0" 404 3327 "-" "Mozilla/5.0 (compatible; AhrefsBot/7.0; +http://ahrefs.com/robot/)"
23.178.112.213 - - [14/Apr/2026:05:07:43 +0300] "GET /.well-known/acme-challenge/ux0qtqzlMhljo_QN8PGdct-xgVVia2_i2K0_qD-7psk HTTP/1.1" 301 196 "-" "Mozilla/5.0 (compatible; Let's Encrypt validation server; +https://www.letsencrypt.org)"
23.178.112.213 - - [14/Apr/2026:05:07:44 +0300] "GET /.well-known/acme-challenge/ux0qtqzlMhljo_QN8PGdct-xgVVia2_i2K0_qD-7psk HTTP/1.1" 200 87 "http://germetikprof.ru/.well-known/acme-challenge/ux0qtqzlMhljo_QN8PGdct-xgVVia2_i2K0_qD-7psk" "Mozilla/5.0 (compatible; Let's Encrypt validation server; +https://www.letsencrypt.org)"
13.49.70.96 - - [14/Apr/2026:05:07:45 +0300] "GET /.well-known/acme-challenge/ux0qtqzlMhljo_QN8PGdct-xgVVia2_i2K0_qD-7psk HTTP/1.1" 301 196 "-" "Mozilla/5.0 (compatible; Let's Encrypt validation server; +https://www.letsencrypt.org)"
13.49.70.96 - - [14/Apr/2026:05:07:45 +0300] "GET /.well-known/acme-challenge/ux0qtqzlMhljo_QN8PGdct-xgVVia2_i2K0_qD-7psk HTTP/1.1" 200 87 "http://germetikprof.ru/.well-known/acme-challenge/ux0qtqzlMhljo_QN8PGdct-xgVVia2_i2K0_qD-7psk" "Mozilla/5.0 (compatible; Let's Encrypt validation server; +https://www.letsencrypt.org)"
18.188.255.61 - - [14/Apr/2026:05:07:45 +0300] "GET /.well-known/acme-challenge/ux0qtqzlMhljo_QN8PGdct-xgVVia2_i2K0_qD-7psk HTTP/1.1" 301 196 "-" "Mozilla/5.0 (compatible; Let's Encrypt validation server; +https://www.letsencrypt.org)"
13.229.147.67 - - [14/Apr/2026:05:07:45 +0300] "GET /.well-known/acme-challenge/ux0qtqzlMhljo_QN8PGdct-xgVVia2_i2K0_qD-7psk HTTP/1.1" 301 196 "-" "Mozilla/5.0 (compatible; Let's Encrypt validation server; +https://www.letsencrypt.org)"
35.89.91.218 - - [14/Apr/2026:05:07:45 +0300] "GET /.well-known/acme-challenge/ux0qtqzlMhljo_QN8PGdct-xgVVia2_i2K0_qD-7psk HTTP/1.1" 301 196 "-" "Mozilla/5.0 (compatible; Let's Encrypt validation server; +https://www.letsencrypt.org)"
18.188.255.61 - - [14/Apr/2026:05:07:45 +0300] "GET /.well-known/acme-challenge/ux0qtqzlMhljo_QN8PGdct-xgVVia2_i2K0_qD-7psk HTTP/1.1" 200 87 "http://germetikprof.ru/.well-known/acme-challenge/ux0qtqzlMhljo_QN8PGdct-xgVVia2_i2K0_qD-7psk" "Mozilla/5.0 (compatible; Let's Encrypt validation server; +https://www.letsencrypt.org)"
35.89.91.218 - - [14/Apr/2026:05:07:46 +0300] "GET /.well-known/acme-challenge/ux0qtqzlMhljo_QN8PGdct-xgVVia2_i2K0_qD-7psk HTTP/1.1" 200 87 "http://germetikprof.ru/.well-known/acme-challenge/ux0qtqzlMhljo_QN8PGdct-xgVVia2_i2K0_qD-7psk" "Mozilla/5.0 (compatible; Let's Encrypt validation server; +https://www.letsencrypt.org)"
13.229.147.67 - - [14/Apr/2026:05:07:46 +0300] "GET /.well-known/acme-challenge/ux0qtqzlMhljo_QN8PGdct-xgVVia2_i2K0_qD-7psk HTTP/1.1" 200 87 "http://germetikprof.ru/.well-known/acme-challenge/ux0qtqzlMhljo_QN8PGdct-xgVVia2_i2K0_qD-7psk" "Mozilla/5.0 (compatible; Let's Encrypt validation server; +https://www.letsencrypt.org)"
85.208.96.204 - - [14/Apr/2026:05:07:50 +0300] "GET /robots.txt HTTP/1.0" 200 395 "-" "Mozilla/5.0 (compatible; SemrushBot/7~bl; +http://www.semrush.com/bot.html)"
216.244.66.201 - - [14/Apr/2026:05:07:52 +0300] "GET /robots.txt HTTP/1.1" 301 196 "-" "Mozilla/5.0 (compatible; DotBot/1.2; +https://opensiteexplorer.org/dotbot; help@moz.com)"
216.244.66.201 - - [14/Apr/2026:05:07:53 +0300] "GET /robots.txt HTTP/1.0" 200 351 "-" "Mozilla/5.0 (compatible; DotBot/1.2; +https://opensiteexplorer.org/dotbot; help@moz.com)"
185.191.171.12 - - [14/Apr/2026:05:07:51 +0300] "GET /info/O021363741681 HTTP/1.0" 404 3327 "-" "Mozilla/5.0 (compatible; SemrushBot/7~bl; +http://www.semrush.com/bot.html)"
23.178.112.106 - - [14/Apr/2026:05:07:58 +0300] "GET /.well-known/acme-challenge/XwIzDquIK__VqURb43fjjRhHDWqqyqMbHwOjkF1osnM HTTP/1.1" 301 196 "-" "Mozilla/5.0 (compatible; Let's Encrypt validation server; +https://www.letsencrypt.org)"
23.178.112.106 - - [14/Apr/2026:05:07:59 +0300] "GET /.well-known/acme-challenge/XwIzDquIK__VqURb43fjjRhHDWqqyqMbHwOjkF1osnM HTTP/1.1" 200 87 "http://www.germetikprof.ru/.well-known/acme-challenge/XwIzDquIK__VqURb43fjjRhHDWqqyqMbHwOjkF1osnM" "Mozilla/5.0 (compatible; Let's Encrypt validation server; +https://www.letsencrypt.org)"
13.50.240.3 - - [14/Apr/2026:05:07:59 +0300] "GET /.well-known/acme-challenge/XwIzDquIK__VqURb43fjjRhHDWqqyqMbHwOjkF1osnM HTTP/1.1" 301 196 "-" "Mozilla/5.0 (compatible; Let's Encrypt validation server; +https://www.letsencrypt.org)"
13.50.240.3 - - [14/Apr/2026:05:07:59 +0300] "GET /.well-known/acme-challenge/XwIzDquIK__VqURb43fjjRhHDWqqyqMbHwOjkF1osnM HTTP/1.1" 200 87 "http://www.germetikprof.ru/.well-known/acme-challenge/XwIzDquIK__VqURb43fjjRhHDWqqyqMbHwOjkF1osnM" "Mozilla/5.0 (compatible; Let's Encrypt validation server; +https://www.letsencrypt.org)"
18.190.238.13 - - [14/Apr/2026:05:08:00 +0300] "GET /.well-known/acme-challenge/XwIzDquIK__VqURb43fjjRhHDWqqyqMbHwOjkF1osnM HTTP/1.1" 301 196 "-" "Mozilla/5.0 (compatible; Let's Encrypt validation server; +https://www.letsencrypt.org)"
18.143.78.23 - - [14/Apr/2026:05:08:00 +0300] "GET /.well-known/acme-challenge/XwIzDquIK__VqURb43fjjRhHDWqqyqMbHwOjkF1osnM HTTP/1.1" 301 196 "-" "Mozilla/5.0 (compatible; Let's Encrypt validation server; +https://www.letsencrypt.org)"
54.191.240.209 - - [14/Apr/2026:05:08:00 +0300] "GET /.well-known/acme-challenge/XwIzDquIK__VqURb43fjjRhHDWqqyqMbHwOjkF1osnM HTTP/1.1" 301 196 "-" "Mozilla/5.0 (compatible; Let's Encrypt validation server; +https://www.letsencrypt.org)"
18.190.238.13 - - [14/Apr/2026:05:08:00 +0300] "GET /.well-known/acme-challenge/XwIzDquIK__VqURb43fjjRhHDWqqyqMbHwOjkF1osnM HTTP/1.1" 200 87 "http://www.germetikprof.ru/.well-known/acme-challenge/XwIzDquIK__VqURb43fjjRhHDWqqyqMbHwOjkF1osnM" "Mozilla/5.0 (compatible; Let's Encrypt validation server; +https://www.letsencrypt.org)"
18.143.78.23 - - [14/Apr/2026:05:08:01 +0300] "GET /.well-known/acme-challenge/XwIzDquIK__VqURb43fjjRhHDWqqyqMbHwOjkF1osnM HTTP/1.1" 200 87 "http://www.germetikprof.ru/.well-known/acme-challenge/XwIzDquIK__VqURb43fjjRhHDWqqyqMbHwOjkF1osnM" "Mozilla/5.0 (compatible; Let's Encrypt validation server; +https://www.letsencrypt.org)"
54.191.240.209 - - [14/Apr/2026:05:08:01 +0300] "GET /.well-known/acme-challenge/XwIzDquIK__VqURb43fjjRhHDWqqyqMbHwOjkF1osnM HTTP/1.1" 200 87 "http://www.germetikprof.ru/.well-known/acme-challenge/XwIzDquIK__VqURb43fjjRhHDWqqyqMbHwOjkF1osnM" "Mozilla/5.0 (compatible; Let's Encrypt validation server; +https://www.letsencrypt.org)"
85.208.96.196 - - [14/Apr/2026:05:08:25 +0300] "GET /info/O023307633544 HTTP/1.0" 404 3327 "-" "Mozilla/5.0 (compatible; SemrushBot/7~bl; +http://www.semrush.com/bot.html)"
85.208.96.193 - - [14/Apr/2026:05:08:32 +0300] "GET /info/O022429657695 HTTP/1.0" 404 3327 "-" "Mozilla/5.0 (compatible; SemrushBot/7~bl; +http://www.semrush.com/bot.html)"
185.191.171.18 - - [14/Apr/2026:05:08:39 +0300] "GET /info/O021677678498 HTTP/1.0" 404 3327 "-" "Mozilla/5.0 (compatible; SemrushBot/7~bl; +http://www.semrush.com/bot.html)"
54.39.136.63 - - [14/Apr/2026:05:08:55 +0300] "GET /info/O022781210395 HTTP/1.0" 404 3327 "-" "Mozilla/5.0 (compatible; AhrefsBot/7.0; +http://ahrefs.com/robot/)"
85.208.96.193 - - [14/Apr/2026:05:09:11 +0300] "GET /info/O02543605027 HTTP/1.0" 404 3326 "-" "Mozilla/5.0 (compatible; SemrushBot/7~bl; +http://www.semrush.com/bot.html)"
85.208.96.200 - - [14/Apr/2026:05:09:18 +0300] "GET /info/O022504124871 HTTP/1.0" 404 3327 "-" "Mozilla/5.0 (compatible; SemrushBot/7~bl; +http://www.semrush.com/bot.html)"
139.59.136.184 - - [14/Apr/2026:05:09:35 +0300] "GET / HTTP/1.1" 301 196 "-" "Mozilla/5.0 (l9scan/2.0.8383e26363e2237313e21333; +https://leakix.net)"
207.154.197.113 - - [14/Apr/2026:05:09:35 +0300] "LEAKIX" 400 173 "-" "-"
138.68.86.32 - - [14/Apr/2026:05:09:35 +0300] "GET / HTTP/1.1" 301 196 "-" "Mozilla/5.0 (l9scan/2.0.8383e26363e2237313e21333; +https://leakix.net)"
157.245.113.227 - - [14/Apr/2026:05:09:36 +0300] "LEAKIX" 400 173 "-" "-"
139.59.136.184 - - [14/Apr/2026:05:09:36 +0300] "GET /console/ HTTP/1.1" 301 196 "-" "Mozilla/5.0 (l9scan/2.0.8383e26363e2237313e21333; +https://leakix.net)"
138.68.86.32 - - [14/Apr/2026:05:09:36 +0300] "GET /console/ HTTP/1.1" 301 196 "-" "Mozilla/5.0 (l9scan/2.0.8383e26363e2237313e21333; +https://leakix.net)"
139.59.136.184 - - [14/Apr/2026:05:09:37 +0300] "GET /server HTTP/1.1" 301 196 "-" "Mozilla/5.0 (l9scan/2.0.8383e26363e2237313e21333; +https://leakix.net)"
138.68.86.32 - - [14/Apr/2026:05:09:37 +0300] "GET /server HTTP/1.1" 301 196 "-" "Mozilla/5.0 (l9scan/2.0.8383e26363e2237313e21333; +https://leakix.net)"
139.59.136.184 - - [14/Apr/2026:05:09:38 +0300] "GET /server-status HTTP/1.1" 301 196 "-" "Mozilla/5.0 (l9scan/2.0.8383e26363e2237313e21333; +https://leakix.net)"
138.68.86.32 - - [14/Apr/2026:05:09:38 +0300] "GET /server-status HTTP/1.1" 301 196 "-" "Mozilla/5.0 (l9scan/2.0.8383e26363e2237313e21333; +https://leakix.net)"
207.154.197.113 - - [14/Apr/2026:05:09:35 +0300] "GET / HTTP/1.0" 200 131206 "-" "Mozilla/5.0 (l9scan/2.0.8383e26363e2237313e21333; +https://leakix.net)"
157.245.113.227 - - [14/Apr/2026:05:09:36 +0300] "GET / HTTP/1.0" 200 131134 "-" "Mozilla/5.0 (l9scan/2.0.8383e26363e2237313e21333; +https://leakix.net)"
139.59.136.184 - - [14/Apr/2026:05:09:40 +0300] "GET /about HTTP/1.1" 301 196 "-" "Mozilla/5.0 (l9scan/2.0.8383e26363e2237313e21333; +https://leakix.net)"
138.68.86.32 - - [14/Apr/2026:05:09:40 +0300] "GET /about HTTP/1.1" 301 196 "-" "Mozilla/5.0 (l9scan/2.0.8383e26363e2237313e21333; +https://leakix.net)"
139.59.136.184 - - [14/Apr/2026:05:09:41 +0300] "GET /login.action HTTP/1.1" 301 196 "-" "Mozilla/5.0 (l9scan/2.0.8383e26363e2237313e21333; +https://leakix.net)"
138.68.86.32 - - [14/Apr/2026:05:09:41 +0300] "GET /login.action HTTP/1.1" 301 196 "-" "Mozilla/5.0 (l9scan/2.0.8383e26363e2237313e21333; +https://leakix.net)"
139.59.136.184 - - [14/Apr/2026:05:09:42 +0300] "GET /v2/_catalog HTTP/1.1" 301 196 "-" "Mozilla/5.0 (l9scan/2.0.8383e26363e2237313e21333; +https://leakix.net)"
138.68.86.32 - - [14/Apr/2026:05:09:42 +0300] "GET /v2/_catalog HTTP/1.1" 301 196 "-" "Mozilla/5.0 (l9scan/2.0.8383e26363e2237313e21333; +https://leakix.net)"
139.59.136.184 - - [14/Apr/2026:05:09:42 +0300] "GET /.DS_Store HTTP/1.1" 301 196 "-" "Mozilla/5.0 (l9scan/2.0.8383e26363e2237313e21333; +https://leakix.net)"
138.68.86.32 - - [14/Apr/2026:05:09:42 +0300] "GET /.DS_Store HTTP/1.1" 301 196 "-" "Mozilla/5.0 (l9scan/2.0.8383e26363e2237313e21333; +https://leakix.net)"
157.245.113.227 - - [14/Apr/2026:05:09:40 +0300] "GET /console/ HTTP/1.0" 404 3317 "-" "Mozilla/5.0 (l9scan/2.0.8383e26363e2237313e21333; +https://leakix.net)"
139.59.136.184 - - [14/Apr/2026:05:09:43 +0300] "GET /.env HTTP/1.1" 301 196 "-" "Mozilla/5.0 (l9scan/2.0.8383e26363e2237313e21333; +https://leakix.net)"
138.68.86.32 - - [14/Apr/2026:05:09:43 +0300] "GET /.env HTTP/1.1" 301 196 "-" "Mozilla/5.0 (l9scan/2.0.8383e26363e2237313e21333; +https://leakix.net)"
139.59.136.184 - - [14/Apr/2026:05:09:45 +0300] "GET /ecp/Current/exporttool/microsoft.exchange.ediscovery.exporttool.application HTTP/1.1" 301 196 "-" "Mozilla/5.0 (l9scan/2.0.8383e26363e2237313e21333; +https://leakix.net)"
138.68.86.32 - - [14/Apr/2026:05:09:45 +0300] "GET /ecp/Current/exporttool/microsoft.exchange.ediscovery.exporttool.application HTTP/1.1" 301 196 "-" "Mozilla/5.0 (l9scan/2.0.8383e26363e2237313e21333; +https://leakix.net)"
157.245.113.227 - - [14/Apr/2026:05:09:46 +0300] "GET /server-status HTTP/1.0" 403 483 "-" "Mozilla/5.0 (l9scan/2.0.8383e26363e2237313e21333; +https://leakix.net)"
157.245.113.227 - - [14/Apr/2026:05:09:43 +0300] "GET /server HTTP/1.0" 404 3315 "-" "Mozilla/5.0 (l9scan/2.0.8383e26363e2237313e21333; +https://leakix.net)"
139.59.136.184 - - [14/Apr/2026:05:09:47 +0300] "GET /.git/config HTTP/1.1" 301 196 "-" "Mozilla/5.0 (l9scan/2.0.8383e26363e2237313e21333; +https://leakix.net)"
138.68.86.32 - - [14/Apr/2026:05:09:47 +0300] "GET /.git/config HTTP/1.1" 301 196 "-" "Mozilla/5.0 (l9scan/2.0.8383e26363e2237313e21333; +https://leakix.net)"
104.252.191.191 - - [14/Apr/2026:05:09:45 +0300] "GET / HTTP/1.0" 200 19825 "-" "Mozilla/5.0 (Windows NT 10.0; Win64; x64) AppleWebKit/537.36 (KHTML, like Gecko) Chrome/116.0.0.0 Safari/537.36"
104.252.191.118 - - [14/Apr/2026:05:09:45 +0300] "GET / HTTP/1.0" 200 19827 "-" "Mozilla/5.0 (Windows NT 10.0; Win64; x64) AppleWebKit/537.36 (KHTML, like Gecko) Chrome/116.0.0.0 Safari/537.36"
139.59.136.184 - - [14/Apr/2026:05:09:48 +0300] "POST /graphql HTTP/1.1" 301 196 "-" "Mozilla/5.0 (l9scan/2.0.8383e26363e2237313e21333; +https://leakix.net)"
138.68.86.32 - - [14/Apr/2026:05:09:48 +0300] "POST /graphql HTTP/1.1" 301 196 "-" "Mozilla/5.0 (l9scan/2.0.8383e26363e2237313e21333; +https://leakix.net)"
139.59.136.184 - - [14/Apr/2026:05:09:48 +0300] "POST /api HTTP/1.1" 301 196 "-" "Mozilla/5.0 (l9scan/2.0.8383e26363e2237313e21333; +https://leakix.net)"
138.68.86.32 - - [14/Apr/2026:05:09:49 +0300] "POST /api HTTP/1.1" 301 196 "-" "Mozilla/5.0 (l9scan/2.0.8383e26363e2237313e21333; +https://leakix.net)"
139.59.136.184 - - [14/Apr/2026:05:09:49 +0300] "POST /api/graphql HTTP/1.1" 301 196 "-" "Mozilla/5.0 (l9scan/2.0.8383e26363e2237313e21333; +https://leakix.net)"
138.68.86.32 - - [14/Apr/2026:05:09:49 +0300] "POST /api/graphql HTTP/1.1" 301 196 "-" "Mozilla/5.0 (l9scan/2.0.8383e26363e2237313e21333; +https://leakix.net)"
139.59.136.184 - - [14/Apr/2026:05:09:49 +0300] "POST /graphql/api HTTP/1.1" 301 196 "-" "Mozilla/5.0 (l9scan/2.0.8383e26363e2237313e21333; +https://leakix.net)"
138.68.86.32 - - [14/Apr/2026:05:09:49 +0300] "POST /graphql/api HTTP/1.1" 301 196 "-" "Mozilla/5.0 (l9scan/2.0.8383e26363e2237313e21333; +https://leakix.net)"
139.59.136.184 - - [14/Apr/2026:05:09:49 +0300] "POST /api/gql HTTP/1.1" 301 196 "-" "Mozilla/5.0 (l9scan/2.0.8383e26363e2237313e21333; +https://leakix.net)"
138.68.86.32 - - [14/Apr/2026:05:09:49 +0300] "POST /api/gql HTTP/1.1" 301 196 "-" "Mozilla/5.0 (l9scan/2.0.8383e26363e2237313e21333; +https://leakix.net)"
139.59.136.184 - - [14/Apr/2026:05:09:49 +0300] "GET /s/8383e26363e2237313e21333/_/;/META-INF/maven/com.atlassian.jira/jira-webapp-dist/pom.properties HTTP/1.1" 301 196 "-" "Mozilla/5.0 (l9scan/2.0.8383e26363e2237313e21333; +https://leakix.net)"
138.68.86.32 - - [14/Apr/2026:05:09:49 +0300] "GET /s/8383e26363e2237313e21333/_/;/META-INF/maven/com.atlassian.jira/jira-webapp-dist/pom.properties HTTP/1.1" 301 196 "-" "Mozilla/5.0 (l9scan/2.0.8383e26363e2237313e21333; +https://leakix.net)"
157.245.113.227 - - [14/Apr/2026:05:09:47 +0300] "GET /about HTTP/1.0" 404 3314 "-" "Mozilla/5.0 (l9scan/2.0.8383e26363e2237313e21333; +https://leakix.net)"
51.81.245.138 - - [14/Apr/2026:05:09:47 +0300] "GET / HTTP/1.0" 200 19828 "-" "Mozilla/5.0 (Windows NT 10.0; Win64; x64) AppleWebKit/537.36 (KHTML, like Gecko) Chrome/108.0.0.0 Safari/537.36"
139.59.136.184 - - [14/Apr/2026:05:09:50 +0300] "GET /config.json HTTP/1.1" 301 196 "-" "Mozilla/5.0 (l9scan/2.0.8383e26363e2237313e21333; +https://leakix.net)"
138.68.86.32 - - [14/Apr/2026:05:09:50 +0300] "GET /config.json HTTP/1.1" 301 196 "-" "Mozilla/5.0 (l9scan/2.0.8383e26363e2237313e21333; +https://leakix.net)"
139.59.136.184 - - [14/Apr/2026:05:09:52 +0300] "GET /telescope/requests HTTP/1.1" 301 196 "-" "Mozilla/5.0 (l9scan/2.0.8383e26363e2237313e21333; +https://leakix.net)"
138.68.86.32 - - [14/Apr/2026:05:09:52 +0300] "GET /telescope/requests HTTP/1.1" 301 196 "-" "Mozilla/5.0 (l9scan/2.0.8383e26363e2237313e21333; +https://leakix.net)"
139.59.136.184 - - [14/Apr/2026:05:09:52 +0300] "GET /info.php HTTP/1.1" 301 196 "-" "Mozilla/5.0 (l9scan/2.0.8383e26363e2237313e21333; +https://leakix.net)"
138.68.86.32 - - [14/Apr/2026:05:09:52 +0300] "GET /info.php HTTP/1.1" 301 196 "-" "Mozilla/5.0 (l9scan/2.0.8383e26363e2237313e21333; +https://leakix.net)"
157.245.113.227 - - [14/Apr/2026:05:09:50 +0300] "GET /login.action HTTP/1.0" 404 3321 "-" "Mozilla/5.0 (l9scan/2.0.8383e26363e2237313e21333; +https://leakix.net)"
51.81.245.138 - - [14/Apr/2026:05:09:53 +0300] "GET /favicon.ico HTTP/1.0" 404 3320 "-" "python-requests/2.25.1"
139.59.136.184 - - [14/Apr/2026:05:09:53 +0300] "GET /.well-known/security.txt HTTP/1.1" 301 196 "-" "Mozilla/5.0 (l9scan/2.0.8383e26363e2237313e21333; +https://leakix.net)"
138.68.86.32 - - [14/Apr/2026:05:09:53 +0300] "GET /.well-known/security.txt HTTP/1.1" 301 196 "-" "Mozilla/5.0 (l9scan/2.0.8383e26363e2237313e21333; +https://leakix.net)"
139.59.136.184 - - [14/Apr/2026:05:09:54 +0300] "GET /actuator/env HTTP/1.1" 301 196 "-" "Mozilla/5.0 (l9scan/2.0.8383e26363e2237313e21333; +https://leakix.net)"
138.68.86.32 - - [14/Apr/2026:05:09:55 +0300] "GET /actuator/env HTTP/1.1" 301 196 "-" "Mozilla/5.0 (l9scan/2.0.8383e26363e2237313e21333; +https://leakix.net)"
157.245.113.227 - - [14/Apr/2026:05:09:53 +0300] "GET /v2/_catalog HTTP/1.0" 404 3320 "-" "Mozilla/5.0 (l9scan/2.0.8383e26363e2237313e21333; +https://leakix.net)"
104.252.191.118 - - [14/Apr/2026:05:09:53 +0300] "GET / HTTP/1.0" 200 19830 "-" "Mozilla/5.0 (X11; Linux x86_64) AppleWebKit/537.36 (KHTML, like Gecko) Chrome/117.0.0.0 Safari/537.36"
139.59.136.184 - - [14/Apr/2026:05:09:56 +0300] "GET /swagger-ui.html HTTP/1.1" 301 196 "-" "Mozilla/5.0 (l9scan/2.0.8383e26363e2237313e21333; +https://leakix.net)"
138.68.86.32 - - [14/Apr/2026:05:09:56 +0300] "GET /swagger-ui.html HTTP/1.1" 301 196 "-" "Mozilla/5.0 (l9scan/2.0.8383e26363e2237313e21333; +https://leakix.net)"
139.59.136.184 - - [14/Apr/2026:05:09:57 +0300] "GET /swagger/index.html HTTP/1.1" 301 196 "-" "Mozilla/5.0 (l9scan/2.0.8383e26363e2237313e21333; +https://leakix.net)"
138.68.86.32 - - [14/Apr/2026:05:09:57 +0300] "GET /swagger/index.html HTTP/1.1" 301 196 "-" "Mozilla/5.0 (l9scan/2.0.8383e26363e2237313e21333; +https://leakix.net)"
139.59.136.184 - - [14/Apr/2026:05:09:58 +0300] "GET /swagger/swagger-ui.html HTTP/1.1" 301 196 "-" "Mozilla/5.0 (l9scan/2.0.8383e26363e2237313e21333; +https://leakix.net)"
138.68.86.32 - - [14/Apr/2026:05:09:59 +0300] "GET /swagger/swagger-ui.html HTTP/1.1" 301 196 "-" "Mozilla/5.0 (l9scan/2.0.8383e26363e2237313e21333; +https://leakix.net)"
157.245.113.227 - - [14/Apr/2026:05:09:56 +0300] "GET /.DS_Store HTTP/1.0" 404 3318 "-" "Mozilla/5.0 (l9scan/2.0.8383e26363e2237313e21333; +https://leakix.net)"
139.59.136.184 - - [14/Apr/2026:05:09:59 +0300] "GET /webjars/swagger-ui/index.html HTTP/1.1" 301 196 "-" "Mozilla/5.0 (l9scan/2.0.8383e26363e2237313e21333; +https://leakix.net)"
138.68.86.32 - - [14/Apr/2026:05:10:00 +0300] "GET /webjars/swagger-ui/index.html HTTP/1.1" 301 196 "-" "Mozilla/5.0 (l9scan/2.0.8383e26363e2237313e21333; +https://leakix.net)"
139.59.136.184 - - [14/Apr/2026:05:10:00 +0300] "GET /swagger.json HTTP/1.1" 301 196 "-" "Mozilla/5.0 (l9scan/2.0.8383e26363e2237313e21333; +https://leakix.net)"
138.68.86.32 - - [14/Apr/2026:05:10:00 +0300] "GET /swagger.json HTTP/1.1" 301 196 "-" "Mozilla/5.0 (l9scan/2.0.8383e26363e2237313e21333; +https://leakix.net)"
139.59.136.184 - - [14/Apr/2026:05:10:01 +0300] "GET /swagger/v1/swagger.json HTTP/1.1" 301 196 "-" "Mozilla/5.0 (l9scan/2.0.8383e26363e2237313e21333; +https://leakix.net)"
138.68.86.32 - - [14/Apr/2026:05:10:02 +0300] "GET /swagger/v1/swagger.json HTTP/1.1" 301 196 "-" "Mozilla/5.0 (l9scan/2.0.8383e26363e2237313e21333; +https://leakix.net)"
157.245.113.227 - - [14/Apr/2026:05:09:59 +0300] "GET /.env HTTP/1.0" 404 3313 "-" "Mozilla/5.0 (l9scan/2.0.8383e26363e2237313e21333; +https://leakix.net)"
138.68.86.32 - - [14/Apr/2026:05:10:03 +0300] "GET /v2/api-docs HTTP/1.1" 301 196 "-" "Mozilla/5.0 (l9scan/2.0.8383e26363e2237313e21333; +https://leakix.net)"
139.59.136.184 - - [14/Apr/2026:05:10:03 +0300] "GET /v2/api-docs HTTP/1.1" 301 196 "-" "Mozilla/5.0 (l9scan/2.0.8383e26363e2237313e21333; +https://leakix.net)"
138.68.86.32 - - [14/Apr/2026:05:10:04 +0300] "GET /v3/api-docs HTTP/1.1" 301 196 "-" "Mozilla/5.0 (l9scan/2.0.8383e26363e2237313e21333; +https://leakix.net)"
139.59.136.184 - - [14/Apr/2026:05:10:04 +0300] "GET /v3/api-docs HTTP/1.1" 301 196 "-" "Mozilla/5.0 (l9scan/2.0.8383e26363e2237313e21333; +https://leakix.net)"
138.68.86.32 - - [14/Apr/2026:05:10:05 +0300] "GET /api-docs/swagger.json HTTP/1.1" 301 196 "-" "Mozilla/5.0 (l9scan/2.0.8383e26363e2237313e21333; +https://leakix.net)"
139.59.136.184 - - [14/Apr/2026:05:10:05 +0300] "GET /api-docs/swagger.json HTTP/1.1" 301 196 "-" "Mozilla/5.0 (l9scan/2.0.8383e26363e2237313e21333; +https://leakix.net)"
139.59.136.184 - - [14/Apr/2026:05:10:05 +0300] "GET /api/swagger.json HTTP/1.1" 301 196 "-" "Mozilla/5.0 (l9scan/2.0.8383e26363e2237313e21333; +https://leakix.net)"
138.68.86.32 - - [14/Apr/2026:05:10:06 +0300] "GET /api/swagger.json HTTP/1.1" 301 196 "-" "Mozilla/5.0 (l9scan/2.0.8383e26363e2237313e21333; +https://leakix.net)"
157.245.113.227 - - [14/Apr/2026:05:10:03 +0300] "GET /ecp/Current/exporttool/microsoft.exchange.ediscovery.exporttool.application HTTP/1.0" 404 3384 "-" "Mozilla/5.0 (l9scan/2.0.8383e26363e2237313e21333; +https://leakix.net)"
139.59.136.184 - - [14/Apr/2026:05:10:06 +0300] "GET /trace.axd HTTP/1.1" 301 196 "-" "Mozilla/5.0 (l9scan/2.0.8383e26363e2237313e21333; +https://leakix.net)"
138.68.86.32 - - [14/Apr/2026:05:10:06 +0300] "GET /trace.axd HTTP/1.1" 301 196 "-" "Mozilla/5.0 (l9scan/2.0.8383e26363e2237313e21333; +https://leakix.net)"
139.59.136.184 - - [14/Apr/2026:05:10:07 +0300] "GET /@vite/env HTTP/1.1" 301 196 "-" "Mozilla/5.0 (l9scan/2.0.8383e26363e2237313e21333; +https://leakix.net)"
138.68.86.32 - - [14/Apr/2026:05:10:08 +0300] "GET /@vite/env HTTP/1.1" 301 196 "-" "Mozilla/5.0 (l9scan/2.0.8383e26363e2237313e21333; +https://leakix.net)"
139.59.136.184 - - [14/Apr/2026:05:10:08 +0300] "GET /.vscode/sftp.json HTTP/1.1" 301 196 "-" "Mozilla/5.0 (l9scan/2.0.8383e26363e2237313e21333; +https://leakix.net)"
138.68.86.32 - - [14/Apr/2026:05:10:09 +0300] "GET /.vscode/sftp.json HTTP/1.1" 301 196 "-" "Mozilla/5.0 (l9scan/2.0.8383e26363e2237313e21333; +https://leakix.net)"
139.59.136.184 - - [14/Apr/2026:05:10:09 +0300] "OPTIONS / HTTP/1.1" 301 196 "-" "Mozilla/5.0 (l9scan/2.0.8383e26363e2237313e21333; +https://leakix.net)"
138.68.86.32 - - [14/Apr/2026:05:10:10 +0300] "OPTIONS / HTTP/1.1" 301 196 "-" "Mozilla/5.0 (l9scan/2.0.8383e26363e2237313e21333; +https://leakix.net)"
157.245.113.227 - - [14/Apr/2026:05:10:07 +0300] "GET /.git/config HTTP/1.0" 404 3320 "-" "Mozilla/5.0 (l9scan/2.0.8383e26363e2237313e21333; +https://leakix.net)"
139.59.136.184 - - [14/Apr/2026:05:10:10 +0300] "GET /?rest_route=/wp/v2/users/ HTTP/1.1" 301 196 "-" "Mozilla/5.0 (l9scan/2.0.8383e26363e2237313e21333; +https://leakix.net)"
138.68.86.32 - - [14/Apr/2026:05:10:11 +0300] "GET /?rest_route=/wp/v2/users/ HTTP/1.1" 301 196 "-" "Mozilla/5.0 (l9scan/2.0.8383e26363e2237313e21333; +https://leakix.net)"
104.252.191.118 - - [14/Apr/2026:05:10:11 +0300] "GET /media/jui/js/jquery.min.js?8fb4a4e2f090f461e7630b2a7b848f9f HTTP/1.1" 200 97646 "-" "Mozilla/5.0 (X11; Linux x86_64) AppleWebKit/537.36 (KHTML, like Gecko) Chrome/117.0.0.0 Safari/537.36"
104.252.191.118 - - [14/Apr/2026:05:10:11 +0300] "GET /modules/mod_contactus/js/contactus_lightbox.js HTTP/1.1" 200 4279 "-" "Mozilla/5.0 (X11; Linux x86_64) AppleWebKit/537.36 (KHTML, like Gecko) Chrome/117.0.0.0 Safari/537.36"
104.252.191.118 - - [14/Apr/2026:05:10:11 +0300] "GET /media/jui/js/jquery-noconflict.js?8fb4a4e2f090f461e7630b2a7b848f9f HTTP/1.1" 200 21 "-" "Mozilla/5.0 (X11; Linux x86_64) AppleWebKit/537.36 (KHTML, like Gecko) Chrome/117.0.0.0 Safari/537.36"
104.252.191.118 - - [14/Apr/2026:05:10:11 +0300] "GET /components/com_sppagebuilder/assets/js/sppagebuilder.js HTTP/1.1" 200 39713 "-" "Mozilla/5.0 (X11; Linux x86_64) AppleWebKit/537.36 (KHTML, like Gecko) Chrome/117.0.0.0 Safari/537.36"
104.252.191.118 - - [14/Apr/2026:05:10:11 +0300] "GET /components/com_sppagebuilder/assets/js/jquery.parallax.js HTTP/1.1" 200 892 "-" "Mozilla/5.0 (X11; Linux x86_64) AppleWebKit/537.36 (KHTML, like Gecko) Chrome/117.0.0.0 Safari/537.36"
104.252.191.118 - - [14/Apr/2026:05:10:11 +0300] "GET /modules/mod_contactus/js/contactus_form.js HTTP/1.1" 200 2290 "-" "Mozilla/5.0 (X11; Linux x86_64) AppleWebKit/537.36 (KHTML, like Gecko) Chrome/117.0.0.0 Safari/537.36"
104.252.191.118 - - [14/Apr/2026:05:10:11 +0300] "GET /templates/shaper_helix3/js/main.js HTTP/1.1" 200 8773 "-" "Mozilla/5.0 (X11; Linux x86_64) AppleWebKit/537.36 (KHTML, like Gecko) Chrome/117.0.0.0 Safari/537.36"
104.252.191.118 - - [14/Apr/2026:05:10:11 +0300] "GET /media/jui/js/jquery-migrate.min.js?8fb4a4e2f090f461e7630b2a7b848f9f HTTP/1.1" 200 10056 "-" "Mozilla/5.0 (X11; Linux x86_64) AppleWebKit/537.36 (KHTML, like Gecko) Chrome/117.0.0.0 Safari/537.36"
104.252.191.118 - - [14/Apr/2026:05:10:11 +0300] "GET /modules/mod_contactus/js/contactus_common.js HTTP/1.1" 200 5018 "-" "Mozilla/5.0 (X11; Linux x86_64) AppleWebKit/537.36 (KHTML, like Gecko) Chrome/117.0.0.0 Safari/537.36"
104.252.191.118 - - [14/Apr/2026:05:10:11 +0300] "GET /components/com_sppagebuilder/assets/js/jquery.magnific-popup.min.js HTTP/1.1" 200 20004 "-" "Mozilla/5.0 (X11; Linux x86_64) AppleWebKit/537.36 (KHTML, like Gecko) Chrome/117.0.0.0 Safari/537.36"
104.252.191.118 - - [14/Apr/2026:05:10:11 +0300] "GET /templates/shaper_helix3/js/bootstrap.min.js HTTP/1.1" 200 37045 "-" "Mozilla/5.0 (X11; Linux x86_64) AppleWebKit/537.36 (KHTML, like Gecko) Chrome/117.0.0.0 Safari/537.36"
104.252.191.118 - - [14/Apr/2026:05:10:11 +0300] "GET /media/mod_jcart_ajax/js/jcart-ajax.js HTTP/1.1" 200 7890 "-" "Mozilla/5.0 (X11; Linux x86_64) AppleWebKit/537.36 (KHTML, like Gecko) Chrome/117.0.0.0 Safari/537.36"
104.252.191.118 - - [14/Apr/2026:05:10:11 +0300] "GET /templates/shaper_helix3/js/jquery.sticky.js HTTP/1.1" 200 5739 "-" "Mozilla/5.0 (X11; Linux x86_64) AppleWebKit/537.36 (KHTML, like Gecko) Chrome/117.0.0.0 Safari/537.36"
104.252.191.118 - - [14/Apr/2026:05:10:11 +0300] "GET /modules/mod_gruemenu/js/touchwipe.min.js HTTP/1.1" 200 2254 "-" "Mozilla/5.0 (X11; Linux x86_64) AppleWebKit/537.36 (KHTML, like Gecko) Chrome/117.0.0.0 Safari/537.36"
104.252.191.118 - - [14/Apr/2026:05:10:11 +0300] "GET /modules/mod_sp_smart_slider/tmpl/corporex/js/sp-smart-slider.js HTTP/1.1" 200 6353 "-" "Mozilla/5.0 (X11; Linux x86_64) AppleWebKit/537.36 (KHTML, like Gecko) Chrome/117.0.0.0 Safari/537.36"
104.252.191.118 - - [14/Apr/2026:05:10:11 +0300] "GET /modules/mod_gruemenu/js/sidr.js HTTP/1.1" 200 9880 "-" "Mozilla/5.0 (X11; Linux x86_64) AppleWebKit/537.36 (KHTML, like Gecko) Chrome/117.0.0.0 Safari/537.36"
104.252.191.118 - - [14/Apr/2026:05:10:11 +0300] "GET /media/system/js/core.js?8fb4a4e2f090f461e7630b2a7b848f9f HTTP/1.1" 200 8735 "-" "Mozilla/5.0 (X11; Linux x86_64) AppleWebKit/537.36 (KHTML, like Gecko) Chrome/117.0.0.0 Safari/537.36"
104.252.191.118 - - [14/Apr/2026:05:10:11 +0300] "GET /modules/mod_gruemenu/js/script.js HTTP/1.1" 200 752 "-" "Mozilla/5.0 (X11; Linux x86_64) AppleWebKit/537.36 (KHTML, like Gecko) Chrome/117.0.0.0 Safari/537.36"
139.59.136.184 - - [14/Apr/2026:05:10:11 +0300] "GET /debug/default/view?panel=config HTTP/1.1" 301 196 "-" "Mozilla/5.0 (l9scan/2.0.8383e26363e2237313e21333; +https://leakix.net)"
138.68.86.32 - - [14/Apr/2026:05:10:12 +0300] "GET /debug/default/view?panel=config HTTP/1.1" 301 196 "-" "Mozilla/5.0 (l9scan/2.0.8383e26363e2237313e21333; +https://leakix.net)"
104.252.191.118 - - [14/Apr/2026:05:10:10 +0300] "GET /%23sidr-close HTTP/1.0" 404 3225 "-" "Mozilla/5.0 (X11; Linux x86_64) AppleWebKit/537.36 (KHTML, like Gecko) Chrome/117.0.0.0 Safari/537.36"
104.252.191.118 - - [14/Apr/2026:05:10:10 +0300] "GET /%23sidr-main HTTP/1.0" 404 3224 "-" "Mozilla/5.0 (X11; Linux x86_64) AppleWebKit/537.36 (KHTML, like Gecko) Chrome/117.0.0.0 Safari/537.36"
104.252.191.118 - - [14/Apr/2026:05:10:10 +0300] "GET /http%3A/fonts.googleapis.com/css%3Ffamily%3DOpen%2BSans HTTP/1.0" 404 3267 "-" "Mozilla/5.0 (X11; Linux x86_64) AppleWebKit/537.36 (KHTML, like Gecko) Chrome/117.0.0.0 Safari/537.36"
104.252.191.118 - - [14/Apr/2026:05:10:10 +0300] "GET /o-nas HTTP/1.0" 200 15585 "-" "Mozilla/5.0 (X11; Linux x86_64) AppleWebKit/537.36 (KHTML, like Gecko) Chrome/117.0.0.0 Safari/537.36"
104.252.191.118 - - [14/Apr/2026:05:10:10 +0300] "GET / HTTP/1.0" 200 19733 "-" "Mozilla/5.0 (X11; Linux x86_64) AppleWebKit/537.36 (KHTML, like Gecko) Chrome/117.0.0.0 Safari/537.36"
104.252.191.118 - - [14/Apr/2026:05:10:10 +0300] "GET /uslugi/shlifovka HTTP/1.0" 200 11680 "-" "Mozilla/5.0 (X11; Linux x86_64) AppleWebKit/537.36 (KHTML, like Gecko) Chrome/117.0.0.0 Safari/537.36"
104.252.191.118 - - [14/Apr/2026:05:10:10 +0300] "GET /uslugi/konopatka HTTP/1.0" 200 13752 "-" "Mozilla/5.0 (X11; Linux x86_64) AppleWebKit/537.36 (KHTML, like Gecko) Chrome/117.0.0.0 Safari/537.36"
