188.130.189.9 - - [11/Apr/2026:12:16:30 +0300] "POST / HTTP/1.0" 303 573 "https://germetikprof.ru/" "Mozilla/5.0 (Windows NT 10.0; Win64; x64) AppleWebKit/537.36 (KHTML, like Gecko) Chrome/131.0.0.0 Safari/537.36 Avast/131.0.0.0"
188.130.189.9 - - [11/Apr/2026:12:16:35 +0300] "GET / HTTP/1.0" 200 131033 "https://germetikprof.ru/" "Mozilla/5.0 (Windows NT 10.0; Win64; x64) AppleWebKit/537.36 (KHTML, like Gecko) Chrome/131.0.0.0 Safari/537.36 Avast/131.0.0.0"
216.244.66.201 - - [11/Apr/2026:12:17:49 +0300] "GET /components/com_jshopping/files/img_products/full_2794970.png.webp HTTP/1.0" 200 20999 "-" "Mozilla/5.0 (compatible; DotBot/1.2; +https://opensiteexplorer.org/dotbot; help@moz.com)"
66.102.9.234 - - [11/Apr/2026:12:18:48 +0300] "GET /.well-known/traffic-advice HTTP/1.0" 404 3335 "-" "Chrome Privacy Preserving Prefetch Proxy"
72.14.201.25 - - [11/Apr/2026:12:18:48 +0300] "GET /katalog/product/view/1/17 HTTP/1.0" 200 11992 "https://www.google.com/" "Mozilla/5.0 (Windows NT 10.0; Win64; x64) AppleWebKit/537.36 (KHTML, like Gecko) Chrome/146.0.0.0 Safari/537.36"
212.46.2.66 - - [11/Apr/2026:12:18:54 +0300] "GET /components/com_jshopping/css/jquery.lightbox.css HTTP/1.1" 200 2421 "https://germetikprof.ru/katalog/product/view/1/17" "Mozilla/5.0 (Windows NT 10.0; Win64; x64) AppleWebKit/537.36 (KHTML, like Gecko) Chrome/146.0.0.0 Safari/537.36"
212.46.2.66 - - [11/Apr/2026:12:18:54 +0300] "GET /components/com_jshopping/css/default.css HTTP/1.1" 200 25555 "https://germetikprof.ru/katalog/product/view/1/17" "Mozilla/5.0 (Windows NT 10.0; Win64; x64) AppleWebKit/537.36 (KHTML, like Gecko) Chrome/146.0.0.0 Safari/537.36"
212.46.2.66 - - [11/Apr/2026:12:18:54 +0300] "GET /templates/shaper_helix3/css/font-awesome.min.css HTTP/1.1" 200 31000 "https://germetikprof.ru/katalog/product/view/1/17" "Mozilla/5.0 (Windows NT 10.0; Win64; x64) AppleWebKit/537.36 (KHTML, like Gecko) Chrome/146.0.0.0 Safari/537.36"
212.46.2.66 - - [11/Apr/2026:12:18:54 +0300] "GET /templates/shaper_helix3/css/bootstrap.min.css HTTP/1.1" 200 121155 "https://germetikprof.ru/katalog/product/view/1/17" "Mozilla/5.0 (Windows NT 10.0; Win64; x64) AppleWebKit/537.36 (KHTML, like Gecko) Chrome/146.0.0.0 Safari/537.36"
212.46.2.66 - - [11/Apr/2026:12:18:54 +0300] "GET /templates/shaper_helix3/css/legacy.css HTTP/1.1" 200 27359 "https://germetikprof.ru/katalog/product/view/1/17" "Mozilla/5.0 (Windows NT 10.0; Win64; x64) AppleWebKit/537.36 (KHTML, like Gecko) Chrome/146.0.0.0 Safari/537.36"
212.46.2.66 - - [11/Apr/2026:12:18:54 +0300] "GET /templates/shaper_helix3/css/template.css HTTP/1.1" 200 76424 "https://germetikprof.ru/katalog/product/view/1/17" "Mozilla/5.0 (Windows NT 10.0; Win64; x64) AppleWebKit/537.36 (KHTML, like Gecko) Chrome/146.0.0.0 Safari/537.36"
212.46.2.66 - - [11/Apr/2026:12:18:54 +0300] "GET /templates/shaper_helix3/css/presets/preset4.css HTTP/1.1" 200 2159 "https://germetikprof.ru/katalog/product/view/1/17" "Mozilla/5.0 (Windows NT 10.0; Win64; x64) AppleWebKit/537.36 (KHTML, like Gecko) Chrome/146.0.0.0 Safari/537.36"
212.46.2.66 - - [11/Apr/2026:12:18:54 +0300] "GET /templates/shaper_helix3/css/frontend-edit.css HTTP/1.1" 200 2912 "https://germetikprof.ru/katalog/product/view/1/17" "Mozilla/5.0 (Windows NT 10.0; Win64; x64) AppleWebKit/537.36 (KHTML, like Gecko) Chrome/146.0.0.0 Safari/537.36"
212.46.2.66 - - [11/Apr/2026:12:18:54 +0300] "GET /components/com_sppagebuilder/assets/css/animate.min.css HTTP/1.1" 200 53431 "https://germetikprof.ru/katalog/product/view/1/17" "Mozilla/5.0 (Windows NT 10.0; Win64; x64) AppleWebKit/537.36 (KHTML, like Gecko) Chrome/146.0.0.0 Safari/537.36"
212.46.2.66 - - [11/Apr/2026:12:18:54 +0300] "GET /components/com_sppagebuilder/assets/css/sppagebuilder.css HTTP/1.1" 200 154003 "https://germetikprof.ru/katalog/product/view/1/17" "Mozilla/5.0 (Windows NT 10.0; Win64; x64) AppleWebKit/537.36 (KHTML, like Gecko) Chrome/146.0.0.0 Safari/537.36"
212.46.2.66 - - [11/Apr/2026:12:18:54 +0300] "GET /components/com_sppagebuilder/assets/css/magnific-popup.css HTTP/1.1" 200 5920 "https://germetikprof.ru/katalog/product/view/1/17" "Mozilla/5.0 (Windows NT 10.0; Win64; x64) AppleWebKit/537.36 (KHTML, like Gecko) Chrome/146.0.0.0 Safari/537.36"
212.46.2.66 - - [11/Apr/2026:12:18:54 +0300] "GET /modules/mod_contactus/css/contactus_form.css HTTP/1.1" 200 7108 "https://germetikprof.ru/katalog/product/view/1/17" "Mozilla/5.0 (Windows NT 10.0; Win64; x64) AppleWebKit/537.36 (KHTML, like Gecko) Chrome/146.0.0.0 Safari/537.36"
212.46.2.66 - - [11/Apr/2026:12:18:54 +0300] "GET /media/mod_jcart_ajax/css/default.css HTTP/1.1" 200 6426 "https://germetikprof.ru/katalog/product/view/1/17" "Mozilla/5.0 (Windows NT 10.0; Win64; x64) AppleWebKit/537.36 (KHTML, like Gecko) Chrome/146.0.0.0 Safari/537.36"
212.46.2.66 - - [11/Apr/2026:12:18:54 +0300] "GET /modules/mod_gruemenu/css/styles.css HTTP/1.1" 200 4545 "https://germetikprof.ru/katalog/product/view/1/17" "Mozilla/5.0 (Windows NT 10.0; Win64; x64) AppleWebKit/537.36 (KHTML, like Gecko) Chrome/146.0.0.0 Safari/537.36"
212.46.2.66 - - [11/Apr/2026:12:18:54 +0300] "GET /media/system/js/mootools-core.js?8fb4a4e2f090f461e7630b2a7b848f9f HTTP/1.1" 200 83893 "https://germetikprof.ru/katalog/product/view/1/17" "Mozilla/5.0 (Windows NT 10.0; Win64; x64) AppleWebKit/537.36 (KHTML, like Gecko) Chrome/146.0.0.0 Safari/537.36"
212.46.2.66 - - [11/Apr/2026:12:18:54 +0300] "GET /media/system/js/core.js?8fb4a4e2f090f461e7630b2a7b848f9f HTTP/1.1" 200 8735 "https://germetikprof.ru/katalog/product/view/1/17" "Mozilla/5.0 (Windows NT 10.0; Win64; x64) AppleWebKit/537.36 (KHTML, like Gecko) Chrome/146.0.0.0 Safari/537.36"
212.46.2.66 - - [11/Apr/2026:12:18:54 +0300] "GET /media/jui/js/jquery.min.js?8fb4a4e2f090f461e7630b2a7b848f9f HTTP/1.1" 200 97646 "https://germetikprof.ru/katalog/product/view/1/17" "Mozilla/5.0 (Windows NT 10.0; Win64; x64) AppleWebKit/537.36 (KHTML, like Gecko) Chrome/146.0.0.0 Safari/537.36"
212.46.2.66 - - [11/Apr/2026:12:18:54 +0300] "GET /media/jui/js/jquery-noconflict.js?8fb4a4e2f090f461e7630b2a7b848f9f HTTP/1.1" 200 21 "https://germetikprof.ru/katalog/product/view/1/17" "Mozilla/5.0 (Windows NT 10.0; Win64; x64) AppleWebKit/537.36 (KHTML, like Gecko) Chrome/146.0.0.0 Safari/537.36"
212.46.2.66 - - [11/Apr/2026:12:18:54 +0300] "GET /media/jui/js/jquery-migrate.min.js?8fb4a4e2f090f461e7630b2a7b848f9f HTTP/1.1" 200 10056 "https://germetikprof.ru/katalog/product/view/1/17" "Mozilla/5.0 (Windows NT 10.0; Win64; x64) AppleWebKit/537.36 (KHTML, like Gecko) Chrome/146.0.0.0 Safari/537.36"
212.46.2.66 - - [11/Apr/2026:12:18:54 +0300] "GET /components/com_jshopping/js/jquery/jquery.media.js HTTP/1.1" 200 18047 "https://germetikprof.ru/katalog/product/view/1/17" "Mozilla/5.0 (Windows NT 10.0; Win64; x64) AppleWebKit/537.36 (KHTML, like Gecko) Chrome/146.0.0.0 Safari/537.36"
212.46.2.66 - - [11/Apr/2026:12:18:54 +0300] "GET /components/com_jshopping/js/functions.js HTTP/1.1" 200 45317 "https://germetikprof.ru/katalog/product/view/1/17" "Mozilla/5.0 (Windows NT 10.0; Win64; x64) AppleWebKit/537.36 (KHTML, like Gecko) Chrome/146.0.0.0 Safari/537.36"
212.46.2.66 - - [11/Apr/2026:12:18:54 +0300] "GET /components/com_jshopping/js/validateForm.js HTTP/1.1" 200 8495 "https://germetikprof.ru/katalog/product/view/1/17" "Mozilla/5.0 (Windows NT 10.0; Win64; x64) AppleWebKit/537.36 (KHTML, like Gecko) Chrome/146.0.0.0 Safari/537.36"
212.46.2.66 - - [11/Apr/2026:12:18:54 +0300] "GET /components/com_jshopping/js/jquery/jquery.lightbox.js HTTP/1.1" 200 23418 "https://germetikprof.ru/katalog/product/view/1/17" "Mozilla/5.0 (Windows NT 10.0; Win64; x64) AppleWebKit/537.36 (KHTML, like Gecko) Chrome/146.0.0.0 Safari/537.36"
212.46.2.66 - - [11/Apr/2026:12:18:54 +0300] "GET /templates/shaper_helix3/js/bootstrap.min.js HTTP/1.1" 200 37045 "https://germetikprof.ru/katalog/product/view/1/17" "Mozilla/5.0 (Windows NT 10.0; Win64; x64) AppleWebKit/537.36 (KHTML, like Gecko) Chrome/146.0.0.0 Safari/537.36"
212.46.2.66 - - [11/Apr/2026:12:18:54 +0300] "GET /templates/shaper_helix3/js/jquery.sticky.js HTTP/1.1" 200 5739 "https://germetikprof.ru/katalog/product/view/1/17" "Mozilla/5.0 (Windows NT 10.0; Win64; x64) AppleWebKit/537.36 (KHTML, like Gecko) Chrome/146.0.0.0 Safari/537.36"
212.46.2.66 - - [11/Apr/2026:12:18:54 +0300] "GET /templates/shaper_helix3/js/main.js HTTP/1.1" 200 8773 "https://germetikprof.ru/katalog/product/view/1/17" "Mozilla/5.0 (Windows NT 10.0; Win64; x64) AppleWebKit/537.36 (KHTML, like Gecko) Chrome/146.0.0.0 Safari/537.36"
212.46.2.66 - - [11/Apr/2026:12:18:54 +0300] "GET /templates/shaper_helix3/js/frontend-edit.js HTTP/1.1" 200 1948 "https://germetikprof.ru/katalog/product/view/1/17" "Mozilla/5.0 (Windows NT 10.0; Win64; x64) AppleWebKit/537.36 (KHTML, like Gecko) Chrome/146.0.0.0 Safari/537.36"
212.46.2.66 - - [11/Apr/2026:12:18:54 +0300] "GET /components/com_sppagebuilder/assets/js/jquery.parallax.js HTTP/1.1" 200 892 "https://germetikprof.ru/katalog/product/view/1/17" "Mozilla/5.0 (Windows NT 10.0; Win64; x64) AppleWebKit/537.36 (KHTML, like Gecko) Chrome/146.0.0.0 Safari/537.36"
212.46.2.66 - - [11/Apr/2026:12:18:54 +0300] "GET /components/com_sppagebuilder/assets/js/sppagebuilder.js HTTP/1.1" 200 39713 "https://germetikprof.ru/katalog/product/view/1/17" "Mozilla/5.0 (Windows NT 10.0; Win64; x64) AppleWebKit/537.36 (KHTML, like Gecko) Chrome/146.0.0.0 Safari/537.36"
212.46.2.66 - - [11/Apr/2026:12:18:54 +0300] "GET /components/com_sppagebuilder/assets/js/jquery.magnific-popup.min.js HTTP/1.1" 200 20004 "https://germetikprof.ru/katalog/product/view/1/17" "Mozilla/5.0 (Windows NT 10.0; Win64; x64) AppleWebKit/537.36 (KHTML, like Gecko) Chrome/146.0.0.0 Safari/537.36"
212.46.2.66 - - [11/Apr/2026:12:18:54 +0300] "GET /modules/mod_contactus/js/contactus_common.js HTTP/1.1" 200 5018 "https://germetikprof.ru/katalog/product/view/1/17" "Mozilla/5.0 (Windows NT 10.0; Win64; x64) AppleWebKit/537.36 (KHTML, like Gecko) Chrome/146.0.0.0 Safari/537.36"
212.46.2.66 - - [11/Apr/2026:12:18:54 +0300] "GET /modules/mod_contactus/js/contactus_form.js HTTP/1.1" 200 2290 "https://germetikprof.ru/katalog/product/view/1/17" "Mozilla/5.0 (Windows NT 10.0; Win64; x64) AppleWebKit/537.36 (KHTML, like Gecko) Chrome/146.0.0.0 Safari/537.36"
212.46.2.66 - - [11/Apr/2026:12:18:54 +0300] "GET /media/mod_jcart_ajax/js/jcart-ajax.js HTTP/1.1" 200 7890 "https://germetikprof.ru/katalog/product/view/1/17" "Mozilla/5.0 (Windows NT 10.0; Win64; x64) AppleWebKit/537.36 (KHTML, like Gecko) Chrome/146.0.0.0 Safari/537.36"
212.46.2.66 - - [11/Apr/2026:12:18:54 +0300] "GET /modules/mod_gruemenu/js/touchwipe.min.js HTTP/1.1" 200 2254 "https://germetikprof.ru/katalog/product/view/1/17" "Mozilla/5.0 (Windows NT 10.0; Win64; x64) AppleWebKit/537.36 (KHTML, like Gecko) Chrome/146.0.0.0 Safari/537.36"
212.46.2.66 - - [11/Apr/2026:12:18:54 +0300] "GET /modules/mod_gruemenu/js/sidr.js HTTP/1.1" 200 9880 "https://germetikprof.ru/katalog/product/view/1/17" "Mozilla/5.0 (Windows NT 10.0; Win64; x64) AppleWebKit/537.36 (KHTML, like Gecko) Chrome/146.0.0.0 Safari/537.36"
212.46.2.66 - - [11/Apr/2026:12:18:54 +0300] "GET /modules/mod_gruemenu/js/script.js HTTP/1.1" 200 752 "https://germetikprof.ru/katalog/product/view/1/17" "Mozilla/5.0 (Windows NT 10.0; Win64; x64) AppleWebKit/537.36 (KHTML, like Gecko) Chrome/146.0.0.0 Safari/537.36"
212.46.2.66 - - [11/Apr/2026:12:18:54 +0300] "GET /images/2019/03/01/phone-contact20.png HTTP/1.1" 200 1398 "https://germetikprof.ru/katalog/product/view/1/17" "Mozilla/5.0 (Windows NT 10.0; Win64; x64) AppleWebKit/537.36 (KHTML, like Gecko) Chrome/146.0.0.0 Safari/537.36"
212.46.2.66 - - [11/Apr/2026:12:18:54 +0300] "GET /images/2023/01/25/logo-gp-w.png HTTP/1.1" 200 97137 "https://germetikprof.ru/katalog/product/view/1/17" "Mozilla/5.0 (Windows NT 10.0; Win64; x64) AppleWebKit/537.36 (KHTML, like Gecko) Chrome/146.0.0.0 Safari/537.36"
212.46.2.66 - - [11/Apr/2026:12:18:54 +0300] "GET /components/com_jshopping/images/search.png HTTP/1.1" 200 491 "https://germetikprof.ru/katalog/product/view/1/17" "Mozilla/5.0 (Windows NT 10.0; Win64; x64) AppleWebKit/537.36 (KHTML, like Gecko) Chrome/146.0.0.0 Safari/537.36"
212.46.2.66 - - [11/Apr/2026:12:18:54 +0300] "GET /components/com_jshopping/files/img_products/492dfa66e8114c63c579.png.webp HTTP/1.0" 200 13187 "https://germetikprof.ru/katalog/product/view/1/17" "Mozilla/5.0 (Windows NT 10.0; Win64; x64) AppleWebKit/537.36 (KHTML, like Gecko) Chrome/146.0.0.0 Safari/537.36"
212.46.2.66 - - [11/Apr/2026:12:18:54 +0300] "GET /images/2019/02/13/mail.png HTTP/1.1" 200 1564 "https://germetikprof.ru/katalog/product/view/1/17" "Mozilla/5.0 (Windows NT 10.0; Win64; x64) AppleWebKit/537.36 (KHTML, like Gecko) Chrome/146.0.0.0 Safari/537.36"
212.46.2.66 - - [11/Apr/2026:12:18:54 +0300] "GET /media/mod_jcart_ajax/images/cart.png HTTP/1.1" 200 939 "https://germetikprof.ru/media/mod_jcart_ajax/css/default.css" "Mozilla/5.0 (Windows NT 10.0; Win64; x64) AppleWebKit/537.36 (KHTML, like Gecko) Chrome/146.0.0.0 Safari/537.36"
212.46.2.66 - - [11/Apr/2026:12:18:54 +0300] "GET /images/topfon.jpg HTTP/1.1" 200 191979 "https://germetikprof.ru/katalog/product/view/1/17" "Mozilla/5.0 (Windows NT 10.0; Win64; x64) AppleWebKit/537.36 (KHTML, like Gecko) Chrome/146.0.0.0 Safari/537.36"
212.46.2.66 - - [11/Apr/2026:12:18:54 +0300] "GET /images/2019/02/13/phone-contact.png HTTP/1.1" 200 1890 "https://germetikprof.ru/katalog/product/view/1/17" "Mozilla/5.0 (Windows NT 10.0; Win64; x64) AppleWebKit/537.36 (KHTML, like Gecko) Chrome/146.0.0.0 Safari/537.36"
212.46.2.66 - - [11/Apr/2026:12:18:54 +0300] "GET /images/2019/02/18/vk-logo.png HTTP/1.1" 200 690 "https://germetikprof.ru/katalog/product/view/1/17" "Mozilla/5.0 (Windows NT 10.0; Win64; x64) AppleWebKit/537.36 (KHTML, like Gecko) Chrome/146.0.0.0 Safari/537.36"
212.46.2.66 - - [11/Apr/2026:12:18:54 +0300] "GET /images/2019/02/18/instagram-logo.png HTTP/1.1" 200 857 "https://germetikprof.ru/katalog/product/view/1/17" "Mozilla/5.0 (Windows NT 10.0; Win64; x64) AppleWebKit/537.36 (KHTML, like Gecko) Chrome/146.0.0.0 Safari/537.36"
212.46.2.66 - - [11/Apr/2026:12:18:54 +0300] "GET /images/2019/02/18/youtube-logo.png HTTP/1.1" 200 957 "https://germetikprof.ru/katalog/product/view/1/17" "Mozilla/5.0 (Windows NT 10.0; Win64; x64) AppleWebKit/537.36 (KHTML, like Gecko) Chrome/146.0.0.0 Safari/537.36"
212.46.2.66 - - [11/Apr/2026:12:18:54 +0300] "GET /images/bottomfon.jpg HTTP/1.1" 200 198502 "https://germetikprof.ru/katalog/product/view/1/17" "Mozilla/5.0 (Windows NT 10.0; Win64; x64) AppleWebKit/537.36 (KHTML, like Gecko) Chrome/146.0.0.0 Safari/537.36"
212.46.2.66 - - [11/Apr/2026:12:18:54 +0300] "GET /templates/shaper_helix3/fonts/fontawesome-webfont.woff2?v=4.7.0 HTTP/1.0" 200 77387 "https://germetikprof.ru/templates/shaper_helix3/css/font-awesome.min.css" "Mozilla/5.0 (Windows NT 10.0; Win64; x64) AppleWebKit/537.36 (KHTML, like Gecko) Chrome/146.0.0.0 Safari/537.36"
212.46.2.66 - - [11/Apr/2026:12:18:55 +0300] "GET /images/fav4.png HTTP/1.1" 200 1589 "https://germetikprof.ru/katalog/product/view/1/17" "Mozilla/5.0 (Windows NT 10.0; Win64; x64) AppleWebKit/537.36 (KHTML, like Gecko) Chrome/146.0.0.0 Safari/537.36"
66.249.70.64 - - [11/Apr/2026:12:28:21 +0300] "GET /info/O012208118127 HTTP/1.0" 200 28247 "-" "Mozilla/5.0 (Linux; Android 6.0.1; Nexus 5X Build/MMB29P) AppleWebKit/537.36 (KHTML, like Gecko) Chrome/146.0.7680.177 Mobile Safari/537.36 (compatible; GoogleOther)"
66.249.70.65 - - [11/Apr/2026:12:29:25 +0300] "GET /info/O012208118127 HTTP/1.0" 200 28247 "-" "Mozilla/5.0 (Linux; Android 6.0.1; Nexus 5X Build/MMB29P) AppleWebKit/537.36 (KHTML, like Gecko) Chrome/146.0.7680.177 Mobile Safari/537.36 (compatible; Googlebot/2.1; +http://www.google.com/bot.html)"
74.125.151.65 - - [11/Apr/2026:12:34:04 +0300] "GET /katalog/product/view/1/22 HTTP/1.0" 200 12007 "-" "Mozilla/5.0 (X11; Linux x86_64) AppleWebKit/537.36 (KHTML, like Gecko) Chrome/146.0.7680.164 Safari/537.36"
74.125.151.64 - - [11/Apr/2026:12:34:33 +0300] "GET /components/com_jshopping/css/default.css HTTP/1.1" 200 25555 "https://germetikprof.ru/katalog/product/view/1/22" "Mozilla/5.0 (X11; Linux x86_64) AppleWebKit/537.36 (KHTML, like Gecko) Chrome/146.0.7680.164 Safari/537.36"
74.125.151.64 - - [11/Apr/2026:12:34:33 +0300] "GET /components/com_sppagebuilder/assets/css/animate.min.css HTTP/1.1" 200 53431 "https://germetikprof.ru/katalog/product/view/1/22" "Mozilla/5.0 (X11; Linux x86_64) AppleWebKit/537.36 (KHTML, like Gecko) Chrome/146.0.7680.164 Safari/537.36"
74.125.151.64 - - [11/Apr/2026:12:34:34 +0300] "GET /modules/mod_contactus/css/contactus_form.css HTTP/1.1" 200 7108 "https://germetikprof.ru/katalog/product/view/1/22" "Mozilla/5.0 (X11; Linux x86_64) AppleWebKit/537.36 (KHTML, like Gecko) Chrome/146.0.7680.164 Safari/537.36"
74.125.151.64 - - [11/Apr/2026:12:34:43 +0300] "GET /templates/shaper_helix3/css/template.css HTTP/1.1" 200 76424 "https://germetikprof.ru/katalog/product/view/1/22" "Mozilla/5.0 (X11; Linux x86_64) AppleWebKit/537.36 (KHTML, like Gecko) Chrome/146.0.7680.164 Safari/537.36"
74.125.151.64 - - [11/Apr/2026:12:34:47 +0300] "GET /media/jui/js/jquery-noconflict.js?8fb4a4e2f090f461e7630b2a7b848f9f HTTP/1.1" 200 21 "https://germetikprof.ru/katalog/product/view/1/22" "Mozilla/5.0 (X11; Linux x86_64) AppleWebKit/537.36 (KHTML, like Gecko) Chrome/146.0.7680.164 Safari/537.36"
74.125.151.64 - - [11/Apr/2026:12:34:51 +0300] "GET /components/com_sppagebuilder/assets/css/magnific-popup.css HTTP/1.1" 200 5920 "https://germetikprof.ru/katalog/product/view/1/22" "Mozilla/5.0 (X11; Linux x86_64) AppleWebKit/537.36 (KHTML, like Gecko) Chrome/146.0.7680.164 Safari/537.36"
74.125.151.64 - - [11/Apr/2026:12:34:55 +0300] "GET /templates/shaper_helix3/css/font-awesome.min.css HTTP/1.1" 200 31000 "https://germetikprof.ru/katalog/product/view/1/22" "Mozilla/5.0 (X11; Linux x86_64) AppleWebKit/537.36 (KHTML, like Gecko) Chrome/146.0.7680.164 Safari/537.36"
74.125.151.64 - - [11/Apr/2026:12:35:00 +0300] "GET /components/com_sppagebuilder/assets/css/sppagebuilder.css HTTP/1.1" 200 154003 "https://germetikprof.ru/katalog/product/view/1/22" "Mozilla/5.0 (X11; Linux x86_64) AppleWebKit/537.36 (KHTML, like Gecko) Chrome/146.0.7680.164 Safari/537.36"
74.125.151.64 - - [11/Apr/2026:12:35:04 +0300] "GET /components/com_jshopping/css/jquery.lightbox.css HTTP/1.1" 200 2421 "https://germetikprof.ru/katalog/product/view/1/22" "Mozilla/5.0 (X11; Linux x86_64) AppleWebKit/537.36 (KHTML, like Gecko) Chrome/146.0.7680.164 Safari/537.36"
74.125.151.64 - - [11/Apr/2026:12:35:12 +0300] "GET /media/mod_jcart_ajax/css/default.css HTTP/1.1" 200 6426 "https://germetikprof.ru/katalog/product/view/1/22" "Mozilla/5.0 (X11; Linux x86_64) AppleWebKit/537.36 (KHTML, like Gecko) Chrome/146.0.7680.164 Safari/537.36"
74.125.151.64 - - [11/Apr/2026:12:35:16 +0300] "GET /templates/shaper_helix3/css/presets/preset4.css HTTP/1.1" 200 2159 "https://germetikprof.ru/katalog/product/view/1/22" "Mozilla/5.0 (X11; Linux x86_64) AppleWebKit/537.36 (KHTML, like Gecko) Chrome/146.0.7680.164 Safari/537.36"
74.125.151.64 - - [11/Apr/2026:12:35:20 +0300] "GET /components/com_jshopping/js/jquery/jquery.media.js HTTP/1.1" 200 18047 "https://germetikprof.ru/katalog/product/view/1/22" "Mozilla/5.0 (X11; Linux x86_64) AppleWebKit/537.36 (KHTML, like Gecko) Chrome/146.0.7680.164 Safari/537.36"
74.125.151.64 - - [11/Apr/2026:12:35:23 +0300] "GET /media/system/js/core.js?8fb4a4e2f090f461e7630b2a7b848f9f HTTP/1.1" 200 8735 "https://germetikprof.ru/katalog/product/view/1/22" "Mozilla/5.0 (X11; Linux x86_64) AppleWebKit/537.36 (KHTML, like Gecko) Chrome/146.0.7680.164 Safari/537.36"
74.125.151.64 - - [11/Apr/2026:12:35:27 +0300] "GET /templates/shaper_helix3/css/frontend-edit.css HTTP/1.1" 200 2912 "https://germetikprof.ru/katalog/product/view/1/22" "Mozilla/5.0 (X11; Linux x86_64) AppleWebKit/537.36 (KHTML, like Gecko) Chrome/146.0.7680.164 Safari/537.36"
74.125.151.64 - - [11/Apr/2026:12:35:31 +0300] "GET /modules/mod_gruemenu/css/styles.css HTTP/1.1" 200 4545 "https://germetikprof.ru/katalog/product/view/1/22" "Mozilla/5.0 (X11; Linux x86_64) AppleWebKit/537.36 (KHTML, like Gecko) Chrome/146.0.7680.164 Safari/537.36"
74.125.151.64 - - [11/Apr/2026:12:35:35 +0300] "GET /templates/shaper_helix3/css/legacy.css HTTP/1.1" 200 27359 "https://germetikprof.ru/katalog/product/view/1/22" "Mozilla/5.0 (X11; Linux x86_64) AppleWebKit/537.36 (KHTML, like Gecko) Chrome/146.0.7680.164 Safari/537.36"
74.125.151.64 - - [11/Apr/2026:12:35:39 +0300] "GET /modules/mod_gruemenu/js/touchwipe.min.js HTTP/1.1" 200 2254 "https://germetikprof.ru/katalog/product/view/1/22" "Mozilla/5.0 (X11; Linux x86_64) AppleWebKit/537.36 (KHTML, like Gecko) Chrome/146.0.7680.164 Safari/537.36"
74.125.151.64 - - [11/Apr/2026:12:35:42 +0300] "GET /media/jui/js/jquery.min.js?8fb4a4e2f090f461e7630b2a7b848f9f HTTP/1.1" 200 97646 "https://germetikprof.ru/katalog/product/view/1/22" "Mozilla/5.0 (X11; Linux x86_64) AppleWebKit/537.36 (KHTML, like Gecko) Chrome/146.0.7680.164 Safari/537.36"
74.125.151.64 - - [11/Apr/2026:12:35:46 +0300] "GET /modules/mod_contactus/js/contactus_form.js HTTP/1.1" 200 2290 "https://germetikprof.ru/katalog/product/view/1/22" "Mozilla/5.0 (X11; Linux x86_64) AppleWebKit/537.36 (KHTML, like Gecko) Chrome/146.0.7680.164 Safari/537.36"
74.125.151.64 - - [11/Apr/2026:12:35:50 +0300] "GET /media/jui/js/jquery-migrate.min.js?8fb4a4e2f090f461e7630b2a7b848f9f HTTP/1.1" 200 10056 "https://germetikprof.ru/katalog/product/view/1/22" "Mozilla/5.0 (X11; Linux x86_64) AppleWebKit/537.36 (KHTML, like Gecko) Chrome/146.0.7680.164 Safari/537.36"
74.125.151.64 - - [11/Apr/2026:12:35:53 +0300] "GET /templates/shaper_helix3/js/main.js HTTP/1.1" 200 8773 "https://germetikprof.ru/katalog/product/view/1/22" "Mozilla/5.0 (X11; Linux x86_64) AppleWebKit/537.36 (KHTML, like Gecko) Chrome/146.0.7680.164 Safari/537.36"
74.125.151.64 - - [11/Apr/2026:12:35:57 +0300] "GET /components/com_jshopping/js/jquery/jquery.lightbox.js HTTP/1.1" 200 23418 "https://germetikprof.ru/katalog/product/view/1/22" "Mozilla/5.0 (X11; Linux x86_64) AppleWebKit/537.36 (KHTML, like Gecko) Chrome/146.0.7680.164 Safari/537.36"
74.125.151.64 - - [11/Apr/2026:12:36:00 +0300] "GET /components/com_sppagebuilder/assets/js/jquery.parallax.js HTTP/1.1" 200 892 "https://germetikprof.ru/katalog/product/view/1/22" "Mozilla/5.0 (X11; Linux x86_64) AppleWebKit/537.36 (KHTML, like Gecko) Chrome/146.0.7680.164 Safari/537.36"
74.125.151.64 - - [11/Apr/2026:12:36:04 +0300] "GET /components/com_jshopping/js/functions.js HTTP/1.1" 200 45317 "https://germetikprof.ru/katalog/product/view/1/22" "Mozilla/5.0 (X11; Linux x86_64) AppleWebKit/537.36 (KHTML, like Gecko) Chrome/146.0.7680.164 Safari/537.36"
114.119.158.106 - - [11/Apr/2026:12:36:13 +0300] "GET /components/com_jshopping/files/img_products/full_photo.jpg.webp HTTP/1.0" 200 29666 "https://www.germetikprof.ru/katalog/product/view/1/20" "Mozilla/5.0 (Linux; Android 7.0;) AppleWebKit/537.36 (KHTML, like Gecko) Mobile Safari/537.36 (compatible; PetalBot;+https://webmaster.petalsearch.com/site/petalbot)"
74.125.151.64 - - [11/Apr/2026:12:36:15 +0300] "GET /components/com_jshopping/files/img_products/igun_600_ruchnoy_1-P.png HTTP/1.1" 200 641870 "https://germetikprof.ru/katalog/product/view/1/22" "Mozilla/5.0 (X11; Linux x86_64) AppleWebKit/537.36 (KHTML, like Gecko) Chrome/146.0.7680.164 Safari/537.36"
103.153.182.11 - - [11/Apr/2026:12:36:23 +0300] "POST / HTTP/1.0" 200 19824 "-" "Mozilla/5.0 (Windows NT 10.0; Win64; x64) AppleWebKit/537.36 (KHTML, like Gecko) Chrome/131.0.0.0 Safari/537.36"
74.125.151.64 - - [11/Apr/2026:12:36:28 +0300] "GET /components/com_jshopping/images/search.png HTTP/1.1" 200 491 "https://germetikprof.ru/katalog/product/view/1/22" "Mozilla/5.0 (X11; Linux x86_64) AppleWebKit/537.36 (KHTML, like Gecko) Chrome/146.0.7680.164 Safari/537.36"
114.119.128.62 - - [11/Apr/2026:12:38:27 +0300] "GET /component/users/ HTTP/1.0" 200 10456 "https://germetikprof.ru/component/users/?view=reset&Itemid=101" "Mozilla/5.0 (Linux; Android 7.0;) AppleWebKit/537.36 (KHTML, like Gecko) Mobile Safari/537.36 (compatible; PetalBot;+https://webmaster.petalsearch.com/site/petalbot)"
103.153.182.11 - - [11/Apr/2026:12:39:43 +0300] "POST / HTTP/1.0" 200 19822 "-" "Mozilla/5.0 (X11; Ubuntu; Linux x86_64; rv:133.0) Gecko/20100101 Firefox/133.0"
66.249.70.66 - - [11/Apr/2026:12:47:04 +0300] "GET /info/O01720068366 HTTP/1.0" 200 29093 "-" "Mozilla/5.0 (Linux; Android 6.0.1; Nexus 5X Build/MMB29P) AppleWebKit/537.36 (KHTML, like Gecko) Chrome/146.0.7680.177 Mobile Safari/537.36 (compatible; GoogleOther)"
66.249.70.64 - - [11/Apr/2026:12:47:58 +0300] "GET /info/O01720068366 HTTP/1.0" 200 29093 "-" "Mozilla/5.0 (Linux; Android 6.0.1; Nexus 5X Build/MMB29P) AppleWebKit/537.36 (KHTML, like Gecko) Chrome/146.0.7680.177 Mobile Safari/537.36 (compatible; Googlebot/2.1; +http://www.google.com/bot.html)"
216.244.66.201 - - [11/Apr/2026:12:51:15 +0300] "GET /robots.txt HTTP/1.1" 301 196 "-" "Mozilla/5.0 (compatible; DotBot/1.2; +https://opensiteexplorer.org/dotbot; help@moz.com)"
216.244.66.201 - - [11/Apr/2026:12:51:15 +0300] "GET /robots.txt HTTP/1.1" 301 196 "-" "Mozilla/5.0 (compatible; DotBot/1.2; +https://opensiteexplorer.org/dotbot; help@moz.com)"
216.244.66.201 - - [11/Apr/2026:12:51:16 +0300] "GET /robots.txt HTTP/1.0" 200 351 "-" "Mozilla/5.0 (compatible; DotBot/1.2; +https://opensiteexplorer.org/dotbot; help@moz.com)"
216.244.66.201 - - [11/Apr/2026:12:51:16 +0300] "GET /robots.txt HTTP/1.0" 200 351 "-" "Mozilla/5.0 (compatible; DotBot/1.2; +https://opensiteexplorer.org/dotbot; help@moz.com)"
5.255.231.157 - - [11/Apr/2026:12:54:32 +0300] "GET /robots.txt HTTP/1.1" 301 196 "-" "Mozilla/5.0 (compatible; YandexBot/3.0; +http://yandex.com/bots)"
5.255.231.157 - - [11/Apr/2026:12:54:32 +0300] "GET /robots.txt HTTP/1.0" 200 351 "-" "Mozilla/5.0 (compatible; YandexBot/3.0; +http://yandex.com/bots)"
213.180.203.168 - - [11/Apr/2026:12:54:32 +0300] "GET / HTTP/1.1" 301 196 "-" "Mozilla/5.0 (compatible; YandexBot/3.0; +http://yandex.com/bots)"
213.180.203.64 - - [11/Apr/2026:12:54:32 +0300] "GET /robots.txt HTTP/1.0" 200 351 "-" "Mozilla/5.0 (compatible; YandexBot/3.0; +http://yandex.com/bots)"
87.250.224.10 - - [11/Apr/2026:12:54:33 +0300] "GET / HTTP/1.0" 200 19826 "-" "Mozilla/5.0 (compatible; YandexBot/3.0; +http://yandex.com/bots)"
216.244.66.201 - - [11/Apr/2026:12:57:49 +0300] "GET /images/2019/11/04/1.2.-01.jpg HTTP/1.1" 200 157210 "-" "Mozilla/5.0 (compatible; DotBot/1.2; +https://opensiteexplorer.org/dotbot; help@moz.com)"
216.244.66.201 - - [11/Apr/2026:13:01:34 +0300] "GET /components/com_jshopping/files/img_products/full_160_acryl1.png.webp HTTP/1.0" 200 38767 "-" "Mozilla/5.0 (compatible; DotBot/1.2; +https://opensiteexplorer.org/dotbot; help@moz.com)"
51.68.107.154 - - [11/Apr/2026:13:06:57 +0300] "GET /robots.txt HTTP/1.0" 200 395 "-" "Mozilla/5.0 (compatible; MJ12bot/v2.0.5; http://mj12bot.com/)"
51.68.107.154 - - [11/Apr/2026:13:06:57 +0300] "GET / HTTP/1.0" 200 19827 "-" "Mozilla/5.0 (compatible; MJ12bot/v2.0.5; http://mj12bot.com/)"
114.119.128.55 - - [11/Apr/2026:13:15:25 +0300] "GET /katalog/product/view/1/23 HTTP/1.0" 200 11660 "https://www.germetikprof.ru/katalog/product/view/1/23" "Mozilla/5.0 (Linux; Android 7.0;) AppleWebKit/537.36 (KHTML, like Gecko) Mobile Safari/537.36 (compatible; PetalBot;+https://webmaster.petalsearch.com/site/petalbot)"
66.249.70.65 - - [11/Apr/2026:13:19:49 +0300] "GET /katalog/product/view/1/31 HTTP/1.0" 200 25674 "-" "Mozilla/5.0 (compatible; Googlebot/2.1; +http://www.google.com/bot.html)"
3.219.81.66 - - [11/Apr/2026:13:25:42 +0300] "GET /katalog/product/view/1/10 HTTP/1.0" 200 12802 "-" "Mozilla/5.0 AppleWebKit/537.36 (KHTML, like Gecko; compatible; Amazonbot/0.1; +https://developer.amazon.com/support/amazonbot) Chrome/119.0.6045.214 Safari/537.36"
216.244.66.201 - - [11/Apr/2026:13:36:43 +0300] "GET /robots.txt HTTP/1.1" 301 196 "-" "Mozilla/5.0 (compatible; DotBot/1.2; +https://opensiteexplorer.org/dotbot; help@moz.com)"
216.244.66.201 - - [11/Apr/2026:13:36:43 +0300] "GET /robots.txt HTTP/1.0" 200 351 "-" "Mozilla/5.0 (compatible; DotBot/1.2; +https://opensiteexplorer.org/dotbot; help@moz.com)"
175.6.217.4 - - [11/Apr/2026:13:36:55 +0300] "GET / HTTP/1.1" 301 196 "-" "Mozilla/5.0 (iPhone; CPU iPhone OS 13_2_3 like Mac OS X) AppleWebKit/605.1.15 (KHTML, like Gecko) Version/13.0.3 Mobile/15E148 Safari/604.1"
175.6.217.4 - - [11/Apr/2026:13:36:57 +0300] "GET / HTTP/1.0" 200 19823 "http://germetikprof.ru" "Mozilla/5.0 (iPhone; CPU iPhone OS 13_2_3 like Mac OS X) AppleWebKit/605.1.15 (KHTML, like Gecko) Version/13.0.3 Mobile/15E148 Safari/604.1"
84.54.44.19 - - [11/Apr/2026:13:37:14 +0300] "GET / HTTP/1.0" 200 131126 "https://germetikprof.ru/" "Mozilla/5.0 (Windows NT 10.0; Win64; x64) AppleWebKit/537.36 (KHTML, like Gecko) Chrome/130.0.0.0 Safari/537.36"
84.54.44.19 - - [11/Apr/2026:13:37:22 +0300] "POST / HTTP/1.0" 303 670 "https://germetikprof.ru/" "Mozilla/5.0 (Windows NT 10.0; Win64; x64) AppleWebKit/537.36 (KHTML, like Gecko) Chrome/130.0.0.0 Safari/537.36"
84.54.44.19 - - [11/Apr/2026:13:37:27 +0300] "GET / HTTP/1.0" 200 131029 "https://germetikprof.ru/" "Mozilla/5.0 (Windows NT 10.0; Win64; x64) AppleWebKit/537.36 (KHTML, like Gecko) Chrome/130.0.0.0 Safari/537.36"
216.244.66.201 - - [11/Apr/2026:13:43:21 +0300] "GET /images/2019/11/04/img_20190519_151525-01.jpg HTTP/1.1" 200 276000 "-" "Mozilla/5.0 (compatible; DotBot/1.2; +https://opensiteexplorer.org/dotbot; help@moz.com)"
47.128.119.37 - - [11/Apr/2026:13:48:12 +0300] "GET /robots.txt HTTP/1.0" 200 395 "-" "Mozilla/5.0 (Linux; Android 5.0) AppleWebKit/537.36 (KHTML, like Gecko) Mobile Safari/537.36 (compatible; Bytespider; spider-feedback@bytedance.com)"
66.249.70.64 - - [11/Apr/2026:13:51:10 +0300] "GET /info/O01738028370 HTTP/1.0" 200 27427 "-" "Mozilla/5.0 (Linux; Android 6.0.1; Nexus 5X Build/MMB29P) AppleWebKit/537.36 (KHTML, like Gecko) Chrome/146.0.7680.177 Mobile Safari/537.36 (compatible; GoogleOther)"
47.128.119.55 - - [11/Apr/2026:13:54:20 +0300] "GET /robots.txt HTTP/1.0" 200 395 "-" "Mozilla/5.0 (Linux; Android 5.0) AppleWebKit/537.36 (KHTML, like Gecko) Mobile Safari/537.36 (compatible; Bytespider; spider-feedback@bytedance.com)"
74.125.151.66 - - [11/Apr/2026:14:01:07 +0300] "GET /katalog/product/view/1/30 HTTP/1.0" 200 11594 "-" "Mozilla/5.0 (X11; Linux x86_64) AppleWebKit/537.36 (KHTML, like Gecko) Chrome/146.0.7680.164 Safari/537.36"
74.125.151.64 - - [11/Apr/2026:14:01:26 +0300] "GET /media/mod_jcart_ajax/css/default.css HTTP/1.1" 200 6426 "https://germetikprof.ru/katalog/product/view/1/30" "Mozilla/5.0 (X11; Linux x86_64) AppleWebKit/537.36 (KHTML, like Gecko) Chrome/146.0.7680.164 Safari/537.36"
74.125.151.64 - - [11/Apr/2026:14:01:30 +0300] "GET /templates/shaper_helix3/css/frontend-edit.css HTTP/1.1" 200 2912 "https://germetikprof.ru/katalog/product/view/1/30" "Mozilla/5.0 (X11; Linux x86_64) AppleWebKit/537.36 (KHTML, like Gecko) Chrome/146.0.7680.164 Safari/537.36"
74.125.151.64 - - [11/Apr/2026:14:01:35 +0300] "GET /templates/shaper_helix3/css/bootstrap.min.css HTTP/1.1" 200 121155 "https://germetikprof.ru/katalog/product/view/1/30" "Mozilla/5.0 (X11; Linux x86_64) AppleWebKit/537.36 (KHTML, like Gecko) Chrome/146.0.7680.164 Safari/537.36"
74.125.151.64 - - [11/Apr/2026:14:01:44 +0300] "GET /templates/shaper_helix3/css/presets/preset4.css HTTP/1.1" 200 2159 "https://germetikprof.ru/katalog/product/view/1/30" "Mozilla/5.0 (X11; Linux x86_64) AppleWebKit/537.36 (KHTML, like Gecko) Chrome/146.0.7680.164 Safari/537.36"
74.125.151.64 - - [11/Apr/2026:14:01:50 +0300] "GET /components/com_jshopping/css/jquery.lightbox.css HTTP/1.1" 200 2421 "https://germetikprof.ru/katalog/product/view/1/30" "Mozilla/5.0 (X11; Linux x86_64) AppleWebKit/537.36 (KHTML, like Gecko) Chrome/146.0.7680.164 Safari/537.36"
74.125.151.64 - - [11/Apr/2026:14:01:55 +0300] "GET /media/system/js/mootools-core.js?8fb4a4e2f090f461e7630b2a7b848f9f HTTP/1.1" 200 83893 "https://germetikprof.ru/katalog/product/view/1/30" "Mozilla/5.0 (X11; Linux x86_64) AppleWebKit/537.36 (KHTML, like Gecko) Chrome/146.0.7680.164 Safari/537.36"
74.125.151.65 - - [11/Apr/2026:14:02:07 +0300] "GET /templates/shaper_helix3/css/font-awesome.min.css HTTP/1.1" 200 31000 "https://germetikprof.ru/katalog/product/view/1/30" "Mozilla/5.0 (X11; Linux x86_64) AppleWebKit/537.36 (KHTML, like Gecko) Chrome/146.0.7680.164 Safari/537.36"
74.125.151.65 - - [11/Apr/2026:14:02:24 +0300] "GET /templates/shaper_helix3/css/legacy.css HTTP/1.1" 200 27359 "https://germetikprof.ru/katalog/product/view/1/30" "Mozilla/5.0 (X11; Linux x86_64) AppleWebKit/537.36 (KHTML, like Gecko) Chrome/146.0.7680.164 Safari/537.36"
74.125.151.64 - - [11/Apr/2026:14:02:30 +0300] "GET /templates/shaper_helix3/js/jquery.sticky.js HTTP/1.1" 200 5739 "https://germetikprof.ru/katalog/product/view/1/30" "Mozilla/5.0 (X11; Linux x86_64) AppleWebKit/537.36 (KHTML, like Gecko) Chrome/146.0.7680.164 Safari/537.36"
74.125.151.64 - - [11/Apr/2026:14:02:35 +0300] "GET /templates/shaper_helix3/css/template.css HTTP/1.1" 200 76424 "https://germetikprof.ru/katalog/product/view/1/30" "Mozilla/5.0 (X11; Linux x86_64) AppleWebKit/537.36 (KHTML, like Gecko) Chrome/146.0.7680.164 Safari/537.36"
74.125.151.64 - - [11/Apr/2026:14:02:46 +0300] "GET /media/mod_jcart_ajax/js/jcart-ajax.js HTTP/1.1" 200 7890 "https://germetikprof.ru/katalog/product/view/1/30" "Mozilla/5.0 (X11; Linux x86_64) AppleWebKit/537.36 (KHTML, like Gecko) Chrome/146.0.7680.164 Safari/537.36"
74.125.151.64 - - [11/Apr/2026:14:02:52 +0300] "GET /templates/shaper_helix3/js/bootstrap.min.js HTTP/1.1" 200 37045 "https://germetikprof.ru/katalog/product/view/1/30" "Mozilla/5.0 (X11; Linux x86_64) AppleWebKit/537.36 (KHTML, like Gecko) Chrome/146.0.7680.164 Safari/537.36"
74.125.151.64 - - [11/Apr/2026:14:03:02 +0300] "GET /components/com_jshopping/css/default.css HTTP/1.1" 200 25555 "https://germetikprof.ru/katalog/product/view/1/30" "Mozilla/5.0 (X11; Linux x86_64) AppleWebKit/537.36 (KHTML, like Gecko) Chrome/146.0.7680.164 Safari/537.36"
74.125.151.64 - - [11/Apr/2026:14:03:08 +0300] "GET /components/com_jshopping/js/jquery/jquery.lightbox.js HTTP/1.1" 200 23418 "https://germetikprof.ru/katalog/product/view/1/30" "Mozilla/5.0 (X11; Linux x86_64) AppleWebKit/537.36 (KHTML, like Gecko) Chrome/146.0.7680.164 Safari/537.36"
74.125.151.64 - - [11/Apr/2026:14:03:18 +0300] "GET /components/com_jshopping/images/search.png HTTP/1.1" 200 491 "https://germetikprof.ru/katalog/product/view/1/30" "Mozilla/5.0 (X11; Linux x86_64) AppleWebKit/537.36 (KHTML, like Gecko) Chrome/146.0.7680.164 Safari/537.36"
74.125.151.64 - - [11/Apr/2026:14:03:24 +0300] "GET /components/com_jshopping/files/img_products/820d125h8-PhotoRoomp.png HTTP/1.1" 200 641870 "https://germetikprof.ru/katalog/product/view/1/30" "Mozilla/5.0 (X11; Linux x86_64) AppleWebKit/537.36 (KHTML, like Gecko) Chrome/146.0.7680.164 Safari/537.36"
74.125.151.64 - - [11/Apr/2026:14:08:39 +0300] "GET /katalog/product/view/1/25 HTTP/1.0" 200 11936 "-" "Mozilla/5.0 (X11; Linux x86_64) AppleWebKit/537.36 (KHTML, like Gecko) Chrome/146.0.7680.164 Safari/537.36"
74.125.151.64 - - [11/Apr/2026:14:08:59 +0300] "GET /modules/mod_gruemenu/css/styles.css HTTP/1.1" 200 4545 "https://germetikprof.ru/katalog/product/view/1/25" "Mozilla/5.0 (X11; Linux x86_64) AppleWebKit/537.36 (KHTML, like Gecko) Chrome/146.0.7680.164 Safari/537.36"
74.125.151.65 - - [11/Apr/2026:14:09:05 +0300] "GET /templates/shaper_helix3/css/legacy.css HTTP/1.1" 200 27359 "https://germetikprof.ru/katalog/product/view/1/25" "Mozilla/5.0 (X11; Linux x86_64) AppleWebKit/537.36 (KHTML, like Gecko) Chrome/146.0.7680.164 Safari/537.36"
74.125.151.64 - - [11/Apr/2026:14:09:15 +0300] "GET /modules/mod_gruemenu/js/touchwipe.min.js HTTP/1.1" 200 2254 "https://germetikprof.ru/katalog/product/view/1/25" "Mozilla/5.0 (X11; Linux x86_64) AppleWebKit/537.36 (KHTML, like Gecko) Chrome/146.0.7680.164 Safari/537.36"
74.125.151.64 - - [11/Apr/2026:14:09:20 +0300] "GET /components/com_jshopping/js/jquery/jquery.media.js HTTP/1.1" 200 18047 "https://germetikprof.ru/katalog/product/view/1/25" "Mozilla/5.0 (X11; Linux x86_64) AppleWebKit/537.36 (KHTML, like Gecko) Chrome/146.0.7680.164 Safari/537.36"
74.125.151.64 - - [11/Apr/2026:14:09:28 +0300] "GET /media/system/js/core.js?8fb4a4e2f090f461e7630b2a7b848f9f HTTP/1.1" 200 8735 "https://germetikprof.ru/katalog/product/view/1/25" "Mozilla/5.0 (X11; Linux x86_64) AppleWebKit/537.36 (KHTML, like Gecko) Chrome/146.0.7680.164 Safari/537.36"
74.125.151.64 - - [11/Apr/2026:14:09:32 +0300] "GET /templates/shaper_helix3/css/bootstrap.min.css HTTP/1.1" 200 121155 "https://germetikprof.ru/katalog/product/view/1/25" "Mozilla/5.0 (X11; Linux x86_64) AppleWebKit/537.36 (KHTML, like Gecko) Chrome/146.0.7680.164 Safari/537.36"
74.125.151.64 - - [11/Apr/2026:14:09:40 +0300] "GET /components/com_sppagebuilder/assets/css/sppagebuilder.css HTTP/1.1" 200 154003 "https://germetikprof.ru/katalog/product/view/1/25" "Mozilla/5.0 (X11; Linux x86_64) AppleWebKit/537.36 (KHTML, like Gecko) Chrome/146.0.7680.164 Safari/537.36"
74.125.151.64 - - [11/Apr/2026:14:09:50 +0300] "GET /modules/mod_gruemenu/js/script.js HTTP/1.1" 200 752 "https://germetikprof.ru/katalog/product/view/1/25" "Mozilla/5.0 (X11; Linux x86_64) AppleWebKit/537.36 (KHTML, like Gecko) Chrome/146.0.7680.164 Safari/537.36"
74.125.151.64 - - [11/Apr/2026:14:09:54 +0300] "GET /components/com_jshopping/css/default.css HTTP/1.1" 200 25555 "https://germetikprof.ru/katalog/product/view/1/25" "Mozilla/5.0 (X11; Linux x86_64) AppleWebKit/537.36 (KHTML, like Gecko) Chrome/146.0.7680.164 Safari/537.36"
74.125.151.64 - - [11/Apr/2026:14:09:59 +0300] "GET /media/mod_jcart_ajax/css/default.css HTTP/1.1" 200 6426 "https://germetikprof.ru/katalog/product/view/1/25" "Mozilla/5.0 (X11; Linux x86_64) AppleWebKit/537.36 (KHTML, like Gecko) Chrome/146.0.7680.164 Safari/537.36"
74.125.151.65 - - [11/Apr/2026:14:10:08 +0300] "GET /templates/shaper_helix3/css/presets/preset4.css HTTP/1.1" 200 2159 "https://germetikprof.ru/katalog/product/view/1/25" "Mozilla/5.0 (X11; Linux x86_64) AppleWebKit/537.36 (KHTML, like Gecko) Chrome/146.0.7680.164 Safari/537.36"
74.125.151.65 - - [11/Apr/2026:14:10:13 +0300] "GET /media/system/js/mootools-core.js?8fb4a4e2f090f461e7630b2a7b848f9f HTTP/1.1" 200 83893 "https://germetikprof.ru/katalog/product/view/1/25" "Mozilla/5.0 (X11; Linux x86_64) AppleWebKit/537.36 (KHTML, like Gecko) Chrome/146.0.7680.164 Safari/537.36"
74.125.151.64 - - [11/Apr/2026:14:10:22 +0300] "GET /media/mod_jcart_ajax/js/jcart-ajax.js HTTP/1.1" 200 7890 "https://germetikprof.ru/katalog/product/view/1/25" "Mozilla/5.0 (X11; Linux x86_64) AppleWebKit/537.36 (KHTML, like Gecko) Chrome/146.0.7680.164 Safari/537.36"
74.125.151.64 - - [11/Apr/2026:14:10:26 +0300] "GET /components/com_sppagebuilder/assets/css/animate.min.css HTTP/1.1" 200 53431 "https://germetikprof.ru/katalog/product/view/1/25" "Mozilla/5.0 (X11; Linux x86_64) AppleWebKit/537.36 (KHTML, like Gecko) Chrome/146.0.7680.164 Safari/537.36"
74.125.151.64 - - [11/Apr/2026:14:10:42 +0300] "GET /components/com_sppagebuilder/assets/js/jquery.magnific-popup.min.js HTTP/1.1" 200 20004 "https://germetikprof.ru/katalog/product/view/1/25" "Mozilla/5.0 (X11; Linux x86_64) AppleWebKit/537.36 (KHTML, like Gecko) Chrome/146.0.7680.164 Safari/537.36"
74.125.151.64 - - [11/Apr/2026:14:10:46 +0300] "GET /components/com_jshopping/files/img_products/0Y9A0655-PhotoRoompn.png.webp HTTP/1.0" 200 57771 "https://germetikprof.ru/katalog/product/view/1/25" "Mozilla/5.0 (X11; Linux x86_64) AppleWebKit/537.36 (KHTML, like Gecko) Chrome/146.0.7680.164 Safari/537.36"
74.125.151.64 - - [11/Apr/2026:14:10:49 +0300] "GET /components/com_jshopping/images/search.png HTTP/1.1" 200 491 "https://germetikprof.ru/katalog/product/view/1/25" "Mozilla/5.0 (X11; Linux x86_64) AppleWebKit/537.36 (KHTML, like Gecko) Chrome/146.0.7680.164 Safari/537.36"
74.125.151.64 - - [11/Apr/2026:14:10:53 +0300] "GET /components/com_jshopping/files/img_products/14_200x200-PhotoRoom.png HTTP/1.1" 200 641870 "https://germetikprof.ru/katalog/product/view/1/25" "Mozilla/5.0 (X11; Linux x86_64) AppleWebKit/537.36 (KHTML, like Gecko) Chrome/146.0.7680.164 Safari/537.36"
216.244.66.201 - - [11/Apr/2026:14:22:20 +0300] "GET /robots.txt HTTP/1.1" 301 196 "-" "Mozilla/5.0 (compatible; DotBot/1.2; +https://opensiteexplorer.org/dotbot; help@moz.com)"
216.244.66.201 - - [11/Apr/2026:14:22:21 +0300] "GET /robots.txt HTTP/1.0" 200 351 "-" "Mozilla/5.0 (compatible; DotBot/1.2; +https://opensiteexplorer.org/dotbot; help@moz.com)"
216.244.66.201 - - [11/Apr/2026:14:31:45 +0300] "GET /components/com_jshopping/files/img_products/full_14_200x200-PhotoRoom.png HTTP/1.1" 200 33300 "-" "Mozilla/5.0 (compatible; DotBot/1.2; +https://opensiteexplorer.org/dotbot; help@moz.com)"
140.99.191.165 - - [11/Apr/2026:14:40:48 +0300] "GET / HTTP/1.0" 200 19828 "-" "Mozilla/5.0 (Windows NT 10.0; Win64; x64) AppleWebKit/537.36 (KHTML, like Gecko) Chrome/120.0.0.0 Safari/537.36"
217.216.37.56 - - [11/Apr/2026:14:40:54 +0300] "GET / HTTP/1.1" 301 196 "-" "Go-http-client/1.1"
167.100.106.71 - - [11/Apr/2026:14:40:54 +0300] "GET /contacts HTTP/1.0" 404 3220 "-" "Mozilla/5.0 (Windows NT 10.0; Win64; x64) AppleWebKit/537.36 (KHTML, like Gecko) Chrome/120.0.0.0 Safari/537.36"
217.216.37.56 - - [11/Apr/2026:14:40:54 +0300] "GET / HTTP/1.0" 200 19828 "http://germetikprof.ru/" "Go-http-client/1.1"
217.216.37.56 - - [11/Apr/2026:14:40:58 +0300] "GET /wp-includes/css/buttons.css HTTP/1.1" 301 196 "-" "Go-http-client/1.1"
217.216.37.56 - - [11/Apr/2026:14:40:58 +0300] "GET /wp-includes/css/buttons.css HTTP/1.0" 404 3336 "http://germetikprof.ru/wp-includes/css/buttons.css" "Go-http-client/1.1"
217.216.37.56 - - [11/Apr/2026:14:40:59 +0300] "GET /media/system/js/core.js HTTP/1.1" 301 196 "-" "Go-http-client/1.1"
217.216.37.56 - - [11/Apr/2026:14:40:59 +0300] "GET /media/system/js/core.js HTTP/1.1" 200 8735 "http://germetikprof.ru/media/system/js/core.js" "Go-http-client/1.1"
167.100.106.71 - - [11/Apr/2026:14:41:01 +0300] "GET /kontakty HTTP/1.0" 404 3220 "-" "Mozilla/5.0 (Windows NT 10.0; Win64; x64) AppleWebKit/537.36 (KHTML, like Gecko) Chrome/120.0.0.0 Safari/537.36"
45.43.83.156 - - [11/Apr/2026:14:41:04 +0300] "GET /feedback HTTP/1.0" 404 3220 "-" "Mozilla/5.0 (Windows NT 10.0; Win64; x64) AppleWebKit/537.36 (KHTML, like Gecko) Chrome/120.0.0.0 Safari/537.36"
140.99.191.165 - - [11/Apr/2026:14:41:08 +0300] "GET /contact-us HTTP/1.0" 404 3222 "-" "Mozilla/5.0 (Windows NT 10.0; Win64; x64) AppleWebKit/537.36 (KHTML, like Gecko) Chrome/120.0.0.0 Safari/537.36"
137.59.5.41 - - [11/Apr/2026:14:41:12 +0300] "GET /about HTTP/1.0" 404 3217 "-" "Mozilla/5.0 (Windows NT 10.0; Win64; x64) AppleWebKit/537.36 (KHTML, like Gecko) Chrome/120.0.0.0 Safari/537.36"
140.99.191.165 - - [11/Apr/2026:14:41:15 +0300] "GET /kontakt HTTP/1.0" 404 3219 "-" "Mozilla/5.0 (Windows NT 10.0; Win64; x64) AppleWebKit/537.36 (KHTML, like Gecko) Chrome/120.0.0.0 Safari/537.36"
45.43.83.156 - - [11/Apr/2026:14:41:19 +0300] "GET /%D0%BE%D0%B1%D1%80%D0%B0%D1%82%D0%BD%D0%B0%D1%8F-%D1%81%D0%B2%D1%8F%D0%B7%D1%8C HTTP/1.0" 404 3291 "-" "Mozilla/5.0 (Windows NT 10.0; Win64; x64) AppleWebKit/537.36 (KHTML, like Gecko) Chrome/120.0.0.0 Safari/537.36"
45.43.83.156 - - [11/Apr/2026:14:41:22 +0300] "GET /support HTTP/1.0" 404 3219 "-" "Mozilla/5.0 (Windows NT 10.0; Win64; x64) AppleWebKit/537.36 (KHTML, like Gecko) Chrome/120.0.0.0 Safari/537.36"
43.166.244.66 - - [11/Apr/2026:14:41:32 +0300] "GET / HTTP/1.1" 301 196 "-" "Mozilla/5.0 (iPhone; CPU iPhone OS 13_2_3 like Mac OS X) AppleWebKit/605.1.15 (KHTML, like Gecko) Version/13.0.3 Mobile/15E148 Safari/604.1"
43.166.244.66 - - [11/Apr/2026:14:41:33 +0300] "GET / HTTP/1.0" 200 19827 "http://germetikprof.ru" "Mozilla/5.0 (iPhone; CPU iPhone OS 13_2_3 like Mac OS X) AppleWebKit/605.1.15 (KHTML, like Gecko) Version/13.0.3 Mobile/15E148 Safari/604.1"
114.119.128.62 - - [11/Apr/2026:14:44:23 +0300] "GET /components/com_jshopping/files/img_products/full_2794970.png.webp HTTP/1.0" 200 20999 "https://www.germetikprof.ru/katalog/product/view/1/15" "Mozilla/5.0 (Linux; Android 7.0;) AppleWebKit/537.36 (KHTML, like Gecko) Mobile Safari/537.36 (compatible; PetalBot;+https://webmaster.petalsearch.com/site/petalbot)"
43.157.170.126 - - [11/Apr/2026:15:07:28 +0300] "GET / HTTP/1.1" 301 196 "-" "Mozilla/5.0 (iPhone; CPU iPhone OS 13_2_3 like Mac OS X) AppleWebKit/605.1.15 (KHTML, like Gecko) Version/13.0.3 Mobile/15E148 Safari/604.1"
43.157.170.126 - - [11/Apr/2026:15:07:30 +0300] "GET / HTTP/1.0" 200 19828 "http://www.germetikprof.ru" "Mozilla/5.0 (iPhone; CPU iPhone OS 13_2_3 like Mac OS X) AppleWebKit/605.1.15 (KHTML, like Gecko) Version/13.0.3 Mobile/15E148 Safari/604.1"
216.244.66.201 - - [11/Apr/2026:15:08:09 +0300] "GET /robots.txt HTTP/1.1" 301 196 "-" "Mozilla/5.0 (compatible; DotBot/1.2; +https://opensiteexplorer.org/dotbot; help@moz.com)"
216.244.66.201 - - [11/Apr/2026:15:08:10 +0300] "GET /robots.txt HTTP/1.0" 200 351 "-" "Mozilla/5.0 (compatible; DotBot/1.2; +https://opensiteexplorer.org/dotbot; help@moz.com)"
51.210.216.21 - - [11/Apr/2026:15:10:44 +0300] "GET / HTTP/1.1" 301 196 "-" "Mozilla/5.0 (X11; Linux x86_64) AppleWebKit/537.36 (KHTML, like Gecko) Chrome/131.0.0.0 Safari/537.36"
51.210.216.21 - - [11/Apr/2026:15:10:44 +0300] "GET / HTTP/1.0" 200 19822 "-" "Mozilla/5.0 (X11; Linux x86_64) AppleWebKit/537.36 (KHTML, like Gecko) Chrome/131.0.0.0 Safari/537.36"
66.249.70.65 - - [11/Apr/2026:15:11:52 +0300] "GET /info/O014183714806 HTTP/1.0" 200 27843 "-" "Mozilla/5.0 (Linux; Android 6.0.1; Nexus 5X Build/MMB29P) AppleWebKit/537.36 (KHTML, like Gecko) Chrome/146.0.7680.177 Mobile Safari/537.36 (compatible; GoogleOther)"
43.166.246.180 - - [11/Apr/2026:15:12:34 +0300] "GET / HTTP/1.1" 400 283 "-" "Mozilla/5.0 (iPhone; CPU iPhone OS 13_2_3 like Mac OS X) AppleWebKit/605.1.15 (KHTML, like Gecko) Version/13.0.3 Mobile/15E148 Safari/604.1"
74.125.151.65 - - [11/Apr/2026:15:13:06 +0300] "GET /katalog/product/view/1/22 HTTP/1.0" 200 12007 "-" "Mozilla/5.0 (X11; Linux x86_64) AppleWebKit/537.36 (KHTML, like Gecko) Chrome/146.0.7680.164 Safari/537.36"
74.125.151.64 - - [11/Apr/2026:15:14:44 +0300] "GET /components/com_sppagebuilder/assets/css/magnific-popup.css HTTP/1.1" 200 5920 "https://germetikprof.ru/katalog/product/view/1/22" "Mozilla/5.0 (X11; Linux x86_64) AppleWebKit/537.36 (KHTML, like Gecko) Chrome/146.0.7680.164 Safari/537.36"
74.125.151.64 - - [11/Apr/2026:15:15:00 +0300] "GET /modules/mod_gruemenu/css/styles.css HTTP/1.1" 200 4545 "https://germetikprof.ru/katalog/product/view/1/22" "Mozilla/5.0 (X11; Linux x86_64) AppleWebKit/537.36 (KHTML, like Gecko) Chrome/146.0.7680.164 Safari/537.36"
74.125.151.64 - - [11/Apr/2026:15:15:10 +0300] "GET /media/system/js/core.js?8fb4a4e2f090f461e7630b2a7b848f9f HTTP/1.1" 200 8735 "https://germetikprof.ru/katalog/product/view/1/22" "Mozilla/5.0 (X11; Linux x86_64) AppleWebKit/537.36 (KHTML, like Gecko) Chrome/146.0.7680.164 Safari/537.36"
74.125.151.64 - - [11/Apr/2026:15:15:14 +0300] "GET /components/com_jshopping/files/img_products/igun_600_ruchnoy_1-P.png HTTP/1.1" 200 641870 "https://germetikprof.ru/katalog/product/view/1/22" "Mozilla/5.0 (X11; Linux x86_64) AppleWebKit/537.36 (KHTML, like Gecko) Chrome/146.0.7680.164 Safari/537.36"
74.125.151.64 - - [11/Apr/2026:15:15:22 +0300] "GET /images/2019/02/13/mail.png HTTP/1.1" 200 1564 "https://germetikprof.ru/katalog/product/view/1/22" "Mozilla/5.0 (X11; Linux x86_64) AppleWebKit/537.36 (KHTML, like Gecko) Chrome/146.0.7680.164 Safari/537.36"
216.244.66.201 - - [11/Apr/2026:15:19:39 +0300] "GET /components/com_jshopping/files/img_products/full_0Y9A0655-PhotoRoompn.png.webp HTTP/1.0" 200 117947 "-" "Mozilla/5.0 (compatible; DotBot/1.2; +https://opensiteexplorer.org/dotbot; help@moz.com)"
66.249.70.66 - - [11/Apr/2026:15:19:44 +0300] "GET /fotogalereya HTTP/1.0" 200 28582 "-" "Mozilla/5.0 (Linux; Android 6.0.1; Nexus 5X Build/MMB29P) AppleWebKit/537.36 (KHTML, like Gecko) Chrome/146.0.7680.177 Mobile Safari/537.36 (compatible; Googlebot/2.1; +http://www.google.com/bot.html)"
66.249.70.65 - - [11/Apr/2026:15:31:07 +0300] "GET /info/O013100002310 HTTP/1.0" 200 27832 "-" "Mozilla/5.0 (Linux; Android 6.0.1; Nexus 5X Build/MMB29P) AppleWebKit/537.36 (KHTML, like Gecko) Chrome/146.0.7680.177 Mobile Safari/537.36 (compatible; GoogleOther)"
216.244.66.201 - - [11/Apr/2026:15:55:18 +0300] "GET /robots.txt HTTP/1.1" 301 196 "-" "Mozilla/5.0 (compatible; DotBot/1.2; +https://opensiteexplorer.org/dotbot; help@moz.com)"
216.244.66.201 - - [11/Apr/2026:15:55:19 +0300] "GET /robots.txt HTTP/1.0" 200 351 "-" "Mozilla/5.0 (compatible; DotBot/1.2; +https://opensiteexplorer.org/dotbot; help@moz.com)"
198.98.50.128 - - [11/Apr/2026:15:55:53 +0300] "GET /wp-login.php HTTP/1.0" 404 3321 "-" "Mozilla/5.0 (Windows NT 10.0; Win64; x64) AppleWebKit/537.36"
216.244.66.201 - - [11/Apr/2026:16:10:21 +0300] "GET /components/com_jshopping/files/img_products/full_21300750-PhotoRoompn.png.webp HTTP/1.0" 200 60189 "-" "Mozilla/5.0 (compatible; DotBot/1.2; +https://opensiteexplorer.org/dotbot; help@moz.com)"
216.244.66.201 - - [11/Apr/2026:16:10:26 +0300] "GET /components/com_jshopping/files/img_products/full_DSC_1645-2.png.webp HTTP/1.0" 200 82782 "-" "Mozilla/5.0 (compatible; DotBot/1.2; +https://opensiteexplorer.org/dotbot; help@moz.com)"
66.249.70.64 - - [11/Apr/2026:16:14:01 +0300] "GET /katalog/product/view/1/12 HTTP/1.0" 200 25673 "-" "Mozilla/5.0 (Linux; Android 6.0.1; Nexus 5X Build/MMB29P) AppleWebKit/537.36 (KHTML, like Gecko) Chrome/146.0.7680.177 Mobile Safari/537.36 (compatible; Googlebot/2.1; +http://www.google.com/bot.html)"
198.244.168.8 - - [11/Apr/2026:16:15:59 +0300] "GET /sitemap.xml HTTP/1.0" 200 14345 "-" "Mozilla/5.0 (compatible; AhrefsBot/7.0; +http://ahrefs.com/robot/)"
