74.125.151.64 - - [13/Apr/2026:17:39:01 +0300] "GET /media/mod_jcart_ajax/js/jcart-ajax.js HTTP/1.1" 200 7890 "https://germetikprof.ru/katalog/product/view/1/22" "Mozilla/5.0 (X11; Linux x86_64) AppleWebKit/537.36 (KHTML, like Gecko) Chrome/146.0.7680.164 Safari/537.36"
74.125.151.66 - - [13/Apr/2026:17:39:04 +0300] "GET /components/com_jshopping/js/jquery/jquery.media.js HTTP/1.1" 200 18047 "https://germetikprof.ru/katalog/product/view/1/22" "Mozilla/5.0 (X11; Linux x86_64) AppleWebKit/537.36 (KHTML, like Gecko) Chrome/146.0.7680.164 Safari/537.36"
74.125.151.65 - - [13/Apr/2026:17:39:07 +0300] "GET /templates/shaper_helix3/css/bootstrap.min.css HTTP/1.1" 200 121155 "https://germetikprof.ru/katalog/product/view/1/22" "Mozilla/5.0 (X11; Linux x86_64) AppleWebKit/537.36 (KHTML, like Gecko) Chrome/146.0.7680.164 Safari/537.36"
74.125.151.64 - - [13/Apr/2026:17:39:09 +0300] "GET /templates/shaper_helix3/js/main.js HTTP/1.1" 200 8773 "https://germetikprof.ru/katalog/product/view/1/22" "Mozilla/5.0 (X11; Linux x86_64) AppleWebKit/537.36 (KHTML, like Gecko) Chrome/146.0.7680.164 Safari/537.36"
74.125.151.64 - - [13/Apr/2026:17:39:12 +0300] "GET /components/com_sppagebuilder/assets/css/animate.min.css HTTP/1.1" 200 53431 "https://germetikprof.ru/katalog/product/view/1/22" "Mozilla/5.0 (X11; Linux x86_64) AppleWebKit/537.36 (KHTML, like Gecko) Chrome/146.0.7680.164 Safari/537.36"
74.125.151.64 - - [13/Apr/2026:17:39:16 +0300] "GET /components/com_jshopping/files/img_products/igun_600_ruchnoy_1-P.png HTTP/1.1" 200 641870 "https://germetikprof.ru/katalog/product/view/1/22" "Mozilla/5.0 (X11; Linux x86_64) AppleWebKit/537.36 (KHTML, like Gecko) Chrome/146.0.7680.164 Safari/537.36"
74.125.151.64 - - [13/Apr/2026:17:39:18 +0300] "GET /components/com_jshopping/images/search.png HTTP/1.1" 200 491 "https://germetikprof.ru/katalog/product/view/1/22" "Mozilla/5.0 (X11; Linux x86_64) AppleWebKit/537.36 (KHTML, like Gecko) Chrome/146.0.7680.164 Safari/537.36"
216.73.216.135 - - [13/Apr/2026:17:39:15 +0300] "GET /?m=61919288174400 HTTP/1.0" 200 19842 "-" "Mozilla/5.0 AppleWebKit/537.36 (KHTML, like Gecko; compatible; ClaudeBot/1.0; +claudebot@anthropic.com)"
74.125.151.64 - - [13/Apr/2026:17:39:20 +0300] "GET /images/2019/02/18/instagram-logo.png HTTP/1.1" 200 857 "https://germetikprof.ru/katalog/product/view/1/22" "Mozilla/5.0 (X11; Linux x86_64) AppleWebKit/537.36 (KHTML, like Gecko) Chrome/146.0.7680.164 Safari/537.36"
74.125.151.64 - - [13/Apr/2026:17:39:23 +0300] "GET /images/2019/02/18/youtube-logo.png HTTP/1.1" 200 957 "https://germetikprof.ru/katalog/product/view/1/22" "Mozilla/5.0 (X11; Linux x86_64) AppleWebKit/537.36 (KHTML, like Gecko) Chrome/146.0.7680.164 Safari/537.36"
74.125.151.64 - - [13/Apr/2026:17:39:26 +0300] "GET /images/2019/02/18/vk-logo.png HTTP/1.1" 200 690 "https://germetikprof.ru/katalog/product/view/1/22" "Mozilla/5.0 (X11; Linux x86_64) AppleWebKit/537.36 (KHTML, like Gecko) Chrome/146.0.7680.164 Safari/537.36"
216.73.216.135 - - [13/Apr/2026:17:39:48 +0300] "GET /?m=75022288103901 HTTP/1.0" 200 19743 "-" "Mozilla/5.0 AppleWebKit/537.36 (KHTML, like Gecko; compatible; ClaudeBot/1.0; +claudebot@anthropic.com)"
198.244.226.227 - - [13/Apr/2026:17:40:12 +0300] "GET /info/O014031362809 HTTP/1.0" 404 3327 "-" "Mozilla/5.0 (compatible; AhrefsBot/7.0; +http://ahrefs.com/robot/)"
216.73.216.135 - - [13/Apr/2026:17:40:17 +0300] "GET /?m=92468288544300 HTTP/1.0" 200 19743 "-" "Mozilla/5.0 AppleWebKit/537.36 (KHTML, like Gecko; compatible; ClaudeBot/1.0; +claudebot@anthropic.com)"
216.73.216.135 - - [13/Apr/2026:17:40:47 +0300] "GET /?m=08319288814900 HTTP/1.0" 200 19747 "-" "Mozilla/5.0 AppleWebKit/537.36 (KHTML, like Gecko; compatible; ClaudeBot/1.0; +claudebot@anthropic.com)"
216.73.216.135 - - [13/Apr/2026:17:41:20 +0300] "GET /?m=18251288597100 HTTP/1.0" 200 19743 "-" "Mozilla/5.0 AppleWebKit/537.36 (KHTML, like Gecko; compatible; ClaudeBot/1.0; +claudebot@anthropic.com)"
216.73.216.135 - - [13/Apr/2026:17:41:50 +0300] "GET /?m=52927288542000 HTTP/1.0" 200 19842 "-" "Mozilla/5.0 AppleWebKit/537.36 (KHTML, like Gecko; compatible; ClaudeBot/1.0; +claudebot@anthropic.com)"
216.244.66.201 - - [13/Apr/2026:17:42:13 +0300] "GET /images/speasyimagegallery/albums/1/images/0031.jpg HTTP/1.1" 200 166602 "-" "Mozilla/5.0 (compatible; DotBot/1.2; +https://opensiteexplorer.org/dotbot; help@moz.com)"
216.73.216.135 - - [13/Apr/2026:17:42:20 +0300] "GET /?m=42715288076600 HTTP/1.0" 200 19841 "-" "Mozilla/5.0 AppleWebKit/537.36 (KHTML, like Gecko; compatible; ClaudeBot/1.0; +claudebot@anthropic.com)"
44.197.109.186 - - [13/Apr/2026:17:42:26 +0300] "GET / HTTP/1.0" 200 19827 "-" "Mozilla/5.0 (Macintosh; Intel Mac OS X 10_15_7) AppleWebKit/537.36 (KHTML, like Gecko) Chrome/127.0.0.0 Safari/537.36"
216.73.216.135 - - [13/Apr/2026:17:42:51 +0300] "GET /?m=70590288536500 HTTP/1.0" 200 19843 "-" "Mozilla/5.0 AppleWebKit/537.36 (KHTML, like Gecko; compatible; ClaudeBot/1.0; +claudebot@anthropic.com)"
198.244.242.92 - - [13/Apr/2026:17:43:10 +0300] "GET /info/O014018037001 HTTP/1.0" 404 3327 "-" "Mozilla/5.0 (compatible; AhrefsBot/7.0; +http://ahrefs.com/robot/)"
216.73.216.135 - - [13/Apr/2026:17:43:21 +0300] "GET /?m=20978288142100 HTTP/1.0" 200 19842 "-" "Mozilla/5.0 AppleWebKit/537.36 (KHTML, like Gecko; compatible; ClaudeBot/1.0; +claudebot@anthropic.com)"
216.73.216.135 - - [13/Apr/2026:17:43:53 +0300] "GET /?m=59172288971501 HTTP/1.0" 200 19744 "-" "Mozilla/5.0 AppleWebKit/537.36 (KHTML, like Gecko; compatible; ClaudeBot/1.0; +claudebot@anthropic.com)"
216.73.216.135 - - [13/Apr/2026:17:44:24 +0300] "GET /sitemap_249.xml HTTP/1.0" 200 14345 "-" "Mozilla/5.0 AppleWebKit/537.36 (KHTML, like Gecko; compatible; ClaudeBot/1.0; +claudebot@anthropic.com)"
216.73.216.135 - - [13/Apr/2026:17:44:58 +0300] "GET /info/O00840967853 HTTP/1.0" 404 3326 "-" "Mozilla/5.0 AppleWebKit/537.36 (KHTML, like Gecko; compatible; ClaudeBot/1.0; +claudebot@anthropic.com)"
216.73.216.135 - - [13/Apr/2026:17:45:02 +0300] "GET /?m=37288288663201 HTTP/1.0" 200 19840 "-" "Mozilla/5.0 AppleWebKit/537.36 (KHTML, like Gecko; compatible; ClaudeBot/1.0; +claudebot@anthropic.com)"
216.73.216.135 - - [13/Apr/2026:17:45:26 +0300] "GET /?m=11855288813200 HTTP/1.0" 200 19744 "-" "Mozilla/5.0 AppleWebKit/537.36 (KHTML, like Gecko; compatible; ClaudeBot/1.0; +claudebot@anthropic.com)"
216.73.216.135 - - [13/Apr/2026:17:45:58 +0300] "GET /info/O0077267724 HTTP/1.0" 404 3325 "-" "Mozilla/5.0 AppleWebKit/537.36 (KHTML, like Gecko; compatible; ClaudeBot/1.0; +claudebot@anthropic.com)"
198.244.242.130 - - [13/Apr/2026:17:46:16 +0300] "GET /info/O014006271704 HTTP/1.0" 404 3327 "-" "Mozilla/5.0 (compatible; AhrefsBot/7.0; +http://ahrefs.com/robot/)"
216.73.216.135 - - [13/Apr/2026:17:46:19 +0300] "GET /info/O01841490604 HTTP/1.0" 404 3326 "-" "Mozilla/5.0 AppleWebKit/537.36 (KHTML, like Gecko; compatible; ClaudeBot/1.0; +claudebot@anthropic.com)"
216.73.216.135 - - [13/Apr/2026:17:46:55 +0300] "GET /info/O001531473336 HTTP/1.0" 404 3230 "-" "Mozilla/5.0 AppleWebKit/537.36 (KHTML, like Gecko; compatible; ClaudeBot/1.0; +claudebot@anthropic.com)"
216.73.216.135 - - [13/Apr/2026:17:47:18 +0300] "GET /info/O01769042961 HTTP/1.0" 404 3326 "-" "Mozilla/5.0 AppleWebKit/537.36 (KHTML, like Gecko; compatible; ClaudeBot/1.0; +claudebot@anthropic.com)"
216.73.216.135 - - [13/Apr/2026:17:47:23 +0300] "GET /info/O012615943463 HTTP/1.0" 404 3327 "-" "Mozilla/5.0 AppleWebKit/537.36 (KHTML, like Gecko; compatible; ClaudeBot/1.0; +claudebot@anthropic.com)"
216.73.216.135 - - [13/Apr/2026:17:47:55 +0300] "GET /info/O00693585350 HTTP/1.0" 404 3326 "-" "Mozilla/5.0 AppleWebKit/537.36 (KHTML, like Gecko; compatible; ClaudeBot/1.0; +claudebot@anthropic.com)"
216.73.216.135 - - [13/Apr/2026:17:48:25 +0300] "GET /?m=80763582101 HTTP/1.0" 200 19838 "-" "Mozilla/5.0 AppleWebKit/537.36 (KHTML, like Gecko; compatible; ClaudeBot/1.0; +claudebot@anthropic.com)"
216.73.216.135 - - [13/Apr/2026:17:48:57 +0300] "GET /?m=70836444300 HTTP/1.0" 200 19839 "-" "Mozilla/5.0 AppleWebKit/537.36 (KHTML, like Gecko; compatible; ClaudeBot/1.0; +claudebot@anthropic.com)"
216.73.216.135 - - [13/Apr/2026:17:49:34 +0300] "GET /?m=41700561300 HTTP/1.0" 200 19839 "-" "Mozilla/5.0 AppleWebKit/537.36 (KHTML, like Gecko; compatible; ClaudeBot/1.0; +claudebot@anthropic.com)"
198.244.226.19 - - [13/Apr/2026:17:49:41 +0300] "GET /info/O013988916650 HTTP/1.0" 404 3327 "-" "Mozilla/5.0 (compatible; AhrefsBot/7.0; +http://ahrefs.com/robot/)"
216.73.216.135 - - [13/Apr/2026:17:49:42 +0300] "GET /?m=60266529101 HTTP/1.0" 200 19742 "-" "Mozilla/5.0 AppleWebKit/537.36 (KHTML, like Gecko; compatible; ClaudeBot/1.0; +claudebot@anthropic.com)"
216.73.216.135 - - [13/Apr/2026:17:49:48 +0300] "GET /?m=42982312601 HTTP/1.0" 200 19743 "-" "Mozilla/5.0 AppleWebKit/537.36 (KHTML, like Gecko; compatible; ClaudeBot/1.0; +claudebot@anthropic.com)"
216.73.216.135 - - [13/Apr/2026:17:49:54 +0300] "GET /?m=92081521400 HTTP/1.0" 200 19742 "-" "Mozilla/5.0 AppleWebKit/537.36 (KHTML, like Gecko; compatible; ClaudeBot/1.0; +claudebot@anthropic.com)"
216.73.216.135 - - [13/Apr/2026:17:50:00 +0300] "GET /?m=2271620300 HTTP/1.0" 200 19742 "-" "Mozilla/5.0 AppleWebKit/537.36 (KHTML, like Gecko; compatible; ClaudeBot/1.0; +claudebot@anthropic.com)"
216.73.216.135 - - [13/Apr/2026:17:50:06 +0300] "GET /?m=68570582300 HTTP/1.0" 200 19743 "-" "Mozilla/5.0 AppleWebKit/537.36 (KHTML, like Gecko; compatible; ClaudeBot/1.0; +claudebot@anthropic.com)"
216.73.216.135 - - [13/Apr/2026:17:50:18 +0300] "GET /?m=61576966400 HTTP/1.0" 200 19836 "-" "Mozilla/5.0 AppleWebKit/537.36 (KHTML, like Gecko; compatible; ClaudeBot/1.0; +claudebot@anthropic.com)"
216.73.216.135 - - [13/Apr/2026:17:50:23 +0300] "GET /?m=25927153300 HTTP/1.0" 200 19739 "-" "Mozilla/5.0 AppleWebKit/537.36 (KHTML, like Gecko; compatible; ClaudeBot/1.0; +claudebot@anthropic.com)"
216.73.216.135 - - [13/Apr/2026:17:50:29 +0300] "GET /?m=06592194901 HTTP/1.0" 200 19738 "-" "Mozilla/5.0 AppleWebKit/537.36 (KHTML, like Gecko; compatible; ClaudeBot/1.0; +claudebot@anthropic.com)"
216.73.216.135 - - [13/Apr/2026:17:50:35 +0300] "GET /?m=05677465001 HTTP/1.0" 200 19737 "-" "Mozilla/5.0 AppleWebKit/537.36 (KHTML, like Gecko; compatible; ClaudeBot/1.0; +claudebot@anthropic.com)"
216.73.216.135 - - [13/Apr/2026:17:50:41 +0300] "GET /?m=34877318400 HTTP/1.0" 200 19740 "-" "Mozilla/5.0 AppleWebKit/537.36 (KHTML, like Gecko; compatible; ClaudeBot/1.0; +claudebot@anthropic.com)"
216.73.216.135 - - [13/Apr/2026:17:50:47 +0300] "GET /?m=14818830500 HTTP/1.0" 200 19737 "-" "Mozilla/5.0 AppleWebKit/537.36 (KHTML, like Gecko; compatible; ClaudeBot/1.0; +claudebot@anthropic.com)"
216.73.216.135 - - [13/Apr/2026:17:50:53 +0300] "GET /?m=29294232601 HTTP/1.0" 200 19738 "-" "Mozilla/5.0 AppleWebKit/537.36 (KHTML, like Gecko; compatible; ClaudeBot/1.0; +claudebot@anthropic.com)"
216.73.216.135 - - [13/Apr/2026:17:51:02 +0300] "GET /info/O002633260896 HTTP/1.0" 404 3327 "-" "Mozilla/5.0 AppleWebKit/537.36 (KHTML, like Gecko; compatible; ClaudeBot/1.0; +claudebot@anthropic.com)"
216.73.216.135 - - [13/Apr/2026:17:51:07 +0300] "GET /info/O011999833799 HTTP/1.0" 404 3230 "-" "Mozilla/5.0 AppleWebKit/537.36 (KHTML, like Gecko; compatible; ClaudeBot/1.0; +claudebot@anthropic.com)"
216.73.216.135 - - [13/Apr/2026:17:51:11 +0300] "GET /info/O01203065597 HTTP/1.0" 404 3229 "-" "Mozilla/5.0 AppleWebKit/537.36 (KHTML, like Gecko; compatible; ClaudeBot/1.0; +claudebot@anthropic.com)"
216.73.216.135 - - [13/Apr/2026:17:51:15 +0300] "GET /info/O012848533443 HTTP/1.0" 404 3230 "-" "Mozilla/5.0 AppleWebKit/537.36 (KHTML, like Gecko; compatible; ClaudeBot/1.0; +claudebot@anthropic.com)"
216.73.216.135 - - [13/Apr/2026:17:51:19 +0300] "GET /info/O00671269345 HTTP/1.0" 404 3229 "-" "Mozilla/5.0 AppleWebKit/537.36 (KHTML, like Gecko; compatible; ClaudeBot/1.0; +claudebot@anthropic.com)"
216.73.216.135 - - [13/Apr/2026:17:51:23 +0300] "GET /info/O012800918289 HTTP/1.0" 404 3230 "-" "Mozilla/5.0 AppleWebKit/537.36 (KHTML, like Gecko; compatible; ClaudeBot/1.0; +claudebot@anthropic.com)"
216.73.216.135 - - [13/Apr/2026:17:51:27 +0300] "GET /info/O013230183137 HTTP/1.0" 404 3230 "-" "Mozilla/5.0 AppleWebKit/537.36 (KHTML, like Gecko; compatible; ClaudeBot/1.0; +claudebot@anthropic.com)"
216.73.216.135 - - [13/Apr/2026:17:51:31 +0300] "GET /info/O013377937803 HTTP/1.0" 404 3230 "-" "Mozilla/5.0 AppleWebKit/537.36 (KHTML, like Gecko; compatible; ClaudeBot/1.0; +claudebot@anthropic.com)"
216.73.216.135 - - [13/Apr/2026:17:51:35 +0300] "GET /info/O01273928857 HTTP/1.0" 404 3229 "-" "Mozilla/5.0 AppleWebKit/537.36 (KHTML, like Gecko; compatible; ClaudeBot/1.0; +claudebot@anthropic.com)"
216.73.216.135 - - [13/Apr/2026:17:51:39 +0300] "GET /info/O013769119006 HTTP/1.0" 404 3230 "-" "Mozilla/5.0 AppleWebKit/537.36 (KHTML, like Gecko; compatible; ClaudeBot/1.0; +claudebot@anthropic.com)"
216.73.216.135 - - [13/Apr/2026:17:51:43 +0300] "GET /info/O013574070657 HTTP/1.0" 404 3230 "-" "Mozilla/5.0 AppleWebKit/537.36 (KHTML, like Gecko; compatible; ClaudeBot/1.0; +claudebot@anthropic.com)"
216.73.216.135 - - [13/Apr/2026:17:51:47 +0300] "GET /info/O01200694461 HTTP/1.0" 404 3229 "-" "Mozilla/5.0 AppleWebKit/537.36 (KHTML, like Gecko; compatible; ClaudeBot/1.0; +claudebot@anthropic.com)"
216.73.216.135 - - [13/Apr/2026:17:51:51 +0300] "GET /info/O011578046178 HTTP/1.0" 404 3230 "-" "Mozilla/5.0 AppleWebKit/537.36 (KHTML, like Gecko; compatible; ClaudeBot/1.0; +claudebot@anthropic.com)"
216.73.216.135 - - [13/Apr/2026:17:51:55 +0300] "GET /info/O013258254912 HTTP/1.0" 404 3230 "-" "Mozilla/5.0 AppleWebKit/537.36 (KHTML, like Gecko; compatible; ClaudeBot/1.0; +claudebot@anthropic.com)"
216.73.216.135 - - [13/Apr/2026:17:51:59 +0300] "GET /info/O004018395383 HTTP/1.0" 404 3230 "-" "Mozilla/5.0 AppleWebKit/537.36 (KHTML, like Gecko; compatible; ClaudeBot/1.0; +claudebot@anthropic.com)"
216.73.216.135 - - [13/Apr/2026:17:52:03 +0300] "GET /?m=49661319701 HTTP/1.0" 200 19839 "-" "Mozilla/5.0 AppleWebKit/537.36 (KHTML, like Gecko; compatible; ClaudeBot/1.0; +claudebot@anthropic.com)"
216.73.216.135 - - [13/Apr/2026:17:52:08 +0300] "GET /?m=60355282101 HTTP/1.0" 200 19740 "-" "Mozilla/5.0 AppleWebKit/537.36 (KHTML, like Gecko; compatible; ClaudeBot/1.0; +claudebot@anthropic.com)"
216.73.216.135 - - [13/Apr/2026:17:52:15 +0300] "GET /info/O01911205485 HTTP/1.0" 404 3229 "-" "Mozilla/5.0 AppleWebKit/537.36 (KHTML, like Gecko; compatible; ClaudeBot/1.0; +claudebot@anthropic.com)"
216.73.216.135 - - [13/Apr/2026:17:52:21 +0300] "GET /info/O002802560128 HTTP/1.0" 404 3230 "-" "Mozilla/5.0 AppleWebKit/537.36 (KHTML, like Gecko; compatible; ClaudeBot/1.0; +claudebot@anthropic.com)"
198.244.240.168 - - [13/Apr/2026:17:52:23 +0300] "GET /info/O01398039398 HTTP/1.0" 404 3326 "-" "Mozilla/5.0 (compatible; AhrefsBot/7.0; +http://ahrefs.com/robot/)"
216.73.216.135 - - [13/Apr/2026:17:52:27 +0300] "GET /info/O012556963615 HTTP/1.0" 404 3230 "-" "Mozilla/5.0 AppleWebKit/537.36 (KHTML, like Gecko; compatible; ClaudeBot/1.0; +claudebot@anthropic.com)"
216.73.216.135 - - [13/Apr/2026:17:52:34 +0300] "GET /info/O013455064058 HTTP/1.0" 404 3230 "-" "Mozilla/5.0 AppleWebKit/537.36 (KHTML, like Gecko; compatible; ClaudeBot/1.0; +claudebot@anthropic.com)"
216.73.216.135 - - [13/Apr/2026:17:52:42 +0300] "GET /info/O01959008889 HTTP/1.0" 404 3229 "-" "Mozilla/5.0 AppleWebKit/537.36 (KHTML, like Gecko; compatible; ClaudeBot/1.0; +claudebot@anthropic.com)"
216.73.216.135 - - [13/Apr/2026:17:52:49 +0300] "GET /?m=20864151301 HTTP/1.0" 200 19840 "-" "Mozilla/5.0 AppleWebKit/537.36 (KHTML, like Gecko; compatible; ClaudeBot/1.0; +claudebot@anthropic.com)"
216.73.216.135 - - [13/Apr/2026:17:52:55 +0300] "GET /?m=16778794001 HTTP/1.0" 200 19741 "-" "Mozilla/5.0 AppleWebKit/537.36 (KHTML, like Gecko; compatible; ClaudeBot/1.0; +claudebot@anthropic.com)"
216.73.216.135 - - [13/Apr/2026:17:53:03 +0300] "GET /?m=40970622400 HTTP/1.0" 200 19745 "-" "Mozilla/5.0 AppleWebKit/537.36 (KHTML, like Gecko; compatible; ClaudeBot/1.0; +claudebot@anthropic.com)"
216.73.216.135 - - [13/Apr/2026:17:53:11 +0300] "GET /?m=19877349401 HTTP/1.0" 200 19741 "-" "Mozilla/5.0 AppleWebKit/537.36 (KHTML, like Gecko; compatible; ClaudeBot/1.0; +claudebot@anthropic.com)"
216.73.216.135 - - [13/Apr/2026:17:53:18 +0300] "GET /info/O014056239730 HTTP/1.0" 404 3327 "-" "Mozilla/5.0 AppleWebKit/537.36 (KHTML, like Gecko; compatible; ClaudeBot/1.0; +claudebot@anthropic.com)"
216.73.216.135 - - [13/Apr/2026:17:53:26 +0300] "GET /?m=25127288119001 HTTP/1.0" 200 19741 "-" "Mozilla/5.0 AppleWebKit/537.36 (KHTML, like Gecko; compatible; ClaudeBot/1.0; +claudebot@anthropic.com)"
17.246.19.231 - - [13/Apr/2026:17:53:28 +0300] "GET /katalog/product/view/1/18 HTTP/1.0" 200 12358 "-" "Mozilla/5.0 (Macintosh; Intel Mac OS X 10_15_7) AppleWebKit/605.1.15 (KHTML, like Gecko) Version/17.4 Safari/605.1.15 (Applebot/0.1; +http://www.apple.com/go/applebot)"
216.73.216.135 - - [13/Apr/2026:17:53:42 +0300] "GET /?m=72845376601 HTTP/1.0" 200 19839 "-" "Mozilla/5.0 AppleWebKit/537.36 (KHTML, like Gecko; compatible; ClaudeBot/1.0; +claudebot@anthropic.com)"
216.73.216.135 - - [13/Apr/2026:17:53:51 +0300] "GET /?m=92190243601 HTTP/1.0" 200 19838 "-" "Mozilla/5.0 AppleWebKit/537.36 (KHTML, like Gecko; compatible; ClaudeBot/1.0; +claudebot@anthropic.com)"
216.73.216.135 - - [13/Apr/2026:17:54:00 +0300] "GET /?m=05820500900 HTTP/1.0" 200 19743 "-" "Mozilla/5.0 AppleWebKit/537.36 (KHTML, like Gecko; compatible; ClaudeBot/1.0; +claudebot@anthropic.com)"
216.73.216.135 - - [13/Apr/2026:17:54:09 +0300] "GET /?m=27801958300 HTTP/1.0" 200 19744 "-" "Mozilla/5.0 AppleWebKit/537.36 (KHTML, like Gecko; compatible; ClaudeBot/1.0; +claudebot@anthropic.com)"
216.73.216.135 - - [13/Apr/2026:17:54:18 +0300] "GET /?m=18278106201 HTTP/1.0" 200 19740 "-" "Mozilla/5.0 AppleWebKit/537.36 (KHTML, like Gecko; compatible; ClaudeBot/1.0; +claudebot@anthropic.com)"
17.246.23.111 - - [13/Apr/2026:17:54:28 +0300] "GET /templates/shaper_helix3/css/bootstrap.min.css HTTP/1.1" 200 121155 "https://germetikprof.ru/katalog/product/view/1/18" "Mozilla/5.0 (Macintosh; Intel Mac OS X 10_15_7) AppleWebKit/605.1.15 (KHTML, like Gecko) Version/17.4 Safari/605.1.15 (Applebot/0.1; +http://www.apple.com/go/applebot)"
17.246.19.214 - - [13/Apr/2026:17:54:29 +0300] "GET /templates/shaper_helix3/css/legacy.css HTTP/1.1" 200 27359 "https://germetikprof.ru/katalog/product/view/1/18" "Mozilla/5.0 (Macintosh; Intel Mac OS X 10_15_7) AppleWebKit/605.1.15 (KHTML, like Gecko) Version/17.4 Safari/605.1.15 (Applebot/0.1; +http://www.apple.com/go/applebot)"
216.73.216.135 - - [13/Apr/2026:17:54:27 +0300] "GET /?m=75817788100 HTTP/1.0" 200 19740 "-" "Mozilla/5.0 AppleWebKit/537.36 (KHTML, like Gecko; compatible; ClaudeBot/1.0; +claudebot@anthropic.com)"
17.246.23.237 - - [13/Apr/2026:17:54:31 +0300] "GET /templates/shaper_helix3/css/template.css HTTP/1.1" 200 76424 "https://germetikprof.ru/katalog/product/view/1/18" "Mozilla/5.0 (Macintosh; Intel Mac OS X 10_15_7) AppleWebKit/605.1.15 (KHTML, like Gecko) Version/17.4 Safari/605.1.15 (Applebot/0.1; +http://www.apple.com/go/applebot)"
17.246.15.100 - - [13/Apr/2026:17:54:33 +0300] "GET /components/com_jshopping/css/jquery.lightbox.css HTTP/1.1" 200 2421 "https://germetikprof.ru/katalog/product/view/1/18" "Mozilla/5.0 (Macintosh; Intel Mac OS X 10_15_7) AppleWebKit/605.1.15 (KHTML, like Gecko) Version/17.4 Safari/605.1.15 (Applebot/0.1; +http://www.apple.com/go/applebot)"
17.246.15.41 - - [13/Apr/2026:17:54:34 +0300] "GET /components/com_jshopping/css/default.css HTTP/1.1" 200 25555 "https://germetikprof.ru/katalog/product/view/1/18" "Mozilla/5.0 (Macintosh; Intel Mac OS X 10_15_7) AppleWebKit/605.1.15 (KHTML, like Gecko) Version/17.4 Safari/605.1.15 (Applebot/0.1; +http://www.apple.com/go/applebot)"
17.246.19.44 - - [13/Apr/2026:17:54:36 +0300] "GET /templates/shaper_helix3/css/font-awesome.min.css HTTP/1.1" 200 31000 "https://germetikprof.ru/katalog/product/view/1/18" "Mozilla/5.0 (Macintosh; Intel Mac OS X 10_15_7) AppleWebKit/605.1.15 (KHTML, like Gecko) Version/17.4 Safari/605.1.15 (Applebot/0.1; +http://www.apple.com/go/applebot)"
17.246.19.9 - - [13/Apr/2026:17:54:37 +0300] "GET /templates/shaper_helix3/css/presets/preset4.css HTTP/1.1" 200 2159 "https://germetikprof.ru/katalog/product/view/1/18" "Mozilla/5.0 (Macintosh; Intel Mac OS X 10_15_7) AppleWebKit/605.1.15 (KHTML, like Gecko) Version/17.4 Safari/605.1.15 (Applebot/0.1; +http://www.apple.com/go/applebot)"
17.246.19.214 - - [13/Apr/2026:17:54:39 +0300] "GET /templates/shaper_helix3/css/frontend-edit.css HTTP/1.1" 200 2912 "https://germetikprof.ru/katalog/product/view/1/18" "Mozilla/5.0 (Macintosh; Intel Mac OS X 10_15_7) AppleWebKit/605.1.15 (KHTML, like Gecko) Version/17.4 Safari/605.1.15 (Applebot/0.1; +http://www.apple.com/go/applebot)"
17.246.23.237 - - [13/Apr/2026:17:54:40 +0300] "GET /components/com_sppagebuilder/assets/css/animate.min.css HTTP/1.1" 200 53431 "https://germetikprof.ru/katalog/product/view/1/18" "Mozilla/5.0 (Macintosh; Intel Mac OS X 10_15_7) AppleWebKit/605.1.15 (KHTML, like Gecko) Version/17.4 Safari/605.1.15 (Applebot/0.1; +http://www.apple.com/go/applebot)"
17.246.15.100 - - [13/Apr/2026:17:54:42 +0300] "GET /components/com_sppagebuilder/assets/css/sppagebuilder.css HTTP/1.1" 200 154003 "https://germetikprof.ru/katalog/product/view/1/18" "Mozilla/5.0 (Macintosh; Intel Mac OS X 10_15_7) AppleWebKit/605.1.15 (KHTML, like Gecko) Version/17.4 Safari/605.1.15 (Applebot/0.1; +http://www.apple.com/go/applebot)"
216.73.216.135 - - [13/Apr/2026:17:54:38 +0300] "GET /?m=19578288605301 HTTP/1.0" 200 19840 "-" "Mozilla/5.0 AppleWebKit/537.36 (KHTML, like Gecko; compatible; ClaudeBot/1.0; +claudebot@anthropic.com)"
17.246.19.9 - - [13/Apr/2026:17:54:45 +0300] "GET /media/mod_jcart_ajax/css/default.css HTTP/1.1" 200 6426 "https://germetikprof.ru/katalog/product/view/1/18" "Mozilla/5.0 (Macintosh; Intel Mac OS X 10_15_7) AppleWebKit/605.1.15 (KHTML, like Gecko) Version/17.4 Safari/605.1.15 (Applebot/0.1; +http://www.apple.com/go/applebot)"
17.246.19.214 - - [13/Apr/2026:17:54:47 +0300] "GET /modules/mod_gruemenu/css/styles.css HTTP/1.1" 200 4545 "https://germetikprof.ru/katalog/product/view/1/18" "Mozilla/5.0 (Macintosh; Intel Mac OS X 10_15_7) AppleWebKit/605.1.15 (KHTML, like Gecko) Version/17.4 Safari/605.1.15 (Applebot/0.1; +http://www.apple.com/go/applebot)"
17.246.15.62 - - [13/Apr/2026:17:54:49 +0300] "GET /modules/mod_contactus/css/contactus_form.css HTTP/1.1" 200 7108 "https://germetikprof.ru/katalog/product/view/1/18" "Mozilla/5.0 (Macintosh; Intel Mac OS X 10_15_7) AppleWebKit/605.1.15 (KHTML, like Gecko) Version/17.4 Safari/605.1.15 (Applebot/0.1; +http://www.apple.com/go/applebot)"
216.73.216.135 - - [13/Apr/2026:17:54:46 +0300] "GET /?m=37199800501 HTTP/1.0" 200 19740 "-" "Mozilla/5.0 AppleWebKit/537.36 (KHTML, like Gecko; compatible; ClaudeBot/1.0; +claudebot@anthropic.com)"
17.246.19.232 - - [13/Apr/2026:17:54:50 +0300] "GET /media/system/js/mootools-core.js?8fb4a4e2f090f461e7630b2a7b848f9f HTTP/1.1" 200 83893 "https://germetikprof.ru/katalog/product/view/1/18" "Mozilla/5.0 (Macintosh; Intel Mac OS X 10_15_7) AppleWebKit/605.1.15 (KHTML, like Gecko) Version/17.4 Safari/605.1.15 (Applebot/0.1; +http://www.apple.com/go/applebot)"
17.246.15.100 - - [13/Apr/2026:17:54:51 +0300] "GET /media/system/js/core.js?8fb4a4e2f090f461e7630b2a7b848f9f HTTP/1.1" 200 8735 "https://germetikprof.ru/katalog/product/view/1/18" "Mozilla/5.0 (Macintosh; Intel Mac OS X 10_15_7) AppleWebKit/605.1.15 (KHTML, like Gecko) Version/17.4 Safari/605.1.15 (Applebot/0.1; +http://www.apple.com/go/applebot)"
17.246.19.9 - - [13/Apr/2026:17:54:53 +0300] "GET /media/jui/js/jquery.min.js?8fb4a4e2f090f461e7630b2a7b848f9f HTTP/1.1" 200 97646 "https://germetikprof.ru/katalog/product/view/1/18" "Mozilla/5.0 (Macintosh; Intel Mac OS X 10_15_7) AppleWebKit/605.1.15 (KHTML, like Gecko) Version/17.4 Safari/605.1.15 (Applebot/0.1; +http://www.apple.com/go/applebot)"
17.246.15.41 - - [13/Apr/2026:17:54:53 +0300] "GET /components/com_sppagebuilder/assets/css/magnific-popup.css HTTP/1.1" 200 5920 "https://germetikprof.ru/katalog/product/view/1/18" "Mozilla/5.0 (Macintosh; Intel Mac OS X 10_15_7) AppleWebKit/605.1.15 (KHTML, like Gecko) Version/17.4 Safari/605.1.15 (Applebot/0.1; +http://www.apple.com/go/applebot)"
17.246.19.214 - - [13/Apr/2026:17:54:55 +0300] "GET /media/jui/js/jquery-noconflict.js?8fb4a4e2f090f461e7630b2a7b848f9f HTTP/1.1" 200 21 "https://germetikprof.ru/katalog/product/view/1/18" "Mozilla/5.0 (Macintosh; Intel Mac OS X 10_15_7) AppleWebKit/605.1.15 (KHTML, like Gecko) Version/17.4 Safari/605.1.15 (Applebot/0.1; +http://www.apple.com/go/applebot)"
17.246.19.232 - - [13/Apr/2026:17:54:56 +0300] "GET /media/jui/js/jquery-migrate.min.js?8fb4a4e2f090f461e7630b2a7b848f9f HTTP/1.1" 200 10056 "https://germetikprof.ru/katalog/product/view/1/18" "Mozilla/5.0 (Macintosh; Intel Mac OS X 10_15_7) AppleWebKit/605.1.15 (KHTML, like Gecko) Version/17.4 Safari/605.1.15 (Applebot/0.1; +http://www.apple.com/go/applebot)"
17.246.15.100 - - [13/Apr/2026:17:54:58 +0300] "GET /components/com_jshopping/js/jquery/jquery.media.js HTTP/1.1" 200 18047 "https://germetikprof.ru/katalog/product/view/1/18" "Mozilla/5.0 (Macintosh; Intel Mac OS X 10_15_7) AppleWebKit/605.1.15 (KHTML, like Gecko) Version/17.4 Safari/605.1.15 (Applebot/0.1; +http://www.apple.com/go/applebot)"
216.73.216.135 - - [13/Apr/2026:17:54:55 +0300] "GET /?m=69382288857200 HTTP/1.0" 200 19747 "-" "Mozilla/5.0 AppleWebKit/537.36 (KHTML, like Gecko; compatible; ClaudeBot/1.0; +claudebot@anthropic.com)"
17.246.15.49 - - [13/Apr/2026:17:55:00 +0300] "GET /components/com_jshopping/js/functions.js HTTP/1.1" 200 45317 "https://germetikprof.ru/katalog/product/view/1/18" "Mozilla/5.0 (Macintosh; Intel Mac OS X 10_15_7) AppleWebKit/605.1.15 (KHTML, like Gecko) Version/17.4 Safari/605.1.15 (Applebot/0.1; +http://www.apple.com/go/applebot)"
17.246.15.33 - - [13/Apr/2026:17:55:02 +0300] "GET /components/com_jshopping/js/jquery/jquery.lightbox.js HTTP/1.1" 200 23418 "https://germetikprof.ru/katalog/product/view/1/18" "Mozilla/5.0 (Macintosh; Intel Mac OS X 10_15_7) AppleWebKit/605.1.15 (KHTML, like Gecko) Version/17.4 Safari/605.1.15 (Applebot/0.1; +http://www.apple.com/go/applebot)"
17.246.15.8 - - [13/Apr/2026:17:55:03 +0300] "GET /templates/shaper_helix3/js/bootstrap.min.js HTTP/1.1" 200 37045 "https://germetikprof.ru/katalog/product/view/1/18" "Mozilla/5.0 (Macintosh; Intel Mac OS X 10_15_7) AppleWebKit/605.1.15 (KHTML, like Gecko) Version/17.4 Safari/605.1.15 (Applebot/0.1; +http://www.apple.com/go/applebot)"
17.246.15.100 - - [13/Apr/2026:17:55:04 +0300] "GET /templates/shaper_helix3/js/jquery.sticky.js HTTP/1.1" 200 5739 "https://germetikprof.ru/katalog/product/view/1/18" "Mozilla/5.0 (Macintosh; Intel Mac OS X 10_15_7) AppleWebKit/605.1.15 (KHTML, like Gecko) Version/17.4 Safari/605.1.15 (Applebot/0.1; +http://www.apple.com/go/applebot)"
17.246.15.41 - - [13/Apr/2026:17:55:06 +0300] "GET /templates/shaper_helix3/js/main.js HTTP/1.1" 200 8773 "https://germetikprof.ru/katalog/product/view/1/18" "Mozilla/5.0 (Macintosh; Intel Mac OS X 10_15_7) AppleWebKit/605.1.15 (KHTML, like Gecko) Version/17.4 Safari/605.1.15 (Applebot/0.1; +http://www.apple.com/go/applebot)"
216.73.216.135 - - [13/Apr/2026:17:55:04 +0300] "GET /?m=90622288850501 HTTP/1.0" 200 19744 "-" "Mozilla/5.0 AppleWebKit/537.36 (KHTML, like Gecko; compatible; ClaudeBot/1.0; +claudebot@anthropic.com)"
17.246.15.62 - - [13/Apr/2026:17:55:08 +0300] "GET /components/com_jshopping/js/validateForm.js HTTP/1.1" 200 8495 "https://germetikprof.ru/katalog/product/view/1/18" "Mozilla/5.0 (Macintosh; Intel Mac OS X 10_15_7) AppleWebKit/605.1.15 (KHTML, like Gecko) Version/17.4 Safari/605.1.15 (Applebot/0.1; +http://www.apple.com/go/applebot)"
17.246.15.33 - - [13/Apr/2026:17:55:11 +0300] "GET /components/com_sppagebuilder/assets/js/jquery.parallax.js HTTP/1.1" 200 892 "https://germetikprof.ru/katalog/product/view/1/18" "Mozilla/5.0 (Macintosh; Intel Mac OS X 10_15_7) AppleWebKit/605.1.15 (KHTML, like Gecko) Version/17.4 Safari/605.1.15 (Applebot/0.1; +http://www.apple.com/go/applebot)"
17.246.15.8 - - [13/Apr/2026:17:55:12 +0300] "GET /components/com_sppagebuilder/assets/js/sppagebuilder.js HTTP/1.1" 200 39713 "https://germetikprof.ru/katalog/product/view/1/18" "Mozilla/5.0 (Macintosh; Intel Mac OS X 10_15_7) AppleWebKit/605.1.15 (KHTML, like Gecko) Version/17.4 Safari/605.1.15 (Applebot/0.1; +http://www.apple.com/go/applebot)"
216.73.216.135 - - [13/Apr/2026:17:55:09 +0300] "GET /?m=09185288318701 HTTP/1.0" 200 19841 "-" "Mozilla/5.0 AppleWebKit/537.36 (KHTML, like Gecko; compatible; ClaudeBot/1.0; +claudebot@anthropic.com)"
17.246.23.70 - - [13/Apr/2026:17:55:14 +0300] "GET /components/com_sppagebuilder/assets/js/jquery.magnific-popup.min.js HTTP/1.1" 200 20004 "https://germetikprof.ru/katalog/product/view/1/18" "Mozilla/5.0 (Macintosh; Intel Mac OS X 10_15_7) AppleWebKit/605.1.15 (KHTML, like Gecko) Version/17.4 Safari/605.1.15 (Applebot/0.1; +http://www.apple.com/go/applebot)"
17.246.19.42 - - [13/Apr/2026:17:55:16 +0300] "GET /templates/shaper_helix3/js/frontend-edit.js HTTP/1.1" 200 1948 "https://germetikprof.ru/katalog/product/view/1/18" "Mozilla/5.0 (Macintosh; Intel Mac OS X 10_15_7) AppleWebKit/605.1.15 (KHTML, like Gecko) Version/17.4 Safari/605.1.15 (Applebot/0.1; +http://www.apple.com/go/applebot)"
51.195.215.251 - - [13/Apr/2026:17:55:15 +0300] "GET /info/O013957893532 HTTP/1.0" 404 3327 "-" "Mozilla/5.0 (compatible; AhrefsBot/7.0; +http://ahrefs.com/robot/)"
216.73.216.135 - - [13/Apr/2026:17:55:24 +0300] "GET /info/O014082935883 HTTP/1.0" 404 3327 "-" "Mozilla/5.0 AppleWebKit/537.36 (KHTML, like Gecko; compatible; ClaudeBot/1.0; +claudebot@anthropic.com)"
216.73.216.135 - - [13/Apr/2026:17:55:30 +0300] "GET /info/O013399067950 HTTP/1.0" 404 3230 "-" "Mozilla/5.0 AppleWebKit/537.36 (KHTML, like Gecko; compatible; ClaudeBot/1.0; +claudebot@anthropic.com)"
216.73.216.135 - - [13/Apr/2026:17:55:39 +0300] "GET /info/O013485694243 HTTP/1.0" 404 3230 "-" "Mozilla/5.0 AppleWebKit/537.36 (KHTML, like Gecko; compatible; ClaudeBot/1.0; +claudebot@anthropic.com)"
216.73.216.135 - - [13/Apr/2026:17:55:55 +0300] "GET /info/O01366590934 HTTP/1.0" 404 3326 "-" "Mozilla/5.0 AppleWebKit/537.36 (KHTML, like Gecko; compatible; ClaudeBot/1.0; +claudebot@anthropic.com)"
216.73.216.135 - - [13/Apr/2026:17:56:01 +0300] "GET /info/O01552621974 HTTP/1.0" 404 3229 "-" "Mozilla/5.0 AppleWebKit/537.36 (KHTML, like Gecko; compatible; ClaudeBot/1.0; +claudebot@anthropic.com)"
216.73.216.135 - - [13/Apr/2026:17:56:10 +0300] "GET /info/O01923599483 HTTP/1.0" 404 3229 "-" "Mozilla/5.0 AppleWebKit/537.36 (KHTML, like Gecko; compatible; ClaudeBot/1.0; +claudebot@anthropic.com)"
216.73.216.135 - - [13/Apr/2026:17:56:19 +0300] "GET /info/O012121734342 HTTP/1.0" 404 3230 "-" "Mozilla/5.0 AppleWebKit/537.36 (KHTML, like Gecko; compatible; ClaudeBot/1.0; +claudebot@anthropic.com)"
216.73.216.135 - - [13/Apr/2026:17:56:25 +0300] "GET /info/O013917826147 HTTP/1.0" 404 3327 "-" "Mozilla/5.0 AppleWebKit/537.36 (KHTML, like Gecko; compatible; ClaudeBot/1.0; +claudebot@anthropic.com)"
216.73.216.135 - - [13/Apr/2026:17:56:33 +0300] "GET /info/O011676305754 HTTP/1.0" 404 3230 "-" "Mozilla/5.0 AppleWebKit/537.36 (KHTML, like Gecko; compatible; ClaudeBot/1.0; +claudebot@anthropic.com)"
216.73.216.135 - - [13/Apr/2026:17:56:42 +0300] "GET /info/O004037548915 HTTP/1.0" 404 3230 "-" "Mozilla/5.0 AppleWebKit/537.36 (KHTML, like Gecko; compatible; ClaudeBot/1.0; +claudebot@anthropic.com)"
216.73.216.135 - - [13/Apr/2026:17:56:51 +0300] "GET /info/O00814038929 HTTP/1.0" 404 3229 "-" "Mozilla/5.0 AppleWebKit/537.36 (KHTML, like Gecko; compatible; ClaudeBot/1.0; +claudebot@anthropic.com)"
216.73.216.135 - - [13/Apr/2026:17:57:00 +0300] "GET /info/O01322360123 HTTP/1.0" 404 3229 "-" "Mozilla/5.0 AppleWebKit/537.36 (KHTML, like Gecko; compatible; ClaudeBot/1.0; +claudebot@anthropic.com)"
216.73.216.135 - - [13/Apr/2026:17:57:07 +0300] "GET /info/O014131477578 HTTP/1.0" 404 3230 "-" "Mozilla/5.0 AppleWebKit/537.36 (KHTML, like Gecko; compatible; ClaudeBot/1.0; +claudebot@anthropic.com)"
216.73.216.135 - - [13/Apr/2026:17:57:17 +0300] "GET /info/O012965610333 HTTP/1.0" 404 3230 "-" "Mozilla/5.0 AppleWebKit/537.36 (KHTML, like Gecko; compatible; ClaudeBot/1.0; +claudebot@anthropic.com)"
216.73.216.135 - - [13/Apr/2026:17:57:28 +0300] "GET /info/O0172457224 HTTP/1.0" 404 3228 "-" "Mozilla/5.0 AppleWebKit/537.36 (KHTML, like Gecko; compatible; ClaudeBot/1.0; +claudebot@anthropic.com)"
216.73.216.135 - - [13/Apr/2026:17:57:45 +0300] "GET /info/O00912058340 HTTP/1.0" 404 3326 "-" "Mozilla/5.0 AppleWebKit/537.36 (KHTML, like Gecko; compatible; ClaudeBot/1.0; +claudebot@anthropic.com)"
216.73.216.135 - - [13/Apr/2026:17:57:56 +0300] "GET /info/O01896274613 HTTP/1.0" 404 3229 "-" "Mozilla/5.0 AppleWebKit/537.36 (KHTML, like Gecko; compatible; ClaudeBot/1.0; +claudebot@anthropic.com)"
198.244.183.175 - - [13/Apr/2026:17:58:00 +0300] "GET /info/O013956681417 HTTP/1.0" 404 3327 "-" "Mozilla/5.0 (compatible; AhrefsBot/7.0; +http://ahrefs.com/robot/)"
216.73.216.135 - - [13/Apr/2026:17:58:08 +0300] "GET /info/O012976163531 HTTP/1.0" 404 3230 "-" "Mozilla/5.0 AppleWebKit/537.36 (KHTML, like Gecko; compatible; ClaudeBot/1.0; +claudebot@anthropic.com)"
216.73.216.135 - - [13/Apr/2026:17:58:15 +0300] "GET /info/O014129149465 HTTP/1.0" 404 3327 "-" "Mozilla/5.0 AppleWebKit/537.36 (KHTML, like Gecko; compatible; ClaudeBot/1.0; +claudebot@anthropic.com)"
216.73.216.135 - - [13/Apr/2026:17:58:27 +0300] "GET /info/O00222830947 HTTP/1.0" 404 3229 "-" "Mozilla/5.0 AppleWebKit/537.36 (KHTML, like Gecko; compatible; ClaudeBot/1.0; +claudebot@anthropic.com)"
216.73.216.135 - - [13/Apr/2026:17:58:39 +0300] "GET /info/O012767863906 HTTP/1.0" 404 3230 "-" "Mozilla/5.0 AppleWebKit/537.36 (KHTML, like Gecko; compatible; ClaudeBot/1.0; +claudebot@anthropic.com)"
216.73.216.135 - - [13/Apr/2026:17:58:49 +0300] "GET /info/O011602205473 HTTP/1.0" 404 3327 "-" "Mozilla/5.0 AppleWebKit/537.36 (KHTML, like Gecko; compatible; ClaudeBot/1.0; +claudebot@anthropic.com)"
216.73.216.135 - - [13/Apr/2026:17:58:59 +0300] "GET /info/O00644013650 HTTP/1.0" 404 3229 "-" "Mozilla/5.0 AppleWebKit/537.36 (KHTML, like Gecko; compatible; ClaudeBot/1.0; +claudebot@anthropic.com)"
216.73.216.135 - - [13/Apr/2026:17:59:11 +0300] "GET /info/O011194535101 HTTP/1.0" 404 3230 "-" "Mozilla/5.0 AppleWebKit/537.36 (KHTML, like Gecko; compatible; ClaudeBot/1.0; +claudebot@anthropic.com)"
216.73.216.135 - - [13/Apr/2026:17:59:20 +0300] "GET /info/O013343740480 HTTP/1.0" 404 3327 "-" "Mozilla/5.0 AppleWebKit/537.36 (KHTML, like Gecko; compatible; ClaudeBot/1.0; +claudebot@anthropic.com)"
216.73.216.135 - - [13/Apr/2026:17:59:23 +0300] "GET /info/O002258317845 HTTP/1.0" 404 3230 "-" "Mozilla/5.0 AppleWebKit/537.36 (KHTML, like Gecko; compatible; ClaudeBot/1.0; +claudebot@anthropic.com)"
216.73.216.135 - - [13/Apr/2026:17:59:35 +0300] "GET /info/O002259529944 HTTP/1.0" 404 3230 "-" "Mozilla/5.0 AppleWebKit/537.36 (KHTML, like Gecko; compatible; ClaudeBot/1.0; +claudebot@anthropic.com)"
216.73.216.135 - - [13/Apr/2026:17:59:47 +0300] "GET /info/O002995089050 HTTP/1.0" 404 3230 "-" "Mozilla/5.0 AppleWebKit/537.36 (KHTML, like Gecko; compatible; ClaudeBot/1.0; +claudebot@anthropic.com)"
216.73.216.135 - - [13/Apr/2026:17:59:57 +0300] "GET /info/O011938549573 HTTP/1.0" 404 3327 "-" "Mozilla/5.0 AppleWebKit/537.36 (KHTML, like Gecko; compatible; ClaudeBot/1.0; +claudebot@anthropic.com)"
216.73.216.135 - - [13/Apr/2026:18:00:06 +0300] "GET /info/O012525908084 HTTP/1.0" 404 3327 "-" "Mozilla/5.0 AppleWebKit/537.36 (KHTML, like Gecko; compatible; ClaudeBot/1.0; +claudebot@anthropic.com)"
216.73.216.135 - - [13/Apr/2026:18:00:20 +0300] "GET /info/O01585676357 HTTP/1.0" 404 3229 "-" "Mozilla/5.0 AppleWebKit/537.36 (KHTML, like Gecko; compatible; ClaudeBot/1.0; +claudebot@anthropic.com)"
216.73.216.135 - - [13/Apr/2026:18:00:32 +0300] "GET /info/O011684876181 HTTP/1.0" 404 3230 "-" "Mozilla/5.0 AppleWebKit/537.36 (KHTML, like Gecko; compatible; ClaudeBot/1.0; +claudebot@anthropic.com)"
216.73.216.135 - - [13/Apr/2026:18:00:45 +0300] "GET /info/O012310255602 HTTP/1.0" 404 3230 "-" "Mozilla/5.0 AppleWebKit/537.36 (KHTML, like Gecko; compatible; ClaudeBot/1.0; +claudebot@anthropic.com)"
216.73.216.135 - - [13/Apr/2026:18:00:50 +0300] "GET /info/O004063265756 HTTP/1.0" 404 3327 "-" "Mozilla/5.0 AppleWebKit/537.36 (KHTML, like Gecko; compatible; ClaudeBot/1.0; +claudebot@anthropic.com)"
198.244.240.173 - - [13/Apr/2026:18:00:57 +0300] "GET /info/O01392238527 HTTP/1.0" 404 3326 "-" "Mozilla/5.0 (compatible; AhrefsBot/7.0; +http://ahrefs.com/robot/)"
216.73.216.135 - - [13/Apr/2026:18:01:04 +0300] "GET /info/O003045284303 HTTP/1.0" 404 3327 "-" "Mozilla/5.0 AppleWebKit/537.36 (KHTML, like Gecko; compatible; ClaudeBot/1.0; +claudebot@anthropic.com)"
216.73.216.135 - - [13/Apr/2026:18:01:20 +0300] "GET /info/O00351673134 HTTP/1.0" 404 3326 "-" "Mozilla/5.0 AppleWebKit/537.36 (KHTML, like Gecko; compatible; ClaudeBot/1.0; +claudebot@anthropic.com)"
216.73.216.135 - - [13/Apr/2026:18:01:34 +0300] "GET /info/O011054371347 HTTP/1.0" 404 3230 "-" "Mozilla/5.0 AppleWebKit/537.36 (KHTML, like Gecko; compatible; ClaudeBot/1.0; +claudebot@anthropic.com)"
216.73.216.135 - - [13/Apr/2026:18:01:48 +0300] "GET /?m=25399288115601 HTTP/1.0" 200 19744 "-" "Mozilla/5.0 AppleWebKit/537.36 (KHTML, like Gecko; compatible; ClaudeBot/1.0; +claudebot@anthropic.com)"
216.73.216.135 - - [13/Apr/2026:18:01:51 +0300] "GET /info/O002607779041 HTTP/1.0" 404 3327 "-" "Mozilla/5.0 AppleWebKit/537.36 (KHTML, like Gecko; compatible; ClaudeBot/1.0; +claudebot@anthropic.com)"
216.73.216.135 - - [13/Apr/2026:18:02:06 +0300] "GET /info/O011598569160 HTTP/1.0" 404 3230 "-" "Mozilla/5.0 AppleWebKit/537.36 (KHTML, like Gecko; compatible; ClaudeBot/1.0; +claudebot@anthropic.com)"
216.73.216.135 - - [13/Apr/2026:18:02:19 +0300] "GET /info/O013573353031 HTTP/1.0" 404 3230 "-" "Mozilla/5.0 AppleWebKit/537.36 (KHTML, like Gecko; compatible; ClaudeBot/1.0; +claudebot@anthropic.com)"
216.73.216.135 - - [13/Apr/2026:18:02:24 +0300] "GET /?m=24847288115801 HTTP/1.0" 200 19745 "-" "Mozilla/5.0 AppleWebKit/537.36 (KHTML, like Gecko; compatible; ClaudeBot/1.0; +claudebot@anthropic.com)"
216.73.216.135 - - [13/Apr/2026:18:02:38 +0300] "GET /info/O003140679126 HTTP/1.0" 404 3230 "-" "Mozilla/5.0 AppleWebKit/537.36 (KHTML, like Gecko; compatible; ClaudeBot/1.0; +claudebot@anthropic.com)"
216.73.216.135 - - [13/Apr/2026:18:02:52 +0300] "GET /info/O01671628573 HTTP/1.0" 404 3229 "-" "Mozilla/5.0 AppleWebKit/537.36 (KHTML, like Gecko; compatible; ClaudeBot/1.0; +claudebot@anthropic.com)"
216.73.216.135 - - [13/Apr/2026:18:02:56 +0300] "GET /info/O00402034093 HTTP/1.0" 404 3229 "-" "Mozilla/5.0 AppleWebKit/537.36 (KHTML, like Gecko; compatible; ClaudeBot/1.0; +claudebot@anthropic.com)"
216.73.216.135 - - [13/Apr/2026:18:03:09 +0300] "GET /info/O014130525103 HTTP/1.0" 404 3230 "-" "Mozilla/5.0 AppleWebKit/537.36 (KHTML, like Gecko; compatible; ClaudeBot/1.0; +claudebot@anthropic.com)"
216.73.216.135 - - [13/Apr/2026:18:03:21 +0300] "GET /info/O01590030264 HTTP/1.0" 404 3326 "-" "Mozilla/5.0 AppleWebKit/537.36 (KHTML, like Gecko; compatible; ClaudeBot/1.0; +claudebot@anthropic.com)"
216.73.216.135 - - [13/Apr/2026:18:03:31 +0300] "GET /info/O00425749560 HTTP/1.0" 404 3326 "-" "Mozilla/5.0 AppleWebKit/537.36 (KHTML, like Gecko; compatible; ClaudeBot/1.0; +claudebot@anthropic.com)"
216.73.216.135 - - [13/Apr/2026:18:04:02 +0300] "GET /info/O012864839937 HTTP/1.0" 404 3327 "-" "Mozilla/5.0 AppleWebKit/537.36 (KHTML, like Gecko; compatible; ClaudeBot/1.0; +claudebot@anthropic.com)"
51.89.129.161 - - [13/Apr/2026:18:04:10 +0300] "GET /info/O01392075004 HTTP/1.0" 404 3326 "-" "Mozilla/5.0 (compatible; AhrefsBot/7.0; +http://ahrefs.com/robot/)"
216.73.216.135 - - [13/Apr/2026:18:04:15 +0300] "GET /info/O00313240720 HTTP/1.0" 404 3229 "-" "Mozilla/5.0 AppleWebKit/537.36 (KHTML, like Gecko; compatible; ClaudeBot/1.0; +claudebot@anthropic.com)"
216.73.216.135 - - [13/Apr/2026:18:04:32 +0300] "GET /info/O013870445874 HTTP/1.0" 404 3230 "-" "Mozilla/5.0 AppleWebKit/537.36 (KHTML, like Gecko; compatible; ClaudeBot/1.0; +claudebot@anthropic.com)"
216.73.216.135 - - [13/Apr/2026:18:04:45 +0300] "GET /info/O001361638158 HTTP/1.0" 404 3230 "-" "Mozilla/5.0 AppleWebKit/537.36 (KHTML, like Gecko; compatible; ClaudeBot/1.0; +claudebot@anthropic.com)"
216.73.216.135 - - [13/Apr/2026:18:05:02 +0300] "GET /info/O0048572703 HTTP/1.0" 404 3228 "-" "Mozilla/5.0 AppleWebKit/537.36 (KHTML, like Gecko; compatible; ClaudeBot/1.0; +claudebot@anthropic.com)"
216.73.216.135 - - [13/Apr/2026:18:05:12 +0300] "GET /info/O011138980388 HTTP/1.0" 404 3327 "-" "Mozilla/5.0 AppleWebKit/537.36 (KHTML, like Gecko; compatible; ClaudeBot/1.0; +claudebot@anthropic.com)"
216.73.216.135 - - [13/Apr/2026:18:05:26 +0300] "GET /info/O002652944063 HTTP/1.0" 404 3230 "-" "Mozilla/5.0 AppleWebKit/537.36 (KHTML, like Gecko; compatible; ClaudeBot/1.0; +claudebot@anthropic.com)"
216.73.216.135 - - [13/Apr/2026:18:05:42 +0300] "GET /info/O011156493510 HTTP/1.0" 404 3230 "-" "Mozilla/5.0 AppleWebKit/537.36 (KHTML, like Gecko; compatible; ClaudeBot/1.0; +claudebot@anthropic.com)"
217.216.117.62 - - [13/Apr/2026:18:05:56 +0300] "GET /admin.php?ac=change_about_path&api=&path=&t=4d0974e7967a86115563d9f2fc1e251f&s=2 HTTP/1.0" 404 3318 "-" "Mozilla/5.0 (Windows NT 10.0; Win64; x64) AppleWebKit/537.36 (KHTML, like Gecko) Chrome/136.0.0.0 Safari/537.36 Edg/136.0.0.0"
216.73.216.135 - - [13/Apr/2026:18:05:56 +0300] "GET /info/O00665350327 HTTP/1.0" 404 3229 "-" "Mozilla/5.0 AppleWebKit/537.36 (KHTML, like Gecko; compatible; ClaudeBot/1.0; +claudebot@anthropic.com)"
216.73.216.135 - - [13/Apr/2026:18:06:12 +0300] "GET /info/O011415360656 HTTP/1.0" 404 3230 "-" "Mozilla/5.0 AppleWebKit/537.36 (KHTML, like Gecko; compatible; ClaudeBot/1.0; +claudebot@anthropic.com)"
216.73.216.135 - - [13/Apr/2026:18:06:26 +0300] "GET /info/O011233157673 HTTP/1.0" 404 3230 "-" "Mozilla/5.0 AppleWebKit/537.36 (KHTML, like Gecko; compatible; ClaudeBot/1.0; +claudebot@anthropic.com)"
216.73.216.135 - - [13/Apr/2026:18:06:39 +0300] "GET /info/O013089700193 HTTP/1.0" 404 3327 "-" "Mozilla/5.0 AppleWebKit/537.36 (KHTML, like Gecko; compatible; ClaudeBot/1.0; +claudebot@anthropic.com)"
216.73.216.135 - - [13/Apr/2026:18:06:54 +0300] "GET /info/O003176291048 HTTP/1.0" 404 3230 "-" "Mozilla/5.0 AppleWebKit/537.36 (KHTML, like Gecko; compatible; ClaudeBot/1.0; +claudebot@anthropic.com)"
216.73.216.135 - - [13/Apr/2026:18:07:08 +0300] "GET /info/O011266446937 HTTP/1.0" 404 3230 "-" "Mozilla/5.0 AppleWebKit/537.36 (KHTML, like Gecko; compatible; ClaudeBot/1.0; +claudebot@anthropic.com)"
198.244.226.230 - - [13/Apr/2026:18:07:17 +0300] "GET /info/O013917826147 HTTP/1.0" 404 3327 "-" "Mozilla/5.0 (compatible; AhrefsBot/7.0; +http://ahrefs.com/robot/)"
216.73.216.135 - - [13/Apr/2026:18:07:23 +0300] "GET /info/O003313632184 HTTP/1.0" 404 3230 "-" "Mozilla/5.0 AppleWebKit/537.36 (KHTML, like Gecko; compatible; ClaudeBot/1.0; +claudebot@anthropic.com)"
216.73.216.135 - - [13/Apr/2026:18:07:33 +0300] "GET /info/O01932940566 HTTP/1.0" 404 3326 "-" "Mozilla/5.0 AppleWebKit/537.36 (KHTML, like Gecko; compatible; ClaudeBot/1.0; +claudebot@anthropic.com)"
216.73.216.135 - - [13/Apr/2026:18:07:49 +0300] "GET /info/O004162591282 HTTP/1.0" 404 3230 "-" "Mozilla/5.0 AppleWebKit/537.36 (KHTML, like Gecko; compatible; ClaudeBot/1.0; +claudebot@anthropic.com)"
216.73.216.135 - - [13/Apr/2026:18:08:04 +0300] "GET /info/O01859450608 HTTP/1.0" 404 3229 "-" "Mozilla/5.0 AppleWebKit/537.36 (KHTML, like Gecko; compatible; ClaudeBot/1.0; +claudebot@anthropic.com)"
216.73.216.135 - - [13/Apr/2026:18:08:19 +0300] "GET /info/O00193739648 HTTP/1.0" 404 3229 "-" "Mozilla/5.0 AppleWebKit/537.36 (KHTML, like Gecko; compatible; ClaudeBot/1.0; +claudebot@anthropic.com)"
216.73.216.135 - - [13/Apr/2026:18:08:33 +0300] "GET /info/O01810277021 HTTP/1.0" 404 3229 "-" "Mozilla/5.0 AppleWebKit/537.36 (KHTML, like Gecko; compatible; ClaudeBot/1.0; +claudebot@anthropic.com)"
216.73.216.135 - - [13/Apr/2026:18:08:47 +0300] "GET /info/O014064023388 HTTP/1.0" 404 3327 "-" "Mozilla/5.0 AppleWebKit/537.36 (KHTML, like Gecko; compatible; ClaudeBot/1.0; +claudebot@anthropic.com)"
216.73.216.135 - - [13/Apr/2026:18:09:01 +0300] "GET /?m=27836288111400 HTTP/1.0" 200 19746 "-" "Mozilla/5.0 AppleWebKit/537.36 (KHTML, like Gecko; compatible; ClaudeBot/1.0; +claudebot@anthropic.com)"
216.73.216.135 - - [13/Apr/2026:18:09:16 +0300] "GET /info/O013068962979 HTTP/1.0" 404 3230 "-" "Mozilla/5.0 AppleWebKit/537.36 (KHTML, like Gecko; compatible; ClaudeBot/1.0; +claudebot@anthropic.com)"
216.73.216.135 - - [13/Apr/2026:18:09:32 +0300] "GET /info/O012216843534 HTTP/1.0" 404 3230 "-" "Mozilla/5.0 AppleWebKit/537.36 (KHTML, like Gecko; compatible; ClaudeBot/1.0; +claudebot@anthropic.com)"
216.73.216.135 - - [13/Apr/2026:18:09:46 +0300] "GET /info/O014081723768 HTTP/1.0" 404 3230 "-" "Mozilla/5.0 AppleWebKit/537.36 (KHTML, like Gecko; compatible; ClaudeBot/1.0; +claudebot@anthropic.com)"
24.56.58.156 - - [13/Apr/2026:18:09:50 +0300] "GET /admin.php?ac=change_about_path&api=&path=&t=4d0974e7967a86115563d9f2fc1e251f&s=1 HTTP/1.0" 404 3318 "-" "Mozilla/5.0 (Windows NT 10.0; Win64; x64) AppleWebKit/537.36 (KHTML, like Gecko) Chrome/136.0.0.0 Safari/537.36 Edg/136.0.0.0"
216.73.216.135 - - [13/Apr/2026:18:10:02 +0300] "GET /info/O013846727990 HTTP/1.0" 404 3230 "-" "Mozilla/5.0 AppleWebKit/537.36 (KHTML, like Gecko; compatible; ClaudeBot/1.0; +claudebot@anthropic.com)"
198.244.242.91 - - [13/Apr/2026:18:10:01 +0300] "GET /info/O013889358369 HTTP/1.0" 404 3327 "-" "Mozilla/5.0 (compatible; AhrefsBot/7.0; +http://ahrefs.com/robot/)"
216.73.216.135 - - [13/Apr/2026:18:10:17 +0300] "GET /info/O011533443083 HTTP/1.0" 404 3230 "-" "Mozilla/5.0 AppleWebKit/537.36 (KHTML, like Gecko; compatible; ClaudeBot/1.0; +claudebot@anthropic.com)"
216.73.216.135 - - [13/Apr/2026:18:10:29 +0300] "GET /info/O011814435962 HTTP/1.0" 404 3327 "-" "Mozilla/5.0 AppleWebKit/537.36 (KHTML, like Gecko; compatible; ClaudeBot/1.0; +claudebot@anthropic.com)"
216.73.216.135 - - [13/Apr/2026:18:10:47 +0300] "GET /info/O01982068745 HTTP/1.0" 404 3229 "-" "Mozilla/5.0 AppleWebKit/537.36 (KHTML, like Gecko; compatible; ClaudeBot/1.0; +claudebot@anthropic.com)"
216.73.216.135 - - [13/Apr/2026:18:10:59 +0300] "GET /?m=02003288160401 HTTP/1.0" 200 19839 "-" "Mozilla/5.0 AppleWebKit/537.36 (KHTML, like Gecko; compatible; ClaudeBot/1.0; +claudebot@anthropic.com)"
94.154.35.236 - - [13/Apr/2026:18:11:12 +0300] "HEAD /site.tar.gz HTTP/1.1" 301 0 "-" "Mozilla/5.0 (Windows NT 10.0; Win64; x64) AppleWebKit/537.36 (KHTML, like Gecko) Chrome/101.0.4951.67 Safari/537.36"
94.154.35.236 - - [13/Apr/2026:18:11:12 +0300] "HEAD /site.tar.gz HTTP/1.0" 404 294 "-" "Mozilla/5.0 (Windows NT 10.0; Win64; x64) AppleWebKit/537.36 (KHTML, like Gecko) Chrome/101.0.4951.67 Safari/537.36"
216.73.216.135 - - [13/Apr/2026:18:11:14 +0300] "GET /?m=09096288005201 HTTP/1.0" 200 19744 "-" "Mozilla/5.0 AppleWebKit/537.36 (KHTML, like Gecko; compatible; ClaudeBot/1.0; +claudebot@anthropic.com)"
216.73.216.135 - - [13/Apr/2026:18:11:30 +0300] "GET /?m=87288288716601 HTTP/1.0" 200 19741 "-" "Mozilla/5.0 AppleWebKit/537.36 (KHTML, like Gecko; compatible; ClaudeBot/1.0; +claudebot@anthropic.com)"
216.73.216.135 - - [13/Apr/2026:18:11:46 +0300] "GET /?m=09759288941301 HTTP/1.0" 200 19738 "-" "Mozilla/5.0 AppleWebKit/537.36 (KHTML, like Gecko; compatible; ClaudeBot/1.0; +claudebot@anthropic.com)"
216.73.216.135 - - [13/Apr/2026:18:12:03 +0300] "GET /?m=76894288059300 HTTP/1.0" 200 19743 "-" "Mozilla/5.0 AppleWebKit/537.36 (KHTML, like Gecko; compatible; ClaudeBot/1.0; +claudebot@anthropic.com)"
198.244.183.240 - - [13/Apr/2026:18:12:14 +0300] "GET /info/O013862316858 HTTP/1.0" 404 3327 "-" "Mozilla/5.0 (compatible; AhrefsBot/7.0; +http://ahrefs.com/robot/)"
193.187.150.203 - - [13/Apr/2026:18:12:15 +0300] "GET /admin.php?ac=change_about_path&api=&path=&t=4d0974e7967a86115563d9f2fc1e251f&s=3 HTTP/1.0" 404 3318 "-" "Mozilla/5.0 (Windows NT 10.0; Win64; x64) AppleWebKit/537.36 (KHTML, like Gecko) Chrome/136.0.0.0 Safari/537.36 Edg/136.0.0.0"
216.73.216.135 - - [13/Apr/2026:18:12:18 +0300] "GET /?m=66778288024000 HTTP/1.0" 200 19744 "-" "Mozilla/5.0 AppleWebKit/537.36 (KHTML, like Gecko; compatible; ClaudeBot/1.0; +claudebot@anthropic.com)"
216.73.216.135 - - [13/Apr/2026:18:12:35 +0300] "GET /?m=82599288299200 HTTP/1.0" 200 19842 "-" "Mozilla/5.0 AppleWebKit/537.36 (KHTML, like Gecko; compatible; ClaudeBot/1.0; +claudebot@anthropic.com)"
216.73.216.135 - - [13/Apr/2026:18:12:54 +0300] "GET /?m=94307425100 HTTP/1.0" 200 19839 "-" "Mozilla/5.0 AppleWebKit/537.36 (KHTML, like Gecko; compatible; ClaudeBot/1.0; +claudebot@anthropic.com)"
95.108.213.246 - - [13/Apr/2026:18:13:16 +0300] "GET /robots.txt HTTP/1.0" 200 351 "-" "Mozilla/5.0 (compatible; YandexBot/3.0; +http://yandex.com/bots)"
216.73.216.135 - - [13/Apr/2026:18:13:25 +0300] "GET /?m=39263288620201 HTTP/1.0" 200 19742 "-" "Mozilla/5.0 AppleWebKit/537.36 (KHTML, like Gecko; compatible; ClaudeBot/1.0; +claudebot@anthropic.com)"
216.73.216.135 - - [13/Apr/2026:18:13:58 +0300] "GET /?m=88173239801 HTTP/1.0" 200 19741 "-" "Mozilla/5.0 AppleWebKit/537.36 (KHTML, like Gecko; compatible; ClaudeBot/1.0; +claudebot@anthropic.com)"
216.73.216.135 - - [13/Apr/2026:18:14:26 +0300] "GET /?m=10078288047101 HTTP/1.0" 200 19840 "-" "Mozilla/5.0 AppleWebKit/537.36 (KHTML, like Gecko; compatible; ClaudeBot/1.0; +claudebot@anthropic.com)"
216.73.216.135 - - [13/Apr/2026:18:14:45 +0300] "GET /?m=45840288778200 HTTP/1.0" 200 19841 "-" "Mozilla/5.0 AppleWebKit/537.36 (KHTML, like Gecko; compatible; ClaudeBot/1.0; +claudebot@anthropic.com)"
