216.73.216.135 - - [13/Apr/2026:22:19:56 +0300] "GET /?m=69960288759101 HTTP/1.0" 200 19844 "-" "Mozilla/5.0 AppleWebKit/537.36 (KHTML, like Gecko; compatible; ClaudeBot/1.0; +claudebot@anthropic.com)"
216.73.216.135 - - [13/Apr/2026:22:20:02 +0300] "GET /?m=67890288719801 HTTP/1.0" 200 19744 "-" "Mozilla/5.0 AppleWebKit/537.36 (KHTML, like Gecko; compatible; ClaudeBot/1.0; +claudebot@anthropic.com)"
216.73.216.135 - - [13/Apr/2026:22:20:10 +0300] "GET /?m=41773288082501 HTTP/1.0" 200 19745 "-" "Mozilla/5.0 AppleWebKit/537.36 (KHTML, like Gecko; compatible; ClaudeBot/1.0; +claudebot@anthropic.com)"
216.73.216.135 - - [13/Apr/2026:22:20:18 +0300] "GET /?m=68999779901 HTTP/1.0" 200 19742 "-" "Mozilla/5.0 AppleWebKit/537.36 (KHTML, like Gecko; compatible; ClaudeBot/1.0; +claudebot@anthropic.com)"
216.73.216.135 - - [13/Apr/2026:22:20:26 +0300] "GET /?m=76413265500 HTTP/1.0" 200 19741 "-" "Mozilla/5.0 AppleWebKit/537.36 (KHTML, like Gecko; compatible; ClaudeBot/1.0; +claudebot@anthropic.com)"
216.73.216.135 - - [13/Apr/2026:22:20:36 +0300] "GET /?m=97320982600 HTTP/1.0" 200 19839 "-" "Mozilla/5.0 AppleWebKit/537.36 (KHTML, like Gecko; compatible; ClaudeBot/1.0; +claudebot@anthropic.com)"
216.73.216.135 - - [13/Apr/2026:22:20:42 +0300] "GET /?m=10329288328901 HTTP/1.0" 200 19743 "-" "Mozilla/5.0 AppleWebKit/537.36 (KHTML, like Gecko; compatible; ClaudeBot/1.0; +claudebot@anthropic.com)"
216.73.216.135 - - [13/Apr/2026:22:20:50 +0300] "GET /?m=25059537100 HTTP/1.0" 200 19742 "-" "Mozilla/5.0 AppleWebKit/537.36 (KHTML, like Gecko; compatible; ClaudeBot/1.0; +claudebot@anthropic.com)"
216.73.216.135 - - [13/Apr/2026:22:20:58 +0300] "GET /?m=31722839000 HTTP/1.0" 200 19744 "-" "Mozilla/5.0 AppleWebKit/537.36 (KHTML, like Gecko; compatible; ClaudeBot/1.0; +claudebot@anthropic.com)"
216.73.216.135 - - [13/Apr/2026:22:21:06 +0300] "GET /?m=28868288781900 HTTP/1.0" 200 19746 "-" "Mozilla/5.0 AppleWebKit/537.36 (KHTML, like Gecko; compatible; ClaudeBot/1.0; +claudebot@anthropic.com)"
216.73.216.135 - - [13/Apr/2026:22:21:19 +0300] "GET /?m=82889141400 HTTP/1.0" 200 19838 "-" "Mozilla/5.0 AppleWebKit/537.36 (KHTML, like Gecko; compatible; ClaudeBot/1.0; +claudebot@anthropic.com)"
216.73.216.135 - - [13/Apr/2026:22:21:24 +0300] "GET /?m=80717288864400 HTTP/1.0" 200 19744 "-" "Mozilla/5.0 AppleWebKit/537.36 (KHTML, like Gecko; compatible; ClaudeBot/1.0; +claudebot@anthropic.com)"
216.73.216.135 - - [13/Apr/2026:22:21:32 +0300] "GET /?m=17713832600 HTTP/1.0" 200 19739 "-" "Mozilla/5.0 AppleWebKit/537.36 (KHTML, like Gecko; compatible; ClaudeBot/1.0; +claudebot@anthropic.com)"
216.73.216.135 - - [13/Apr/2026:22:21:40 +0300] "GET /?m=71217868500 HTTP/1.0" 200 19740 "-" "Mozilla/5.0 AppleWebKit/537.36 (KHTML, like Gecko; compatible; ClaudeBot/1.0; +claudebot@anthropic.com)"
216.73.216.135 - - [13/Apr/2026:22:21:48 +0300] "GET /?m=02552288731900 HTTP/1.0" 200 19844 "-" "Mozilla/5.0 AppleWebKit/537.36 (KHTML, like Gecko; compatible; ClaudeBot/1.0; +claudebot@anthropic.com)"
216.73.216.135 - - [13/Apr/2026:22:21:52 +0300] "GET /?m=28410997800 HTTP/1.0" 200 19742 "-" "Mozilla/5.0 AppleWebKit/537.36 (KHTML, like Gecko; compatible; ClaudeBot/1.0; +claudebot@anthropic.com)"
216.73.216.135 - - [13/Apr/2026:22:22:00 +0300] "GET /?m=23713288498300 HTTP/1.0" 200 19744 "-" "Mozilla/5.0 AppleWebKit/537.36 (KHTML, like Gecko; compatible; ClaudeBot/1.0; +claudebot@anthropic.com)"
216.73.216.135 - - [13/Apr/2026:22:22:08 +0300] "GET /?m=13751351501 HTTP/1.0" 200 19742 "-" "Mozilla/5.0 AppleWebKit/537.36 (KHTML, like Gecko; compatible; ClaudeBot/1.0; +claudebot@anthropic.com)"
216.73.216.135 - - [13/Apr/2026:22:22:16 +0300] "GET /?m=20378816501 HTTP/1.0" 200 19741 "-" "Mozilla/5.0 AppleWebKit/537.36 (KHTML, like Gecko; compatible; ClaudeBot/1.0; +claudebot@anthropic.com)"
216.73.216.135 - - [13/Apr/2026:22:22:26 +0300] "GET /?m=83209834001 HTTP/1.0" 200 19839 "-" "Mozilla/5.0 AppleWebKit/537.36 (KHTML, like Gecko; compatible; ClaudeBot/1.0; +claudebot@anthropic.com)"
216.73.216.135 - - [13/Apr/2026:22:22:31 +0300] "GET /?m=11743995900 HTTP/1.0" 200 19743 "-" "Mozilla/5.0 AppleWebKit/537.36 (KHTML, like Gecko; compatible; ClaudeBot/1.0; +claudebot@anthropic.com)"
216.73.216.135 - - [13/Apr/2026:22:22:39 +0300] "GET /?m=06748288536201 HTTP/1.0" 200 19743 "-" "Mozilla/5.0 AppleWebKit/537.36 (KHTML, like Gecko; compatible; ClaudeBot/1.0; +claudebot@anthropic.com)"
216.73.216.135 - - [13/Apr/2026:22:22:47 +0300] "GET /?m=82189288934601 HTTP/1.0" 200 19741 "-" "Mozilla/5.0 AppleWebKit/537.36 (KHTML, like Gecko; compatible; ClaudeBot/1.0; +claudebot@anthropic.com)"
51.195.183.46 - - [13/Apr/2026:22:22:51 +0300] "GET /info/O022824868653 HTTP/1.0" 404 3327 "-" "Mozilla/5.0 (compatible; AhrefsBot/7.0; +http://ahrefs.com/robot/)"
216.73.216.135 - - [13/Apr/2026:22:22:55 +0300] "GET /?m=51737830400 HTTP/1.0" 200 19744 "-" "Mozilla/5.0 AppleWebKit/537.36 (KHTML, like Gecko; compatible; ClaudeBot/1.0; +claudebot@anthropic.com)"
216.73.216.135 - - [13/Apr/2026:22:23:06 +0300] "GET /info/O02494221022 HTTP/1.0" 404 3326 "-" "Mozilla/5.0 AppleWebKit/537.36 (KHTML, like Gecko; compatible; ClaudeBot/1.0; +claudebot@anthropic.com)"
216.73.216.135 - - [13/Apr/2026:22:23:11 +0300] "GET /info/O02197154233 HTTP/1.0" 404 3229 "-" "Mozilla/5.0 AppleWebKit/537.36 (KHTML, like Gecko; compatible; ClaudeBot/1.0; +claudebot@anthropic.com)"
216.73.216.135 - - [13/Apr/2026:22:23:33 +0300] "GET /info/O02168641031 HTTP/1.0" 404 3326 "-" "Mozilla/5.0 AppleWebKit/537.36 (KHTML, like Gecko; compatible; ClaudeBot/1.0; +claudebot@anthropic.com)"
216.73.216.135 - - [13/Apr/2026:22:23:36 +0300] "GET /info/O02169853130 HTTP/1.0" 404 3229 "-" "Mozilla/5.0 AppleWebKit/537.36 (KHTML, like Gecko; compatible; ClaudeBot/1.0; +claudebot@anthropic.com)"
216.73.216.135 - - [13/Apr/2026:22:23:40 +0300] "GET /info/O024046668334 HTTP/1.0" 404 3230 "-" "Mozilla/5.0 AppleWebKit/537.36 (KHTML, like Gecko; compatible; ClaudeBot/1.0; +claudebot@anthropic.com)"
216.73.216.135 - - [13/Apr/2026:22:23:44 +0300] "GET /info/O02203300478 HTTP/1.0" 404 3229 "-" "Mozilla/5.0 AppleWebKit/537.36 (KHTML, like Gecko; compatible; ClaudeBot/1.0; +claudebot@anthropic.com)"
216.73.216.135 - - [13/Apr/2026:22:23:48 +0300] "GET /info/O02660143565 HTTP/1.0" 404 3229 "-" "Mozilla/5.0 AppleWebKit/537.36 (KHTML, like Gecko; compatible; ClaudeBot/1.0; +claudebot@anthropic.com)"
216.73.216.135 - - [13/Apr/2026:22:23:52 +0300] "GET /info/O023917826147 HTTP/1.0" 404 3230 "-" "Mozilla/5.0 AppleWebKit/537.36 (KHTML, like Gecko; compatible; ClaudeBot/1.0; +claudebot@anthropic.com)"
216.73.216.135 - - [13/Apr/2026:22:23:57 +0300] "GET /info/O021194535101 HTTP/1.0" 404 3230 "-" "Mozilla/5.0 AppleWebKit/537.36 (KHTML, like Gecko; compatible; ClaudeBot/1.0; +claudebot@anthropic.com)"
216.73.216.135 - - [13/Apr/2026:22:24:03 +0300] "GET /info/O021123444582 HTTP/1.0" 404 3230 "-" "Mozilla/5.0 AppleWebKit/537.36 (KHTML, like Gecko; compatible; ClaudeBot/1.0; +claudebot@anthropic.com)"
216.73.216.135 - - [13/Apr/2026:22:24:10 +0300] "GET /info/O022554539401 HTTP/1.0" 404 3230 "-" "Mozilla/5.0 AppleWebKit/537.36 (KHTML, like Gecko; compatible; ClaudeBot/1.0; +claudebot@anthropic.com)"
216.73.216.135 - - [13/Apr/2026:22:24:18 +0300] "GET /info/O024188458590 HTTP/1.0" 404 3230 "-" "Mozilla/5.0 AppleWebKit/537.36 (KHTML, like Gecko; compatible; ClaudeBot/1.0; +claudebot@anthropic.com)"
216.73.216.135 - - [13/Apr/2026:22:24:27 +0300] "GET /info/O022431921264 HTTP/1.0" 404 3230 "-" "Mozilla/5.0 AppleWebKit/537.36 (KHTML, like Gecko; compatible; ClaudeBot/1.0; +claudebot@anthropic.com)"
216.73.216.135 - - [13/Apr/2026:22:24:39 +0300] "GET /info/O021881993907 HTTP/1.0" 404 3327 "-" "Mozilla/5.0 AppleWebKit/537.36 (KHTML, like Gecko; compatible; ClaudeBot/1.0; +claudebot@anthropic.com)"
216.73.216.135 - - [13/Apr/2026:22:24:47 +0300] "GET /info/O022472941108 HTTP/1.0" 404 3230 "-" "Mozilla/5.0 AppleWebKit/537.36 (KHTML, like Gecko; compatible; ClaudeBot/1.0; +claudebot@anthropic.com)"
216.73.216.135 - - [13/Apr/2026:22:24:57 +0300] "GET /info/O021815882958 HTTP/1.0" 404 3230 "-" "Mozilla/5.0 AppleWebKit/537.36 (KHTML, like Gecko; compatible; ClaudeBot/1.0; +claudebot@anthropic.com)"
216.73.216.135 - - [13/Apr/2026:22:25:07 +0300] "GET /info/O022303079077 HTTP/1.0" 404 3230 "-" "Mozilla/5.0 AppleWebKit/537.36 (KHTML, like Gecko; compatible; ClaudeBot/1.0; +claudebot@anthropic.com)"
216.73.216.135 - - [13/Apr/2026:22:25:17 +0300] "GET /info/O02744166040 HTTP/1.0" 404 3229 "-" "Mozilla/5.0 AppleWebKit/537.36 (KHTML, like Gecko; compatible; ClaudeBot/1.0; +claudebot@anthropic.com)"
216.73.216.135 - - [13/Apr/2026:22:25:27 +0300] "GET /info/O021361416462 HTTP/1.0" 404 3230 "-" "Mozilla/5.0 AppleWebKit/537.36 (KHTML, like Gecko; compatible; ClaudeBot/1.0; +claudebot@anthropic.com)"
216.73.216.135 - - [13/Apr/2026:22:25:38 +0300] "GET /info/O02974338149 HTTP/1.0" 404 3229 "-" "Mozilla/5.0 AppleWebKit/537.36 (KHTML, like Gecko; compatible; ClaudeBot/1.0; +claudebot@anthropic.com)"
216.73.216.135 - - [13/Apr/2026:22:25:50 +0300] "GET /info/O023399067950 HTTP/1.0" 404 3230 "-" "Mozilla/5.0 AppleWebKit/537.36 (KHTML, like Gecko; compatible; ClaudeBot/1.0; +claudebot@anthropic.com)"
198.244.168.161 - - [13/Apr/2026:22:25:54 +0300] "GET /info/O022754168884 HTTP/1.0" 404 3327 "-" "Mozilla/5.0 (compatible; AhrefsBot/7.0; +http://ahrefs.com/robot/)"
216.73.216.135 - - [13/Apr/2026:22:26:03 +0300] "GET /info/O02174605457 HTTP/1.0" 404 3229 "-" "Mozilla/5.0 AppleWebKit/537.36 (KHTML, like Gecko; compatible; ClaudeBot/1.0; +claudebot@anthropic.com)"
216.73.216.135 - - [13/Apr/2026:22:26:11 +0300] "GET /info/O02203464001 HTTP/1.0" 404 3326 "-" "Mozilla/5.0 AppleWebKit/537.36 (KHTML, like Gecko; compatible; ClaudeBot/1.0; +claudebot@anthropic.com)"
216.73.216.135 - - [13/Apr/2026:22:26:28 +0300] "GET /info/O021763704934 HTTP/1.0" 404 3327 "-" "Mozilla/5.0 AppleWebKit/537.36 (KHTML, like Gecko; compatible; ClaudeBot/1.0; +claudebot@anthropic.com)"
216.73.216.135 - - [13/Apr/2026:22:26:38 +0300] "GET /info/O024035951613 HTTP/1.0" 404 3230 "-" "Mozilla/5.0 AppleWebKit/537.36 (KHTML, like Gecko; compatible; ClaudeBot/1.0; +claudebot@anthropic.com)"
216.73.216.135 - - [13/Apr/2026:22:26:56 +0300] "GET /info/O02351055128 HTTP/1.0" 404 3229 "-" "Mozilla/5.0 AppleWebKit/537.36 (KHTML, like Gecko; compatible; ClaudeBot/1.0; +claudebot@anthropic.com)"
216.73.216.135 - - [13/Apr/2026:22:26:58 +0300] "GET /info/O022476317797 HTTP/1.0" 404 3327 "-" "Mozilla/5.0 AppleWebKit/537.36 (KHTML, like Gecko; compatible; ClaudeBot/1.0; +claudebot@anthropic.com)"
216.73.216.135 - - [13/Apr/2026:22:27:10 +0300] "GET /info/O022182184087 HTTP/1.0" 404 3230 "-" "Mozilla/5.0 AppleWebKit/537.36 (KHTML, like Gecko; compatible; ClaudeBot/1.0; +claudebot@anthropic.com)"
216.73.216.135 - - [13/Apr/2026:22:27:24 +0300] "GET /info/O02507939763 HTTP/1.0" 404 3229 "-" "Mozilla/5.0 AppleWebKit/537.36 (KHTML, like Gecko; compatible; ClaudeBot/1.0; +claudebot@anthropic.com)"
216.73.216.135 - - [13/Apr/2026:22:27:32 +0300] "GET /info/O023590612016 HTTP/1.0" 404 3230 "-" "Mozilla/5.0 AppleWebKit/537.36 (KHTML, like Gecko; compatible; ClaudeBot/1.0; +claudebot@anthropic.com)"
17.246.15.200 - - [13/Apr/2026:22:28:10 +0300] "GET /avtorizatsiya HTTP/1.0" 200 10758 "-" "Mozilla/5.0 (Macintosh; Intel Mac OS X 10_15_7) AppleWebKit/605.1.15 (KHTML, like Gecko) Version/17.4 Safari/605.1.15 (Applebot/0.1; +http://www.apple.com/go/applebot)"
216.73.216.135 - - [13/Apr/2026:22:28:30 +0300] "GET /?m=27198730000 HTTP/1.0" 200 19839 "-" "Mozilla/5.0 AppleWebKit/537.36 (KHTML, like Gecko; compatible; ClaudeBot/1.0; +claudebot@anthropic.com)"
216.73.216.135 - - [13/Apr/2026:22:28:42 +0300] "GET /?m=29602350000 HTTP/1.0" 200 19740 "-" "Mozilla/5.0 AppleWebKit/537.36 (KHTML, like Gecko; compatible; ClaudeBot/1.0; +claudebot@anthropic.com)"
51.195.244.19 - - [13/Apr/2026:22:28:49 +0300] "GET /info/O022747763047 HTTP/1.0" 404 3327 "-" "Mozilla/5.0 (compatible; AhrefsBot/7.0; +http://ahrefs.com/robot/)"
216.73.216.135 - - [13/Apr/2026:22:28:56 +0300] "GET /?m=79090288965101 HTTP/1.0" 200 19742 "-" "Mozilla/5.0 AppleWebKit/537.36 (KHTML, like Gecko; compatible; ClaudeBot/1.0; +claudebot@anthropic.com)"
216.73.216.135 - - [13/Apr/2026:22:29:03 +0300] "GET /info/O022474153207 HTTP/1.0" 404 3327 "-" "Mozilla/5.0 AppleWebKit/537.36 (KHTML, like Gecko; compatible; ClaudeBot/1.0; +claudebot@anthropic.com)"
216.73.216.135 - - [13/Apr/2026:22:29:13 +0300] "GET /info/O02908063677 HTTP/1.0" 404 3229 "-" "Mozilla/5.0 AppleWebKit/537.36 (KHTML, like Gecko; compatible; ClaudeBot/1.0; +claudebot@anthropic.com)"
216.73.216.135 - - [13/Apr/2026:22:29:28 +0300] "GET /info/O022025159785 HTTP/1.0" 404 3230 "-" "Mozilla/5.0 AppleWebKit/537.36 (KHTML, like Gecko; compatible; ClaudeBot/1.0; +claudebot@anthropic.com)"
216.73.216.135 - - [13/Apr/2026:22:29:31 +0300] "GET /info/O022145235625 HTTP/1.0" 404 3327 "-" "Mozilla/5.0 AppleWebKit/537.36 (KHTML, like Gecko; compatible; ClaudeBot/1.0; +claudebot@anthropic.com)"
216.73.216.135 - - [13/Apr/2026:22:29:47 +0300] "GET /info/O023189814962 HTTP/1.0" 404 3230 "-" "Mozilla/5.0 AppleWebKit/537.36 (KHTML, like Gecko; compatible; ClaudeBot/1.0; +claudebot@anthropic.com)"
216.73.216.135 - - [13/Apr/2026:22:29:58 +0300] "GET /info/O02234141793 HTTP/1.0" 404 3229 "-" "Mozilla/5.0 AppleWebKit/537.36 (KHTML, like Gecko; compatible; ClaudeBot/1.0; +claudebot@anthropic.com)"
216.73.216.135 - - [13/Apr/2026:22:30:02 +0300] "GET /?m=4774263800 HTTP/1.0" 200 19840 "-" "Mozilla/5.0 AppleWebKit/537.36 (KHTML, like Gecko; compatible; ClaudeBot/1.0; +claudebot@anthropic.com)"
216.73.216.135 - - [13/Apr/2026:22:30:16 +0300] "GET /info/O023231630101 HTTP/1.0" 404 3327 "-" "Mozilla/5.0 AppleWebKit/537.36 (KHTML, like Gecko; compatible; ClaudeBot/1.0; +claudebot@anthropic.com)"
216.73.216.135 - - [13/Apr/2026:22:30:25 +0300] "GET /info/O021336325357 HTTP/1.0" 404 3230 "-" "Mozilla/5.0 AppleWebKit/537.36 (KHTML, like Gecko; compatible; ClaudeBot/1.0; +claudebot@anthropic.com)"
216.73.216.135 - - [13/Apr/2026:22:30:51 +0300] "GET /info/O021902282024 HTTP/1.0" 404 3230 "-" "Mozilla/5.0 AppleWebKit/537.36 (KHTML, like Gecko; compatible; ClaudeBot/1.0; +claudebot@anthropic.com)"
216.73.216.135 - - [13/Apr/2026:22:30:59 +0300] "GET /info/O021071354133 HTTP/1.0" 404 3230 "-" "Mozilla/5.0 AppleWebKit/537.36 (KHTML, like Gecko; compatible; ClaudeBot/1.0; +claudebot@anthropic.com)"
216.73.216.135 - - [13/Apr/2026:22:31:13 +0300] "GET /?m=92897288480101 HTTP/1.0" 200 19838 "-" "Mozilla/5.0 AppleWebKit/537.36 (KHTML, like Gecko; compatible; ClaudeBot/1.0; +claudebot@anthropic.com)"
216.73.216.135 - - [13/Apr/2026:22:31:26 +0300] "GET /?m=86225686101 HTTP/1.0" 200 19739 "-" "Mozilla/5.0 AppleWebKit/537.36 (KHTML, like Gecko; compatible; ClaudeBot/1.0; +claudebot@anthropic.com)"
17.246.15.214 - - [13/Apr/2026:22:31:35 +0300] "GET /templates/shaper_helix3/css/presets/preset4.css HTTP/1.1" 200 2159 "https://germetikprof.ru/avtorizatsiya" "Mozilla/5.0 (Macintosh; Intel Mac OS X 10_15_7) AppleWebKit/605.1.15 (KHTML, like Gecko) Version/17.4 Safari/605.1.15 (Applebot/0.1; +http://www.apple.com/go/applebot)"
17.246.23.243 - - [13/Apr/2026:22:31:36 +0300] "GET /templates/shaper_helix3/css/font-awesome.min.css HTTP/1.1" 200 31000 "https://germetikprof.ru/avtorizatsiya" "Mozilla/5.0 (Macintosh; Intel Mac OS X 10_15_7) AppleWebKit/605.1.15 (KHTML, like Gecko) Version/17.4 Safari/605.1.15 (Applebot/0.1; +http://www.apple.com/go/applebot)"
17.246.19.46 - - [13/Apr/2026:22:31:37 +0300] "GET /templates/shaper_helix3/css/frontend-edit.css HTTP/1.1" 200 2912 "https://germetikprof.ru/avtorizatsiya" "Mozilla/5.0 (Macintosh; Intel Mac OS X 10_15_7) AppleWebKit/605.1.15 (KHTML, like Gecko) Version/17.4 Safari/605.1.15 (Applebot/0.1; +http://www.apple.com/go/applebot)"
17.246.19.253 - - [13/Apr/2026:22:31:38 +0300] "GET /templates/shaper_helix3/css/template.css HTTP/1.1" 200 76424 "https://germetikprof.ru/avtorizatsiya" "Mozilla/5.0 (Macintosh; Intel Mac OS X 10_15_7) AppleWebKit/605.1.15 (KHTML, like Gecko) Version/17.4 Safari/605.1.15 (Applebot/0.1; +http://www.apple.com/go/applebot)"
17.246.19.167 - - [13/Apr/2026:22:31:39 +0300] "GET /templates/shaper_helix3/css/legacy.css HTTP/1.1" 200 27359 "https://germetikprof.ru/avtorizatsiya" "Mozilla/5.0 (Macintosh; Intel Mac OS X 10_15_7) AppleWebKit/605.1.15 (KHTML, like Gecko) Version/17.4 Safari/605.1.15 (Applebot/0.1; +http://www.apple.com/go/applebot)"
17.246.19.64 - - [13/Apr/2026:22:31:40 +0300] "GET /templates/shaper_helix3/css/bootstrap.min.css HTTP/1.1" 200 121155 "https://germetikprof.ru/avtorizatsiya" "Mozilla/5.0 (Macintosh; Intel Mac OS X 10_15_7) AppleWebKit/605.1.15 (KHTML, like Gecko) Version/17.4 Safari/605.1.15 (Applebot/0.1; +http://www.apple.com/go/applebot)"
17.246.23.197 - - [13/Apr/2026:22:31:41 +0300] "GET /components/com_sppagebuilder/assets/css/animate.min.css HTTP/1.1" 200 53431 "https://germetikprof.ru/avtorizatsiya" "Mozilla/5.0 (Macintosh; Intel Mac OS X 10_15_7) AppleWebKit/605.1.15 (KHTML, like Gecko) Version/17.4 Safari/605.1.15 (Applebot/0.1; +http://www.apple.com/go/applebot)"
17.246.15.154 - - [13/Apr/2026:22:31:42 +0300] "GET /components/com_sppagebuilder/assets/css/sppagebuilder.css HTTP/1.1" 200 154003 "https://germetikprof.ru/avtorizatsiya" "Mozilla/5.0 (Macintosh; Intel Mac OS X 10_15_7) AppleWebKit/605.1.15 (KHTML, like Gecko) Version/17.4 Safari/605.1.15 (Applebot/0.1; +http://www.apple.com/go/applebot)"
17.246.19.46 - - [13/Apr/2026:22:31:43 +0300] "GET /components/com_sppagebuilder/assets/css/magnific-popup.css HTTP/1.1" 200 5920 "https://germetikprof.ru/avtorizatsiya" "Mozilla/5.0 (Macintosh; Intel Mac OS X 10_15_7) AppleWebKit/605.1.15 (KHTML, like Gecko) Version/17.4 Safari/605.1.15 (Applebot/0.1; +http://www.apple.com/go/applebot)"
17.246.19.253 - - [13/Apr/2026:22:31:44 +0300] "GET /modules/mod_contactus/css/contactus_form.css HTTP/1.1" 200 7108 "https://germetikprof.ru/avtorizatsiya" "Mozilla/5.0 (Macintosh; Intel Mac OS X 10_15_7) AppleWebKit/605.1.15 (KHTML, like Gecko) Version/17.4 Safari/605.1.15 (Applebot/0.1; +http://www.apple.com/go/applebot)"
216.73.216.135 - - [13/Apr/2026:22:31:40 +0300] "GET /?m=98822764900 HTTP/1.0" 200 19742 "-" "Mozilla/5.0 AppleWebKit/537.36 (KHTML, like Gecko; compatible; ClaudeBot/1.0; +claudebot@anthropic.com)"
17.246.19.167 - - [13/Apr/2026:22:31:45 +0300] "GET /components/com_jshopping/css/default.css HTTP/1.1" 200 25555 "https://germetikprof.ru/avtorizatsiya" "Mozilla/5.0 (Macintosh; Intel Mac OS X 10_15_7) AppleWebKit/605.1.15 (KHTML, like Gecko) Version/17.4 Safari/605.1.15 (Applebot/0.1; +http://www.apple.com/go/applebot)"
54.38.147.77 - - [13/Apr/2026:22:31:42 +0300] "GET /info/O022703366514 HTTP/1.0" 404 3327 "-" "Mozilla/5.0 (compatible; AhrefsBot/7.0; +http://ahrefs.com/robot/)"
17.246.19.64 - - [13/Apr/2026:22:31:46 +0300] "GET /media/mod_jcart_ajax/css/default.css HTTP/1.1" 200 6426 "https://germetikprof.ru/avtorizatsiya" "Mozilla/5.0 (Macintosh; Intel Mac OS X 10_15_7) AppleWebKit/605.1.15 (KHTML, like Gecko) Version/17.4 Safari/605.1.15 (Applebot/0.1; +http://www.apple.com/go/applebot)"
17.246.23.197 - - [13/Apr/2026:22:31:47 +0300] "GET /modules/mod_gruemenu/css/styles.css HTTP/1.1" 200 4545 "https://germetikprof.ru/avtorizatsiya" "Mozilla/5.0 (Macintosh; Intel Mac OS X 10_15_7) AppleWebKit/605.1.15 (KHTML, like Gecko) Version/17.4 Safari/605.1.15 (Applebot/0.1; +http://www.apple.com/go/applebot)"
17.246.15.154 - - [13/Apr/2026:22:31:48 +0300] "GET /media/system/js/core.js?8fb4a4e2f090f461e7630b2a7b848f9f HTTP/1.1" 200 8735 "https://germetikprof.ru/avtorizatsiya" "Mozilla/5.0 (Macintosh; Intel Mac OS X 10_15_7) AppleWebKit/605.1.15 (KHTML, like Gecko) Version/17.4 Safari/605.1.15 (Applebot/0.1; +http://www.apple.com/go/applebot)"
17.246.19.253 - - [13/Apr/2026:22:31:49 +0300] "GET /media/jui/js/jquery.min.js?8fb4a4e2f090f461e7630b2a7b848f9f HTTP/1.1" 200 97646 "https://germetikprof.ru/avtorizatsiya" "Mozilla/5.0 (Macintosh; Intel Mac OS X 10_15_7) AppleWebKit/605.1.15 (KHTML, like Gecko) Version/17.4 Safari/605.1.15 (Applebot/0.1; +http://www.apple.com/go/applebot)"
17.246.15.218 - - [13/Apr/2026:22:31:51 +0300] "GET /media/jui/js/jquery-noconflict.js?8fb4a4e2f090f461e7630b2a7b848f9f HTTP/1.1" 200 21 "https://germetikprof.ru/avtorizatsiya" "Mozilla/5.0 (Macintosh; Intel Mac OS X 10_15_7) AppleWebKit/605.1.15 (KHTML, like Gecko) Version/17.4 Safari/605.1.15 (Applebot/0.1; +http://www.apple.com/go/applebot)"
17.246.23.197 - - [13/Apr/2026:22:31:51 +0300] "GET /media/system/js/caption.js?8fb4a4e2f090f461e7630b2a7b848f9f HTTP/1.1" 200 491 "https://germetikprof.ru/avtorizatsiya" "Mozilla/5.0 (Macintosh; Intel Mac OS X 10_15_7) AppleWebKit/605.1.15 (KHTML, like Gecko) Version/17.4 Safari/605.1.15 (Applebot/0.1; +http://www.apple.com/go/applebot)"
17.246.15.154 - - [13/Apr/2026:22:31:53 +0300] "GET /templates/shaper_helix3/js/bootstrap.min.js HTTP/1.1" 200 37045 "https://germetikprof.ru/avtorizatsiya" "Mozilla/5.0 (Macintosh; Intel Mac OS X 10_15_7) AppleWebKit/605.1.15 (KHTML, like Gecko) Version/17.4 Safari/605.1.15 (Applebot/0.1; +http://www.apple.com/go/applebot)"
216.73.216.135 - - [13/Apr/2026:22:31:50 +0300] "GET /?m=08629602400 HTTP/1.0" 200 19840 "-" "Mozilla/5.0 AppleWebKit/537.36 (KHTML, like Gecko; compatible; ClaudeBot/1.0; +claudebot@anthropic.com)"
17.246.19.253 - - [13/Apr/2026:22:31:54 +0300] "GET /templates/shaper_helix3/js/jquery.sticky.js HTTP/1.1" 200 5739 "https://germetikprof.ru/avtorizatsiya" "Mozilla/5.0 (Macintosh; Intel Mac OS X 10_15_7) AppleWebKit/605.1.15 (KHTML, like Gecko) Version/17.4 Safari/605.1.15 (Applebot/0.1; +http://www.apple.com/go/applebot)"
17.246.23.4 - - [13/Apr/2026:22:31:56 +0300] "GET /templates/shaper_helix3/js/main.js HTTP/1.1" 200 8773 "https://germetikprof.ru/avtorizatsiya" "Mozilla/5.0 (Macintosh; Intel Mac OS X 10_15_7) AppleWebKit/605.1.15 (KHTML, like Gecko) Version/17.4 Safari/605.1.15 (Applebot/0.1; +http://www.apple.com/go/applebot)"
17.246.19.46 - - [13/Apr/2026:22:31:57 +0300] "GET /media/system/js/keepalive.js?8fb4a4e2f090f461e7630b2a7b848f9f HTTP/1.1" 200 462 "https://germetikprof.ru/avtorizatsiya" "Mozilla/5.0 (Macintosh; Intel Mac OS X 10_15_7) AppleWebKit/605.1.15 (KHTML, like Gecko) Version/17.4 Safari/605.1.15 (Applebot/0.1; +http://www.apple.com/go/applebot)"
17.246.23.197 - - [13/Apr/2026:22:31:57 +0300] "GET /templates/shaper_helix3/js/frontend-edit.js HTTP/1.1" 200 1948 "https://germetikprof.ru/avtorizatsiya" "Mozilla/5.0 (Macintosh; Intel Mac OS X 10_15_7) AppleWebKit/605.1.15 (KHTML, like Gecko) Version/17.4 Safari/605.1.15 (Applebot/0.1; +http://www.apple.com/go/applebot)"
17.246.19.49 - - [13/Apr/2026:22:31:59 +0300] "GET /components/com_sppagebuilder/assets/js/jquery.parallax.js HTTP/1.1" 200 892 "https://germetikprof.ru/avtorizatsiya" "Mozilla/5.0 (Macintosh; Intel Mac OS X 10_15_7) AppleWebKit/605.1.15 (KHTML, like Gecko) Version/17.4 Safari/605.1.15 (Applebot/0.1; +http://www.apple.com/go/applebot)"
17.246.19.196 - - [13/Apr/2026:22:32:00 +0300] "GET /components/com_sppagebuilder/assets/js/sppagebuilder.js HTTP/1.1" 200 39713 "https://germetikprof.ru/avtorizatsiya" "Mozilla/5.0 (Macintosh; Intel Mac OS X 10_15_7) AppleWebKit/605.1.15 (KHTML, like Gecko) Version/17.4 Safari/605.1.15 (Applebot/0.1; +http://www.apple.com/go/applebot)"
17.246.23.73 - - [13/Apr/2026:22:32:01 +0300] "GET /components/com_sppagebuilder/assets/js/jquery.magnific-popup.min.js HTTP/1.1" 200 20004 "https://germetikprof.ru/avtorizatsiya" "Mozilla/5.0 (Macintosh; Intel Mac OS X 10_15_7) AppleWebKit/605.1.15 (KHTML, like Gecko) Version/17.4 Safari/605.1.15 (Applebot/0.1; +http://www.apple.com/go/applebot)"
17.246.19.64 - - [13/Apr/2026:22:32:01 +0300] "GET /media/jui/js/jquery-migrate.min.js?8fb4a4e2f090f461e7630b2a7b848f9f HTTP/1.1" 200 10056 "https://germetikprof.ru/avtorizatsiya" "Mozilla/5.0 (Macintosh; Intel Mac OS X 10_15_7) AppleWebKit/605.1.15 (KHTML, like Gecko) Version/17.4 Safari/605.1.15 (Applebot/0.1; +http://www.apple.com/go/applebot)"
17.246.19.152 - - [13/Apr/2026:22:32:02 +0300] "GET /modules/mod_contactus/js/contactus_common.js HTTP/1.1" 200 5018 "https://germetikprof.ru/avtorizatsiya" "Mozilla/5.0 (Macintosh; Intel Mac OS X 10_15_7) AppleWebKit/605.1.15 (KHTML, like Gecko) Version/17.4 Safari/605.1.15 (Applebot/0.1; +http://www.apple.com/go/applebot)"
17.246.19.49 - - [13/Apr/2026:22:32:02 +0300] "GET /modules/mod_contactus/js/contactus_form.js HTTP/1.1" 200 2290 "https://germetikprof.ru/avtorizatsiya" "Mozilla/5.0 (Macintosh; Intel Mac OS X 10_15_7) AppleWebKit/605.1.15 (KHTML, like Gecko) Version/17.4 Safari/605.1.15 (Applebot/0.1; +http://www.apple.com/go/applebot)"
17.246.15.234 - - [13/Apr/2026:22:32:04 +0300] "GET /media/mod_jcart_ajax/js/jcart-ajax.js HTTP/1.1" 200 7890 "https://germetikprof.ru/avtorizatsiya" "Mozilla/5.0 (Macintosh; Intel Mac OS X 10_15_7) AppleWebKit/605.1.15 (KHTML, like Gecko) Version/17.4 Safari/605.1.15 (Applebot/0.1; +http://www.apple.com/go/applebot)"
17.246.23.73 - - [13/Apr/2026:22:32:04 +0300] "GET /modules/mod_gruemenu/js/touchwipe.min.js HTTP/1.1" 200 2254 "https://germetikprof.ru/avtorizatsiya" "Mozilla/5.0 (Macintosh; Intel Mac OS X 10_15_7) AppleWebKit/605.1.15 (KHTML, like Gecko) Version/17.4 Safari/605.1.15 (Applebot/0.1; +http://www.apple.com/go/applebot)"
17.246.19.49 - - [13/Apr/2026:22:32:06 +0300] "GET /modules/mod_gruemenu/js/script.js HTTP/1.1" 200 752 "https://germetikprof.ru/avtorizatsiya" "Mozilla/5.0 (Macintosh; Intel Mac OS X 10_15_7) AppleWebKit/605.1.15 (KHTML, like Gecko) Version/17.4 Safari/605.1.15 (Applebot/0.1; +http://www.apple.com/go/applebot)"
17.246.23.73 - - [13/Apr/2026:22:32:07 +0300] "GET /modules/mod_gruemenu/js/sidr.js HTTP/1.1" 200 9880 "https://germetikprof.ru/avtorizatsiya" "Mozilla/5.0 (Macintosh; Intel Mac OS X 10_15_7) AppleWebKit/605.1.15 (KHTML, like Gecko) Version/17.4 Safari/605.1.15 (Applebot/0.1; +http://www.apple.com/go/applebot)"
216.73.216.135 - - [13/Apr/2026:22:32:05 +0300] "GET /sitemap_146.xml HTTP/1.0" 200 14343 "-" "Mozilla/5.0 AppleWebKit/537.36 (KHTML, like Gecko; compatible; ClaudeBot/1.0; +claudebot@anthropic.com)"
216.73.216.135 - - [13/Apr/2026:22:32:14 +0300] "GET /sitemap_171.xml HTTP/1.0" 200 14344 "-" "Mozilla/5.0 AppleWebKit/537.36 (KHTML, like Gecko; compatible; ClaudeBot/1.0; +claudebot@anthropic.com)"
216.73.216.135 - - [13/Apr/2026:22:32:24 +0300] "GET /sitemap_275.xml HTTP/1.0" 200 14345 "-" "Mozilla/5.0 AppleWebKit/537.36 (KHTML, like Gecko; compatible; ClaudeBot/1.0; +claudebot@anthropic.com)"
216.73.216.135 - - [13/Apr/2026:22:32:38 +0300] "GET /sitemap_139.xml HTTP/1.0" 200 14342 "-" "Mozilla/5.0 AppleWebKit/537.36 (KHTML, like Gecko; compatible; ClaudeBot/1.0; +claudebot@anthropic.com)"
216.73.216.135 - - [13/Apr/2026:22:32:54 +0300] "GET /sitemap_132.xml HTTP/1.0" 200 14341 "-" "Mozilla/5.0 AppleWebKit/537.36 (KHTML, like Gecko; compatible; ClaudeBot/1.0; +claudebot@anthropic.com)"
216.73.216.135 - - [13/Apr/2026:22:32:58 +0300] "GET /?m=97183710500 HTTP/1.0" 200 19841 "-" "Mozilla/5.0 AppleWebKit/537.36 (KHTML, like Gecko; compatible; ClaudeBot/1.0; +claudebot@anthropic.com)"
216.73.216.135 - - [13/Apr/2026:22:33:09 +0300] "GET /?m=78990288852800 HTTP/1.0" 200 19748 "-" "Mozilla/5.0 AppleWebKit/537.36 (KHTML, like Gecko; compatible; ClaudeBot/1.0; +claudebot@anthropic.com)"
216.73.216.135 - - [13/Apr/2026:22:33:23 +0300] "GET /?m=05629425701 HTTP/1.0" 200 19744 "-" "Mozilla/5.0 AppleWebKit/537.36 (KHTML, like Gecko; compatible; ClaudeBot/1.0; +claudebot@anthropic.com)"
216.73.216.135 - - [13/Apr/2026:22:33:31 +0300] "GET /?m=86958288255200 HTTP/1.0" 200 19841 "-" "Mozilla/5.0 AppleWebKit/537.36 (KHTML, like Gecko; compatible; ClaudeBot/1.0; +claudebot@anthropic.com)"
216.73.216.135 - - [13/Apr/2026:22:33:41 +0300] "GET /?m=12626288453000 HTTP/1.0" 200 19742 "-" "Mozilla/5.0 AppleWebKit/537.36 (KHTML, like Gecko; compatible; ClaudeBot/1.0; +claudebot@anthropic.com)"
216.73.216.135 - - [13/Apr/2026:22:33:53 +0300] "GET /?m=79408288334701 HTTP/1.0" 200 19841 "-" "Mozilla/5.0 AppleWebKit/537.36 (KHTML, like Gecko; compatible; ClaudeBot/1.0; +claudebot@anthropic.com)"
216.73.216.135 - - [13/Apr/2026:22:34:05 +0300] "GET /?m=85256288721301 HTTP/1.0" 200 19743 "-" "Mozilla/5.0 AppleWebKit/537.36 (KHTML, like Gecko; compatible; ClaudeBot/1.0; +claudebot@anthropic.com)"
216.73.216.135 - - [13/Apr/2026:22:34:19 +0300] "GET /?m=47796288527601 HTTP/1.0" 200 19744 "-" "Mozilla/5.0 AppleWebKit/537.36 (KHTML, like Gecko; compatible; ClaudeBot/1.0; +claudebot@anthropic.com)"
216.73.216.135 - - [13/Apr/2026:22:34:23 +0300] "GET /?m=97528137201 HTTP/1.0" 200 19742 "-" "Mozilla/5.0 AppleWebKit/537.36 (KHTML, like Gecko; compatible; ClaudeBot/1.0; +claudebot@anthropic.com)"
216.73.216.135 - - [13/Apr/2026:22:34:35 +0300] "GET /?m=89984288666801 HTTP/1.0" 200 19746 "-" "Mozilla/5.0 AppleWebKit/537.36 (KHTML, like Gecko; compatible; ClaudeBot/1.0; +claudebot@anthropic.com)"
198.244.240.170 - - [13/Apr/2026:22:34:38 +0300] "GET /info/O022594606786 HTTP/1.0" 404 3327 "-" "Mozilla/5.0 (compatible; AhrefsBot/7.0; +http://ahrefs.com/robot/)"
216.73.216.135 - - [13/Apr/2026:22:34:52 +0300] "GET /?m=59863288100500 HTTP/1.0" 200 19743 "-" "Mozilla/5.0 AppleWebKit/537.36 (KHTML, like Gecko; compatible; ClaudeBot/1.0; +claudebot@anthropic.com)"
216.73.216.135 - - [13/Apr/2026:22:34:58 +0300] "GET /?m=99520288728000 HTTP/1.0" 200 19842 "-" "Mozilla/5.0 AppleWebKit/537.36 (KHTML, like Gecko; compatible; ClaudeBot/1.0; +claudebot@anthropic.com)"
216.73.216.135 - - [13/Apr/2026:22:35:08 +0300] "GET /?m=42202230001 HTTP/1.0" 200 19740 "-" "Mozilla/5.0 AppleWebKit/537.36 (KHTML, like Gecko; compatible; ClaudeBot/1.0; +claudebot@anthropic.com)"
216.73.216.135 - - [13/Apr/2026:22:35:22 +0300] "GET /?m=99199288013501 HTTP/1.0" 200 19744 "-" "Mozilla/5.0 AppleWebKit/537.36 (KHTML, like Gecko; compatible; ClaudeBot/1.0; +claudebot@anthropic.com)"
216.73.216.135 - - [13/Apr/2026:22:35:26 +0300] "GET /info/O022577088209 HTTP/1.0" 404 3327 "-" "Mozilla/5.0 AppleWebKit/537.36 (KHTML, like Gecko; compatible; ClaudeBot/1.0; +claudebot@anthropic.com)"
216.73.216.135 - - [13/Apr/2026:22:35:36 +0300] "GET /?m=11007288293501 HTTP/1.0" 200 19743 "-" "Mozilla/5.0 AppleWebKit/537.36 (KHTML, like Gecko; compatible; ClaudeBot/1.0; +claudebot@anthropic.com)"
216.73.216.135 - - [13/Apr/2026:22:35:55 +0300] "GET /?m=10321254701 HTTP/1.0" 200 19740 "-" "Mozilla/5.0 AppleWebKit/537.36 (KHTML, like Gecko; compatible; ClaudeBot/1.0; +claudebot@anthropic.com)"
216.73.216.135 - - [13/Apr/2026:22:36:06 +0300] "GET /?m=01030288627401 HTTP/1.0" 200 19744 "-" "Mozilla/5.0 AppleWebKit/537.36 (KHTML, like Gecko; compatible; ClaudeBot/1.0; +claudebot@anthropic.com)"
216.73.216.135 - - [13/Apr/2026:22:36:39 +0300] "GET /?m=91517288995000 HTTP/1.0" 200 19745 "-" "Mozilla/5.0 AppleWebKit/537.36 (KHTML, like Gecko; compatible; ClaudeBot/1.0; +claudebot@anthropic.com)"
216.73.216.135 - - [13/Apr/2026:22:37:08 +0300] "GET /?m=14986288050801 HTTP/1.0" 200 19840 "-" "Mozilla/5.0 AppleWebKit/537.36 (KHTML, like Gecko; compatible; ClaudeBot/1.0; +claudebot@anthropic.com)"
216.73.216.135 - - [13/Apr/2026:22:37:37 +0300] "GET /?m=08721735400 HTTP/1.0" 200 19841 "-" "Mozilla/5.0 AppleWebKit/537.36 (KHTML, like Gecko; compatible; ClaudeBot/1.0; +claudebot@anthropic.com)"
51.195.244.193 - - [13/Apr/2026:22:37:45 +0300] "GET /info/O022561715910 HTTP/1.0" 404 3327 "-" "Mozilla/5.0 (compatible; AhrefsBot/7.0; +http://ahrefs.com/robot/)"
216.73.216.135 - - [13/Apr/2026:22:37:55 +0300] "GET /?m=11818483400 HTTP/1.0" 200 19837 "-" "Mozilla/5.0 AppleWebKit/537.36 (KHTML, like Gecko; compatible; ClaudeBot/1.0; +claudebot@anthropic.com)"
216.73.216.135 - - [13/Apr/2026:22:38:29 +0300] "GET /?m=24013288922100 HTTP/1.0" 200 19840 "-" "Mozilla/5.0 AppleWebKit/537.36 (KHTML, like Gecko; compatible; ClaudeBot/1.0; +claudebot@anthropic.com)"
216.73.216.135 - - [13/Apr/2026:22:39:01 +0300] "GET /?m=08866288286500 HTTP/1.0" 200 19843 "-" "Mozilla/5.0 AppleWebKit/537.36 (KHTML, like Gecko; compatible; ClaudeBot/1.0; +claudebot@anthropic.com)"
216.73.216.135 - - [13/Apr/2026:22:39:18 +0300] "GET /?m=18197288728201 HTTP/1.0" 200 19740 "-" "Mozilla/5.0 AppleWebKit/537.36 (KHTML, like Gecko; compatible; ClaudeBot/1.0; +claudebot@anthropic.com)"
216.73.216.135 - - [13/Apr/2026:22:39:48 +0300] "GET /?m=20071388800 HTTP/1.0" 200 19839 "-" "Mozilla/5.0 AppleWebKit/537.36 (KHTML, like Gecko; compatible; ClaudeBot/1.0; +claudebot@anthropic.com)"
216.73.216.135 - - [13/Apr/2026:22:40:23 +0300] "GET /info/O014201224840 HTTP/1.0" 404 3327 "-" "Mozilla/5.0 AppleWebKit/537.36 (KHTML, like Gecko; compatible; ClaudeBot/1.0; +claudebot@anthropic.com)"
216.73.216.135 - - [13/Apr/2026:22:40:26 +0300] "GET /info/O01595017472 HTTP/1.0" 404 3326 "-" "Mozilla/5.0 AppleWebKit/537.36 (KHTML, like Gecko; compatible; ClaudeBot/1.0; +claudebot@anthropic.com)"
51.195.183.22 - - [13/Apr/2026:22:40:39 +0300] "GET /info/O022558175714 HTTP/1.0" 404 3327 "-" "Mozilla/5.0 (compatible; AhrefsBot/7.0; +http://ahrefs.com/robot/)"
216.73.216.135 - - [13/Apr/2026:22:40:59 +0300] "GET /?m=35718596700 HTTP/1.0" 200 19743 "-" "Mozilla/5.0 AppleWebKit/537.36 (KHTML, like Gecko; compatible; ClaudeBot/1.0; +claudebot@anthropic.com)"
216.73.216.135 - - [13/Apr/2026:22:41:33 +0300] "GET /info/O003992774643 HTTP/1.0" 404 3327 "-" "Mozilla/5.0 AppleWebKit/537.36 (KHTML, like Gecko; compatible; ClaudeBot/1.0; +claudebot@anthropic.com)"
94.154.35.236 - - [13/Apr/2026:22:41:57 +0300] "HEAD /backup.zip HTTP/1.1" 301 0 "-" "Mozilla/5.0 (Windows NT 10.0; Win64; x64) AppleWebKit/537.36 (KHTML, like Gecko) Chrome/101.0.4951.67 Safari/537.36"
94.154.35.236 - - [13/Apr/2026:22:41:57 +0300] "HEAD /backup.zip HTTP/1.1" 200 0 "-" "Mozilla/5.0 (Windows NT 10.0; Win64; x64) AppleWebKit/537.36 (KHTML, like Gecko) Chrome/101.0.4951.67 Safari/537.36"
216.73.216.135 - - [13/Apr/2026:22:42:08 +0300] "GET /info/O003702157290 HTTP/1.0" 404 3327 "-" "Mozilla/5.0 AppleWebKit/537.36 (KHTML, like Gecko; compatible; ClaudeBot/1.0; +claudebot@anthropic.com)"
216.73.216.135 - - [13/Apr/2026:22:42:26 +0300] "GET /info/O00694797449 HTTP/1.0" 404 3326 "-" "Mozilla/5.0 AppleWebKit/537.36 (KHTML, like Gecko; compatible; ClaudeBot/1.0; +claudebot@anthropic.com)"
216.73.216.135 - - [13/Apr/2026:22:42:54 +0300] "GET /info/O00301686537 HTTP/1.0" 404 3229 "-" "Mozilla/5.0 AppleWebKit/537.36 (KHTML, like Gecko; compatible; ClaudeBot/1.0; +claudebot@anthropic.com)"
216.73.216.135 - - [13/Apr/2026:22:43:08 +0300] "GET /info/O00796357104 HTTP/1.0" 404 3326 "-" "Mozilla/5.0 AppleWebKit/537.36 (KHTML, like Gecko; compatible; ClaudeBot/1.0; +claudebot@anthropic.com)"
198.244.242.253 - - [13/Apr/2026:22:43:23 +0300] "GET /info/O022502848228 HTTP/1.0" 404 3327 "-" "Mozilla/5.0 (compatible; AhrefsBot/7.0; +http://ahrefs.com/robot/)"
216.73.216.135 - - [13/Apr/2026:22:43:59 +0300] "GET /info/O01700141775 HTTP/1.0" 404 3326 "-" "Mozilla/5.0 AppleWebKit/537.36 (KHTML, like Gecko; compatible; ClaudeBot/1.0; +claudebot@anthropic.com)"
216.73.216.135 - - [13/Apr/2026:22:44:32 +0300] "GET /info/O022264876380 HTTP/1.0" 404 3327 "-" "Mozilla/5.0 AppleWebKit/537.36 (KHTML, like Gecko; compatible; ClaudeBot/1.0; +claudebot@anthropic.com)"
216.244.66.201 - - [13/Apr/2026:22:44:36 +0300] "GET /robots.txt HTTP/1.1" 301 196 "-" "Mozilla/5.0 (compatible; DotBot/1.2; +https://opensiteexplorer.org/dotbot; help@moz.com)"
216.244.66.201 - - [13/Apr/2026:22:44:37 +0300] "GET /robots.txt HTTP/1.0" 200 351 "-" "Mozilla/5.0 (compatible; DotBot/1.2; +https://opensiteexplorer.org/dotbot; help@moz.com)"
216.73.216.135 - - [13/Apr/2026:22:44:54 +0300] "GET /info/O021257105854 HTTP/1.0" 404 3327 "-" "Mozilla/5.0 AppleWebKit/537.36 (KHTML, like Gecko; compatible; ClaudeBot/1.0; +claudebot@anthropic.com)"
216.73.216.135 - - [13/Apr/2026:22:45:19 +0300] "GET /info/O012334129153 HTTP/1.0" 404 3230 "-" "Mozilla/5.0 AppleWebKit/537.36 (KHTML, like Gecko; compatible; ClaudeBot/1.0; +claudebot@anthropic.com)"
216.73.216.135 - - [13/Apr/2026:22:45:53 +0300] "GET /?m=9915892400 HTTP/1.0" 200 19836 "-" "Mozilla/5.0 AppleWebKit/537.36 (KHTML, like Gecko; compatible; ClaudeBot/1.0; +claudebot@anthropic.com)"
216.73.216.135 - - [13/Apr/2026:22:46:14 +0300] "GET /?m=57125710000 HTTP/1.0" 200 19837 "-" "Mozilla/5.0 AppleWebKit/537.36 (KHTML, like Gecko; compatible; ClaudeBot/1.0; +claudebot@anthropic.com)"
54.38.147.152 - - [13/Apr/2026:22:46:33 +0300] "GET /info/O022406830159 HTTP/1.0" 404 3327 "-" "Mozilla/5.0 (compatible; AhrefsBot/7.0; +http://ahrefs.com/robot/)"
216.73.216.135 - - [13/Apr/2026:22:46:54 +0300] "GET /?m=22390774001 HTTP/1.0" 200 19834 "-" "Mozilla/5.0 AppleWebKit/537.36 (KHTML, like Gecko; compatible; ClaudeBot/1.0; +claudebot@anthropic.com)"
216.73.216.135 - - [13/Apr/2026:22:47:25 +0300] "GET /?m=77899288260101 HTTP/1.0" 200 19744 "-" "Mozilla/5.0 AppleWebKit/537.36 (KHTML, like Gecko; compatible; ClaudeBot/1.0; +claudebot@anthropic.com)"
216.73.216.135 - - [13/Apr/2026:22:47:37 +0300] "GET /?m=1712751500 HTTP/1.0" 200 19838 "-" "Mozilla/5.0 AppleWebKit/537.36 (KHTML, like Gecko; compatible; ClaudeBot/1.0; +claudebot@anthropic.com)"
216.73.216.135 - - [13/Apr/2026:22:48:18 +0300] "GET /?m=93872235901 HTTP/1.0" 200 19741 "-" "Mozilla/5.0 AppleWebKit/537.36 (KHTML, like Gecko; compatible; ClaudeBot/1.0; +claudebot@anthropic.com)"
216.73.216.135 - - [13/Apr/2026:22:48:48 +0300] "GET /?m=08187115401 HTTP/1.0" 200 19741 "-" "Mozilla/5.0 AppleWebKit/537.36 (KHTML, like Gecko; compatible; ClaudeBot/1.0; +claudebot@anthropic.com)"
216.73.216.135 - - [13/Apr/2026:22:49:23 +0300] "GET /?m=88712288482200 HTTP/1.0" 200 19842 "-" "Mozilla/5.0 AppleWebKit/537.36 (KHTML, like Gecko; compatible; ClaudeBot/1.0; +claudebot@anthropic.com)"
216.73.216.135 - - [13/Apr/2026:22:49:54 +0300] "GET /?m=77648288656501 HTTP/1.0" 200 19843 "-" "Mozilla/5.0 AppleWebKit/537.36 (KHTML, like Gecko; compatible; ClaudeBot/1.0; +claudebot@anthropic.com)"
216.73.216.135 - - [13/Apr/2026:22:50:27 +0300] "GET /?m=94988288373000 HTTP/1.0" 200 19840 "-" "Mozilla/5.0 AppleWebKit/537.36 (KHTML, like Gecko; compatible; ClaudeBot/1.0; +claudebot@anthropic.com)"
216.73.216.135 - - [13/Apr/2026:22:50:44 +0300] "GET /?m=05928288978501 HTTP/1.0" 200 19840 "-" "Mozilla/5.0 AppleWebKit/537.36 (KHTML, like Gecko; compatible; ClaudeBot/1.0; +claudebot@anthropic.com)"
51.195.183.1 - - [13/Apr/2026:22:51:11 +0300] "GET /sitemap_53.xml HTTP/1.0" 200 14346 "-" "Mozilla/5.0 (compatible; AhrefsBot/7.0; +http://ahrefs.com/robot/)"
216.73.216.135 - - [13/Apr/2026:22:51:11 +0300] "GET /?m=85788907501 HTTP/1.0" 200 19840 "-" "Mozilla/5.0 AppleWebKit/537.36 (KHTML, like Gecko; compatible; ClaudeBot/1.0; +claudebot@anthropic.com)"
216.244.66.201 - - [13/Apr/2026:22:51:25 +0300] "GET /images/2019/11/04/1.2.-01.jpg HTTP/1.1" 200 157210 "-" "Mozilla/5.0 (compatible; DotBot/1.2; +https://opensiteexplorer.org/dotbot; help@moz.com)"
216.244.66.201 - - [13/Apr/2026:22:51:33 +0300] "GET /images/2019/11/04/img_20180702_191552-01.jpg HTTP/1.1" 200 145664 "-" "Mozilla/5.0 (compatible; DotBot/1.2; +https://opensiteexplorer.org/dotbot; help@moz.com)"
216.73.216.135 - - [13/Apr/2026:22:51:48 +0300] "GET /?m=77988288806900 HTTP/1.0" 200 19842 "-" "Mozilla/5.0 AppleWebKit/537.36 (KHTML, like Gecko; compatible; ClaudeBot/1.0; +claudebot@anthropic.com)"
216.73.216.135 - - [13/Apr/2026:22:52:18 +0300] "GET /?m=89140288490501 HTTP/1.0" 200 19744 "-" "Mozilla/5.0 AppleWebKit/537.36 (KHTML, like Gecko; compatible; ClaudeBot/1.0; +claudebot@anthropic.com)"
216.73.216.135 - - [13/Apr/2026:22:52:54 +0300] "GET /?m=28759288248700 HTTP/1.0" 200 19842 "-" "Mozilla/5.0 AppleWebKit/537.36 (KHTML, like Gecko; compatible; ClaudeBot/1.0; +claudebot@anthropic.com)"
216.73.216.135 - - [13/Apr/2026:22:53:26 +0300] "GET /?m=10792288049900 HTTP/1.0" 200 19838 "-" "Mozilla/5.0 AppleWebKit/537.36 (KHTML, like Gecko; compatible; ClaudeBot/1.0; +claudebot@anthropic.com)"
216.73.216.135 - - [13/Apr/2026:22:53:46 +0300] "GET /?m=70770288430601 HTTP/1.0" 200 19839 "-" "Mozilla/5.0 AppleWebKit/537.36 (KHTML, like Gecko; compatible; ClaudeBot/1.0; +claudebot@anthropic.com)"
216.73.216.135 - - [13/Apr/2026:22:54:23 +0300] "GET /?m=07980288555601 HTTP/1.0" 200 19745 "-" "Mozilla/5.0 AppleWebKit/537.36 (KHTML, like Gecko; compatible; ClaudeBot/1.0; +claudebot@anthropic.com)"
5.0.18.176 - - [13/Apr/2026:22:54:46 +0300] "GET / HTTP/1.0" 200 19824 "-" "Mozilla/5.0 (compatible; MSIE 9.0; Windows 98; Trident/5.1)"
177.12.182.171 - - [13/Apr/2026:22:54:52 +0300] "GET / HTTP/1.0" 200 19827 "-" "Mozilla/5.0 (Windows; U; Windows NT 11.0) AppleWebKit/531.31.4 (KHTML, like Gecko) Version/5.0.2 Safari/531.31.4"
216.73.216.135 - - [13/Apr/2026:22:54:55 +0300] "GET /?m=19988288279901 HTTP/1.0" 200 19841 "-" "Mozilla/5.0 AppleWebKit/537.36 (KHTML, like Gecko; compatible; ClaudeBot/1.0; +claudebot@anthropic.com)"
51.195.183.7 - - [13/Apr/2026:22:55:11 +0300] "GET /sitemap_225.xml HTTP/1.0" 200 14341 "-" "Mozilla/5.0 (compatible; AhrefsBot/7.0; +http://ahrefs.com/robot/)"
216.73.216.135 - - [13/Apr/2026:22:55:14 +0300] "GET /?m=11617288963700 HTTP/1.0" 200 19841 "-" "Mozilla/5.0 AppleWebKit/537.36 (KHTML, like Gecko; compatible; ClaudeBot/1.0; +claudebot@anthropic.com)"
216.73.216.135 - - [13/Apr/2026:22:55:45 +0300] "GET /?m=47201288416300 HTTP/1.0" 200 19841 "-" "Mozilla/5.0 AppleWebKit/537.36 (KHTML, like Gecko; compatible; ClaudeBot/1.0; +claudebot@anthropic.com)"
216.73.216.135 - - [13/Apr/2026:22:56:20 +0300] "GET /?m=27227288718100 HTTP/1.0" 200 19839 "-" "Mozilla/5.0 AppleWebKit/537.36 (KHTML, like Gecko; compatible; ClaudeBot/1.0; +claudebot@anthropic.com)"
216.73.216.135 - - [13/Apr/2026:22:56:39 +0300] "GET /?m=08990288721600 HTTP/1.0" 200 19842 "-" "Mozilla/5.0 AppleWebKit/537.36 (KHTML, like Gecko; compatible; ClaudeBot/1.0; +claudebot@anthropic.com)"
216.73.216.135 - - [13/Apr/2026:22:57:08 +0300] "GET /?m=86796288257301 HTTP/1.0" 200 19743 "-" "Mozilla/5.0 AppleWebKit/537.36 (KHTML, like Gecko; compatible; ClaudeBot/1.0; +claudebot@anthropic.com)"
216.73.216.135 - - [13/Apr/2026:22:57:43 +0300] "GET /?m=33083288710900 HTTP/1.0" 200 19844 "-" "Mozilla/5.0 AppleWebKit/537.36 (KHTML, like Gecko; compatible; ClaudeBot/1.0; +claudebot@anthropic.com)"
216.73.216.135 - - [13/Apr/2026:22:58:24 +0300] "GET /?m=49276288083400 HTTP/1.0" 200 19742 "-" "Mozilla/5.0 AppleWebKit/537.36 (KHTML, like Gecko; compatible; ClaudeBot/1.0; +claudebot@anthropic.com)"
216.73.216.135 - - [13/Apr/2026:22:58:54 +0300] "GET /?m=01017288158800 HTTP/1.0" 200 19747 "-" "Mozilla/5.0 AppleWebKit/537.36 (KHTML, like Gecko; compatible; ClaudeBot/1.0; +claudebot@anthropic.com)"
198.244.168.60 - - [13/Apr/2026:22:59:06 +0300] "GET /info/O02961408360 HTTP/1.0" 404 3326 "-" "Mozilla/5.0 (compatible; AhrefsBot/7.0; +http://ahrefs.com/robot/)"
216.73.216.135 - - [13/Apr/2026:22:59:30 +0300] "GET /?m=20840211200 HTTP/1.0" 200 19739 "-" "Mozilla/5.0 AppleWebKit/537.36 (KHTML, like Gecko; compatible; ClaudeBot/1.0; +claudebot@anthropic.com)"
216.73.216.135 - - [13/Apr/2026:23:00:05 +0300] "GET /?m=20889866301 HTTP/1.0" 200 19741 "-" "Mozilla/5.0 AppleWebKit/537.36 (KHTML, like Gecko; compatible; ClaudeBot/1.0; +claudebot@anthropic.com)"
66.249.70.65 - - [13/Apr/2026:23:00:45 +0300] "GET /info/O493617841821 HTTP/1.0" 200 27098 "-" "Mozilla/5.0 (Linux; Android 6.0.1; Nexus 5X Build/MMB29P) AppleWebKit/537.36 (KHTML, like Gecko) Chrome/146.0.7680.177 Mobile Safari/537.36 (compatible; Googlebot/2.1; +http://www.google.com/bot.html)"
198.244.242.110 - - [13/Apr/2026:23:02:43 +0300] "GET /info/O02623712493 HTTP/1.0" 404 3326 "-" "Mozilla/5.0 (compatible; AhrefsBot/7.0; +http://ahrefs.com/robot/)"
216.73.216.135 - - [13/Apr/2026:23:02:59 +0300] "GET /info/O013924839149 HTTP/1.0" 404 3327 "-" "Mozilla/5.0 AppleWebKit/537.36 (KHTML, like Gecko; compatible; ClaudeBot/1.0; +claudebot@anthropic.com)"
216.73.216.135 - - [13/Apr/2026:23:03:33 +0300] "GET /info/O002925601396 HTTP/1.0" 404 3327 "-" "Mozilla/5.0 AppleWebKit/537.36 (KHTML, like Gecko; compatible; ClaudeBot/1.0; +claudebot@anthropic.com)"
216.73.216.135 - - [13/Apr/2026:23:04:03 +0300] "GET /info/O001317607705 HTTP/1.0" 404 3327 "-" "Mozilla/5.0 AppleWebKit/537.36 (KHTML, like Gecko; compatible; ClaudeBot/1.0; +claudebot@anthropic.com)"
216.73.216.135 - - [13/Apr/2026:23:04:37 +0300] "GET /info/O01781809227 HTTP/1.0" 404 3326 "-" "Mozilla/5.0 AppleWebKit/537.36 (KHTML, like Gecko; compatible; ClaudeBot/1.0; +claudebot@anthropic.com)"
216.73.216.135 - - [13/Apr/2026:23:05:45 +0300] "GET /info/O002312874643 HTTP/1.0" 404 3327 "-" "Mozilla/5.0 AppleWebKit/537.36 (KHTML, like Gecko; compatible; ClaudeBot/1.0; +claudebot@anthropic.com)"
14.215.163.132 - - [13/Apr/2026:23:06:00 +0300] "GET / HTTP/1.1" 301 196 "-" "Mozilla/5.0 (iPhone; CPU iPhone OS 13_2_3 like Mac OS X) AppleWebKit/605.1.15 (KHTML, like Gecko) Version/13.0.3 Mobile/15E148 Safari/604.1"
14.215.163.132 - - [13/Apr/2026:23:06:08 +0300] "GET / HTTP/1.0" 200 19829 "http://www.germetikprof.ru" "Mozilla/5.0 (iPhone; CPU iPhone OS 13_2_3 like Mac OS X) AppleWebKit/605.1.15 (KHTML, like Gecko) Version/13.0.3 Mobile/15E148 Safari/604.1"
216.73.216.135 - - [13/Apr/2026:23:06:21 +0300] "GET /info/O013277402288 HTTP/1.0" 404 3230 "-" "Mozilla/5.0 AppleWebKit/537.36 (KHTML, like Gecko; compatible; ClaudeBot/1.0; +claudebot@anthropic.com)"
54.38.147.102 - - [13/Apr/2026:23:06:22 +0300] "GET /info/O02583252175 HTTP/1.0" 404 3326 "-" "Mozilla/5.0 (compatible; AhrefsBot/7.0; +http://ahrefs.com/robot/)"
216.73.216.135 - - [13/Apr/2026:23:07:14 +0300] "GET /?m=9974230400 HTTP/1.0" 200 19838 "-" "Mozilla/5.0 AppleWebKit/537.36 (KHTML, like Gecko; compatible; ClaudeBot/1.0; +claudebot@anthropic.com)"
216.73.216.135 - - [13/Apr/2026:23:07:19 +0300] "GET /?m=91281295401 HTTP/1.0" 200 19736 "-" "Mozilla/5.0 AppleWebKit/537.36 (KHTML, like Gecko; compatible; ClaudeBot/1.0; +claudebot@anthropic.com)"
216.73.216.135 - - [13/Apr/2026:23:07:25 +0300] "GET /?m=2517762600 HTTP/1.0" 200 19740 "-" "Mozilla/5.0 AppleWebKit/537.36 (KHTML, like Gecko; compatible; ClaudeBot/1.0; +claudebot@anthropic.com)"
3.94.199.128 - - [13/Apr/2026:23:07:30 +0300] "GET /katalog/product/view/1/18 HTTP/1.0" 200 12363 "-" "Mozilla/5.0 AppleWebKit/537.36 (KHTML, like Gecko; compatible; Amazonbot/0.1; +https://developer.amazon.com/support/amazonbot) Chrome/119.0.6045.214 Safari/537.36"
216.73.216.135 - - [13/Apr/2026:23:07:51 +0300] "GET /info/O023159578581 HTTP/1.0" 404 3327 "-" "Mozilla/5.0 AppleWebKit/537.36 (KHTML, like Gecko; compatible; ClaudeBot/1.0; +claudebot@anthropic.com)"
216.73.216.135 - - [13/Apr/2026:23:07:55 +0300] "GET /info/O022939566737 HTTP/1.0" 404 3230 "-" "Mozilla/5.0 AppleWebKit/537.36 (KHTML, like Gecko; compatible; ClaudeBot/1.0; +claudebot@anthropic.com)"
216.73.216.135 - - [13/Apr/2026:23:08:06 +0300] "GET /info/O00162293642 HTTP/1.0" 404 3229 "-" "Mozilla/5.0 AppleWebKit/537.36 (KHTML, like Gecko; compatible; ClaudeBot/1.0; +claudebot@anthropic.com)"
216.73.216.135 - - [13/Apr/2026:23:08:49 +0300] "GET /?m=74532288550100 HTTP/1.0" 200 19839 "-" "Mozilla/5.0 AppleWebKit/537.36 (KHTML, like Gecko; compatible; ClaudeBot/1.0; +claudebot@anthropic.com)"
198.244.240.91 - - [13/Apr/2026:23:08:55 +0300] "GET /info/O024278116230 HTTP/1.0" 404 3327 "-" "Mozilla/5.0 (compatible; AhrefsBot/7.0; +http://ahrefs.com/robot/)"
216.73.216.135 - - [13/Apr/2026:23:08:55 +0300] "GET /?m=75122317001 HTTP/1.0" 200 19742 "-" "Mozilla/5.0 AppleWebKit/537.36 (KHTML, like Gecko; compatible; ClaudeBot/1.0; +claudebot@anthropic.com)"
216.73.216.135 - - [13/Apr/2026:23:09:01 +0300] "GET /?m=82478279000 HTTP/1.0" 200 19743 "-" "Mozilla/5.0 AppleWebKit/537.36 (KHTML, like Gecko; compatible; ClaudeBot/1.0; +claudebot@anthropic.com)"
216.73.216.135 - - [13/Apr/2026:23:09:07 +0300] "GET /?m=99819288390300 HTTP/1.0" 200 19743 "-" "Mozilla/5.0 AppleWebKit/537.36 (KHTML, like Gecko; compatible; ClaudeBot/1.0; +claudebot@anthropic.com)"
216.73.216.135 - - [13/Apr/2026:23:09:13 +0300] "GET /?m=74507288630600 HTTP/1.0" 200 19743 "-" "Mozilla/5.0 AppleWebKit/537.36 (KHTML, like Gecko; compatible; ClaudeBot/1.0; +claudebot@anthropic.com)"
216.73.216.135 - - [13/Apr/2026:23:09:19 +0300] "GET /?m=88254288279801 HTTP/1.0" 200 19743 "-" "Mozilla/5.0 AppleWebKit/537.36 (KHTML, like Gecko; compatible; ClaudeBot/1.0; +claudebot@anthropic.com)"
216.73.216.135 - - [13/Apr/2026:23:09:31 +0300] "GET /?m=10905288907400 HTTP/1.0" 200 19742 "-" "Mozilla/5.0 AppleWebKit/537.36 (KHTML, like Gecko; compatible; ClaudeBot/1.0; +claudebot@anthropic.com)"
216.73.216.135 - - [13/Apr/2026:23:09:44 +0300] "GET /?m=82266288929201 HTTP/1.0" 200 19743 "-" "Mozilla/5.0 AppleWebKit/537.36 (KHTML, like Gecko; compatible; ClaudeBot/1.0; +claudebot@anthropic.com)"
216.73.216.135 - - [13/Apr/2026:23:10:04 +0300] "GET /?m=98220288494600 HTTP/1.0" 200 19745 "-" "Mozilla/5.0 AppleWebKit/537.36 (KHTML, like Gecko; compatible; ClaudeBot/1.0; +claudebot@anthropic.com)"
216.73.216.135 - - [13/Apr/2026:23:10:06 +0300] "GET /?m=8489025500 HTTP/1.0" 200 19838 "-" "Mozilla/5.0 AppleWebKit/537.36 (KHTML, like Gecko; compatible; ClaudeBot/1.0; +claudebot@anthropic.com)"
216.73.216.135 - - [13/Apr/2026:23:10:15 +0300] "GET /?m=61245288409600 HTTP/1.0" 200 19748 "-" "Mozilla/5.0 AppleWebKit/537.36 (KHTML, like Gecko; compatible; ClaudeBot/1.0; +claudebot@anthropic.com)"
94.154.35.236 - - [13/Apr/2026:23:10:31 +0300] "HEAD /backup.rar HTTP/1.1" 301 0 "-" "Mozilla/5.0 (Windows NT 10.0; Win64; x64) AppleWebKit/537.36 (KHTML, like Gecko) Chrome/101.0.4951.67 Safari/537.36"
216.73.216.135 - - [13/Apr/2026:23:10:29 +0300] "GET /?m=29911288746201 HTTP/1.0" 200 19742 "-" "Mozilla/5.0 AppleWebKit/537.36 (KHTML, like Gecko; compatible; ClaudeBot/1.0; +claudebot@anthropic.com)"
