178.206.255.140 - - [13/Apr/2026:16:11:29 +0300] "GET /images/2019/02/13/42.jpg HTTP/1.1" 200 17521 "https://germetikprof.ru/?etext=2202.GXvaaWL7Yvhs-QQQkcDWWp3t3kZUCjHhwp1k1L1acIA_91dBBlvD5AB3efjiI-YIYGeL22GgtQzKGaMI_Fsxl6a0-KIPkX77hGfVloQXXzf-9UnPofqvHEW3UDK2gdPYZ2JzYmh5cG90aGhmcmVoeA.dd540c9d9653864c4336f47f7e8075cf42936a9e&yclid=12186208624554016767" "Mozilla/5.0 (Windows NT 10.0; Win64; x64) AppleWebKit/537.36 (KHTML, like Gecko) Chrome/144.0.0.0 YaBrowser/26.3.0.0 Safari/537.36"
178.206.255.140 - - [13/Apr/2026:16:11:29 +0300] "GET /images/bottomfon.jpg HTTP/1.1" 200 198502 "https://germetikprof.ru/?etext=2202.GXvaaWL7Yvhs-QQQkcDWWp3t3kZUCjHhwp1k1L1acIA_91dBBlvD5AB3efjiI-YIYGeL22GgtQzKGaMI_Fsxl6a0-KIPkX77hGfVloQXXzf-9UnPofqvHEW3UDK2gdPYZ2JzYmh5cG90aGhmcmVoeA.dd540c9d9653864c4336f47f7e8075cf42936a9e&yclid=12186208624554016767" "Mozilla/5.0 (Windows NT 10.0; Win64; x64) AppleWebKit/537.36 (KHTML, like Gecko) Chrome/144.0.0.0 YaBrowser/26.3.0.0 Safari/537.36"
178.206.255.140 - - [13/Apr/2026:16:11:38 +0300] "GET /images/fav4.png HTTP/1.1" 200 1589 "https://germetikprof.ru/?etext=2202.GXvaaWL7Yvhs-QQQkcDWWp3t3kZUCjHhwp1k1L1acIA_91dBBlvD5AB3efjiI-YIYGeL22GgtQzKGaMI_Fsxl6a0-KIPkX77hGfVloQXXzf-9UnPofqvHEW3UDK2gdPYZ2JzYmh5cG90aGhmcmVoeA.dd540c9d9653864c4336f47f7e8075cf42936a9e&yclid=12186208624554016767" "Mozilla/5.0 (Windows NT 10.0; Win64; x64) AppleWebKit/537.36 (KHTML, like Gecko) Chrome/144.0.0.0 YaBrowser/26.3.0.0 Safari/537.36"
216.73.216.135 - - [13/Apr/2026:16:11:43 +0300] "GET /?m=28242288185400 HTTP/1.0" 200 19747 "-" "Mozilla/5.0 AppleWebKit/537.36 (KHTML, like Gecko; compatible; ClaudeBot/1.0; +claudebot@anthropic.com)"
216.73.216.135 - - [13/Apr/2026:16:11:55 +0300] "GET /?m=12961288715400 HTTP/1.0" 200 19839 "-" "Mozilla/5.0 AppleWebKit/537.36 (KHTML, like Gecko; compatible; ClaudeBot/1.0; +claudebot@anthropic.com)"
216.73.216.135 - - [13/Apr/2026:16:12:16 +0300] "GET /?m=02989288580001 HTTP/1.0" 200 19835 "-" "Mozilla/5.0 AppleWebKit/537.36 (KHTML, like Gecko; compatible; ClaudeBot/1.0; +claudebot@anthropic.com)"
178.206.255.140 - - [13/Apr/2026:16:12:32 +0300] "GET /uslugi/shlifovka HTTP/1.0" 200 11680 "-" "Mozilla/5.0 (Windows NT 10.0; Win64; x64) AppleWebKit/537.36 (KHTML, like Gecko) Chrome/144.0.0.0 YaBrowser/26.3.0.0 Safari/537.36"
178.206.255.140 - - [13/Apr/2026:16:12:36 +0300] "GET /images/2019/02/20/shlif1.jpg HTTP/1.1" 200 154627 "https://germetikprof.ru/uslugi/shlifovka" "Mozilla/5.0 (Windows NT 10.0; Win64; x64) AppleWebKit/537.36 (KHTML, like Gecko) Chrome/144.0.0.0 YaBrowser/26.3.0.0 Safari/537.36"
178.206.255.140 - - [13/Apr/2026:16:12:36 +0300] "GET /images/2019/02/20/shlif2.jpg HTTP/1.1" 200 174022 "https://germetikprof.ru/uslugi/shlifovka" "Mozilla/5.0 (Windows NT 10.0; Win64; x64) AppleWebKit/537.36 (KHTML, like Gecko) Chrome/144.0.0.0 YaBrowser/26.3.0.0 Safari/537.36"
216.73.216.135 - - [13/Apr/2026:16:12:36 +0300] "GET /?m=71949251200 HTTP/1.0" 200 19739 "-" "Mozilla/5.0 AppleWebKit/537.36 (KHTML, like Gecko; compatible; ClaudeBot/1.0; +claudebot@anthropic.com)"
216.73.216.135 - - [13/Apr/2026:16:12:48 +0300] "GET /?m=72922288825900 HTTP/1.0" 200 19841 "-" "Mozilla/5.0 AppleWebKit/537.36 (KHTML, like Gecko; compatible; ClaudeBot/1.0; +claudebot@anthropic.com)"
216.73.216.135 - - [13/Apr/2026:16:13:08 +0300] "GET /?m=94320288880601 HTTP/1.0" 200 19744 "-" "Mozilla/5.0 AppleWebKit/537.36 (KHTML, like Gecko; compatible; ClaudeBot/1.0; +claudebot@anthropic.com)"
5.255.231.192 - - [13/Apr/2026:16:13:16 +0300] "GET /robots.txt HTTP/1.0" 200 351 "-" "Mozilla/5.0 (compatible; YandexBot/3.0; +http://yandex.com/bots)"
95.108.213.100 - - [13/Apr/2026:16:13:17 +0300] "GET /uslugi/shlifovka HTTP/1.0" 200 11778 "-" "Mozilla/5.0 (compatible; YandexBot/3.0; +http://yandex.com/bots)"
216.73.216.135 - - [13/Apr/2026:16:13:27 +0300] "GET /?m=31820288630501 HTTP/1.0" 200 19846 "-" "Mozilla/5.0 AppleWebKit/537.36 (KHTML, like Gecko; compatible; ClaudeBot/1.0; +claudebot@anthropic.com)"
216.73.216.135 - - [13/Apr/2026:16:13:49 +0300] "GET /?m=39913288788300 HTTP/1.0" 200 19748 "-" "Mozilla/5.0 AppleWebKit/537.36 (KHTML, like Gecko; compatible; ClaudeBot/1.0; +claudebot@anthropic.com)"
178.206.255.140 - - [13/Apr/2026:16:13:49 +0300] "GET /?etext=2202.GXvaaWL7Yvhs-QQQkcDWWp3t3kZUCjHhwp1k1L1acIA_91dBBlvD5AB3efjiI-YIYGeL22GgtQzKGaMI_Fsxl6a0-KIPkX77hGfVloQXXzf-9UnPofqvHEW3UDK2gdPYZ2JzYmh5cG90aGhmcmVoeA.dd540c9d9653864c4336f47f7e8075cf42936a9e&yclid=12186208624554016767 HTTP/1.0" 200 19977 "https://ya.ru/" "Mozilla/5.0 (Windows NT 10.0; Win64; x64) AppleWebKit/537.36 (KHTML, like Gecko) Chrome/144.0.0.0 YaBrowser/26.3.0.0 Safari/537.36"
216.73.216.135 - - [13/Apr/2026:16:13:58 +0300] "GET /?m=00999288625400 HTTP/1.0" 200 19844 "-" "Mozilla/5.0 AppleWebKit/537.36 (KHTML, like Gecko; compatible; ClaudeBot/1.0; +claudebot@anthropic.com)"
5.255.231.13 - - [13/Apr/2026:16:14:07 +0300] "GET /katalog/product/view/1/2 HTTP/1.0" 200 12680 "-" "Mozilla/5.0 (compatible; YandexBot/3.0; +http://yandex.com/bots)"
213.180.203.52 - - [13/Apr/2026:16:14:07 +0300] "GET / HTTP/1.0" 200 19822 "-" "Mozilla/5.0 (compatible; YandexBot/3.0; +http://yandex.com/bots) AppleWebKit/537.36 (KHTML, like Gecko) Chrome/108.0.0.0"
5.255.231.205 - - [13/Apr/2026:16:14:12 +0300] "GET / HTTP/1.0" 200 19827 "-" "Mozilla/5.0 (compatible; YandexBot/3.0; +http://yandex.com/bots) AppleWebKit/537.36 (KHTML, like Gecko) Chrome/108.0.0.0"
216.73.216.135 - - [13/Apr/2026:16:14:17 +0300] "GET /?m=82515288394000 HTTP/1.0" 200 19745 "-" "Mozilla/5.0 AppleWebKit/537.36 (KHTML, like Gecko; compatible; ClaudeBot/1.0; +claudebot@anthropic.com)"
87.250.224.217 - - [13/Apr/2026:16:14:17 +0300] "GET / HTTP/1.0" 200 19828 "-" "Mozilla/5.0 (compatible; YandexBot/3.0; +http://yandex.com/bots) AppleWebKit/537.36 (KHTML, like Gecko) Chrome/108.0.0.0"
5.255.231.26 - - [13/Apr/2026:16:14:30 +0300] "GET /media/jui/js/jquery-migrate.min.js?8fb4a4e2f090f461e7630b2a7b848f9f HTTP/1.1" 200 10056 "https://germetikprof.ru/" "Mozilla/5.0 (compatible; YandexRenderResourcesBot/1.0; +http://yandex.com/bots) AppleWebKit/537.36 (KHTML, like Gecko) Chrome/108.0.0.0"
5.255.231.5 - - [13/Apr/2026:16:14:31 +0300] "GET /media/jui/js/jquery.min.js?8fb4a4e2f090f461e7630b2a7b848f9f HTTP/1.1" 200 97646 "https://germetikprof.ru/" "Mozilla/5.0 (compatible; YandexRenderResourcesBot/1.0; +http://yandex.com/bots) AppleWebKit/537.36 (KHTML, like Gecko) Chrome/108.0.0.0"
87.250.224.54 - - [13/Apr/2026:16:14:31 +0300] "GET /media/jui/js/jquery-noconflict.js?8fb4a4e2f090f461e7630b2a7b848f9f HTTP/1.1" 200 21 "https://germetikprof.ru/" "Mozilla/5.0 (compatible; YandexRenderResourcesBot/1.0; +http://yandex.com/bots) AppleWebKit/537.36 (KHTML, like Gecko) Chrome/108.0.0.0"
5.255.231.8 - - [13/Apr/2026:16:14:31 +0300] "GET /modules/mod_contactus/js/contactus_common.js HTTP/1.1" 200 5018 "https://germetikprof.ru/" "Mozilla/5.0 (compatible; YandexRenderResourcesBot/1.0; +http://yandex.com/bots) AppleWebKit/537.36 (KHTML, like Gecko) Chrome/108.0.0.0"
213.180.203.228 - - [13/Apr/2026:16:14:31 +0300] "GET /modules/mod_gruemenu/js/script.js HTTP/1.1" 200 752 "https://germetikprof.ru/" "Mozilla/5.0 (compatible; YandexRenderResourcesBot/1.0; +http://yandex.com/bots) AppleWebKit/537.36 (KHTML, like Gecko) Chrome/108.0.0.0"
95.108.213.230 - - [13/Apr/2026:16:14:32 +0300] "GET /media/system/js/core.js?8fb4a4e2f090f461e7630b2a7b848f9f HTTP/1.1" 200 8735 "https://germetikprof.ru/" "Mozilla/5.0 (compatible; YandexRenderResourcesBot/1.0; +http://yandex.com/bots) AppleWebKit/537.36 (KHTML, like Gecko) Chrome/108.0.0.0"
87.250.224.11 - - [13/Apr/2026:16:14:32 +0300] "GET /components/com_sppagebuilder/assets/js/sppagebuilder.js HTTP/1.1" 200 39713 "https://germetikprof.ru/" "Mozilla/5.0 (compatible; YandexRenderResourcesBot/1.0; +http://yandex.com/bots) AppleWebKit/537.36 (KHTML, like Gecko) Chrome/108.0.0.0"
216.73.216.135 - - [13/Apr/2026:16:14:28 +0300] "GET /?m=32180288763601 HTTP/1.0" 200 19839 "-" "Mozilla/5.0 AppleWebKit/537.36 (KHTML, like Gecko; compatible; ClaudeBot/1.0; +claudebot@anthropic.com)"
87.250.224.36 - - [13/Apr/2026:16:14:35 +0300] "GET /images/fav4.png HTTP/1.1" 200 1589 "https://germetikprof.ru/" "Mozilla/5.0 (compatible; YandexRenderResourcesBot/1.0; +http://yandex.com/bots) AppleWebKit/537.36 (KHTML, like Gecko) Chrome/108.0.0.0"
178.206.255.140 - - [13/Apr/2026:16:14:35 +0300] "GET /katalog HTTP/1.0" 200 14619 "https://germetikprof.ru/?etext=2202.GXvaaWL7Yvhs-QQQkcDWWp3t3kZUCjHhwp1k1L1acIA_91dBBlvD5AB3efjiI-YIYGeL22GgtQzKGaMI_Fsxl6a0-KIPkX77hGfVloQXXzf-9UnPofqvHEW3UDK2gdPYZ2JzYmh5cG90aGhmcmVoeA.dd540c9d9653864c4336f47f7e8075cf42936a9e&yclid=12186208624554016767" "Mozilla/5.0 (Windows NT 10.0; Win64; x64) AppleWebKit/537.36 (KHTML, like Gecko) Chrome/144.0.0.0 YaBrowser/26.3.0.0 Safari/537.36"
178.206.255.140 - - [13/Apr/2026:16:14:39 +0300] "GET /media/system/js/mootools-core.js?8fb4a4e2f090f461e7630b2a7b848f9f HTTP/1.1" 200 83893 "https://germetikprof.ru/katalog" "Mozilla/5.0 (Windows NT 10.0; Win64; x64) AppleWebKit/537.36 (KHTML, like Gecko) Chrome/144.0.0.0 YaBrowser/26.3.0.0 Safari/537.36"
178.206.255.140 - - [13/Apr/2026:16:14:39 +0300] "GET /components/com_jshopping/js/jquery/jquery.media.js HTTP/1.1" 200 18047 "https://germetikprof.ru/katalog" "Mozilla/5.0 (Windows NT 10.0; Win64; x64) AppleWebKit/537.36 (KHTML, like Gecko) Chrome/144.0.0.0 YaBrowser/26.3.0.0 Safari/537.36"
178.206.255.140 - - [13/Apr/2026:16:14:39 +0300] "GET /components/com_jshopping/js/validateForm.js HTTP/1.1" 200 8495 "https://germetikprof.ru/katalog" "Mozilla/5.0 (Windows NT 10.0; Win64; x64) AppleWebKit/537.36 (KHTML, like Gecko) Chrome/144.0.0.0 YaBrowser/26.3.0.0 Safari/537.36"
178.206.255.140 - - [13/Apr/2026:16:14:39 +0300] "GET /components/com_jshopping/js/functions.js HTTP/1.1" 200 45317 "https://germetikprof.ru/katalog" "Mozilla/5.0 (Windows NT 10.0; Win64; x64) AppleWebKit/537.36 (KHTML, like Gecko) Chrome/144.0.0.0 YaBrowser/26.3.0.0 Safari/537.36"
178.206.255.140 - - [13/Apr/2026:16:14:39 +0300] "GET /components/com_jshopping/files/img_products/thumb_2768970.png.webp HTTP/1.0" 200 19979 "https://germetikprof.ru/katalog" "Mozilla/5.0 (Windows NT 10.0; Win64; x64) AppleWebKit/537.36 (KHTML, like Gecko) Chrome/144.0.0.0 YaBrowser/26.3.0.0 Safari/537.36"
178.206.255.140 - - [13/Apr/2026:16:14:39 +0300] "GET /components/com_jshopping/files/img_products/thumb_2770970.png.webp HTTP/1.0" 200 19773 "https://germetikprof.ru/katalog" "Mozilla/5.0 (Windows NT 10.0; Win64; x64) AppleWebKit/537.36 (KHTML, like Gecko) Chrome/144.0.0.0 YaBrowser/26.3.0.0 Safari/537.36"
178.206.255.140 - - [13/Apr/2026:16:14:40 +0300] "GET /components/com_jshopping/files/img_products/thumb_DSC_1645-2.png.webp HTTP/1.0" 200 13659 "https://germetikprof.ru/katalog" "Mozilla/5.0 (Windows NT 10.0; Win64; x64) AppleWebKit/537.36 (KHTML, like Gecko) Chrome/144.0.0.0 YaBrowser/26.3.0.0 Safari/537.36"
178.206.255.140 - - [13/Apr/2026:16:14:40 +0300] "GET /components/com_jshopping/files/img_products/thumb_87001303c6bc606.png.webp HTTP/1.0" 200 22265 "https://germetikprof.ru/katalog" "Mozilla/5.0 (Windows NT 10.0; Win64; x64) AppleWebKit/537.36 (KHTML, like Gecko) Chrome/144.0.0.0 YaBrowser/26.3.0.0 Safari/537.36"
178.206.255.140 - - [13/Apr/2026:16:14:40 +0300] "GET /components/com_jshopping/files/img_products/thumb_art_721_vosk_dlya_to.png.webp HTTP/1.0" 200 10403 "https://germetikprof.ru/katalog" "Mozilla/5.0 (Windows NT 10.0; Win64; x64) AppleWebKit/537.36 (KHTML, like Gecko) Chrome/144.0.0.0 YaBrowser/26.3.0.0 Safari/537.36"
178.206.255.140 - - [13/Apr/2026:16:14:40 +0300] "GET /components/com_jshopping/files/img_products/thumb_BWB_Aqua-1000x1000.png.webp HTTP/1.0" 200 19383 "https://germetikprof.ru/katalog" "Mozilla/5.0 (Windows NT 10.0; Win64; x64) AppleWebKit/537.36 (KHTML, like Gecko) Chrome/144.0.0.0 YaBrowser/26.3.0.0 Safari/537.36"
178.206.255.140 - - [13/Apr/2026:16:14:40 +0300] "GET /components/com_jshopping/files/img_products/thumb_maslo-lazur-dlya-der.png.webp HTTP/1.0" 200 16973 "https://germetikprof.ru/katalog" "Mozilla/5.0 (Windows NT 10.0; Win64; x64) AppleWebKit/537.36 (KHTML, like Gecko) Chrome/144.0.0.0 YaBrowser/26.3.0.0 Safari/537.36"
178.206.255.140 - - [13/Apr/2026:16:14:40 +0300] "GET /components/com_jshopping/files/img_products/thumb_2777970.png.webp HTTP/1.0" 200 20833 "https://germetikprof.ru/katalog" "Mozilla/5.0 (Windows NT 10.0; Win64; x64) AppleWebKit/537.36 (KHTML, like Gecko) Chrome/144.0.0.0 YaBrowser/26.3.0.0 Safari/537.36"
178.206.255.140 - - [13/Apr/2026:16:14:40 +0300] "GET /components/com_jshopping/files/img_products/thumb_2787970.png.webp HTTP/1.0" 200 19753 "https://germetikprof.ru/katalog" "Mozilla/5.0 (Windows NT 10.0; Win64; x64) AppleWebKit/537.36 (KHTML, like Gecko) Chrome/144.0.0.0 YaBrowser/26.3.0.0 Safari/537.36"
178.206.255.140 - - [13/Apr/2026:16:14:40 +0300] "GET /components/com_jshopping/files/img_products/thumb_0988b8f1d52395045a4f.png__1_.webp HTTP/1.0" 200 14400 "https://germetikprof.ru/katalog" "Mozilla/5.0 (Windows NT 10.0; Win64; x64) AppleWebKit/537.36 (KHTML, like Gecko) Chrome/144.0.0.0 YaBrowser/26.3.0.0 Safari/537.36"
178.206.255.140 - - [13/Apr/2026:16:14:41 +0300] "GET /components/com_jshopping/files/img_products/thumb_4e67f28b0116940fb605.png.webp HTTP/1.0" 200 16095 "https://germetikprof.ru/katalog" "Mozilla/5.0 (Windows NT 10.0; Win64; x64) AppleWebKit/537.36 (KHTML, like Gecko) Chrome/144.0.0.0 YaBrowser/26.3.0.0 Safari/537.36"
178.206.255.140 - - [13/Apr/2026:16:14:41 +0300] "GET /components/com_jshopping/files/img_products/thumb_a5b13443e4d900d3a2a4.png.webp HTTP/1.0" 200 16501 "https://germetikprof.ru/katalog" "Mozilla/5.0 (Windows NT 10.0; Win64; x64) AppleWebKit/537.36 (KHTML, like Gecko) Chrome/144.0.0.0 YaBrowser/26.3.0.0 Safari/537.36"
178.206.255.140 - - [13/Apr/2026:16:14:41 +0300] "GET /components/com_jshopping/files/img_products/thumb_2794970.png.webp HTTP/1.0" 200 6056 "https://germetikprof.ru/katalog" "Mozilla/5.0 (Windows NT 10.0; Win64; x64) AppleWebKit/537.36 (KHTML, like Gecko) Chrome/144.0.0.0 YaBrowser/26.3.0.0 Safari/537.36"
178.206.255.140 - - [13/Apr/2026:16:14:41 +0300] "GET /components/com_jshopping/files/img_products/thumb_natural-rocky-stone-.png.webp HTTP/1.0" 200 12967 "https://germetikprof.ru/katalog" "Mozilla/5.0 (Windows NT 10.0; Win64; x64) AppleWebKit/537.36 (KHTML, like Gecko) Chrome/144.0.0.0 YaBrowser/26.3.0.0 Safari/537.36"
178.206.255.140 - - [13/Apr/2026:16:14:41 +0300] "GET /components/com_jshopping/files/img_products/thumb_db1e48d1cd69849761e7.png.webp HTTP/1.0" 200 14685 "https://germetikprof.ru/katalog" "Mozilla/5.0 (Windows NT 10.0; Win64; x64) AppleWebKit/537.36 (KHTML, like Gecko) Chrome/144.0.0.0 YaBrowser/26.3.0.0 Safari/537.36"
178.206.255.140 - - [13/Apr/2026:16:14:41 +0300] "GET /components/com_jshopping/files/img_products/thumb_362fcb8c73787bee7e72.png HTTP/1.1" 200 191054 "https://germetikprof.ru/katalog" "Mozilla/5.0 (Windows NT 10.0; Win64; x64) AppleWebKit/537.36 (KHTML, like Gecko) Chrome/144.0.0.0 YaBrowser/26.3.0.0 Safari/537.36"
178.206.255.140 - - [13/Apr/2026:16:14:41 +0300] "GET /components/com_jshopping/files/img_products/thumb_88727499-PhotoRoompn.png.webp HTTP/1.0" 200 10036 "https://germetikprof.ru/katalog" "Mozilla/5.0 (Windows NT 10.0; Win64; x64) AppleWebKit/537.36 (KHTML, like Gecko) Chrome/144.0.0.0 YaBrowser/26.3.0.0 Safari/537.36"
178.206.255.140 - - [13/Apr/2026:16:14:41 +0300] "GET /components/com_jshopping/files/img_products/thumb_160_acryl1.png.webp HTTP/1.0" 200 9328 "https://germetikprof.ru/katalog" "Mozilla/5.0 (Windows NT 10.0; Win64; x64) AppleWebKit/537.36 (KHTML, like Gecko) Chrome/144.0.0.0 YaBrowser/26.3.0.0 Safari/537.36"
178.206.255.140 - - [13/Apr/2026:16:14:41 +0300] "GET /components/com_jshopping/files/img_products/thumb_492dfa66e8114c63c579.png.webp HTTP/1.0" 200 7276 "https://germetikprof.ru/katalog" "Mozilla/5.0 (Windows NT 10.0; Win64; x64) AppleWebKit/537.36 (KHTML, like Gecko) Chrome/144.0.0.0 YaBrowser/26.3.0.0 Safari/537.36"
178.206.255.140 - - [13/Apr/2026:16:14:41 +0300] "GET /components/com_jshopping/files/img_products/thumb_photo.jpg.webp HTTP/1.0" 200 11280 "https://germetikprof.ru/katalog" "Mozilla/5.0 (Windows NT 10.0; Win64; x64) AppleWebKit/537.36 (KHTML, like Gecko) Chrome/144.0.0.0 YaBrowser/26.3.0.0 Safari/537.36"
178.206.255.140 - - [13/Apr/2026:16:14:41 +0300] "GET /components/com_jshopping/files/img_products/thumb_6330_enl-PhotoRoompn.png HTTP/1.1" 200 314196 "https://germetikprof.ru/katalog" "Mozilla/5.0 (Windows NT 10.0; Win64; x64) AppleWebKit/537.36 (KHTML, like Gecko) Chrome/144.0.0.0 YaBrowser/26.3.0.0 Safari/537.36"
178.206.255.140 - - [13/Apr/2026:16:14:41 +0300] "GET /components/com_jshopping/files/img_products/thumb_igun_600_ruchnoy_1-P.png HTTP/1.1" 200 271413 "https://germetikprof.ru/katalog" "Mozilla/5.0 (Windows NT 10.0; Win64; x64) AppleWebKit/537.36 (KHTML, like Gecko) Chrome/144.0.0.0 YaBrowser/26.3.0.0 Safari/537.36"
178.206.255.140 - - [13/Apr/2026:16:14:41 +0300] "GET /components/com_jshopping/files/img_products/thumb____1_LjpRQZl-PhotoRo.png HTTP/1.1" 200 180624 "https://germetikprof.ru/katalog" "Mozilla/5.0 (Windows NT 10.0; Win64; x64) AppleWebKit/537.36 (KHTML, like Gecko) Chrome/144.0.0.0 YaBrowser/26.3.0.0 Safari/537.36"
178.206.255.140 - - [13/Apr/2026:16:14:41 +0300] "GET /components/com_jshopping/files/img_products/thumb_6070022053-PhotoRoom.png HTTP/1.1" 200 271413 "https://germetikprof.ru/katalog" "Mozilla/5.0 (Windows NT 10.0; Win64; x64) AppleWebKit/537.36 (KHTML, like Gecko) Chrome/144.0.0.0 YaBrowser/26.3.0.0 Safari/537.36"
178.206.255.140 - - [13/Apr/2026:16:14:41 +0300] "GET /components/com_jshopping/files/img_products/thumb_21300750-PhotoRoompn.png.webp HTTP/1.0" 200 18029 "https://germetikprof.ru/katalog" "Mozilla/5.0 (Windows NT 10.0; Win64; x64) AppleWebKit/537.36 (KHTML, like Gecko) Chrome/144.0.0.0 YaBrowser/26.3.0.0 Safari/537.36"
178.206.255.140 - - [13/Apr/2026:16:14:41 +0300] "GET /components/com_jshopping/files/img_products/thumb_16_200x200-PhotoRoom.png.webp HTTP/1.0" 200 21531 "https://germetikprof.ru/katalog" "Mozilla/5.0 (Windows NT 10.0; Win64; x64) AppleWebKit/537.36 (KHTML, like Gecko) Chrome/144.0.0.0 YaBrowser/26.3.0.0 Safari/537.36"
178.206.255.140 - - [13/Apr/2026:16:14:41 +0300] "GET /components/com_jshopping/files/img_products/thumb_0Y9A0655-PhotoRoompn.png.webp HTTP/1.0" 200 26155 "https://germetikprof.ru/katalog" "Mozilla/5.0 (Windows NT 10.0; Win64; x64) AppleWebKit/537.36 (KHTML, like Gecko) Chrome/144.0.0.0 YaBrowser/26.3.0.0 Safari/537.36"
178.206.255.140 - - [13/Apr/2026:16:14:41 +0300] "GET /components/com_jshopping/files/img_products/thumb_946125000-470x470-Ph.png.webp HTTP/1.0" 200 7920 "https://germetikprof.ru/katalog" "Mozilla/5.0 (Windows NT 10.0; Win64; x64) AppleWebKit/537.36 (KHTML, like Gecko) Chrome/144.0.0.0 YaBrowser/26.3.0.0 Safari/537.36"
178.206.255.140 - - [13/Apr/2026:16:14:41 +0300] "GET /components/com_jshopping/files/img_products/thumb_orig-PhotoRoompng-Ph.png HTTP/1.1" 200 259925 "https://germetikprof.ru/katalog" "Mozilla/5.0 (Windows NT 10.0; Win64; x64) AppleWebKit/537.36 (KHTML, like Gecko) Chrome/144.0.0.0 YaBrowser/26.3.0.0 Safari/537.36"
178.206.255.140 - - [13/Apr/2026:16:14:41 +0300] "GET /components/com_jshopping/files/img_products/thumb_820d125h8-PhotoRoomp.png HTTP/1.1" 200 271413 "https://germetikprof.ru/katalog" "Mozilla/5.0 (Windows NT 10.0; Win64; x64) AppleWebKit/537.36 (KHTML, like Gecko) Chrome/144.0.0.0 YaBrowser/26.3.0.0 Safari/537.36"
178.206.255.140 - - [13/Apr/2026:16:14:41 +0300] "GET /components/com_jshopping/files/img_products/thumb_39417450x0.png.webp HTTP/1.0" 200 9360 "https://germetikprof.ru/katalog" "Mozilla/5.0 (Windows NT 10.0; Win64; x64) AppleWebKit/537.36 (KHTML, like Gecko) Chrome/144.0.0.0 YaBrowser/26.3.0.0 Safari/537.36"
178.206.255.140 - - [13/Apr/2026:16:14:41 +0300] "GET /components/com_jshopping/files/img_products/thumb_750-d_150_1-PhotoRoo.png.webp HTTP/1.0" 200 13853 "https://germetikprof.ru/katalog" "Mozilla/5.0 (Windows NT 10.0; Win64; x64) AppleWebKit/537.36 (KHTML, like Gecko) Chrome/144.0.0.0 YaBrowser/26.3.0.0 Safari/537.36"
178.206.255.140 - - [13/Apr/2026:16:14:41 +0300] "GET /components/com_jshopping/files/img_products/thumb_pic_92fa0feda6ae92c_.png.webp HTTP/1.0" 200 17263 "https://germetikprof.ru/katalog" "Mozilla/5.0 (Windows NT 10.0; Win64; x64) AppleWebKit/537.36 (KHTML, like Gecko) Chrome/144.0.0.0 YaBrowser/26.3.0.0 Safari/537.36"
178.206.255.140 - - [13/Apr/2026:16:14:41 +0300] "GET /components/com_jshopping/files/img_products/thumb_valik-80134-PhotoRoo.png.webp HTTP/1.0" 200 9716 "https://germetikprof.ru/katalog" "Mozilla/5.0 (Windows NT 10.0; Win64; x64) AppleWebKit/537.36 (KHTML, like Gecko) Chrome/144.0.0.0 YaBrowser/26.3.0.0 Safari/537.36"
178.206.255.140 - - [13/Apr/2026:16:14:41 +0300] "GET /components/com_jshopping/files/img_products/thumb_6069569415.png.webp HTTP/1.0" 200 21681 "https://germetikprof.ru/katalog" "Mozilla/5.0 (Windows NT 10.0; Win64; x64) AppleWebKit/537.36 (KHTML, like Gecko) Chrome/144.0.0.0 YaBrowser/26.3.0.0 Safari/537.36"
178.206.255.140 - - [13/Apr/2026:16:14:41 +0300] "GET /components/com_jshopping/files/img_products/thumb_Decomold-PhotoRoompn.png.webp HTTP/1.0" 200 7376 "https://germetikprof.ru/katalog" "Mozilla/5.0 (Windows NT 10.0; Win64; x64) AppleWebKit/537.36 (KHTML, like Gecko) Chrome/144.0.0.0 YaBrowser/26.3.0.0 Safari/537.36"
178.206.255.140 - - [13/Apr/2026:16:14:41 +0300] "GET /components/com_jshopping/files/img_products/thumb_-SS-20-3.png.webp HTTP/1.0" 200 24719 "https://germetikprof.ru/katalog" "Mozilla/5.0 (Windows NT 10.0; Win64; x64) AppleWebKit/537.36 (KHTML, like Gecko) Chrome/144.0.0.0 YaBrowser/26.3.0.0 Safari/537.36"
178.206.255.140 - - [13/Apr/2026:16:14:41 +0300] "GET /components/com_jshopping/files/img_products/thumb_--10-3.png.webp HTTP/1.0" 200 23771 "https://germetikprof.ru/katalog" "Mozilla/5.0 (Windows NT 10.0; Win64; x64) AppleWebKit/537.36 (KHTML, like Gecko) Chrome/144.0.0.0 YaBrowser/26.3.0.0 Safari/537.36"
178.206.255.140 - - [13/Apr/2026:16:14:41 +0300] "GET /components/com_jshopping/files/img_products/thumb_cea1316732cadfb7bb8e.png.webp HTTP/1.0" 200 29443 "https://germetikprof.ru/katalog" "Mozilla/5.0 (Windows NT 10.0; Win64; x64) AppleWebKit/537.36 (KHTML, like Gecko) Chrome/144.0.0.0 YaBrowser/26.3.0.0 Safari/537.36"
216.73.216.135 - - [13/Apr/2026:16:14:49 +0300] "GET /?m=82751288181901 HTTP/1.0" 200 19741 "-" "Mozilla/5.0 AppleWebKit/537.36 (KHTML, like Gecko; compatible; ClaudeBot/1.0; +claudebot@anthropic.com)"
216.73.216.135 - - [13/Apr/2026:16:15:01 +0300] "GET /?m=09392288530400 HTTP/1.0" 200 19841 "-" "Mozilla/5.0 AppleWebKit/537.36 (KHTML, like Gecko; compatible; ClaudeBot/1.0; +claudebot@anthropic.com)"
216.73.216.135 - - [13/Apr/2026:16:15:22 +0300] "GET /?m=96292288390001 HTTP/1.0" 200 19744 "-" "Mozilla/5.0 AppleWebKit/537.36 (KHTML, like Gecko; compatible; ClaudeBot/1.0; +claudebot@anthropic.com)"
216.73.216.135 - - [13/Apr/2026:16:15:29 +0300] "GET /?m=90275288291200 HTTP/1.0" 200 19745 "-" "Mozilla/5.0 AppleWebKit/537.36 (KHTML, like Gecko; compatible; ClaudeBot/1.0; +claudebot@anthropic.com)"
216.73.216.135 - - [13/Apr/2026:16:15:50 +0300] "GET /?m=18191288723500 HTTP/1.0" 200 19839 "-" "Mozilla/5.0 AppleWebKit/537.36 (KHTML, like Gecko; compatible; ClaudeBot/1.0; +claudebot@anthropic.com)"
5.39.1.245 - - [13/Apr/2026:16:15:53 +0300] "GET /info/O014168333996 HTTP/1.0" 404 3327 "-" "Mozilla/5.0 (compatible; AhrefsBot/7.0; +http://ahrefs.com/robot/)"
216.73.216.135 - - [13/Apr/2026:16:16:10 +0300] "GET /?m=43217288239600 HTTP/1.0" 200 19741 "-" "Mozilla/5.0 AppleWebKit/537.36 (KHTML, like Gecko; compatible; ClaudeBot/1.0; +claudebot@anthropic.com)"
216.73.216.135 - - [13/Apr/2026:16:16:25 +0300] "GET /?m=69152288632301 HTTP/1.0" 200 19745 "-" "Mozilla/5.0 AppleWebKit/537.36 (KHTML, like Gecko; compatible; ClaudeBot/1.0; +claudebot@anthropic.com)"
216.73.216.135 - - [13/Apr/2026:16:16:44 +0300] "GET /?m=70751288567901 HTTP/1.0" 200 19746 "-" "Mozilla/5.0 AppleWebKit/537.36 (KHTML, like Gecko; compatible; ClaudeBot/1.0; +claudebot@anthropic.com)"
216.73.216.135 - - [13/Apr/2026:16:16:56 +0300] "GET /?m=76361288948700 HTTP/1.0" 200 19840 "-" "Mozilla/5.0 AppleWebKit/537.36 (KHTML, like Gecko; compatible; ClaudeBot/1.0; +claudebot@anthropic.com)"
5.255.231.140 - - [13/Apr/2026:16:17:18 +0300] "GET /robots.txt HTTP/1.0" 200 351 "-" "Mozilla/5.0 (compatible; YandexBot/3.0; +http://yandex.com/bots)"
216.73.216.135 - - [13/Apr/2026:16:17:17 +0300] "GET /?m=10992288750801 HTTP/1.0" 200 19744 "-" "Mozilla/5.0 AppleWebKit/537.36 (KHTML, like Gecko; compatible; ClaudeBot/1.0; +claudebot@anthropic.com)"
213.180.203.242 - - [13/Apr/2026:16:17:19 +0300] "GET / HTTP/1.0" 200 19829 "-" "Mozilla/5.0 (compatible; YandexBot/3.0; +http://yandex.com/bots) AppleWebKit/537.36 (KHTML, like Gecko) Chrome/108.0.0.0"
95.108.213.160 - - [13/Apr/2026:16:17:23 +0300] "GET / HTTP/1.0" 200 19828 "-" "Mozilla/5.0 (compatible; YandexBot/3.0; +http://yandex.com/bots) AppleWebKit/537.36 (KHTML, like Gecko) Chrome/108.0.0.0"
216.73.216.135 - - [13/Apr/2026:16:17:29 +0300] "GET /?m=08578288652901 HTTP/1.0" 200 19839 "-" "Mozilla/5.0 AppleWebKit/537.36 (KHTML, like Gecko; compatible; ClaudeBot/1.0; +claudebot@anthropic.com)"
213.180.203.93 - - [13/Apr/2026:16:17:28 +0300] "GET / HTTP/1.0" 200 19829 "-" "Mozilla/5.0 (compatible; YandexBot/3.0; +http://yandex.com/bots) AppleWebKit/537.36 (KHTML, like Gecko) Chrome/108.0.0.0"
216.73.216.135 - - [13/Apr/2026:16:17:54 +0300] "GET /robots.txt HTTP/1.0" 200 395 "-" "Mozilla/5.0 AppleWebKit/537.36 (KHTML, like Gecko; compatible; ClaudeBot/1.0; +claudebot@anthropic.com)"
216.73.216.135 - - [13/Apr/2026:16:17:50 +0300] "GET /?m=10382288783001 HTTP/1.0" 200 19743 "-" "Mozilla/5.0 AppleWebKit/537.36 (KHTML, like Gecko; compatible; ClaudeBot/1.0; +claudebot@anthropic.com)"
216.73.216.135 - - [13/Apr/2026:16:18:02 +0300] "GET /?m=69587288383800 HTTP/1.0" 200 19839 "-" "Mozilla/5.0 AppleWebKit/537.36 (KHTML, like Gecko; compatible; ClaudeBot/1.0; +claudebot@anthropic.com)"
216.73.216.135 - - [13/Apr/2026:16:18:21 +0300] "GET /?m=41910288241800 HTTP/1.0" 200 19746 "-" "Mozilla/5.0 AppleWebKit/537.36 (KHTML, like Gecko; compatible; ClaudeBot/1.0; +claudebot@anthropic.com)"
216.73.216.135 - - [13/Apr/2026:16:18:35 +0300] "GET /?m=63922288755901 HTTP/1.0" 200 19841 "-" "Mozilla/5.0 AppleWebKit/537.36 (KHTML, like Gecko; compatible; ClaudeBot/1.0; +claudebot@anthropic.com)"
216.73.216.135 - - [13/Apr/2026:16:18:55 +0300] "GET /?m=83791288192700 HTTP/1.0" 200 19747 "-" "Mozilla/5.0 AppleWebKit/537.36 (KHTML, like Gecko; compatible; ClaudeBot/1.0; +claudebot@anthropic.com)"
216.73.216.135 - - [13/Apr/2026:16:19:07 +0300] "GET /?m=77626288721800 HTTP/1.0" 200 19844 "-" "Mozilla/5.0 AppleWebKit/537.36 (KHTML, like Gecko; compatible; ClaudeBot/1.0; +claudebot@anthropic.com)"
95.108.213.225 - - [13/Apr/2026:16:19:12 +0300] "GET /katalog/product/view/1/2 HTTP/1.0" 200 12682 "-" "Mozilla/5.0 (compatible; YandexBot/3.0; +http://yandex.com/bots)"
216.73.216.135 - - [13/Apr/2026:16:19:27 +0300] "GET /?m=61221288167800 HTTP/1.0" 200 19747 "-" "Mozilla/5.0 AppleWebKit/537.36 (KHTML, like Gecko; compatible; ClaudeBot/1.0; +claudebot@anthropic.com)"
216.73.216.135 - - [13/Apr/2026:16:19:40 +0300] "GET /?m=41020288812001 HTTP/1.0" 200 19841 "-" "Mozilla/5.0 AppleWebKit/537.36 (KHTML, like Gecko; compatible; ClaudeBot/1.0; +claudebot@anthropic.com)"
216.73.216.135 - - [13/Apr/2026:16:20:02 +0300] "GET /?m=00121288762100 HTTP/1.0" 200 19743 "-" "Mozilla/5.0 AppleWebKit/537.36 (KHTML, like Gecko; compatible; ClaudeBot/1.0; +claudebot@anthropic.com)"
216.73.216.135 - - [13/Apr/2026:16:20:12 +0300] "GET /?m=88192288457800 HTTP/1.0" 200 19844 "-" "Mozilla/5.0 AppleWebKit/537.36 (KHTML, like Gecko; compatible; ClaudeBot/1.0; +claudebot@anthropic.com)"
216.73.216.135 - - [13/Apr/2026:16:20:32 +0300] "GET /?m=90869288864201 HTTP/1.0" 200 19745 "-" "Mozilla/5.0 AppleWebKit/537.36 (KHTML, like Gecko; compatible; ClaudeBot/1.0; +claudebot@anthropic.com)"
216.73.216.135 - - [13/Apr/2026:16:20:43 +0300] "GET /?m=71301288624301 HTTP/1.0" 200 19745 "-" "Mozilla/5.0 AppleWebKit/537.36 (KHTML, like Gecko; compatible; ClaudeBot/1.0; +claudebot@anthropic.com)"
216.73.216.135 - - [13/Apr/2026:16:21:02 +0300] "GET /?m=99020288866300 HTTP/1.0" 200 19747 "-" "Mozilla/5.0 AppleWebKit/537.36 (KHTML, like Gecko; compatible; ClaudeBot/1.0; +claudebot@anthropic.com)"
37.59.204.139 - - [13/Apr/2026:16:21:05 +0300] "GET /info/O01415953994 HTTP/1.0" 404 3326 "-" "Mozilla/5.0 (compatible; AhrefsBot/7.0; +http://ahrefs.com/robot/)"
216.73.216.135 - - [13/Apr/2026:16:21:14 +0300] "GET /?m=91898869200 HTTP/1.0" 200 19740 "-" "Mozilla/5.0 AppleWebKit/537.36 (KHTML, like Gecko; compatible; ClaudeBot/1.0; +claudebot@anthropic.com)"
216.73.216.135 - - [13/Apr/2026:16:21:35 +0300] "GET /?m=87035288591700 HTTP/1.0" 200 19745 "-" "Mozilla/5.0 AppleWebKit/537.36 (KHTML, like Gecko; compatible; ClaudeBot/1.0; +claudebot@anthropic.com)"
216.73.216.135 - - [13/Apr/2026:16:21:46 +0300] "GET /?m=69281288143401 HTTP/1.0" 200 19743 "-" "Mozilla/5.0 AppleWebKit/537.36 (KHTML, like Gecko; compatible; ClaudeBot/1.0; +claudebot@anthropic.com)"
216.73.216.135 - - [13/Apr/2026:16:22:04 +0300] "GET /?m=14377288852400 HTTP/1.0" 200 19746 "-" "Mozilla/5.0 AppleWebKit/537.36 (KHTML, like Gecko; compatible; ClaudeBot/1.0; +claudebot@anthropic.com)"
216.73.216.135 - - [13/Apr/2026:16:22:18 +0300] "GET /?m=88193288986001 HTTP/1.0" 200 19839 "-" "Mozilla/5.0 AppleWebKit/537.36 (KHTML, like Gecko; compatible; ClaudeBot/1.0; +claudebot@anthropic.com)"
5.255.231.31 - - [13/Apr/2026:16:22:39 +0300] "GET / HTTP/1.0" 200 19823 "-" "Mozilla/5.0 (compatible; YandexBot/3.0; +http://yandex.com/bots) AppleWebKit/537.36 (KHTML, like Gecko) Chrome/108.0.0.0"
5.255.231.174 - - [13/Apr/2026:16:22:45 +0300] "GET /media/jui/js/jquery-noconflict.js?8fb4a4e2f090f461e7630b2a7b848f9f HTTP/1.1" 200 21 "https://germetikprof.ru/" "Mozilla/5.0 (compatible; YandexRenderResourcesBot/1.0; +http://yandex.com/bots) AppleWebKit/537.36 (KHTML, like Gecko) Chrome/108.0.0.0"
87.250.224.78 - - [13/Apr/2026:16:22:46 +0300] "GET /components/com_sppagebuilder/assets/js/jquery.parallax.js HTTP/1.1" 200 892 "https://germetikprof.ru/" "Mozilla/5.0 (compatible; YandexRenderResourcesBot/1.0; +http://yandex.com/bots) AppleWebKit/537.36 (KHTML, like Gecko) Chrome/108.0.0.0"
5.255.231.142 - - [13/Apr/2026:16:22:46 +0300] "GET /components/com_sppagebuilder/assets/js/jquery.magnific-popup.min.js HTTP/1.1" 200 20004 "https://germetikprof.ru/" "Mozilla/5.0 (compatible; YandexRenderResourcesBot/1.0; +http://yandex.com/bots) AppleWebKit/537.36 (KHTML, like Gecko) Chrome/108.0.0.0"
87.250.224.43 - - [13/Apr/2026:16:22:47 +0300] "GET /modules/mod_contactus/js/contactus_common.js HTTP/1.1" 200 5018 "https://germetikprof.ru/" "Mozilla/5.0 (compatible; YandexRenderResourcesBot/1.0; +http://yandex.com/bots) AppleWebKit/537.36 (KHTML, like Gecko) Chrome/108.0.0.0"
213.180.203.40 - - [13/Apr/2026:16:22:47 +0300] "GET /modules/mod_contactus/js/contactus_lightbox.js HTTP/1.1" 200 4279 "https://germetikprof.ru/" "Mozilla/5.0 (compatible; YandexRenderResourcesBot/1.0; +http://yandex.com/bots) AppleWebKit/537.36 (KHTML, like Gecko) Chrome/108.0.0.0"
95.108.213.243 - - [13/Apr/2026:16:22:47 +0300] "GET /templates/shaper_helix3/js/bootstrap.min.js HTTP/1.1" 200 37045 "https://germetikprof.ru/" "Mozilla/5.0 (compatible; YandexRenderResourcesBot/1.0; +http://yandex.com/bots) AppleWebKit/537.36 (KHTML, like Gecko) Chrome/108.0.0.0"
87.250.224.31 - - [13/Apr/2026:16:22:48 +0300] "GET /templates/shaper_helix3/js/jquery.sticky.js HTTP/1.1" 200 5739 "https://germetikprof.ru/" "Mozilla/5.0 (compatible; YandexRenderResourcesBot/1.0; +http://yandex.com/bots) AppleWebKit/537.36 (KHTML, like Gecko) Chrome/108.0.0.0"
95.108.213.157 - - [13/Apr/2026:16:22:48 +0300] "GET /templates/shaper_helix3/js/frontend-edit.js HTTP/1.1" 200 1948 "https://germetikprof.ru/" "Mozilla/5.0 (compatible; YandexRenderResourcesBot/1.0; +http://yandex.com/bots) AppleWebKit/537.36 (KHTML, like Gecko) Chrome/108.0.0.0"
213.180.203.164 - - [13/Apr/2026:16:22:48 +0300] "GET /templates/shaper_helix3/js/main.js HTTP/1.1" 200 8773 "https://germetikprof.ru/" "Mozilla/5.0 (compatible; YandexRenderResourcesBot/1.0; +http://yandex.com/bots) AppleWebKit/537.36 (KHTML, like Gecko) Chrome/108.0.0.0"
213.180.203.48 - - [13/Apr/2026:16:22:49 +0300] "GET /modules/mod_contactus/js/contactus_form.js HTTP/1.1" 200 2290 "https://germetikprof.ru/" "Mozilla/5.0 (compatible; YandexRenderResourcesBot/1.0; +http://yandex.com/bots) AppleWebKit/537.36 (KHTML, like Gecko) Chrome/108.0.0.0"
213.180.203.70 - - [13/Apr/2026:16:22:49 +0300] "GET /media/mod_jcart_ajax/js/jcart-ajax.js HTTP/1.1" 200 7890 "https://germetikprof.ru/" "Mozilla/5.0 (compatible; YandexRenderResourcesBot/1.0; +http://yandex.com/bots) AppleWebKit/537.36 (KHTML, like Gecko) Chrome/108.0.0.0"
5.255.231.115 - - [13/Apr/2026:16:22:50 +0300] "GET /modules/mod_sp_smart_slider/tmpl/corporex/js/sp-smart-slider.js HTTP/1.1" 200 6353 "https://germetikprof.ru/" "Mozilla/5.0 (compatible; YandexRenderResourcesBot/1.0; +http://yandex.com/bots) AppleWebKit/537.36 (KHTML, like Gecko) Chrome/108.0.0.0"
213.180.203.128 - - [13/Apr/2026:16:22:51 +0300] "GET /modules/mod_gruemenu/js/touchwipe.min.js HTTP/1.1" 200 2254 "https://germetikprof.ru/" "Mozilla/5.0 (compatible; YandexRenderResourcesBot/1.0; +http://yandex.com/bots) AppleWebKit/537.36 (KHTML, like Gecko) Chrome/108.0.0.0"
87.250.224.243 - - [13/Apr/2026:16:22:51 +0300] "GET /modules/mod_gruemenu/js/sidr.js HTTP/1.1" 200 9880 "https://germetikprof.ru/" "Mozilla/5.0 (compatible; YandexRenderResourcesBot/1.0; +http://yandex.com/bots) AppleWebKit/537.36 (KHTML, like Gecko) Chrome/108.0.0.0"
216.73.216.135 - - [13/Apr/2026:16:22:51 +0300] "GET /sitemap_142.xml HTTP/1.0" 200 14353 "-" "Mozilla/5.0 AppleWebKit/537.36 (KHTML, like Gecko; compatible; ClaudeBot/1.0; +claudebot@anthropic.com)"
5.255.231.94 - - [13/Apr/2026:16:22:56 +0300] "GET /images/fav4.png HTTP/1.1" 200 1589 "https://germetikprof.ru/" "Mozilla/5.0 (compatible; YandexRenderResourcesBot/1.0; +http://yandex.com/bots) AppleWebKit/537.36 (KHTML, like Gecko) Chrome/108.0.0.0"
216.73.216.135 - - [13/Apr/2026:16:23:07 +0300] "GET /?m=71027288819801 HTTP/1.0" 200 19841 "-" "Mozilla/5.0 AppleWebKit/537.36 (KHTML, like Gecko; compatible; ClaudeBot/1.0; +claudebot@anthropic.com)"
216.73.216.135 - - [13/Apr/2026:16:23:40 +0300] "GET /?m=62781288251400 HTTP/1.0" 200 19747 "-" "Mozilla/5.0 AppleWebKit/537.36 (KHTML, like Gecko; compatible; ClaudeBot/1.0; +claudebot@anthropic.com)"
216.73.216.135 - - [13/Apr/2026:16:24:13 +0300] "GET /info/O01280128148 HTTP/1.0" 404 3326 "-" "Mozilla/5.0 AppleWebKit/537.36 (KHTML, like Gecko; compatible; ClaudeBot/1.0; +claudebot@anthropic.com)"
216.73.216.135 - - [13/Apr/2026:16:24:33 +0300] "GET /info/O01766479967 HTTP/1.0" 404 3326 "-" "Mozilla/5.0 AppleWebKit/537.36 (KHTML, like Gecko; compatible; ClaudeBot/1.0; +claudebot@anthropic.com)"
216.73.216.135 - - [13/Apr/2026:16:24:59 +0300] "GET /?m=39193288210000 HTTP/1.0" 200 19746 "-" "Mozilla/5.0 AppleWebKit/537.36 (KHTML, like Gecko; compatible; ClaudeBot/1.0; +claudebot@anthropic.com)"
216.73.216.135 - - [13/Apr/2026:16:25:38 +0300] "GET /info/O013679271773 HTTP/1.0" 404 3327 "-" "Mozilla/5.0 AppleWebKit/537.36 (KHTML, like Gecko; compatible; ClaudeBot/1.0; +claudebot@anthropic.com)"
95.108.213.236 - - [13/Apr/2026:16:25:42 +0300] "GET / HTTP/1.0" 200 19827 "-" "Mozilla/5.0 (compatible; YandexBot/3.0; +http://yandex.com/bots) AppleWebKit/537.36 (KHTML, like Gecko) Chrome/108.0.0.0"
213.180.203.158 - - [13/Apr/2026:16:25:48 +0300] "GET /components/com_sppagebuilder/assets/js/jquery.parallax.js HTTP/1.1" 200 892 "https://germetikprof.ru/" "Mozilla/5.0 (compatible; YandexRenderResourcesBot/1.0; +http://yandex.com/bots) AppleWebKit/537.36 (KHTML, like Gecko) Chrome/108.0.0.0"
95.108.213.114 - - [13/Apr/2026:16:25:48 +0300] "GET /templates/shaper_helix3/js/frontend-edit.js HTTP/1.1" 200 1948 "https://germetikprof.ru/" "Mozilla/5.0 (compatible; YandexRenderResourcesBot/1.0; +http://yandex.com/bots) AppleWebKit/537.36 (KHTML, like Gecko) Chrome/108.0.0.0"
95.108.213.121 - - [13/Apr/2026:16:25:48 +0300] "GET /media/jui/js/jquery-migrate.min.js?8fb4a4e2f090f461e7630b2a7b848f9f HTTP/1.1" 200 10056 "https://germetikprof.ru/" "Mozilla/5.0 (compatible; YandexRenderResourcesBot/1.0; +http://yandex.com/bots) AppleWebKit/537.36 (KHTML, like Gecko) Chrome/108.0.0.0"
87.250.224.6 - - [13/Apr/2026:16:25:49 +0300] "GET /media/mod_jcart_ajax/js/jcart-ajax.js HTTP/1.1" 200 7890 "https://germetikprof.ru/" "Mozilla/5.0 (compatible; YandexRenderResourcesBot/1.0; +http://yandex.com/bots) AppleWebKit/537.36 (KHTML, like Gecko) Chrome/108.0.0.0"
213.180.203.94 - - [13/Apr/2026:16:25:49 +0300] "GET /modules/mod_contactus/js/contactus_form.js HTTP/1.1" 200 2290 "https://germetikprof.ru/" "Mozilla/5.0 (compatible; YandexRenderResourcesBot/1.0; +http://yandex.com/bots) AppleWebKit/537.36 (KHTML, like Gecko) Chrome/108.0.0.0"
87.250.224.95 - - [13/Apr/2026:16:25:49 +0300] "GET /templates/shaper_helix3/js/jquery.sticky.js HTTP/1.1" 200 5739 "https://germetikprof.ru/" "Mozilla/5.0 (compatible; YandexRenderResourcesBot/1.0; +http://yandex.com/bots) AppleWebKit/537.36 (KHTML, like Gecko) Chrome/108.0.0.0"
5.255.231.31 - - [13/Apr/2026:16:25:50 +0300] "GET /media/system/js/core.js?8fb4a4e2f090f461e7630b2a7b848f9f HTTP/1.1" 200 8735 "https://germetikprof.ru/" "Mozilla/5.0 (compatible; YandexRenderResourcesBot/1.0; +http://yandex.com/bots) AppleWebKit/537.36 (KHTML, like Gecko) Chrome/108.0.0.0"
213.180.203.12 - - [13/Apr/2026:16:25:54 +0300] "GET /images/fav4.png HTTP/1.1" 200 1589 "https://germetikprof.ru/" "Mozilla/5.0 (compatible; YandexRenderResourcesBot/1.0; +http://yandex.com/bots) AppleWebKit/537.36 (KHTML, like Gecko) Chrome/108.0.0.0"
216.73.216.135 - - [13/Apr/2026:16:25:54 +0300] "GET /?m=72967906401 HTTP/1.0" 200 19837 "-" "Mozilla/5.0 AppleWebKit/537.36 (KHTML, like Gecko; compatible; ClaudeBot/1.0; +claudebot@anthropic.com)"
54.37.118.75 - - [13/Apr/2026:16:26:19 +0300] "GET /info/O014158615158 HTTP/1.0" 404 3327 "-" "Mozilla/5.0 (compatible; AhrefsBot/7.0; +http://ahrefs.com/robot/)"
216.73.216.135 - - [13/Apr/2026:16:26:49 +0300] "GET /?m=98903325701 HTTP/1.0" 200 19837 "-" "Mozilla/5.0 AppleWebKit/537.36 (KHTML, like Gecko; compatible; ClaudeBot/1.0; +claudebot@anthropic.com)"
216.73.216.135 - - [13/Apr/2026:16:27:28 +0300] "GET /?m=9913128801 HTTP/1.0" 200 19837 "-" "Mozilla/5.0 AppleWebKit/537.36 (KHTML, like Gecko; compatible; ClaudeBot/1.0; +claudebot@anthropic.com)"
216.73.216.135 - - [13/Apr/2026:16:27:53 +0300] "GET /?m=11737687401 HTTP/1.0" 200 19841 "-" "Mozilla/5.0 AppleWebKit/537.36 (KHTML, like Gecko; compatible; ClaudeBot/1.0; +claudebot@anthropic.com)"
216.73.216.135 - - [13/Apr/2026:16:28:27 +0300] "GET /?m=68817740400 HTTP/1.0" 200 19839 "-" "Mozilla/5.0 AppleWebKit/537.36 (KHTML, like Gecko; compatible; ClaudeBot/1.0; +claudebot@anthropic.com)"
216.73.216.135 - - [13/Apr/2026:16:28:59 +0300] "GET /?m=27924119700 HTTP/1.0" 200 19837 "-" "Mozilla/5.0 AppleWebKit/537.36 (KHTML, like Gecko; compatible; ClaudeBot/1.0; +claudebot@anthropic.com)"
213.180.203.71 - - [13/Apr/2026:16:29:20 +0300] "GET / HTTP/1.0" 200 19827 "-" "Mozilla/5.0 (compatible; YandexBot/3.0; +http://yandex.com/bots) AppleWebKit/537.36 (KHTML, like Gecko) Chrome/108.0.0.0"
216.73.216.135 - - [13/Apr/2026:16:29:21 +0300] "GET /?m=77819494300 HTTP/1.0" 200 19839 "-" "Mozilla/5.0 AppleWebKit/537.36 (KHTML, like Gecko; compatible; ClaudeBot/1.0; +claudebot@anthropic.com)"
5.255.231.163 - - [13/Apr/2026:16:29:24 +0300] "GET / HTTP/1.0" 200 19827 "-" "Mozilla/5.0 (compatible; YandexBot/3.0; +http://yandex.com/bots) AppleWebKit/537.36 (KHTML, like Gecko) Chrome/108.0.0.0"
87.250.224.32 - - [13/Apr/2026:16:29:32 +0300] "GET /components/com_sppagebuilder/assets/js/jquery.parallax.js HTTP/1.1" 200 892 "https://germetikprof.ru/" "Mozilla/5.0 (compatible; YandexRenderResourcesBot/1.0; +http://yandex.com/bots) AppleWebKit/537.36 (KHTML, like Gecko) Chrome/108.0.0.0"
87.250.224.247 - - [13/Apr/2026:16:29:32 +0300] "GET /components/com_sppagebuilder/assets/js/sppagebuilder.js HTTP/1.1" 200 39713 "https://germetikprof.ru/" "Mozilla/5.0 (compatible; YandexRenderResourcesBot/1.0; +http://yandex.com/bots) AppleWebKit/537.36 (KHTML, like Gecko) Chrome/108.0.0.0"
5.255.231.54 - - [13/Apr/2026:16:29:32 +0300] "GET /templates/shaper_helix3/js/main.js HTTP/1.1" 200 8773 "https://germetikprof.ru/" "Mozilla/5.0 (compatible; YandexRenderResourcesBot/1.0; +http://yandex.com/bots) AppleWebKit/537.36 (KHTML, like Gecko) Chrome/108.0.0.0"
95.108.213.91 - - [13/Apr/2026:16:29:33 +0300] "GET /media/mod_jcart_ajax/js/jcart-ajax.js HTTP/1.1" 200 7890 "https://germetikprof.ru/" "Mozilla/5.0 (compatible; YandexRenderResourcesBot/1.0; +http://yandex.com/bots) AppleWebKit/537.36 (KHTML, like Gecko) Chrome/108.0.0.0"
213.180.203.228 - - [13/Apr/2026:16:29:33 +0300] "GET /media/jui/js/jquery-noconflict.js?8fb4a4e2f090f461e7630b2a7b848f9f HTTP/1.1" 200 21 "https://germetikprof.ru/" "Mozilla/5.0 (compatible; YandexRenderResourcesBot/1.0; +http://yandex.com/bots) AppleWebKit/537.36 (KHTML, like Gecko) Chrome/108.0.0.0"
87.250.224.100 - - [13/Apr/2026:16:29:33 +0300] "GET /modules/mod_contactus/js/contactus_common.js HTTP/1.1" 200 5018 "https://germetikprof.ru/" "Mozilla/5.0 (compatible; YandexRenderResourcesBot/1.0; +http://yandex.com/bots) AppleWebKit/537.36 (KHTML, like Gecko) Chrome/108.0.0.0"
216.73.216.135 - - [13/Apr/2026:16:29:50 +0300] "GET /info/O017167608 HTTP/1.0" 404 3324 "-" "Mozilla/5.0 AppleWebKit/537.36 (KHTML, like Gecko; compatible; ClaudeBot/1.0; +claudebot@anthropic.com)"
216.73.216.135 - - [13/Apr/2026:16:30:22 +0300] "GET /info/O01645819858 HTTP/1.0" 404 3326 "-" "Mozilla/5.0 AppleWebKit/537.36 (KHTML, like Gecko; compatible; ClaudeBot/1.0; +claudebot@anthropic.com)"
95.108.213.225 - - [13/Apr/2026:16:30:41 +0300] "GET /katalog/product/view/1/2 HTTP/1.0" 200 12681 "-" "Mozilla/5.0 (compatible; YandexBot/3.0; +http://yandex.com/bots)"
216.73.216.135 - - [13/Apr/2026:16:30:43 +0300] "GET /info/O014127937366 HTTP/1.0" 404 3327 "-" "Mozilla/5.0 AppleWebKit/537.36 (KHTML, like Gecko; compatible; ClaudeBot/1.0; +claudebot@anthropic.com)"
216.73.216.135 - - [13/Apr/2026:16:31:11 +0300] "GET /info/O0175833913 HTTP/1.0" 404 3325 "-" "Mozilla/5.0 AppleWebKit/537.36 (KHTML, like Gecko; compatible; ClaudeBot/1.0; +claudebot@anthropic.com)"
37.59.204.137 - - [13/Apr/2026:16:31:37 +0300] "GET /info/O014129149465 HTTP/1.0" 404 3327 "-" "Mozilla/5.0 (compatible; AhrefsBot/7.0; +http://ahrefs.com/robot/)"
216.73.216.135 - - [13/Apr/2026:16:31:43 +0300] "GET /info/O01930775976 HTTP/1.0" 404 3326 "-" "Mozilla/5.0 AppleWebKit/537.36 (KHTML, like Gecko; compatible; ClaudeBot/1.0; +claudebot@anthropic.com)"
212.52.1.52 - - [13/Apr/2026:16:32:12 +0300] "GET / HTTP/1.0" 301 185 "http://germetikprof.ru/" "Mozilla/5.0 (Windows NT 10.0; Win64; x64) AppleWebKit/537.36 (KHTML, like Gecko) Chrome/130.0.0.0 Safari/537.36"
212.52.1.52 - - [13/Apr/2026:16:32:13 +0300] "GET / HTTP/1.0" 200 131126 "https://germetikprof.ru/" "Mozilla/5.0 (Windows NT 10.0; Win64; x64) AppleWebKit/537.36 (KHTML, like Gecko) Chrome/130.0.0.0 Safari/537.36"
216.73.216.135 - - [13/Apr/2026:16:32:15 +0300] "GET /info/O00835608377 HTTP/1.0" 404 3326 "-" "Mozilla/5.0 AppleWebKit/537.36 (KHTML, like Gecko; compatible; ClaudeBot/1.0; +claudebot@anthropic.com)"
216.73.216.135 - - [13/Apr/2026:16:32:32 +0300] "GET /info/O014229919861 HTTP/1.0" 404 3327 "-" "Mozilla/5.0 AppleWebKit/537.36 (KHTML, like Gecko; compatible; ClaudeBot/1.0; +claudebot@anthropic.com)"
216.73.216.135 - - [13/Apr/2026:16:33:09 +0300] "GET /info/O013689824971 HTTP/1.0" 404 3327 "-" "Mozilla/5.0 AppleWebKit/537.36 (KHTML, like Gecko; compatible; ClaudeBot/1.0; +claudebot@anthropic.com)"
216.73.216.135 - - [13/Apr/2026:16:33:34 +0300] "GET /info/O012633855005 HTTP/1.0" 404 3327 "-" "Mozilla/5.0 AppleWebKit/537.36 (KHTML, like Gecko; compatible; ClaudeBot/1.0; +claudebot@anthropic.com)"
216.73.216.135 - - [13/Apr/2026:16:34:02 +0300] "GET /info/O014283422628 HTTP/1.0" 404 3327 "-" "Mozilla/5.0 AppleWebKit/537.36 (KHTML, like Gecko; compatible; ClaudeBot/1.0; +claudebot@anthropic.com)"
216.73.216.135 - - [13/Apr/2026:16:34:32 +0300] "GET /info/O012509765129 HTTP/1.0" 404 3327 "-" "Mozilla/5.0 AppleWebKit/537.36 (KHTML, like Gecko; compatible; ClaudeBot/1.0; +claudebot@anthropic.com)"
216.73.216.135 - - [13/Apr/2026:16:35:16 +0300] "GET /info/O01185388936 HTTP/1.0" 404 3326 "-" "Mozilla/5.0 AppleWebKit/537.36 (KHTML, like Gecko; compatible; ClaudeBot/1.0; +claudebot@anthropic.com)"
216.73.216.135 - - [13/Apr/2026:16:35:46 +0300] "GET /info/O01934316204 HTTP/1.0" 404 3326 "-" "Mozilla/5.0 AppleWebKit/537.36 (KHTML, like Gecko; compatible; ClaudeBot/1.0; +claudebot@anthropic.com)"
216.73.216.135 - - [13/Apr/2026:16:36:16 +0300] "GET /info/O01691199064 HTTP/1.0" 404 3326 "-" "Mozilla/5.0 AppleWebKit/537.36 (KHTML, like Gecko; compatible; ClaudeBot/1.0; +claudebot@anthropic.com)"
212.52.1.52 - - [13/Apr/2026:16:36:18 +0300] "POST / HTTP/1.0" 303 670 "https://germetikprof.ru/" "Mozilla/5.0 (Windows NT 10.0; Win64; x64) AppleWebKit/537.36 (KHTML, like Gecko) Chrome/130.0.0.0 Safari/537.36"
212.52.1.52 - - [13/Apr/2026:16:36:24 +0300] "GET / HTTP/1.0" 200 131029 "https://germetikprof.ru/" "Mozilla/5.0 (Windows NT 10.0; Win64; x64) AppleWebKit/537.36 (KHTML, like Gecko) Chrome/130.0.0.0 Safari/537.36"
216.73.216.135 - - [13/Apr/2026:16:36:47 +0300] "GET /info/O01968349988 HTTP/1.0" 404 3326 "-" "Mozilla/5.0 AppleWebKit/537.36 (KHTML, like Gecko; compatible; ClaudeBot/1.0; +claudebot@anthropic.com)"
216.73.216.135 - - [13/Apr/2026:16:37:04 +0300] "GET /info/O011506583407 HTTP/1.0" 404 3327 "-" "Mozilla/5.0 AppleWebKit/537.36 (KHTML, like Gecko; compatible; ClaudeBot/1.0; +claudebot@anthropic.com)"
216.73.216.135 - - [13/Apr/2026:16:37:10 +0300] "GET /info/O01199482346 HTTP/1.0" 404 3326 "-" "Mozilla/5.0 AppleWebKit/537.36 (KHTML, like Gecko; compatible; ClaudeBot/1.0; +claudebot@anthropic.com)"
5.39.1.237 - - [13/Apr/2026:16:37:15 +0300] "GET /info/O014086476095 HTTP/1.0" 404 3327 "-" "Mozilla/5.0 (compatible; AhrefsBot/7.0; +http://ahrefs.com/robot/)"
216.73.216.135 - - [13/Apr/2026:16:37:44 +0300] "GET /info/O003383379446 HTTP/1.0" 404 3327 "-" "Mozilla/5.0 AppleWebKit/537.36 (KHTML, like Gecko; compatible; ClaudeBot/1.0; +claudebot@anthropic.com)"
216.73.216.135 - - [13/Apr/2026:16:38:02 +0300] "GET /info/O01272716758 HTTP/1.0" 404 3326 "-" "Mozilla/5.0 AppleWebKit/537.36 (KHTML, like Gecko; compatible; ClaudeBot/1.0; +claudebot@anthropic.com)"
216.73.216.135 - - [13/Apr/2026:16:38:34 +0300] "GET /info/O002083333539 HTTP/1.0" 404 3327 "-" "Mozilla/5.0 AppleWebKit/537.36 (KHTML, like Gecko; compatible; ClaudeBot/1.0; +claudebot@anthropic.com)"
216.73.216.135 - - [13/Apr/2026:16:39:07 +0300] "GET /info/O013846010396 HTTP/1.0" 404 3327 "-" "Mozilla/5.0 AppleWebKit/537.36 (KHTML, like Gecko; compatible; ClaudeBot/1.0; +claudebot@anthropic.com)"
216.73.216.135 - - [13/Apr/2026:16:39:34 +0300] "GET /info/O012826244259 HTTP/1.0" 404 3327 "-" "Mozilla/5.0 AppleWebKit/537.36 (KHTML, like Gecko; compatible; ClaudeBot/1.0; +claudebot@anthropic.com)"
45.152.122.163 - - [13/Apr/2026:16:39:46 +0300] "GET /?ysclid=mnx8ow81wq217305822 HTTP/1.0" 200 19853 "https://www.yandex.ru/" "Mozilla/5.0 (Macintosh; Intel Mac OS X 10_15_7) AppleWebKit/537.36 (KHTML, like Gecko) Chrome/145.0.0.0 Safari/537.36"
216.73.216.135 - - [13/Apr/2026:16:39:51 +0300] "GET /info/O014019966710 HTTP/1.0" 404 3327 "-" "Mozilla/5.0 AppleWebKit/537.36 (KHTML, like Gecko; compatible; ClaudeBot/1.0; +claudebot@anthropic.com)"
216.73.216.135 - - [13/Apr/2026:16:40:22 +0300] "GET /info/O01863225685 HTTP/1.0" 404 3326 "-" "Mozilla/5.0 AppleWebKit/537.36 (KHTML, like Gecko; compatible; ClaudeBot/1.0; +claudebot@anthropic.com)"
94.154.35.236 - - [13/Apr/2026:16:40:45 +0300] "HEAD /%D0%90%D1%80%D1%85%D0%B8%D0%B2.gz HTTP/1.1" 301 0 "-" "Mozilla/5.0 (Windows NT 10.0; Win64; x64) AppleWebKit/537.36 (KHTML, like Gecko) Chrome/101.0.4951.67 Safari/537.36"
94.154.35.236 - - [13/Apr/2026:16:40:46 +0300] "HEAD /%D0%90%D1%80%D1%85%D0%B8%D0%B2.gz HTTP/1.0" 404 294 "-" "Mozilla/5.0 (Windows NT 10.0; Win64; x64) AppleWebKit/537.36 (KHTML, like Gecko) Chrome/101.0.4951.67 Safari/537.36"
216.73.216.135 - - [13/Apr/2026:16:40:54 +0300] "GET /info/O00770709511 HTTP/1.0" 404 3326 "-" "Mozilla/5.0 AppleWebKit/537.36 (KHTML, like Gecko; compatible; ClaudeBot/1.0; +claudebot@anthropic.com)"
216.73.216.135 - - [13/Apr/2026:16:41:23 +0300] "GET /info/O004192453253 HTTP/1.0" 404 3327 "-" "Mozilla/5.0 AppleWebKit/537.36 (KHTML, like Gecko; compatible; ClaudeBot/1.0; +claudebot@anthropic.com)"
216.73.216.135 - - [13/Apr/2026:16:42:11 +0300] "GET /info/O014165511394 HTTP/1.0" 404 3327 "-" "Mozilla/5.0 AppleWebKit/537.36 (KHTML, like Gecko; compatible; ClaudeBot/1.0; +claudebot@anthropic.com)"
94.23.188.213 - - [13/Apr/2026:16:42:28 +0300] "GET /info/O014084311505 HTTP/1.0" 404 3327 "-" "Mozilla/5.0 (compatible; AhrefsBot/7.0; +http://ahrefs.com/robot/)"
216.73.216.135 - - [13/Apr/2026:16:42:37 +0300] "GET /info/O00300474438 HTTP/1.0" 404 3326 "-" "Mozilla/5.0 AppleWebKit/537.36 (KHTML, like Gecko; compatible; ClaudeBot/1.0; +claudebot@anthropic.com)"
216.73.216.135 - - [13/Apr/2026:16:43:39 +0300] "GET /info/O01784951035 HTTP/1.0" 404 3326 "-" "Mozilla/5.0 AppleWebKit/537.36 (KHTML, like Gecko; compatible; ClaudeBot/1.0; +claudebot@anthropic.com)"
216.73.216.135 - - [13/Apr/2026:16:44:09 +0300] "GET /?m=85307288117800 HTTP/1.0" 200 19842 "-" "Mozilla/5.0 AppleWebKit/537.36 (KHTML, like Gecko; compatible; ClaudeBot/1.0; +claudebot@anthropic.com)"
