185.191.171.4 - - [13/Apr/2026:19:10:37 +0300] "GET /robots.txt HTTP/1.0" 200 395 "-" "Mozilla/5.0 (compatible; SemrushBot/7~bl; +http://www.semrush.com/bot.html)"
185.191.171.4 - - [13/Apr/2026:19:10:38 +0300] "GET /component/jshopping/cart/view?Itemid=0 HTTP/1.0" 200 9961 "-" "Mozilla/5.0 (compatible; SemrushBot/7~bl; +http://www.semrush.com/bot.html)"
185.191.171.19 - - [13/Apr/2026:19:10:42 +0300] "GET /sitemap.xml HTTP/1.0" 200 14330 "-" "Mozilla/5.0 (compatible; SemrushBot/7~bl; +http://www.semrush.com/bot.html)"
216.73.216.135 - - [13/Apr/2026:19:10:56 +0300] "GET /?m=34159288666601 HTTP/1.0" 200 19744 "-" "Mozilla/5.0 AppleWebKit/537.36 (KHTML, like Gecko; compatible; ClaudeBot/1.0; +claudebot@anthropic.com)"
216.73.216.135 - - [13/Apr/2026:19:11:00 +0300] "GET /?m=51344288856700 HTTP/1.0" 200 19839 "-" "Mozilla/5.0 AppleWebKit/537.36 (KHTML, like Gecko; compatible; ClaudeBot/1.0; +claudebot@anthropic.com)"
216.73.216.135 - - [13/Apr/2026:19:11:19 +0300] "GET /?m=86066288626500 HTTP/1.0" 200 19843 "-" "Mozilla/5.0 AppleWebKit/537.36 (KHTML, like Gecko; compatible; ClaudeBot/1.0; +claudebot@anthropic.com)"
198.244.183.15 - - [13/Apr/2026:19:11:39 +0300] "GET /info/O01544656513 HTTP/1.0" 404 3326 "-" "Mozilla/5.0 (compatible; AhrefsBot/7.0; +http://ahrefs.com/robot/)"
216.73.216.135 - - [13/Apr/2026:19:11:45 +0300] "GET /?m=69274288719400 HTTP/1.0" 200 19747 "-" "Mozilla/5.0 AppleWebKit/537.36 (KHTML, like Gecko; compatible; ClaudeBot/1.0; +claudebot@anthropic.com)"
216.73.216.135 - - [13/Apr/2026:19:11:53 +0300] "GET /?m=47292288131200 HTTP/1.0" 200 19842 "-" "Mozilla/5.0 AppleWebKit/537.36 (KHTML, like Gecko; compatible; ClaudeBot/1.0; +claudebot@anthropic.com)"
216.73.216.135 - - [13/Apr/2026:19:12:19 +0300] "GET /?m=10871288527300 HTTP/1.0" 200 19743 "-" "Mozilla/5.0 AppleWebKit/537.36 (KHTML, like Gecko; compatible; ClaudeBot/1.0; +claudebot@anthropic.com)"
216.73.216.135 - - [13/Apr/2026:19:12:25 +0300] "GET /?m=61247288884901 HTTP/1.0" 200 19840 "-" "Mozilla/5.0 AppleWebKit/537.36 (KHTML, like Gecko; compatible; ClaudeBot/1.0; +claudebot@anthropic.com)"
216.73.216.135 - - [13/Apr/2026:19:12:45 +0300] "GET /?m=69211927700 HTTP/1.0" 200 19742 "-" "Mozilla/5.0 AppleWebKit/537.36 (KHTML, like Gecko; compatible; ClaudeBot/1.0; +claudebot@anthropic.com)"
216.73.216.135 - - [13/Apr/2026:19:13:11 +0300] "GET /?m=17720288711300 HTTP/1.0" 200 19745 "-" "Mozilla/5.0 AppleWebKit/537.36 (KHTML, like Gecko; compatible; ClaudeBot/1.0; +claudebot@anthropic.com)"
216.73.216.135 - - [13/Apr/2026:19:13:17 +0300] "GET /?m=02051288118500 HTTP/1.0" 200 19840 "-" "Mozilla/5.0 AppleWebKit/537.36 (KHTML, like Gecko; compatible; ClaudeBot/1.0; +claudebot@anthropic.com)"
216.73.216.135 - - [13/Apr/2026:19:13:43 +0300] "GET /?m=87190288608101 HTTP/1.0" 200 19743 "-" "Mozilla/5.0 AppleWebKit/537.36 (KHTML, like Gecko; compatible; ClaudeBot/1.0; +claudebot@anthropic.com)"
216.73.216.135 - - [13/Apr/2026:19:13:46 +0300] "GET /?m=94132288540300 HTTP/1.0" 200 19840 "-" "Mozilla/5.0 AppleWebKit/537.36 (KHTML, like Gecko; compatible; ClaudeBot/1.0; +claudebot@anthropic.com)"
216.73.216.135 - - [13/Apr/2026:19:13:56 +0300] "GET /?m=27027288826500 HTTP/1.0" 200 19747 "-" "Mozilla/5.0 AppleWebKit/537.36 (KHTML, like Gecko; compatible; ClaudeBot/1.0; +claudebot@anthropic.com)"
216.73.216.135 - - [13/Apr/2026:19:14:12 +0300] "GET /?m=69163288106001 HTTP/1.0" 200 19841 "-" "Mozilla/5.0 AppleWebKit/537.36 (KHTML, like Gecko; compatible; ClaudeBot/1.0; +claudebot@anthropic.com)"
216.73.216.135 - - [13/Apr/2026:19:14:35 +0300] "GET /?m=79873288033301 HTTP/1.0" 200 19743 "-" "Mozilla/5.0 AppleWebKit/537.36 (KHTML, like Gecko; compatible; ClaudeBot/1.0; +claudebot@anthropic.com)"
216.73.216.135 - - [13/Apr/2026:19:14:43 +0300] "GET /?m=92791288978301 HTTP/1.0" 200 19743 "-" "Mozilla/5.0 AppleWebKit/537.36 (KHTML, like Gecko; compatible; ClaudeBot/1.0; +claudebot@anthropic.com)"
54.38.147.162 - - [13/Apr/2026:19:14:50 +0300] "GET /info/O014111794427 HTTP/1.0" 404 3327 "-" "Mozilla/5.0 (compatible; AhrefsBot/7.0; +http://ahrefs.com/robot/)"
216.73.216.135 - - [13/Apr/2026:19:15:09 +0300] "GET /?m=91189288431800 HTTP/1.0" 200 19745 "-" "Mozilla/5.0 AppleWebKit/537.36 (KHTML, like Gecko; compatible; ClaudeBot/1.0; +claudebot@anthropic.com)"
216.73.216.135 - - [13/Apr/2026:19:15:16 +0300] "GET /info/O01529276456 HTTP/1.0" 404 3326 "-" "Mozilla/5.0 AppleWebKit/537.36 (KHTML, like Gecko; compatible; ClaudeBot/1.0; +claudebot@anthropic.com)"
216.73.216.135 - - [13/Apr/2026:19:15:37 +0300] "GET /?m=94799288735400 HTTP/1.0" 200 19844 "-" "Mozilla/5.0 AppleWebKit/537.36 (KHTML, like Gecko; compatible; ClaudeBot/1.0; +claudebot@anthropic.com)"
216.73.216.135 - - [13/Apr/2026:19:16:08 +0300] "GET /?m=87537306900 HTTP/1.0" 200 19745 "-" "Mozilla/5.0 AppleWebKit/537.36 (KHTML, like Gecko; compatible; ClaudeBot/1.0; +claudebot@anthropic.com)"
216.73.216.135 - - [13/Apr/2026:19:16:42 +0300] "GET /?m=70901288851000 HTTP/1.0" 200 19840 "-" "Mozilla/5.0 AppleWebKit/537.36 (KHTML, like Gecko; compatible; ClaudeBot/1.0; +claudebot@anthropic.com)"
216.73.216.135 - - [13/Apr/2026:19:17:00 +0300] "GET /?m=89861288877000 HTTP/1.0" 200 19744 "-" "Mozilla/5.0 AppleWebKit/537.36 (KHTML, like Gecko; compatible; ClaudeBot/1.0; +claudebot@anthropic.com)"
216.73.216.135 - - [13/Apr/2026:19:17:31 +0300] "GET /?m=81299288801000 HTTP/1.0" 200 19841 "-" "Mozilla/5.0 AppleWebKit/537.36 (KHTML, like Gecko; compatible; ClaudeBot/1.0; +claudebot@anthropic.com)"
44.218.76.9 - - [13/Apr/2026:19:18:06 +0300] "GET /robots.txt HTTP/1.0" 200 395 "-" "Mozilla/5.0 (Macintosh; Intel Mac OS X 10_10_1) AppleWebKit/600.2.5 (KHTML, like Gecko) Version/8.0.2 Safari/600.2.5 (Gort)"
198.244.226.26 - - [13/Apr/2026:19:18:04 +0300] "GET /info/O014097470720 HTTP/1.0" 404 3327 "-" "Mozilla/5.0 (compatible; AhrefsBot/7.0; +http://ahrefs.com/robot/)"
216.73.216.135 - - [13/Apr/2026:19:18:07 +0300] "GET /?m=77880172000 HTTP/1.0" 200 19743 "-" "Mozilla/5.0 AppleWebKit/537.36 (KHTML, like Gecko; compatible; ClaudeBot/1.0; +claudebot@anthropic.com)"
216.73.216.135 - - [13/Apr/2026:19:18:29 +0300] "GET /robots.txt HTTP/1.0" 200 395 "-" "Mozilla/5.0 AppleWebKit/537.36 (KHTML, like Gecko; compatible; ClaudeBot/1.0; +claudebot@anthropic.com)"
216.73.216.135 - - [13/Apr/2026:19:18:37 +0300] "GET /?m=44211288966000 HTTP/1.0" 200 19844 "-" "Mozilla/5.0 AppleWebKit/537.36 (KHTML, like Gecko; compatible; ClaudeBot/1.0; +claudebot@anthropic.com)"
89.41.181.51 - - [13/Apr/2026:19:19:02 +0300] "GET /katalog/product/view/1/12 HTTP/1.0" 200 64612 "https://germetikprof.ru/katalog/product/view/1/12" "Mozilla/5.0 (Windows NT 10.0; Win64; x64) AppleWebKit/537.36 (KHTML, like Gecko) Chrome/130.0.0.0 Safari/537.36"
216.73.216.135 - - [13/Apr/2026:19:19:09 +0300] "GET /?m=5441736901 HTTP/1.0" 200 19839 "-" "Mozilla/5.0 AppleWebKit/537.36 (KHTML, like Gecko; compatible; ClaudeBot/1.0; +claudebot@anthropic.com)"
89.41.181.51 - - [13/Apr/2026:19:19:16 +0300] "GET /component/users/?view=registration HTTP/1.0" 303 407 "https://germetikprof.ru/component/users/?view=registration" "Mozilla/5.0 (Windows NT 10.0; Win64; x64) AppleWebKit/537.36 (KHTML, like Gecko) Chrome/130.0.0.0 Safari/537.36"
89.41.181.51 - - [13/Apr/2026:19:19:20 +0300] "GET /component/users/?view=login&Itemid=101 HTTP/1.0" 200 64245 "https://germetikprof.ru/?view=login&Itemid=101" "Mozilla/5.0 (Windows NT 10.0; Win64; x64) AppleWebKit/537.36 (KHTML, like Gecko) Chrome/130.0.0.0 Safari/537.36"
89.41.181.51 - - [13/Apr/2026:19:19:26 +0300] "POST /component/users/?view=login&Itemid=101 HTTP/1.0" 303 708 "https://germetikprof.ru/component/users/?view=login&Itemid=101" "Mozilla/5.0 (Windows NT 10.0; Win64; x64) AppleWebKit/537.36 (KHTML, like Gecko) Chrome/130.0.0.0 Safari/537.36"
89.41.181.51 - - [13/Apr/2026:19:19:32 +0300] "GET /component/users/?view=login&Itemid=101 HTTP/1.0" 200 64245 "https://germetikprof.ru/component/users/?view=login&Itemid=101" "Mozilla/5.0 (Windows NT 10.0; Win64; x64) AppleWebKit/537.36 (KHTML, like Gecko) Chrome/130.0.0.0 Safari/537.36"
89.41.181.51 - - [13/Apr/2026:19:19:37 +0300] "GET /component/users/katalog/product/view/1/12 HTTP/1.0" 404 1606 "https://germetikprof.ru/katalog/product/view/1/12" "Mozilla/5.0 (Windows NT 10.0; Win64; x64) AppleWebKit/537.36 (KHTML, like Gecko) Chrome/130.0.0.0 Safari/537.36"
216.73.216.135 - - [13/Apr/2026:19:19:43 +0300] "GET /?m=79198288040000 HTTP/1.0" 200 19744 "-" "Mozilla/5.0 AppleWebKit/537.36 (KHTML, like Gecko; compatible; ClaudeBot/1.0; +claudebot@anthropic.com)"
216.73.216.135 - - [13/Apr/2026:19:20:12 +0300] "GET /?m=84297718701 HTTP/1.0" 200 19741 "-" "Mozilla/5.0 AppleWebKit/537.36 (KHTML, like Gecko; compatible; ClaudeBot/1.0; +claudebot@anthropic.com)"
216.73.216.135 - - [13/Apr/2026:19:20:49 +0300] "GET /info/O013558534835 HTTP/1.0" 404 3327 "-" "Mozilla/5.0 AppleWebKit/537.36 (KHTML, like Gecko; compatible; ClaudeBot/1.0; +claudebot@anthropic.com)"
198.244.242.170 - - [13/Apr/2026:19:21:02 +0300] "GET /info/O014080771293 HTTP/1.0" 404 3327 "-" "Mozilla/5.0 (compatible; AhrefsBot/7.0; +http://ahrefs.com/robot/)"
216.73.216.135 - - [13/Apr/2026:19:21:18 +0300] "GET /info/O00443268137 HTTP/1.0" 404 3326 "-" "Mozilla/5.0 AppleWebKit/537.36 (KHTML, like Gecko; compatible; ClaudeBot/1.0; +claudebot@anthropic.com)"
216.73.216.135 - - [13/Apr/2026:19:21:46 +0300] "GET /info/O003593490665 HTTP/1.0" 404 3327 "-" "Mozilla/5.0 AppleWebKit/537.36 (KHTML, like Gecko; compatible; ClaudeBot/1.0; +claudebot@anthropic.com)"
216.73.216.135 - - [13/Apr/2026:19:22:18 +0300] "GET /info/O00696242335 HTTP/1.0" 404 3326 "-" "Mozilla/5.0 AppleWebKit/537.36 (KHTML, like Gecko; compatible; ClaudeBot/1.0; +claudebot@anthropic.com)"
216.73.216.135 - - [13/Apr/2026:19:22:51 +0300] "GET /info/O012664485174 HTTP/1.0" 404 3327 "-" "Mozilla/5.0 AppleWebKit/537.36 (KHTML, like Gecko; compatible; ClaudeBot/1.0; +claudebot@anthropic.com)"
216.73.216.135 - - [13/Apr/2026:19:23:11 +0300] "GET /info/O011313378161 HTTP/1.0" 404 3327 "-" "Mozilla/5.0 AppleWebKit/537.36 (KHTML, like Gecko; compatible; ClaudeBot/1.0; +claudebot@anthropic.com)"
216.73.216.135 - - [13/Apr/2026:19:23:27 +0300] "GET /info/O012364598184 HTTP/1.0" 404 3327 "-" "Mozilla/5.0 AppleWebKit/537.36 (KHTML, like Gecko; compatible; ClaudeBot/1.0; +claudebot@anthropic.com)"
51.195.183.139 - - [13/Apr/2026:19:24:01 +0300] "GET /info/O013965251844 HTTP/1.0" 404 3327 "-" "Mozilla/5.0 (compatible; AhrefsBot/7.0; +http://ahrefs.com/robot/)"
216.73.216.135 - - [13/Apr/2026:19:24:02 +0300] "GET /info/O011390042308 HTTP/1.0" 404 3327 "-" "Mozilla/5.0 AppleWebKit/537.36 (KHTML, like Gecko; compatible; ClaudeBot/1.0; +claudebot@anthropic.com)"
216.73.216.135 - - [13/Apr/2026:19:24:10 +0300] "GET /info/O013653159002 HTTP/1.0" 404 3327 "-" "Mozilla/5.0 AppleWebKit/537.36 (KHTML, like Gecko; compatible; ClaudeBot/1.0; +claudebot@anthropic.com)"
216.73.216.135 - - [13/Apr/2026:19:24:36 +0300] "GET /info/O011527243792 HTTP/1.0" 404 3327 "-" "Mozilla/5.0 AppleWebKit/537.36 (KHTML, like Gecko; compatible; ClaudeBot/1.0; +claudebot@anthropic.com)"
216.73.216.135 - - [13/Apr/2026:19:25:14 +0300] "GET /info/O002598601449 HTTP/1.0" 404 3230 "-" "Mozilla/5.0 AppleWebKit/537.36 (KHTML, like Gecko; compatible; ClaudeBot/1.0; +claudebot@anthropic.com)"
216.73.216.135 - - [13/Apr/2026:19:25:26 +0300] "GET /info/O012701756011 HTTP/1.0" 404 3327 "-" "Mozilla/5.0 AppleWebKit/537.36 (KHTML, like Gecko; compatible; ClaudeBot/1.0; +claudebot@anthropic.com)"
216.73.216.135 - - [13/Apr/2026:19:25:43 +0300] "GET /info/O011703788676 HTTP/1.0" 404 3327 "-" "Mozilla/5.0 AppleWebKit/537.36 (KHTML, like Gecko; compatible; ClaudeBot/1.0; +claudebot@anthropic.com)"
216.73.216.135 - - [13/Apr/2026:19:26:09 +0300] "GET /?m=07078288894400 HTTP/1.0" 200 19843 "-" "Mozilla/5.0 AppleWebKit/537.36 (KHTML, like Gecko; compatible; ClaudeBot/1.0; +claudebot@anthropic.com)"
216.73.216.135 - - [13/Apr/2026:19:26:41 +0300] "GET /info/O013870047470 HTTP/1.0" 404 3327 "-" "Mozilla/5.0 AppleWebKit/537.36 (KHTML, like Gecko; compatible; ClaudeBot/1.0; +claudebot@anthropic.com)"
216.73.216.135 - - [13/Apr/2026:19:26:45 +0300] "GET /info/O011847725226 HTTP/1.0" 404 3230 "-" "Mozilla/5.0 AppleWebKit/537.36 (KHTML, like Gecko; compatible; ClaudeBot/1.0; +claudebot@anthropic.com)"
198.244.242.216 - - [13/Apr/2026:19:26:47 +0300] "GET /info/O013900125751 HTTP/1.0" 404 3327 "-" "Mozilla/5.0 (compatible; AhrefsBot/7.0; +http://ahrefs.com/robot/)"
216.73.216.135 - - [13/Apr/2026:19:27:07 +0300] "GET /info/O013890570452 HTTP/1.0" 404 3327 "-" "Mozilla/5.0 AppleWebKit/537.36 (KHTML, like Gecko; compatible; ClaudeBot/1.0; +claudebot@anthropic.com)"
216.73.216.135 - - [13/Apr/2026:19:27:39 +0300] "GET /?m=52052288646100 HTTP/1.0" 200 19842 "-" "Mozilla/5.0 AppleWebKit/537.36 (KHTML, like Gecko; compatible; ClaudeBot/1.0; +claudebot@anthropic.com)"
216.73.216.135 - - [13/Apr/2026:19:28:08 +0300] "GET /?m=07620288737601 HTTP/1.0" 200 19844 "-" "Mozilla/5.0 AppleWebKit/537.36 (KHTML, like Gecko; compatible; ClaudeBot/1.0; +claudebot@anthropic.com)"
216.73.216.135 - - [13/Apr/2026:19:28:39 +0300] "GET /?m=79768288399201 HTTP/1.0" 200 19841 "-" "Mozilla/5.0 AppleWebKit/537.36 (KHTML, like Gecko; compatible; ClaudeBot/1.0; +claudebot@anthropic.com)"
216.73.216.135 - - [13/Apr/2026:19:29:14 +0300] "GET /?m=24022288272001 HTTP/1.0" 200 19745 "-" "Mozilla/5.0 AppleWebKit/537.36 (KHTML, like Gecko; compatible; ClaudeBot/1.0; +claudebot@anthropic.com)"
198.244.183.92 - - [13/Apr/2026:19:29:32 +0300] "GET /info/O013703147709 HTTP/1.0" 404 3327 "-" "Mozilla/5.0 (compatible; AhrefsBot/7.0; +http://ahrefs.com/robot/)"
216.73.216.135 - - [13/Apr/2026:19:29:44 +0300] "GET /?m=75732288002001 HTTP/1.0" 200 19744 "-" "Mozilla/5.0 AppleWebKit/537.36 (KHTML, like Gecko; compatible; ClaudeBot/1.0; +claudebot@anthropic.com)"
216.73.216.135 - - [13/Apr/2026:19:30:16 +0300] "GET /?m=19206104701 HTTP/1.0" 200 19836 "-" "Mozilla/5.0 AppleWebKit/537.36 (KHTML, like Gecko; compatible; ClaudeBot/1.0; +claudebot@anthropic.com)"
216.73.216.135 - - [13/Apr/2026:19:30:46 +0300] "GET /?m=40197288764100 HTTP/1.0" 200 19841 "-" "Mozilla/5.0 AppleWebKit/537.36 (KHTML, like Gecko; compatible; ClaudeBot/1.0; +claudebot@anthropic.com)"
216.73.216.135 - - [13/Apr/2026:19:30:58 +0300] "GET /?m=07081450700 HTTP/1.0" 200 19839 "-" "Mozilla/5.0 AppleWebKit/537.36 (KHTML, like Gecko; compatible; ClaudeBot/1.0; +claudebot@anthropic.com)"
216.73.216.135 - - [13/Apr/2026:19:31:28 +0300] "GET /?m=69411288499800 HTTP/1.0" 200 19842 "-" "Mozilla/5.0 AppleWebKit/537.36 (KHTML, like Gecko; compatible; ClaudeBot/1.0; +claudebot@anthropic.com)"
216.73.216.135 - - [13/Apr/2026:19:31:57 +0300] "GET /?m=39031984801 HTTP/1.0" 200 19739 "-" "Mozilla/5.0 AppleWebKit/537.36 (KHTML, like Gecko; compatible; ClaudeBot/1.0; +claudebot@anthropic.com)"
216.73.216.135 - - [13/Apr/2026:19:32:31 +0300] "GET /?m=60613288251800 HTTP/1.0" 200 19742 "-" "Mozilla/5.0 AppleWebKit/537.36 (KHTML, like Gecko; compatible; ClaudeBot/1.0; +claudebot@anthropic.com)"
54.38.147.12 - - [13/Apr/2026:19:32:32 +0300] "GET /info/O013662523868 HTTP/1.0" 404 3327 "-" "Mozilla/5.0 (compatible; AhrefsBot/7.0; +http://ahrefs.com/robot/)"
216.73.216.135 - - [13/Apr/2026:19:33:00 +0300] "GET /?m=3920435500 HTTP/1.0" 200 19738 "-" "Mozilla/5.0 AppleWebKit/537.36 (KHTML, like Gecko; compatible; ClaudeBot/1.0; +claudebot@anthropic.com)"
216.73.216.135 - - [13/Apr/2026:19:33:32 +0300] "GET /?m=69085288149401 HTTP/1.0" 200 19742 "-" "Mozilla/5.0 AppleWebKit/537.36 (KHTML, like Gecko; compatible; ClaudeBot/1.0; +claudebot@anthropic.com)"
216.73.216.135 - - [13/Apr/2026:19:34:06 +0300] "GET /?m=73403288041400 HTTP/1.0" 200 19842 "-" "Mozilla/5.0 AppleWebKit/537.36 (KHTML, like Gecko; compatible; ClaudeBot/1.0; +claudebot@anthropic.com)"
216.73.216.135 - - [13/Apr/2026:19:34:34 +0300] "GET /?m=26261288223800 HTTP/1.0" 200 19744 "-" "Mozilla/5.0 AppleWebKit/537.36 (KHTML, like Gecko; compatible; ClaudeBot/1.0; +claudebot@anthropic.com)"
51.89.129.255 - - [13/Apr/2026:19:35:03 +0300] "GET /info/O01348630946 HTTP/1.0" 404 3326 "-" "Mozilla/5.0 (compatible; AhrefsBot/7.0; +http://ahrefs.com/robot/)"
216.73.216.135 - - [13/Apr/2026:19:35:09 +0300] "GET /?m=75913395800 HTTP/1.0" 200 19841 "-" "Mozilla/5.0 AppleWebKit/537.36 (KHTML, like Gecko; compatible; ClaudeBot/1.0; +claudebot@anthropic.com)"
216.73.216.135 - - [13/Apr/2026:19:35:39 +0300] "GET /?m=28990288554201 HTTP/1.0" 200 19841 "-" "Mozilla/5.0 AppleWebKit/537.36 (KHTML, like Gecko; compatible; ClaudeBot/1.0; +claudebot@anthropic.com)"
66.249.70.64 - - [13/Apr/2026:19:35:48 +0300] "GET /info/O012513121794 HTTP/1.0" 200 28552 "-" "Mozilla/5.0 (Linux; Android 6.0.1; Nexus 5X Build/MMB29P) AppleWebKit/537.36 (KHTML, like Gecko) Chrome/146.0.7680.177 Mobile Safari/537.36 (compatible; GoogleOther)"
216.73.216.135 - - [13/Apr/2026:19:36:14 +0300] "GET /?m=01414852100 HTTP/1.0" 200 19742 "-" "Mozilla/5.0 AppleWebKit/537.36 (KHTML, like Gecko; compatible; ClaudeBot/1.0; +claudebot@anthropic.com)"
216.73.216.135 - - [13/Apr/2026:19:36:44 +0300] "GET /?m=73874288596901 HTTP/1.0" 200 19842 "-" "Mozilla/5.0 AppleWebKit/537.36 (KHTML, like Gecko; compatible; ClaudeBot/1.0; +claudebot@anthropic.com)"
216.73.216.135 - - [13/Apr/2026:19:37:03 +0300] "GET /?m=29307288565100 HTTP/1.0" 200 19839 "-" "Mozilla/5.0 AppleWebKit/537.36 (KHTML, like Gecko; compatible; ClaudeBot/1.0; +claudebot@anthropic.com)"
216.73.216.135 - - [13/Apr/2026:19:37:35 +0300] "GET /?m=90821630701 HTTP/1.0" 200 19838 "-" "Mozilla/5.0 AppleWebKit/537.36 (KHTML, like Gecko; compatible; ClaudeBot/1.0; +claudebot@anthropic.com)"
216.73.216.135 - - [13/Apr/2026:19:37:41 +0300] "GET /?m=90657288199301 HTTP/1.0" 200 19843 "-" "Mozilla/5.0 AppleWebKit/537.36 (KHTML, like Gecko; compatible; ClaudeBot/1.0; +claudebot@anthropic.com)"
178.20.47.39 - - [13/Apr/2026:19:37:46 +0300] "GET / HTTP/1.0" 200 131128 "https://germetikprof.ru/" "Mozilla/5.0 (Windows NT 10.0; Win64; x64) AppleWebKit/537.36 (KHTML, like Gecko) Chrome/131.0.0.0 Safari/537.36 Avast/131.0.0.0"
178.20.47.39 - - [13/Apr/2026:19:37:50 +0300] "POST / HTTP/1.0" 303 670 "https://germetikprof.ru/" "Mozilla/5.0 (Windows NT 10.0; Win64; x64) AppleWebKit/537.36 (KHTML, like Gecko) Chrome/131.0.0.0 Safari/537.36 Avast/131.0.0.0"
178.20.47.39 - - [13/Apr/2026:19:37:56 +0300] "GET / HTTP/1.0" 200 131031 "https://germetikprof.ru/" "Mozilla/5.0 (Windows NT 10.0; Win64; x64) AppleWebKit/537.36 (KHTML, like Gecko) Chrome/131.0.0.0 Safari/537.36 Avast/131.0.0.0"
198.244.240.249 - - [13/Apr/2026:19:37:58 +0300] "GET /info/O013258489793 HTTP/1.0" 404 3327 "-" "Mozilla/5.0 (compatible; AhrefsBot/7.0; +http://ahrefs.com/robot/)"
40.77.167.93 - - [13/Apr/2026:19:38:09 +0300] "GET /robots.txt HTTP/1.1" 301 196 "-" "Mozilla/5.0 AppleWebKit/537.36 (KHTML, like Gecko; compatible; bingbot/2.0; +http://www.bing.com/bingbot.htm) Chrome/116.0.1938.76 Safari/537.36"
40.77.167.93 - - [13/Apr/2026:19:38:10 +0300] "GET /robots.txt HTTP/1.0" 200 395 "-" "Mozilla/5.0 AppleWebKit/537.36 (KHTML, like Gecko; compatible; bingbot/2.0; +http://www.bing.com/bingbot.htm) Chrome/116.0.1938.76 Safari/537.36"
40.77.167.224 - - [13/Apr/2026:19:38:14 +0300] "GET /uslugi/germetizatsiya HTTP/1.1" 301 196 "-" "Mozilla/5.0 AppleWebKit/537.36 (KHTML, like Gecko; compatible; bingbot/2.0; +http://www.bing.com/bingbot.htm) Chrome/116.0.1938.76 Safari/537.36"
216.73.216.135 - - [13/Apr/2026:19:38:13 +0300] "GET /?m=14074288022601 HTTP/1.0" 200 19841 "-" "Mozilla/5.0 AppleWebKit/537.36 (KHTML, like Gecko; compatible; ClaudeBot/1.0; +claudebot@anthropic.com)"
40.77.167.224 - - [13/Apr/2026:19:38:16 +0300] "GET /uslugi/germetizatsiya HTTP/1.0" 200 27486 "-" "Mozilla/5.0 AppleWebKit/537.36 (KHTML, like Gecko; compatible; bingbot/2.0; +http://www.bing.com/bingbot.htm) Chrome/116.0.1938.76 Safari/537.36"
216.73.216.135 - - [13/Apr/2026:19:38:33 +0300] "GET /info/O011839547748 HTTP/1.0" 404 3327 "-" "Mozilla/5.0 AppleWebKit/537.36 (KHTML, like Gecko; compatible; ClaudeBot/1.0; +claudebot@anthropic.com)"
216.73.216.135 - - [13/Apr/2026:19:39:02 +0300] "GET /info/O012720721568 HTTP/1.0" 404 3327 "-" "Mozilla/5.0 AppleWebKit/537.36 (KHTML, like Gecko; compatible; ClaudeBot/1.0; +claudebot@anthropic.com)"
216.73.216.135 - - [13/Apr/2026:19:39:34 +0300] "GET /?m=28865288149100 HTTP/1.0" 200 19740 "-" "Mozilla/5.0 AppleWebKit/537.36 (KHTML, like Gecko; compatible; ClaudeBot/1.0; +claudebot@anthropic.com)"
216.73.216.135 - - [13/Apr/2026:19:40:08 +0300] "GET /info/O012820279849 HTTP/1.0" 404 3327 "-" "Mozilla/5.0 AppleWebKit/537.36 (KHTML, like Gecko; compatible; ClaudeBot/1.0; +claudebot@anthropic.com)"
216.73.216.135 - - [13/Apr/2026:19:40:27 +0300] "GET /info/O013930592429 HTTP/1.0" 404 3327 "-" "Mozilla/5.0 AppleWebKit/537.36 (KHTML, like Gecko; compatible; ClaudeBot/1.0; +claudebot@anthropic.com)"
216.73.216.135 - - [13/Apr/2026:19:40:44 +0300] "GET /?m=02459288403401 HTTP/1.0" 200 19745 "-" "Mozilla/5.0 AppleWebKit/537.36 (KHTML, like Gecko; compatible; ClaudeBot/1.0; +claudebot@anthropic.com)"
94.154.35.236 - - [13/Apr/2026:19:41:07 +0300] "HEAD /site.rar HTTP/1.1" 301 0 "-" "Mozilla/5.0 (Windows NT 10.0; Win64; x64) AppleWebKit/537.36 (KHTML, like Gecko) Chrome/101.0.4951.67 Safari/537.36"
198.244.240.6 - - [13/Apr/2026:19:41:06 +0300] "GET /info/O013138849053 HTTP/1.0" 404 3327 "-" "Mozilla/5.0 (compatible; AhrefsBot/7.0; +http://ahrefs.com/robot/)"
94.154.35.236 - - [13/Apr/2026:19:41:07 +0300] "HEAD /site.rar HTTP/1.0" 404 294 "-" "Mozilla/5.0 (Windows NT 10.0; Win64; x64) AppleWebKit/537.36 (KHTML, like Gecko) Chrome/101.0.4951.67 Safari/537.36"
216.73.216.135 - - [13/Apr/2026:19:41:21 +0300] "GET /?m=82018288752000 HTTP/1.0" 200 19841 "-" "Mozilla/5.0 AppleWebKit/537.36 (KHTML, like Gecko; compatible; ClaudeBot/1.0; +claudebot@anthropic.com)"
216.73.216.135 - - [13/Apr/2026:19:41:41 +0300] "GET /?m=28795288994601 HTTP/1.0" 200 19841 "-" "Mozilla/5.0 AppleWebKit/537.36 (KHTML, like Gecko; compatible; ClaudeBot/1.0; +claudebot@anthropic.com)"
216.73.216.135 - - [13/Apr/2026:19:42:14 +0300] "GET /info/O011070142050 HTTP/1.0" 404 3327 "-" "Mozilla/5.0 AppleWebKit/537.36 (KHTML, like Gecko; compatible; ClaudeBot/1.0; +claudebot@anthropic.com)"
216.73.216.135 - - [13/Apr/2026:19:42:49 +0300] "GET /?m=19769106800 HTTP/1.0" 200 19841 "-" "Mozilla/5.0 AppleWebKit/537.36 (KHTML, like Gecko; compatible; ClaudeBot/1.0; +claudebot@anthropic.com)"
216.73.216.135 - - [13/Apr/2026:19:43:06 +0300] "GET /?m=9227867500 HTTP/1.0" 200 19838 "-" "Mozilla/5.0 AppleWebKit/537.36 (KHTML, like Gecko; compatible; ClaudeBot/1.0; +claudebot@anthropic.com)"
216.73.216.135 - - [13/Apr/2026:19:43:42 +0300] "GET /?m=74867700000 HTTP/1.0" 200 19840 "-" "Mozilla/5.0 AppleWebKit/537.36 (KHTML, like Gecko; compatible; ClaudeBot/1.0; +claudebot@anthropic.com)"
216.73.216.135 - - [13/Apr/2026:19:44:03 +0300] "GET /?m=09892288168201 HTTP/1.0" 200 19838 "-" "Mozilla/5.0 AppleWebKit/537.36 (KHTML, like Gecko; compatible; ClaudeBot/1.0; +claudebot@anthropic.com)"
198.244.226.150 - - [13/Apr/2026:19:44:09 +0300] "GET /info/O013134096726 HTTP/1.0" 404 3327 "-" "Mozilla/5.0 (compatible; AhrefsBot/7.0; +http://ahrefs.com/robot/)"
216.73.216.135 - - [13/Apr/2026:19:44:20 +0300] "GET /?m=24109267701 HTTP/1.0" 200 19838 "-" "Mozilla/5.0 AppleWebKit/537.36 (KHTML, like Gecko; compatible; ClaudeBot/1.0; +claudebot@anthropic.com)"
216.73.216.135 - - [13/Apr/2026:19:44:31 +0300] "GET /?m=99703288679801 HTTP/1.0" 200 19842 "-" "Mozilla/5.0 AppleWebKit/537.36 (KHTML, like Gecko; compatible; ClaudeBot/1.0; +claudebot@anthropic.com)"
216.73.216.135 - - [13/Apr/2026:19:45:00 +0300] "GET /?m=88401229900 HTTP/1.0" 200 19843 "-" "Mozilla/5.0 AppleWebKit/537.36 (KHTML, like Gecko; compatible; ClaudeBot/1.0; +claudebot@anthropic.com)"
216.73.216.135 - - [13/Apr/2026:19:45:19 +0300] "GET /?m=79909288152300 HTTP/1.0" 200 19745 "-" "Mozilla/5.0 AppleWebKit/537.36 (KHTML, like Gecko; compatible; ClaudeBot/1.0; +claudebot@anthropic.com)"
216.244.66.201 - - [13/Apr/2026:19:45:31 +0300] "GET /robots.txt HTTP/1.1" 301 196 "-" "Mozilla/5.0 (compatible; DotBot/1.2; +https://opensiteexplorer.org/dotbot; help@moz.com)"
216.244.66.201 - - [13/Apr/2026:19:45:32 +0300] "GET /robots.txt HTTP/1.0" 200 351 "-" "Mozilla/5.0 (compatible; DotBot/1.2; +https://opensiteexplorer.org/dotbot; help@moz.com)"
216.73.216.135 - - [13/Apr/2026:19:45:50 +0300] "GET /?m=10073288974200 HTTP/1.0" 200 19841 "-" "Mozilla/5.0 AppleWebKit/537.36 (KHTML, like Gecko; compatible; ClaudeBot/1.0; +claudebot@anthropic.com)"
216.73.216.135 - - [13/Apr/2026:19:45:55 +0300] "GET /?m=84088336400 HTTP/1.0" 200 19836 "-" "Mozilla/5.0 AppleWebKit/537.36 (KHTML, like Gecko; compatible; ClaudeBot/1.0; +claudebot@anthropic.com)"
216.73.216.135 - - [13/Apr/2026:19:46:00 +0300] "GET /?m=13113863300 HTTP/1.0" 200 19741 "-" "Mozilla/5.0 AppleWebKit/537.36 (KHTML, like Gecko; compatible; ClaudeBot/1.0; +claudebot@anthropic.com)"
216.73.216.135 - - [13/Apr/2026:19:46:06 +0300] "GET /?m=94047473200 HTTP/1.0" 200 19739 "-" "Mozilla/5.0 AppleWebKit/537.36 (KHTML, like Gecko; compatible; ClaudeBot/1.0; +claudebot@anthropic.com)"
216.73.216.135 - - [13/Apr/2026:19:46:12 +0300] "GET /?m=79709988700 HTTP/1.0" 200 19738 "-" "Mozilla/5.0 AppleWebKit/537.36 (KHTML, like Gecko; compatible; ClaudeBot/1.0; +claudebot@anthropic.com)"
216.73.216.135 - - [13/Apr/2026:19:46:16 +0300] "GET /?m=10087288421900 HTTP/1.0" 200 19843 "-" "Mozilla/5.0 AppleWebKit/537.36 (KHTML, like Gecko; compatible; ClaudeBot/1.0; +claudebot@anthropic.com)"
216.73.216.135 - - [13/Apr/2026:19:46:22 +0300] "GET /?m=78116603700 HTTP/1.0" 200 19745 "-" "Mozilla/5.0 AppleWebKit/537.36 (KHTML, like Gecko; compatible; ClaudeBot/1.0; +claudebot@anthropic.com)"
216.73.216.135 - - [13/Apr/2026:19:46:28 +0300] "GET /?m=07480344001 HTTP/1.0" 200 19743 "-" "Mozilla/5.0 AppleWebKit/537.36 (KHTML, like Gecko; compatible; ClaudeBot/1.0; +claudebot@anthropic.com)"
216.73.216.135 - - [13/Apr/2026:19:46:34 +0300] "GET /?m=81180305300 HTTP/1.0" 200 19743 "-" "Mozilla/5.0 AppleWebKit/537.36 (KHTML, like Gecko; compatible; ClaudeBot/1.0; +claudebot@anthropic.com)"
216.73.216.135 - - [13/Apr/2026:19:46:40 +0300] "GET /?m=99272495400 HTTP/1.0" 200 19744 "-" "Mozilla/5.0 AppleWebKit/537.36 (KHTML, like Gecko; compatible; ClaudeBot/1.0; +claudebot@anthropic.com)"
216.73.216.135 - - [13/Apr/2026:19:46:46 +0300] "GET /?m=89808288680300 HTTP/1.0" 200 19748 "-" "Mozilla/5.0 AppleWebKit/537.36 (KHTML, like Gecko; compatible; ClaudeBot/1.0; +claudebot@anthropic.com)"
216.73.216.135 - - [13/Apr/2026:19:46:52 +0300] "GET /?m=44970288226301 HTTP/1.0" 200 19745 "-" "Mozilla/5.0 AppleWebKit/537.36 (KHTML, like Gecko; compatible; ClaudeBot/1.0; +claudebot@anthropic.com)"
51.195.244.106 - - [13/Apr/2026:19:46:54 +0300] "GET /info/O013084733682 HTTP/1.0" 404 3327 "-" "Mozilla/5.0 (compatible; AhrefsBot/7.0; +http://ahrefs.com/robot/)"
216.73.216.135 - - [13/Apr/2026:19:47:00 +0300] "GET /?m=78702216000 HTTP/1.0" 200 19740 "-" "Mozilla/5.0 AppleWebKit/537.36 (KHTML, like Gecko; compatible; ClaudeBot/1.0; +claudebot@anthropic.com)"
216.73.216.135 - - [13/Apr/2026:19:47:06 +0300] "GET /?m=61079791700 HTTP/1.0" 200 19743 "-" "Mozilla/5.0 AppleWebKit/537.36 (KHTML, like Gecko; compatible; ClaudeBot/1.0; +claudebot@anthropic.com)"
216.73.216.135 - - [13/Apr/2026:19:47:13 +0300] "GET /?m=10843514301 HTTP/1.0" 200 19742 "-" "Mozilla/5.0 AppleWebKit/537.36 (KHTML, like Gecko; compatible; ClaudeBot/1.0; +claudebot@anthropic.com)"
216.73.216.135 - - [13/Apr/2026:19:47:17 +0300] "GET /?m=16802346900 HTTP/1.0" 200 19837 "-" "Mozilla/5.0 AppleWebKit/537.36 (KHTML, like Gecko; compatible; ClaudeBot/1.0; +claudebot@anthropic.com)"
216.73.216.135 - - [13/Apr/2026:19:47:23 +0300] "GET /?m=08600288281201 HTTP/1.0" 200 19741 "-" "Mozilla/5.0 AppleWebKit/537.36 (KHTML, like Gecko; compatible; ClaudeBot/1.0; +claudebot@anthropic.com)"
216.73.216.135 - - [13/Apr/2026:19:47:30 +0300] "GET /?m=99858243801 HTTP/1.0" 200 19741 "-" "Mozilla/5.0 AppleWebKit/537.36 (KHTML, like Gecko; compatible; ClaudeBot/1.0; +claudebot@anthropic.com)"
216.73.216.135 - - [13/Apr/2026:19:47:37 +0300] "GET /?m=33665562600 HTTP/1.0" 200 19742 "-" "Mozilla/5.0 AppleWebKit/537.36 (KHTML, like Gecko; compatible; ClaudeBot/1.0; +claudebot@anthropic.com)"
216.73.216.135 - - [13/Apr/2026:19:47:44 +0300] "GET /?m=49711112900 HTTP/1.0" 200 19740 "-" "Mozilla/5.0 AppleWebKit/537.36 (KHTML, like Gecko; compatible; ClaudeBot/1.0; +claudebot@anthropic.com)"
216.73.216.135 - - [13/Apr/2026:19:47:51 +0300] "GET /?m=87076885101 HTTP/1.0" 200 19740 "-" "Mozilla/5.0 AppleWebKit/537.36 (KHTML, like Gecko; compatible; ClaudeBot/1.0; +claudebot@anthropic.com)"
216.73.216.135 - - [13/Apr/2026:19:47:51 +0300] "GET /?m=01108245400 HTTP/1.0" 200 19841 "-" "Mozilla/5.0 AppleWebKit/537.36 (KHTML, like Gecko; compatible; ClaudeBot/1.0; +claudebot@anthropic.com)"
216.73.216.135 - - [13/Apr/2026:19:48:00 +0300] "GET /?m=07419288232200 HTTP/1.0" 200 19742 "-" "Mozilla/5.0 AppleWebKit/537.36 (KHTML, like Gecko; compatible; ClaudeBot/1.0; +claudebot@anthropic.com)"
216.73.216.135 - - [13/Apr/2026:19:48:10 +0300] "GET /?m=17958453900 HTTP/1.0" 200 19742 "-" "Mozilla/5.0 AppleWebKit/537.36 (KHTML, like Gecko; compatible; ClaudeBot/1.0; +claudebot@anthropic.com)"
216.73.216.135 - - [13/Apr/2026:19:48:24 +0300] "GET /?m=95595288097501 HTTP/1.0" 200 19841 "-" "Mozilla/5.0 AppleWebKit/537.36 (KHTML, like Gecko; compatible; ClaudeBot/1.0; +claudebot@anthropic.com)"
216.73.216.135 - - [13/Apr/2026:19:48:32 +0300] "GET /?m=78698288779000 HTTP/1.0" 200 19747 "-" "Mozilla/5.0 AppleWebKit/537.36 (KHTML, like Gecko; compatible; ClaudeBot/1.0; +claudebot@anthropic.com)"
216.73.216.135 - - [13/Apr/2026:19:48:46 +0300] "GET /?m=20268130700 HTTP/1.0" 200 19842 "-" "Mozilla/5.0 AppleWebKit/537.36 (KHTML, like Gecko; compatible; ClaudeBot/1.0; +claudebot@anthropic.com)"
216.73.216.135 - - [13/Apr/2026:19:48:54 +0300] "GET /?m=73818783601 HTTP/1.0" 200 19743 "-" "Mozilla/5.0 AppleWebKit/537.36 (KHTML, like Gecko; compatible; ClaudeBot/1.0; +claudebot@anthropic.com)"
216.73.216.135 - - [13/Apr/2026:19:49:04 +0300] "GET /?m=06093995400 HTTP/1.0" 200 19744 "-" "Mozilla/5.0 AppleWebKit/537.36 (KHTML, like Gecko; compatible; ClaudeBot/1.0; +claudebot@anthropic.com)"
216.73.216.135 - - [13/Apr/2026:19:49:14 +0300] "GET /?m=98112288472200 HTTP/1.0" 200 19746 "-" "Mozilla/5.0 AppleWebKit/537.36 (KHTML, like Gecko; compatible; ClaudeBot/1.0; +claudebot@anthropic.com)"
216.73.216.135 - - [13/Apr/2026:19:49:24 +0300] "GET /?m=91082590001 HTTP/1.0" 200 19743 "-" "Mozilla/5.0 AppleWebKit/537.36 (KHTML, like Gecko; compatible; ClaudeBot/1.0; +claudebot@anthropic.com)"
216.73.216.135 - - [13/Apr/2026:19:49:34 +0300] "GET /?m=01809288780300 HTTP/1.0" 200 19748 "-" "Mozilla/5.0 AppleWebKit/537.36 (KHTML, like Gecko; compatible; ClaudeBot/1.0; +claudebot@anthropic.com)"
216.73.216.135 - - [13/Apr/2026:19:49:45 +0300] "GET /?m=68010288354201 HTTP/1.0" 200 19838 "-" "Mozilla/5.0 AppleWebKit/537.36 (KHTML, like Gecko; compatible; ClaudeBot/1.0; +claudebot@anthropic.com)"
216.73.216.135 - - [13/Apr/2026:19:49:55 +0300] "GET /?m=18185193900 HTTP/1.0" 200 19741 "-" "Mozilla/5.0 AppleWebKit/537.36 (KHTML, like Gecko; compatible; ClaudeBot/1.0; +claudebot@anthropic.com)"
51.195.183.166 - - [13/Apr/2026:19:49:57 +0300] "GET /info/O01307054598 HTTP/1.0" 404 3326 "-" "Mozilla/5.0 (compatible; AhrefsBot/7.0; +http://ahrefs.com/robot/)"
216.73.216.135 - - [13/Apr/2026:19:50:05 +0300] "GET /?m=01259288305300 HTTP/1.0" 200 19744 "-" "Mozilla/5.0 AppleWebKit/537.36 (KHTML, like Gecko; compatible; ClaudeBot/1.0; +claudebot@anthropic.com)"
216.73.216.135 - - [13/Apr/2026:19:50:15 +0300] "GET /?m=02691236401 HTTP/1.0" 200 19737 "-" "Mozilla/5.0 AppleWebKit/537.36 (KHTML, like Gecko; compatible; ClaudeBot/1.0; +claudebot@anthropic.com)"
216.73.216.135 - - [13/Apr/2026:19:50:25 +0300] "GET /?m=95869131301 HTTP/1.0" 200 19741 "-" "Mozilla/5.0 AppleWebKit/537.36 (KHTML, like Gecko; compatible; ClaudeBot/1.0; +claudebot@anthropic.com)"
216.73.216.135 - - [13/Apr/2026:19:50:37 +0300] "GET /?m=39370288680800 HTTP/1.0" 200 19842 "-" "Mozilla/5.0 AppleWebKit/537.36 (KHTML, like Gecko; compatible; ClaudeBot/1.0; +claudebot@anthropic.com)"
216.73.216.135 - - [13/Apr/2026:19:50:45 +0300] "GET /?m=29409288096100 HTTP/1.0" 200 19743 "-" "Mozilla/5.0 AppleWebKit/537.36 (KHTML, like Gecko; compatible; ClaudeBot/1.0; +claudebot@anthropic.com)"
216.73.216.135 - - [13/Apr/2026:19:50:57 +0300] "GET /?m=74848288134100 HTTP/1.0" 200 19842 "-" "Mozilla/5.0 AppleWebKit/537.36 (KHTML, like Gecko; compatible; ClaudeBot/1.0; +claudebot@anthropic.com)"
216.73.216.135 - - [13/Apr/2026:19:51:06 +0300] "GET /?m=90980559500 HTTP/1.0" 200 19743 "-" "Mozilla/5.0 AppleWebKit/537.36 (KHTML, like Gecko; compatible; ClaudeBot/1.0; +claudebot@anthropic.com)"
216.73.216.135 - - [13/Apr/2026:19:51:16 +0300] "GET /?m=31999612601 HTTP/1.0" 200 19742 "-" "Mozilla/5.0 AppleWebKit/537.36 (KHTML, like Gecko; compatible; ClaudeBot/1.0; +claudebot@anthropic.com)"
216.73.216.135 - - [13/Apr/2026:19:51:26 +0300] "GET /?m=71882949300 HTTP/1.0" 200 19743 "-" "Mozilla/5.0 AppleWebKit/537.36 (KHTML, like Gecko; compatible; ClaudeBot/1.0; +claudebot@anthropic.com)"
216.73.216.135 - - [13/Apr/2026:19:51:36 +0300] "GET /?m=75917571700 HTTP/1.0" 200 19743 "-" "Mozilla/5.0 AppleWebKit/537.36 (KHTML, like Gecko; compatible; ClaudeBot/1.0; +claudebot@anthropic.com)"
216.73.216.135 - - [13/Apr/2026:19:51:46 +0300] "GET /?m=28697288021200 HTTP/1.0" 200 19744 "-" "Mozilla/5.0 AppleWebKit/537.36 (KHTML, like Gecko; compatible; ClaudeBot/1.0; +claudebot@anthropic.com)"
216.73.216.135 - - [13/Apr/2026:19:51:57 +0300] "GET /?m=97000288336401 HTTP/1.0" 200 19742 "-" "Mozilla/5.0 AppleWebKit/537.36 (KHTML, like Gecko; compatible; ClaudeBot/1.0; +claudebot@anthropic.com)"
216.73.216.135 - - [13/Apr/2026:19:52:09 +0300] "GET /?m=74677288792200 HTTP/1.0" 200 19745 "-" "Mozilla/5.0 AppleWebKit/537.36 (KHTML, like Gecko; compatible; ClaudeBot/1.0; +claudebot@anthropic.com)"
216.73.216.135 - - [13/Apr/2026:19:52:22 +0300] "GET /?m=19289161700 HTTP/1.0" 200 19743 "-" "Mozilla/5.0 AppleWebKit/537.36 (KHTML, like Gecko; compatible; ClaudeBot/1.0; +claudebot@anthropic.com)"
216.73.216.135 - - [13/Apr/2026:19:52:31 +0300] "GET /?m=99127512200 HTTP/1.0" 200 19839 "-" "Mozilla/5.0 AppleWebKit/537.36 (KHTML, like Gecko; compatible; ClaudeBot/1.0; +claudebot@anthropic.com)"
216.73.216.135 - - [13/Apr/2026:19:52:43 +0300] "GET /?m=94121735000 HTTP/1.0" 200 19739 "-" "Mozilla/5.0 AppleWebKit/537.36 (KHTML, like Gecko; compatible; ClaudeBot/1.0; +claudebot@anthropic.com)"
198.244.240.28 - - [13/Apr/2026:19:52:46 +0300] "GET /info/O013069361383 HTTP/1.0" 404 3327 "-" "Mozilla/5.0 (compatible; AhrefsBot/7.0; +http://ahrefs.com/robot/)"
216.73.216.135 - - [13/Apr/2026:19:52:56 +0300] "GET /?m=05396288177401 HTTP/1.0" 200 19742 "-" "Mozilla/5.0 AppleWebKit/537.36 (KHTML, like Gecko; compatible; ClaudeBot/1.0; +claudebot@anthropic.com)"
216.73.216.135 - - [13/Apr/2026:19:53:02 +0300] "GET /sitemap_65.xml HTTP/1.0" 200 14344 "-" "Mozilla/5.0 AppleWebKit/537.36 (KHTML, like Gecko; compatible; ClaudeBot/1.0; +claudebot@anthropic.com)"
216.73.216.135 - - [13/Apr/2026:19:53:14 +0300] "GET /sitemap_33.xml HTTP/1.0" 200 14345 "-" "Mozilla/5.0 AppleWebKit/537.36 (KHTML, like Gecko; compatible; ClaudeBot/1.0; +claudebot@anthropic.com)"
216.73.216.135 - - [13/Apr/2026:19:53:25 +0300] "GET /?m=18087829001 HTTP/1.0" 200 19836 "-" "Mozilla/5.0 AppleWebKit/537.36 (KHTML, like Gecko; compatible; ClaudeBot/1.0; +claudebot@anthropic.com)"
216.73.216.135 - - [13/Apr/2026:19:53:43 +0300] "GET /?m=23795288223601 HTTP/1.0" 200 19742 "-" "Mozilla/5.0 AppleWebKit/537.36 (KHTML, like Gecko; compatible; ClaudeBot/1.0; +claudebot@anthropic.com)"
216.73.216.135 - - [13/Apr/2026:19:53:56 +0300] "GET /?m=91029288052000 HTTP/1.0" 200 19742 "-" "Mozilla/5.0 AppleWebKit/537.36 (KHTML, like Gecko; compatible; ClaudeBot/1.0; +claudebot@anthropic.com)"
216.73.216.135 - - [13/Apr/2026:19:54:08 +0300] "GET /?m=82957912800 HTTP/1.0" 200 19841 "-" "Mozilla/5.0 AppleWebKit/537.36 (KHTML, like Gecko; compatible; ClaudeBot/1.0; +claudebot@anthropic.com)"
216.73.216.135 - - [13/Apr/2026:19:54:20 +0300] "GET /?m=35957185001 HTTP/1.0" 200 19741 "-" "Mozilla/5.0 AppleWebKit/537.36 (KHTML, like Gecko; compatible; ClaudeBot/1.0; +claudebot@anthropic.com)"
216.73.216.135 - - [13/Apr/2026:19:54:34 +0300] "GET /?m=82147288199000 HTTP/1.0" 200 19744 "-" "Mozilla/5.0 AppleWebKit/537.36 (KHTML, like Gecko; compatible; ClaudeBot/1.0; +claudebot@anthropic.com)"
216.73.216.135 - - [13/Apr/2026:19:54:38 +0300] "GET /?m=23279288919600 HTTP/1.0" 200 19841 "-" "Mozilla/5.0 AppleWebKit/537.36 (KHTML, like Gecko; compatible; ClaudeBot/1.0; +claudebot@anthropic.com)"
216.73.216.135 - - [13/Apr/2026:19:54:51 +0300] "GET /?m=08703288558400 HTTP/1.0" 200 19744 "-" "Mozilla/5.0 AppleWebKit/537.36 (KHTML, like Gecko; compatible; ClaudeBot/1.0; +claudebot@anthropic.com)"
216.73.216.135 - - [13/Apr/2026:19:55:05 +0300] "GET /?m=87557288667100 HTTP/1.0" 200 19746 "-" "Mozilla/5.0 AppleWebKit/537.36 (KHTML, like Gecko; compatible; ClaudeBot/1.0; +claudebot@anthropic.com)"
216.73.216.135 - - [13/Apr/2026:19:55:11 +0300] "GET /?m=11101288017200 HTTP/1.0" 200 19746 "-" "Mozilla/5.0 AppleWebKit/537.36 (KHTML, like Gecko; compatible; ClaudeBot/1.0; +claudebot@anthropic.com)"
216.73.216.135 - - [13/Apr/2026:19:55:24 +0300] "GET /?m=65298287001 HTTP/1.0" 200 19743 "-" "Mozilla/5.0 AppleWebKit/537.36 (KHTML, like Gecko; compatible; ClaudeBot/1.0; +claudebot@anthropic.com)"
216.73.216.135 - - [13/Apr/2026:19:55:37 +0300] "GET /?m=39713288152701 HTTP/1.0" 200 19841 "-" "Mozilla/5.0 AppleWebKit/537.36 (KHTML, like Gecko; compatible; ClaudeBot/1.0; +claudebot@anthropic.com)"
198.244.183.174 - - [13/Apr/2026:19:55:44 +0300] "GET /info/O013021165014 HTTP/1.0" 404 3327 "-" "Mozilla/5.0 (compatible; AhrefsBot/7.0; +http://ahrefs.com/robot/)"
216.73.216.135 - - [13/Apr/2026:19:55:49 +0300] "GET /?m=03918288680401 HTTP/1.0" 200 19743 "-" "Mozilla/5.0 AppleWebKit/537.36 (KHTML, like Gecko; compatible; ClaudeBot/1.0; +claudebot@anthropic.com)"
216.73.216.135 - - [13/Apr/2026:19:56:03 +0300] "GET /?m=11495288190201 HTTP/1.0" 200 19742 "-" "Mozilla/5.0 AppleWebKit/537.36 (KHTML, like Gecko; compatible; ClaudeBot/1.0; +claudebot@anthropic.com)"
216.73.216.135 - - [13/Apr/2026:19:56:08 +0300] "GET /?m=11807288043000 HTTP/1.0" 200 19841 "-" "Mozilla/5.0 AppleWebKit/537.36 (KHTML, like Gecko; compatible; ClaudeBot/1.0; +claudebot@anthropic.com)"
216.244.66.201 - - [13/Apr/2026:19:56:19 +0300] "GET /images/2019/02/20/shlif1.jpg HTTP/1.1" 200 154627 "-" "Mozilla/5.0 (compatible; DotBot/1.2; +https://opensiteexplorer.org/dotbot; help@moz.com)"
216.73.216.135 - - [13/Apr/2026:19:56:22 +0300] "GET /?m=98874131400 HTTP/1.0" 200 19744 "-" "Mozilla/5.0 AppleWebKit/537.36 (KHTML, like Gecko; compatible; ClaudeBot/1.0; +claudebot@anthropic.com)"
216.244.66.201 - - [13/Apr/2026:19:56:37 +0300] "GET /images/speasyimagegallery/albums/1/images/0015.jpg HTTP/1.1" 200 146191 "-" "Mozilla/5.0 (compatible; DotBot/1.2; +https://opensiteexplorer.org/dotbot; help@moz.com)"
216.73.216.135 - - [13/Apr/2026:19:56:36 +0300] "GET /?m=59927288891901 HTTP/1.0" 200 19743 "-" "Mozilla/5.0 AppleWebKit/537.36 (KHTML, like Gecko; compatible; ClaudeBot/1.0; +claudebot@anthropic.com)"
216.244.66.201 - - [13/Apr/2026:19:56:42 +0300] "GET /images/speasyimagegallery/albums/1/images/0025.jpg HTTP/1.1" 200 208200 "-" "Mozilla/5.0 (compatible; DotBot/1.2; +https://opensiteexplorer.org/dotbot; help@moz.com)"
216.73.216.135 - - [13/Apr/2026:19:56:41 +0300] "GET /?m=29268178001 HTTP/1.0" 200 19741 "-" "Mozilla/5.0 AppleWebKit/537.36 (KHTML, like Gecko; compatible; ClaudeBot/1.0; +claudebot@anthropic.com)"
216.244.66.201 - - [13/Apr/2026:19:56:46 +0300] "GET /images/speasyimagegallery/albums/1/images/0038.jpg HTTP/1.1" 200 161103 "-" "Mozilla/5.0 (compatible; DotBot/1.2; +https://opensiteexplorer.org/dotbot; help@moz.com)"
216.73.216.135 - - [13/Apr/2026:19:56:53 +0300] "GET /?m=62207486000 HTTP/1.0" 200 19741 "-" "Mozilla/5.0 AppleWebKit/537.36 (KHTML, like Gecko; compatible; ClaudeBot/1.0; +claudebot@anthropic.com)"
216.73.216.135 - - [13/Apr/2026:19:57:07 +0300] "GET /?m=21079288207700 HTTP/1.0" 200 19742 "-" "Mozilla/5.0 AppleWebKit/537.36 (KHTML, like Gecko; compatible; ClaudeBot/1.0; +claudebot@anthropic.com)"
216.73.216.135 - - [13/Apr/2026:19:57:10 +0300] "GET /?m=87899288706600 HTTP/1.0" 200 19842 "-" "Mozilla/5.0 AppleWebKit/537.36 (KHTML, like Gecko; compatible; ClaudeBot/1.0; +claudebot@anthropic.com)"
216.73.216.135 - - [13/Apr/2026:19:57:23 +0300] "GET /?m=67722288437601 HTTP/1.0" 200 19739 "-" "Mozilla/5.0 AppleWebKit/537.36 (KHTML, like Gecko; compatible; ClaudeBot/1.0; +claudebot@anthropic.com)"
216.73.216.135 - - [13/Apr/2026:19:57:37 +0300] "GET /?m=24620367400 HTTP/1.0" 200 19743 "-" "Mozilla/5.0 AppleWebKit/537.36 (KHTML, like Gecko; compatible; ClaudeBot/1.0; +claudebot@anthropic.com)"
216.73.216.135 - - [13/Apr/2026:19:57:41 +0300] "GET /?m=77503272100 HTTP/1.0" 200 19836 "-" "Mozilla/5.0 AppleWebKit/537.36 (KHTML, like Gecko; compatible; ClaudeBot/1.0; +claudebot@anthropic.com)"
216.73.216.135 - - [13/Apr/2026:19:58:09 +0300] "GET /?m=08257426000 HTTP/1.0" 200 19741 "-" "Mozilla/5.0 AppleWebKit/537.36 (KHTML, like Gecko; compatible; ClaudeBot/1.0; +claudebot@anthropic.com)"
216.73.216.135 - - [13/Apr/2026:19:58:14 +0300] "GET /?m=21172288043901 HTTP/1.0" 200 19838 "-" "Mozilla/5.0 AppleWebKit/537.36 (KHTML, like Gecko; compatible; ClaudeBot/1.0; +claudebot@anthropic.com)"
54.38.147.203 - - [13/Apr/2026:19:58:34 +0300] "GET /info/O013017183391 HTTP/1.0" 404 3327 "-" "Mozilla/5.0 (compatible; AhrefsBot/7.0; +http://ahrefs.com/robot/)"
216.73.216.135 - - [13/Apr/2026:19:58:42 +0300] "GET /?m=81611786300 HTTP/1.0" 200 19742 "-" "Mozilla/5.0 AppleWebKit/537.36 (KHTML, like Gecko; compatible; ClaudeBot/1.0; +claudebot@anthropic.com)"
216.73.216.135 - - [13/Apr/2026:19:58:47 +0300] "GET /?m=05122451700 HTTP/1.0" 200 19840 "-" "Mozilla/5.0 AppleWebKit/537.36 (KHTML, like Gecko; compatible; ClaudeBot/1.0; +claudebot@anthropic.com)"
216.73.216.135 - - [13/Apr/2026:19:59:03 +0300] "GET /?m=22943821801 HTTP/1.0" 200 19839 "-" "Mozilla/5.0 AppleWebKit/537.36 (KHTML, like Gecko; compatible; ClaudeBot/1.0; +claudebot@anthropic.com)"
216.73.216.135 - - [13/Apr/2026:19:59:31 +0300] "GET /?m=61002288092200 HTTP/1.0" 200 19745 "-" "Mozilla/5.0 AppleWebKit/537.36 (KHTML, like Gecko; compatible; ClaudeBot/1.0; +claudebot@anthropic.com)"
216.73.216.135 - - [13/Apr/2026:19:59:44 +0300] "GET /?m=02237288496801 HTTP/1.0" 200 19741 "-" "Mozilla/5.0 AppleWebKit/537.36 (KHTML, like Gecko; compatible; ClaudeBot/1.0; +claudebot@anthropic.com)"
216.73.216.135 - - [13/Apr/2026:20:00:06 +0300] "GET /?m=39511699800 HTTP/1.0" 200 19843 "-" "Mozilla/5.0 AppleWebKit/537.36 (KHTML, like Gecko; compatible; ClaudeBot/1.0; +claudebot@anthropic.com)"
216.73.216.135 - - [13/Apr/2026:20:00:32 +0300] "GET /?m=82002288061900 HTTP/1.0" 200 19746 "-" "Mozilla/5.0 AppleWebKit/537.36 (KHTML, like Gecko; compatible; ClaudeBot/1.0; +claudebot@anthropic.com)"
216.73.216.135 - - [13/Apr/2026:20:00:38 +0300] "GET /?m=23994288544700 HTTP/1.0" 200 19743 "-" "Mozilla/5.0 AppleWebKit/537.36 (KHTML, like Gecko; compatible; ClaudeBot/1.0; +claudebot@anthropic.com)"
216.73.216.135 - - [13/Apr/2026:20:01:08 +0300] "GET /?m=57086288145100 HTTP/1.0" 200 19742 "-" "Mozilla/5.0 AppleWebKit/537.36 (KHTML, like Gecko; compatible; ClaudeBot/1.0; +claudebot@anthropic.com)"
216.73.216.135 - - [13/Apr/2026:20:01:10 +0300] "GET /?m=19912288892701 HTTP/1.0" 200 19839 "-" "Mozilla/5.0 AppleWebKit/537.36 (KHTML, like Gecko; compatible; ClaudeBot/1.0; +claudebot@anthropic.com)"
51.195.244.32 - - [13/Apr/2026:20:01:17 +0300] "GET /info/O013013806702 HTTP/1.0" 404 3327 "-" "Mozilla/5.0 (compatible; AhrefsBot/7.0; +http://ahrefs.com/robot/)"
216.73.216.135 - - [13/Apr/2026:20:01:28 +0300] "GET /?m=96951374100 HTTP/1.0" 200 19838 "-" "Mozilla/5.0 AppleWebKit/537.36 (KHTML, like Gecko; compatible; ClaudeBot/1.0; +claudebot@anthropic.com)"
216.73.216.135 - - [13/Apr/2026:20:01:55 +0300] "GET /?m=93970114300 HTTP/1.0" 200 19743 "-" "Mozilla/5.0 AppleWebKit/537.36 (KHTML, like Gecko; compatible; ClaudeBot/1.0; +claudebot@anthropic.com)"
216.73.216.135 - - [13/Apr/2026:20:01:58 +0300] "GET /?m=6615012100 HTTP/1.0" 200 19839 "-" "Mozilla/5.0 AppleWebKit/537.36 (KHTML, like Gecko; compatible; ClaudeBot/1.0; +claudebot@anthropic.com)"
216.73.216.135 - - [13/Apr/2026:20:02:29 +0300] "GET /?m=70091288083101 HTTP/1.0" 200 19745 "-" "Mozilla/5.0 AppleWebKit/537.36 (KHTML, like Gecko; compatible; ClaudeBot/1.0; +claudebot@anthropic.com)"
216.73.216.135 - - [13/Apr/2026:20:02:31 +0300] "GET /?m=27293288213800 HTTP/1.0" 200 19841 "-" "Mozilla/5.0 AppleWebKit/537.36 (KHTML, like Gecko; compatible; ClaudeBot/1.0; +claudebot@anthropic.com)"
216.73.216.135 - - [13/Apr/2026:20:02:58 +0300] "GET /?m=79714288257600 HTTP/1.0" 200 19744 "-" "Mozilla/5.0 AppleWebKit/537.36 (KHTML, like Gecko; compatible; ClaudeBot/1.0; +claudebot@anthropic.com)"
216.73.216.135 - - [13/Apr/2026:20:03:03 +0300] "GET /?m=09821288423201 HTTP/1.0" 200 19842 "-" "Mozilla/5.0 AppleWebKit/537.36 (KHTML, like Gecko; compatible; ClaudeBot/1.0; +claudebot@anthropic.com)"
216.73.216.135 - - [13/Apr/2026:20:03:32 +0300] "GET /?m=80227288201301 HTTP/1.0" 200 19744 "-" "Mozilla/5.0 AppleWebKit/537.36 (KHTML, like Gecko; compatible; ClaudeBot/1.0; +claudebot@anthropic.com)"
216.73.216.135 - - [13/Apr/2026:20:03:35 +0300] "GET /?m=89327288319301 HTTP/1.0" 200 19841 "-" "Mozilla/5.0 AppleWebKit/537.36 (KHTML, like Gecko; compatible; ClaudeBot/1.0; +claudebot@anthropic.com)"
216.73.216.135 - - [13/Apr/2026:20:03:43 +0300] "GET /?m=80139136001 HTTP/1.0" 200 19839 "-" "Mozilla/5.0 AppleWebKit/537.36 (KHTML, like Gecko; compatible; ClaudeBot/1.0; +claudebot@anthropic.com)"
51.89.129.251 - - [13/Apr/2026:20:04:01 +0300] "GET /info/O012998270896 HTTP/1.0" 404 3327 "-" "Mozilla/5.0 (compatible; AhrefsBot/7.0; +http://ahrefs.com/robot/)"
216.73.216.135 - - [13/Apr/2026:20:04:12 +0300] "GET /?m=20069288998801 HTTP/1.0" 200 19746 "-" "Mozilla/5.0 AppleWebKit/537.36 (KHTML, like Gecko; compatible; ClaudeBot/1.0; +claudebot@anthropic.com)"
216.73.216.135 - - [13/Apr/2026:20:04:39 +0300] "GET /?m=99834288914901 HTTP/1.0" 200 19744 "-" "Mozilla/5.0 AppleWebKit/537.36 (KHTML, like Gecko; compatible; ClaudeBot/1.0; +claudebot@anthropic.com)"
216.73.216.135 - - [13/Apr/2026:20:04:44 +0300] "GET /?m=71460288709700 HTTP/1.0" 200 19842 "-" "Mozilla/5.0 AppleWebKit/537.36 (KHTML, like Gecko; compatible; ClaudeBot/1.0; +claudebot@anthropic.com)"
216.73.216.135 - - [13/Apr/2026:20:05:13 +0300] "GET /?m=26502617000 HTTP/1.0" 200 19742 "-" "Mozilla/5.0 AppleWebKit/537.36 (KHTML, like Gecko; compatible; ClaudeBot/1.0; +claudebot@anthropic.com)"
216.73.216.135 - - [13/Apr/2026:20:05:16 +0300] "GET /?m=71094288504400 HTTP/1.0" 200 19843 "-" "Mozilla/5.0 AppleWebKit/537.36 (KHTML, like Gecko; compatible; ClaudeBot/1.0; +claudebot@anthropic.com)"
216.73.216.135 - - [13/Apr/2026:20:05:45 +0300] "GET /?m=90295288794301 HTTP/1.0" 200 19744 "-" "Mozilla/5.0 AppleWebKit/537.36 (KHTML, like Gecko; compatible; ClaudeBot/1.0; +claudebot@anthropic.com)"
216.73.216.135 - - [13/Apr/2026:20:05:47 +0300] "GET /?m=27133648001 HTTP/1.0" 200 19839 "-" "Mozilla/5.0 AppleWebKit/537.36 (KHTML, like Gecko; compatible; ClaudeBot/1.0; +claudebot@anthropic.com)"
216.73.216.135 - - [13/Apr/2026:20:06:13 +0300] "GET /?m=79848425301 HTTP/1.0" 200 19742 "-" "Mozilla/5.0 AppleWebKit/537.36 (KHTML, like Gecko; compatible; ClaudeBot/1.0; +claudebot@anthropic.com)"
216.73.216.135 - - [13/Apr/2026:20:06:24 +0300] "GET /?m=37280288473100 HTTP/1.0" 200 19744 "-" "Mozilla/5.0 AppleWebKit/537.36 (KHTML, like Gecko; compatible; ClaudeBot/1.0; +claudebot@anthropic.com)"
198.244.183.146 - - [13/Apr/2026:20:06:52 +0300] "GET /info/O012974951416 HTTP/1.0" 404 3327 "-" "Mozilla/5.0 (compatible; AhrefsBot/7.0; +http://ahrefs.com/robot/)"
216.73.216.135 - - [13/Apr/2026:20:06:54 +0300] "GET /?m=97127288068600 HTTP/1.0" 200 19743 "-" "Mozilla/5.0 AppleWebKit/537.36 (KHTML, like Gecko; compatible; ClaudeBot/1.0; +claudebot@anthropic.com)"
216.73.216.135 - - [13/Apr/2026:20:06:57 +0300] "GET /?m=00884288454201 HTTP/1.0" 200 19842 "-" "Mozilla/5.0 AppleWebKit/537.36 (KHTML, like Gecko; compatible; ClaudeBot/1.0; +claudebot@anthropic.com)"
216.73.216.135 - - [13/Apr/2026:20:07:04 +0300] "GET /?m=29408267800 HTTP/1.0" 200 19841 "-" "Mozilla/5.0 AppleWebKit/537.36 (KHTML, like Gecko; compatible; ClaudeBot/1.0; +claudebot@anthropic.com)"
216.73.216.135 - - [13/Apr/2026:20:07:31 +0300] "GET /?m=20493743001 HTTP/1.0" 200 19742 "-" "Mozilla/5.0 AppleWebKit/537.36 (KHTML, like Gecko; compatible; ClaudeBot/1.0; +claudebot@anthropic.com)"
216.73.216.135 - - [13/Apr/2026:20:07:34 +0300] "GET /?m=80254288084800 HTTP/1.0" 200 19842 "-" "Mozilla/5.0 AppleWebKit/537.36 (KHTML, like Gecko; compatible; ClaudeBot/1.0; +claudebot@anthropic.com)"
216.73.216.135 - - [13/Apr/2026:20:08:02 +0300] "GET /?m=96439288229700 HTTP/1.0" 200 19745 "-" "Mozilla/5.0 AppleWebKit/537.36 (KHTML, like Gecko; compatible; ClaudeBot/1.0; +claudebot@anthropic.com)"
216.73.216.135 - - [13/Apr/2026:20:08:05 +0300] "GET /?m=43650288277201 HTTP/1.0" 200 19836 "-" "Mozilla/5.0 AppleWebKit/537.36 (KHTML, like Gecko; compatible; ClaudeBot/1.0; +claudebot@anthropic.com)"
216.73.216.135 - - [13/Apr/2026:20:08:17 +0300] "GET /?m=10886288201800 HTTP/1.0" 200 19840 "-" "Mozilla/5.0 AppleWebKit/537.36 (KHTML, like Gecko; compatible; ClaudeBot/1.0; +claudebot@anthropic.com)"
