104.252.191.118 - - [14/Apr/2026:05:10:10 +0300] "GET /uslugi/pokraska HTTP/1.0" 200 16473 "-" "Mozilla/5.0 (X11; Linux x86_64) AppleWebKit/537.36 (KHTML, like Gecko) Chrome/117.0.0.0 Safari/537.36"
104.252.191.118 - - [14/Apr/2026:05:10:10 +0300] "GET /fotogalereya HTTP/1.0" 200 12952 "-" "Mozilla/5.0 (X11; Linux x86_64) AppleWebKit/537.36 (KHTML, like Gecko) Chrome/117.0.0.0 Safari/537.36"
104.252.191.118 - - [14/Apr/2026:05:10:10 +0300] "GET /uslugi/germetizatsiya HTTP/1.0" 200 17151 "-" "Mozilla/5.0 (X11; Linux x86_64) AppleWebKit/537.36 (KHTML, like Gecko) Chrome/117.0.0.0 Safari/537.36"
104.252.191.118 - - [14/Apr/2026:05:10:11 +0300] "GET /katalog HTTP/1.0" 200 14617 "-" "Mozilla/5.0 (X11; Linux x86_64) AppleWebKit/537.36 (KHTML, like Gecko) Chrome/117.0.0.0 Safari/537.36"
104.252.191.118 - - [14/Apr/2026:05:10:12 +0300] "GET /tel%3A%2B79276702777 HTTP/1.0" 404 3232 "-" "Mozilla/5.0 (X11; Linux x86_64) AppleWebKit/537.36 (KHTML, like Gecko) Chrome/117.0.0.0 Safari/537.36"
104.252.191.118 - - [14/Apr/2026:05:10:12 +0300] "GET /https%3A/wa.me/%3Ftext%3D79276702777 HTTP/1.0" 404 3248 "-" "Mozilla/5.0 (X11; Linux x86_64) AppleWebKit/537.36 (KHTML, like Gecko) Chrome/117.0.0.0 Safari/537.36"
104.252.191.118 - - [14/Apr/2026:05:10:13 +0300] "GET /http%3A/germetikprof.ru/uslugi/pokraska HTTP/1.0" 404 3251 "-" "Mozilla/5.0 (X11; Linux x86_64) AppleWebKit/537.36 (KHTML, like Gecko) Chrome/117.0.0.0 Safari/537.36"
104.252.191.118 - - [14/Apr/2026:05:10:13 +0300] "GET /https%3A/vk.com/germetik_prof HTTP/1.0" 404 3241 "-" "Mozilla/5.0 (X11; Linux x86_64) AppleWebKit/537.36 (KHTML, like Gecko) Chrome/117.0.0.0 Safari/537.36"
104.252.191.118 - - [14/Apr/2026:05:10:13 +0300] "GET /http%3A/germetikprof.ru/uslugi/shlifovka HTTP/1.0" 404 3252 "-" "Mozilla/5.0 (X11; Linux x86_64) AppleWebKit/537.36 (KHTML, like Gecko) Chrome/117.0.0.0 Safari/537.36"
104.252.191.118 - - [14/Apr/2026:05:10:13 +0300] "GET /%23sppb-tab-1574938859901 HTTP/1.0" 404 3237 "-" "Mozilla/5.0 (X11; Linux x86_64) AppleWebKit/537.36 (KHTML, like Gecko) Chrome/117.0.0.0 Safari/537.36"
104.252.191.118 - - [14/Apr/2026:05:10:14 +0300] "GET /https%3A/t.me/79276702777 HTTP/1.0" 404 3237 "-" "Mozilla/5.0 (X11; Linux x86_64) AppleWebKit/537.36 (KHTML, like Gecko) Chrome/117.0.0.0 Safari/537.36"
104.252.191.118 - - [14/Apr/2026:05:10:14 +0300] "GET /https%3A/germetikprof.ru HTTP/1.0" 404 3236 "-" "Mozilla/5.0 (X11; Linux x86_64) AppleWebKit/537.36 (KHTML, like Gecko) Chrome/117.0.0.0 Safari/537.36"
104.252.191.118 - - [14/Apr/2026:05:10:14 +0300] "GET /javascript%3A%3B HTTP/1.0" 404 3228 "-" "Mozilla/5.0 (X11; Linux x86_64) AppleWebKit/537.36 (KHTML, like Gecko) Chrome/117.0.0.0 Safari/537.36"
104.252.191.118 - - [14/Apr/2026:05:10:14 +0300] "GET /https%3A/www.youtube.com/%40germetikprof1297 HTTP/1.0" 404 3256 "-" "Mozilla/5.0 (X11; Linux x86_64) AppleWebKit/537.36 (KHTML, like Gecko) Chrome/117.0.0.0 Safari/537.36"
104.252.191.118 - - [14/Apr/2026:05:10:14 +0300] "GET /http%3A/region-saitov.ru HTTP/1.0" 404 3236 "-" "Mozilla/5.0 (X11; Linux x86_64) AppleWebKit/537.36 (KHTML, like Gecko) Chrome/117.0.0.0 Safari/537.36"
104.252.191.118 - - [14/Apr/2026:05:10:14 +0300] "GET /http%3A/germetikprof.ru/uslugi/germetizatsiya HTTP/1.0" 404 3257 "-" "Mozilla/5.0 (X11; Linux x86_64) AppleWebKit/537.36 (KHTML, like Gecko) Chrome/117.0.0.0 Safari/537.36"
104.252.191.118 - - [14/Apr/2026:05:10:14 +0300] "GET /https%3A/www.instagram.com/germetik_prof HTTP/1.0" 404 3252 "-" "Mozilla/5.0 (X11; Linux x86_64) AppleWebKit/537.36 (KHTML, like Gecko) Chrome/117.0.0.0 Safari/537.36"
104.252.191.118 - - [14/Apr/2026:05:10:14 +0300] "GET /http%3A/germetikprof.ru/uslugi/konopatka HTTP/1.0" 404 3252 "-" "Mozilla/5.0 (X11; Linux x86_64) AppleWebKit/537.36 (KHTML, like Gecko) Chrome/117.0.0.0 Safari/537.36"
104.252.191.118 - - [14/Apr/2026:05:10:14 +0300] "GET /%23sppb-tab-1574938859900 HTTP/1.0" 404 3237 "-" "Mozilla/5.0 (X11; Linux x86_64) AppleWebKit/537.36 (KHTML, like Gecko) Chrome/117.0.0.0 Safari/537.36"
104.252.191.118 - - [14/Apr/2026:05:10:14 +0300] "GET /component/jshopping/cart/view%3FItemid%3D0 HTTP/1.0" 200 9889 "-" "Mozilla/5.0 (X11; Linux x86_64) AppleWebKit/537.36 (KHTML, like Gecko) Chrome/117.0.0.0 Safari/537.36"
104.252.191.118 - - [14/Apr/2026:05:10:14 +0300] "GET /javascript%3Avoid%280%29 HTTP/1.0" 404 3236 "-" "Mozilla/5.0 (X11; Linux x86_64) AppleWebKit/537.36 (KHTML, like Gecko) Chrome/117.0.0.0 Safari/537.36"
104.252.191.118 - - [14/Apr/2026:05:10:14 +0300] "GET /https%3A/www.youtube.com/channel/UCiwQ6luJ0mSBTmGKNWuJNtQ HTTP/1.0" 404 3269 "-" "Mozilla/5.0 (X11; Linux x86_64) AppleWebKit/537.36 (KHTML, like Gecko) Chrome/117.0.0.0 Safari/537.36"
104.252.191.118 - - [14/Apr/2026:05:10:14 +0300] "GET /%23sppb-tab-1574938859902 HTTP/1.0" 404 3237 "-" "Mozilla/5.0 (X11; Linux x86_64) AppleWebKit/537.36 (KHTML, like Gecko) Chrome/117.0.0.0 Safari/537.36"
104.252.191.118 - - [14/Apr/2026:05:10:14 +0300] "GET /%23 HTTP/1.0" 404 3215 "-" "Mozilla/5.0 (X11; Linux x86_64) AppleWebKit/537.36 (KHTML, like Gecko) Chrome/117.0.0.0 Safari/537.36"
157.245.113.227 - - [14/Apr/2026:05:10:14 +0300] "POST /graphql HTTP/1.0" 404 3316 "-" "Mozilla/5.0 (l9scan/2.0.8383e26363e2237313e21333; +https://leakix.net)"
104.252.191.118 - - [14/Apr/2026:05:10:14 +0300] "GET /http%3A/germetikprof.ru/avtorizatsiya HTTP/1.0" 404 3249 "-" "Mozilla/5.0 (X11; Linux x86_64) AppleWebKit/537.36 (KHTML, like Gecko) Chrome/117.0.0.0 Safari/537.36"
104.252.191.118 - - [14/Apr/2026:05:10:14 +0300] "GET /https://germetikprof.ru/ HTTP/1.0" 404 3236 "-" "Mozilla/5.0 (X11; Linux x86_64) AppleWebKit/537.36 (KHTML, like Gecko) Chrome/117.0.0.0 Safari/537.36"
157.245.113.227 - - [14/Apr/2026:05:10:15 +0300] "POST /api HTTP/1.0" 404 3312 "-" "Mozilla/5.0 (l9scan/2.0.8383e26363e2237313e21333; +https://leakix.net)"
141.148.153.213 - - [14/Apr/2026:05:10:14 +0300] "GET / HTTP/1.0" 200 131134 "-" "Mozilla/5.0 (iPhone; CPU iPhone OS 17_0 like Mac OS X) AppleWebKit/605.1.15 (KHTML, like Gecko) Version/17.0 Mobile/15E148 Safari/604.1"
46.202.140.154 - - [14/Apr/2026:05:10:15 +0300] "GET / HTTP/1.0" 200 19830 "-" "Mozilla/5.0 (Windows NT 10.0; Win64; x64) AppleWebKit/537.36 (KHTML, like Gecko) Chrome/146.0.0.0 Safari/537.36 Edg/146.0.3300.0"
157.245.113.227 - - [14/Apr/2026:05:10:16 +0300] "POST /api/graphql HTTP/1.0" 404 3320 "-" "Mozilla/5.0 (l9scan/2.0.8383e26363e2237313e21333; +https://leakix.net)"
141.148.153.213 - - [14/Apr/2026:05:10:16 +0300] "HEAD / HTTP/1.0" 200 427 "-" "Mozilla/5.0 (iPhone; CPU iPhone OS 17_0 like Mac OS X) AppleWebKit/605.1.15 (KHTML, like Gecko) Version/17.0 Mobile/15E148 Safari/604.1"
157.245.113.227 - - [14/Apr/2026:05:10:19 +0300] "POST /graphql/api HTTP/1.0" 404 3320 "-" "Mozilla/5.0 (l9scan/2.0.8383e26363e2237313e21333; +https://leakix.net)"
157.245.113.227 - - [14/Apr/2026:05:10:22 +0300] "POST /api/gql HTTP/1.0" 404 3316 "-" "Mozilla/5.0 (l9scan/2.0.8383e26363e2237313e21333; +https://leakix.net)"
157.245.113.227 - - [14/Apr/2026:05:10:26 +0300] "GET /s/8383e26363e2237313e21333/_/;/META-INF/maven/com.atlassian.jira/jira-webapp-dist/pom.properties HTTP/1.0" 404 3405 "-" "Mozilla/5.0 (l9scan/2.0.8383e26363e2237313e21333; +https://leakix.net)"
34.122.147.229 - - [14/Apr/2026:05:10:29 +0300] "GET / HTTP/1.1" 301 196 "-" "Mozilla/5.0 (X11; Linux x86_64) AppleWebKit/537.36 (KHTML, like Gecko) Chrome/125.0.0.0 Safari/537.36"
157.245.113.227 - - [14/Apr/2026:05:10:28 +0300] "GET /config.json HTTP/1.0" 404 3320 "-" "Mozilla/5.0 (l9scan/2.0.8383e26363e2237313e21333; +https://leakix.net)"
169.150.201.11 - - [14/Apr/2026:05:10:28 +0300] "GET / HTTP/1.0" 200 19829 "-" "Mozilla/5.0 (X11; Linux x86_64; rv:128.0) Gecko/20100101 Firefox/128.0"
34.123.170.104 - - [14/Apr/2026:05:10:31 +0300] "GET / HTTP/1.0" 200 19826 "-" "Mozilla/5.0 (X11; Linux x86_64) AppleWebKit/537.36 (KHTML, like Gecko) Chrome/125.0.0.0 Safari/537.36"
157.245.113.227 - - [14/Apr/2026:05:10:32 +0300] "GET /telescope/requests HTTP/1.0" 404 3327 "-" "Mozilla/5.0 (l9scan/2.0.8383e26363e2237313e21333; +https://leakix.net)"
34.123.170.104 - - [14/Apr/2026:05:10:36 +0300] "GET /components/com_sppagebuilder/assets/css/font-awesome.min.css HTTP/1.1" 200 30961 "https://germetikprof.ru/" "Mozilla/5.0 (X11; Linux x86_64) AppleWebKit/537.36 (KHTML, like Gecko) Chrome/125.0.0.0 Safari/537.36"
104.197.69.115 - - [14/Apr/2026:05:10:36 +0300] "GET /components/com_sppagebuilder/assets/css/sppagecontainer.css HTTP/1.1" 200 268 "https://germetikprof.ru/" "Mozilla/5.0 (X11; Linux x86_64) AppleWebKit/537.36 (KHTML, like Gecko) Chrome/125.0.0.0 Safari/537.36"
104.197.69.115 - - [14/Apr/2026:05:10:36 +0300] "GET /components/com_sppagebuilder/assets/css/magnific-popup.css HTTP/1.1" 200 5920 "https://germetikprof.ru/" "Mozilla/5.0 (X11; Linux x86_64) AppleWebKit/537.36 (KHTML, like Gecko) Chrome/125.0.0.0 Safari/537.36"
104.197.69.115 - - [14/Apr/2026:05:10:36 +0300] "GET /modules/mod_contactus/css/contactus_lightbox.css HTTP/1.1" 200 8947 "https://germetikprof.ru/" "Mozilla/5.0 (X11; Linux x86_64) AppleWebKit/537.36 (KHTML, like Gecko) Chrome/125.0.0.0 Safari/537.36"
157.245.113.227 - - [14/Apr/2026:05:10:34 +0300] "GET /info.php HTTP/1.0" 404 3317 "-" "Mozilla/5.0 (l9scan/2.0.8383e26363e2237313e21333; +https://leakix.net)"
104.197.69.115 - - [14/Apr/2026:05:10:37 +0300] "GET /templates/shaper_helix3/css/font-awesome.min.css HTTP/1.1" 200 31000 "https://germetikprof.ru/" "Mozilla/5.0 (X11; Linux x86_64) AppleWebKit/537.36 (KHTML, like Gecko) Chrome/125.0.0.0 Safari/537.36"
34.123.170.104 - - [14/Apr/2026:05:10:42 +0300] "GET /templates/shaper_helix3/css/legacy.css HTTP/1.1" 200 27359 "https://germetikprof.ru/" "Mozilla/5.0 (X11; Linux x86_64) AppleWebKit/537.36 (KHTML, like Gecko) Chrome/125.0.0.0 Safari/537.36"
104.197.69.115 - - [14/Apr/2026:05:10:42 +0300] "GET /components/com_sppagebuilder/assets/css/sppagebuilder.css HTTP/1.1" 200 154003 "https://germetikprof.ru/" "Mozilla/5.0 (X11; Linux x86_64) AppleWebKit/537.36 (KHTML, like Gecko) Chrome/125.0.0.0 Safari/537.36"
34.123.170.104 - - [14/Apr/2026:05:10:43 +0300] "GET /templates/shaper_helix3/css/presets/preset4.css HTTP/1.1" 200 2159 "https://germetikprof.ru/" "Mozilla/5.0 (X11; Linux x86_64) AppleWebKit/537.36 (KHTML, like Gecko) Chrome/125.0.0.0 Safari/537.36"
34.122.147.229 - - [14/Apr/2026:05:10:43 +0300] "GET /components/com_sppagebuilder/assets/css/animate.min.css HTTP/1.1" 200 53431 "https://germetikprof.ru/" "Mozilla/5.0 (X11; Linux x86_64) AppleWebKit/537.36 (KHTML, like Gecko) Chrome/125.0.0.0 Safari/537.36"
157.245.113.227 - - [14/Apr/2026:05:10:40 +0300] "GET /actuator/env HTTP/1.0" 404 3321 "-" "Mozilla/5.0 (l9scan/2.0.8383e26363e2237313e21333; +https://leakix.net)"
169.150.201.11 - - [14/Apr/2026:05:10:43 +0300] "GET /images/fav4.png HTTP/1.1" 200 1589 "-" "Mozilla/5.0 (X11; Linux x86_64; rv:128.0) Gecko/20100101 Firefox/128.0"
104.197.69.115 - - [14/Apr/2026:05:10:43 +0300] "GET /plugins/system/helix3/assets/css/pagebuilder.css HTTP/1.1" 200 533 "https://germetikprof.ru/" "Mozilla/5.0 (X11; Linux x86_64) AppleWebKit/537.36 (KHTML, like Gecko) Chrome/125.0.0.0 Safari/537.36"
104.197.69.115 - - [14/Apr/2026:05:10:43 +0300] "GET /templates/shaper_helix3/css/frontend-edit.css HTTP/1.1" 200 2912 "https://germetikprof.ru/" "Mozilla/5.0 (X11; Linux x86_64) AppleWebKit/537.36 (KHTML, like Gecko) Chrome/125.0.0.0 Safari/537.36"
34.123.170.104 - - [14/Apr/2026:05:10:44 +0300] "GET /modules/mod_contactus/css/contactus_form.css HTTP/1.1" 200 7108 "https://germetikprof.ru/" "Mozilla/5.0 (X11; Linux x86_64) AppleWebKit/537.36 (KHTML, like Gecko) Chrome/125.0.0.0 Safari/537.36"
34.123.170.104 - - [14/Apr/2026:05:10:44 +0300] "GET /components/com_jshopping/css/default.css HTTP/1.1" 200 25555 "https://germetikprof.ru/" "Mozilla/5.0 (X11; Linux x86_64) AppleWebKit/537.36 (KHTML, like Gecko) Chrome/125.0.0.0 Safari/537.36"
104.197.69.115 - - [14/Apr/2026:05:10:45 +0300] "GET /media/mod_jcart_ajax/css/default.css HTTP/1.1" 200 6426 "https://germetikprof.ru/" "Mozilla/5.0 (X11; Linux x86_64) AppleWebKit/537.36 (KHTML, like Gecko) Chrome/125.0.0.0 Safari/537.36"
104.197.69.115 - - [14/Apr/2026:05:10:45 +0300] "GET /modules/mod_sp_smart_slider/tmpl/corporex/css/corporex.slider.css HTTP/1.1" 200 7721 "https://germetikprof.ru/" "Mozilla/5.0 (X11; Linux x86_64) AppleWebKit/537.36 (KHTML, like Gecko) Chrome/125.0.0.0 Safari/537.36"
104.197.69.115 - - [14/Apr/2026:05:10:45 +0300] "GET /modules/mod_gruemenu/css/styles.css HTTP/1.1" 200 4545 "https://germetikprof.ru/" "Mozilla/5.0 (X11; Linux x86_64) AppleWebKit/537.36 (KHTML, like Gecko) Chrome/125.0.0.0 Safari/537.36"
157.245.113.227 - - [14/Apr/2026:05:10:37 +0300] "GET /.well-known/security.txt HTTP/1.0" 404 3333 "-" "Mozilla/5.0 (l9scan/2.0.8383e26363e2237313e21333; +https://leakix.net)"
34.122.147.229 - - [14/Apr/2026:05:10:45 +0300] "GET /media/jui/js/jquery-noconflict.js?8fb4a4e2f090f461e7630b2a7b848f9f HTTP/1.1" 200 21 "https://germetikprof.ru/" "Mozilla/5.0 (X11; Linux x86_64) AppleWebKit/537.36 (KHTML, like Gecko) Chrome/125.0.0.0 Safari/537.36"
34.123.170.104 - - [14/Apr/2026:05:10:45 +0300] "GET /media/jui/js/jquery-migrate.min.js?8fb4a4e2f090f461e7630b2a7b848f9f HTTP/1.1" 200 10056 "https://germetikprof.ru/" "Mozilla/5.0 (X11; Linux x86_64) AppleWebKit/537.36 (KHTML, like Gecko) Chrome/125.0.0.0 Safari/537.36"
34.122.147.229 - - [14/Apr/2026:05:10:46 +0300] "GET /components/com_sppagebuilder/assets/js/jquery.parallax.js HTTP/1.1" 200 892 "https://germetikprof.ru/" "Mozilla/5.0 (X11; Linux x86_64) AppleWebKit/537.36 (KHTML, like Gecko) Chrome/125.0.0.0 Safari/537.36"
34.122.147.229 - - [14/Apr/2026:05:10:46 +0300] "GET /components/com_sppagebuilder/assets/js/sppagebuilder.js HTTP/1.1" 200 39713 "https://germetikprof.ru/" "Mozilla/5.0 (X11; Linux x86_64) AppleWebKit/537.36 (KHTML, like Gecko) Chrome/125.0.0.0 Safari/537.36"
157.245.113.227 - - [14/Apr/2026:05:10:44 +0300] "GET /swagger-ui.html HTTP/1.0" 404 3324 "-" "Mozilla/5.0 (l9scan/2.0.8383e26363e2237313e21333; +https://leakix.net)"
104.197.69.115 - - [14/Apr/2026:05:10:47 +0300] "GET /templates/shaper_helix3/css/template.css HTTP/1.1" 200 76424 "https://germetikprof.ru/" "Mozilla/5.0 (X11; Linux x86_64) AppleWebKit/537.36 (KHTML, like Gecko) Chrome/125.0.0.0 Safari/537.36"
104.197.69.115 - - [14/Apr/2026:05:10:48 +0300] "GET /templates/shaper_helix3/css/bootstrap.min.css HTTP/1.1" 200 121155 "https://germetikprof.ru/" "Mozilla/5.0 (X11; Linux x86_64) AppleWebKit/537.36 (KHTML, like Gecko) Chrome/125.0.0.0 Safari/537.36"
34.122.147.229 - - [14/Apr/2026:05:10:48 +0300] "GET /components/com_sppagebuilder/assets/js/jquery.magnific-popup.min.js HTTP/1.1" 200 20004 "https://germetikprof.ru/" "Mozilla/5.0 (X11; Linux x86_64) AppleWebKit/537.36 (KHTML, like Gecko) Chrome/125.0.0.0 Safari/537.36"
34.122.147.229 - - [14/Apr/2026:05:10:48 +0300] "GET /modules/mod_contactus/js/contactus_common.js HTTP/1.1" 200 5018 "https://germetikprof.ru/" "Mozilla/5.0 (X11; Linux x86_64) AppleWebKit/537.36 (KHTML, like Gecko) Chrome/125.0.0.0 Safari/537.36"
104.197.69.115 - - [14/Apr/2026:05:10:49 +0300] "GET /modules/mod_contactus/js/contactus_lightbox.js HTTP/1.1" 200 4279 "https://germetikprof.ru/" "Mozilla/5.0 (X11; Linux x86_64) AppleWebKit/537.36 (KHTML, like Gecko) Chrome/125.0.0.0 Safari/537.36"
34.122.147.229 - - [14/Apr/2026:05:10:49 +0300] "GET /templates/shaper_helix3/js/bootstrap.min.js HTTP/1.1" 200 37045 "https://germetikprof.ru/" "Mozilla/5.0 (X11; Linux x86_64) AppleWebKit/537.36 (KHTML, like Gecko) Chrome/125.0.0.0 Safari/537.36"
157.245.113.227 - - [14/Apr/2026:05:10:47 +0300] "GET /swagger/index.html HTTP/1.0" 404 3327 "-" "Mozilla/5.0 (l9scan/2.0.8383e26363e2237313e21333; +https://leakix.net)"
104.197.69.115 - - [14/Apr/2026:05:10:51 +0300] "GET /templates/shaper_helix3/js/jquery.sticky.js HTTP/1.1" 200 5739 "https://germetikprof.ru/" "Mozilla/5.0 (X11; Linux x86_64) AppleWebKit/537.36 (KHTML, like Gecko) Chrome/125.0.0.0 Safari/537.36"
34.123.170.104 - - [14/Apr/2026:05:10:51 +0300] "GET /templates/shaper_helix3/js/main.js HTTP/1.1" 200 8773 "https://germetikprof.ru/" "Mozilla/5.0 (X11; Linux x86_64) AppleWebKit/537.36 (KHTML, like Gecko) Chrome/125.0.0.0 Safari/537.36"
104.197.69.115 - - [14/Apr/2026:05:10:51 +0300] "GET /templates/shaper_helix3/js/frontend-edit.js HTTP/1.1" 200 1948 "https://germetikprof.ru/" "Mozilla/5.0 (X11; Linux x86_64) AppleWebKit/537.36 (KHTML, like Gecko) Chrome/125.0.0.0 Safari/537.36"
104.197.69.115 - - [14/Apr/2026:05:10:51 +0300] "GET /modules/mod_contactus/js/contactus_form.js HTTP/1.1" 200 2290 "https://germetikprof.ru/" "Mozilla/5.0 (X11; Linux x86_64) AppleWebKit/537.36 (KHTML, like Gecko) Chrome/125.0.0.0 Safari/537.36"
104.197.69.115 - - [14/Apr/2026:05:10:52 +0300] "GET /media/mod_jcart_ajax/js/jcart-ajax.js HTTP/1.1" 200 7890 "https://germetikprof.ru/" "Mozilla/5.0 (X11; Linux x86_64) AppleWebKit/537.36 (KHTML, like Gecko) Chrome/125.0.0.0 Safari/537.36"
34.123.170.104 - - [14/Apr/2026:05:10:52 +0300] "GET /modules/mod_sp_smart_slider/tmpl/corporex/js/sp-smart-slider.js HTTP/1.1" 200 6353 "https://germetikprof.ru/" "Mozilla/5.0 (X11; Linux x86_64) AppleWebKit/537.36 (KHTML, like Gecko) Chrome/125.0.0.0 Safari/537.36"
157.245.113.227 - - [14/Apr/2026:05:10:50 +0300] "GET /swagger/swagger-ui.html HTTP/1.0" 404 3332 "-" "Mozilla/5.0 (l9scan/2.0.8383e26363e2237313e21333; +https://leakix.net)"
34.122.147.229 - - [14/Apr/2026:05:10:53 +0300] "GET /modules/mod_gruemenu/js/touchwipe.min.js HTTP/1.1" 200 2254 "https://germetikprof.ru/" "Mozilla/5.0 (X11; Linux x86_64) AppleWebKit/537.36 (KHTML, like Gecko) Chrome/125.0.0.0 Safari/537.36"
104.197.69.115 - - [14/Apr/2026:05:10:53 +0300] "GET /media/jui/js/jquery.min.js?8fb4a4e2f090f461e7630b2a7b848f9f HTTP/1.1" 200 97646 "https://germetikprof.ru/" "Mozilla/5.0 (X11; Linux x86_64) AppleWebKit/537.36 (KHTML, like Gecko) Chrome/125.0.0.0 Safari/537.36"
34.123.170.104 - - [14/Apr/2026:05:10:54 +0300] "GET /modules/mod_gruemenu/js/sidr.js HTTP/1.1" 200 9880 "https://germetikprof.ru/" "Mozilla/5.0 (X11; Linux x86_64) AppleWebKit/537.36 (KHTML, like Gecko) Chrome/125.0.0.0 Safari/537.36"
34.122.147.229 - - [14/Apr/2026:05:10:54 +0300] "GET /modules/mod_gruemenu/js/script.js HTTP/1.1" 200 752 "https://germetikprof.ru/" "Mozilla/5.0 (X11; Linux x86_64) AppleWebKit/537.36 (KHTML, like Gecko) Chrome/125.0.0.0 Safari/537.36"
104.197.69.115 - - [14/Apr/2026:05:10:54 +0300] "GET /media/system/js/core.js?8fb4a4e2f090f461e7630b2a7b848f9f HTTP/1.1" 200 8735 "https://germetikprof.ru/" "Mozilla/5.0 (X11; Linux x86_64) AppleWebKit/537.36 (KHTML, like Gecko) Chrome/125.0.0.0 Safari/537.36"
34.122.147.229 - - [14/Apr/2026:05:10:55 +0300] "GET /images/2019/03/01/phone-contact20.png HTTP/1.1" 200 1398 "https://germetikprof.ru/" "Mozilla/5.0 (X11; Linux x86_64) AppleWebKit/537.36 (KHTML, like Gecko) Chrome/125.0.0.0 Safari/537.36"
157.245.113.227 - - [14/Apr/2026:05:10:53 +0300] "GET /webjars/swagger-ui/index.html HTTP/1.0" 404 3338 "-" "Mozilla/5.0 (l9scan/2.0.8383e26363e2237313e21333; +https://leakix.net)"
34.122.147.229 - - [14/Apr/2026:05:10:57 +0300] "GET /images/2023/01/25/logo-gp-w.png HTTP/1.1" 200 97137 "https://germetikprof.ru/" "Mozilla/5.0 (X11; Linux x86_64) AppleWebKit/537.36 (KHTML, like Gecko) Chrome/125.0.0.0 Safari/537.36"
172.233.62.72 - - [14/Apr/2026:05:10:54 +0300] "GET / HTTP/1.0" 200 19821 "-" "Mozilla/5.0 (Windows NT 10.0; Win64; x64) AppleWebKit/537.36 (KHTML, like Gecko) Chrome/146.0.0.0 Safari/537.36 Edg/146.0.3300.0"
104.197.69.115 - - [14/Apr/2026:05:10:58 +0300] "GET /images/2019/11/28/new-usl2.jpg HTTP/1.1" 200 40758 "https://germetikprof.ru/" "Mozilla/5.0 (X11; Linux x86_64) AppleWebKit/537.36 (KHTML, like Gecko) Chrome/125.0.0.0 Safari/537.36"
104.197.69.115 - - [14/Apr/2026:05:10:58 +0300] "GET /images/2019/11/28/new-usl1.jpg HTTP/1.1" 200 43372 "https://germetikprof.ru/" "Mozilla/5.0 (X11; Linux x86_64) AppleWebKit/537.36 (KHTML, like Gecko) Chrome/125.0.0.0 Safari/537.36"
34.123.170.104 - - [14/Apr/2026:05:10:58 +0300] "GET /images/2019/11/28/new-usl4.jpg HTTP/1.1" 200 66034 "https://germetikprof.ru/" "Mozilla/5.0 (X11; Linux x86_64) AppleWebKit/537.36 (KHTML, like Gecko) Chrome/125.0.0.0 Safari/537.36"
104.197.69.115 - - [14/Apr/2026:05:10:58 +0300] "GET /images/2019/11/28/new-usl3.jpg HTTP/1.1" 200 66020 "https://germetikprof.ru/" "Mozilla/5.0 (X11; Linux x86_64) AppleWebKit/537.36 (KHTML, like Gecko) Chrome/125.0.0.0 Safari/537.36"
157.245.113.227 - - [14/Apr/2026:05:10:56 +0300] "GET /swagger.json HTTP/1.0" 404 3321 "-" "Mozilla/5.0 (l9scan/2.0.8383e26363e2237313e21333; +https://leakix.net)"
185.191.171.7 - - [14/Apr/2026:05:10:58 +0300] "GET /info/O021294254027 HTTP/1.0" 404 3327 "-" "Mozilla/5.0 (compatible; SemrushBot/7~bl; +http://www.semrush.com/bot.html)"
157.245.113.227 - - [14/Apr/2026:05:10:59 +0300] "GET /swagger/v1/swagger.json HTTP/1.0" 404 3332 "-" "Mozilla/5.0 (l9scan/2.0.8383e26363e2237313e21333; +https://leakix.net)"
34.122.147.229 - - [14/Apr/2026:05:11:04 +0300] "GET /templates/shaper_helix3/fonts/fontawesome-webfont.woff2?v=4.7.0 HTTP/1.0" 200 77387 "https://germetikprof.ru/templates/shaper_helix3/css/font-awesome.min.css" "Mozilla/5.0 (X11; Linux x86_64) AppleWebKit/537.36 (KHTML, like Gecko) Chrome/125.0.0.0 Safari/537.36"
157.245.113.227 - - [14/Apr/2026:05:11:02 +0300] "GET /v2/api-docs HTTP/1.0" 404 3320 "-" "Mozilla/5.0 (l9scan/2.0.8383e26363e2237313e21333; +https://leakix.net)"
169.150.201.11 - - [14/Apr/2026:05:11:02 +0300] "GET / HTTP/1.0" 200 19827 "-" "Mozilla/5.0 (Windows NT 10.0; Win64; x64; rv:109.0) Gecko/20100101 Firefox/112.0"
157.245.113.227 - - [14/Apr/2026:05:11:05 +0300] "GET /v3/api-docs HTTP/1.0" 404 3320 "-" "Mozilla/5.0 (l9scan/2.0.8383e26363e2237313e21333; +https://leakix.net)"
104.197.69.115 - - [14/Apr/2026:05:11:10 +0300] "GET /images/2019/02/24/fot3.jpg HTTP/1.1" 200 93732 "https://germetikprof.ru/" "Mozilla/5.0 (X11; Linux x86_64) AppleWebKit/537.36 (KHTML, like Gecko) Chrome/125.0.0.0 Safari/537.36"
157.245.113.227 - - [14/Apr/2026:05:11:08 +0300] "GET /api-docs/swagger.json HTTP/1.0" 404 3330 "-" "Mozilla/5.0 (l9scan/2.0.8383e26363e2237313e21333; +https://leakix.net)"
34.122.147.229 - - [14/Apr/2026:05:11:11 +0300] "GET /images/2019/02/24/fot2.jpg HTTP/1.1" 200 98014 "https://germetikprof.ru/" "Mozilla/5.0 (X11; Linux x86_64) AppleWebKit/537.36 (KHTML, like Gecko) Chrome/125.0.0.0 Safari/537.36"
34.123.170.104 - - [14/Apr/2026:05:11:11 +0300] "GET /images/2019/02/24/fot1.jpg HTTP/1.1" 200 98014 "https://germetikprof.ru/" "Mozilla/5.0 (X11; Linux x86_64) AppleWebKit/537.36 (KHTML, like Gecko) Chrome/125.0.0.0 Safari/537.36"
104.197.69.115 - - [14/Apr/2026:05:11:11 +0300] "GET /images/topfon.jpg HTTP/1.1" 200 147166 "https://germetikprof.ru/" "Mozilla/5.0 (X11; Linux x86_64) AppleWebKit/537.36 (KHTML, like Gecko) Chrome/125.0.0.0 Safari/537.36"
157.245.113.227 - - [14/Apr/2026:05:11:11 +0300] "GET /api/swagger.json HTTP/1.0" 404 3325 "-" "Mozilla/5.0 (l9scan/2.0.8383e26363e2237313e21333; +https://leakix.net)"
157.245.113.227 - - [14/Apr/2026:05:11:13 +0300] "GET /trace.axd HTTP/1.0" 404 3318 "-" "Mozilla/5.0 (l9scan/2.0.8383e26363e2237313e21333; +https://leakix.net)"
157.245.113.227 - - [14/Apr/2026:05:11:16 +0300] "GET /@vite/env HTTP/1.0" 404 3318 "-" "Mozilla/5.0 (l9scan/2.0.8383e26363e2237313e21333; +https://leakix.net)"
51.222.95.128 - - [14/Apr/2026:05:11:18 +0300] "GET /info/O022602735770 HTTP/1.0" 404 3327 "-" "Mozilla/5.0 (compatible; AhrefsBot/7.0; +http://ahrefs.com/robot/)"
157.245.113.227 - - [14/Apr/2026:05:11:19 +0300] "GET /.vscode/sftp.json HTTP/1.0" 404 3326 "-" "Mozilla/5.0 (l9scan/2.0.8383e26363e2237313e21333; +https://leakix.net)"
157.245.113.227 - - [14/Apr/2026:05:11:22 +0300] "OPTIONS / HTTP/1.0" 200 19829 "-" "Mozilla/5.0 (l9scan/2.0.8383e26363e2237313e21333; +https://leakix.net)"
169.150.201.11 - - [14/Apr/2026:05:11:25 +0300] "GET /images/fav4.png HTTP/1.1" 200 1589 "-" "Mozilla/5.0 (Windows NT 10.0; Win64; x64; rv:109.0) Gecko/20100101 Firefox/112.0"
157.245.113.227 - - [14/Apr/2026:05:11:25 +0300] "GET /?rest_route=/wp/v2/users/ HTTP/1.0" 200 19850 "-" "Mozilla/5.0 (l9scan/2.0.8383e26363e2237313e21333; +https://leakix.net)"
157.245.113.227 - - [14/Apr/2026:05:11:28 +0300] "GET /debug/default/view?panel=config HTTP/1.0" 404 3327 "-" "Mozilla/5.0 (l9scan/2.0.8383e26363e2237313e21333; +https://leakix.net)"
85.208.96.206 - - [14/Apr/2026:05:12:08 +0300] "GET /info/O023389887464 HTTP/1.0" 404 3327 "-" "Mozilla/5.0 (compatible; SemrushBot/7~bl; +http://www.semrush.com/bot.html)"
185.191.171.19 - - [14/Apr/2026:05:12:19 +0300] "GET /info/O023133208795 HTTP/1.0" 404 3327 "-" "Mozilla/5.0 (compatible; SemrushBot/7~bl; +http://www.semrush.com/bot.html)"
85.208.96.206 - - [14/Apr/2026:05:12:27 +0300] "GET /info/O022511137873 HTTP/1.0" 404 3327 "-" "Mozilla/5.0 (compatible; SemrushBot/7~bl; +http://www.semrush.com/bot.html)"
185.191.171.1 - - [14/Apr/2026:05:12:38 +0300] "GET /info/O023027290053 HTTP/1.0" 404 3327 "-" "Mozilla/5.0 (compatible; SemrushBot/7~bl; +http://www.semrush.com/bot.html)"
185.191.171.12 - - [14/Apr/2026:05:13:17 +0300] "GET /info/O021487831525 HTTP/1.0" 404 3327 "-" "Mozilla/5.0 (compatible; SemrushBot/7~bl; +http://www.semrush.com/bot.html)"
216.244.66.201 - - [14/Apr/2026:05:13:24 +0300] "GET /images/2019/11/04/img-20180717-wa0018-01.jpg HTTP/1.1" 200 240308 "-" "Mozilla/5.0 (compatible; DotBot/1.2; +https://opensiteexplorer.org/dotbot; help@moz.com)"
185.191.171.8 - - [14/Apr/2026:05:13:25 +0300] "GET /info/O021140353132 HTTP/1.0" 404 3327 "-" "Mozilla/5.0 (compatible; SemrushBot/7~bl; +http://www.semrush.com/bot.html)"
85.208.96.211 - - [14/Apr/2026:05:13:31 +0300] "GET /info/O022977536243 HTTP/1.0" 404 3327 "-" "Mozilla/5.0 (compatible; SemrushBot/7~bl; +http://www.semrush.com/bot.html)"
142.44.233.116 - - [14/Apr/2026:05:14:21 +0300] "GET /info/O022526071607 HTTP/1.0" 404 3327 "-" "Mozilla/5.0 (compatible; AhrefsBot/7.0; +http://ahrefs.com/robot/)"
91.184.244.208 - - [14/Apr/2026:05:14:38 +0300] "GET / HTTP/1.0" 200 131132 "-" "Mozilla/5.0 (iPhone; CPU iPhone OS 8_3 like Mac OS X) AppleWebKit/600.1.4 (KHTML, like Gecko) GSA/6.0.51363 Mobile/12F70 Safari/600.1.4"
91.184.244.208 - - [14/Apr/2026:05:14:42 +0300] "GET / HTTP/1.1" 301 196 "-" "Mozilla/5.0 (iPhone; CPU iPhone OS 8_3 like Mac OS X) AppleWebKit/600.1.4 (KHTML, like Gecko) GSA/6.0.51363 Mobile/12F70 Safari/600.1.4"
91.184.244.208 - - [14/Apr/2026:05:14:42 +0300] "GET / HTTP/1.0" 200 131035 "-" "Mozilla/5.0 (iPhone; CPU iPhone OS 8_3 like Mac OS X) AppleWebKit/600.1.4 (KHTML, like Gecko) GSA/6.0.51363 Mobile/12F70 Safari/600.1.4"
185.191.171.8 - - [14/Apr/2026:05:14:48 +0300] "GET /info/O021380048159 HTTP/1.0" 404 3327 "-" "Mozilla/5.0 (compatible; SemrushBot/7~bl; +http://www.semrush.com/bot.html)"
185.177.72.50 - - [14/Apr/2026:05:15:23 +0300] "GET /sitemap.xml HTTP/1.0" 200 14314 "-" "Mozilla/5.0 (Windows NT 10.0; Win64; x64) AppleWebKit/537.36"
185.177.72.50 - - [14/Apr/2026:05:15:25 +0300] "GET /sitemap.xml HTTP/1.0" 200 14370 "-" "Mozilla/5.0 (Windows NT 10.0; Win64; x64) AppleWebKit/537.36"
185.177.72.50 - - [14/Apr/2026:05:15:28 +0300] "GET /sitemap.xml HTTP/1.0" 200 14372 "-" "Mozilla/5.0 (Windows NT 10.0; Win64; x64) AppleWebKit/537.36"
185.177.72.50 - - [14/Apr/2026:05:15:29 +0300] "GET /sitemap.xml HTTP/1.0" 200 14378 "-" "Mozilla/5.0 (Windows NT 10.0; Win64; x64) AppleWebKit/537.36"
34.123.170.104 - - [14/Apr/2026:05:15:39 +0300] "GET / HTTP/1.1" 301 196 "-" "Mozilla/5.0 (X11; Linux x86_64) AppleWebKit/537.36 (KHTML, like Gecko) Chrome/125.0.0.0 Safari/537.36"
104.197.69.115 - - [14/Apr/2026:05:15:41 +0300] "GET / HTTP/1.0" 200 19826 "-" "Mozilla/5.0 (X11; Linux x86_64) AppleWebKit/537.36 (KHTML, like Gecko) Chrome/125.0.0.0 Safari/537.36"
104.197.69.115 - - [14/Apr/2026:05:15:46 +0300] "GET /components/com_sppagebuilder/assets/css/font-awesome.min.css HTTP/1.1" 200 30961 "https://germetikprof.ru/" "Mozilla/5.0 (X11; Linux x86_64) AppleWebKit/537.36 (KHTML, like Gecko) Chrome/125.0.0.0 Safari/537.36"
34.122.147.229 - - [14/Apr/2026:05:15:47 +0300] "GET /components/com_sppagebuilder/assets/css/animate.min.css HTTP/1.1" 200 53431 "https://germetikprof.ru/" "Mozilla/5.0 (X11; Linux x86_64) AppleWebKit/537.36 (KHTML, like Gecko) Chrome/125.0.0.0 Safari/537.36"
34.122.147.229 - - [14/Apr/2026:05:15:47 +0300] "GET /components/com_sppagebuilder/assets/css/sppagecontainer.css HTTP/1.1" 200 268 "https://germetikprof.ru/" "Mozilla/5.0 (X11; Linux x86_64) AppleWebKit/537.36 (KHTML, like Gecko) Chrome/125.0.0.0 Safari/537.36"
34.122.147.229 - - [14/Apr/2026:05:15:47 +0300] "GET /components/com_sppagebuilder/assets/css/magnific-popup.css HTTP/1.1" 200 5920 "https://germetikprof.ru/" "Mozilla/5.0 (X11; Linux x86_64) AppleWebKit/537.36 (KHTML, like Gecko) Chrome/125.0.0.0 Safari/537.36"
34.122.147.229 - - [14/Apr/2026:05:15:47 +0300] "GET /modules/mod_contactus/css/contactus_lightbox.css HTTP/1.1" 200 8947 "https://germetikprof.ru/" "Mozilla/5.0 (X11; Linux x86_64) AppleWebKit/537.36 (KHTML, like Gecko) Chrome/125.0.0.0 Safari/537.36"
104.197.69.115 - - [14/Apr/2026:05:15:48 +0300] "GET /templates/shaper_helix3/css/font-awesome.min.css HTTP/1.1" 200 31000 "https://germetikprof.ru/" "Mozilla/5.0 (X11; Linux x86_64) AppleWebKit/537.36 (KHTML, like Gecko) Chrome/125.0.0.0 Safari/537.36"
34.123.170.104 - - [14/Apr/2026:05:15:48 +0300] "GET /templates/shaper_helix3/css/legacy.css HTTP/1.1" 200 27359 "https://germetikprof.ru/" "Mozilla/5.0 (X11; Linux x86_64) AppleWebKit/537.36 (KHTML, like Gecko) Chrome/125.0.0.0 Safari/537.36"
34.72.176.129 - - [14/Apr/2026:05:15:50 +0300] "GET /templates/shaper_helix3/css/presets/preset4.css HTTP/1.1" 200 2159 "https://germetikprof.ru/" "Mozilla/5.0 (X11; Linux x86_64) AppleWebKit/537.36 (KHTML, like Gecko) Chrome/125.0.0.0 Safari/537.36"
34.122.147.229 - - [14/Apr/2026:05:15:51 +0300] "GET /plugins/system/helix3/assets/css/pagebuilder.css HTTP/1.1" 200 533 "https://germetikprof.ru/" "Mozilla/5.0 (X11; Linux x86_64) AppleWebKit/537.36 (KHTML, like Gecko) Chrome/125.0.0.0 Safari/537.36"
104.197.69.115 - - [14/Apr/2026:05:15:51 +0300] "GET /templates/shaper_helix3/css/frontend-edit.css HTTP/1.1" 200 2912 "https://germetikprof.ru/" "Mozilla/5.0 (X11; Linux x86_64) AppleWebKit/537.36 (KHTML, like Gecko) Chrome/125.0.0.0 Safari/537.36"
34.122.147.229 - - [14/Apr/2026:05:15:51 +0300] "GET /modules/mod_contactus/css/contactus_form.css HTTP/1.1" 200 7108 "https://germetikprof.ru/" "Mozilla/5.0 (X11; Linux x86_64) AppleWebKit/537.36 (KHTML, like Gecko) Chrome/125.0.0.0 Safari/537.36"
34.122.147.229 - - [14/Apr/2026:05:15:51 +0300] "GET /components/com_jshopping/css/default.css HTTP/1.1" 200 25555 "https://germetikprof.ru/" "Mozilla/5.0 (X11; Linux x86_64) AppleWebKit/537.36 (KHTML, like Gecko) Chrome/125.0.0.0 Safari/537.36"
34.72.176.129 - - [14/Apr/2026:05:15:52 +0300] "GET /media/mod_jcart_ajax/css/default.css HTTP/1.1" 200 6426 "https://germetikprof.ru/" "Mozilla/5.0 (X11; Linux x86_64) AppleWebKit/537.36 (KHTML, like Gecko) Chrome/125.0.0.0 Safari/537.36"
34.72.176.129 - - [14/Apr/2026:05:15:53 +0300] "GET /modules/mod_sp_smart_slider/tmpl/corporex/css/corporex.slider.css HTTP/1.1" 200 7721 "https://germetikprof.ru/" "Mozilla/5.0 (X11; Linux x86_64) AppleWebKit/537.36 (KHTML, like Gecko) Chrome/125.0.0.0 Safari/537.36"
34.123.170.104 - - [14/Apr/2026:05:15:53 +0300] "GET /templates/shaper_helix3/css/template.css HTTP/1.1" 200 76424 "https://germetikprof.ru/" "Mozilla/5.0 (X11; Linux x86_64) AppleWebKit/537.36 (KHTML, like Gecko) Chrome/125.0.0.0 Safari/537.36"
34.72.176.129 - - [14/Apr/2026:05:15:53 +0300] "GET /modules/mod_gruemenu/css/styles.css HTTP/1.1" 200 4545 "https://germetikprof.ru/" "Mozilla/5.0 (X11; Linux x86_64) AppleWebKit/537.36 (KHTML, like Gecko) Chrome/125.0.0.0 Safari/537.36"
94.154.35.236 - - [14/Apr/2026:05:15:54 +0300] "HEAD /blog.rar HTTP/1.1" 301 0 "-" "Mozilla/5.0 (Windows NT 10.0; Win64; x64) AppleWebKit/537.36 (KHTML, like Gecko) Chrome/101.0.4951.67 Safari/537.36"
104.197.69.115 - - [14/Apr/2026:05:15:54 +0300] "GET /media/jui/js/jquery-noconflict.js?8fb4a4e2f090f461e7630b2a7b848f9f HTTP/1.1" 200 21 "https://germetikprof.ru/" "Mozilla/5.0 (X11; Linux x86_64) AppleWebKit/537.36 (KHTML, like Gecko) Chrome/125.0.0.0 Safari/537.36"
34.72.176.129 - - [14/Apr/2026:05:15:54 +0300] "GET /media/jui/js/jquery-migrate.min.js?8fb4a4e2f090f461e7630b2a7b848f9f HTTP/1.1" 200 10056 "https://germetikprof.ru/" "Mozilla/5.0 (X11; Linux x86_64) AppleWebKit/537.36 (KHTML, like Gecko) Chrome/125.0.0.0 Safari/537.36"
104.197.69.115 - - [14/Apr/2026:05:15:55 +0300] "GET /components/com_sppagebuilder/assets/js/jquery.parallax.js HTTP/1.1" 200 892 "https://germetikprof.ru/" "Mozilla/5.0 (X11; Linux x86_64) AppleWebKit/537.36 (KHTML, like Gecko) Chrome/125.0.0.0 Safari/537.36"
104.197.69.115 - - [14/Apr/2026:05:15:55 +0300] "GET /components/com_sppagebuilder/assets/js/sppagebuilder.js HTTP/1.1" 200 39713 "https://germetikprof.ru/" "Mozilla/5.0 (X11; Linux x86_64) AppleWebKit/537.36 (KHTML, like Gecko) Chrome/125.0.0.0 Safari/537.36"
34.72.176.129 - - [14/Apr/2026:05:15:55 +0300] "GET /components/com_sppagebuilder/assets/js/jquery.magnific-popup.min.js HTTP/1.1" 200 20004 "https://germetikprof.ru/" "Mozilla/5.0 (X11; Linux x86_64) AppleWebKit/537.36 (KHTML, like Gecko) Chrome/125.0.0.0 Safari/537.36"
34.122.147.229 - - [14/Apr/2026:05:15:56 +0300] "GET /media/jui/js/jquery.min.js?8fb4a4e2f090f461e7630b2a7b848f9f HTTP/1.1" 200 97646 "https://germetikprof.ru/" "Mozilla/5.0 (X11; Linux x86_64) AppleWebKit/537.36 (KHTML, like Gecko) Chrome/125.0.0.0 Safari/537.36"
94.154.35.236 - - [14/Apr/2026:05:15:54 +0300] "HEAD /blog.rar HTTP/1.0" 404 294 "-" "Mozilla/5.0 (Windows NT 10.0; Win64; x64) AppleWebKit/537.36 (KHTML, like Gecko) Chrome/101.0.4951.67 Safari/537.36"
34.72.176.129 - - [14/Apr/2026:05:15:57 +0300] "GET /modules/mod_contactus/js/contactus_common.js HTTP/1.1" 200 5018 "https://germetikprof.ru/" "Mozilla/5.0 (X11; Linux x86_64) AppleWebKit/537.36 (KHTML, like Gecko) Chrome/125.0.0.0 Safari/537.36"
34.72.176.129 - - [14/Apr/2026:05:15:58 +0300] "GET /modules/mod_contactus/js/contactus_lightbox.js HTTP/1.1" 200 4279 "https://germetikprof.ru/" "Mozilla/5.0 (X11; Linux x86_64) AppleWebKit/537.36 (KHTML, like Gecko) Chrome/125.0.0.0 Safari/537.36"
34.72.176.129 - - [14/Apr/2026:05:16:00 +0300] "GET /templates/shaper_helix3/js/bootstrap.min.js HTTP/1.1" 200 37045 "https://germetikprof.ru/" "Mozilla/5.0 (X11; Linux x86_64) AppleWebKit/537.36 (KHTML, like Gecko) Chrome/125.0.0.0 Safari/537.36"
34.72.176.129 - - [14/Apr/2026:05:16:01 +0300] "GET /templates/shaper_helix3/js/jquery.sticky.js HTTP/1.1" 200 5739 "https://germetikprof.ru/" "Mozilla/5.0 (X11; Linux x86_64) AppleWebKit/537.36 (KHTML, like Gecko) Chrome/125.0.0.0 Safari/537.36"
34.72.176.129 - - [14/Apr/2026:05:16:01 +0300] "GET /templates/shaper_helix3/js/main.js HTTP/1.1" 200 8773 "https://germetikprof.ru/" "Mozilla/5.0 (X11; Linux x86_64) AppleWebKit/537.36 (KHTML, like Gecko) Chrome/125.0.0.0 Safari/537.36"
34.122.147.229 - - [14/Apr/2026:05:16:02 +0300] "GET /templates/shaper_helix3/js/frontend-edit.js HTTP/1.1" 200 1948 "https://germetikprof.ru/" "Mozilla/5.0 (X11; Linux x86_64) AppleWebKit/537.36 (KHTML, like Gecko) Chrome/125.0.0.0 Safari/537.36"
34.72.176.129 - - [14/Apr/2026:05:16:02 +0300] "GET /modules/mod_contactus/js/contactus_form.js HTTP/1.1" 200 2290 "https://germetikprof.ru/" "Mozilla/5.0 (X11; Linux x86_64) AppleWebKit/537.36 (KHTML, like Gecko) Chrome/125.0.0.0 Safari/537.36"
34.122.147.229 - - [14/Apr/2026:05:16:02 +0300] "GET /templates/shaper_helix3/css/bootstrap.min.css HTTP/1.1" 200 121155 "https://germetikprof.ru/" "Mozilla/5.0 (X11; Linux x86_64) AppleWebKit/537.36 (KHTML, like Gecko) Chrome/125.0.0.0 Safari/537.36"
34.122.147.229 - - [14/Apr/2026:05:16:03 +0300] "GET /media/mod_jcart_ajax/js/jcart-ajax.js HTTP/1.1" 200 7890 "https://germetikprof.ru/" "Mozilla/5.0 (X11; Linux x86_64) AppleWebKit/537.36 (KHTML, like Gecko) Chrome/125.0.0.0 Safari/537.36"
34.72.176.129 - - [14/Apr/2026:05:16:03 +0300] "GET /modules/mod_sp_smart_slider/tmpl/corporex/js/sp-smart-slider.js HTTP/1.1" 200 6353 "https://germetikprof.ru/" "Mozilla/5.0 (X11; Linux x86_64) AppleWebKit/537.36 (KHTML, like Gecko) Chrome/125.0.0.0 Safari/537.36"
34.122.147.229 - - [14/Apr/2026:05:16:03 +0300] "GET /modules/mod_gruemenu/js/touchwipe.min.js HTTP/1.1" 200 2254 "https://germetikprof.ru/" "Mozilla/5.0 (X11; Linux x86_64) AppleWebKit/537.36 (KHTML, like Gecko) Chrome/125.0.0.0 Safari/537.36"
34.72.176.129 - - [14/Apr/2026:05:16:03 +0300] "GET /modules/mod_gruemenu/js/sidr.js HTTP/1.1" 200 9880 "https://germetikprof.ru/" "Mozilla/5.0 (X11; Linux x86_64) AppleWebKit/537.36 (KHTML, like Gecko) Chrome/125.0.0.0 Safari/537.36"
34.122.147.229 - - [14/Apr/2026:05:16:03 +0300] "GET /modules/mod_gruemenu/js/script.js HTTP/1.1" 200 752 "https://germetikprof.ru/" "Mozilla/5.0 (X11; Linux x86_64) AppleWebKit/537.36 (KHTML, like Gecko) Chrome/125.0.0.0 Safari/537.36"
34.123.170.104 - - [14/Apr/2026:05:16:03 +0300] "GET /media/system/js/core.js?8fb4a4e2f090f461e7630b2a7b848f9f HTTP/1.1" 200 8735 "https://germetikprof.ru/" "Mozilla/5.0 (X11; Linux x86_64) AppleWebKit/537.36 (KHTML, like Gecko) Chrome/125.0.0.0 Safari/537.36"
34.122.147.229 - - [14/Apr/2026:05:16:03 +0300] "GET /images/2019/03/01/phone-contact20.png HTTP/1.1" 200 1398 "https://germetikprof.ru/" "Mozilla/5.0 (X11; Linux x86_64) AppleWebKit/537.36 (KHTML, like Gecko) Chrome/125.0.0.0 Safari/537.36"
85.208.96.211 - - [14/Apr/2026:05:16:01 +0300] "GET /info/O02716843747 HTTP/1.0" 404 3326 "-" "Mozilla/5.0 (compatible; SemrushBot/7~bl; +http://www.semrush.com/bot.html)"
34.123.170.104 - - [14/Apr/2026:05:16:05 +0300] "GET /images/2023/01/25/logo-gp-w.png HTTP/1.1" 200 97137 "https://germetikprof.ru/" "Mozilla/5.0 (X11; Linux x86_64) AppleWebKit/537.36 (KHTML, like Gecko) Chrome/125.0.0.0 Safari/537.36"
34.123.170.104 - - [14/Apr/2026:05:16:08 +0300] "GET /images/2019/11/28/new-usl3.jpg HTTP/1.1" 200 66020 "https://germetikprof.ru/" "Mozilla/5.0 (X11; Linux x86_64) AppleWebKit/537.36 (KHTML, like Gecko) Chrome/125.0.0.0 Safari/537.36"
104.197.69.115 - - [14/Apr/2026:05:16:08 +0300] "GET /images/2019/11/28/new-usl2.jpg HTTP/1.1" 200 40758 "https://germetikprof.ru/" "Mozilla/5.0 (X11; Linux x86_64) AppleWebKit/537.36 (KHTML, like Gecko) Chrome/125.0.0.0 Safari/537.36"
34.123.170.104 - - [14/Apr/2026:05:16:15 +0300] "GET /images/2019/11/28/new-usl1.jpg HTTP/1.1" 200 43372 "https://germetikprof.ru/" "Mozilla/5.0 (X11; Linux x86_64) AppleWebKit/537.36 (KHTML, like Gecko) Chrome/125.0.0.0 Safari/537.36"
91.184.244.208 - - [14/Apr/2026:05:16:18 +0300] "GET /media/jui/js/jquery.min.js?8fb4a4e2f090f461e7630b2a7b848f9f HTTP/1.1" 200 97646 "-" "Mozilla/5.0(WindowsNT6.1)AppleWebKit/537.36(KHTML,likeGecko)Chrome/49.0.2623.22Safari/537.36SE2.XMetaSr1.0"
91.184.244.208 - - [14/Apr/2026:05:16:18 +0300] "GET /media/jui/js/jquery-noconflict.js?8fb4a4e2f090f461e7630b2a7b848f9f HTTP/1.1" 200 21 "-" "Mozilla/5.0(WindowsNT6.1)AppleWebKit/537.36(KHTML,likeGecko)Chrome/49.0.2623.22Safari/537.36SE2.XMetaSr1.0"
91.184.244.208 - - [14/Apr/2026:05:16:18 +0300] "GET /media/jui/js/jquery-migrate.min.js?8fb4a4e2f090f461e7630b2a7b848f9f HTTP/1.1" 200 10056 "-" "Mozilla/5.0(WindowsNT6.1)AppleWebKit/537.36(KHTML,likeGecko)Chrome/49.0.2623.22Safari/537.36SE2.XMetaSr1.0"
91.184.244.208 - - [14/Apr/2026:05:16:18 +0300] "GET /components/com_sppagebuilder/assets/js/jquery.parallax.js HTTP/1.1" 200 892 "-" "Mozilla/5.0(WindowsNT6.1)AppleWebKit/537.36(KHTML,likeGecko)Chrome/49.0.2623.22Safari/537.36SE2.XMetaSr1.0"
91.184.244.208 - - [14/Apr/2026:05:16:18 +0300] "GET /components/com_sppagebuilder/assets/js/sppagebuilder.js HTTP/1.1" 200 39713 "-" "Mozilla/5.0(WindowsNT6.1)AppleWebKit/537.36(KHTML,likeGecko)Chrome/49.0.2623.22Safari/537.36SE2.XMetaSr1.0"
91.184.244.208 - - [14/Apr/2026:05:16:18 +0300] "GET /components/com_sppagebuilder/assets/js/jquery.magnific-popup.min.js HTTP/1.1" 200 20004 "-" "Mozilla/5.0(WindowsNT6.1)AppleWebKit/537.36(KHTML,likeGecko)Chrome/49.0.2623.22Safari/537.36SE2.XMetaSr1.0"
91.184.244.208 - - [14/Apr/2026:05:16:18 +0300] "GET /modules/mod_contactus/js/contactus_common.js HTTP/1.1" 200 5018 "-" "Mozilla/5.0(WindowsNT6.1)AppleWebKit/537.36(KHTML,likeGecko)Chrome/49.0.2623.22Safari/537.36SE2.XMetaSr1.0"
91.184.244.208 - - [14/Apr/2026:05:16:18 +0300] "GET /modules/mod_contactus/js/contactus_lightbox.js HTTP/1.1" 200 4279 "-" "Mozilla/5.0(WindowsNT6.1)AppleWebKit/537.36(KHTML,likeGecko)Chrome/49.0.2623.22Safari/537.36SE2.XMetaSr1.0"
91.184.244.208 - - [14/Apr/2026:05:16:18 +0300] "GET /templates/shaper_helix3/js/bootstrap.min.js HTTP/1.1" 200 37045 "-" "Mozilla/5.0(WindowsNT6.1)AppleWebKit/537.36(KHTML,likeGecko)Chrome/49.0.2623.22Safari/537.36SE2.XMetaSr1.0"
91.184.244.208 - - [14/Apr/2026:05:16:18 +0300] "GET /templates/shaper_helix3/js/jquery.sticky.js HTTP/1.1" 200 5739 "-" "Mozilla/5.0(WindowsNT6.1)AppleWebKit/537.36(KHTML,likeGecko)Chrome/49.0.2623.22Safari/537.36SE2.XMetaSr1.0"
91.184.244.208 - - [14/Apr/2026:05:16:18 +0300] "GET /templates/shaper_helix3/js/main.js HTTP/1.1" 200 8773 "-" "Mozilla/5.0(WindowsNT6.1)AppleWebKit/537.36(KHTML,likeGecko)Chrome/49.0.2623.22Safari/537.36SE2.XMetaSr1.0"
91.184.244.208 - - [14/Apr/2026:05:16:18 +0300] "GET /templates/shaper_helix3/js/frontend-edit.js HTTP/1.1" 200 1948 "-" "Mozilla/5.0(WindowsNT6.1)AppleWebKit/537.36(KHTML,likeGecko)Chrome/49.0.2623.22Safari/537.36SE2.XMetaSr1.0"
91.184.244.208 - - [14/Apr/2026:05:16:18 +0300] "GET /modules/mod_contactus/js/contactus_form.js HTTP/1.1" 200 2290 "-" "Mozilla/5.0(WindowsNT6.1)AppleWebKit/537.36(KHTML,likeGecko)Chrome/49.0.2623.22Safari/537.36SE2.XMetaSr1.0"
91.184.244.208 - - [14/Apr/2026:05:16:18 +0300] "GET /media/mod_jcart_ajax/js/jcart-ajax.js HTTP/1.1" 200 7890 "-" "Mozilla/5.0(WindowsNT6.1)AppleWebKit/537.36(KHTML,likeGecko)Chrome/49.0.2623.22Safari/537.36SE2.XMetaSr1.0"
91.184.244.208 - - [14/Apr/2026:05:16:18 +0300] "GET /modules/mod_sp_smart_slider/tmpl/corporex/js/sp-smart-slider.js HTTP/1.1" 200 6353 "-" "Mozilla/5.0(WindowsNT6.1)AppleWebKit/537.36(KHTML,likeGecko)Chrome/49.0.2623.22Safari/537.36SE2.XMetaSr1.0"
91.184.244.208 - - [14/Apr/2026:05:16:18 +0300] "GET /modules/mod_gruemenu/js/touchwipe.min.js HTTP/1.1" 200 2254 "-" "Mozilla/5.0(WindowsNT6.1)AppleWebKit/537.36(KHTML,likeGecko)Chrome/49.0.2623.22Safari/537.36SE2.XMetaSr1.0"
91.184.244.208 - - [14/Apr/2026:05:16:18 +0300] "GET /modules/mod_gruemenu/js/sidr.js HTTP/1.1" 200 9880 "-" "Mozilla/5.0(WindowsNT6.1)AppleWebKit/537.36(KHTML,likeGecko)Chrome/49.0.2623.22Safari/537.36SE2.XMetaSr1.0"
91.184.244.208 - - [14/Apr/2026:05:16:18 +0300] "GET /modules/mod_gruemenu/js/script.js HTTP/1.1" 200 752 "-" "Mozilla/5.0(WindowsNT6.1)AppleWebKit/537.36(KHTML,likeGecko)Chrome/49.0.2623.22Safari/537.36SE2.XMetaSr1.0"
91.184.244.208 - - [14/Apr/2026:05:16:18 +0300] "GET /media/system/js/core.js?8fb4a4e2f090f461e7630b2a7b848f9f HTTP/1.1" 200 8735 "-" "Mozilla/5.0(WindowsNT6.1)AppleWebKit/537.36(KHTML,likeGecko)Chrome/49.0.2623.22Safari/537.36SE2.XMetaSr1.0"
91.184.244.208 - - [14/Apr/2026:05:16:18 +0300] "GET /images/2019/03/01/phone-contact20.png HTTP/1.1" 200 1398 "-" "Mozilla/5.0(WindowsNT6.1)AppleWebKit/537.36(KHTML,likeGecko)Chrome/49.0.2623.22Safari/537.36SE2.XMetaSr1.0"
91.184.244.208 - - [14/Apr/2026:05:16:18 +0300] "GET /images/2023/01/25/logo-gp-w.png HTTP/1.1" 200 97137 "-" "Mozilla/5.0(WindowsNT6.1)AppleWebKit/537.36(KHTML,likeGecko)Chrome/49.0.2623.22Safari/537.36SE2.XMetaSr1.0"
91.184.244.208 - - [14/Apr/2026:05:16:18 +0300] "GET /images/2019/11/28/new-usl2.jpg HTTP/1.1" 200 40758 "-" "Mozilla/5.0(WindowsNT6.1)AppleWebKit/537.36(KHTML,likeGecko)Chrome/49.0.2623.22Safari/537.36SE2.XMetaSr1.0"
91.184.244.208 - - [14/Apr/2026:05:16:18 +0300] "GET /images/2019/11/28/new-usl3.jpg HTTP/1.1" 200 66020 "-" "Mozilla/5.0(WindowsNT6.1)AppleWebKit/537.36(KHTML,likeGecko)Chrome/49.0.2623.22Safari/537.36SE2.XMetaSr1.0"
91.184.244.208 - - [14/Apr/2026:05:16:18 +0300] "GET /images/2019/11/28/new-usl1.jpg HTTP/1.1" 200 43372 "-" "Mozilla/5.0(WindowsNT6.1)AppleWebKit/537.36(KHTML,likeGecko)Chrome/49.0.2623.22Safari/537.36SE2.XMetaSr1.0"
91.184.244.208 - - [14/Apr/2026:05:16:18 +0300] "GET /images/2019/11/28/new-usl4.jpg HTTP/1.1" 200 66034 "-" "Mozilla/5.0(WindowsNT6.1)AppleWebKit/537.36(KHTML,likeGecko)Chrome/49.0.2623.22Safari/537.36SE2.XMetaSr1.0"
91.184.244.208 - - [14/Apr/2026:05:16:18 +0300] "GET /images/2019/02/24/fot3.jpg HTTP/1.1" 200 93732 "-" "Mozilla/5.0(WindowsNT6.1)AppleWebKit/537.36(KHTML,likeGecko)Chrome/49.0.2623.22Safari/537.36SE2.XMetaSr1.0"
91.184.244.208 - - [14/Apr/2026:05:16:18 +0300] "GET /images/2019/02/24/fot1.jpg HTTP/1.1" 200 162993 "-" "Mozilla/5.0(WindowsNT6.1)AppleWebKit/537.36(KHTML,likeGecko)Chrome/49.0.2623.22Safari/537.36SE2.XMetaSr1.0"
91.184.244.208 - - [14/Apr/2026:05:16:18 +0300] "GET /images/2019/02/24/fot2.jpg HTTP/1.1" 200 129411 "-" "Mozilla/5.0(WindowsNT6.1)AppleWebKit/537.36(KHTML,likeGecko)Chrome/49.0.2623.22Safari/537.36SE2.XMetaSr1.0"
91.184.244.208 - - [14/Apr/2026:05:16:18 +0300] "GET /images/2019/02/24/fot4.jpg HTTP/1.1" 200 95768 "-" "Mozilla/5.0(WindowsNT6.1)AppleWebKit/537.36(KHTML,likeGecko)Chrome/49.0.2623.22Safari/537.36SE2.XMetaSr1.0"
91.184.244.208 - - [14/Apr/2026:05:16:18 +0300] "GET /images/2019/02/13/ico-like.png HTTP/1.1" 200 29204 "-" "Mozilla/5.0(WindowsNT6.1)AppleWebKit/537.36(KHTML,likeGecko)Chrome/49.0.2623.22Safari/537.36SE2.XMetaSr1.0"
91.184.244.208 - - [14/Apr/2026:05:16:18 +0300] "GET /images/2019/02/13/ico-time.png HTTP/1.1" 200 30480 "-" "Mozilla/5.0(WindowsNT6.1)AppleWebKit/537.36(KHTML,likeGecko)Chrome/49.0.2623.22Safari/537.36SE2.XMetaSr1.0"
91.184.244.208 - - [14/Apr/2026:05:16:18 +0300] "GET /images/2019/02/13/ico-check.png HTTP/1.1" 200 29566 "-" "Mozilla/5.0(WindowsNT6.1)AppleWebKit/537.36(KHTML,likeGecko)Chrome/49.0.2623.22Safari/537.36SE2.XMetaSr1.0"
91.184.244.208 - - [14/Apr/2026:05:16:18 +0300] "GET /images/2019/02/13/ico-money.png HTTP/1.1" 200 29597 "-" "Mozilla/5.0(WindowsNT6.1)AppleWebKit/537.36(KHTML,likeGecko)Chrome/49.0.2623.22Safari/537.36SE2.XMetaSr1.0"
91.184.244.208 - - [14/Apr/2026:05:16:18 +0300] "GET /images/2019/02/13/des-1-2_20.jpg HTTP/1.1" 200 5604 "-" "Mozilla/5.0(WindowsNT6.1)AppleWebKit/537.36(KHTML,likeGecko)Chrome/49.0.2623.22Safari/537.36SE2.XMetaSr1.0"
91.184.244.208 - - [14/Apr/2026:05:16:18 +0300] "GET /images/2019/02/13/des-1-2_22.jpg HTTP/1.1" 200 7916 "-" "Mozilla/5.0(WindowsNT6.1)AppleWebKit/537.36(KHTML,likeGecko)Chrome/49.0.2623.22Safari/537.36SE2.XMetaSr1.0"
91.184.244.208 - - [14/Apr/2026:05:16:18 +0300] "GET /images/2019/02/13/des-1-2_25.jpg HTTP/1.1" 200 6044 "-" "Mozilla/5.0(WindowsNT6.1)AppleWebKit/537.36(KHTML,likeGecko)Chrome/49.0.2623.22Safari/537.36SE2.XMetaSr1.0"
91.184.244.208 - - [14/Apr/2026:05:16:18 +0300] "GET /images/2019/02/13/des-1-2_28.jpg HTTP/1.1" 200 5677 "-" "Mozilla/5.0(WindowsNT6.1)AppleWebKit/537.36(KHTML,likeGecko)Chrome/49.0.2623.22Safari/537.36SE2.XMetaSr1.0"
91.184.244.208 - - [14/Apr/2026:05:16:18 +0300] "GET /images/2019/11/28/screenshot_20191112-064808_instagram.jpg HTTP/1.1" 200 448173 "-" "Mozilla/5.0(WindowsNT6.1)AppleWebKit/537.36(KHTML,likeGecko)Chrome/49.0.2623.22Safari/537.36SE2.XMetaSr1.0"
91.184.244.208 - - [14/Apr/2026:05:16:18 +0300] "GET /images/2019/11/28/screenshot_20191112-065015_instagram.jpg HTTP/1.1" 200 394164 "-" "Mozilla/5.0(WindowsNT6.1)AppleWebKit/537.36(KHTML,likeGecko)Chrome/49.0.2623.22Safari/537.36SE2.XMetaSr1.0"
91.184.244.208 - - [14/Apr/2026:05:16:18 +0300] "GET /images/2019/02/13/mail.png HTTP/1.1" 200 1564 "-" "Mozilla/5.0(WindowsNT6.1)AppleWebKit/537.36(KHTML,likeGecko)Chrome/49.0.2623.22Safari/537.36SE2.XMetaSr1.0"
91.184.244.208 - - [14/Apr/2026:05:16:18 +0300] "GET /images/2019/02/13/phone-contact.png HTTP/1.1" 200 1890 "-" "Mozilla/5.0(WindowsNT6.1)AppleWebKit/537.36(KHTML,likeGecko)Chrome/49.0.2623.22Safari/537.36SE2.XMetaSr1.0"
91.184.244.208 - - [14/Apr/2026:05:16:18 +0300] "GET /images/2019/02/18/vk-logo.png HTTP/1.1" 200 690 "-" "Mozilla/5.0(WindowsNT6.1)AppleWebKit/537.36(KHTML,likeGecko)Chrome/49.0.2623.22Safari/537.36SE2.XMetaSr1.0"
91.184.244.208 - - [14/Apr/2026:05:16:18 +0300] "GET /images/2019/02/18/instagram-logo.png HTTP/1.1" 200 857 "-" "Mozilla/5.0(WindowsNT6.1)AppleWebKit/537.36(KHTML,likeGecko)Chrome/49.0.2623.22Safari/537.36SE2.XMetaSr1.0"
91.184.244.208 - - [14/Apr/2026:05:16:18 +0300] "GET /images/2019/02/18/youtube-logo.png HTTP/1.1" 200 957 "-" "Mozilla/5.0(WindowsNT6.1)AppleWebKit/537.36(KHTML,likeGecko)Chrome/49.0.2623.22Safari/537.36SE2.XMetaSr1.0"
91.184.244.208 - - [14/Apr/2026:05:16:19 +0300] "GET /images/fav4.png HTTP/1.1" 200 1589 "-" "Mozilla/5.0(WindowsNT5.1;rv:23.0)Gecko/20100101Firefox/23.0"
91.184.244.208 - - [14/Apr/2026:05:16:19 +0300] "GET /components/com_sppagebuilder/assets/css/font-awesome.min.css HTTP/1.1" 200 30961 "-" "Mozilla/5.0(WindowsNT5.1;rv:23.0)Gecko/20100101Firefox/23.0"
91.184.244.208 - - [14/Apr/2026:05:16:19 +0300] "GET /components/com_sppagebuilder/assets/css/animate.min.css HTTP/1.1" 200 53431 "-" "Mozilla/5.0(WindowsNT5.1;rv:23.0)Gecko/20100101Firefox/23.0"
91.184.244.208 - - [14/Apr/2026:05:16:19 +0300] "GET /components/com_sppagebuilder/assets/css/sppagebuilder.css HTTP/1.1" 200 154003 "-" "Mozilla/5.0(WindowsNT5.1;rv:23.0)Gecko/20100101Firefox/23.0"
91.184.244.208 - - [14/Apr/2026:05:16:19 +0300] "GET /components/com_sppagebuilder/assets/css/sppagecontainer.css HTTP/1.1" 200 268 "-" "Mozilla/5.0(WindowsNT5.1;rv:23.0)Gecko/20100101Firefox/23.0"
91.184.244.208 - - [14/Apr/2026:05:16:19 +0300] "GET /components/com_sppagebuilder/assets/css/magnific-popup.css HTTP/1.1" 200 5920 "-" "Mozilla/5.0(WindowsNT5.1;rv:23.0)Gecko/20100101Firefox/23.0"
91.184.244.208 - - [14/Apr/2026:05:16:19 +0300] "GET /modules/mod_contactus/css/contactus_lightbox.css HTTP/1.1" 200 8947 "-" "Mozilla/5.0(WindowsNT5.1;rv:23.0)Gecko/20100101Firefox/23.0"
