216.73.216.135 - - [13/Apr/2026:21:10:51 +0300] "GET /?m=10317288743501 HTTP/1.0" 200 19837 "-" "Mozilla/5.0 AppleWebKit/537.36 (KHTML, like Gecko; compatible; ClaudeBot/1.0; +claudebot@anthropic.com)"
51.89.129.143 - - [13/Apr/2026:21:10:55 +0300] "GET /info/O02890708623 HTTP/1.0" 404 3326 "-" "Mozilla/5.0 (compatible; AhrefsBot/7.0; +http://ahrefs.com/robot/)"
216.73.216.135 - - [13/Apr/2026:21:11:04 +0300] "GET /?m=18109288256201 HTTP/1.0" 200 19739 "-" "Mozilla/5.0 AppleWebKit/537.36 (KHTML, like Gecko; compatible; ClaudeBot/1.0; +claudebot@anthropic.com)"
216.73.216.135 - - [13/Apr/2026:21:11:21 +0300] "GET /?m=81811689601 HTTP/1.0" 200 19838 "-" "Mozilla/5.0 AppleWebKit/537.36 (KHTML, like Gecko; compatible; ClaudeBot/1.0; +claudebot@anthropic.com)"
216.73.216.135 - - [13/Apr/2026:21:11:40 +0300] "GET /?m=08121755600 HTTP/1.0" 200 19740 "-" "Mozilla/5.0 AppleWebKit/537.36 (KHTML, like Gecko; compatible; ClaudeBot/1.0; +claudebot@anthropic.com)"
216.73.216.135 - - [13/Apr/2026:21:11:52 +0300] "GET /?m=77169661600 HTTP/1.0" 200 19744 "-" "Mozilla/5.0 AppleWebKit/537.36 (KHTML, like Gecko; compatible; ClaudeBot/1.0; +claudebot@anthropic.com)"
216.73.216.135 - - [13/Apr/2026:21:12:09 +0300] "GET /?m=02055146600 HTTP/1.0" 200 19741 "-" "Mozilla/5.0 AppleWebKit/537.36 (KHTML, like Gecko; compatible; ClaudeBot/1.0; +claudebot@anthropic.com)"
216.73.216.135 - - [13/Apr/2026:21:12:24 +0300] "GET /?m=73181937901 HTTP/1.0" 200 19741 "-" "Mozilla/5.0 AppleWebKit/537.36 (KHTML, like Gecko; compatible; ClaudeBot/1.0; +claudebot@anthropic.com)"
216.73.216.135 - - [13/Apr/2026:21:12:44 +0300] "GET /?m=39709288346301 HTTP/1.0" 200 19743 "-" "Mozilla/5.0 AppleWebKit/537.36 (KHTML, like Gecko; compatible; ClaudeBot/1.0; +claudebot@anthropic.com)"
216.73.216.135 - - [13/Apr/2026:21:13:00 +0300] "GET /?m=82001850601 HTTP/1.0" 200 19839 "-" "Mozilla/5.0 AppleWebKit/537.36 (KHTML, like Gecko; compatible; ClaudeBot/1.0; +claudebot@anthropic.com)"
216.73.216.135 - - [13/Apr/2026:21:13:05 +0300] "GET /?m=61124626600 HTTP/1.0" 200 19839 "-" "Mozilla/5.0 AppleWebKit/537.36 (KHTML, like Gecko; compatible; ClaudeBot/1.0; +claudebot@anthropic.com)"
216.73.216.135 - - [13/Apr/2026:21:13:33 +0300] "GET /?m=09100687000 HTTP/1.0" 200 19838 "-" "Mozilla/5.0 AppleWebKit/537.36 (KHTML, like Gecko; compatible; ClaudeBot/1.0; +claudebot@anthropic.com)"
198.244.168.168 - - [13/Apr/2026:21:14:01 +0300] "GET /info/O02847920192 HTTP/1.0" 404 3326 "-" "Mozilla/5.0 (compatible; AhrefsBot/7.0; +http://ahrefs.com/robot/)"
216.73.216.135 - - [13/Apr/2026:21:14:06 +0300] "GET /info/O023790919 HTTP/1.0" 404 3324 "-" "Mozilla/5.0 AppleWebKit/537.36 (KHTML, like Gecko; compatible; ClaudeBot/1.0; +claudebot@anthropic.com)"
216.73.216.135 - - [13/Apr/2026:21:14:10 +0300] "GET /?m=50390288080501 HTTP/1.0" 200 19746 "-" "Mozilla/5.0 AppleWebKit/537.36 (KHTML, like Gecko; compatible; ClaudeBot/1.0; +claudebot@anthropic.com)"
216.73.216.135 - - [13/Apr/2026:21:14:37 +0300] "GET /?m=01787288955901 HTTP/1.0" 200 19743 "-" "Mozilla/5.0 AppleWebKit/537.36 (KHTML, like Gecko; compatible; ClaudeBot/1.0; +claudebot@anthropic.com)"
216.73.216.135 - - [13/Apr/2026:21:15:11 +0300] "GET /info/O02852508964 HTTP/1.0" 404 3326 "-" "Mozilla/5.0 AppleWebKit/537.36 (KHTML, like Gecko; compatible; ClaudeBot/1.0; +claudebot@anthropic.com)"
216.73.216.135 - - [13/Apr/2026:21:15:40 +0300] "GET /info/O022556963615 HTTP/1.0" 404 3327 "-" "Mozilla/5.0 AppleWebKit/537.36 (KHTML, like Gecko; compatible; ClaudeBot/1.0; +claudebot@anthropic.com)"
216.73.216.135 - - [13/Apr/2026:21:16:11 +0300] "GET /info/O022543868088 HTTP/1.0" 404 3230 "-" "Mozilla/5.0 AppleWebKit/537.36 (KHTML, like Gecko; compatible; ClaudeBot/1.0; +claudebot@anthropic.com)"
216.73.216.135 - - [13/Apr/2026:21:16:38 +0300] "GET /info/O021533443083 HTTP/1.0" 404 3327 "-" "Mozilla/5.0 AppleWebKit/537.36 (KHTML, like Gecko; compatible; ClaudeBot/1.0; +claudebot@anthropic.com)"
216.73.216.135 - - [13/Apr/2026:21:17:11 +0300] "GET /info/O023012431064 HTTP/1.0" 404 3327 "-" "Mozilla/5.0 AppleWebKit/537.36 (KHTML, like Gecko; compatible; ClaudeBot/1.0; +claudebot@anthropic.com)"
51.89.129.97 - - [13/Apr/2026:21:17:16 +0300] "GET /info/O02742001450 HTTP/1.0" 404 3326 "-" "Mozilla/5.0 (compatible; AhrefsBot/7.0; +http://ahrefs.com/robot/)"
216.73.216.135 - - [13/Apr/2026:21:17:41 +0300] "GET /info/O021480657910 HTTP/1.0" 404 3327 "-" "Mozilla/5.0 AppleWebKit/537.36 (KHTML, like Gecko; compatible; ClaudeBot/1.0; +claudebot@anthropic.com)"
94.154.35.236 - - [13/Apr/2026:21:18:03 +0300] "HEAD /site.gz HTTP/1.1" 301 0 "-" "Mozilla/5.0 (Windows NT 10.0; Win64; x64) AppleWebKit/537.36 (KHTML, like Gecko) Chrome/101.0.4951.67 Safari/537.36"
216.73.216.135 - - [13/Apr/2026:21:18:03 +0300] "GET /info/O023129507954 HTTP/1.0" 404 3327 "-" "Mozilla/5.0 AppleWebKit/537.36 (KHTML, like Gecko; compatible; ClaudeBot/1.0; +claudebot@anthropic.com)"
94.154.35.236 - - [13/Apr/2026:21:18:04 +0300] "HEAD /site.gz HTTP/1.0" 404 294 "-" "Mozilla/5.0 (Windows NT 10.0; Win64; x64) AppleWebKit/537.36 (KHTML, like Gecko) Chrome/101.0.4951.67 Safari/537.36"
216.73.216.135 - - [13/Apr/2026:21:18:17 +0300] "GET /info/O021583033354 HTTP/1.0" 404 3327 "-" "Mozilla/5.0 AppleWebKit/537.36 (KHTML, like Gecko; compatible; ClaudeBot/1.0; +claudebot@anthropic.com)"
216.73.216.135 - - [13/Apr/2026:21:18:45 +0300] "GET /info/O02959243770 HTTP/1.0" 404 3229 "-" "Mozilla/5.0 AppleWebKit/537.36 (KHTML, like Gecko; compatible; ClaudeBot/1.0; +claudebot@anthropic.com)"
216.73.216.135 - - [13/Apr/2026:21:19:12 +0300] "GET /robots.txt HTTP/1.0" 200 395 "-" "Mozilla/5.0 AppleWebKit/537.36 (KHTML, like Gecko; compatible; ClaudeBot/1.0; +claudebot@anthropic.com)"
216.73.216.135 - - [13/Apr/2026:21:19:16 +0300] "GET /info/O023227041329 HTTP/1.0" 404 3327 "-" "Mozilla/5.0 AppleWebKit/537.36 (KHTML, like Gecko; compatible; ClaudeBot/1.0; +claudebot@anthropic.com)"
216.73.216.135 - - [13/Apr/2026:21:19:51 +0300] "GET /info/O021659557849 HTTP/1.0" 404 3230 "-" "Mozilla/5.0 AppleWebKit/537.36 (KHTML, like Gecko; compatible; ClaudeBot/1.0; +claudebot@anthropic.com)"
51.195.244.241 - - [13/Apr/2026:21:20:21 +0300] "GET /info/O02740789351 HTTP/1.0" 404 3326 "-" "Mozilla/5.0 (compatible; AhrefsBot/7.0; +http://ahrefs.com/robot/)"
216.73.216.135 - - [13/Apr/2026:21:20:25 +0300] "GET /info/O02503350991 HTTP/1.0" 404 3326 "-" "Mozilla/5.0 AppleWebKit/537.36 (KHTML, like Gecko; compatible; ClaudeBot/1.0; +claudebot@anthropic.com)"
216.73.216.135 - - [13/Apr/2026:21:20:53 +0300] "GET /info/O021455566805 HTTP/1.0" 404 3230 "-" "Mozilla/5.0 AppleWebKit/537.36 (KHTML, like Gecko; compatible; ClaudeBot/1.0; +claudebot@anthropic.com)"
216.73.216.135 - - [13/Apr/2026:21:21:29 +0300] "GET /info/O022100839076 HTTP/1.0" 404 3230 "-" "Mozilla/5.0 AppleWebKit/537.36 (KHTML, like Gecko; compatible; ClaudeBot/1.0; +claudebot@anthropic.com)"
216.73.216.135 - - [13/Apr/2026:21:21:56 +0300] "GET /info/O023466618241 HTTP/1.0" 404 3327 "-" "Mozilla/5.0 AppleWebKit/537.36 (KHTML, like Gecko; compatible; ClaudeBot/1.0; +claudebot@anthropic.com)"
216.73.216.135 - - [13/Apr/2026:21:22:28 +0300] "GET /info/O02973126066 HTTP/1.0" 404 3229 "-" "Mozilla/5.0 AppleWebKit/537.36 (KHTML, like Gecko; compatible; ClaudeBot/1.0; +claudebot@anthropic.com)"
216.73.216.135 - - [13/Apr/2026:21:23:01 +0300] "GET /info/O022868476218 HTTP/1.0" 404 3230 "-" "Mozilla/5.0 AppleWebKit/537.36 (KHTML, like Gecko; compatible; ClaudeBot/1.0; +claudebot@anthropic.com)"
198.244.242.232 - - [13/Apr/2026:21:23:24 +0300] "GET /info/O02739577252 HTTP/1.0" 404 3326 "-" "Mozilla/5.0 (compatible; AhrefsBot/7.0; +http://ahrefs.com/robot/)"
216.73.216.135 - - [13/Apr/2026:21:23:31 +0300] "GET /?m=89178288755700 HTTP/1.0" 200 19838 "-" "Mozilla/5.0 AppleWebKit/537.36 (KHTML, like Gecko; compatible; ClaudeBot/1.0; +claudebot@anthropic.com)"
216.73.216.135 - - [13/Apr/2026:21:24:02 +0300] "GET /?m=05762288174201 HTTP/1.0" 200 19843 "-" "Mozilla/5.0 AppleWebKit/537.36 (KHTML, like Gecko; compatible; ClaudeBot/1.0; +claudebot@anthropic.com)"
216.73.216.135 - - [13/Apr/2026:21:24:36 +0300] "GET /info/O022718297354 HTTP/1.0" 404 3327 "-" "Mozilla/5.0 AppleWebKit/537.36 (KHTML, like Gecko; compatible; ClaudeBot/1.0; +claudebot@anthropic.com)"
216.73.216.135 - - [13/Apr/2026:21:24:53 +0300] "GET /?m=64322288777700 HTTP/1.0" 200 19841 "-" "Mozilla/5.0 AppleWebKit/537.36 (KHTML, like Gecko; compatible; ClaudeBot/1.0; +claudebot@anthropic.com)"
216.73.216.135 - - [13/Apr/2026:21:25:25 +0300] "GET /?m=45899288555701 HTTP/1.0" 200 19745 "-" "Mozilla/5.0 AppleWebKit/537.36 (KHTML, like Gecko; compatible; ClaudeBot/1.0; +claudebot@anthropic.com)"
216.73.216.135 - - [13/Apr/2026:21:26:02 +0300] "GET /?m=90839288744701 HTTP/1.0" 200 19741 "-" "Mozilla/5.0 AppleWebKit/537.36 (KHTML, like Gecko; compatible; ClaudeBot/1.0; +claudebot@anthropic.com)"
198.244.168.28 - - [13/Apr/2026:21:26:18 +0300] "GET /info/O02544656513 HTTP/1.0" 404 3326 "-" "Mozilla/5.0 (compatible; AhrefsBot/7.0; +http://ahrefs.com/robot/)"
216.73.216.135 - - [13/Apr/2026:21:26:31 +0300] "GET /?m=93143281100 HTTP/1.0" 200 19838 "-" "Mozilla/5.0 AppleWebKit/537.36 (KHTML, like Gecko; compatible; ClaudeBot/1.0; +claudebot@anthropic.com)"
216.73.216.135 - - [13/Apr/2026:21:27:06 +0300] "GET /?m=10929817301 HTTP/1.0" 200 19743 "-" "Mozilla/5.0 AppleWebKit/537.36 (KHTML, like Gecko; compatible; ClaudeBot/1.0; +claudebot@anthropic.com)"
216.73.216.135 - - [13/Apr/2026:21:27:34 +0300] "GET /?m=59829300801 HTTP/1.0" 200 19743 "-" "Mozilla/5.0 AppleWebKit/537.36 (KHTML, like Gecko; compatible; ClaudeBot/1.0; +claudebot@anthropic.com)"
216.73.216.135 - - [13/Apr/2026:21:28:09 +0300] "GET /?m=18768151000 HTTP/1.0" 200 19839 "-" "Mozilla/5.0 AppleWebKit/537.36 (KHTML, like Gecko; compatible; ClaudeBot/1.0; +claudebot@anthropic.com)"
216.73.216.135 - - [13/Apr/2026:21:28:16 +0300] "GET /?m=62412288949600 HTTP/1.0" 200 19839 "-" "Mozilla/5.0 AppleWebKit/537.36 (KHTML, like Gecko; compatible; ClaudeBot/1.0; +claudebot@anthropic.com)"
216.73.216.135 - - [13/Apr/2026:21:28:47 +0300] "GET /?m=58278391501 HTTP/1.0" 200 19742 "-" "Mozilla/5.0 AppleWebKit/537.36 (KHTML, like Gecko; compatible; ClaudeBot/1.0; +claudebot@anthropic.com)"
54.38.147.35 - - [13/Apr/2026:21:29:16 +0300] "GET /info/O02534028783 HTTP/1.0" 404 3326 "-" "Mozilla/5.0 (compatible; AhrefsBot/7.0; +http://ahrefs.com/robot/)"
216.73.216.135 - - [13/Apr/2026:21:29:16 +0300] "GET /?m=81967288994501 HTTP/1.0" 200 19840 "-" "Mozilla/5.0 AppleWebKit/537.36 (KHTML, like Gecko; compatible; ClaudeBot/1.0; +claudebot@anthropic.com)"
216.73.216.135 - - [13/Apr/2026:21:29:20 +0300] "GET /?m=03879288758601 HTTP/1.0" 200 19841 "-" "Mozilla/5.0 AppleWebKit/537.36 (KHTML, like Gecko; compatible; ClaudeBot/1.0; +claudebot@anthropic.com)"
216.73.216.135 - - [13/Apr/2026:21:29:55 +0300] "GET /?m=38784288353801 HTTP/1.0" 200 19839 "-" "Mozilla/5.0 AppleWebKit/537.36 (KHTML, like Gecko; compatible; ClaudeBot/1.0; +claudebot@anthropic.com)"
216.73.216.135 - - [13/Apr/2026:21:30:28 +0300] "GET /?m=86776288918601 HTTP/1.0" 200 19841 "-" "Mozilla/5.0 AppleWebKit/537.36 (KHTML, like Gecko; compatible; ClaudeBot/1.0; +claudebot@anthropic.com)"
216.73.216.135 - - [13/Apr/2026:21:31:04 +0300] "GET /?m=21859288991600 HTTP/1.0" 200 19745 "-" "Mozilla/5.0 AppleWebKit/537.36 (KHTML, like Gecko; compatible; ClaudeBot/1.0; +claudebot@anthropic.com)"
216.73.216.135 - - [13/Apr/2026:21:31:21 +0300] "GET /?m=86668288479700 HTTP/1.0" 200 19841 "-" "Mozilla/5.0 AppleWebKit/537.36 (KHTML, like Gecko; compatible; ClaudeBot/1.0; +claudebot@anthropic.com)"
216.73.216.135 - - [13/Apr/2026:21:31:52 +0300] "GET /?m=10272288104101 HTTP/1.0" 200 19741 "-" "Mozilla/5.0 AppleWebKit/537.36 (KHTML, like Gecko; compatible; ClaudeBot/1.0; +claudebot@anthropic.com)"
216.73.216.135 - - [13/Apr/2026:21:32:23 +0300] "GET /info/O0129620331 HTTP/1.0" 404 3325 "-" "Mozilla/5.0 AppleWebKit/537.36 (KHTML, like Gecko; compatible; ClaudeBot/1.0; +claudebot@anthropic.com)"
51.89.129.187 - - [13/Apr/2026:21:32:24 +0300] "GET /info/O02453597181 HTTP/1.0" 404 3326 "-" "Mozilla/5.0 (compatible; AhrefsBot/7.0; +http://ahrefs.com/robot/)"
216.73.216.135 - - [13/Apr/2026:21:32:56 +0300] "GET /sitemap_226.xml HTTP/1.0" 200 14340 "-" "Mozilla/5.0 AppleWebKit/537.36 (KHTML, like Gecko; compatible; ClaudeBot/1.0; +claudebot@anthropic.com)"
216.73.216.135 - - [13/Apr/2026:21:33:09 +0300] "GET /?m=18080331500 HTTP/1.0" 200 19740 "-" "Mozilla/5.0 AppleWebKit/537.36 (KHTML, like Gecko; compatible; ClaudeBot/1.0; +claudebot@anthropic.com)"
216.73.216.135 - - [13/Apr/2026:21:33:40 +0300] "GET /?m=72013288241201 HTTP/1.0" 200 19741 "-" "Mozilla/5.0 AppleWebKit/537.36 (KHTML, like Gecko; compatible; ClaudeBot/1.0; +claudebot@anthropic.com)"
216.73.216.135 - - [13/Apr/2026:21:34:11 +0300] "GET /info/O00622722074 HTTP/1.0" 404 3326 "-" "Mozilla/5.0 AppleWebKit/537.36 (KHTML, like Gecko; compatible; ClaudeBot/1.0; +claudebot@anthropic.com)"
216.73.216.135 - - [13/Apr/2026:21:34:39 +0300] "GET /info/O012899499352 HTTP/1.0" 404 3230 "-" "Mozilla/5.0 AppleWebKit/537.36 (KHTML, like Gecko; compatible; ClaudeBot/1.0; +claudebot@anthropic.com)"
216.73.216.135 - - [13/Apr/2026:21:35:14 +0300] "GET /info/O024272315359 HTTP/1.0" 404 3230 "-" "Mozilla/5.0 AppleWebKit/537.36 (KHTML, like Gecko; compatible; ClaudeBot/1.0; +claudebot@anthropic.com)"
198.244.226.121 - - [13/Apr/2026:21:35:19 +0300] "GET /info/O02438061375 HTTP/1.0" 404 3326 "-" "Mozilla/5.0 (compatible; AhrefsBot/7.0; +http://ahrefs.com/robot/)"
216.73.216.135 - - [13/Apr/2026:21:35:47 +0300] "GET /info/O01352267243 HTTP/1.0" 404 3229 "-" "Mozilla/5.0 AppleWebKit/537.36 (KHTML, like Gecko; compatible; ClaudeBot/1.0; +claudebot@anthropic.com)"
216.73.216.135 - - [13/Apr/2026:21:36:09 +0300] "GET /info/O014158380277 HTTP/1.0" 404 3327 "-" "Mozilla/5.0 AppleWebKit/537.36 (KHTML, like Gecko; compatible; ClaudeBot/1.0; +claudebot@anthropic.com)"
216.73.216.135 - - [13/Apr/2026:21:36:46 +0300] "GET /info/O011135440192 HTTP/1.0" 404 3327 "-" "Mozilla/5.0 AppleWebKit/537.36 (KHTML, like Gecko; compatible; ClaudeBot/1.0; +claudebot@anthropic.com)"
216.73.216.135 - - [13/Apr/2026:21:37:15 +0300] "GET /?m=74610188601 HTTP/1.0" 200 19838 "-" "Mozilla/5.0 AppleWebKit/537.36 (KHTML, like Gecko; compatible; ClaudeBot/1.0; +claudebot@anthropic.com)"
216.73.216.135 - - [13/Apr/2026:21:37:46 +0300] "GET /?m=28247726100 HTTP/1.0" 200 19837 "-" "Mozilla/5.0 AppleWebKit/537.36 (KHTML, like Gecko; compatible; ClaudeBot/1.0; +claudebot@anthropic.com)"
216.73.216.135 - - [13/Apr/2026:21:38:17 +0300] "GET /?m=92292371400 HTTP/1.0" 200 19744 "-" "Mozilla/5.0 AppleWebKit/537.36 (KHTML, like Gecko; compatible; ClaudeBot/1.0; +claudebot@anthropic.com)"
198.244.226.217 - - [13/Apr/2026:21:38:41 +0300] "GET /info/O024259549077 HTTP/1.0" 404 3327 "-" "Mozilla/5.0 (compatible; AhrefsBot/7.0; +http://ahrefs.com/robot/)"
216.73.216.135 - - [13/Apr/2026:21:38:40 +0300] "GET /?m=70946288157500 HTTP/1.0" 200 19841 "-" "Mozilla/5.0 AppleWebKit/537.36 (KHTML, like Gecko; compatible; ClaudeBot/1.0; +claudebot@anthropic.com)"
216.73.216.135 - - [13/Apr/2026:21:39:08 +0300] "GET /?m=93662288983101 HTTP/1.0" 200 19836 "-" "Mozilla/5.0 AppleWebKit/537.36 (KHTML, like Gecko; compatible; ClaudeBot/1.0; +claudebot@anthropic.com)"
216.73.216.135 - - [13/Apr/2026:21:39:37 +0300] "GET /?m=32400288694800 HTTP/1.0" 200 19838 "-" "Mozilla/5.0 AppleWebKit/537.36 (KHTML, like Gecko; compatible; ClaudeBot/1.0; +claudebot@anthropic.com)"
216.73.216.135 - - [13/Apr/2026:21:40:05 +0300] "GET /?m=06822974400 HTTP/1.0" 200 19837 "-" "Mozilla/5.0 AppleWebKit/537.36 (KHTML, like Gecko; compatible; ClaudeBot/1.0; +claudebot@anthropic.com)"
216.73.216.135 - - [13/Apr/2026:21:40:41 +0300] "GET /?m=59512288276501 HTTP/1.0" 200 19839 "-" "Mozilla/5.0 AppleWebKit/537.36 (KHTML, like Gecko; compatible; ClaudeBot/1.0; +claudebot@anthropic.com)"
216.73.216.135 - - [13/Apr/2026:21:41:12 +0300] "GET /?m=27227288718100 HTTP/1.0" 200 19841 "-" "Mozilla/5.0 AppleWebKit/537.36 (KHTML, like Gecko; compatible; ClaudeBot/1.0; +claudebot@anthropic.com)"
198.244.242.24 - - [13/Apr/2026:21:41:27 +0300] "GET /info/O024162369586 HTTP/1.0" 404 3327 "-" "Mozilla/5.0 (compatible; AhrefsBot/7.0; +http://ahrefs.com/robot/)"
216.73.216.135 - - [13/Apr/2026:21:41:27 +0300] "GET /?m=36928135500 HTTP/1.0" 200 19740 "-" "Mozilla/5.0 AppleWebKit/537.36 (KHTML, like Gecko; compatible; ClaudeBot/1.0; +claudebot@anthropic.com)"
216.73.216.135 - - [13/Apr/2026:21:41:55 +0300] "GET /?m=89181288406301 HTTP/1.0" 200 19841 "-" "Mozilla/5.0 AppleWebKit/537.36 (KHTML, like Gecko; compatible; ClaudeBot/1.0; +claudebot@anthropic.com)"
66.249.76.38 - - [13/Apr/2026:21:42:15 +0300] "GET /?m=4938281771102 HTTP/1.0" 200 27063 "-" "Mozilla/5.0 (Linux; Android 6.0.1; Nexus 5X Build/MMB29P) AppleWebKit/537.36 (KHTML, like Gecko) Chrome/146.0.7680.177 Mobile Safari/537.36 (compatible; Googlebot/2.1; +http://www.google.com/bot.html)"
216.73.216.135 - - [13/Apr/2026:21:42:28 +0300] "GET /?m=22112288936001 HTTP/1.0" 200 19742 "-" "Mozilla/5.0 AppleWebKit/537.36 (KHTML, like Gecko; compatible; ClaudeBot/1.0; +claudebot@anthropic.com)"
216.73.216.135 - - [13/Apr/2026:21:43:01 +0300] "GET /?m=40721148000 HTTP/1.0" 200 19741 "-" "Mozilla/5.0 AppleWebKit/537.36 (KHTML, like Gecko; compatible; ClaudeBot/1.0; +claudebot@anthropic.com)"
216.73.216.135 - - [13/Apr/2026:21:43:32 +0300] "GET /?m=80047288158300 HTTP/1.0" 200 19842 "-" "Mozilla/5.0 AppleWebKit/537.36 (KHTML, like Gecko; compatible; ClaudeBot/1.0; +claudebot@anthropic.com)"
216.73.216.135 - - [13/Apr/2026:21:43:43 +0300] "GET /?m=18303288463701 HTTP/1.0" 200 19840 "-" "Mozilla/5.0 AppleWebKit/537.36 (KHTML, like Gecko; compatible; ClaudeBot/1.0; +claudebot@anthropic.com)"
216.73.216.135 - - [13/Apr/2026:21:43:48 +0300] "GET /?m=36377288745701 HTTP/1.0" 200 19744 "-" "Mozilla/5.0 AppleWebKit/537.36 (KHTML, like Gecko; compatible; ClaudeBot/1.0; +claudebot@anthropic.com)"
216.73.216.135 - - [13/Apr/2026:21:43:54 +0300] "GET /?m=00558288079001 HTTP/1.0" 200 19741 "-" "Mozilla/5.0 AppleWebKit/537.36 (KHTML, like Gecko; compatible; ClaudeBot/1.0; +claudebot@anthropic.com)"
216.73.216.135 - - [13/Apr/2026:21:44:04 +0300] "GET /?m=15976538700 HTTP/1.0" 200 19840 "-" "Mozilla/5.0 AppleWebKit/537.36 (KHTML, like Gecko; compatible; ClaudeBot/1.0; +claudebot@anthropic.com)"
216.73.216.135 - - [13/Apr/2026:21:44:08 +0300] "GET /?m=88440667301 HTTP/1.0" 200 19742 "-" "Mozilla/5.0 AppleWebKit/537.36 (KHTML, like Gecko; compatible; ClaudeBot/1.0; +claudebot@anthropic.com)"
216.73.216.135 - - [13/Apr/2026:21:44:14 +0300] "GET /?m=22098310901 HTTP/1.0" 200 19743 "-" "Mozilla/5.0 AppleWebKit/537.36 (KHTML, like Gecko; compatible; ClaudeBot/1.0; +claudebot@anthropic.com)"
51.195.215.144 - - [13/Apr/2026:21:44:20 +0300] "GET /info/O024135113875 HTTP/1.0" 404 3327 "-" "Mozilla/5.0 (compatible; AhrefsBot/7.0; +http://ahrefs.com/robot/)"
216.73.216.135 - - [13/Apr/2026:21:44:20 +0300] "GET /?m=20886499101 HTTP/1.0" 200 19743 "-" "Mozilla/5.0 AppleWebKit/537.36 (KHTML, like Gecko; compatible; ClaudeBot/1.0; +claudebot@anthropic.com)"
216.73.216.135 - - [13/Apr/2026:21:44:26 +0300] "GET /?m=21582281000 HTTP/1.0" 200 19743 "-" "Mozilla/5.0 AppleWebKit/537.36 (KHTML, like Gecko; compatible; ClaudeBot/1.0; +claudebot@anthropic.com)"
216.73.216.135 - - [13/Apr/2026:21:44:36 +0300] "GET /?m=24150288244500 HTTP/1.0" 200 19746 "-" "Mozilla/5.0 AppleWebKit/537.36 (KHTML, like Gecko; compatible; ClaudeBot/1.0; +claudebot@anthropic.com)"
216.73.216.135 - - [13/Apr/2026:21:44:41 +0300] "GET /?m=71149288237601 HTTP/1.0" 200 19741 "-" "Mozilla/5.0 AppleWebKit/537.36 (KHTML, like Gecko; compatible; ClaudeBot/1.0; +claudebot@anthropic.com)"
216.73.216.135 - - [13/Apr/2026:21:44:47 +0300] "GET /?m=00703992400 HTTP/1.0" 200 19742 "-" "Mozilla/5.0 AppleWebKit/537.36 (KHTML, like Gecko; compatible; ClaudeBot/1.0; +claudebot@anthropic.com)"
216.73.216.135 - - [13/Apr/2026:21:44:59 +0300] "GET /?m=18822288223300 HTTP/1.0" 200 19743 "-" "Mozilla/5.0 AppleWebKit/537.36 (KHTML, like Gecko; compatible; ClaudeBot/1.0; +claudebot@anthropic.com)"
216.73.216.135 - - [13/Apr/2026:21:45:05 +0300] "GET /?m=75317301800 HTTP/1.0" 200 19841 "-" "Mozilla/5.0 AppleWebKit/537.36 (KHTML, like Gecko; compatible; ClaudeBot/1.0; +claudebot@anthropic.com)"
94.154.35.236 - - [13/Apr/2026:21:45:11 +0300] "HEAD /site.7z HTTP/1.1" 301 0 "-" "Mozilla/5.0 (Windows NT 10.0; Win64; x64) AppleWebKit/537.36 (KHTML, like Gecko) Chrome/101.0.4951.67 Safari/537.36"
94.154.35.236 - - [13/Apr/2026:21:45:11 +0300] "HEAD /site.7z HTTP/1.0" 404 294 "-" "Mozilla/5.0 (Windows NT 10.0; Win64; x64) AppleWebKit/537.36 (KHTML, like Gecko) Chrome/101.0.4951.67 Safari/537.36"
216.73.216.135 - - [13/Apr/2026:21:45:17 +0300] "GET /?m=28662462701 HTTP/1.0" 200 19741 "-" "Mozilla/5.0 AppleWebKit/537.36 (KHTML, like Gecko; compatible; ClaudeBot/1.0; +claudebot@anthropic.com)"
216.73.216.135 - - [13/Apr/2026:21:45:38 +0300] "GET /sitemap_45.xml HTTP/1.0" 200 14349 "-" "Mozilla/5.0 AppleWebKit/537.36 (KHTML, like Gecko; compatible; ClaudeBot/1.0; +claudebot@anthropic.com)"
216.73.216.135 - - [13/Apr/2026:21:45:42 +0300] "GET /?m=79164767000 HTTP/1.0" 200 19744 "-" "Mozilla/5.0 AppleWebKit/537.36 (KHTML, like Gecko; compatible; ClaudeBot/1.0; +claudebot@anthropic.com)"
216.73.216.135 - - [13/Apr/2026:21:46:03 +0300] "GET /sitemap_4.xml HTTP/1.0" 200 14353 "-" "Mozilla/5.0 AppleWebKit/537.36 (KHTML, like Gecko; compatible; ClaudeBot/1.0; +claudebot@anthropic.com)"
216.73.216.135 - - [13/Apr/2026:21:46:11 +0300] "GET /sitemap_33.xml HTTP/1.0" 200 14345 "-" "Mozilla/5.0 AppleWebKit/537.36 (KHTML, like Gecko; compatible; ClaudeBot/1.0; +claudebot@anthropic.com)"
216.73.216.135 - - [13/Apr/2026:21:46:28 +0300] "GET /sitemap_256.xml HTTP/1.0" 200 14343 "-" "Mozilla/5.0 AppleWebKit/537.36 (KHTML, like Gecko; compatible; ClaudeBot/1.0; +claudebot@anthropic.com)"
216.73.216.135 - - [13/Apr/2026:21:47:03 +0300] "GET /sitemap_289.xml HTTP/1.0" 200 14351 "-" "Mozilla/5.0 AppleWebKit/537.36 (KHTML, like Gecko; compatible; ClaudeBot/1.0; +claudebot@anthropic.com)"
54.38.147.12 - - [13/Apr/2026:21:47:13 +0300] "GET /info/O023956681417 HTTP/1.0" 404 3327 "-" "Mozilla/5.0 (compatible; AhrefsBot/7.0; +http://ahrefs.com/robot/)"
216.73.216.135 - - [13/Apr/2026:21:47:21 +0300] "GET /?m=14000121101 HTTP/1.0" 200 19837 "-" "Mozilla/5.0 AppleWebKit/537.36 (KHTML, like Gecko; compatible; ClaudeBot/1.0; +claudebot@anthropic.com)"
216.73.216.135 - - [13/Apr/2026:21:47:32 +0300] "GET /sitemap_24.xml HTTP/1.0" 200 14345 "-" "Mozilla/5.0 AppleWebKit/537.36 (KHTML, like Gecko; compatible; ClaudeBot/1.0; +claudebot@anthropic.com)"
216.73.216.135 - - [13/Apr/2026:21:48:03 +0300] "GET /info/O01934152665 HTTP/1.0" 404 3326 "-" "Mozilla/5.0 AppleWebKit/537.36 (KHTML, like Gecko; compatible; ClaudeBot/1.0; +claudebot@anthropic.com)"
216.73.216.135 - - [13/Apr/2026:21:48:36 +0300] "GET /?m=38897437000 HTTP/1.0" 200 19837 "-" "Mozilla/5.0 AppleWebKit/537.36 (KHTML, like Gecko; compatible; ClaudeBot/1.0; +claudebot@anthropic.com)"
216.73.216.135 - - [13/Apr/2026:21:49:02 +0300] "GET /info/O012940284347 HTTP/1.0" 404 3230 "-" "Mozilla/5.0 AppleWebKit/537.36 (KHTML, like Gecko; compatible; ClaudeBot/1.0; +claudebot@anthropic.com)"
216.73.216.135 - - [13/Apr/2026:21:49:36 +0300] "GET /?m=99867390800 HTTP/1.0" 200 19842 "-" "Mozilla/5.0 AppleWebKit/537.36 (KHTML, like Gecko; compatible; ClaudeBot/1.0; +claudebot@anthropic.com)"
216.73.216.135 - - [13/Apr/2026:21:49:45 +0300] "GET /sitemap_233.xml HTTP/1.0" 200 14339 "-" "Mozilla/5.0 AppleWebKit/537.36 (KHTML, like Gecko; compatible; ClaudeBot/1.0; +claudebot@anthropic.com)"
51.195.183.46 - - [13/Apr/2026:21:49:58 +0300] "GET /info/O02392075004 HTTP/1.0" 404 3326 "-" "Mozilla/5.0 (compatible; AhrefsBot/7.0; +http://ahrefs.com/robot/)"
216.73.216.135 - - [13/Apr/2026:21:50:20 +0300] "GET /?m=12342389900 HTTP/1.0" 200 19839 "-" "Mozilla/5.0 AppleWebKit/537.36 (KHTML, like Gecko; compatible; ClaudeBot/1.0; +claudebot@anthropic.com)"
216.73.216.135 - - [13/Apr/2026:21:50:52 +0300] "GET /?m=08082288065300 HTTP/1.0" 200 19842 "-" "Mozilla/5.0 AppleWebKit/537.36 (KHTML, like Gecko; compatible; ClaudeBot/1.0; +claudebot@anthropic.com)"
216.73.216.135 - - [13/Apr/2026:21:51:19 +0300] "GET /?m=50900198200 HTTP/1.0" 200 19743 "-" "Mozilla/5.0 AppleWebKit/537.36 (KHTML, like Gecko; compatible; ClaudeBot/1.0; +claudebot@anthropic.com)"
216.73.216.135 - - [13/Apr/2026:21:51:51 +0300] "GET /?m=27582288358701 HTTP/1.0" 200 19842 "-" "Mozilla/5.0 AppleWebKit/537.36 (KHTML, like Gecko; compatible; ClaudeBot/1.0; +claudebot@anthropic.com)"
216.73.216.135 - - [13/Apr/2026:21:52:12 +0300] "GET /?m=57124288294000 HTTP/1.0" 200 19843 "-" "Mozilla/5.0 AppleWebKit/537.36 (KHTML, like Gecko; compatible; ClaudeBot/1.0; +claudebot@anthropic.com)"
216.73.216.135 - - [13/Apr/2026:21:52:21 +0300] "GET /?m=62009288774000 HTTP/1.0" 200 19843 "-" "Mozilla/5.0 AppleWebKit/537.36 (KHTML, like Gecko; compatible; ClaudeBot/1.0; +claudebot@anthropic.com)"
216.73.216.135 - - [13/Apr/2026:21:52:53 +0300] "GET /?m=05898209900 HTTP/1.0" 200 19744 "-" "Mozilla/5.0 AppleWebKit/537.36 (KHTML, like Gecko; compatible; ClaudeBot/1.0; +claudebot@anthropic.com)"
198.244.168.20 - - [13/Apr/2026:21:52:56 +0300] "GET /info/O023745379652 HTTP/1.0" 404 3327 "-" "Mozilla/5.0 (compatible; AhrefsBot/7.0; +http://ahrefs.com/robot/)"
216.73.216.135 - - [13/Apr/2026:21:53:26 +0300] "GET /?m=21911288297401 HTTP/1.0" 200 19840 "-" "Mozilla/5.0 AppleWebKit/537.36 (KHTML, like Gecko; compatible; ClaudeBot/1.0; +claudebot@anthropic.com)"
216.73.216.135 - - [13/Apr/2026:21:53:55 +0300] "GET /?m=19119655001 HTTP/1.0" 200 19741 "-" "Mozilla/5.0 AppleWebKit/537.36 (KHTML, like Gecko; compatible; ClaudeBot/1.0; +claudebot@anthropic.com)"
216.73.216.135 - - [13/Apr/2026:21:54:25 +0300] "GET /info/O012784846676 HTTP/1.0" 404 3327 "-" "Mozilla/5.0 AppleWebKit/537.36 (KHTML, like Gecko; compatible; ClaudeBot/1.0; +claudebot@anthropic.com)"
85.208.96.194 - - [13/Apr/2026:21:54:45 +0300] "GET /robots.txt HTTP/1.0" 200 395 "-" "Mozilla/5.0 (compatible; SemrushBot/7~bl; +http://www.semrush.com/bot.html)"
185.191.171.3 - - [13/Apr/2026:21:54:46 +0300] "GET /uslugi/konopatka HTTP/1.0" 200 13848 "-" "Mozilla/5.0 (compatible; SemrushBot/7~bl; +http://www.semrush.com/bot.html)"
216.73.216.135 - - [13/Apr/2026:21:54:55 +0300] "GET /?m=18179288582401 HTTP/1.0" 200 19838 "-" "Mozilla/5.0 AppleWebKit/537.36 (KHTML, like Gecko; compatible; ClaudeBot/1.0; +claudebot@anthropic.com)"
216.73.216.135 - - [13/Apr/2026:21:55:16 +0300] "GET /info/O011364793151 HTTP/1.0" 404 3230 "-" "Mozilla/5.0 AppleWebKit/537.36 (KHTML, like Gecko; compatible; ClaudeBot/1.0; +claudebot@anthropic.com)"
216.73.216.135 - - [13/Apr/2026:21:55:49 +0300] "GET /?m=48031288784401 HTTP/1.0" 200 19843 "-" "Mozilla/5.0 AppleWebKit/537.36 (KHTML, like Gecko; compatible; ClaudeBot/1.0; +claudebot@anthropic.com)"
54.38.147.45 - - [13/Apr/2026:21:56:04 +0300] "GET /info/O023652345323 HTTP/1.0" 404 3327 "-" "Mozilla/5.0 (compatible; AhrefsBot/7.0; +http://ahrefs.com/robot/)"
216.73.216.135 - - [13/Apr/2026:21:56:08 +0300] "GET /?m=13526288058700 HTTP/1.0" 200 19841 "-" "Mozilla/5.0 AppleWebKit/537.36 (KHTML, like Gecko; compatible; ClaudeBot/1.0; +claudebot@anthropic.com)"
216.73.216.135 - - [13/Apr/2026:21:56:40 +0300] "GET /?m=56888288504900 HTTP/1.0" 200 19841 "-" "Mozilla/5.0 AppleWebKit/537.36 (KHTML, like Gecko; compatible; ClaudeBot/1.0; +claudebot@anthropic.com)"
216.73.216.135 - - [13/Apr/2026:21:57:10 +0300] "GET /?m=19777288090501 HTTP/1.0" 200 19838 "-" "Mozilla/5.0 AppleWebKit/537.36 (KHTML, like Gecko; compatible; ClaudeBot/1.0; +claudebot@anthropic.com)"
216.73.216.135 - - [13/Apr/2026:21:57:46 +0300] "GET /?m=12115288884500 HTTP/1.0" 200 19837 "-" "Mozilla/5.0 AppleWebKit/537.36 (KHTML, like Gecko; compatible; ClaudeBot/1.0; +claudebot@anthropic.com)"
216.73.216.135 - - [13/Apr/2026:21:57:55 +0300] "GET /?m=82657297500 HTTP/1.0" 200 19839 "-" "Mozilla/5.0 AppleWebKit/537.36 (KHTML, like Gecko; compatible; ClaudeBot/1.0; +claudebot@anthropic.com)"
216.73.216.135 - - [13/Apr/2026:21:58:03 +0300] "GET /?m=89531288307501 HTTP/1.0" 200 19739 "-" "Mozilla/5.0 AppleWebKit/537.36 (KHTML, like Gecko; compatible; ClaudeBot/1.0; +claudebot@anthropic.com)"
216.73.216.135 - - [13/Apr/2026:21:58:32 +0300] "GET /info/O00198724714 HTTP/1.0" 404 3326 "-" "Mozilla/5.0 AppleWebKit/537.36 (KHTML, like Gecko; compatible; ClaudeBot/1.0; +claudebot@anthropic.com)"
216.73.216.135 - - [13/Apr/2026:21:59:19 +0300] "GET /?m=88358288067101 HTTP/1.0" 200 19841 "-" "Mozilla/5.0 AppleWebKit/537.36 (KHTML, like Gecko; compatible; ClaudeBot/1.0; +claudebot@anthropic.com)"
216.244.66.201 - - [13/Apr/2026:21:59:36 +0300] "GET /robots.txt HTTP/1.1" 301 196 "-" "Mozilla/5.0 (compatible; DotBot/1.2; +https://opensiteexplorer.org/dotbot; help@moz.com)"
216.244.66.201 - - [13/Apr/2026:21:59:37 +0300] "GET /robots.txt HTTP/1.0" 200 351 "-" "Mozilla/5.0 (compatible; DotBot/1.2; +https://opensiteexplorer.org/dotbot; help@moz.com)"
216.73.216.135 - - [13/Apr/2026:21:59:36 +0300] "GET /?m=25727288085700 HTTP/1.0" 200 19843 "-" "Mozilla/5.0 AppleWebKit/537.36 (KHTML, like Gecko; compatible; ClaudeBot/1.0; +claudebot@anthropic.com)"
198.244.168.34 - - [13/Apr/2026:21:59:39 +0300] "GET /info/O023613160792 HTTP/1.0" 404 3327 "-" "Mozilla/5.0 (compatible; AhrefsBot/7.0; +http://ahrefs.com/robot/)"
216.73.216.135 - - [13/Apr/2026:21:59:56 +0300] "GET /info/O011782435610 HTTP/1.0" 404 3230 "-" "Mozilla/5.0 AppleWebKit/537.36 (KHTML, like Gecko; compatible; ClaudeBot/1.0; +claudebot@anthropic.com)"
216.73.216.135 - - [13/Apr/2026:22:00:29 +0300] "GET /?m=14260288122701 HTTP/1.0" 200 19842 "-" "Mozilla/5.0 AppleWebKit/537.36 (KHTML, like Gecko; compatible; ClaudeBot/1.0; +claudebot@anthropic.com)"
216.73.216.135 - - [13/Apr/2026:22:01:07 +0300] "GET /?m=90961288680200 HTTP/1.0" 200 19841 "-" "Mozilla/5.0 AppleWebKit/537.36 (KHTML, like Gecko; compatible; ClaudeBot/1.0; +claudebot@anthropic.com)"
216.73.216.135 - - [13/Apr/2026:22:01:25 +0300] "GET /?m=49297288224100 HTTP/1.0" 200 19841 "-" "Mozilla/5.0 AppleWebKit/537.36 (KHTML, like Gecko; compatible; ClaudeBot/1.0; +claudebot@anthropic.com)"
216.73.216.135 - - [13/Apr/2026:22:02:01 +0300] "GET /info/O014078347079 HTTP/1.0" 404 3327 "-" "Mozilla/5.0 AppleWebKit/537.36 (KHTML, like Gecko; compatible; ClaudeBot/1.0; +claudebot@anthropic.com)"
52.167.144.236 - - [13/Apr/2026:22:02:12 +0300] "GET /uslugi/shlifovka HTTP/1.1" 301 196 "-" "Mozilla/5.0 AppleWebKit/537.36 (KHTML, like Gecko; compatible; bingbot/2.0; +http://www.bing.com/bingbot.htm) Chrome/116.0.1938.76 Safari/537.36"
198.244.168.194 - - [13/Apr/2026:22:02:11 +0300] "GET /info/O023545610501 HTTP/1.0" 404 3327 "-" "Mozilla/5.0 (compatible; AhrefsBot/7.0; +http://ahrefs.com/robot/)"
52.167.144.236 - - [13/Apr/2026:22:02:13 +0300] "GET /uslugi/shlifovka HTTP/1.0" 200 27992 "-" "Mozilla/5.0 AppleWebKit/537.36 (KHTML, like Gecko; compatible; bingbot/2.0; +http://www.bing.com/bingbot.htm) Chrome/116.0.1938.76 Safari/537.36"
216.73.216.135 - - [13/Apr/2026:22:02:20 +0300] "GET /info/O002898508949 HTTP/1.0" 404 3327 "-" "Mozilla/5.0 AppleWebKit/537.36 (KHTML, like Gecko; compatible; ClaudeBot/1.0; +claudebot@anthropic.com)"
216.73.216.135 - - [13/Apr/2026:22:02:51 +0300] "GET /info/O013001412704 HTTP/1.0" 404 3327 "-" "Mozilla/5.0 AppleWebKit/537.36 (KHTML, like Gecko; compatible; ClaudeBot/1.0; +claudebot@anthropic.com)"
216.73.216.135 - - [13/Apr/2026:22:03:10 +0300] "GET /info/O012981964418 HTTP/1.0" 404 3327 "-" "Mozilla/5.0 AppleWebKit/537.36 (KHTML, like Gecko; compatible; ClaudeBot/1.0; +claudebot@anthropic.com)"
66.249.70.64 - - [13/Apr/2026:22:03:39 +0300] "GET /robots.txt HTTP/1.1" 301 196 "-" "Mozilla/5.0 (compatible; Googlebot/2.1; +http://www.google.com/bot.html)"
66.249.70.64 - - [13/Apr/2026:22:03:39 +0300] "GET /robots.txt HTTP/1.0" 200 395 "-" "Mozilla/5.0 (compatible; Googlebot/2.1; +http://www.google.com/bot.html)"
216.73.216.135 - - [13/Apr/2026:22:03:43 +0300] "GET /info/O011878403018 HTTP/1.0" 404 3327 "-" "Mozilla/5.0 AppleWebKit/537.36 (KHTML, like Gecko; compatible; ClaudeBot/1.0; +claudebot@anthropic.com)"
45.227.253.15 - - [13/Apr/2026:22:04:13 +0300] "GET /index.php/jk HTTP/1.0" 200 210 "-" "Mozilla/5.0 (Windows NT 10.0; Win64; x64) AppleWebKit/537.36 (KHTML, like Gecko) Chrome/80.0.3980 Safari/537.36 Edg/80.0.145.1"
216.73.216.135 - - [13/Apr/2026:22:04:14 +0300] "GET /?m=00631288783201 HTTP/1.0" 200 19841 "-" "Mozilla/5.0 AppleWebKit/537.36 (KHTML, like Gecko; compatible; ClaudeBot/1.0; +claudebot@anthropic.com)"
216.73.216.135 - - [13/Apr/2026:22:04:35 +0300] "GET /info/O013577706938 HTTP/1.0" 404 3230 "-" "Mozilla/5.0 AppleWebKit/537.36 (KHTML, like Gecko; compatible; ClaudeBot/1.0; +claudebot@anthropic.com)"
216.73.216.135 - - [13/Apr/2026:22:05:06 +0300] "GET /?m=23213288440100 HTTP/1.0" 200 19843 "-" "Mozilla/5.0 AppleWebKit/537.36 (KHTML, like Gecko; compatible; ClaudeBot/1.0; +claudebot@anthropic.com)"
198.244.183.102 - - [13/Apr/2026:22:05:09 +0300] "GET /info/O023312061703 HTTP/1.0" 404 3327 "-" "Mozilla/5.0 (compatible; AhrefsBot/7.0; +http://ahrefs.com/robot/)"
216.244.66.201 - - [13/Apr/2026:22:05:13 +0300] "GET /images/2019/11/04/img-20180717-wa0005-01.jpg HTTP/1.1" 200 191142 "-" "Mozilla/5.0 (compatible; DotBot/1.2; +https://opensiteexplorer.org/dotbot; help@moz.com)"
216.73.216.135 - - [13/Apr/2026:22:05:24 +0300] "GET /?m=46978288216600 HTTP/1.0" 200 19842 "-" "Mozilla/5.0 AppleWebKit/537.36 (KHTML, like Gecko; compatible; ClaudeBot/1.0; +claudebot@anthropic.com)"
216.73.216.135 - - [13/Apr/2026:22:06:00 +0300] "GET /?m=35482288512901 HTTP/1.0" 200 19844 "-" "Mozilla/5.0 AppleWebKit/537.36 (KHTML, like Gecko; compatible; ClaudeBot/1.0; +claudebot@anthropic.com)"
216.73.216.135 - - [13/Apr/2026:22:06:05 +0300] "GET /?m=58717288602100 HTTP/1.0" 200 19842 "-" "Mozilla/5.0 AppleWebKit/537.36 (KHTML, like Gecko; compatible; ClaudeBot/1.0; +claudebot@anthropic.com)"
216.73.216.135 - - [13/Apr/2026:22:06:36 +0300] "GET /?m=28182288595101 HTTP/1.0" 200 19840 "-" "Mozilla/5.0 AppleWebKit/537.36 (KHTML, like Gecko; compatible; ClaudeBot/1.0; +claudebot@anthropic.com)"
34.174.119.134 - - [13/Apr/2026:22:06:40 +0300] "HEAD /new/ HTTP/1.1" 301 0 "-" "Mozilla/5.0 (Windows NT 10.0; WOW64) AppleWebKit/537.36 (KHTML, like Gecko) Chrome/118.0.5993.90 Safari/537.36"
216.73.216.135 - - [13/Apr/2026:22:06:38 +0300] "GET /info/O013838833887 HTTP/1.0" 404 3327 "-" "Mozilla/5.0 AppleWebKit/537.36 (KHTML, like Gecko; compatible; ClaudeBot/1.0; +claudebot@anthropic.com)"
34.174.119.134 - - [13/Apr/2026:22:06:41 +0300] "HEAD /new/ HTTP/1.0" 404 294 "http://germetikprof.ru/new/" "Mozilla/5.0 (Windows NT 10.0; WOW64) AppleWebKit/537.36 (KHTML, like Gecko) Chrome/118.0.5993.90 Safari/537.36"
34.174.119.134 - - [13/Apr/2026:22:06:44 +0300] "HEAD /wordpress/ HTTP/1.1" 301 0 "-" "Mozilla/5.0 (Linux; Android 13; Pixel 7a) AppleWebKit/537.36 (KHTML, like Gecko) Chrome/124.0.6367.82 Mobile Safari/537.36"
34.174.119.134 - - [13/Apr/2026:22:06:45 +0300] "HEAD /wordpress/ HTTP/1.0" 404 294 "http://germetikprof.ru/wordpress/" "Mozilla/5.0 (Linux; Android 13; Pixel 7a) AppleWebKit/537.36 (KHTML, like Gecko) Chrome/124.0.6367.82 Mobile Safari/537.36"
34.174.119.134 - - [13/Apr/2026:22:06:48 +0300] "HEAD /old/ HTTP/1.1" 301 0 "-" "Mozilla/5.0 (Linux; Android 11; RMX2195) AppleWebKit/537.36 (KHTML, like Gecko) Chrome/120.0.6099.210 Mobile Safari/537.36 OPR/75.2.3995.72468"
34.174.119.134 - - [13/Apr/2026:22:06:48 +0300] "HEAD /old/ HTTP/1.0" 404 294 "http://germetikprof.ru/old/" "Mozilla/5.0 (Linux; Android 11; RMX2195) AppleWebKit/537.36 (KHTML, like Gecko) Chrome/120.0.6099.210 Mobile Safari/537.36 OPR/75.2.3995.72468"
34.174.119.134 - - [13/Apr/2026:22:06:51 +0300] "HEAD /backup/ HTTP/1.1" 301 0 "-" "Mozilla/5.0 (Macintosh; Intel Mac OS X 13_5) AppleWebKit/605.1.15 (KHTML, like Gecko) Version/16.5 Safari/605.1.15"
34.174.119.134 - - [13/Apr/2026:22:06:51 +0300] "HEAD /backup/ HTTP/1.0" 404 294 "http://germetikprof.ru/backup/" "Mozilla/5.0 (Macintosh; Intel Mac OS X 13_5) AppleWebKit/605.1.15 (KHTML, like Gecko) Version/16.5 Safari/605.1.15"
34.174.119.134 - - [13/Apr/2026:22:06:55 +0300] "HEAD /blog/ HTTP/1.1" 301 0 "-" "Mozilla/5.0 (Windows NT 11.0; Win64; x64) AppleWebKit/537.36 (KHTML, like Gecko) Edg/128.0.2790.25 Chrome/128.0.6540.22 Safari/537.36"
34.174.119.134 - - [13/Apr/2026:22:06:55 +0300] "HEAD /blog/ HTTP/1.0" 404 294 "http://germetikprof.ru/blog/" "Mozilla/5.0 (Windows NT 11.0; Win64; x64) AppleWebKit/537.36 (KHTML, like Gecko) Edg/128.0.2790.25 Chrome/128.0.6540.22 Safari/537.36"
34.174.119.134 - - [13/Apr/2026:22:06:58 +0300] "HEAD / HTTP/1.1" 301 0 "-" "Mozilla/5.0 (Linux; Android 14; Samsung SM-A546B) AppleWebKit/537.36 (KHTML, like Gecko) Chrome/126.0.6478.14 Mobile Safari/537.36"
34.174.119.134 - - [13/Apr/2026:22:06:58 +0300] "HEAD / HTTP/1.0" 200 427 "http://germetikprof.ru/" "Mozilla/5.0 (Linux; Android 14; Samsung SM-A546B) AppleWebKit/537.36 (KHTML, like Gecko) Chrome/126.0.6478.14 Mobile Safari/537.36"
34.174.119.134 - - [13/Apr/2026:22:07:02 +0300] "HEAD /wp/ HTTP/1.1" 301 0 "-" "Mozilla/5.0 (X11; Linux x86_64; rv:127.0) Gecko/20100101 Firefox/127.0"
34.174.119.134 - - [13/Apr/2026:22:07:03 +0300] "HEAD /wp/ HTTP/1.0" 404 294 "http://germetikprof.ru/wp/" "Mozilla/5.0 (X11; Linux x86_64; rv:127.0) Gecko/20100101 Firefox/127.0"
216.73.216.135 - - [13/Apr/2026:22:07:13 +0300] "GET /?m=82099288654301 HTTP/1.0" 200 19841 "-" "Mozilla/5.0 AppleWebKit/537.36 (KHTML, like Gecko; compatible; ClaudeBot/1.0; +claudebot@anthropic.com)"
216.73.216.135 - - [13/Apr/2026:22:07:35 +0300] "GET /?m=87252288005600 HTTP/1.0" 200 19747 "-" "Mozilla/5.0 AppleWebKit/537.36 (KHTML, like Gecko; compatible; ClaudeBot/1.0; +claudebot@anthropic.com)"
216.73.216.135 - - [13/Apr/2026:22:07:57 +0300] "GET /?m=49867288088001 HTTP/1.0" 200 19840 "-" "Mozilla/5.0 AppleWebKit/537.36 (KHTML, like Gecko; compatible; ClaudeBot/1.0; +claudebot@anthropic.com)"
198.244.168.186 - - [13/Apr/2026:22:08:09 +0300] "GET /info/O023303932719 HTTP/1.0" 404 3327 "-" "Mozilla/5.0 (compatible; AhrefsBot/7.0; +http://ahrefs.com/robot/)"
216.73.216.135 - - [13/Apr/2026:22:08:28 +0300] "GET /?m=12552288615700 HTTP/1.0" 200 19842 "-" "Mozilla/5.0 AppleWebKit/537.36 (KHTML, like Gecko; compatible; ClaudeBot/1.0; +claudebot@anthropic.com)"
216.73.216.135 - - [13/Apr/2026:22:08:59 +0300] "GET /?m=98001288592601 HTTP/1.0" 200 19838 "-" "Mozilla/5.0 AppleWebKit/537.36 (KHTML, like Gecko; compatible; ClaudeBot/1.0; +claudebot@anthropic.com)"
216.73.216.135 - - [13/Apr/2026:22:09:27 +0300] "GET /?m=94927288534901 HTTP/1.0" 200 19842 "-" "Mozilla/5.0 AppleWebKit/537.36 (KHTML, like Gecko; compatible; ClaudeBot/1.0; +claudebot@anthropic.com)"
216.73.216.135 - - [13/Apr/2026:22:09:52 +0300] "GET /?m=11172288744001 HTTP/1.0" 200 19838 "-" "Mozilla/5.0 AppleWebKit/537.36 (KHTML, like Gecko; compatible; ClaudeBot/1.0; +claudebot@anthropic.com)"
216.73.216.135 - - [13/Apr/2026:22:10:04 +0300] "GET /?m=51368288795100 HTTP/1.0" 200 19742 "-" "Mozilla/5.0 AppleWebKit/537.36 (KHTML, like Gecko; compatible; ClaudeBot/1.0; +claudebot@anthropic.com)"
66.249.70.66 - - [13/Apr/2026:22:10:19 +0300] "GET /info/O012316230638 HTTP/1.0" 200 26471 "-" "Mozilla/5.0 (Linux; Android 6.0.1; Nexus 5X Build/MMB29P) AppleWebKit/537.36 (KHTML, like Gecko) Chrome/146.0.7680.177 Mobile Safari/537.36 (compatible; GoogleOther)"
216.73.216.135 - - [13/Apr/2026:22:10:38 +0300] "GET /?m=82018288931300 HTTP/1.0" 200 19841 "-" "Mozilla/5.0 AppleWebKit/537.36 (KHTML, like Gecko; compatible; ClaudeBot/1.0; +claudebot@anthropic.com)"
216.73.216.135 - - [13/Apr/2026:22:11:09 +0300] "GET /?m=90123288909201 HTTP/1.0" 200 19837 "-" "Mozilla/5.0 AppleWebKit/537.36 (KHTML, like Gecko; compatible; ClaudeBot/1.0; +claudebot@anthropic.com)"
54.38.147.142 - - [13/Apr/2026:22:11:14 +0300] "GET /info/O02317771319 HTTP/1.0" 404 3326 "-" "Mozilla/5.0 (compatible; AhrefsBot/7.0; +http://ahrefs.com/robot/)"
66.249.70.66 - - [13/Apr/2026:22:11:28 +0300] "GET /info/O012316230638 HTTP/1.0" 200 26471 "-" "Mozilla/5.0 (Linux; Android 6.0.1; Nexus 5X Build/MMB29P) AppleWebKit/537.36 (KHTML, like Gecko) Chrome/146.0.7680.177 Mobile Safari/537.36 (compatible; Googlebot/2.1; +http://www.google.com/bot.html)"
216.73.216.135 - - [13/Apr/2026:22:11:50 +0300] "GET /?m=67205696101 HTTP/1.0" 200 19840 "-" "Mozilla/5.0 AppleWebKit/537.36 (KHTML, like Gecko; compatible; ClaudeBot/1.0; +claudebot@anthropic.com)"
114.119.151.151 - - [13/Apr/2026:22:12:00 +0300] "GET /components/com_jshopping/files/img_products/full_160_acryl1.png.webp HTTP/1.0" 200 21888 "https://www.germetikprof.ru/katalog/product/view/1/18" "Mozilla/5.0 (Linux; Android 7.0;) AppleWebKit/537.36 (KHTML, like Gecko) Mobile Safari/537.36 (compatible; PetalBot;+https://webmaster.petalsearch.com/site/petalbot)"
216.73.216.135 - - [13/Apr/2026:22:12:12 +0300] "GET /?m=72183288378901 HTTP/1.0" 200 19743 "-" "Mozilla/5.0 AppleWebKit/537.36 (KHTML, like Gecko; compatible; ClaudeBot/1.0; +claudebot@anthropic.com)"
216.73.216.135 - - [13/Apr/2026:22:12:40 +0300] "GET /?m=14327288905400 HTTP/1.0" 200 19843 "-" "Mozilla/5.0 AppleWebKit/537.36 (KHTML, like Gecko; compatible; ClaudeBot/1.0; +claudebot@anthropic.com)"
216.73.216.135 - - [13/Apr/2026:22:13:17 +0300] "GET /?m=09151231601 HTTP/1.0" 200 19837 "-" "Mozilla/5.0 AppleWebKit/537.36 (KHTML, like Gecko; compatible; ClaudeBot/1.0; +claudebot@anthropic.com)"
216.73.216.135 - - [13/Apr/2026:22:13:29 +0300] "GET /?m=30621288993800 HTTP/1.0" 200 19841 "-" "Mozilla/5.0 AppleWebKit/537.36 (KHTML, like Gecko; compatible; ClaudeBot/1.0; +claudebot@anthropic.com)"
114.119.156.115 - - [13/Apr/2026:22:13:34 +0300] "GET /component/jshopping/category?Itemid=0 HTTP/1.0" 200 10023 "-" "Mozilla/5.0 (Linux; Android 7.0;) AppleWebKit/537.36 (KHTML, like Gecko) Mobile Safari/537.36 (compatible; PetalBot;+https://webmaster.petalsearch.com/site/petalbot)"
94.154.35.236 - - [13/Apr/2026:22:13:42 +0300] "HEAD /backup.tar.gz HTTP/1.1" 301 0 "-" "Mozilla/5.0 (Windows NT 10.0; Win64; x64) AppleWebKit/537.36 (KHTML, like Gecko) Chrome/101.0.4951.67 Safari/537.36"
94.154.35.236 - - [13/Apr/2026:22:13:42 +0300] "HEAD /backup.tar.gz HTTP/1.0" 404 294 "-" "Mozilla/5.0 (Windows NT 10.0; Win64; x64) AppleWebKit/537.36 (KHTML, like Gecko) Chrome/101.0.4951.67 Safari/537.36"
216.73.216.135 - - [13/Apr/2026:22:14:03 +0300] "GET /?m=16424228400 HTTP/1.0" 200 19744 "-" "Mozilla/5.0 AppleWebKit/537.36 (KHTML, like Gecko; compatible; ClaudeBot/1.0; +claudebot@anthropic.com)"
216.73.216.135 - - [13/Apr/2026:22:14:20 +0300] "GET /?m=00121288295000 HTTP/1.0" 200 19841 "-" "Mozilla/5.0 AppleWebKit/537.36 (KHTML, like Gecko; compatible; ClaudeBot/1.0; +claudebot@anthropic.com)"
51.195.215.134 - - [13/Apr/2026:22:14:32 +0300] "GET /info/O023063396989 HTTP/1.0" 404 3327 "-" "Mozilla/5.0 (compatible; AhrefsBot/7.0; +http://ahrefs.com/robot/)"
216.73.216.135 - - [13/Apr/2026:22:14:50 +0300] "GET /?m=46521288638300 HTTP/1.0" 200 19842 "-" "Mozilla/5.0 AppleWebKit/537.36 (KHTML, like Gecko; compatible; ClaudeBot/1.0; +claudebot@anthropic.com)"
216.73.216.135 - - [13/Apr/2026:22:14:59 +0300] "GET /?m=61275176500 HTTP/1.0" 200 19841 "-" "Mozilla/5.0 AppleWebKit/537.36 (KHTML, like Gecko; compatible; ClaudeBot/1.0; +claudebot@anthropic.com)"
216.73.216.135 - - [13/Apr/2026:22:15:16 +0300] "GET /?m=00018288096200 HTTP/1.0" 200 19743 "-" "Mozilla/5.0 AppleWebKit/537.36 (KHTML, like Gecko; compatible; ClaudeBot/1.0; +claudebot@anthropic.com)"
114.119.151.151 - - [13/Apr/2026:22:15:37 +0300] "GET /components/com_jshopping/files/img_products/full_a5b13443e4d900d3a2a4.png.webp HTTP/1.0" 200 17691 "https://germetikprof.ru/katalog/product/view/1/14" "Mozilla/5.0 (Linux; Android 7.0;) AppleWebKit/537.36 (KHTML, like Gecko) Mobile Safari/537.36 (compatible; PetalBot;+https://webmaster.petalsearch.com/site/petalbot)"
216.73.216.135 - - [13/Apr/2026:22:15:47 +0300] "GET /?m=80029823700 HTTP/1.0" 200 19837 "-" "Mozilla/5.0 AppleWebKit/537.36 (KHTML, like Gecko; compatible; ClaudeBot/1.0; +claudebot@anthropic.com)"
216.73.216.135 - - [13/Apr/2026:22:16:18 +0300] "GET /?m=64821288791800 HTTP/1.0" 200 19743 "-" "Mozilla/5.0 AppleWebKit/537.36 (KHTML, like Gecko; compatible; ClaudeBot/1.0; +claudebot@anthropic.com)"
216.73.216.135 - - [13/Apr/2026:22:16:30 +0300] "GET /?m=38324866800 HTTP/1.0" 200 19841 "-" "Mozilla/5.0 AppleWebKit/537.36 (KHTML, like Gecko; compatible; ClaudeBot/1.0; +claudebot@anthropic.com)"
216.73.216.135 - - [13/Apr/2026:22:16:35 +0300] "GET /?m=79148288732601 HTTP/1.0" 200 19742 "-" "Mozilla/5.0 AppleWebKit/537.36 (KHTML, like Gecko; compatible; ClaudeBot/1.0; +claudebot@anthropic.com)"
216.73.216.135 - - [13/Apr/2026:22:16:47 +0300] "GET /?m=20213288846901 HTTP/1.0" 200 19840 "-" "Mozilla/5.0 AppleWebKit/537.36 (KHTML, like Gecko; compatible; ClaudeBot/1.0; +claudebot@anthropic.com)"
216.73.216.135 - - [13/Apr/2026:22:16:52 +0300] "GET /?m=37550270200 HTTP/1.0" 200 19744 "-" "Mozilla/5.0 AppleWebKit/537.36 (KHTML, like Gecko; compatible; ClaudeBot/1.0; +claudebot@anthropic.com)"
216.73.216.135 - - [13/Apr/2026:22:16:58 +0300] "GET /?m=96805843101 HTTP/1.0" 200 19744 "-" "Mozilla/5.0 AppleWebKit/537.36 (KHTML, like Gecko; compatible; ClaudeBot/1.0; +claudebot@anthropic.com)"
51.195.183.177 - - [13/Apr/2026:22:17:01 +0300] "GET /info/O022998270896 HTTP/1.0" 404 3327 "-" "Mozilla/5.0 (compatible; AhrefsBot/7.0; +http://ahrefs.com/robot/)"
216.73.216.135 - - [13/Apr/2026:22:17:04 +0300] "GET /?m=34257784301 HTTP/1.0" 200 19743 "-" "Mozilla/5.0 AppleWebKit/537.36 (KHTML, like Gecko; compatible; ClaudeBot/1.0; +claudebot@anthropic.com)"
216.73.216.135 - - [13/Apr/2026:22:17:10 +0300] "GET /?m=02926378201 HTTP/1.0" 200 19738 "-" "Mozilla/5.0 AppleWebKit/537.36 (KHTML, like Gecko; compatible; ClaudeBot/1.0; +claudebot@anthropic.com)"
216.73.216.135 - - [13/Apr/2026:22:17:44 +0300] "GET /?m=25773288926001 HTTP/1.0" 200 19840 "-" "Mozilla/5.0 AppleWebKit/537.36 (KHTML, like Gecko; compatible; ClaudeBot/1.0; +claudebot@anthropic.com)"
216.73.216.135 - - [13/Apr/2026:22:17:52 +0300] "GET /?m=80558288362901 HTTP/1.0" 200 19842 "-" "Mozilla/5.0 AppleWebKit/537.36 (KHTML, like Gecko; compatible; ClaudeBot/1.0; +claudebot@anthropic.com)"
216.73.216.135 - - [13/Apr/2026:22:17:57 +0300] "GET /?m=96394308500 HTTP/1.0" 200 19742 "-" "Mozilla/5.0 AppleWebKit/537.36 (KHTML, like Gecko; compatible; ClaudeBot/1.0; +claudebot@anthropic.com)"
216.73.216.135 - - [13/Apr/2026:22:18:03 +0300] "GET /?m=18417630400 HTTP/1.0" 200 19743 "-" "Mozilla/5.0 AppleWebKit/537.36 (KHTML, like Gecko; compatible; ClaudeBot/1.0; +claudebot@anthropic.com)"
216.73.216.135 - - [13/Apr/2026:22:18:09 +0300] "GET /?m=29309641400 HTTP/1.0" 200 19743 "-" "Mozilla/5.0 AppleWebKit/537.36 (KHTML, like Gecko; compatible; ClaudeBot/1.0; +claudebot@anthropic.com)"
216.73.216.135 - - [13/Apr/2026:22:18:15 +0300] "GET /?m=33738288082800 HTTP/1.0" 200 19746 "-" "Mozilla/5.0 AppleWebKit/537.36 (KHTML, like Gecko; compatible; ClaudeBot/1.0; +claudebot@anthropic.com)"
216.73.216.135 - - [13/Apr/2026:22:18:21 +0300] "GET /?m=97080288889000 HTTP/1.0" 200 19744 "-" "Mozilla/5.0 AppleWebKit/537.36 (KHTML, like Gecko; compatible; ClaudeBot/1.0; +claudebot@anthropic.com)"
216.73.216.135 - - [13/Apr/2026:22:18:29 +0300] "GET /?m=88277217101 HTTP/1.0" 200 19837 "-" "Mozilla/5.0 AppleWebKit/537.36 (KHTML, like Gecko; compatible; ClaudeBot/1.0; +claudebot@anthropic.com)"
216.73.216.135 - - [13/Apr/2026:22:18:35 +0300] "GET /?m=82405384701 HTTP/1.0" 200 19739 "-" "Mozilla/5.0 AppleWebKit/537.36 (KHTML, like Gecko; compatible; ClaudeBot/1.0; +claudebot@anthropic.com)"
216.73.216.135 - - [13/Apr/2026:22:18:41 +0300] "GET /?m=79289288794701 HTTP/1.0" 200 19741 "-" "Mozilla/5.0 AppleWebKit/537.36 (KHTML, like Gecko; compatible; ClaudeBot/1.0; +claudebot@anthropic.com)"
216.73.216.135 - - [13/Apr/2026:22:18:47 +0300] "GET /?m=45889288044400 HTTP/1.0" 200 19739 "-" "Mozilla/5.0 AppleWebKit/537.36 (KHTML, like Gecko; compatible; ClaudeBot/1.0; +claudebot@anthropic.com)"
216.73.216.135 - - [13/Apr/2026:22:18:53 +0300] "GET /?m=99108183400 HTTP/1.0" 200 19741 "-" "Mozilla/5.0 AppleWebKit/537.36 (KHTML, like Gecko; compatible; ClaudeBot/1.0; +claudebot@anthropic.com)"
216.73.216.135 - - [13/Apr/2026:22:18:59 +0300] "GET /?m=19971288088301 HTTP/1.0" 200 19743 "-" "Mozilla/5.0 AppleWebKit/537.36 (KHTML, like Gecko; compatible; ClaudeBot/1.0; +claudebot@anthropic.com)"
216.73.216.135 - - [13/Apr/2026:22:19:15 +0300] "GET /robots.txt HTTP/1.0" 200 395 "-" "Mozilla/5.0 AppleWebKit/537.36 (KHTML, like Gecko; compatible; ClaudeBot/1.0; +claudebot@anthropic.com)"
216.73.216.135 - - [13/Apr/2026:22:19:15 +0300] "GET /?m=77142920400 HTTP/1.0" 200 19840 "-" "Mozilla/5.0 AppleWebKit/537.36 (KHTML, like Gecko; compatible; ClaudeBot/1.0; +claudebot@anthropic.com)"
216.73.216.135 - - [13/Apr/2026:22:19:21 +0300] "GET /?m=25609288954500 HTTP/1.0" 200 19742 "-" "Mozilla/5.0 AppleWebKit/537.36 (KHTML, like Gecko; compatible; ClaudeBot/1.0; +claudebot@anthropic.com)"
216.73.216.135 - - [13/Apr/2026:22:19:29 +0300] "GET /?m=22380538400 HTTP/1.0" 200 19744 "-" "Mozilla/5.0 AppleWebKit/537.36 (KHTML, like Gecko; compatible; ClaudeBot/1.0; +claudebot@anthropic.com)"
216.73.216.135 - - [13/Apr/2026:22:19:37 +0300] "GET /?m=75900247500 HTTP/1.0" 200 19742 "-" "Mozilla/5.0 AppleWebKit/537.36 (KHTML, like Gecko; compatible; ClaudeBot/1.0; +claudebot@anthropic.com)"
51.195.183.126 - - [13/Apr/2026:22:19:39 +0300] "GET /info/O022936979000 HTTP/1.0" 404 3327 "-" "Mozilla/5.0 (compatible; AhrefsBot/7.0; +http://ahrefs.com/robot/)"
216.73.216.135 - - [13/Apr/2026:22:19:45 +0300] "GET /?m=71872399000 HTTP/1.0" 200 19741 "-" "Mozilla/5.0 AppleWebKit/537.36 (KHTML, like Gecko; compatible; ClaudeBot/1.0; +claudebot@anthropic.com)"
