20.63.209.197 - - [15/Apr/2026:13:29:17 +0300] "GET /6xBAm3vODE05BSzkJZRAws.php HTTP/1.0" 404 1874 "-" "Mozilla/5.0 (Windows NT 10.0; Win64; x64) AppleWebKit/537.36 (KHTML, like Gecko) Chrome/120.0.0.0 Safari/537.36"
20.63.209.197 - - [15/Apr/2026:13:29:20 +0300] "GET /a.php HTTP/1.0" 404 1874 "-" "Mozilla/5.0 (Windows NT 10.0; Win64; x64) AppleWebKit/537.36 (KHTML, like Gecko) Chrome/120.0.0.0 Safari/537.36"
216.73.216.34 - - [15/Apr/2026:13:29:26 +0300] "GET /?t=78186157441100 HTTP/1.0" 200 15135 "-" "Mozilla/5.0 AppleWebKit/537.36 (KHTML, like Gecko; compatible; ClaudeBot/1.0; +claudebot@anthropic.com)"
20.63.209.197 - - [15/Apr/2026:13:29:30 +0300] "GET /a1.php HTTP/1.0" 404 1874 "-" "Mozilla/5.0 (Windows NT 10.0; Win64; x64) AppleWebKit/537.36 (KHTML, like Gecko) Chrome/120.0.0.0 Safari/537.36"
20.63.209.197 - - [15/Apr/2026:13:29:33 +0300] "GET /onclickfuns.php HTTP/1.0" 404 1874 "-" "Mozilla/5.0 (Windows NT 10.0; Win64; x64) AppleWebKit/537.36 (KHTML, like Gecko) Chrome/120.0.0.0 Safari/537.36"
20.63.209.197 - - [15/Apr/2026:13:29:36 +0300] "GET /w.php HTTP/1.0" 404 1874 "-" "Mozilla/5.0 (Windows NT 10.0; Win64; x64) AppleWebKit/537.36 (KHTML, like Gecko) Chrome/120.0.0.0 Safari/537.36"
20.63.209.197 - - [15/Apr/2026:13:29:40 +0300] "GET /wp-admin/maint/about.php HTTP/1.0" 404 1874 "-" "Mozilla/5.0 (Windows NT 10.0; Win64; x64) AppleWebKit/537.36 (KHTML, like Gecko) Chrome/120.0.0.0 Safari/537.36"
20.63.209.197 - - [15/Apr/2026:13:29:44 +0300] "GET /wp-content/plugins/index.php HTTP/1.0" 404 1874 "-" "Mozilla/5.0 (Windows NT 10.0; Win64; x64) AppleWebKit/537.36 (KHTML, like Gecko) Chrome/120.0.0.0 Safari/537.36"
20.63.209.197 - - [15/Apr/2026:13:29:47 +0300] "GET /wp-good.php HTTP/1.0" 404 1874 "-" "Mozilla/5.0 (Windows NT 10.0; Win64; x64) AppleWebKit/537.36 (KHTML, like Gecko) Chrome/120.0.0.0 Safari/537.36"
20.63.209.197 - - [15/Apr/2026:13:29:51 +0300] "GET /.info.php HTTP/1.0" 404 1874 "-" "Mozilla/5.0 (Windows NT 10.0; Win64; x64) AppleWebKit/537.36 (KHTML, like Gecko) Chrome/120.0.0.0 Safari/537.36"
20.63.209.197 - - [15/Apr/2026:13:29:54 +0300] "GET /config.php HTTP/1.0" 404 1874 "-" "Mozilla/5.0 (Windows NT 10.0; Win64; x64) AppleWebKit/537.36 (KHTML, like Gecko) Chrome/120.0.0.0 Safari/537.36"
20.63.209.197 - - [15/Apr/2026:13:29:57 +0300] "GET /item.php HTTP/1.0" 404 1874 "-" "Mozilla/5.0 (Windows NT 10.0; Win64; x64) AppleWebKit/537.36 (KHTML, like Gecko) Chrome/120.0.0.0 Safari/537.36"
216.73.216.34 - - [15/Apr/2026:13:29:59 +0300] "GET /?t=19080183697201 HTTP/1.0" 200 15038 "-" "Mozilla/5.0 AppleWebKit/537.36 (KHTML, like Gecko; compatible; ClaudeBot/1.0; +claudebot@anthropic.com)"
20.63.209.197 - - [15/Apr/2026:13:30:01 +0300] "GET /m.php HTTP/1.0" 404 1874 "-" "Mozilla/5.0 (Windows NT 10.0; Win64; x64) AppleWebKit/537.36 (KHTML, like Gecko) Chrome/120.0.0.0 Safari/537.36"
20.63.209.197 - - [15/Apr/2026:13:30:04 +0300] "GET /rh.php HTTP/1.0" 404 1874 "-" "Mozilla/5.0 (Windows NT 10.0; Win64; x64) AppleWebKit/537.36 (KHTML, like Gecko) Chrome/120.0.0.0 Safari/537.36"
216.73.216.34 - - [15/Apr/2026:13:30:19 +0300] "GET /view/item/011377457123 HTTP/1.0" 404 1874 "-" "Mozilla/5.0 AppleWebKit/537.36 (KHTML, like Gecko; compatible; ClaudeBot/1.0; +claudebot@anthropic.com)"
216.73.216.34 - - [15/Apr/2026:13:30:52 +0300] "GET /?t=6139634830201 HTTP/1.0" 200 15037 "-" "Mozilla/5.0 AppleWebKit/537.36 (KHTML, like Gecko; compatible; ClaudeBot/1.0; +claudebot@anthropic.com)"
216.73.216.34 - - [15/Apr/2026:13:31:20 +0300] "GET /view/item/014294761873 HTTP/1.0" 404 1777 "-" "Mozilla/5.0 AppleWebKit/537.36 (KHTML, like Gecko; compatible; ClaudeBot/1.0; +claudebot@anthropic.com)"
216.73.216.34 - - [15/Apr/2026:13:31:44 +0300] "GET /?t=71737192585201 HTTP/1.0" 200 15133 "-" "Mozilla/5.0 AppleWebKit/537.36 (KHTML, like Gecko; compatible; ClaudeBot/1.0; +claudebot@anthropic.com)"
216.73.216.34 - - [15/Apr/2026:13:32:03 +0300] "GET /?t=17921210692901 HTTP/1.0" 200 15136 "-" "Mozilla/5.0 AppleWebKit/537.36 (KHTML, like Gecko; compatible; ClaudeBot/1.0; +claudebot@anthropic.com)"
216.73.216.34 - - [15/Apr/2026:13:32:06 +0300] "GET /?t=08099157914401 HTTP/1.0" 200 15134 "-" "Mozilla/5.0 AppleWebKit/537.36 (KHTML, like Gecko; compatible; ClaudeBot/1.0; +claudebot@anthropic.com)"
216.73.216.34 - - [15/Apr/2026:13:32:45 +0300] "GET /?t=61720199312901 HTTP/1.0" 200 15038 "-" "Mozilla/5.0 AppleWebKit/537.36 (KHTML, like Gecko; compatible; ClaudeBot/1.0; +claudebot@anthropic.com)"
216.73.216.34 - - [15/Apr/2026:13:33:13 +0300] "GET /?t=9094776667501 HTTP/1.0" 200 15133 "-" "Mozilla/5.0 AppleWebKit/537.36 (KHTML, like Gecko; compatible; ClaudeBot/1.0; +claudebot@anthropic.com)"
216.73.216.34 - - [15/Apr/2026:13:34:15 +0300] "GET /?t=74213166998601 HTTP/1.0" 200 15136 "-" "Mozilla/5.0 AppleWebKit/537.36 (KHTML, like Gecko; compatible; ClaudeBot/1.0; +claudebot@anthropic.com)"
216.73.216.34 - - [15/Apr/2026:13:34:49 +0300] "GET /?t=9714830566000 HTTP/1.0" 200 15041 "-" "Mozilla/5.0 AppleWebKit/537.36 (KHTML, like Gecko; compatible; ClaudeBot/1.0; +claudebot@anthropic.com)"
51.75.236.149 - - [15/Apr/2026:13:35:00 +0300] "GET /view/item/014039418130 HTTP/1.0" 404 1874 "-" "Mozilla/5.0 (compatible; AhrefsBot/7.0; +http://ahrefs.com/robot/)"
216.73.216.34 - - [15/Apr/2026:13:35:19 +0300] "GET /?t=8782826009400 HTTP/1.0" 200 15135 "-" "Mozilla/5.0 AppleWebKit/537.36 (KHTML, like Gecko; compatible; ClaudeBot/1.0; +claudebot@anthropic.com)"
216.73.216.34 - - [15/Apr/2026:13:35:52 +0300] "GET /?t=06572271002001 HTTP/1.0" 200 15039 "-" "Mozilla/5.0 AppleWebKit/537.36 (KHTML, like Gecko; compatible; ClaudeBot/1.0; +claudebot@anthropic.com)"
216.73.216.34 - - [15/Apr/2026:13:36:23 +0300] "GET /?t=09577270762201 HTTP/1.0" 200 15038 "-" "Mozilla/5.0 AppleWebKit/537.36 (KHTML, like Gecko; compatible; ClaudeBot/1.0; +claudebot@anthropic.com)"
66.249.64.129 - - [15/Apr/2026:13:36:43 +0300] "GET /etc/kaizen HTTP/1.0" 200 74623 "-" "Mozilla/5.0 (Linux; Android 6.0.1; Nexus 5X Build/MMB29P) AppleWebKit/537.36 (KHTML, like Gecko) Chrome/146.0.7680.177 Mobile Safari/537.36 (compatible; GoogleOther)"
216.73.216.34 - - [15/Apr/2026:13:36:53 +0300] "GET /?t=15212266458500 HTTP/1.0" 200 15133 "-" "Mozilla/5.0 AppleWebKit/537.36 (KHTML, like Gecko; compatible; ClaudeBot/1.0; +claudebot@anthropic.com)"
216.73.216.34 - - [15/Apr/2026:13:37:12 +0300] "GET /?t=21677239304501 HTTP/1.0" 200 15135 "-" "Mozilla/5.0 AppleWebKit/537.36 (KHTML, like Gecko; compatible; ClaudeBot/1.0; +claudebot@anthropic.com)"
66.249.64.132 - - [15/Apr/2026:13:37:21 +0300] "GET /rakuraku/IsAlive.htm?1775520000000&_=1775520000000 HTTP/1.0" 200 74374 "https://www.yalev-studio.ru/etc/kaizen" "Mozilla/5.0 (Linux; Android 6.0.1; Nexus 5X Build/MMB29P) AppleWebKit/537.36 (KHTML, like Gecko) Chrome/146.0.7680.177 Mobile Safari/537.36 (compatible; GoogleOther)"
216.73.216.34 - - [15/Apr/2026:13:37:46 +0300] "GET /?t=1264626537200 HTTP/1.0" 200 15038 "-" "Mozilla/5.0 AppleWebKit/537.36 (KHTML, like Gecko; compatible; ClaudeBot/1.0; +claudebot@anthropic.com)"
216.73.216.34 - - [15/Apr/2026:13:38:18 +0300] "GET /?t=8470734493600 HTTP/1.0" 200 15037 "-" "Mozilla/5.0 AppleWebKit/537.36 (KHTML, like Gecko; compatible; ClaudeBot/1.0; +claudebot@anthropic.com)"
66.249.64.128 - - [15/Apr/2026:13:38:33 +0300] "GET /service/office-planning-service HTTP/1.0" 200 74396 "-" "Mozilla/5.0 (Linux; Android 6.0.1; Nexus 5X Build/MMB29P) AppleWebKit/537.36 (KHTML, like Gecko) Chrome/146.0.7680.177 Mobile Safari/537.36 (compatible; GoogleOther)"
216.73.216.34 - - [15/Apr/2026:13:38:48 +0300] "GET /?t=96970154734701 HTTP/1.0" 200 15039 "-" "Mozilla/5.0 AppleWebKit/537.36 (KHTML, like Gecko; compatible; ClaudeBot/1.0; +claudebot@anthropic.com)"
66.249.64.132 - - [15/Apr/2026:13:38:53 +0300] "POST /kaunet/categoryshop/office/sitemap/KWf_CGmNaviPlusAjaxAction.jsp HTTP/1.0" 200 75306 "https://www.yalev-studio.ru/service/office-planning-service" "Mozilla/5.0 (Linux; Android 6.0.1; Nexus 5X Build/MMB29P) AppleWebKit/537.36 (KHTML, like Gecko) Chrome/146.0.7680.177 Mobile Safari/537.36 (compatible; GoogleOther)"
216.73.216.34 - - [15/Apr/2026:13:39:10 +0300] "GET /?t=99072165537101 HTTP/1.0" 200 15135 "-" "Mozilla/5.0 AppleWebKit/537.36 (KHTML, like Gecko; compatible; ClaudeBot/1.0; +claudebot@anthropic.com)"
216.73.216.34 - - [15/Apr/2026:13:39:45 +0300] "GET /?t=04048125876000 HTTP/1.0" 200 15137 "-" "Mozilla/5.0 AppleWebKit/537.36 (KHTML, like Gecko; compatible; ClaudeBot/1.0; +claudebot@anthropic.com)"
216.73.216.34 - - [15/Apr/2026:13:40:06 +0300] "GET /?t=4229865643201 HTTP/1.0" 200 15037 "-" "Mozilla/5.0 AppleWebKit/537.36 (KHTML, like Gecko; compatible; ClaudeBot/1.0; +claudebot@anthropic.com)"
216.73.216.34 - - [15/Apr/2026:13:40:37 +0300] "GET /?t=87620188560600 HTTP/1.0" 200 15038 "-" "Mozilla/5.0 AppleWebKit/537.36 (KHTML, like Gecko; compatible; ClaudeBot/1.0; +claudebot@anthropic.com)"
216.73.216.34 - - [15/Apr/2026:13:40:57 +0300] "GET /?t=80231202425500 HTTP/1.0" 200 15135 "-" "Mozilla/5.0 AppleWebKit/537.36 (KHTML, like Gecko; compatible; ClaudeBot/1.0; +claudebot@anthropic.com)"
94.154.35.236 - - [15/Apr/2026:13:41:17 +0300] "HEAD /new.tar.bz2 HTTP/1.1" 301 0 "-" "Mozilla/5.0 (Windows NT 10.0; Win64; x64) AppleWebKit/537.36 (KHTML, like Gecko) Chrome/101.0.4951.67 Safari/537.36"
94.154.35.236 - - [15/Apr/2026:13:41:17 +0300] "HEAD /new.tar.bz2 HTTP/1.0" 404 294 "-" "Mozilla/5.0 (Windows NT 10.0; Win64; x64) AppleWebKit/537.36 (KHTML, like Gecko) Chrome/101.0.4951.67 Safari/537.36"
216.73.216.34 - - [15/Apr/2026:13:41:29 +0300] "GET /?t=52210201745301 HTTP/1.0" 200 15039 "-" "Mozilla/5.0 AppleWebKit/537.36 (KHTML, like Gecko; compatible; ClaudeBot/1.0; +claudebot@anthropic.com)"
45.227.253.15 - - [15/Apr/2026:13:41:37 +0300] "GET /index.php/jk HTTP/1.1" 301 196 "-" "Mozilla/5.0 (Macintosh; Intel Mac OS X 10.15; rv:82.0) Gecko/20100101 Firefox/82.0"
45.227.253.15 - - [15/Apr/2026:13:41:37 +0300] "GET /index.php/jk HTTP/1.0" 200 210 "http://yalev-studio.ru/index.php/jk" "Mozilla/5.0 (Macintosh; Intel Mac OS X 10.15; rv:82.0) Gecko/20100101 Firefox/82.0"
216.73.216.34 - - [15/Apr/2026:13:41:59 +0300] "GET /?t=7055246719101 HTTP/1.0" 200 15134 "-" "Mozilla/5.0 AppleWebKit/537.36 (KHTML, like Gecko; compatible; ClaudeBot/1.0; +claudebot@anthropic.com)"
216.73.216.34 - - [15/Apr/2026:13:42:04 +0300] "GET /?t=5010094720101 HTTP/1.0" 200 15035 "-" "Mozilla/5.0 AppleWebKit/537.36 (KHTML, like Gecko; compatible; ClaudeBot/1.0; +claudebot@anthropic.com)"
216.73.216.34 - - [15/Apr/2026:13:42:10 +0300] "GET /?t=20237154222601 HTTP/1.0" 200 15038 "-" "Mozilla/5.0 AppleWebKit/537.36 (KHTML, like Gecko; compatible; ClaudeBot/1.0; +claudebot@anthropic.com)"
216.73.216.34 - - [15/Apr/2026:13:42:16 +0300] "GET /?t=0325088550700 HTTP/1.0" 200 15035 "-" "Mozilla/5.0 AppleWebKit/537.36 (KHTML, like Gecko; compatible; ClaudeBot/1.0; +claudebot@anthropic.com)"
216.73.216.34 - - [15/Apr/2026:13:42:22 +0300] "GET /?t=19020104821401 HTTP/1.0" 200 15038 "-" "Mozilla/5.0 AppleWebKit/537.36 (KHTML, like Gecko; compatible; ClaudeBot/1.0; +claudebot@anthropic.com)"
37.59.204.157 - - [15/Apr/2026:13:42:23 +0300] "GET /view/item/013942284031 HTTP/1.0" 404 1874 "-" "Mozilla/5.0 (compatible; AhrefsBot/7.0; +http://ahrefs.com/robot/)"
216.73.216.34 - - [15/Apr/2026:13:42:32 +0300] "GET /?t=8921294585401 HTTP/1.0" 200 15135 "-" "Mozilla/5.0 AppleWebKit/537.36 (KHTML, like Gecko; compatible; ClaudeBot/1.0; +claudebot@anthropic.com)"
216.73.216.34 - - [15/Apr/2026:13:42:36 +0300] "GET /?t=68197217907600 HTTP/1.0" 200 15038 "-" "Mozilla/5.0 AppleWebKit/537.36 (KHTML, like Gecko; compatible; ClaudeBot/1.0; +claudebot@anthropic.com)"
216.73.216.34 - - [15/Apr/2026:13:42:42 +0300] "GET /?t=37255147635700 HTTP/1.0" 200 15035 "-" "Mozilla/5.0 AppleWebKit/537.36 (KHTML, like Gecko; compatible; ClaudeBot/1.0; +claudebot@anthropic.com)"
216.73.216.34 - - [15/Apr/2026:13:42:50 +0300] "GET /?t=43967192520000 HTTP/1.0" 200 15037 "-" "Mozilla/5.0 AppleWebKit/537.36 (KHTML, like Gecko; compatible; ClaudeBot/1.0; +claudebot@anthropic.com)"
216.73.216.34 - - [15/Apr/2026:13:42:56 +0300] "GET /?t=47590199460801 HTTP/1.0" 200 15039 "-" "Mozilla/5.0 AppleWebKit/537.36 (KHTML, like Gecko; compatible; ClaudeBot/1.0; +claudebot@anthropic.com)"
216.73.216.34 - - [15/Apr/2026:13:43:03 +0300] "GET /?t=01769201551900 HTTP/1.0" 200 15038 "-" "Mozilla/5.0 AppleWebKit/537.36 (KHTML, like Gecko; compatible; ClaudeBot/1.0; +claudebot@anthropic.com)"
66.249.76.39 - - [15/Apr/2026:13:43:07 +0300] "GET /kokuyo/ HTTP/1.0" 200 77426 "-" "Mozilla/5.0 (Linux; Android 6.0.1; Nexus 5X Build/MMB29P) AppleWebKit/537.36 (KHTML, like Gecko) Chrome/146.0.7680.177 Mobile Safari/537.36 (compatible; GoogleOther)"
216.73.216.34 - - [15/Apr/2026:13:43:12 +0300] "GET /?t=4688026012001 HTTP/1.0" 200 15132 "-" "Mozilla/5.0 AppleWebKit/537.36 (KHTML, like Gecko; compatible; ClaudeBot/1.0; +claudebot@anthropic.com)"
216.73.216.34 - - [15/Apr/2026:13:43:17 +0300] "GET /?t=1280246619700 HTTP/1.0" 200 15035 "-" "Mozilla/5.0 AppleWebKit/537.36 (KHTML, like Gecko; compatible; ClaudeBot/1.0; +claudebot@anthropic.com)"
66.249.64.132 - - [15/Apr/2026:13:43:20 +0300] "GET /kaunet/categoryshop/office/sitemap/KWf_CMmGetMemAttrAjaxAction.jsp?IS_LOGIN=false&_=1775520000000 HTTP/1.0" 200 74431 "https://www.yalev-studio.ru/kokuyo/" "Mozilla/5.0 (Linux; Android 6.0.1; Nexus 5X Build/MMB29P) AppleWebKit/537.36 (KHTML, like Gecko) Chrome/146.0.7680.177 Mobile Safari/537.36 (compatible; GoogleOther)"
216.73.216.34 - - [15/Apr/2026:13:43:24 +0300] "GET /?t=2989176092300 HTTP/1.0" 200 15034 "-" "Mozilla/5.0 AppleWebKit/537.36 (KHTML, like Gecko; compatible; ClaudeBot/1.0; +claudebot@anthropic.com)"
216.73.216.34 - - [15/Apr/2026:13:43:31 +0300] "GET /?t=89028199842501 HTTP/1.0" 200 15037 "-" "Mozilla/5.0 AppleWebKit/537.36 (KHTML, like Gecko; compatible; ClaudeBot/1.0; +claudebot@anthropic.com)"
216.73.216.34 - - [15/Apr/2026:13:43:38 +0300] "GET /?t=37101159305401 HTTP/1.0" 200 15036 "-" "Mozilla/5.0 AppleWebKit/537.36 (KHTML, like Gecko; compatible; ClaudeBot/1.0; +claudebot@anthropic.com)"
216.73.216.34 - - [15/Apr/2026:13:43:46 +0300] "GET /?t=22470107057701 HTTP/1.0" 200 15037 "-" "Mozilla/5.0 AppleWebKit/537.36 (KHTML, like Gecko; compatible; ClaudeBot/1.0; +claudebot@anthropic.com)"
216.73.216.34 - - [15/Apr/2026:13:43:55 +0300] "GET /?t=16699239597701 HTTP/1.0" 200 15038 "-" "Mozilla/5.0 AppleWebKit/537.36 (KHTML, like Gecko; compatible; ClaudeBot/1.0; +claudebot@anthropic.com)"
216.73.216.34 - - [15/Apr/2026:13:44:05 +0300] "GET /?t=21391185511400 HTTP/1.0" 200 15036 "-" "Mozilla/5.0 AppleWebKit/537.36 (KHTML, like Gecko; compatible; ClaudeBot/1.0; +claudebot@anthropic.com)"
216.73.216.34 - - [15/Apr/2026:13:44:12 +0300] "GET /?t=35907288201700 HTTP/1.0" 200 15135 "-" "Mozilla/5.0 AppleWebKit/537.36 (KHTML, like Gecko; compatible; ClaudeBot/1.0; +claudebot@anthropic.com)"
216.73.216.34 - - [15/Apr/2026:13:44:20 +0300] "GET /?t=80270274792201 HTTP/1.0" 200 15134 "-" "Mozilla/5.0 AppleWebKit/537.36 (KHTML, like Gecko; compatible; ClaudeBot/1.0; +claudebot@anthropic.com)"
216.73.216.34 - - [15/Apr/2026:13:44:28 +0300] "GET /?t=04897272723701 HTTP/1.0" 200 15037 "-" "Mozilla/5.0 AppleWebKit/537.36 (KHTML, like Gecko; compatible; ClaudeBot/1.0; +claudebot@anthropic.com)"
216.73.216.34 - - [15/Apr/2026:13:44:38 +0300] "GET /?t=91084159727401 HTTP/1.0" 200 15038 "-" "Mozilla/5.0 AppleWebKit/537.36 (KHTML, like Gecko; compatible; ClaudeBot/1.0; +claudebot@anthropic.com)"
216.73.216.34 - - [15/Apr/2026:13:44:48 +0300] "GET /?t=9978664282001 HTTP/1.0" 200 15039 "-" "Mozilla/5.0 AppleWebKit/537.36 (KHTML, like Gecko; compatible; ClaudeBot/1.0; +claudebot@anthropic.com)"
66.249.76.41 - - [15/Apr/2026:13:44:46 +0300] "GET /kaucore HTTP/1.0" 200 76954 "-" "Mozilla/5.0 (Linux; Android 6.0.1; Nexus 5X Build/MMB29P) AppleWebKit/537.36 (KHTML, like Gecko) Chrome/146.0.7680.177 Mobile Safari/537.36 (compatible; GoogleOther)"
216.73.216.34 - - [15/Apr/2026:13:44:58 +0300] "GET /?t=92776159666100 HTTP/1.0" 200 15037 "-" "Mozilla/5.0 AppleWebKit/537.36 (KHTML, like Gecko; compatible; ClaudeBot/1.0; +claudebot@anthropic.com)"
66.249.76.41 - - [15/Apr/2026:13:45:00 +0300] "GET /rakuraku/IsAlive.htm?1775520000000&_=1775520000000 HTTP/1.0" 200 74374 "https://www.yalev-studio.ru/kaucore" "Mozilla/5.0 (Linux; Android 6.0.1; Nexus 5X Build/MMB29P) AppleWebKit/537.36 (KHTML, like Gecko) Chrome/146.0.7680.177 Mobile Safari/537.36 (compatible; GoogleOther)"
216.73.216.34 - - [15/Apr/2026:13:45:08 +0300] "GET /?t=25839271237900 HTTP/1.0" 200 15038 "-" "Mozilla/5.0 AppleWebKit/537.36 (KHTML, like Gecko; compatible; ClaudeBot/1.0; +claudebot@anthropic.com)"
216.73.216.34 - - [15/Apr/2026:13:45:19 +0300] "GET /?t=04552154604200 HTTP/1.0" 200 15039 "-" "Mozilla/5.0 AppleWebKit/537.36 (KHTML, like Gecko; compatible; ClaudeBot/1.0; +claudebot@anthropic.com)"
216.73.216.34 - - [15/Apr/2026:13:45:34 +0300] "GET /view/item/012468080946 HTTP/1.0" 404 1874 "-" "Mozilla/5.0 AppleWebKit/537.36 (KHTML, like Gecko; compatible; ClaudeBot/1.0; +claudebot@anthropic.com)"
216.73.216.34 - - [15/Apr/2026:13:45:40 +0300] "GET /?t=96202201356700 HTTP/1.0" 200 15136 "-" "Mozilla/5.0 AppleWebKit/537.36 (KHTML, like Gecko; compatible; ClaudeBot/1.0; +claudebot@anthropic.com)"
216.73.216.34 - - [15/Apr/2026:13:45:47 +0300] "GET /?t=62860116619600 HTTP/1.0" 200 15038 "-" "Mozilla/5.0 AppleWebKit/537.36 (KHTML, like Gecko; compatible; ClaudeBot/1.0; +claudebot@anthropic.com)"
216.73.216.34 - - [15/Apr/2026:13:46:02 +0300] "GET /?t=47974188317400 HTTP/1.0" 200 15133 "-" "Mozilla/5.0 AppleWebKit/537.36 (KHTML, like Gecko; compatible; ClaudeBot/1.0; +claudebot@anthropic.com)"
216.73.216.34 - - [15/Apr/2026:13:46:09 +0300] "GET /view/item/012305400997 HTTP/1.0" 404 1777 "-" "Mozilla/5.0 AppleWebKit/537.36 (KHTML, like Gecko; compatible; ClaudeBot/1.0; +claudebot@anthropic.com)"
216.73.216.34 - - [15/Apr/2026:13:46:20 +0300] "GET /?t=83171239555500 HTTP/1.0" 200 15036 "-" "Mozilla/5.0 AppleWebKit/537.36 (KHTML, like Gecko; compatible; ClaudeBot/1.0; +claudebot@anthropic.com)"
216.73.216.34 - - [15/Apr/2026:13:46:31 +0300] "GET /?t=0804126857701 HTTP/1.0" 200 15037 "-" "Mozilla/5.0 AppleWebKit/537.36 (KHTML, like Gecko; compatible; ClaudeBot/1.0; +claudebot@anthropic.com)"
216.73.216.34 - - [15/Apr/2026:13:46:42 +0300] "GET /?t=8919488792201 HTTP/1.0" 200 15036 "-" "Mozilla/5.0 AppleWebKit/537.36 (KHTML, like Gecko; compatible; ClaudeBot/1.0; +claudebot@anthropic.com)"
216.73.216.34 - - [15/Apr/2026:13:46:53 +0300] "GET /?t=11297271431900 HTTP/1.0" 200 15038 "-" "Mozilla/5.0 AppleWebKit/537.36 (KHTML, like Gecko; compatible; ClaudeBot/1.0; +claudebot@anthropic.com)"
216.73.216.34 - - [15/Apr/2026:13:47:20 +0300] "GET /?t=2860976102000 HTTP/1.0" 200 15134 "-" "Mozilla/5.0 AppleWebKit/537.36 (KHTML, like Gecko; compatible; ClaudeBot/1.0; +claudebot@anthropic.com)"
216.73.216.34 - - [15/Apr/2026:13:47:26 +0300] "GET /?t=97271274900401 HTTP/1.0" 200 15038 "-" "Mozilla/5.0 AppleWebKit/537.36 (KHTML, like Gecko; compatible; ClaudeBot/1.0; +claudebot@anthropic.com)"
216.73.216.34 - - [15/Apr/2026:13:47:43 +0300] "GET /view/item/011378663649 HTTP/1.0" 404 1874 "-" "Mozilla/5.0 AppleWebKit/537.36 (KHTML, like Gecko; compatible; ClaudeBot/1.0; +claudebot@anthropic.com)"
216.73.216.34 - - [15/Apr/2026:13:48:23 +0300] "GET /?t=62828116330601 HTTP/1.0" 200 15135 "-" "Mozilla/5.0 AppleWebKit/537.36 (KHTML, like Gecko; compatible; ClaudeBot/1.0; +claudebot@anthropic.com)"
216.73.216.34 - - [15/Apr/2026:13:48:36 +0300] "GET /?t=2208530432001 HTTP/1.0" 200 15134 "-" "Mozilla/5.0 AppleWebKit/537.36 (KHTML, like Gecko; compatible; ClaudeBot/1.0; +claudebot@anthropic.com)"
216.73.216.34 - - [15/Apr/2026:13:48:54 +0300] "GET /?t=8908788955700 HTTP/1.0" 200 15135 "-" "Mozilla/5.0 AppleWebKit/537.36 (KHTML, like Gecko; compatible; ClaudeBot/1.0; +claudebot@anthropic.com)"
216.73.216.34 - - [15/Apr/2026:13:49:01 +0300] "GET /?t=72711226527900 HTTP/1.0" 200 15038 "-" "Mozilla/5.0 AppleWebKit/537.36 (KHTML, like Gecko; compatible; ClaudeBot/1.0; +claudebot@anthropic.com)"
216.73.216.34 - - [15/Apr/2026:13:49:20 +0300] "GET /?t=89196243765601 HTTP/1.0" 200 15136 "-" "Mozilla/5.0 AppleWebKit/537.36 (KHTML, like Gecko; compatible; ClaudeBot/1.0; +claudebot@anthropic.com)"
216.73.216.34 - - [15/Apr/2026:13:49:27 +0300] "GET /?t=000207262001 HTTP/1.0" 200 15039 "-" "Mozilla/5.0 AppleWebKit/537.36 (KHTML, like Gecko; compatible; ClaudeBot/1.0; +claudebot@anthropic.com)"
51.75.236.158 - - [15/Apr/2026:13:49:31 +0300] "GET /view/item/013521264851 HTTP/1.0" 404 1874 "-" "Mozilla/5.0 (compatible; AhrefsBot/7.0; +http://ahrefs.com/robot/)"
216.73.216.34 - - [15/Apr/2026:13:49:39 +0300] "GET /?t=880767792001 HTTP/1.0" 200 15038 "-" "Mozilla/5.0 AppleWebKit/537.36 (KHTML, like Gecko; compatible; ClaudeBot/1.0; +claudebot@anthropic.com)"
216.73.216.34 - - [15/Apr/2026:13:49:53 +0300] "GET /?t=75792201861600 HTTP/1.0" 200 15135 "-" "Mozilla/5.0 AppleWebKit/537.36 (KHTML, like Gecko; compatible; ClaudeBot/1.0; +claudebot@anthropic.com)"
216.73.216.34 - - [15/Apr/2026:13:50:04 +0300] "GET /?t=08029274184401 HTTP/1.0" 200 15136 "-" "Mozilla/5.0 AppleWebKit/537.36 (KHTML, like Gecko; compatible; ClaudeBot/1.0; +claudebot@anthropic.com)"
216.73.216.34 - - [15/Apr/2026:13:50:11 +0300] "GET /?t=085287314801 HTTP/1.0" 200 15037 "-" "Mozilla/5.0 AppleWebKit/537.36 (KHTML, like Gecko; compatible; ClaudeBot/1.0; +claudebot@anthropic.com)"
216.73.216.34 - - [15/Apr/2026:13:50:23 +0300] "GET /?t=250077415200 HTTP/1.0" 200 15037 "-" "Mozilla/5.0 AppleWebKit/537.36 (KHTML, like Gecko; compatible; ClaudeBot/1.0; +claudebot@anthropic.com)"
216.73.216.34 - - [15/Apr/2026:13:50:35 +0300] "GET /?t=9680432049600 HTTP/1.0" 200 15038 "-" "Mozilla/5.0 AppleWebKit/537.36 (KHTML, like Gecko; compatible; ClaudeBot/1.0; +claudebot@anthropic.com)"
216.73.216.34 - - [15/Apr/2026:13:50:47 +0300] "GET /?t=1790791006700 HTTP/1.0" 200 15038 "-" "Mozilla/5.0 AppleWebKit/537.36 (KHTML, like Gecko; compatible; ClaudeBot/1.0; +claudebot@anthropic.com)"
216.73.216.34 - - [15/Apr/2026:13:50:58 +0300] "GET /?t=84892239733001 HTTP/1.0" 200 15135 "-" "Mozilla/5.0 AppleWebKit/537.36 (KHTML, like Gecko; compatible; ClaudeBot/1.0; +claudebot@anthropic.com)"
216.73.216.34 - - [15/Apr/2026:13:51:06 +0300] "GET /?t=47219217772000 HTTP/1.0" 200 15039 "-" "Mozilla/5.0 AppleWebKit/537.36 (KHTML, like Gecko; compatible; ClaudeBot/1.0; +claudebot@anthropic.com)"
216.73.216.34 - - [15/Apr/2026:13:51:18 +0300] "GET /?t=3379164995201 HTTP/1.0" 200 15036 "-" "Mozilla/5.0 AppleWebKit/537.36 (KHTML, like Gecko; compatible; ClaudeBot/1.0; +claudebot@anthropic.com)"
216.73.216.34 - - [15/Apr/2026:13:51:30 +0300] "GET /?t=2281146782001 HTTP/1.0" 200 15038 "-" "Mozilla/5.0 AppleWebKit/537.36 (KHTML, like Gecko; compatible; ClaudeBot/1.0; +claudebot@anthropic.com)"
66.249.64.128 - - [15/Apr/2026:13:51:52 +0300] "GET /service/gift-card HTTP/1.0" 200 75430 "-" "Mozilla/5.0 (Linux; Android 6.0.1; Nexus 5X Build/MMB29P) AppleWebKit/537.36 (KHTML, like Gecko) Chrome/146.0.7680.177 Mobile Safari/537.36 (compatible; GoogleOther)"
216.73.216.34 - - [15/Apr/2026:13:51:58 +0300] "GET /?t=79917185089001 HTTP/1.0" 200 15037 "-" "Mozilla/5.0 AppleWebKit/537.36 (KHTML, like Gecko; compatible; ClaudeBot/1.0; +claudebot@anthropic.com)"
66.249.76.41 - - [15/Apr/2026:13:52:03 +0300] "POST /kaunet/categoryshop/office/sitemap/KWf_CGmNaviPlusAjaxAction.jsp HTTP/1.0" 200 75306 "https://www.yalev-studio.ru/service/gift-card" "Mozilla/5.0 (Linux; Android 6.0.1; Nexus 5X Build/MMB29P) AppleWebKit/537.36 (KHTML, like Gecko) Chrome/146.0.7680.177 Mobile Safari/537.36 (compatible; GoogleOther)"
216.73.216.34 - - [15/Apr/2026:13:52:06 +0300] "GET /?t=0100834441900 HTTP/1.0" 200 15134 "-" "Mozilla/5.0 AppleWebKit/537.36 (KHTML, like Gecko; compatible; ClaudeBot/1.0; +claudebot@anthropic.com)"
216.73.216.34 - - [15/Apr/2026:13:52:30 +0300] "GET /?t=8274530666401 HTTP/1.0" 200 15037 "-" "Mozilla/5.0 AppleWebKit/537.36 (KHTML, like Gecko; compatible; ClaudeBot/1.0; +claudebot@anthropic.com)"
216.73.216.34 - - [15/Apr/2026:13:52:38 +0300] "GET /?t=77180260484101 HTTP/1.0" 200 15135 "-" "Mozilla/5.0 AppleWebKit/537.36 (KHTML, like Gecko; compatible; ClaudeBot/1.0; +claudebot@anthropic.com)"
216.73.216.34 - - [15/Apr/2026:13:53:02 +0300] "GET /?t=0176991362200 HTTP/1.0" 200 15036 "-" "Mozilla/5.0 AppleWebKit/537.36 (KHTML, like Gecko; compatible; ClaudeBot/1.0; +claudebot@anthropic.com)"
216.73.216.34 - - [15/Apr/2026:13:53:16 +0300] "GET /?t=87722140583301 HTTP/1.0" 200 15039 "-" "Mozilla/5.0 AppleWebKit/537.36 (KHTML, like Gecko; compatible; ClaudeBot/1.0; +claudebot@anthropic.com)"
216.73.216.34 - - [15/Apr/2026:13:53:41 +0300] "GET /?t=9760135932201 HTTP/1.0" 200 15037 "-" "Mozilla/5.0 AppleWebKit/537.36 (KHTML, like Gecko; compatible; ClaudeBot/1.0; +claudebot@anthropic.com)"
216.73.216.34 - - [15/Apr/2026:13:53:48 +0300] "GET /?t=8065764835501 HTTP/1.0" 200 15135 "-" "Mozilla/5.0 AppleWebKit/537.36 (KHTML, like Gecko; compatible; ClaudeBot/1.0; +claudebot@anthropic.com)"
216.73.216.34 - - [15/Apr/2026:13:54:10 +0300] "GET /?t=02180140975701 HTTP/1.0" 200 15038 "-" "Mozilla/5.0 AppleWebKit/537.36 (KHTML, like Gecko; compatible; ClaudeBot/1.0; +claudebot@anthropic.com)"
216.73.216.34 - - [15/Apr/2026:13:54:34 +0300] "GET /?t=0779565896501 HTTP/1.0" 200 15035 "-" "Mozilla/5.0 AppleWebKit/537.36 (KHTML, like Gecko; compatible; ClaudeBot/1.0; +claudebot@anthropic.com)"
216.73.216.34 - - [15/Apr/2026:13:54:43 +0300] "GET /?t=77055201222701 HTTP/1.0" 200 15134 "-" "Mozilla/5.0 AppleWebKit/537.36 (KHTML, like Gecko; compatible; ClaudeBot/1.0; +claudebot@anthropic.com)"
216.73.216.34 - - [15/Apr/2026:13:55:07 +0300] "GET /view/item/011088348039 HTTP/1.0" 404 1777 "-" "Mozilla/5.0 AppleWebKit/537.36 (KHTML, like Gecko; compatible; ClaudeBot/1.0; +claudebot@anthropic.com)"
216.73.216.34 - - [15/Apr/2026:13:55:38 +0300] "GET /?t=79199239852800 HTTP/1.0" 200 15137 "-" "Mozilla/5.0 AppleWebKit/537.36 (KHTML, like Gecko; compatible; ClaudeBot/1.0; +claudebot@anthropic.com)"
216.73.216.34 - - [15/Apr/2026:13:55:49 +0300] "GET /robots.txt HTTP/1.0" 200 395 "-" "Mozilla/5.0 AppleWebKit/537.36 (KHTML, like Gecko; compatible; ClaudeBot/1.0; +claudebot@anthropic.com)"
216.73.216.34 - - [15/Apr/2026:13:55:49 +0300] "GET /?t=2175165080201 HTTP/1.0" 200 15133 "-" "Mozilla/5.0 AppleWebKit/537.36 (KHTML, like Gecko; compatible; ClaudeBot/1.0; +claudebot@anthropic.com)"
216.73.216.34 - - [15/Apr/2026:13:56:12 +0300] "GET /?t=7206765997900 HTTP/1.0" 200 15138 "-" "Mozilla/5.0 AppleWebKit/537.36 (KHTML, like Gecko; compatible; ClaudeBot/1.0; +claudebot@anthropic.com)"
37.59.204.159 - - [15/Apr/2026:13:56:27 +0300] "GET /view/item/013201736861 HTTP/1.0" 404 1874 "-" "Mozilla/5.0 (compatible; AhrefsBot/7.0; +http://ahrefs.com/robot/)"
216.73.216.34 - - [15/Apr/2026:13:56:36 +0300] "GET /?t=8208964623100 HTTP/1.0" 200 15039 "-" "Mozilla/5.0 AppleWebKit/537.36 (KHTML, like Gecko; compatible; ClaudeBot/1.0; +claudebot@anthropic.com)"
216.73.216.34 - - [15/Apr/2026:13:56:47 +0300] "GET /?t=7787134384500 HTTP/1.0" 200 15040 "-" "Mozilla/5.0 AppleWebKit/537.36 (KHTML, like Gecko; compatible; ClaudeBot/1.0; +claudebot@anthropic.com)"
216.73.216.34 - - [15/Apr/2026:13:56:59 +0300] "GET /?t=00620140729601 HTTP/1.0" 200 15135 "-" "Mozilla/5.0 AppleWebKit/537.36 (KHTML, like Gecko; compatible; ClaudeBot/1.0; +claudebot@anthropic.com)"
216.73.216.34 - - [15/Apr/2026:13:57:24 +0300] "GET /?t=26317152531700 HTTP/1.0" 200 15132 "-" "Mozilla/5.0 AppleWebKit/537.36 (KHTML, like Gecko; compatible; ClaudeBot/1.0; +claudebot@anthropic.com)"
216.73.216.34 - - [15/Apr/2026:13:57:33 +0300] "GET /?t=56127260554201 HTTP/1.0" 200 15134 "-" "Mozilla/5.0 AppleWebKit/537.36 (KHTML, like Gecko; compatible; ClaudeBot/1.0; +claudebot@anthropic.com)"
216.73.216.34 - - [15/Apr/2026:13:57:52 +0300] "GET /?t=8622632578100 HTTP/1.0" 200 15038 "-" "Mozilla/5.0 AppleWebKit/537.36 (KHTML, like Gecko; compatible; ClaudeBot/1.0; +claudebot@anthropic.com)"
216.73.216.34 - - [15/Apr/2026:13:58:06 +0300] "GET /?t=5932932742301 HTTP/1.0" 200 15039 "-" "Mozilla/5.0 AppleWebKit/537.36 (KHTML, like Gecko; compatible; ClaudeBot/1.0; +claudebot@anthropic.com)"
216.73.216.34 - - [15/Apr/2026:13:58:28 +0300] "GET /?t=201157420501 HTTP/1.0" 200 15133 "-" "Mozilla/5.0 AppleWebKit/537.36 (KHTML, like Gecko; compatible; ClaudeBot/1.0; +claudebot@anthropic.com)"
216.73.216.34 - - [15/Apr/2026:13:58:51 +0300] "GET /?t=183997718201 HTTP/1.0" 200 15039 "-" "Mozilla/5.0 AppleWebKit/537.36 (KHTML, like Gecko; compatible; ClaudeBot/1.0; +claudebot@anthropic.com)"
216.73.216.34 - - [15/Apr/2026:13:59:00 +0300] "GET /?t=9881464037101 HTTP/1.0" 200 15134 "-" "Mozilla/5.0 AppleWebKit/537.36 (KHTML, like Gecko; compatible; ClaudeBot/1.0; +claudebot@anthropic.com)"
216.73.216.34 - - [15/Apr/2026:13:59:22 +0300] "GET /?t=1016835754201 HTTP/1.0" 200 15135 "-" "Mozilla/5.0 AppleWebKit/537.36 (KHTML, like Gecko; compatible; ClaudeBot/1.0; +claudebot@anthropic.com)"
216.73.216.34 - - [15/Apr/2026:14:00:03 +0300] "GET /?t=8091034473801 HTTP/1.0" 200 15134 "-" "Mozilla/5.0 AppleWebKit/537.36 (KHTML, like Gecko; compatible; ClaudeBot/1.0; +claudebot@anthropic.com)"
216.73.216.34 - - [15/Apr/2026:14:00:27 +0300] "GET /?t=40985111126900 HTTP/1.0" 200 15133 "-" "Mozilla/5.0 AppleWebKit/537.36 (KHTML, like Gecko; compatible; ClaudeBot/1.0; +claudebot@anthropic.com)"
216.73.216.34 - - [15/Apr/2026:14:00:36 +0300] "GET /?t=07972217543701 HTTP/1.0" 200 15135 "-" "Mozilla/5.0 AppleWebKit/537.36 (KHTML, like Gecko; compatible; ClaudeBot/1.0; +claudebot@anthropic.com)"
216.73.216.34 - - [15/Apr/2026:14:00:59 +0300] "GET /?t=09822239017000 HTTP/1.0" 200 15134 "-" "Mozilla/5.0 AppleWebKit/537.36 (KHTML, like Gecko; compatible; ClaudeBot/1.0; +claudebot@anthropic.com)"
216.73.216.34 - - [15/Apr/2026:14:01:23 +0300] "GET /?t=8203732411601 HTTP/1.0" 200 15039 "-" "Mozilla/5.0 AppleWebKit/537.36 (KHTML, like Gecko; compatible; ClaudeBot/1.0; +claudebot@anthropic.com)"
216.73.216.34 - - [15/Apr/2026:14:01:33 +0300] "GET /?t=9908088134701 HTTP/1.0" 200 15137 "-" "Mozilla/5.0 AppleWebKit/537.36 (KHTML, like Gecko; compatible; ClaudeBot/1.0; +claudebot@anthropic.com)"
216.73.216.34 - - [15/Apr/2026:14:01:58 +0300] "GET /?t=2924935558201 HTTP/1.0" 200 15136 "-" "Mozilla/5.0 AppleWebKit/537.36 (KHTML, like Gecko; compatible; ClaudeBot/1.0; +claudebot@anthropic.com)"
216.73.216.34 - - [15/Apr/2026:14:02:03 +0300] "GET /?t=72697271078701 HTTP/1.0" 200 15135 "-" "Mozilla/5.0 AppleWebKit/537.36 (KHTML, like Gecko; compatible; ClaudeBot/1.0; +claudebot@anthropic.com)"
216.73.216.34 - - [15/Apr/2026:14:02:29 +0300] "GET /view/item/013772387812 HTTP/1.0" 404 1777 "-" "Mozilla/5.0 AppleWebKit/537.36 (KHTML, like Gecko; compatible; ClaudeBot/1.0; +claudebot@anthropic.com)"
216.73.216.34 - - [15/Apr/2026:14:02:45 +0300] "GET /?t=90614288917101 HTTP/1.0" 200 15040 "-" "Mozilla/5.0 AppleWebKit/537.36 (KHTML, like Gecko; compatible; ClaudeBot/1.0; +claudebot@anthropic.com)"
87.250.224.208 - - [15/Apr/2026:14:02:56 +0300] "GET /robots.txt HTTP/1.0" 200 351 "-" "Mozilla/5.0 (compatible; YandexBot/3.0; +http://yandex.com/bots)"
87.250.224.210 - - [15/Apr/2026:14:02:57 +0300] "GET /templates/shaper_helixultimate/images/favicon.ico HTTP/1.0" 200 1414 "-" "Mozilla/5.0 (compatible; YandexFavicons/1.0; +http://yandex.com/bots)"
216.73.216.34 - - [15/Apr/2026:14:03:07 +0300] "GET /?t=08707201438501 HTTP/1.0" 200 15038 "-" "Mozilla/5.0 AppleWebKit/537.36 (KHTML, like Gecko; compatible; ClaudeBot/1.0; +claudebot@anthropic.com)"
216.73.216.34 - - [15/Apr/2026:14:03:12 +0300] "GET /?t=0489932602000 HTTP/1.0" 200 15038 "-" "Mozilla/5.0 AppleWebKit/537.36 (KHTML, like Gecko; compatible; ClaudeBot/1.0; +claudebot@anthropic.com)"
216.73.216.34 - - [15/Apr/2026:14:03:36 +0300] "GET /?t=37896135877101 HTTP/1.0" 200 15036 "-" "Mozilla/5.0 AppleWebKit/537.36 (KHTML, like Gecko; compatible; ClaudeBot/1.0; +claudebot@anthropic.com)"
216.73.216.34 - - [15/Apr/2026:14:03:43 +0300] "GET /?t=8190888041900 HTTP/1.0" 200 15134 "-" "Mozilla/5.0 AppleWebKit/537.36 (KHTML, like Gecko; compatible; ClaudeBot/1.0; +claudebot@anthropic.com)"
51.68.247.215 - - [15/Apr/2026:14:03:48 +0300] "GET /view/item/013084659971 HTTP/1.0" 404 1874 "-" "Mozilla/5.0 (compatible; AhrefsBot/7.0; +http://ahrefs.com/robot/)"
216.73.216.34 - - [15/Apr/2026:14:04:11 +0300] "GET /?t=9979027793000 HTTP/1.0" 200 15036 "-" "Mozilla/5.0 AppleWebKit/537.36 (KHTML, like Gecko; compatible; ClaudeBot/1.0; +claudebot@anthropic.com)"
216.73.216.34 - - [15/Apr/2026:14:04:18 +0300] "GET /?t=67974201557400 HTTP/1.0" 200 15135 "-" "Mozilla/5.0 AppleWebKit/537.36 (KHTML, like Gecko; compatible; ClaudeBot/1.0; +claudebot@anthropic.com)"
216.73.216.34 - - [15/Apr/2026:14:04:39 +0300] "GET /?t=0802835417700 HTTP/1.0" 200 15038 "-" "Mozilla/5.0 AppleWebKit/537.36 (KHTML, like Gecko; compatible; ClaudeBot/1.0; +claudebot@anthropic.com)"
216.73.216.34 - - [15/Apr/2026:14:04:53 +0300] "GET /?t=222707952801 HTTP/1.0" 200 15035 "-" "Mozilla/5.0 AppleWebKit/537.36 (KHTML, like Gecko; compatible; ClaudeBot/1.0; +claudebot@anthropic.com)"
216.73.216.34 - - [15/Apr/2026:14:05:18 +0300] "GET /?t=89170111140001 HTTP/1.0" 200 15036 "-" "Mozilla/5.0 AppleWebKit/537.36 (KHTML, like Gecko; compatible; ClaudeBot/1.0; +claudebot@anthropic.com)"
216.73.216.34 - - [15/Apr/2026:14:05:25 +0300] "GET /?t=49185157447600 HTTP/1.0" 200 15131 "-" "Mozilla/5.0 AppleWebKit/537.36 (KHTML, like Gecko; compatible; ClaudeBot/1.0; +claudebot@anthropic.com)"
216.73.216.34 - - [15/Apr/2026:14:05:49 +0300] "GET /?t=63902166328301 HTTP/1.0" 200 15037 "-" "Mozilla/5.0 AppleWebKit/537.36 (KHTML, like Gecko; compatible; ClaudeBot/1.0; +claudebot@anthropic.com)"
216.73.216.34 - - [15/Apr/2026:14:05:57 +0300] "GET /view/item/014131780197 HTTP/1.0" 404 1874 "-" "Mozilla/5.0 AppleWebKit/537.36 (KHTML, like Gecko; compatible; ClaudeBot/1.0; +claudebot@anthropic.com)"
216.73.216.34 - - [15/Apr/2026:14:06:21 +0300] "GET /?t=57301201909900 HTTP/1.0" 200 15039 "-" "Mozilla/5.0 AppleWebKit/537.36 (KHTML, like Gecko; compatible; ClaudeBot/1.0; +claudebot@anthropic.com)"
216.73.216.34 - - [15/Apr/2026:14:06:35 +0300] "GET /view/item/01577439506 HTTP/1.0" 404 1777 "-" "Mozilla/5.0 AppleWebKit/537.36 (KHTML, like Gecko; compatible; ClaudeBot/1.0; +claudebot@anthropic.com)"
216.73.216.34 - - [15/Apr/2026:14:07:07 +0300] "GET /view/item/01693718375 HTTP/1.0" 404 1777 "-" "Mozilla/5.0 AppleWebKit/537.36 (KHTML, like Gecko; compatible; ClaudeBot/1.0; +claudebot@anthropic.com)"
216.73.216.34 - - [15/Apr/2026:14:07:31 +0300] "GET /view/item/01686338886 HTTP/1.0" 404 1777 "-" "Mozilla/5.0 AppleWebKit/537.36 (KHTML, like Gecko; compatible; ClaudeBot/1.0; +claudebot@anthropic.com)"
216.73.216.34 - - [15/Apr/2026:14:07:41 +0300] "GET /view/item/0182153044 HTTP/1.0" 404 1874 "-" "Mozilla/5.0 AppleWebKit/537.36 (KHTML, like Gecko; compatible; ClaudeBot/1.0; +claudebot@anthropic.com)"
94.154.35.236 - - [15/Apr/2026:14:07:59 +0300] "HEAD /new.gz HTTP/1.1" 301 0 "-" "Mozilla/5.0 (Windows NT 10.0; Win64; x64) AppleWebKit/537.36 (KHTML, like Gecko) Chrome/101.0.4951.67 Safari/537.36"
94.154.35.236 - - [15/Apr/2026:14:08:00 +0300] "HEAD /new.gz HTTP/1.0" 404 294 "-" "Mozilla/5.0 (Windows NT 10.0; Win64; x64) AppleWebKit/537.36 (KHTML, like Gecko) Chrome/101.0.4951.67 Safari/537.36"
216.73.216.34 - - [15/Apr/2026:14:08:07 +0300] "GET /view/item/01458078086 HTTP/1.0" 404 1777 "-" "Mozilla/5.0 AppleWebKit/537.36 (KHTML, like Gecko; compatible; ClaudeBot/1.0; +claudebot@anthropic.com)"
216.73.216.34 - - [15/Apr/2026:14:08:12 +0300] "GET /view/item/012102335938 HTTP/1.0" 404 1874 "-" "Mozilla/5.0 AppleWebKit/537.36 (KHTML, like Gecko; compatible; ClaudeBot/1.0; +claudebot@anthropic.com)"
216.73.216.34 - - [15/Apr/2026:14:08:36 +0300] "GET /view/item/013605093053 HTTP/1.0" 404 1777 "-" "Mozilla/5.0 AppleWebKit/537.36 (KHTML, like Gecko; compatible; ClaudeBot/1.0; +claudebot@anthropic.com)"
216.73.216.34 - - [15/Apr/2026:14:08:45 +0300] "GET /?t=22288111343600 HTTP/1.0" 200 15135 "-" "Mozilla/5.0 AppleWebKit/537.36 (KHTML, like Gecko; compatible; ClaudeBot/1.0; +claudebot@anthropic.com)"
216.73.216.34 - - [15/Apr/2026:14:09:09 +0300] "GET /?t=024787403100 HTTP/1.0" 200 15037 "-" "Mozilla/5.0 AppleWebKit/537.36 (KHTML, like Gecko; compatible; ClaudeBot/1.0; +claudebot@anthropic.com)"
216.73.216.34 - - [15/Apr/2026:14:09:30 +0300] "GET /?t=871987459101 HTTP/1.0" 200 15132 "-" "Mozilla/5.0 AppleWebKit/537.36 (KHTML, like Gecko; compatible; ClaudeBot/1.0; +claudebot@anthropic.com)"
216.73.216.34 - - [15/Apr/2026:14:09:56 +0300] "GET /view/item/013965143977 HTTP/1.0" 404 1777 "-" "Mozilla/5.0 AppleWebKit/537.36 (KHTML, like Gecko; compatible; ClaudeBot/1.0; +claudebot@anthropic.com)"
216.73.216.34 - - [15/Apr/2026:14:10:02 +0300] "GET /view/item/011191253509 HTTP/1.0" 404 1874 "-" "Mozilla/5.0 AppleWebKit/537.36 (KHTML, like Gecko; compatible; ClaudeBot/1.0; +claudebot@anthropic.com)"
216.73.216.34 - - [15/Apr/2026:14:10:35 +0300] "GET /view/item/011340220290 HTTP/1.0" 404 1874 "-" "Mozilla/5.0 AppleWebKit/537.36 (KHTML, like Gecko; compatible; ClaudeBot/1.0; +claudebot@anthropic.com)"
176.31.139.10 - - [15/Apr/2026:14:10:58 +0300] "GET /view/item/013043640127 HTTP/1.0" 404 1874 "-" "Mozilla/5.0 (compatible; AhrefsBot/7.0; +http://ahrefs.com/robot/)"
216.73.216.34 - - [15/Apr/2026:14:10:59 +0300] "GET /view/item/011709645219 HTTP/1.0" 404 1777 "-" "Mozilla/5.0 AppleWebKit/537.36 (KHTML, like Gecko; compatible; ClaudeBot/1.0; +claudebot@anthropic.com)"
216.73.216.34 - - [15/Apr/2026:14:11:07 +0300] "GET /view/item/013161894928 HTTP/1.0" 404 1874 "-" "Mozilla/5.0 AppleWebKit/537.36 (KHTML, like Gecko; compatible; ClaudeBot/1.0; +claudebot@anthropic.com)"
216.73.216.34 - - [15/Apr/2026:14:11:26 +0300] "GET /view/item/012745538910 HTTP/1.0" 404 1777 "-" "Mozilla/5.0 AppleWebKit/537.36 (KHTML, like Gecko; compatible; ClaudeBot/1.0; +claudebot@anthropic.com)"
216.73.216.34 - - [15/Apr/2026:14:11:47 +0300] "GET /view/item/01302357943 HTTP/1.0" 404 1777 "-" "Mozilla/5.0 AppleWebKit/537.36 (KHTML, like Gecko; compatible; ClaudeBot/1.0; +claudebot@anthropic.com)"
216.73.216.34 - - [15/Apr/2026:14:11:56 +0300] "GET /?t=0976427201601 HTTP/1.0" 200 15133 "-" "Mozilla/5.0 AppleWebKit/537.36 (KHTML, like Gecko; compatible; ClaudeBot/1.0; +claudebot@anthropic.com)"
216.73.216.34 - - [15/Apr/2026:14:12:20 +0300] "GET /?t=02052278278701 HTTP/1.0" 200 15036 "-" "Mozilla/5.0 AppleWebKit/537.36 (KHTML, like Gecko; compatible; ClaudeBot/1.0; +claudebot@anthropic.com)"
216.73.216.34 - - [15/Apr/2026:14:12:31 +0300] "GET /?t=92359199057000 HTTP/1.0" 200 15135 "-" "Mozilla/5.0 AppleWebKit/537.36 (KHTML, like Gecko; compatible; ClaudeBot/1.0; +claudebot@anthropic.com)"
216.73.216.34 - - [15/Apr/2026:14:12:53 +0300] "GET /?t=8628064752201 HTTP/1.0" 200 15135 "-" "Mozilla/5.0 AppleWebKit/537.36 (KHTML, like Gecko; compatible; ClaudeBot/1.0; +claudebot@anthropic.com)"
216.73.216.34 - - [15/Apr/2026:14:13:25 +0300] "GET /?t=00380243256001 HTTP/1.0" 200 15138 "-" "Mozilla/5.0 AppleWebKit/537.36 (KHTML, like Gecko; compatible; ClaudeBot/1.0; +claudebot@anthropic.com)"
216.73.216.34 - - [15/Apr/2026:14:13:33 +0300] "GET /?t=28281188672000 HTTP/1.0" 200 15138 "-" "Mozilla/5.0 AppleWebKit/537.36 (KHTML, like Gecko; compatible; ClaudeBot/1.0; +claudebot@anthropic.com)"
216.73.216.34 - - [15/Apr/2026:14:13:57 +0300] "GET /?t=3420134849201 HTTP/1.0" 200 15039 "-" "Mozilla/5.0 AppleWebKit/537.36 (KHTML, like Gecko; compatible; ClaudeBot/1.0; +claudebot@anthropic.com)"
216.73.216.34 - - [15/Apr/2026:14:14:07 +0300] "GET /?t=2188265683501 HTTP/1.0" 200 15133 "-" "Mozilla/5.0 AppleWebKit/537.36 (KHTML, like Gecko; compatible; ClaudeBot/1.0; +claudebot@anthropic.com)"
216.73.216.34 - - [15/Apr/2026:14:14:30 +0300] "GET /?t=57712201855701 HTTP/1.0" 200 15037 "-" "Mozilla/5.0 AppleWebKit/537.36 (KHTML, like Gecko; compatible; ClaudeBot/1.0; +claudebot@anthropic.com)"
216.73.216.34 - - [15/Apr/2026:14:14:40 +0300] "GET /view/item/012913208219 HTTP/1.0" 404 1874 "-" "Mozilla/5.0 AppleWebKit/537.36 (KHTML, like Gecko; compatible; ClaudeBot/1.0; +claudebot@anthropic.com)"
216.73.216.34 - - [15/Apr/2026:14:15:04 +0300] "GET /view/item/011027295219 HTTP/1.0" 404 1874 "-" "Mozilla/5.0 AppleWebKit/537.36 (KHTML, like Gecko; compatible; ClaudeBot/1.0; +claudebot@anthropic.com)"
216.73.216.34 - - [15/Apr/2026:14:15:11 +0300] "GET /view/item/011392987356 HTTP/1.0" 404 1874 "-" "Mozilla/5.0 AppleWebKit/537.36 (KHTML, like Gecko; compatible; ClaudeBot/1.0; +claudebot@anthropic.com)"
216.73.216.34 - - [15/Apr/2026:14:15:34 +0300] "GET /view/item/012030196859 HTTP/1.0" 404 1777 "-" "Mozilla/5.0 AppleWebKit/537.36 (KHTML, like Gecko; compatible; ClaudeBot/1.0; +claudebot@anthropic.com)"
216.73.216.34 - - [15/Apr/2026:14:15:46 +0300] "GET /view/item/01480628770 HTTP/1.0" 404 1874 "-" "Mozilla/5.0 AppleWebKit/537.36 (KHTML, like Gecko; compatible; ClaudeBot/1.0; +claudebot@anthropic.com)"
216.73.216.34 - - [15/Apr/2026:14:16:08 +0300] "GET /view/item/01287263580 HTTP/1.0" 404 1777 "-" "Mozilla/5.0 AppleWebKit/537.36 (KHTML, like Gecko; compatible; ClaudeBot/1.0; +claudebot@anthropic.com)"
216.73.216.34 - - [15/Apr/2026:14:16:32 +0300] "GET /view/item/012024670600 HTTP/1.0" 404 1777 "-" "Mozilla/5.0 AppleWebKit/537.36 (KHTML, like Gecko; compatible; ClaudeBot/1.0; +claudebot@anthropic.com)"
216.73.216.34 - - [15/Apr/2026:14:16:58 +0300] "GET /view/item/011922319912 HTTP/1.0" 404 1777 "-" "Mozilla/5.0 AppleWebKit/537.36 (KHTML, like Gecko; compatible; ClaudeBot/1.0; +claudebot@anthropic.com)"
216.73.216.34 - - [15/Apr/2026:14:17:06 +0300] "GET /?t=4229765680501 HTTP/1.0" 200 15134 "-" "Mozilla/5.0 AppleWebKit/537.36 (KHTML, like Gecko; compatible; ClaudeBot/1.0; +claudebot@anthropic.com)"
216.73.216.34 - - [15/Apr/2026:14:17:29 +0300] "GET /?t=59808201536801 HTTP/1.0" 200 15036 "-" "Mozilla/5.0 AppleWebKit/537.36 (KHTML, like Gecko; compatible; ClaudeBot/1.0; +claudebot@anthropic.com)"
5.39.1.229 - - [15/Apr/2026:14:17:33 +0300] "GET /view/item/012965536638 HTTP/1.0" 404 1874 "-" "Mozilla/5.0 (compatible; AhrefsBot/7.0; +http://ahrefs.com/robot/)"
165.22.187.213 - - [15/Apr/2026:14:17:38 +0300] "GET / HTTP/1.1" 301 196 "-" "Mozilla/5.0 (Windows NT 10.0; Win64; x64) AppleWebKit/537.36 (KHTML, like Gecko) Chrome/79.0 Safari/537.36"
216.73.216.34 - - [15/Apr/2026:14:17:36 +0300] "GET /?t=4807635762300 HTTP/1.0" 200 15134 "-" "Mozilla/5.0 AppleWebKit/537.36 (KHTML, like Gecko; compatible; ClaudeBot/1.0; +claudebot@anthropic.com)"
165.22.187.213 - - [15/Apr/2026:14:17:38 +0300] "GET / HTTP/1.0" 200 101542 "-" "Mozilla/5.0 (Windows NT 10.0; Win64; x64) AppleWebKit/537.36 (KHTML, like Gecko) Chrome/79.0 Safari/537.36"
165.22.187.213 - - [15/Apr/2026:14:17:43 +0300] "GET //wp-includes/wlwmanifest.xml HTTP/1.0" 404 1777 "-" "Mozilla/5.0 (Windows NT 10.0; Win64; x64) AppleWebKit/537.36 (KHTML, like Gecko) Chrome/79.0 Safari/537.36"
165.22.187.213 - - [15/Apr/2026:14:17:46 +0300] "GET //xmlrpc.php?rsd HTTP/1.0" 404 1777 "-" "Mozilla/5.0 (Windows NT 10.0; Win64; x64) AppleWebKit/537.36 (KHTML, like Gecko) Chrome/79.0 Safari/537.36"
165.22.187.213 - - [15/Apr/2026:14:17:49 +0300] "GET / HTTP/1.0" 200 101445 "-" "Mozilla/5.0 (Windows NT 10.0; Win64; x64) AppleWebKit/537.36 (KHTML, like Gecko) Chrome/79.0 Safari/537.36"
165.22.187.213 - - [15/Apr/2026:14:17:54 +0300] "GET //blog/wp-includes/wlwmanifest.xml HTTP/1.0" 404 1777 "-" "Mozilla/5.0 (Windows NT 10.0; Win64; x64) AppleWebKit/537.36 (KHTML, like Gecko) Chrome/79.0 Safari/537.36"
165.22.187.213 - - [15/Apr/2026:14:17:57 +0300] "GET //web/wp-includes/wlwmanifest.xml HTTP/1.0" 404 1777 "-" "Mozilla/5.0 (Windows NT 10.0; Win64; x64) AppleWebKit/537.36 (KHTML, like Gecko) Chrome/79.0 Safari/537.36"
165.22.187.213 - - [15/Apr/2026:14:18:00 +0300] "GET //wordpress/wp-includes/wlwmanifest.xml HTTP/1.0" 404 1777 "-" "Mozilla/5.0 (Windows NT 10.0; Win64; x64) AppleWebKit/537.36 (KHTML, like Gecko) Chrome/79.0 Safari/537.36"
216.73.216.34 - - [15/Apr/2026:14:18:00 +0300] "GET /?t=4920032235101 HTTP/1.0" 200 15039 "-" "Mozilla/5.0 AppleWebKit/537.36 (KHTML, like Gecko; compatible; ClaudeBot/1.0; +claudebot@anthropic.com)"
216.73.216.34 - - [15/Apr/2026:14:18:07 +0300] "GET /?t=02064217482001 HTTP/1.0" 200 15136 "-" "Mozilla/5.0 AppleWebKit/537.36 (KHTML, like Gecko; compatible; ClaudeBot/1.0; +claudebot@anthropic.com)"
165.22.187.213 - - [15/Apr/2026:14:18:03 +0300] "GET //website/wp-includes/wlwmanifest.xml HTTP/1.0" 404 1777 "-" "Mozilla/5.0 (Windows NT 10.0; Win64; x64) AppleWebKit/537.36 (KHTML, like Gecko) Chrome/79.0 Safari/537.36"
165.22.187.213 - - [15/Apr/2026:14:18:12 +0300] "GET //wp/wp-includes/wlwmanifest.xml HTTP/1.0" 404 1777 "-" "Mozilla/5.0 (Windows NT 10.0; Win64; x64) AppleWebKit/537.36 (KHTML, like Gecko) Chrome/79.0 Safari/537.36"
165.22.187.213 - - [15/Apr/2026:14:18:16 +0300] "GET //news/wp-includes/wlwmanifest.xml HTTP/1.0" 404 1777 "-" "Mozilla/5.0 (Windows NT 10.0; Win64; x64) AppleWebKit/537.36 (KHTML, like Gecko) Chrome/79.0 Safari/537.36"
165.22.187.213 - - [15/Apr/2026:14:18:19 +0300] "GET //wp1/wp-includes/wlwmanifest.xml HTTP/1.0" 404 1777 "-" "Mozilla/5.0 (Windows NT 10.0; Win64; x64) AppleWebKit/537.36 (KHTML, like Gecko) Chrome/79.0 Safari/537.36"
165.22.187.213 - - [15/Apr/2026:14:18:22 +0300] "GET //test/wp-includes/wlwmanifest.xml HTTP/1.0" 404 1777 "-" "Mozilla/5.0 (Windows NT 10.0; Win64; x64) AppleWebKit/537.36 (KHTML, like Gecko) Chrome/79.0 Safari/537.36"
165.22.187.213 - - [15/Apr/2026:14:18:25 +0300] "GET //wp2/wp-includes/wlwmanifest.xml HTTP/1.0" 404 1777 "-" "Mozilla/5.0 (Windows NT 10.0; Win64; x64) AppleWebKit/537.36 (KHTML, like Gecko) Chrome/79.0 Safari/537.36"
165.22.187.213 - - [15/Apr/2026:14:18:28 +0300] "GET //site/wp-includes/wlwmanifest.xml HTTP/1.0" 404 1777 "-" "Mozilla/5.0 (Windows NT 10.0; Win64; x64) AppleWebKit/537.36 (KHTML, like Gecko) Chrome/79.0 Safari/537.36"
216.73.216.34 - - [15/Apr/2026:14:18:28 +0300] "GET /?t=79217217403500 HTTP/1.0" 200 15040 "-" "Mozilla/5.0 AppleWebKit/537.36 (KHTML, like Gecko; compatible; ClaudeBot/1.0; +claudebot@anthropic.com)"
165.22.187.213 - - [15/Apr/2026:14:18:32 +0300] "GET //cms/wp-includes/wlwmanifest.xml HTTP/1.0" 404 1777 "-" "Mozilla/5.0 (Windows NT 10.0; Win64; x64) AppleWebKit/537.36 (KHTML, like Gecko) Chrome/79.0 Safari/537.36"
165.22.187.213 - - [15/Apr/2026:14:18:35 +0300] "GET //sito/wp-includes/wlwmanifest.xml HTTP/1.0" 404 1777 "-" "Mozilla/5.0 (Windows NT 10.0; Win64; x64) AppleWebKit/537.36 (KHTML, like Gecko) Chrome/79.0 Safari/537.36"
165.22.187.213 - - [15/Apr/2026:14:18:38 +0300] "" 400 0 "-" "-"
216.73.216.34 - - [15/Apr/2026:14:18:51 +0300] "GET /?t=68632272201601 HTTP/1.0" 200 15040 "-" "Mozilla/5.0 AppleWebKit/537.36 (KHTML, like Gecko; compatible; ClaudeBot/1.0; +claudebot@anthropic.com)"
216.73.216.34 - - [15/Apr/2026:14:18:56 +0300] "GET /?t=2697734002001 HTTP/1.0" 200 15134 "-" "Mozilla/5.0 AppleWebKit/537.36 (KHTML, like Gecko; compatible; ClaudeBot/1.0; +claudebot@anthropic.com)"
216.73.216.34 - - [15/Apr/2026:14:19:22 +0300] "GET /?t=0337835229900 HTTP/1.0" 200 15035 "-" "Mozilla/5.0 AppleWebKit/537.36 (KHTML, like Gecko; compatible; ClaudeBot/1.0; +claudebot@anthropic.com)"
216.73.216.34 - - [15/Apr/2026:14:19:31 +0300] "GET /?t=8251926558500 HTTP/1.0" 200 15133 "-" "Mozilla/5.0 AppleWebKit/537.36 (KHTML, like Gecko; compatible; ClaudeBot/1.0; +claudebot@anthropic.com)"
216.73.216.34 - - [15/Apr/2026:14:19:54 +0300] "GET /?t=5815230720501 HTTP/1.0" 200 15037 "-" "Mozilla/5.0 AppleWebKit/537.36 (KHTML, like Gecko; compatible; ClaudeBot/1.0; +claudebot@anthropic.com)"
216.73.216.34 - - [15/Apr/2026:14:20:24 +0300] "GET /?t=07747201544601 HTTP/1.0" 200 15135 "-" "Mozilla/5.0 AppleWebKit/537.36 (KHTML, like Gecko; compatible; ClaudeBot/1.0; +claudebot@anthropic.com)"
216.73.216.34 - - [15/Apr/2026:14:20:29 +0300] "GET /?t=18448107612901 HTTP/1.0" 200 15134 "-" "Mozilla/5.0 AppleWebKit/537.36 (KHTML, like Gecko; compatible; ClaudeBot/1.0; +claudebot@anthropic.com)"
216.73.216.34 - - [15/Apr/2026:14:20:56 +0300] "GET /?t=18334188174200 HTTP/1.0" 200 15036 "-" "Mozilla/5.0 AppleWebKit/537.36 (KHTML, like Gecko; compatible; ClaudeBot/1.0; +claudebot@anthropic.com)"
216.73.216.34 - - [15/Apr/2026:14:21:05 +0300] "GET /?t=215897270100 HTTP/1.0" 200 15133 "-" "Mozilla/5.0 AppleWebKit/537.36 (KHTML, like Gecko; compatible; ClaudeBot/1.0; +claudebot@anthropic.com)"
216.73.216.34 - - [15/Apr/2026:14:21:10 +0300] "GET /?t=8226732887601 HTTP/1.0" 200 15038 "-" "Mozilla/5.0 AppleWebKit/537.36 (KHTML, like Gecko; compatible; ClaudeBot/1.0; +claudebot@anthropic.com)"
216.73.216.34 - - [15/Apr/2026:14:21:16 +0300] "GET /?t=110227197300 HTTP/1.0" 200 15037 "-" "Mozilla/5.0 AppleWebKit/537.36 (KHTML, like Gecko; compatible; ClaudeBot/1.0; +claudebot@anthropic.com)"
216.73.216.34 - - [15/Apr/2026:14:21:22 +0300] "GET /?t=681787768101 HTTP/1.0" 200 15038 "-" "Mozilla/5.0 AppleWebKit/537.36 (KHTML, like Gecko; compatible; ClaudeBot/1.0; +claudebot@anthropic.com)"
216.73.216.34 - - [15/Apr/2026:14:21:28 +0300] "GET /?t=16079243711301 HTTP/1.0" 200 15038 "-" "Mozilla/5.0 AppleWebKit/537.36 (KHTML, like Gecko; compatible; ClaudeBot/1.0; +claudebot@anthropic.com)"
216.73.216.34 - - [15/Apr/2026:14:21:37 +0300] "GET /?t=0291264318700 HTTP/1.0" 200 15136 "-" "Mozilla/5.0 AppleWebKit/537.36 (KHTML, like Gecko; compatible; ClaudeBot/1.0; +claudebot@anthropic.com)"
216.73.216.34 - - [15/Apr/2026:14:21:42 +0300] "GET /?t=3972065690601 HTTP/1.0" 200 15040 "-" "Mozilla/5.0 AppleWebKit/537.36 (KHTML, like Gecko; compatible; ClaudeBot/1.0; +claudebot@anthropic.com)"
216.73.216.34 - - [15/Apr/2026:14:21:48 +0300] "GET /?t=6728064164101 HTTP/1.0" 200 15038 "-" "Mozilla/5.0 AppleWebKit/537.36 (KHTML, like Gecko; compatible; ClaudeBot/1.0; +claudebot@anthropic.com)"
