20.100.201.121 - - [13/Apr/2026:11:31:22 +0300] "GET /file61.php HTTP/1.0" 404 1777 "-" "-"
172.213.213.128 - - [13/Apr/2026:11:31:22 +0300] "GET /ws80.php HTTP/1.0" 404 1777 "-" "-"
20.19.168.95 - - [13/Apr/2026:11:31:25 +0300] "GET /Ov-Simple1.php HTTP/1.0" 404 1777 "-" "-"
20.100.201.121 - - [13/Apr/2026:11:31:25 +0300] "GET /xwx1.php HTTP/1.0" 404 1777 "-" "-"
172.213.213.128 - - [13/Apr/2026:11:31:25 +0300] "GET /ylzed0twj8l9drdbchc1oocfCdefault.php HTTP/1.0" 404 1777 "-" "-"
20.19.168.95 - - [13/Apr/2026:11:31:28 +0300] "GET /dass.php HTTP/1.0" 404 1777 "-" "-"
20.100.201.121 - - [13/Apr/2026:11:31:28 +0300] "GET /tx79.php HTTP/1.0" 404 1777 "-" "-"
20.240.142.13 - - [13/Apr/2026:11:31:26 +0300] "GET /upll22.php HTTP/1.0" 404 1777 "-" "-"
216.73.216.106 - - [13/Apr/2026:11:31:28 +0300] "GET /view/item/01373534869 HTTP/1.0" 404 1777 "-" "Mozilla/5.0 AppleWebKit/537.36 (KHTML, like Gecko; compatible; ClaudeBot/1.0; +claudebot@anthropic.com)"
172.213.213.128 - - [13/Apr/2026:11:31:30 +0300] "GET /RIP.php HTTP/1.0" 404 1777 "-" "-"
20.100.201.121 - - [13/Apr/2026:11:31:31 +0300] "GET /CDX2.php HTTP/1.0" 404 1777 "-" "-"
20.240.142.13 - - [13/Apr/2026:11:31:31 +0300] "GET /100.php HTTP/1.0" 404 1777 "-" "-"
172.213.213.128 - - [13/Apr/2026:11:31:33 +0300] "GET /no18.php HTTP/1.0" 404 1777 "-" "-"
20.100.201.121 - - [13/Apr/2026:11:31:34 +0300] "GET /666.php HTTP/1.0" 404 1777 "-" "-"
20.240.142.13 - - [13/Apr/2026:11:31:36 +0300] "GET /byrgo.php HTTP/1.0" 404 1777 "-" "-"
172.213.213.128 - - [13/Apr/2026:11:31:36 +0300] "GET /blqjs.php HTTP/1.0" 404 1777 "-" "-"
20.19.168.95 - - [13/Apr/2026:11:31:31 +0300] "GET /classwithtostring.php HTTP/1.0" 404 1777 "-" "-"
20.100.201.121 - - [13/Apr/2026:11:31:37 +0300] "GET /wtiiy.php HTTP/1.0" 404 1777 "-" "-"
20.240.142.13 - - [13/Apr/2026:11:31:39 +0300] "GET /zc-243.php HTTP/1.0" 404 1777 "-" "-"
20.19.168.95 - - [13/Apr/2026:11:31:39 +0300] "GET /ta0ol.php HTTP/1.0" 404 1777 "-" "-"
20.100.201.121 - - [13/Apr/2026:11:31:42 +0300] "GET /Sanskrit.php HTTP/1.0" 404 1777 "-" "-"
20.240.142.13 - - [13/Apr/2026:11:31:42 +0300] "GET /pm90apbv3v5fvgkbguyiCdefault.php HTTP/1.0" 404 1777 "-" "-"
20.19.168.95 - - [13/Apr/2026:11:31:43 +0300] "GET /wp-png.php HTTP/1.0" 404 1777 "-" "-"
136.243.220.212 - - [13/Apr/2026:11:31:43 +0300] "GET /view/item/011970912755 HTTP/1.0" 404 1874 "-" "Mozilla/5.0 (compatible; DataForSeoBot/1.0; +https://dataforseo.com/dataforseo-bot)"
216.73.216.106 - - [13/Apr/2026:11:31:43 +0300] "GET /view/item/01625933354 HTTP/1.0" 404 1874 "-" "Mozilla/5.0 AppleWebKit/537.36 (KHTML, like Gecko; compatible; ClaudeBot/1.0; +claudebot@anthropic.com)"
20.100.201.121 - - [13/Apr/2026:11:31:45 +0300] "GET /motu.php HTTP/1.0" 404 1777 "-" "-"
20.240.142.13 - - [13/Apr/2026:11:31:45 +0300] "GET /CDX1.php HTTP/1.0" 404 1777 "-" "-"
20.19.168.95 - - [13/Apr/2026:11:31:46 +0300] "GET /tfm.php HTTP/1.0" 404 1777 "-" "-"
20.100.201.121 - - [13/Apr/2026:11:31:48 +0300] "GET /amax.php HTTP/1.0" 404 1777 "-" "-"
20.240.142.13 - - [13/Apr/2026:11:31:48 +0300] "GET /gvg1bvpsgtot1rpklCdefault.php HTTP/1.0" 404 1777 "-" "-"
20.19.168.95 - - [13/Apr/2026:11:31:49 +0300] "GET /a5.php HTTP/1.0" 404 1777 "-" "-"
20.100.201.121 - - [13/Apr/2026:11:31:51 +0300] "GET /public/mI35rZhMg1zJ1vuXdefault.php HTTP/1.0" 404 1777 "-" "-"
20.240.142.13 - - [13/Apr/2026:11:31:51 +0300] "GET /6xBAm3vODE05BSzkJZRAws.php HTTP/1.0" 404 1777 "-" "-"
20.19.168.95 - - [13/Apr/2026:11:31:52 +0300] "GET /kj.php HTTP/1.0" 404 1777 "-" "-"
20.100.201.121 - - [13/Apr/2026:11:31:54 +0300] "GET /gifclass.php HTTP/1.0" 404 1777 "-" "-"
20.240.142.13 - - [13/Apr/2026:11:31:54 +0300] "GET /aligk.php HTTP/1.0" 404 1777 "-" "-"
20.19.168.95 - - [13/Apr/2026:11:31:55 +0300] "GET /a7.php HTTP/1.0" 404 1777 "-" "-"
20.100.201.121 - - [13/Apr/2026:11:31:57 +0300] "GET /wp-the.php HTTP/1.0" 404 1777 "-" "-"
20.240.142.13 - - [13/Apr/2026:11:31:57 +0300] "GET /file61.php HTTP/1.0" 404 1777 "-" "-"
20.19.168.95 - - [13/Apr/2026:11:31:57 +0300] "GET /bgymj.php HTTP/1.0" 404 1777 "-" "-"
216.73.216.106 - - [13/Apr/2026:11:31:58 +0300] "GET /view/item/012698592743 HTTP/1.0" 404 1777 "-" "Mozilla/5.0 AppleWebKit/537.36 (KHTML, like Gecko; compatible; ClaudeBot/1.0; +claudebot@anthropic.com)"
20.100.201.121 - - [13/Apr/2026:11:32:00 +0300] "GET /jga.php HTTP/1.0" 404 1777 "-" "-"
20.19.168.95 - - [13/Apr/2026:11:32:00 +0300] "GET /lib.php HTTP/1.0" 404 1777 "-" "-"
20.240.142.13 - - [13/Apr/2026:11:32:00 +0300] "GET /xwx1.php HTTP/1.0" 404 1777 "-" "-"
20.100.201.121 - - [13/Apr/2026:11:32:03 +0300] "GET /term.php HTTP/1.0" 404 1777 "-" "-"
20.19.168.95 - - [13/Apr/2026:11:32:03 +0300] "GET /bolt.php HTTP/1.0" 404 1777 "-" "-"
20.240.142.13 - - [13/Apr/2026:11:32:03 +0300] "GET /tx79.php HTTP/1.0" 404 1777 "-" "-"
20.100.201.121 - - [13/Apr/2026:11:32:06 +0300] "GET /jp.php HTTP/1.0" 404 1777 "-" "-"
136.243.220.212 - - [13/Apr/2026:11:32:06 +0300] "GET /view/item/013704458446 HTTP/1.0" 404 1874 "-" "Mozilla/5.0 (compatible; DataForSeoBot/1.0; +https://dataforseo.com/dataforseo-bot)"
20.19.168.95 - - [13/Apr/2026:11:32:06 +0300] "GET //file61.php HTTP/1.0" 404 1777 "-" "-"
20.240.142.13 - - [13/Apr/2026:11:32:06 +0300] "GET /CDX2.php HTTP/1.0" 404 1777 "-" "-"
20.100.201.121 - - [13/Apr/2026:11:32:09 +0300] "GET /Ov-Simple1.php HTTP/1.0" 404 1777 "-" "-"
20.240.142.13 - - [13/Apr/2026:11:32:09 +0300] "GET /666.php HTTP/1.0" 404 1777 "-" "-"
20.19.168.95 - - [13/Apr/2026:11:32:09 +0300] "GET /uuu.php HTTP/1.0" 404 1777 "-" "-"
216.73.216.106 - - [13/Apr/2026:11:32:11 +0300] "GET /view/item/01549892319 HTTP/1.0" 404 1874 "-" "Mozilla/5.0 AppleWebKit/537.36 (KHTML, like Gecko; compatible; ClaudeBot/1.0; +claudebot@anthropic.com)"
20.100.201.121 - - [13/Apr/2026:11:32:12 +0300] "GET /dass.php HTTP/1.0" 404 1777 "-" "-"
20.240.142.13 - - [13/Apr/2026:11:32:12 +0300] "GET /wtiiy.php HTTP/1.0" 404 1777 "-" "-"
20.19.168.95 - - [13/Apr/2026:11:32:12 +0300] "GET /gptsh.php HTTP/1.0" 404 1777 "-" "-"
20.100.201.121 - - [13/Apr/2026:11:32:15 +0300] "GET /classwithtostring.php HTTP/1.0" 404 1777 "-" "-"
20.19.168.95 - - [13/Apr/2026:11:32:15 +0300] "GET /mI35rZhMg1zJ1vuXdefault.php HTTP/1.0" 404 1777 "-" "-"
20.240.142.13 - - [13/Apr/2026:11:32:15 +0300] "GET /Sanskrit.php HTTP/1.0" 404 1777 "-" "-"
20.100.201.121 - - [13/Apr/2026:11:32:18 +0300] "GET /ta0ol.php HTTP/1.0" 404 1777 "-" "-"
20.240.142.13 - - [13/Apr/2026:11:32:18 +0300] "GET /motu.php HTTP/1.0" 404 1777 "-" "-"
20.19.168.95 - - [13/Apr/2026:11:32:18 +0300] "GET /sid3.php HTTP/1.0" 404 1777 "-" "-"
20.100.201.121 - - [13/Apr/2026:11:32:21 +0300] "GET /wp-png.php HTTP/1.0" 404 1777 "-" "-"
20.19.168.95 - - [13/Apr/2026:11:32:21 +0300] "GET /ogifomnzqnlvwh5womfjirvaCdefault.php HTTP/1.0" 404 1777 "-" "-"
20.240.142.13 - - [13/Apr/2026:11:32:21 +0300] "GET /amax.php HTTP/1.0" 404 1777 "-" "-"
20.100.201.121 - - [13/Apr/2026:11:32:23 +0300] "GET /tfm.php HTTP/1.0" 404 1777 "-" "-"
20.19.168.95 - - [13/Apr/2026:11:32:24 +0300] "GET /Cap.php HTTP/1.0" 404 1777 "-" "-"
20.240.142.13 - - [13/Apr/2026:11:32:24 +0300] "GET /public/mI35rZhMg1zJ1vuXdefault.php HTTP/1.0" 404 1777 "-" "-"
20.100.201.121 - - [13/Apr/2026:11:32:27 +0300] "GET /a5.php HTTP/1.0" 404 1777 "-" "-"
20.19.168.95 - - [13/Apr/2026:11:32:27 +0300] "GET /lmutxdvyp7u5yksqke8ozbjgCdefault.php HTTP/1.0" 404 1777 "-" "-"
20.240.142.13 - - [13/Apr/2026:11:32:27 +0300] "GET /gifclass.php HTTP/1.0" 404 1777 "-" "-"
136.243.220.212 - - [13/Apr/2026:11:32:29 +0300] "GET /view/item/01504267892 HTTP/1.0" 404 1874 "-" "Mozilla/5.0 (compatible; DataForSeoBot/1.0; +https://dataforseo.com/dataforseo-bot)"
20.100.201.121 - - [13/Apr/2026:11:32:30 +0300] "GET /kj.php HTTP/1.0" 404 1777 "-" "-"
20.19.168.95 - - [13/Apr/2026:11:32:30 +0300] "GET /torsa1.php HTTP/1.0" 404 1777 "-" "-"
20.240.142.13 - - [13/Apr/2026:11:32:30 +0300] "GET /wp-the.php HTTP/1.0" 404 1777 "-" "-"
20.19.168.95 - - [13/Apr/2026:11:32:33 +0300] "GET /sadcut1.php HTTP/1.0" 404 1777 "-" "-"
20.240.142.13 - - [13/Apr/2026:11:32:33 +0300] "GET /jga.php HTTP/1.0" 404 1777 "-" "-"
216.73.216.106 - - [13/Apr/2026:11:32:34 +0300] "GET /view/item/011772740576 HTTP/1.0" 404 1874 "-" "Mozilla/5.0 AppleWebKit/537.36 (KHTML, like Gecko; compatible; ClaudeBot/1.0; +claudebot@anthropic.com)"
172.213.213.128 - - [13/Apr/2026:11:32:35 +0300] "GET /eFpU3yHnriNNLtvdefault.php HTTP/1.0" 404 1777 "-" "-"
20.19.168.95 - - [13/Apr/2026:11:32:36 +0300] "GET /zoper1.php HTTP/1.0" 404 1777 "-" "-"
20.240.142.13 - - [13/Apr/2026:11:32:36 +0300] "GET /term.php HTTP/1.0" 404 1777 "-" "-"
20.100.201.121 - - [13/Apr/2026:11:32:33 +0300] "GET /a7.php HTTP/1.0" 404 1777 "-" "-"
172.213.213.128 - - [13/Apr/2026:11:32:38 +0300] "GET /2nzyHnOkEg.php HTTP/1.0" 404 1777 "-" "-"
20.19.168.95 - - [13/Apr/2026:11:32:39 +0300] "GET /ortasekerli1.php HTTP/1.0" 404 1777 "-" "-"
172.213.213.128 - - [13/Apr/2026:11:32:41 +0300] "GET /oircv.php HTTP/1.0" 404 1777 "-" "-"
20.100.201.121 - - [13/Apr/2026:11:32:39 +0300] "GET /bgymj.php HTTP/1.0" 404 1777 "-" "-"
20.240.142.13 - - [13/Apr/2026:11:32:40 +0300] "GET /jp.php HTTP/1.0" 404 1777 "-" "-"
20.19.168.95 - - [13/Apr/2026:11:32:42 +0300] "GET /wp-good.php HTTP/1.0" 404 1777 "-" "-"
172.213.213.128 - - [13/Apr/2026:11:32:44 +0300] "GET /blnux.php HTTP/1.0" 404 1777 "-" "-"
20.100.201.121 - - [13/Apr/2026:11:32:44 +0300] "GET /lib.php HTTP/1.0" 404 1777 "-" "-"
20.240.142.13 - - [13/Apr/2026:11:32:44 +0300] "GET /Ov-Simple1.php HTTP/1.0" 404 1777 "-" "-"
20.19.168.95 - - [13/Apr/2026:11:32:45 +0300] "GET /wmore1.php HTTP/1.0" 404 1777 "-" "-"
172.213.213.128 - - [13/Apr/2026:11:32:46 +0300] "GET /n3yUmQ6Q9xwQ8ocdefault.php HTTP/1.0" 404 1777 "-" "-"
20.100.201.121 - - [13/Apr/2026:11:32:47 +0300] "GET /bolt.php HTTP/1.0" 404 1777 "-" "-"
20.240.142.13 - - [13/Apr/2026:11:32:47 +0300] "GET /dass.php HTTP/1.0" 404 1777 "-" "-"
216.73.216.106 - - [13/Apr/2026:11:32:47 +0300] "GET /view/item/012262146693 HTTP/1.0" 404 1777 "-" "Mozilla/5.0 AppleWebKit/537.36 (KHTML, like Gecko; compatible; ClaudeBot/1.0; +claudebot@anthropic.com)"
20.19.168.95 - - [13/Apr/2026:11:32:48 +0300] "GET /new3.php HTTP/1.0" 404 1777 "-" "-"
20.100.201.121 - - [13/Apr/2026:11:32:50 +0300] "GET //file61.php HTTP/1.0" 404 1777 "-" "-"
20.240.142.13 - - [13/Apr/2026:11:32:50 +0300] "GET /classwithtostring.php HTTP/1.0" 404 1777 "-" "-"
20.19.168.95 - - [13/Apr/2026:11:32:51 +0300] "GET //nw.php HTTP/1.0" 404 1777 "-" "-"
136.243.220.212 - - [13/Apr/2026:11:32:52 +0300] "GET /view/item/013515242493 HTTP/1.0" 404 1874 "-" "Mozilla/5.0 (compatible; DataForSeoBot/1.0; +https://dataforseo.com/dataforseo-bot)"
20.100.201.121 - - [13/Apr/2026:11:32:53 +0300] "GET /uuu.php HTTP/1.0" 404 1777 "-" "-"
20.240.142.13 - - [13/Apr/2026:11:32:53 +0300] "GET /ta0ol.php HTTP/1.0" 404 1777 "-" "-"
172.213.213.128 - - [13/Apr/2026:11:32:49 +0300] "GET /Spow_SRw.php HTTP/1.0" 404 1777 "-" "-"
20.19.168.95 - - [13/Apr/2026:11:32:54 +0300] "GET /byypas.php HTTP/1.0" 404 1777 "-" "-"
20.240.142.13 - - [13/Apr/2026:11:32:56 +0300] "GET /wp-png.php HTTP/1.0" 404 1777 "-" "-"
172.213.213.128 - - [13/Apr/2026:11:32:56 +0300] "GET /albrt.php HTTP/1.0" 404 1777 "-" "-"
20.19.168.95 - - [13/Apr/2026:11:32:57 +0300] "GET /rithin.php HTTP/1.0" 404 1777 "-" "-"
20.240.142.13 - - [13/Apr/2026:11:32:59 +0300] "GET /tfm.php HTTP/1.0" 404 1777 "-" "-"
172.213.213.128 - - [13/Apr/2026:11:32:59 +0300] "GET /xxivicLhot.php HTTP/1.0" 404 1777 "-" "-"
20.19.168.95 - - [13/Apr/2026:11:33:00 +0300] "GET /a4.php HTTP/1.0" 404 1777 "-" "-"
20.240.142.13 - - [13/Apr/2026:11:33:02 +0300] "GET /a5.php HTTP/1.0" 404 1777 "-" "-"
172.213.213.128 - - [13/Apr/2026:11:33:02 +0300] "GET /7logs.php HTTP/1.0" 404 1777 "-" "-"
20.100.201.121 - - [13/Apr/2026:11:33:03 +0300] "GET /gptsh.php HTTP/1.0" 404 1777 "-" "-"
20.19.168.95 - - [13/Apr/2026:11:33:03 +0300] "GET /jlex.php HTTP/1.0" 404 1777 "-" "-"
216.73.216.106 - - [13/Apr/2026:11:33:05 +0300] "GET /view/item/013728688050 HTTP/1.0" 404 1777 "-" "Mozilla/5.0 AppleWebKit/537.36 (KHTML, like Gecko; compatible; ClaudeBot/1.0; +claudebot@anthropic.com)"
20.240.142.13 - - [13/Apr/2026:11:33:05 +0300] "GET /kj.php HTTP/1.0" 404 1777 "-" "-"
20.100.201.121 - - [13/Apr/2026:11:33:06 +0300] "GET /mI35rZhMg1zJ1vuXdefault.php HTTP/1.0" 404 1777 "-" "-"
20.19.168.95 - - [13/Apr/2026:11:33:06 +0300] "GET /xsas.php HTTP/1.0" 404 1777 "-" "-"
20.240.142.13 - - [13/Apr/2026:11:33:08 +0300] "GET /a7.php HTTP/1.0" 404 1777 "-" "-"
20.19.168.95 - - [13/Apr/2026:11:33:09 +0300] "GET /wp/jp.php HTTP/1.0" 404 1777 "-" "-"
20.240.142.13 - - [13/Apr/2026:11:33:11 +0300] "GET /bgymj.php HTTP/1.0" 404 1777 "-" "-"
172.213.213.128 - - [13/Apr/2026:11:33:06 +0300] "GET /acc.php HTTP/1.0" 404 1777 "-" "-"
20.19.168.95 - - [13/Apr/2026:11:33:12 +0300] "GET /8573.php HTTP/1.0" 404 1777 "-" "-"
20.100.201.121 - - [13/Apr/2026:11:33:13 +0300] "GET /sid3.php HTTP/1.0" 404 1777 "-" "-"
172.213.213.128 - - [13/Apr/2026:11:33:14 +0300] "GET /wxeyc.php HTTP/1.0" 404 1777 "-" "-"
20.19.168.95 - - [13/Apr/2026:11:33:15 +0300] "GET /wp5.php HTTP/1.0" 404 1777 "-" "-"
136.243.220.212 - - [13/Apr/2026:11:33:15 +0300] "GET /view/item/01146661631 HTTP/1.0" 404 1874 "-" "Mozilla/5.0 (compatible; DataForSeoBot/1.0; +https://dataforseo.com/dataforseo-bot)"
20.240.142.13 - - [13/Apr/2026:11:33:14 +0300] "GET /lib.php HTTP/1.0" 404 1777 "-" "-"
20.100.201.121 - - [13/Apr/2026:11:33:16 +0300] "GET /ogifomnzqnlvwh5womfjirvaCdefault.php HTTP/1.0" 404 1777 "-" "-"
172.213.213.128 - - [13/Apr/2026:11:33:18 +0300] "GET /xltt.php HTTP/1.0" 404 1777 "-" "-"
20.19.168.95 - - [13/Apr/2026:11:33:18 +0300] "GET /wp9.php HTTP/1.0" 404 1777 "-" "-"
20.240.142.13 - - [13/Apr/2026:11:33:19 +0300] "GET /bolt.php HTTP/1.0" 404 1777 "-" "-"
20.100.201.121 - - [13/Apr/2026:11:33:19 +0300] "GET /Cap.php HTTP/1.0" 404 1777 "-" "-"
172.213.213.128 - - [13/Apr/2026:11:33:21 +0300] "GET /bthil.php HTTP/1.0" 404 1777 "-" "-"
20.19.168.95 - - [13/Apr/2026:11:33:21 +0300] "GET /ws88.php HTTP/1.0" 404 1777 "-" "-"
20.240.142.13 - - [13/Apr/2026:11:33:22 +0300] "GET //file61.php HTTP/1.0" 404 1777 "-" "-"
172.213.213.128 - - [13/Apr/2026:11:33:24 +0300] "GET /fyflv.php HTTP/1.0" 404 1777 "-" "-"
20.100.201.121 - - [13/Apr/2026:11:33:22 +0300] "GET /lmutxdvyp7u5yksqke8ozbjgCdefault.php HTTP/1.0" 404 1777 "-" "-"
216.73.216.106 - - [13/Apr/2026:11:33:25 +0300] "GET /view/item/012958946614 HTTP/1.0" 404 1777 "-" "Mozilla/5.0 AppleWebKit/537.36 (KHTML, like Gecko; compatible; ClaudeBot/1.0; +claudebot@anthropic.com)"
20.100.201.121 - - [13/Apr/2026:11:33:27 +0300] "GET /torsa1.php HTTP/1.0" 404 1777 "-" "-"
20.19.168.95 - - [13/Apr/2026:11:33:25 +0300] "GET //motu.php HTTP/1.0" 404 1777 "-" "-"
20.240.142.13 - - [13/Apr/2026:11:33:29 +0300] "GET /uuu.php HTTP/1.0" 404 1777 "-" "-"
20.100.201.121 - - [13/Apr/2026:11:33:30 +0300] "GET /sadcut1.php HTTP/1.0" 404 1777 "-" "-"
20.240.142.13 - - [13/Apr/2026:11:33:32 +0300] "GET /gptsh.php HTTP/1.0" 404 1777 "-" "-"
20.19.168.95 - - [13/Apr/2026:11:33:30 +0300] "GET /ibcqocdtu3eovdx2hwj7Cdefault.php HTTP/1.0" 404 1777 "-" "-"
172.213.213.128 - - [13/Apr/2026:11:33:27 +0300] "GET /zc-942.php HTTP/1.0" 404 1777 "-" "-"
20.240.142.13 - - [13/Apr/2026:11:33:35 +0300] "GET /mI35rZhMg1zJ1vuXdefault.php HTTP/1.0" 404 1777 "-" "-"
172.213.213.128 - - [13/Apr/2026:11:33:37 +0300] "GET /sde.php HTTP/1.0" 404 1777 "-" "-"
20.240.142.13 - - [13/Apr/2026:11:33:38 +0300] "GET /sid3.php HTTP/1.0" 404 1777 "-" "-"
20.100.201.121 - - [13/Apr/2026:11:33:33 +0300] "GET /zoper1.php HTTP/1.0" 404 1777 "-" "-"
172.213.213.128 - - [13/Apr/2026:11:33:40 +0300] "GET /wpb.php HTTP/1.0" 404 1777 "-" "-"
20.240.142.13 - - [13/Apr/2026:11:33:41 +0300] "GET /ogifomnzqnlvwh5womfjirvaCdefault.php HTTP/1.0" 404 1777 "-" "-"
20.100.201.121 - - [13/Apr/2026:11:33:41 +0300] "GET /ortasekerli1.php HTTP/1.0" 404 1777 "-" "-"
172.213.213.128 - - [13/Apr/2026:11:33:43 +0300] "GET /Geforce.php HTTP/1.0" 404 1777 "-" "-"
20.240.142.13 - - [13/Apr/2026:11:33:44 +0300] "GET /Cap.php HTTP/1.0" 404 1777 "-" "-"
216.73.216.106 - - [13/Apr/2026:11:33:40 +0300] "GET /view/item/013267087238 HTTP/1.0" 404 1874 "-" "Mozilla/5.0 AppleWebKit/537.36 (KHTML, like Gecko; compatible; ClaudeBot/1.0; +claudebot@anthropic.com)"
20.100.201.121 - - [13/Apr/2026:11:33:46 +0300] "GET /wp-good.php HTTP/1.0" 404 1777 "-" "-"
172.213.213.128 - - [13/Apr/2026:11:33:46 +0300] "GET /9EaklzMysJ.php HTTP/1.0" 404 1777 "-" "-"
20.240.142.13 - - [13/Apr/2026:11:33:47 +0300] "GET /lmutxdvyp7u5yksqke8ozbjgCdefault.php HTTP/1.0" 404 1777 "-" "-"
20.100.201.121 - - [13/Apr/2026:11:33:49 +0300] "GET /wmore1.php HTTP/1.0" 404 1777 "-" "-"
172.213.213.128 - - [13/Apr/2026:11:33:49 +0300] "GET /wpxl.php HTTP/1.0" 404 1777 "-" "-"
20.240.142.13 - - [13/Apr/2026:11:33:50 +0300] "GET /torsa1.php HTTP/1.0" 404 1777 "-" "-"
216.73.216.106 - - [13/Apr/2026:11:33:52 +0300] "GET /view/item/013486884914 HTTP/1.0" 404 1874 "-" "Mozilla/5.0 AppleWebKit/537.36 (KHTML, like Gecko; compatible; ClaudeBot/1.0; +claudebot@anthropic.com)"
20.240.142.13 - - [13/Apr/2026:11:33:53 +0300] "GET /sadcut1.php HTTP/1.0" 404 1777 "-" "-"
20.100.201.121 - - [13/Apr/2026:11:33:52 +0300] "GET /new3.php HTTP/1.0" 404 1777 "-" "-"
20.100.201.121 - - [13/Apr/2026:11:33:57 +0300] "GET //nw.php HTTP/1.0" 404 1777 "-" "-"
172.213.213.128 - - [13/Apr/2026:11:33:52 +0300] "GET /s3FiyJ2WGCnF0p1default.php HTTP/1.0" 404 1777 "-" "-"
20.240.142.13 - - [13/Apr/2026:11:33:57 +0300] "GET /zoper1.php HTTP/1.0" 404 1777 "-" "-"
136.243.220.212 - - [13/Apr/2026:11:33:59 +0300] "GET /view/item/011787286575 HTTP/1.0" 404 1874 "-" "Mozilla/5.0 (compatible; DataForSeoBot/1.0; +https://dataforseo.com/dataforseo-bot)"
20.100.201.121 - - [13/Apr/2026:11:34:00 +0300] "GET /byypas.php HTTP/1.0" 404 1777 "-" "-"
20.240.142.13 - - [13/Apr/2026:11:34:01 +0300] "GET /ortasekerli1.php HTTP/1.0" 404 1777 "-" "-"
172.213.213.128 - - [13/Apr/2026:11:34:02 +0300] "GET /bfil.php HTTP/1.0" 404 1777 "-" "-"
216.73.216.106 - - [13/Apr/2026:11:34:05 +0300] "GET /view/item/012338810856 HTTP/1.0" 404 1874 "-" "Mozilla/5.0 AppleWebKit/537.36 (KHTML, like Gecko; compatible; ClaudeBot/1.0; +claudebot@anthropic.com)"
20.100.201.121 - - [13/Apr/2026:11:34:03 +0300] "GET /rithin.php HTTP/1.0" 404 1777 "-" "-"
172.213.213.128 - - [13/Apr/2026:11:34:05 +0300] "GET /lb.php HTTP/1.0" 404 1777 "-" "-"
20.240.142.13 - - [13/Apr/2026:11:34:05 +0300] "GET /wp-good.php HTTP/1.0" 404 1777 "-" "-"
20.100.201.121 - - [13/Apr/2026:11:34:08 +0300] "GET /a4.php HTTP/1.0" 404 1777 "-" "-"
172.213.213.128 - - [13/Apr/2026:11:34:08 +0300] "GET /dx.php HTTP/1.0" 404 1777 "-" "-"
20.240.142.13 - - [13/Apr/2026:11:34:08 +0300] "GET /wmore1.php HTTP/1.0" 404 1777 "-" "-"
20.100.201.121 - - [13/Apr/2026:11:34:11 +0300] "GET /jlex.php HTTP/1.0" 404 1777 "-" "-"
172.213.213.128 - - [13/Apr/2026:11:34:11 +0300] "GET /menu.php HTTP/1.0" 404 1777 "-" "-"
20.240.142.13 - - [13/Apr/2026:11:34:11 +0300] "GET /new3.php HTTP/1.0" 404 1777 "-" "-"
20.100.201.121 - - [13/Apr/2026:11:34:13 +0300] "GET /xsas.php HTTP/1.0" 404 1777 "-" "-"
172.213.213.128 - - [13/Apr/2026:11:34:14 +0300] "GET /p14rAeWytPdH5hZcscCFdefault.php HTTP/1.0" 404 1777 "-" "-"
20.240.142.13 - - [13/Apr/2026:11:34:14 +0300] "GET //nw.php HTTP/1.0" 404 1777 "-" "-"
20.100.201.121 - - [13/Apr/2026:11:34:16 +0300] "GET /wp/jp.php HTTP/1.0" 404 1777 "-" "-"
20.240.142.13 - - [13/Apr/2026:11:34:17 +0300] "GET /byypas.php HTTP/1.0" 404 1777 "-" "-"
172.213.213.128 - - [13/Apr/2026:11:34:17 +0300] "GET /iindv.php HTTP/1.0" 404 1777 "-" "-"
20.100.201.121 - - [13/Apr/2026:11:34:19 +0300] "GET /8573.php HTTP/1.0" 404 1777 "-" "-"
172.213.213.128 - - [13/Apr/2026:11:34:21 +0300] "GET /maintura.php HTTP/1.0" 404 1777 "-" "-"
216.73.216.106 - - [13/Apr/2026:11:34:21 +0300] "GET /view/item/013741799642 HTTP/1.0" 404 1777 "-" "Mozilla/5.0 AppleWebKit/537.36 (KHTML, like Gecko; compatible; ClaudeBot/1.0; +claudebot@anthropic.com)"
20.240.142.13 - - [13/Apr/2026:11:34:20 +0300] "GET /rithin.php HTTP/1.0" 404 1777 "-" "-"
136.243.220.212 - - [13/Apr/2026:11:34:22 +0300] "GET /view/item/012790468297 HTTP/1.0" 404 1874 "-" "Mozilla/5.0 (compatible; DataForSeoBot/1.0; +https://dataforseo.com/dataforseo-bot)"
51.89.129.230 - - [13/Apr/2026:11:34:24 +0300] "GET /view/item/013479780051 HTTP/1.0" 404 1874 "-" "Mozilla/5.0 (compatible; AhrefsBot/7.0; +http://ahrefs.com/robot/)"
172.213.213.128 - - [13/Apr/2026:11:34:24 +0300] "GET /iee52ruz0s81ndrdefault.php HTTP/1.0" 404 1777 "-" "-"
20.100.201.121 - - [13/Apr/2026:11:34:25 +0300] "GET /wp5.php HTTP/1.0" 404 1777 "-" "-"
20.240.142.13 - - [13/Apr/2026:11:34:25 +0300] "GET /a4.php HTTP/1.0" 404 1777 "-" "-"
172.213.213.128 - - [13/Apr/2026:11:34:27 +0300] "GET /nvwf4svpvqohxdjtbjCdefault.php HTTP/1.0" 404 1777 "-" "-"
20.240.142.13 - - [13/Apr/2026:11:34:28 +0300] "GET /jlex.php HTTP/1.0" 404 1777 "-" "-"
20.100.201.121 - - [13/Apr/2026:11:34:28 +0300] "GET /wp9.php HTTP/1.0" 404 1777 "-" "-"
172.213.213.128 - - [13/Apr/2026:11:34:30 +0300] "GET /zc-220.php HTTP/1.0" 404 1777 "-" "-"
20.240.142.13 - - [13/Apr/2026:11:34:31 +0300] "GET /xsas.php HTTP/1.0" 404 1777 "-" "-"
20.100.201.121 - - [13/Apr/2026:11:34:33 +0300] "GET /ws88.php HTTP/1.0" 404 1777 "-" "-"
172.213.213.128 - - [13/Apr/2026:11:34:33 +0300] "GET /r9pbhistk1lifhnjadpCdefault.php HTTP/1.0" 404 1777 "-" "-"
20.240.142.13 - - [13/Apr/2026:11:34:34 +0300] "GET /wp/jp.php HTTP/1.0" 404 1777 "-" "-"
20.100.201.121 - - [13/Apr/2026:11:34:36 +0300] "GET //motu.php HTTP/1.0" 404 1777 "-" "-"
172.213.213.128 - - [13/Apr/2026:11:34:36 +0300] "GET /fone1.php HTTP/1.0" 404 1777 "-" "-"
20.240.142.13 - - [13/Apr/2026:11:34:37 +0300] "GET /8573.php HTTP/1.0" 404 1777 "-" "-"
20.100.201.121 - - [13/Apr/2026:11:34:39 +0300] "GET /ibcqocdtu3eovdx2hwj7Cdefault.php HTTP/1.0" 404 1777 "-" "-"
172.213.213.128 - - [13/Apr/2026:11:34:39 +0300] "GET /xxiviLDIot.php HTTP/1.0" 404 1777 "-" "-"
216.73.216.106 - - [13/Apr/2026:11:34:39 +0300] "GET /view/item/011783444388 HTTP/1.0" 404 1777 "-" "Mozilla/5.0 AppleWebKit/537.36 (KHTML, like Gecko; compatible; ClaudeBot/1.0; +claudebot@anthropic.com)"
20.240.142.13 - - [13/Apr/2026:11:34:40 +0300] "GET /wp5.php HTTP/1.0" 404 1777 "-" "-"
172.213.213.128 - - [13/Apr/2026:11:34:42 +0300] "GET /hanyatersenyum.php HTTP/1.0" 404 1777 "-" "-"
216.73.216.106 - - [13/Apr/2026:11:34:39 +0300] "GET /view/item/012916225813 HTTP/1.0" 404 1874 "-" "Mozilla/5.0 AppleWebKit/537.36 (KHTML, like Gecko; compatible; ClaudeBot/1.0; +claudebot@anthropic.com)"
20.240.142.13 - - [13/Apr/2026:11:34:43 +0300] "GET /wp9.php HTTP/1.0" 404 1777 "-" "-"
172.213.213.128 - - [13/Apr/2026:11:34:45 +0300] "GET /5tdwvyWnTbRiMS8f18HXNBbALHKB5t4j.php HTTP/1.0" 404 1777 "-" "-"
20.240.142.13 - - [13/Apr/2026:11:34:46 +0300] "GET /ws88.php HTTP/1.0" 404 1777 "-" "-"
136.243.220.212 - - [13/Apr/2026:11:34:46 +0300] "GET /view/item/01242024073 HTTP/1.0" 404 1874 "-" "Mozilla/5.0 (compatible; DataForSeoBot/1.0; +https://dataforseo.com/dataforseo-bot)"
172.213.213.128 - - [13/Apr/2026:11:34:48 +0300] "GET /upll22.php HTTP/1.0" 404 1777 "-" "-"
20.240.142.13 - - [13/Apr/2026:11:34:49 +0300] "GET //motu.php HTTP/1.0" 404 1777 "-" "-"
172.213.213.128 - - [13/Apr/2026:11:34:51 +0300] "GET /100.php HTTP/1.0" 404 1777 "-" "-"
20.240.142.13 - - [13/Apr/2026:11:34:52 +0300] "GET /ibcqocdtu3eovdx2hwj7Cdefault.php HTTP/1.0" 404 1777 "-" "-"
172.213.213.128 - - [13/Apr/2026:11:34:54 +0300] "GET /byrgo.php HTTP/1.0" 404 1777 "-" "-"
172.213.213.128 - - [13/Apr/2026:11:34:57 +0300] "GET /zc-243.php HTTP/1.0" 404 1777 "-" "-"
216.73.216.106 - - [13/Apr/2026:11:34:55 +0300] "GET /view/item/01357503033 HTTP/1.0" 404 1777 "-" "Mozilla/5.0 AppleWebKit/537.36 (KHTML, like Gecko; compatible; ClaudeBot/1.0; +claudebot@anthropic.com)"
172.213.213.128 - - [13/Apr/2026:11:35:00 +0300] "GET /pm90apbv3v5fvgkbguyiCdefault.php HTTP/1.0" 404 1777 "-" "-"
172.213.213.128 - - [13/Apr/2026:11:35:03 +0300] "GET /CDX1.php HTTP/1.0" 404 1777 "-" "-"
172.213.213.128 - - [13/Apr/2026:11:35:08 +0300] "GET /gvg1bvpsgtot1rpklCdefault.php HTTP/1.0" 404 1777 "-" "-"
136.243.220.212 - - [13/Apr/2026:11:35:10 +0300] "GET /view/item/013441002528 HTTP/1.0" 404 1874 "-" "Mozilla/5.0 (compatible; DataForSeoBot/1.0; +https://dataforseo.com/dataforseo-bot)"
216.73.216.106 - - [13/Apr/2026:11:35:10 +0300] "GET /view/item/012695216054 HTTP/1.0" 404 1874 "-" "Mozilla/5.0 AppleWebKit/537.36 (KHTML, like Gecko; compatible; ClaudeBot/1.0; +claudebot@anthropic.com)"
172.213.213.128 - - [13/Apr/2026:11:35:11 +0300] "GET /6xBAm3vODE05BSzkJZRAws.php HTTP/1.0" 404 1777 "-" "-"
172.213.213.128 - - [13/Apr/2026:11:35:14 +0300] "GET /aligk.php HTTP/1.0" 404 1777 "-" "-"
172.213.213.128 - - [13/Apr/2026:11:35:17 +0300] "GET /file61.php HTTP/1.0" 404 1777 "-" "-"
172.213.213.128 - - [13/Apr/2026:11:35:20 +0300] "GET /xwx1.php HTTP/1.0" 404 1777 "-" "-"
172.213.213.128 - - [13/Apr/2026:11:35:23 +0300] "GET /tx79.php HTTP/1.0" 404 1777 "-" "-"
216.73.216.106 - - [13/Apr/2026:11:35:31 +0300] "GET /view/item/012841758637 HTTP/1.0" 404 1777 "-" "Mozilla/5.0 AppleWebKit/537.36 (KHTML, like Gecko; compatible; ClaudeBot/1.0; +claudebot@anthropic.com)"
172.213.213.128 - - [13/Apr/2026:11:35:28 +0300] "GET /CDX2.php HTTP/1.0" 404 1777 "-" "-"
136.243.220.212 - - [13/Apr/2026:11:35:36 +0300] "GET /view/item/011205186921 HTTP/1.0" 404 1874 "-" "Mozilla/5.0 (compatible; DataForSeoBot/1.0; +https://dataforseo.com/dataforseo-bot)"
172.213.213.128 - - [13/Apr/2026:11:35:38 +0300] "GET /666.php HTTP/1.0" 404 1777 "-" "-"
172.213.213.128 - - [13/Apr/2026:11:35:41 +0300] "GET /wtiiy.php HTTP/1.0" 404 1777 "-" "-"
216.73.216.106 - - [13/Apr/2026:11:35:43 +0300] "GET /view/item/01679686965 HTTP/1.0" 404 1874 "-" "Mozilla/5.0 AppleWebKit/537.36 (KHTML, like Gecko; compatible; ClaudeBot/1.0; +claudebot@anthropic.com)"
172.213.213.128 - - [13/Apr/2026:11:35:44 +0300] "GET /Sanskrit.php HTTP/1.0" 404 1777 "-" "-"
172.213.213.128 - - [13/Apr/2026:11:35:49 +0300] "GET /motu.php HTTP/1.0" 404 1777 "-" "-"
172.213.213.128 - - [13/Apr/2026:11:35:52 +0300] "GET /amax.php HTTP/1.0" 404 1777 "-" "-"
172.213.213.128 - - [13/Apr/2026:11:35:56 +0300] "GET /public/mI35rZhMg1zJ1vuXdefault.php HTTP/1.0" 404 1777 "-" "-"
216.73.216.106 - - [13/Apr/2026:11:35:58 +0300] "GET /view/item/01308245253 HTTP/1.0" 404 1777 "-" "Mozilla/5.0 AppleWebKit/537.36 (KHTML, like Gecko; compatible; ClaudeBot/1.0; +claudebot@anthropic.com)"
172.213.213.128 - - [13/Apr/2026:11:36:00 +0300] "GET /gifclass.php HTTP/1.0" 404 1777 "-" "-"
136.243.220.212 - - [13/Apr/2026:11:35:59 +0300] "GET /view/item/012424613080 HTTP/1.0" 404 1874 "-" "Mozilla/5.0 (compatible; DataForSeoBot/1.0; +https://dataforseo.com/dataforseo-bot)"
172.213.213.128 - - [13/Apr/2026:11:36:05 +0300] "GET /jga.php HTTP/1.0" 404 1777 "-" "-"
172.213.213.128 - - [13/Apr/2026:11:36:08 +0300] "GET /term.php HTTP/1.0" 404 1777 "-" "-"
172.213.213.128 - - [13/Apr/2026:11:36:11 +0300] "GET /jp.php HTTP/1.0" 404 1777 "-" "-"
172.213.213.128 - - [13/Apr/2026:11:36:15 +0300] "GET /Ov-Simple1.php HTTP/1.0" 404 1777 "-" "-"
134.199.169.5 - - [13/Apr/2026:11:36:17 +0300] "GET /.git/config HTTP/1.0" 404 1874 "-" "Mozilla/5.0 (X11; Linux x86_64) AppleWebKit/537.36 (KHTML, like Gecko) Chrome/81.0.4044.129 Safari/537.36"
172.213.213.128 - - [13/Apr/2026:11:36:18 +0300] "GET /dass.php HTTP/1.0" 404 1777 "-" "-"
216.73.216.106 - - [13/Apr/2026:11:36:19 +0300] "GET /view/item/012652477599 HTTP/1.0" 404 1777 "-" "Mozilla/5.0 AppleWebKit/537.36 (KHTML, like Gecko; compatible; ClaudeBot/1.0; +claudebot@anthropic.com)"
172.213.213.128 - - [13/Apr/2026:11:36:21 +0300] "GET /classwithtostring.php HTTP/1.0" 404 1777 "-" "-"
136.243.220.212 - - [13/Apr/2026:11:36:24 +0300] "GET /view/item/013450343627 HTTP/1.0" 404 1874 "-" "Mozilla/5.0 (compatible; DataForSeoBot/1.0; +https://dataforseo.com/dataforseo-bot)"
172.213.213.128 - - [13/Apr/2026:11:36:24 +0300] "GET /ta0ol.php HTTP/1.0" 404 1777 "-" "-"
134.199.169.5 - - [13/Apr/2026:11:36:24 +0300] "GET /.git/config HTTP/1.0" 404 1874 "-" "Mozilla/5.0 (X11; Linux x86_64) AppleWebKit/537.36 (KHTML, like Gecko) Chrome/81.0.4044.129 Safari/537.36"
172.213.213.128 - - [13/Apr/2026:11:36:27 +0300] "GET /wp-png.php HTTP/1.0" 404 1777 "-" "-"
172.213.213.128 - - [13/Apr/2026:11:36:30 +0300] "GET /tfm.php HTTP/1.0" 404 1777 "-" "-"
216.73.216.106 - - [13/Apr/2026:11:36:32 +0300] "GET /view/item/012020386046 HTTP/1.0" 404 1777 "-" "Mozilla/5.0 AppleWebKit/537.36 (KHTML, like Gecko; compatible; ClaudeBot/1.0; +claudebot@anthropic.com)"
172.213.213.128 - - [13/Apr/2026:11:36:33 +0300] "GET /a5.php HTTP/1.0" 404 1777 "-" "-"
172.213.213.128 - - [13/Apr/2026:11:36:36 +0300] "GET /kj.php HTTP/1.0" 404 1777 "-" "-"
172.213.213.128 - - [13/Apr/2026:11:36:39 +0300] "GET /a7.php HTTP/1.0" 404 1777 "-" "-"
172.213.213.128 - - [13/Apr/2026:11:36:42 +0300] "GET /bgymj.php HTTP/1.0" 404 1777 "-" "-"
172.213.213.128 - - [13/Apr/2026:11:36:45 +0300] "GET /lib.php HTTP/1.0" 404 1777 "-" "-"
216.73.216.106 - - [13/Apr/2026:11:36:46 +0300] "GET /view/item/011920827733 HTTP/1.0" 404 1874 "-" "Mozilla/5.0 AppleWebKit/537.36 (KHTML, like Gecko; compatible; ClaudeBot/1.0; +claudebot@anthropic.com)"
136.243.220.212 - - [13/Apr/2026:11:36:47 +0300] "GET /view/item/014029066576 HTTP/1.0" 404 1874 "-" "Mozilla/5.0 (compatible; DataForSeoBot/1.0; +https://dataforseo.com/dataforseo-bot)"
172.213.213.128 - - [13/Apr/2026:11:36:50 +0300] "GET /bolt.php HTTP/1.0" 404 1777 "-" "-"
172.213.213.128 - - [13/Apr/2026:11:36:53 +0300] "GET //file61.php HTTP/1.0" 404 1777 "-" "-"
172.213.213.128 - - [13/Apr/2026:11:36:56 +0300] "GET /uuu.php HTTP/1.0" 404 1777 "-" "-"
216.73.216.106 - - [13/Apr/2026:11:37:03 +0300] "GET /view/item/012494380865 HTTP/1.0" 404 1777 "-" "Mozilla/5.0 AppleWebKit/537.36 (KHTML, like Gecko; compatible; ClaudeBot/1.0; +claudebot@anthropic.com)"
172.213.213.128 - - [13/Apr/2026:11:37:00 +0300] "GET /gptsh.php HTTP/1.0" 404 1777 "-" "-"
172.213.213.128 - - [13/Apr/2026:11:37:09 +0300] "GET /mI35rZhMg1zJ1vuXdefault.php HTTP/1.0" 404 1777 "-" "-"
172.213.213.128 - - [13/Apr/2026:11:37:12 +0300] "GET /sid3.php HTTP/1.0" 404 1777 "-" "-"
136.243.220.212 - - [13/Apr/2026:11:37:13 +0300] "GET /view/item/01799637556 HTTP/1.0" 404 1874 "-" "Mozilla/5.0 (compatible; DataForSeoBot/1.0; +https://dataforseo.com/dataforseo-bot)"
172.213.213.128 - - [13/Apr/2026:11:37:15 +0300] "GET /ogifomnzqnlvwh5womfjirvaCdefault.php HTTP/1.0" 404 1777 "-" "-"
172.213.213.128 - - [13/Apr/2026:11:37:18 +0300] "GET /Cap.php HTTP/1.0" 404 1777 "-" "-"
216.73.216.106 - - [13/Apr/2026:11:37:18 +0300] "GET /view/item/013473686668 HTTP/1.0" 404 1874 "-" "Mozilla/5.0 AppleWebKit/537.36 (KHTML, like Gecko; compatible; ClaudeBot/1.0; +claudebot@anthropic.com)"
172.213.213.128 - - [13/Apr/2026:11:37:20 +0300] "GET /lmutxdvyp7u5yksqke8ozbjgCdefault.php HTTP/1.0" 404 1777 "-" "-"
172.213.213.128 - - [13/Apr/2026:11:37:23 +0300] "GET /torsa1.php HTTP/1.0" 404 1777 "-" "-"
172.213.213.128 - - [13/Apr/2026:11:37:26 +0300] "GET /sadcut1.php HTTP/1.0" 404 1777 "-" "-"
172.213.213.128 - - [13/Apr/2026:11:37:29 +0300] "GET /zoper1.php HTTP/1.0" 404 1777 "-" "-"
172.213.213.128 - - [13/Apr/2026:11:37:32 +0300] "GET /ortasekerli1.php HTTP/1.0" 404 1777 "-" "-"
136.243.220.212 - - [13/Apr/2026:11:37:35 +0300] "GET /view/item/013380465207 HTTP/1.0" 404 1874 "-" "Mozilla/5.0 (compatible; DataForSeoBot/1.0; +https://dataforseo.com/dataforseo-bot)"
172.213.213.128 - - [13/Apr/2026:11:37:35 +0300] "GET /wp-good.php HTTP/1.0" 404 1777 "-" "-"
172.213.213.128 - - [13/Apr/2026:11:37:38 +0300] "GET /wmore1.php HTTP/1.0" 404 1777 "-" "-"
216.73.216.106 - - [13/Apr/2026:11:37:39 +0300] "GET /view/item/012048371183 HTTP/1.0" 404 1777 "-" "Mozilla/5.0 AppleWebKit/537.36 (KHTML, like Gecko; compatible; ClaudeBot/1.0; +claudebot@anthropic.com)"
172.213.213.128 - - [13/Apr/2026:11:37:41 +0300] "GET /new3.php HTTP/1.0" 404 1777 "-" "-"
172.213.213.128 - - [13/Apr/2026:11:37:44 +0300] "GET //nw.php HTTP/1.0" 404 1777 "-" "-"
172.213.213.128 - - [13/Apr/2026:11:37:47 +0300] "GET /byypas.php HTTP/1.0" 404 1777 "-" "-"
172.213.213.128 - - [13/Apr/2026:11:37:52 +0300] "GET /rithin.php HTTP/1.0" 404 1777 "-" "-"
216.73.216.106 - - [13/Apr/2026:11:37:52 +0300] "GET /view/item/013972320287 HTTP/1.0" 404 1777 "-" "Mozilla/5.0 AppleWebKit/537.36 (KHTML, like Gecko; compatible; ClaudeBot/1.0; +claudebot@anthropic.com)"
172.213.213.128 - - [13/Apr/2026:11:37:55 +0300] "GET /a4.php HTTP/1.0" 404 1777 "-" "-"
172.213.213.128 - - [13/Apr/2026:11:37:58 +0300] "GET /jlex.php HTTP/1.0" 404 1777 "-" "-"
136.243.220.212 - - [13/Apr/2026:11:37:58 +0300] "GET /view/item/013841289949 HTTP/1.0" 404 1874 "-" "Mozilla/5.0 (compatible; DataForSeoBot/1.0; +https://dataforseo.com/dataforseo-bot)"
172.213.213.128 - - [13/Apr/2026:11:38:01 +0300] "GET /xsas.php HTTP/1.0" 404 1777 "-" "-"
172.213.213.128 - - [13/Apr/2026:11:38:04 +0300] "GET /wp/jp.php HTTP/1.0" 404 1777 "-" "-"
172.213.213.128 - - [13/Apr/2026:11:38:07 +0300] "GET /8573.php HTTP/1.0" 404 1777 "-" "-"
216.73.216.106 - - [13/Apr/2026:11:38:09 +0300] "GET /view/item/012305920012 HTTP/1.0" 404 1777 "-" "Mozilla/5.0 AppleWebKit/537.36 (KHTML, like Gecko; compatible; ClaudeBot/1.0; +claudebot@anthropic.com)"
172.213.213.128 - - [13/Apr/2026:11:38:10 +0300] "GET /wp5.php HTTP/1.0" 404 1777 "-" "-"
172.213.213.128 - - [13/Apr/2026:11:38:13 +0300] "GET /wp9.php HTTP/1.0" 404 1777 "-" "-"
172.213.213.128 - - [13/Apr/2026:11:38:16 +0300] "GET /ws88.php HTTP/1.0" 404 1777 "-" "-"
172.213.213.128 - - [13/Apr/2026:11:38:19 +0300] "GET //motu.php HTTP/1.0" 404 1777 "-" "-"
136.243.220.212 - - [13/Apr/2026:11:38:20 +0300] "GET /view/item/012897039596 HTTP/1.0" 404 1874 "-" "Mozilla/5.0 (compatible; DataForSeoBot/1.0; +https://dataforseo.com/dataforseo-bot)"
172.213.213.128 - - [13/Apr/2026:11:38:22 +0300] "GET /ibcqocdtu3eovdx2hwj7Cdefault.php HTTP/1.0" 404 1777 "-" "-"
216.73.216.106 - - [13/Apr/2026:11:38:24 +0300] "GET /view/item/012429982597 HTTP/1.0" 404 1874 "-" "Mozilla/5.0 AppleWebKit/537.36 (KHTML, like Gecko; compatible; ClaudeBot/1.0; +claudebot@anthropic.com)"
216.73.216.106 - - [13/Apr/2026:11:38:41 +0300] "GET /view/item/011688901940 HTTP/1.0" 404 1777 "-" "Mozilla/5.0 AppleWebKit/537.36 (KHTML, like Gecko; compatible; ClaudeBot/1.0; +claudebot@anthropic.com)"
136.243.220.212 - - [13/Apr/2026:11:38:43 +0300] "GET /view/item/012682150012 HTTP/1.0" 404 1874 "-" "Mozilla/5.0 (compatible; DataForSeoBot/1.0; +https://dataforseo.com/dataforseo-bot)"
198.244.240.190 - - [13/Apr/2026:11:38:51 +0300] "GET /view/item/013279274516 HTTP/1.0" 404 1874 "-" "Mozilla/5.0 (compatible; AhrefsBot/7.0; +http://ahrefs.com/robot/)"
216.73.216.106 - - [13/Apr/2026:11:38:59 +0300] "GET /view/item/012411570457 HTTP/1.0" 404 1874 "-" "Mozilla/5.0 AppleWebKit/537.36 (KHTML, like Gecko; compatible; ClaudeBot/1.0; +claudebot@anthropic.com)"
136.243.220.212 - - [13/Apr/2026:11:39:06 +0300] "GET /view/item/013522418986 HTTP/1.0" 404 1874 "-" "Mozilla/5.0 (compatible; DataForSeoBot/1.0; +https://dataforseo.com/dataforseo-bot)"
216.73.216.106 - - [13/Apr/2026:11:39:14 +0300] "GET /view/item/013991826411 HTTP/1.0" 404 1777 "-" "Mozilla/5.0 AppleWebKit/537.36 (KHTML, like Gecko; compatible; ClaudeBot/1.0; +claudebot@anthropic.com)"
216.73.216.106 - - [13/Apr/2026:11:39:31 +0300] "GET /view/item/01612596250 HTTP/1.0" 404 1874 "-" "Mozilla/5.0 AppleWebKit/537.36 (KHTML, like Gecko; compatible; ClaudeBot/1.0; +claudebot@anthropic.com)"
136.243.220.212 - - [13/Apr/2026:11:39:31 +0300] "GET /view/item/011438176193 HTTP/1.0" 404 1874 "-" "Mozilla/5.0 (compatible; DataForSeoBot/1.0; +https://dataforseo.com/dataforseo-bot)"
94.154.35.236 - - [13/Apr/2026:11:39:49 +0300] "HEAD /archive.tar HTTP/1.0" 404 294 "-" "Mozilla/5.0 (Windows NT 10.0; Win64; x64) AppleWebKit/537.36 (KHTML, like Gecko) Chrome/101.0.4951.67 Safari/537.36"
216.73.216.106 - - [13/Apr/2026:11:39:57 +0300] "GET /view/item/013292088651 HTTP/1.0" 404 1777 "-" "Mozilla/5.0 AppleWebKit/537.36 (KHTML, like Gecko; compatible; ClaudeBot/1.0; +claudebot@anthropic.com)"
216.73.216.106 - - [13/Apr/2026:11:40:11 +0300] "GET /view/item/014091216393 HTTP/1.0" 404 1777 "-" "Mozilla/5.0 AppleWebKit/537.36 (KHTML, like Gecko; compatible; ClaudeBot/1.0; +claudebot@anthropic.com)"
216.73.216.106 - - [13/Apr/2026:11:40:24 +0300] "GET /view/item/01451685789 HTTP/1.0" 404 1874 "-" "Mozilla/5.0 AppleWebKit/537.36 (KHTML, like Gecko; compatible; ClaudeBot/1.0; +claudebot@anthropic.com)"
216.73.216.106 - - [13/Apr/2026:11:40:49 +0300] "GET /view/item/013046193445 HTTP/1.0" 404 1777 "-" "Mozilla/5.0 AppleWebKit/537.36 (KHTML, like Gecko; compatible; ClaudeBot/1.0; +claudebot@anthropic.com)"
216.73.216.106 - - [13/Apr/2026:11:40:54 +0300] "GET /view/item/014266767654 HTTP/1.0" 404 1874 "-" "Mozilla/5.0 AppleWebKit/537.36 (KHTML, like Gecko; compatible; ClaudeBot/1.0; +claudebot@anthropic.com)"
216.73.216.106 - - [13/Apr/2026:11:41:13 +0300] "GET /view/item/011728709701 HTTP/1.0" 404 1777 "-" "Mozilla/5.0 AppleWebKit/537.36 (KHTML, like Gecko; compatible; ClaudeBot/1.0; +claudebot@anthropic.com)"
216.73.216.106 - - [13/Apr/2026:11:41:43 +0300] "GET /view/item/01135901713 HTTP/1.0" 404 1777 "-" "Mozilla/5.0 AppleWebKit/537.36 (KHTML, like Gecko; compatible; ClaudeBot/1.0; +claudebot@anthropic.com)"
216.73.216.106 - - [13/Apr/2026:11:41:59 +0300] "GET /view/item/012459264419 HTTP/1.0" 404 1874 "-" "Mozilla/5.0 AppleWebKit/537.36 (KHTML, like Gecko; compatible; ClaudeBot/1.0; +claudebot@anthropic.com)"
216.73.216.106 - - [13/Apr/2026:11:42:09 +0300] "GET /view/item/012872340504 HTTP/1.0" 404 1777 "-" "Mozilla/5.0 AppleWebKit/537.36 (KHTML, like Gecko; compatible; ClaudeBot/1.0; +claudebot@anthropic.com)"
216.73.216.106 - - [13/Apr/2026:11:42:17 +0300] "GET /view/item/01278447069 HTTP/1.0" 404 1777 "-" "Mozilla/5.0 AppleWebKit/537.36 (KHTML, like Gecko; compatible; ClaudeBot/1.0; +claudebot@anthropic.com)"
216.73.216.106 - - [13/Apr/2026:11:42:20 +0300] "GET /view/item/013796462177 HTTP/1.0" 404 1777 "-" "Mozilla/5.0 AppleWebKit/537.36 (KHTML, like Gecko; compatible; ClaudeBot/1.0; +claudebot@anthropic.com)"
216.73.216.106 - - [13/Apr/2026:11:42:26 +0300] "GET /view/item/011888441812 HTTP/1.0" 404 1777 "-" "Mozilla/5.0 AppleWebKit/537.36 (KHTML, like Gecko; compatible; ClaudeBot/1.0; +claudebot@anthropic.com)"
216.73.216.106 - - [13/Apr/2026:11:42:30 +0300] "GET /view/item/011405249982 HTTP/1.0" 404 1874 "-" "Mozilla/5.0 AppleWebKit/537.36 (KHTML, like Gecko; compatible; ClaudeBot/1.0; +claudebot@anthropic.com)"
216.73.216.106 - - [13/Apr/2026:11:42:37 +0300] "GET /view/item/011460641140 HTTP/1.0" 404 1777 "-" "Mozilla/5.0 AppleWebKit/537.36 (KHTML, like Gecko; compatible; ClaudeBot/1.0; +claudebot@anthropic.com)"
216.73.216.106 - - [13/Apr/2026:11:42:40 +0300] "GET /view/item/011584396979 HTTP/1.0" 404 1777 "-" "Mozilla/5.0 AppleWebKit/537.36 (KHTML, like Gecko; compatible; ClaudeBot/1.0; +claudebot@anthropic.com)"
216.73.216.106 - - [13/Apr/2026:11:42:47 +0300] "GET /view/item/013139334584 HTTP/1.0" 404 1777 "-" "Mozilla/5.0 AppleWebKit/537.36 (KHTML, like Gecko; compatible; ClaudeBot/1.0; +claudebot@anthropic.com)"
216.73.216.106 - - [13/Apr/2026:11:43:03 +0300] "GET /view/item/011622229743 HTTP/1.0" 404 1874 "-" "Mozilla/5.0 AppleWebKit/537.36 (KHTML, like Gecko; compatible; ClaudeBot/1.0; +claudebot@anthropic.com)"
216.73.216.106 - - [13/Apr/2026:11:43:10 +0300] "GET /view/item/011497163537 HTTP/1.0" 404 1777 "-" "Mozilla/5.0 AppleWebKit/537.36 (KHTML, like Gecko; compatible; ClaudeBot/1.0; +claudebot@anthropic.com)"
216.73.216.106 - - [13/Apr/2026:11:43:19 +0300] "GET /view/item/012260611666 HTTP/1.0" 404 1777 "-" "Mozilla/5.0 AppleWebKit/537.36 (KHTML, like Gecko; compatible; ClaudeBot/1.0; +claudebot@anthropic.com)"
216.73.216.106 - - [13/Apr/2026:11:43:27 +0300] "GET /view/item/011270138675 HTTP/1.0" 404 1777 "-" "Mozilla/5.0 AppleWebKit/537.36 (KHTML, like Gecko; compatible; ClaudeBot/1.0; +claudebot@anthropic.com)"
216.73.216.106 - - [13/Apr/2026:11:43:32 +0300] "GET /view/item/012350528999 HTTP/1.0" 404 1874 "-" "Mozilla/5.0 AppleWebKit/537.36 (KHTML, like Gecko; compatible; ClaudeBot/1.0; +claudebot@anthropic.com)"
216.73.216.106 - - [13/Apr/2026:11:43:41 +0300] "GET /view/item/013141920269 HTTP/1.0" 404 1777 "-" "Mozilla/5.0 AppleWebKit/537.36 (KHTML, like Gecko; compatible; ClaudeBot/1.0; +claudebot@anthropic.com)"
216.73.216.106 - - [13/Apr/2026:11:43:52 +0300] "GET /view/item/014143985978 HTTP/1.0" 404 1777 "-" "Mozilla/5.0 AppleWebKit/537.36 (KHTML, like Gecko; compatible; ClaudeBot/1.0; +claudebot@anthropic.com)"
198.244.183.187 - - [13/Apr/2026:11:43:56 +0300] "GET /view/item/013149682766 HTTP/1.0" 404 1874 "-" "Mozilla/5.0 (compatible; AhrefsBot/7.0; +http://ahrefs.com/robot/)"
216.73.216.106 - - [13/Apr/2026:11:44:01 +0300] "GET /view/item/012446334630 HTTP/1.0" 404 1874 "-" "Mozilla/5.0 AppleWebKit/537.36 (KHTML, like Gecko; compatible; ClaudeBot/1.0; +claudebot@anthropic.com)"
216.73.216.106 - - [13/Apr/2026:11:44:06 +0300] "GET /view/item/012879454754 HTTP/1.0" 404 1777 "-" "Mozilla/5.0 AppleWebKit/537.36 (KHTML, like Gecko; compatible; ClaudeBot/1.0; +claudebot@anthropic.com)"
216.73.216.106 - - [13/Apr/2026:11:44:16 +0300] "GET /view/item/01825277057 HTTP/1.0" 404 1777 "-" "Mozilla/5.0 AppleWebKit/537.36 (KHTML, like Gecko; compatible; ClaudeBot/1.0; +claudebot@anthropic.com)"
216.73.216.106 - - [13/Apr/2026:11:44:25 +0300] "GET /view/item/012463853207 HTTP/1.0" 404 1777 "-" "Mozilla/5.0 AppleWebKit/537.36 (KHTML, like Gecko; compatible; ClaudeBot/1.0; +claudebot@anthropic.com)"
216.73.216.106 - - [13/Apr/2026:11:44:30 +0300] "GET /view/item/011815355789 HTTP/1.0" 404 1874 "-" "Mozilla/5.0 AppleWebKit/537.36 (KHTML, like Gecko; compatible; ClaudeBot/1.0; +claudebot@anthropic.com)"
216.73.216.106 - - [13/Apr/2026:11:44:41 +0300] "GET /view/item/013335806489 HTTP/1.0" 404 1777 "-" "Mozilla/5.0 AppleWebKit/537.36 (KHTML, like Gecko; compatible; ClaudeBot/1.0; +claudebot@anthropic.com)"
216.73.216.106 - - [13/Apr/2026:11:44:48 +0300] "GET /view/item/013701244902 HTTP/1.0" 404 1777 "-" "Mozilla/5.0 AppleWebKit/537.36 (KHTML, like Gecko; compatible; ClaudeBot/1.0; +claudebot@anthropic.com)"
216.73.216.106 - - [13/Apr/2026:11:44:55 +0300] "GET /view/item/012828560375 HTTP/1.0" 404 1874 "-" "Mozilla/5.0 AppleWebKit/537.36 (KHTML, like Gecko; compatible; ClaudeBot/1.0; +claudebot@anthropic.com)"
43.130.72.40 - - [13/Apr/2026:11:44:53 +0300] "GET / HTTP/1.0" 200 14367 "-" "Mozilla/5.0 (iPhone; CPU iPhone OS 13_2_3 like Mac OS X) AppleWebKit/605.1.15 (KHTML, like Gecko) Version/13.0.3 Mobile/15E148 Safari/604.1"
216.73.216.106 - - [13/Apr/2026:11:45:05 +0300] "GET /view/item/012767793314 HTTP/1.0" 404 1777 "-" "Mozilla/5.0 AppleWebKit/537.36 (KHTML, like Gecko; compatible; ClaudeBot/1.0; +claudebot@anthropic.com)"
216.73.216.106 - - [13/Apr/2026:11:45:09 +0300] "GET /view/item/013912309093 HTTP/1.0" 404 1777 "-" "Mozilla/5.0 AppleWebKit/537.36 (KHTML, like Gecko; compatible; ClaudeBot/1.0; +claudebot@anthropic.com)"
216.73.216.106 - - [13/Apr/2026:11:45:19 +0300] "GET /view/item/013807015375 HTTP/1.0" 404 1777 "-" "Mozilla/5.0 AppleWebKit/537.36 (KHTML, like Gecko; compatible; ClaudeBot/1.0; +claudebot@anthropic.com)"
216.73.216.106 - - [13/Apr/2026:11:45:24 +0300] "GET /view/item/01243423272 HTTP/1.0" 404 1777 "-" "Mozilla/5.0 AppleWebKit/537.36 (KHTML, like Gecko; compatible; ClaudeBot/1.0; +claudebot@anthropic.com)"
216.73.216.106 - - [13/Apr/2026:11:45:42 +0300] "GET /view/item/012998422406 HTTP/1.0" 404 1874 "-" "Mozilla/5.0 AppleWebKit/537.36 (KHTML, like Gecko; compatible; ClaudeBot/1.0; +claudebot@anthropic.com)"
216.73.216.106 - - [13/Apr/2026:11:45:49 +0300] "GET /view/item/012904239682 HTTP/1.0" 404 1777 "-" "Mozilla/5.0 AppleWebKit/537.36 (KHTML, like Gecko; compatible; ClaudeBot/1.0; +claudebot@anthropic.com)"
216.73.216.106 - - [13/Apr/2026:11:45:58 +0300] "GET /view/item/012005761501 HTTP/1.0" 404 1777 "-" "Mozilla/5.0 AppleWebKit/537.36 (KHTML, like Gecko; compatible; ClaudeBot/1.0; +claudebot@anthropic.com)"
216.73.216.106 - - [13/Apr/2026:11:46:08 +0300] "GET /view/item/011401548281 HTTP/1.0" 404 1777 "-" "Mozilla/5.0 AppleWebKit/537.36 (KHTML, like Gecko; compatible; ClaudeBot/1.0; +claudebot@anthropic.com)"
216.73.216.106 - - [13/Apr/2026:11:46:16 +0300] "GET /view/item/013021650577 HTTP/1.0" 404 1874 "-" "Mozilla/5.0 AppleWebKit/537.36 (KHTML, like Gecko; compatible; ClaudeBot/1.0; +claudebot@anthropic.com)"
216.73.216.106 - - [13/Apr/2026:11:46:23 +0300] "GET /view/item/01374430049 HTTP/1.0" 404 1777 "-" "Mozilla/5.0 AppleWebKit/537.36 (KHTML, like Gecko; compatible; ClaudeBot/1.0; +claudebot@anthropic.com)"
216.73.216.106 - - [13/Apr/2026:11:46:32 +0300] "GET /view/item/013317557133 HTTP/1.0" 404 1777 "-" "Mozilla/5.0 AppleWebKit/537.36 (KHTML, like Gecko; compatible; ClaudeBot/1.0; +claudebot@anthropic.com)"
216.73.216.106 - - [13/Apr/2026:11:46:43 +0300] "GET /view/item/012785052283 HTTP/1.0" 404 1874 "-" "Mozilla/5.0 AppleWebKit/537.36 (KHTML, like Gecko; compatible; ClaudeBot/1.0; +claudebot@anthropic.com)"
216.73.216.106 - - [13/Apr/2026:11:46:53 +0300] "GET /view/item/011005167483 HTTP/1.0" 404 1777 "-" "Mozilla/5.0 AppleWebKit/537.36 (KHTML, like Gecko; compatible; ClaudeBot/1.0; +claudebot@anthropic.com)"
216.73.216.106 - - [13/Apr/2026:11:46:59 +0300] "GET /view/item/01787925163 HTTP/1.0" 404 1777 "-" "Mozilla/5.0 AppleWebKit/537.36 (KHTML, like Gecko; compatible; ClaudeBot/1.0; +claudebot@anthropic.com)"
216.73.216.106 - - [13/Apr/2026:11:47:07 +0300] "GET /view/item/011531761972 HTTP/1.0" 404 1777 "-" "Mozilla/5.0 AppleWebKit/537.36 (KHTML, like Gecko; compatible; ClaudeBot/1.0; +claudebot@anthropic.com)"
216.73.216.106 - - [13/Apr/2026:11:47:18 +0300] "GET /view/item/012640081214 HTTP/1.0" 404 1874 "-" "Mozilla/5.0 AppleWebKit/537.36 (KHTML, like Gecko; compatible; ClaudeBot/1.0; +claudebot@anthropic.com)"
216.73.216.106 - - [13/Apr/2026:11:47:23 +0300] "GET /view/item/012929887259 HTTP/1.0" 404 1777 "-" "Mozilla/5.0 AppleWebKit/537.36 (KHTML, like Gecko; compatible; ClaudeBot/1.0; +claudebot@anthropic.com)"
216.73.216.106 - - [13/Apr/2026:11:47:31 +0300] "GET /view/item/011830692196 HTTP/1.0" 404 1777 "-" "Mozilla/5.0 AppleWebKit/537.36 (KHTML, like Gecko; compatible; ClaudeBot/1.0; +claudebot@anthropic.com)"
216.73.216.106 - - [13/Apr/2026:11:47:41 +0300] "GET /view/item/014233945620 HTTP/1.0" 404 1777 "-" "Mozilla/5.0 AppleWebKit/537.36 (KHTML, like Gecko; compatible; ClaudeBot/1.0; +claudebot@anthropic.com)"
216.73.216.106 - - [13/Apr/2026:11:47:51 +0300] "GET /view/item/011125303699 HTTP/1.0" 404 1777 "-" "Mozilla/5.0 AppleWebKit/537.36 (KHTML, like Gecko; compatible; ClaudeBot/1.0; +claudebot@anthropic.com)"
51.195.183.109 - - [13/Apr/2026:11:47:53 +0300] "GET /view/item/013014303324 HTTP/1.0" 404 1874 "-" "Mozilla/5.0 (compatible; AhrefsBot/7.0; +http://ahrefs.com/robot/)"
216.73.216.106 - - [13/Apr/2026:11:47:59 +0300] "GET /view/item/011479958617 HTTP/1.0" 404 1777 "-" "Mozilla/5.0 AppleWebKit/537.36 (KHTML, like Gecko; compatible; ClaudeBot/1.0; +claudebot@anthropic.com)"
216.73.216.106 - - [13/Apr/2026:11:48:13 +0300] "GET /view/item/014164230739 HTTP/1.0" 404 1777 "-" "Mozilla/5.0 AppleWebKit/537.36 (KHTML, like Gecko; compatible; ClaudeBot/1.0; +claudebot@anthropic.com)"
216.73.216.106 - - [13/Apr/2026:11:48:37 +0300] "GET /view/item/01710870234 HTTP/1.0" 404 1874 "-" "Mozilla/5.0 AppleWebKit/537.36 (KHTML, like Gecko; compatible; ClaudeBot/1.0; +claudebot@anthropic.com)"
216.73.216.106 - - [13/Apr/2026:11:49:07 +0300] "GET /view/item/012440571655 HTTP/1.0" 404 1874 "-" "Mozilla/5.0 AppleWebKit/537.36 (KHTML, like Gecko; compatible; ClaudeBot/1.0; +claudebot@anthropic.com)"
216.73.216.106 - - [13/Apr/2026:11:49:37 +0300] "GET /view/item/011189056238 HTTP/1.0" 404 1777 "-" "Mozilla/5.0 AppleWebKit/537.36 (KHTML, like Gecko; compatible; ClaudeBot/1.0; +claudebot@anthropic.com)"
216.73.216.106 - - [13/Apr/2026:11:50:08 +0300] "GET /view/item/012153413035 HTTP/1.0" 404 1874 "-" "Mozilla/5.0 AppleWebKit/537.36 (KHTML, like Gecko; compatible; ClaudeBot/1.0; +claudebot@anthropic.com)"
136.243.220.212 - - [13/Apr/2026:11:50:20 +0300] "GET /view/item/012057918986 HTTP/1.0" 404 1874 "-" "Mozilla/5.0 (compatible; DataForSeoBot/1.0; +https://dataforseo.com/dataforseo-bot)"
216.73.216.106 - - [13/Apr/2026:11:50:41 +0300] "GET /view/item/013965575934 HTTP/1.0" 404 1874 "-" "Mozilla/5.0 AppleWebKit/537.36 (KHTML, like Gecko; compatible; ClaudeBot/1.0; +claudebot@anthropic.com)"
136.243.220.212 - - [13/Apr/2026:11:50:43 +0300] "GET /view/item/011941005635 HTTP/1.0" 404 1874 "-" "Mozilla/5.0 (compatible; DataForSeoBot/1.0; +https://dataforseo.com/dataforseo-bot)"
136.243.220.212 - - [13/Apr/2026:11:51:06 +0300] "GET /view/item/01629775525 HTTP/1.0" 404 1874 "-" "Mozilla/5.0 (compatible; DataForSeoBot/1.0; +https://dataforseo.com/dataforseo-bot)"
216.73.216.106 - - [13/Apr/2026:11:51:10 +0300] "GET /view/item/012334058561 HTTP/1.0" 404 1874 "-" "Mozilla/5.0 AppleWebKit/537.36 (KHTML, like Gecko; compatible; ClaudeBot/1.0; +claudebot@anthropic.com)"
216.73.216.106 - - [13/Apr/2026:11:51:19 +0300] "GET /view/item/013643328282 HTTP/1.0" 404 1777 "-" "Mozilla/5.0 AppleWebKit/537.36 (KHTML, like Gecko; compatible; ClaudeBot/1.0; +claudebot@anthropic.com)"
136.243.220.212 - - [13/Apr/2026:11:51:30 +0300] "GET /view/item/01777088780 HTTP/1.0" 404 1874 "-" "Mozilla/5.0 (compatible; DataForSeoBot/1.0; +https://dataforseo.com/dataforseo-bot)"
216.73.216.106 - - [13/Apr/2026:11:51:35 +0300] "GET /view/item/01872097804 HTTP/1.0" 404 1874 "-" "Mozilla/5.0 AppleWebKit/537.36 (KHTML, like Gecko; compatible; ClaudeBot/1.0; +claudebot@anthropic.com)"
136.243.220.212 - - [13/Apr/2026:11:51:52 +0300] "GET /view/item/011540718214 HTTP/1.0" 404 1874 "-" "Mozilla/5.0 (compatible; DataForSeoBot/1.0; +https://dataforseo.com/dataforseo-bot)"
