20.200.222.0 - - [30/Mar/2026:18:18:36 +0300] "GET /vv.php HTTP/1.0" 404 465 "-" "Mozilla/5.0 (Windows NT 10.0; Win64; x64) AppleWebKit/537.36 (KHTML, like Gecko) Chrome/120.0.0.0 Safari/537.36"
20.200.222.0 - - [30/Mar/2026:18:18:36 +0300] "GET /wp-signin.php HTTP/1.0" 404 472 "-" "Mozilla/5.0 (Windows NT 10.0; Win64; x64) AppleWebKit/537.36 (KHTML, like Gecko) Chrome/120.0.0.0 Safari/537.36"
20.200.222.0 - - [30/Mar/2026:18:18:36 +0300] "GET /wsa.php HTTP/1.0" 404 466 "-" "Mozilla/5.0 (Windows NT 10.0; Win64; x64) AppleWebKit/537.36 (KHTML, like Gecko) Chrome/120.0.0.0 Safari/537.36"
155.117.98.100 - - [30/Mar/2026:18:41:18 +0300] "GET /admin/index.php HTTP/1.0" 404 474 "-" "Mozilla/5.0 (Windows NT 10.0; WOW64; rv:48.0) Gecko/20100101 Firefox/48.0"
92.222.104.195 - - [30/Mar/2026:18:53:26 +0300] "GET /robots.txt HTTP/1.0" 200 697 "-" "Mozilla/5.0 (compatible; AhrefsBot/7.0; +http://ahrefs.com/robot/)"
198.244.242.60 - - [30/Mar/2026:18:53:37 +0300] "GET /index.php/nashi-raboty/2019-10-01-22-35-35?format=feed&type=rss HTTP/1.0" 200 1316 "-" "Mozilla/5.0 (compatible; AhrefsBot/7.0; +http://ahrefs.com/robot/)"
216.244.66.239 - - [30/Mar/2026:18:53:55 +0300] "GET /robots.txt HTTP/1.0" 200 1114 "-" "Mozilla/5.0 (compatible; DotBot/1.2; +https://opensiteexplorer.org/dotbot; help@moz.com)"
216.73.216.131 - - [30/Mar/2026:19:10:34 +0300] "GET /robots.txt HTTP/1.0" 200 697 "-" "Mozilla/5.0 AppleWebKit/537.36 (KHTML, like Gecko; compatible; ClaudeBot/1.0; +claudebot@anthropic.com)"
216.73.216.131 - - [30/Mar/2026:19:10:34 +0300] "GET /sitemap.xml HTTP/1.0" 404 470 "-" "Mozilla/5.0 AppleWebKit/537.36 (KHTML, like Gecko; compatible; ClaudeBot/1.0; +claudebot@anthropic.com)"
216.244.66.239 - - [30/Mar/2026:19:11:53 +0300] "GET /index.php/news/k2-categories/events-list-2/itemlist/tag/camp?format=feed&limitstart=&type=rss HTTP/1.0" 500 385 "-" "Mozilla/5.0 (compatible; DotBot/1.2; +https://opensiteexplorer.org/dotbot; help@moz.com)"
216.244.66.239 - - [30/Mar/2026:19:13:07 +0300] "GET /index.php/news/k2-categories/university-news/itemlist/tag/students?format=feed&limitstart=&type=rss HTTP/1.0" 500 385 "-" "Mozilla/5.0 (compatible; DotBot/1.2; +https://opensiteexplorer.org/dotbot; help@moz.com)"
216.244.66.239 - - [30/Mar/2026:19:25:11 +0300] "GET /index.php/nashi-raboty/image?view=image&format=raw&type=img&id=215 HTTP/1.0" 200 197392 "-" "Mozilla/5.0 (compatible; DotBot/1.2; +https://opensiteexplorer.org/dotbot; help@moz.com)"
43.153.113.127 - - [30/Mar/2026:19:25:49 +0300] "GET / HTTP/1.0" 200 11279 "-" "Mozilla/5.0 (iPhone; CPU iPhone OS 13_2_3 like Mac OS X) AppleWebKit/605.1.15 (KHTML, like Gecko) Version/13.0.3 Mobile/15E148 Safari/604.1"
188.253.220.150 - - [30/Mar/2026:19:28:23 +0300] "GET / HTTP/1.0" 200 11276 "-" "Opera/9.71.(X11; Linux x86_64; pa-PK) Presto/2.9.183 Version/11.00"
114.119.152.147 - - [30/Mar/2026:19:31:53 +0300] "GET /index.php/nashi-raboty/image?view=image&format=raw&type=img&id=82 HTTP/1.0" 200 404060 "http://ruskamservis.ru/index.php/nashi-raboty/2016-09-26-22-31-11" "Mozilla/5.0 (Linux; Android 7.0;) AppleWebKit/537.36 (KHTML, like Gecko) Mobile Safari/537.36 (compatible; PetalBot;+https://webmaster.petalsearch.com/site/petalbot)"
77.238.240.119 - - [30/Mar/2026:19:42:26 +0300] "GET / HTTP/1.0" 200 11283 "https://ruskamservis.ru/" "Mozilla/5.0 (Macintosh; Intel Mac OS X 10_15_7) AppleWebKit/605.1.15 (KHTML, like Gecko) Version/18.2 Safari/605.1.15"
77.238.240.119 - - [30/Mar/2026:19:42:27 +0300] "POST / HTTP/1.0" 303 308 "https://ruskamservis.ru" "Mozilla/5.0 (Windows NT 10.0; Win64; x64) AppleWebKit/537.36 (KHTML, like Gecko) Chrome/131.0.0.0 YaBrowser/24.12.0 Safari/537.36"
77.238.240.119 - - [30/Mar/2026:19:42:29 +0300] "GET / HTTP/1.0" 200 11200 "https://ruskamservis.ru" "Mozilla/5.0 (Windows NT 10.0; Win64; x64) AppleWebKit/537.36 (KHTML, like Gecko) Chrome/131.0.0.0 YaBrowser/24.12.0 Safari/537.36"
77.238.240.119 - - [30/Mar/2026:19:42:30 +0300] "POST / HTTP/1.0" 303 308 "https://ruskamservis.ru" "Mozilla/5.0 (Macintosh; Intel Mac OS X 10_15_7) AppleWebKit/537.36 (KHTML, like Gecko) Chrome/132.0.0.0 Safari/537.36"
77.238.240.119 - - [30/Mar/2026:19:42:33 +0300] "GET / HTTP/1.0" 200 11200 "https://ruskamservis.ru" "Mozilla/5.0 (Macintosh; Intel Mac OS X 10_15_7) AppleWebKit/537.36 (KHTML, like Gecko) Chrome/132.0.0.0 Safari/537.36"
77.238.240.119 - - [30/Mar/2026:19:42:34 +0300] "POST / HTTP/1.0" 303 308 "https://ruskamservis.ru" "Mozilla/5.0 (Windows NT 10.0; Win64; x64) AppleWebKit/537.36 (KHTML, like Gecko) Chrome/132.0.0.0 Safari/537.36"
77.238.240.119 - - [30/Mar/2026:19:42:36 +0300] "GET / HTTP/1.0" 200 11200 "https://ruskamservis.ru" "Mozilla/5.0 (Windows NT 10.0; Win64; x64) AppleWebKit/537.36 (KHTML, like Gecko) Chrome/132.0.0.0 Safari/537.36"
114.119.144.179 - - [30/Mar/2026:19:46:55 +0300] "GET /index.php/nashi-raboty/image?view=image&format=raw&type=img&id=23 HTTP/1.0" 200 372193 "http://ruskamservis.ru/index.php/nashi-raboty/2016-09-26-14-22-16" "Mozilla/5.0 (Linux; Android 7.0;) AppleWebKit/537.36 (KHTML, like Gecko) Mobile Safari/537.36 (compatible; PetalBot;+https://webmaster.petalsearch.com/site/petalbot)"
114.119.159.17 - - [30/Mar/2026:19:48:36 +0300] "GET /index.php/nashi-raboty/image?view=image&format=raw&type=img&id=151 HTTP/1.0" 200 192746 "http://ruskamservis.ru/index.php/nashi-raboty/2017" "Mozilla/5.0 (Linux; Android 7.0;) AppleWebKit/537.36 (KHTML, like Gecko) Mobile Safari/537.36 (compatible; PetalBot;+https://webmaster.petalsearch.com/site/petalbot)"
114.119.144.179 - - [30/Mar/2026:19:49:33 +0300] "GET /index.php/nashi-raboty/image?view=image&format=raw&type=img&id=129 HTTP/1.0" 200 312032 "http://ruskamservis.ru/index.php/nashi-raboty/2018" "Mozilla/5.0 (Linux; Android 7.0;) AppleWebKit/537.36 (KHTML, like Gecko) Mobile Safari/537.36 (compatible; PetalBot;+https://webmaster.petalsearch.com/site/petalbot)"
43.167.245.18 - - [30/Mar/2026:19:52:50 +0300] "GET / HTTP/1.0" 200 11277 "-" "Mozilla/5.0 (iPhone; CPU iPhone OS 13_2_3 like Mac OS X) AppleWebKit/605.1.15 (KHTML, like Gecko) Version/13.0.3 Mobile/15E148 Safari/604.1"
94.50.254.186 - - [30/Mar/2026:20:01:02 +0300] "GET / HTTP/1.0" 200 58520 "https://ruskamservis.ru/" "Mozilla/5.0 (Windows NT 10.0; Win64; x64) AppleWebKit/537.36 (KHTML, like Gecko) Chrome/130.0.0.0 Safari/537.36"
94.50.254.186 - - [30/Mar/2026:20:01:03 +0300] "GET /index.php/kontakty HTTP/1.0" 200 20590 "https://ruskamservis.ru/index.php/kontakty" "Mozilla/5.0 (Windows NT 10.0; Win64; x64) AppleWebKit/537.36 (KHTML, like Gecko) Chrome/130.0.0.0 Safari/537.36"
178.20.43.173 - - [30/Mar/2026:20:02:06 +0300] "GET / HTTP/1.0" 200 58489 "http://ruskamservis.ru/" "Mozilla/5.0 (Windows NT 10.0; Win64; x64) AppleWebKit/537.36 (KHTML, like Gecko) Chrome/131.0.0.0 Safari/537.36"
178.20.43.173 - - [30/Mar/2026:20:02:06 +0300] "GET /index.php/kontakty HTTP/1.0" 200 20583 "http://ruskamservis.ru/index.php/kontakty" "Mozilla/5.0 (Windows NT 10.0; Win64; x64) AppleWebKit/537.36 (KHTML, like Gecko) Chrome/131.0.0.0 Safari/537.36"
52.243.57.116 - - [30/Mar/2026:20:22:45 +0300] "GET /100.php HTTP/1.0" 404 466 "-" "Mozilla/5.0 (Windows NT 10.0; Win64; x64) AppleWebKit/537.36 (KHTML, like Gecko) Chrome/120.0.0.0 Safari/537.36"
52.243.57.116 - - [30/Mar/2026:20:22:45 +0300] "GET /7.php HTTP/1.0" 404 464 "-" "Mozilla/5.0 (Windows NT 10.0; Win64; x64) AppleWebKit/537.36 (KHTML, like Gecko) Chrome/120.0.0.0 Safari/537.36"
52.243.57.116 - - [30/Mar/2026:20:22:46 +0300] "GET /aa.php HTTP/1.0" 404 465 "-" "Mozilla/5.0 (Windows NT 10.0; Win64; x64) AppleWebKit/537.36 (KHTML, like Gecko) Chrome/120.0.0.0 Safari/537.36"
52.243.57.116 - - [30/Mar/2026:20:22:46 +0300] "GET /wp.php HTTP/1.0" 404 465 "-" "Mozilla/5.0 (Windows NT 10.0; Win64; x64) AppleWebKit/537.36 (KHTML, like Gecko) Chrome/120.0.0.0 Safari/537.36"
52.243.57.116 - - [30/Mar/2026:20:22:46 +0300] "GET /chosen.php HTTP/1.0" 404 469 "-" "Mozilla/5.0 (Windows NT 10.0; Win64; x64) AppleWebKit/537.36 (KHTML, like Gecko) Chrome/120.0.0.0 Safari/537.36"
52.243.57.116 - - [30/Mar/2026:20:22:47 +0300] "GET /abcd.php HTTP/1.0" 404 467 "-" "Mozilla/5.0 (Windows NT 10.0; Win64; x64) AppleWebKit/537.36 (KHTML, like Gecko) Chrome/120.0.0.0 Safari/537.36"
52.243.57.116 - - [30/Mar/2026:20:22:47 +0300] "GET /as.php HTTP/1.0" 404 465 "-" "Mozilla/5.0 (Windows NT 10.0; Win64; x64) AppleWebKit/537.36 (KHTML, like Gecko) Chrome/120.0.0.0 Safari/537.36"
52.243.57.116 - - [30/Mar/2026:20:22:47 +0300] "GET /2.php HTTP/1.0" 404 464 "-" "Mozilla/5.0 (Windows NT 10.0; Win64; x64) AppleWebKit/537.36 (KHTML, like Gecko) Chrome/120.0.0.0 Safari/537.36"
52.243.57.116 - - [30/Mar/2026:20:22:47 +0300] "GET /abc.php HTTP/1.0" 404 466 "-" "Mozilla/5.0 (Windows NT 10.0; Win64; x64) AppleWebKit/537.36 (KHTML, like Gecko) Chrome/120.0.0.0 Safari/537.36"
52.243.57.116 - - [30/Mar/2026:20:22:48 +0300] "GET /about.php HTTP/1.0" 404 468 "-" "Mozilla/5.0 (Windows NT 10.0; Win64; x64) AppleWebKit/537.36 (KHTML, like Gecko) Chrome/120.0.0.0 Safari/537.36"
52.243.57.116 - - [30/Mar/2026:20:22:48 +0300] "GET /0x.php HTTP/1.0" 404 465 "-" "Mozilla/5.0 (Windows NT 10.0; Win64; x64) AppleWebKit/537.36 (KHTML, like Gecko) Chrome/120.0.0.0 Safari/537.36"
52.243.57.116 - - [30/Mar/2026:20:22:48 +0300] "GET /fff.php HTTP/1.0" 404 466 "-" "Mozilla/5.0 (Windows NT 10.0; Win64; x64) AppleWebKit/537.36 (KHTML, like Gecko) Chrome/120.0.0.0 Safari/537.36"
52.243.57.116 - - [30/Mar/2026:20:22:49 +0300] "GET /ff1.php HTTP/1.0" 404 466 "-" "Mozilla/5.0 (Windows NT 10.0; Win64; x64) AppleWebKit/537.36 (KHTML, like Gecko) Chrome/120.0.0.0 Safari/537.36"
52.243.57.116 - - [30/Mar/2026:20:22:49 +0300] "GET /wp-themes.php HTTP/1.0" 404 472 "-" "Mozilla/5.0 (Windows NT 10.0; Win64; x64) AppleWebKit/537.36 (KHTML, like Gecko) Chrome/120.0.0.0 Safari/537.36"
52.243.57.116 - - [30/Mar/2026:20:22:49 +0300] "GET /adminfuns.php HTTP/1.0" 404 472 "-" "Mozilla/5.0 (Windows NT 10.0; Win64; x64) AppleWebKit/537.36 (KHTML, like Gecko) Chrome/120.0.0.0 Safari/537.36"
52.243.57.116 - - [30/Mar/2026:20:22:49 +0300] "GET /class-t.api.php HTTP/1.0" 404 474 "-" "Mozilla/5.0 (Windows NT 10.0; Win64; x64) AppleWebKit/537.36 (KHTML, like Gecko) Chrome/120.0.0.0 Safari/537.36"
52.243.57.116 - - [30/Mar/2026:20:22:50 +0300] "GET /content.php HTTP/1.0" 404 470 "-" "Mozilla/5.0 (Windows NT 10.0; Win64; x64) AppleWebKit/537.36 (KHTML, like Gecko) Chrome/120.0.0.0 Safari/537.36"
52.243.57.116 - - [30/Mar/2026:20:22:50 +0300] "GET /r.php HTTP/1.0" 404 464 "-" "Mozilla/5.0 (Windows NT 10.0; Win64; x64) AppleWebKit/537.36 (KHTML, like Gecko) Chrome/120.0.0.0 Safari/537.36"
52.243.57.116 - - [30/Mar/2026:20:22:50 +0300] "GET /w.php HTTP/1.0" 404 464 "-" "Mozilla/5.0 (Windows NT 10.0; Win64; x64) AppleWebKit/537.36 (KHTML, like Gecko) Chrome/120.0.0.0 Safari/537.36"
52.243.57.116 - - [30/Mar/2026:20:22:50 +0300] "GET /classwithtostring.php HTTP/1.0" 404 480 "-" "Mozilla/5.0 (Windows NT 10.0; Win64; x64) AppleWebKit/537.36 (KHTML, like Gecko) Chrome/120.0.0.0 Safari/537.36"
52.243.57.116 - - [30/Mar/2026:20:22:51 +0300] "GET /edit.php HTTP/1.0" 404 467 "-" "Mozilla/5.0 (Windows NT 10.0; Win64; x64) AppleWebKit/537.36 (KHTML, like Gecko) Chrome/120.0.0.0 Safari/537.36"
52.243.57.116 - - [30/Mar/2026:20:22:51 +0300] "GET /wp-blog.php HTTP/1.0" 404 470 "-" "Mozilla/5.0 (Windows NT 10.0; Win64; x64) AppleWebKit/537.36 (KHTML, like Gecko) Chrome/120.0.0.0 Safari/537.36"
52.243.57.116 - - [30/Mar/2026:20:22:51 +0300] "GET /php8.php HTTP/1.0" 404 467 "-" "Mozilla/5.0 (Windows NT 10.0; Win64; x64) AppleWebKit/537.36 (KHTML, like Gecko) Chrome/120.0.0.0 Safari/537.36"
52.243.57.116 - - [30/Mar/2026:20:22:52 +0300] "GET /10.php HTTP/1.0" 404 465 "-" "Mozilla/5.0 (Windows NT 10.0; Win64; x64) AppleWebKit/537.36 (KHTML, like Gecko) Chrome/120.0.0.0 Safari/537.36"
52.243.57.116 - - [30/Mar/2026:20:22:52 +0300] "GET /manager.php HTTP/1.0" 404 470 "-" "Mozilla/5.0 (Windows NT 10.0; Win64; x64) AppleWebKit/537.36 (KHTML, like Gecko) Chrome/120.0.0.0 Safari/537.36"
52.243.57.116 - - [30/Mar/2026:20:22:52 +0300] "GET /p.php HTTP/1.0" 404 464 "-" "Mozilla/5.0 (Windows NT 10.0; Win64; x64) AppleWebKit/537.36 (KHTML, like Gecko) Chrome/120.0.0.0 Safari/537.36"
52.243.57.116 - - [30/Mar/2026:20:22:52 +0300] "GET /hplfuns.php HTTP/1.0" 404 470 "-" "Mozilla/5.0 (Windows NT 10.0; Win64; x64) AppleWebKit/537.36 (KHTML, like Gecko) Chrome/120.0.0.0 Safari/537.36"
52.243.57.116 - - [30/Mar/2026:20:22:53 +0300] "GET /bless.php HTTP/1.0" 404 468 "-" "Mozilla/5.0 (Windows NT 10.0; Win64; x64) AppleWebKit/537.36 (KHTML, like Gecko) Chrome/120.0.0.0 Safari/537.36"
52.243.57.116 - - [30/Mar/2026:20:22:53 +0300] "GET /php.php HTTP/1.0" 404 466 "-" "Mozilla/5.0 (Windows NT 10.0; Win64; x64) AppleWebKit/537.36 (KHTML, like Gecko) Chrome/120.0.0.0 Safari/537.36"
52.243.57.116 - - [30/Mar/2026:20:22:53 +0300] "GET /chosen.php HTTP/1.0" 404 469 "-" "Mozilla/5.0 (Windows NT 10.0; Win64; x64) AppleWebKit/537.36 (KHTML, like Gecko) Chrome/120.0.0.0 Safari/537.36"
52.243.57.116 - - [30/Mar/2026:20:22:54 +0300] "GET /ioxi-o.php HTTP/1.0" 404 469 "-" "Mozilla/5.0 (Windows NT 10.0; Win64; x64) AppleWebKit/537.36 (KHTML, like Gecko) Chrome/120.0.0.0 Safari/537.36"
52.243.57.116 - - [30/Mar/2026:20:22:54 +0300] "GET /cache.php HTTP/1.0" 404 468 "-" "Mozilla/5.0 (Windows NT 10.0; Win64; x64) AppleWebKit/537.36 (KHTML, like Gecko) Chrome/120.0.0.0 Safari/537.36"
52.243.57.116 - - [30/Mar/2026:20:22:54 +0300] "GET /jquery.php HTTP/1.0" 404 469 "-" "Mozilla/5.0 (Windows NT 10.0; Win64; x64) AppleWebKit/537.36 (KHTML, like Gecko) Chrome/120.0.0.0 Safari/537.36"
52.243.57.116 - - [30/Mar/2026:20:22:54 +0300] "GET /av.php HTTP/1.0" 404 465 "-" "Mozilla/5.0 (Windows NT 10.0; Win64; x64) AppleWebKit/537.36 (KHTML, like Gecko) Chrome/120.0.0.0 Safari/537.36"
52.243.57.116 - - [30/Mar/2026:20:22:55 +0300] "GET /doc.php HTTP/1.0" 404 466 "-" "Mozilla/5.0 (Windows NT 10.0; Win64; x64) AppleWebKit/537.36 (KHTML, like Gecko) Chrome/120.0.0.0 Safari/537.36"
52.243.57.116 - - [30/Mar/2026:20:22:55 +0300] "GET /elp.php HTTP/1.0" 404 466 "-" "Mozilla/5.0 (Windows NT 10.0; Win64; x64) AppleWebKit/537.36 (KHTML, like Gecko) Chrome/120.0.0.0 Safari/537.36"
52.243.57.116 - - [30/Mar/2026:20:22:55 +0300] "GET /wp-user.php HTTP/1.0" 404 470 "-" "Mozilla/5.0 (Windows NT 10.0; Win64; x64) AppleWebKit/537.36 (KHTML, like Gecko) Chrome/120.0.0.0 Safari/537.36"
52.243.57.116 - - [30/Mar/2026:20:22:55 +0300] "GET /root.php HTTP/1.0" 404 467 "-" "Mozilla/5.0 (Windows NT 10.0; Win64; x64) AppleWebKit/537.36 (KHTML, like Gecko) Chrome/120.0.0.0 Safari/537.36"
52.243.57.116 - - [30/Mar/2026:20:22:56 +0300] "GET /alfa.php HTTP/1.0" 404 467 "-" "Mozilla/5.0 (Windows NT 10.0; Win64; x64) AppleWebKit/537.36 (KHTML, like Gecko) Chrome/120.0.0.0 Safari/537.36"
52.243.57.116 - - [30/Mar/2026:20:22:56 +0300] "GET /autoload_classmap.php HTTP/1.0" 404 480 "-" "Mozilla/5.0 (Windows NT 10.0; Win64; x64) AppleWebKit/537.36 (KHTML, like Gecko) Chrome/120.0.0.0 Safari/537.36"
52.243.57.116 - - [30/Mar/2026:20:22:56 +0300] "GET /file.php HTTP/1.0" 404 467 "-" "Mozilla/5.0 (Windows NT 10.0; Win64; x64) AppleWebKit/537.36 (KHTML, like Gecko) Chrome/120.0.0.0 Safari/537.36"
52.243.57.116 - - [30/Mar/2026:20:22:57 +0300] "GET /new.php HTTP/1.0" 404 466 "-" "Mozilla/5.0 (Windows NT 10.0; Win64; x64) AppleWebKit/537.36 (KHTML, like Gecko) Chrome/120.0.0.0 Safari/537.36"
52.243.57.116 - - [30/Mar/2026:20:22:57 +0300] "GET /ioxi-o.php HTTP/1.0" 404 469 "-" "Mozilla/5.0 (Windows NT 10.0; Win64; x64) AppleWebKit/537.36 (KHTML, like Gecko) Chrome/120.0.0.0 Safari/537.36"
52.243.57.116 - - [30/Mar/2026:20:22:57 +0300] "GET /mm.php HTTP/1.0" 404 465 "-" "Mozilla/5.0 (Windows NT 10.0; Win64; x64) AppleWebKit/537.36 (KHTML, like Gecko) Chrome/120.0.0.0 Safari/537.36"
52.243.57.116 - - [30/Mar/2026:20:22:57 +0300] "GET /oxshell.php HTTP/1.0" 404 470 "-" "Mozilla/5.0 (Windows NT 10.0; Win64; x64) AppleWebKit/537.36 (KHTML, like Gecko) Chrome/120.0.0.0 Safari/537.36"
52.243.57.116 - - [30/Mar/2026:20:22:58 +0300] "GET /load.php HTTP/1.0" 404 467 "-" "Mozilla/5.0 (Windows NT 10.0; Win64; x64) AppleWebKit/537.36 (KHTML, like Gecko) Chrome/120.0.0.0 Safari/537.36"
52.243.57.116 - - [30/Mar/2026:20:22:58 +0300] "GET /k.php HTTP/1.0" 404 464 "-" "Mozilla/5.0 (Windows NT 10.0; Win64; x64) AppleWebKit/537.36 (KHTML, like Gecko) Chrome/120.0.0.0 Safari/537.36"
52.243.57.116 - - [30/Mar/2026:20:22:58 +0300] "GET /atomlib.php HTTP/1.0" 404 470 "-" "Mozilla/5.0 (Windows NT 10.0; Win64; x64) AppleWebKit/537.36 (KHTML, like Gecko) Chrome/120.0.0.0 Safari/537.36"
52.243.57.116 - - [30/Mar/2026:20:22:59 +0300] "GET /wp-links-opml HTTP/1.0" 404 472 "-" "Mozilla/5.0 (Windows NT 10.0; Win64; x64) AppleWebKit/537.36 (KHTML, like Gecko) Chrome/120.0.0.0 Safari/537.36"
52.243.57.116 - - [30/Mar/2026:20:22:59 +0300] "GET /buy.php HTTP/1.0" 404 466 "-" "Mozilla/5.0 (Windows NT 10.0; Win64; x64) AppleWebKit/537.36 (KHTML, like Gecko) Chrome/120.0.0.0 Safari/537.36"
52.243.57.116 - - [30/Mar/2026:20:22:59 +0300] "GET /info.php HTTP/1.0" 404 467 "-" "Mozilla/5.0 (Windows NT 10.0; Win64; x64) AppleWebKit/537.36 (KHTML, like Gecko) Chrome/120.0.0.0 Safari/537.36"
52.243.57.116 - - [30/Mar/2026:20:22:59 +0300] "GET /goods.php HTTP/1.0" 404 468 "-" "Mozilla/5.0 (Windows NT 10.0; Win64; x64) AppleWebKit/537.36 (KHTML, like Gecko) Chrome/120.0.0.0 Safari/537.36"
52.243.57.116 - - [30/Mar/2026:20:23:00 +0300] "GET /setup-config.php HTTP/1.0" 404 475 "-" "Mozilla/5.0 (Windows NT 10.0; Win64; x64) AppleWebKit/537.36 (KHTML, like Gecko) Chrome/120.0.0.0 Safari/537.36"
52.243.57.116 - - [30/Mar/2026:20:23:00 +0300] "GET /ss.php HTTP/1.0" 404 465 "-" "Mozilla/5.0 (Windows NT 10.0; Win64; x64) AppleWebKit/537.36 (KHTML, like Gecko) Chrome/120.0.0.0 Safari/537.36"
52.243.57.116 - - [30/Mar/2026:20:23:00 +0300] "GET /xmlrpc.php HTTP/1.0" 404 469 "-" "Mozilla/5.0 (Windows NT 10.0; Win64; x64) AppleWebKit/537.36 (KHTML, like Gecko) Chrome/120.0.0.0 Safari/537.36"
52.243.57.116 - - [30/Mar/2026:20:23:00 +0300] "GET /flower.php HTTP/1.0" 404 469 "-" "Mozilla/5.0 (Windows NT 10.0; Win64; x64) AppleWebKit/537.36 (KHTML, like Gecko) Chrome/120.0.0.0 Safari/537.36"
52.243.57.116 - - [30/Mar/2026:20:23:01 +0300] "GET /al.php HTTP/1.0" 404 465 "-" "Mozilla/5.0 (Windows NT 10.0; Win64; x64) AppleWebKit/537.36 (KHTML, like Gecko) Chrome/120.0.0.0 Safari/537.36"
52.243.57.116 - - [30/Mar/2026:20:23:01 +0300] "GET /vv.php HTTP/1.0" 404 465 "-" "Mozilla/5.0 (Windows NT 10.0; Win64; x64) AppleWebKit/537.36 (KHTML, like Gecko) Chrome/120.0.0.0 Safari/537.36"
52.243.57.116 - - [30/Mar/2026:20:23:01 +0300] "GET /wp-signin.php HTTP/1.0" 404 472 "-" "Mozilla/5.0 (Windows NT 10.0; Win64; x64) AppleWebKit/537.36 (KHTML, like Gecko) Chrome/120.0.0.0 Safari/537.36"
52.243.57.116 - - [30/Mar/2026:20:23:02 +0300] "GET /wsa.php HTTP/1.0" 404 466 "-" "Mozilla/5.0 (Windows NT 10.0; Win64; x64) AppleWebKit/537.36 (KHTML, like Gecko) Chrome/120.0.0.0 Safari/537.36"
114.119.158.234 - - [30/Mar/2026:20:26:01 +0300] "GET /index.php/nashi-raboty/image?view=image&format=raw&type=img&id=163 HTTP/1.0" 200 150340 "http://ruskamservis.ru/index.php/nashi-raboty/2017" "Mozilla/5.0 (Linux; Android 7.0;) AppleWebKit/537.36 (KHTML, like Gecko) Mobile Safari/537.36 (compatible; PetalBot;+https://webmaster.petalsearch.com/site/petalbot)"
216.73.216.131 - - [30/Mar/2026:20:29:32 +0300] "GET /robots.txt HTTP/1.0" 200 697 "-" "Mozilla/5.0 AppleWebKit/537.36 (KHTML, like Gecko; compatible; ClaudeBot/1.0; +claudebot@anthropic.com)"
216.73.216.131 - - [30/Mar/2026:20:29:32 +0300] "GET /sitemap.xml HTTP/1.0" 404 470 "-" "Mozilla/5.0 AppleWebKit/537.36 (KHTML, like Gecko; compatible; ClaudeBot/1.0; +claudebot@anthropic.com)"
216.244.66.239 - - [30/Mar/2026:20:29:40 +0300] "GET /robots.txt HTTP/1.0" 200 1114 "-" "Mozilla/5.0 (compatible; DotBot/1.2; +https://opensiteexplorer.org/dotbot; help@moz.com)"
205.210.31.32 - - [30/Mar/2026:20:30:22 +0300] "GET / HTTP/1.0" 200 58617 "-" "Hello from Palo Alto Networks, find out more about our scans in https://docs-cortex.paloaltonetworks.com/r/1/Cortex-Xpanse/Scanning-activity"
94.154.35.236 - - [30/Mar/2026:20:32:57 +0300] "HEAD /mail.php.tar HTTP/1.0" 404 159 "-" "Mozilla/5.0 (Windows NT 10.0; Win64; x64) AppleWebKit/537.36 (KHTML, like Gecko) Chrome/101.0.4951.67 Safari/537.36"
114.119.152.147 - - [30/Mar/2026:20:56:33 +0300] "GET /index.php/nashi-raboty/image?view=image&format=raw&type=img&id=110 HTTP/1.0" 200 259940 "http://ruskamservis.ru/index.php/nashi-raboty/2019" "Mozilla/5.0 (Linux; Android 7.0;) AppleWebKit/537.36 (KHTML, like Gecko) Mobile Safari/537.36 (compatible; PetalBot;+https://webmaster.petalsearch.com/site/petalbot)"
216.244.66.239 - - [30/Mar/2026:20:58:56 +0300] "GET /index.php/nashi-raboty/2016-09-26-22-31-11?format=feed&type=atom HTTP/1.0" 200 7194 "-" "Mozilla/5.0 (compatible; DotBot/1.2; +https://opensiteexplorer.org/dotbot; help@moz.com)"
34.127.62.165 - - [30/Mar/2026:21:06:52 +0300] "HEAD /wp/ HTTP/1.0" 404 159 "-" "Mozilla/5.0 (Linux; Android 14; Samsung SM-A546B) AppleWebKit/537.36 (KHTML, like Gecko) Chrome/126.0.6478.14 Mobile Safari/537.36"
34.127.62.165 - - [30/Mar/2026:21:06:52 +0300] "HEAD /blog/ HTTP/1.0" 404 159 "-" "Mozilla/5.0 (Linux; Android 13; Infinix X688B) AppleWebKit/537.36 (KHTML, like Gecko) Chrome/124.0.6367.48 Mobile Safari/537.36"
34.127.62.165 - - [30/Mar/2026:21:06:53 +0300] "HEAD /new/ HTTP/1.0" 404 159 "-" "Mozilla/5.0 (Windows NT 10.0; Win64; x64) AppleWebKit/537.36 (KHTML, like Gecko) Chrome/125.0.6422.112 Safari/537.36 Brave/1.63.120"
34.127.62.165 - - [30/Mar/2026:21:06:53 +0300] "HEAD / HTTP/1.0" 200 484 "-" "Mozilla/5.0 (Linux; Android 13; Pixel 7a) AppleWebKit/537.36 (KHTML, like Gecko) Chrome/124.0.6367.82 Mobile Safari/537.36"
34.127.62.165 - - [30/Mar/2026:21:06:53 +0300] "HEAD /old/ HTTP/1.0" 404 159 "-" "Mozilla/5.0 (Macintosh; Intel Mac OS X 14_5) AppleWebKit/605.1.15 (KHTML, like Gecko) Version/17.5 Safari/605.1.15"
34.127.62.165 - - [30/Mar/2026:21:06:54 +0300] "HEAD /backup/ HTTP/1.0" 404 159 "-" "Mozilla/5.0 (Linux; Android 14; Samsung SM-A546B) AppleWebKit/537.36 (KHTML, like Gecko) Chrome/126.0.6478.14 Mobile Safari/537.36"
34.127.62.165 - - [30/Mar/2026:21:06:54 +0300] "HEAD /wordpress/ HTTP/1.0" 404 159 "-" "Mozilla/5.0 (X11; Linux x86_64) AppleWebKit/537.36 (KHTML, like Gecko) Chrome/125.0.6422.76 Safari/537.36"
114.119.138.111 - - [30/Mar/2026:21:16:21 +0300] "GET /index.php/nashi-raboty/image?view=image&format=raw&type=img&id=42 HTTP/1.0" 200 315861 "http://ruskamservis.ru/index.php/nashi-raboty/2016-09-26-14-32-44" "Mozilla/5.0 (Linux; Android 7.0;) AppleWebKit/537.36 (KHTML, like Gecko) Mobile Safari/537.36 (compatible; PetalBot;+https://webmaster.petalsearch.com/site/petalbot)"
216.244.66.239 - - [30/Mar/2026:21:16:31 +0300] "GET /robots.txt HTTP/1.0" 200 1114 "-" "Mozilla/5.0 (compatible; DotBot/1.2; +https://opensiteexplorer.org/dotbot; help@moz.com)"
114.119.158.234 - - [30/Mar/2026:21:18:02 +0300] "GET /index.php/nashi-raboty/image?view=image&format=raw&type=img&id=142 HTTP/1.0" 200 183760 "http://ruskamservis.ru/index.php/nashi-raboty/2018" "Mozilla/5.0 (Linux; Android 7.0;) AppleWebKit/537.36 (KHTML, like Gecko) Mobile Safari/537.36 (compatible; PetalBot;+https://webmaster.petalsearch.com/site/petalbot)"
45.89.60.68 - - [30/Mar/2026:21:20:44 +0300] "GET /txets.php HTTP/1.0" 404 468 "www.google.com" "Mozlila/5.0 (Linux; Android 7.0; SM-G892A Bulid/NRD90M; wv) AppleWebKit/537.36 (KHTML, like Gecko) Version/4.0 Chrome/60.0.3112.107 Moblie Safari/537.36"
45.89.60.68 - - [30/Mar/2026:21:20:44 +0300] "GET /txets.php HTTP/1.0" 404 468 "www.google.com" "Mozlila/5.0 (Linux; Android 7.0; SM-G892A Bulid/NRD90M; wv) AppleWebKit/537.36 (KHTML, like Gecko) Version/4.0 Chrome/60.0.3112.107 Moblie Safari/537.36"
45.89.60.68 - - [30/Mar/2026:21:20:44 +0300] "GET /wp-content/txets.php HTTP/1.0" 404 479 "www.google.com" "Mozlila/5.0 (Linux; Android 7.0; SM-G892A Bulid/NRD90M; wv) AppleWebKit/537.36 (KHTML, like Gecko) Version/4.0 Chrome/60.0.3112.107 Moblie Safari/537.36"
45.89.60.68 - - [30/Mar/2026:21:20:44 +0300] "GET /wp-content/txets.php HTTP/1.0" 404 479 "www.google.com" "Mozlila/5.0 (Linux; Android 7.0; SM-G892A Bulid/NRD90M; wv) AppleWebKit/537.36 (KHTML, like Gecko) Version/4.0 Chrome/60.0.3112.107 Moblie Safari/537.36"
144.172.112.102 - - [30/Mar/2026:21:21:27 +0300] "GET /kickstart.php HTTP/1.0" 404 472 "-" "Python-urllib/2.7"
216.244.66.239 - - [30/Mar/2026:21:27:00 +0300] "GET /index.php/template/template-features/2014-06-04-15-31-01/list-of-all-tags/5-news?format=feed&type=rss HTTP/1.0" 500 385 "-" "Mozilla/5.0 (compatible; DotBot/1.2; +https://opensiteexplorer.org/dotbot; help@moz.com)"
85.142.100.138 - - [30/Mar/2026:21:27:27 +0300] "GET / HTTP/1.0" 200 11282 "-" "Mozilla/5.0 (compatible; CyberOKInspect/1.0; +https://www.cyberok.ru/policy.html)"
85.142.100.138 - - [30/Mar/2026:21:27:32 +0300] "GET /templates/shaper_helix3/images/favicon.ico HTTP/1.0" 200 1414 "-" "Mozilla/5.0 (compatible; CyberOKInspect/1.0; +https://www.cyberok.ru/policy.html)"
85.142.100.138 - - [30/Mar/2026:21:27:35 +0300] "GET /favicon.ico HTTP/1.0" 404 470 "-" "Mozilla/5.0 (compatible; CyberOKInspect/1.0; +https://www.cyberok.ru/policy.html)"
196.190.33.47 - - [30/Mar/2026:21:30:16 +0300] "GET /index.php/nashi-uslugi/gidroizolyatsiya-polimochevinoj HTTP/1.0" 200 8261 "-" "Mozilla/5.0 (iPhone; CPU iPhone OS 17_1_2 like Mac OS X) AppleWebKit/535.1 (KHTML, like Gecko) FxiOS/14.5a7852.0 Mobile/95H057 Safari/535.1"
46.184.18.60 - - [30/Mar/2026:21:32:26 +0300] "GET /index.php/kontakty HTTP/1.0" 200 6173 "-" "Mozilla/5.0 (compatible; MSIE 9.0; Windows NT 11.0; Trident/5.1)"
92.244.246.62 - - [30/Mar/2026:21:32:53 +0300] "GET /index.php HTTP/1.0" 200 11274 "-" "Mozilla/5.0 (X11; Linux i686) AppleWebKit/535.2 (KHTML, like Gecko) Chrome/61.0.896.0 Safari/535.2"
216.73.216.131 - - [30/Mar/2026:21:42:14 +0300] "GET /robots.txt HTTP/1.0" 200 697 "-" "Mozilla/5.0 AppleWebKit/537.36 (KHTML, like Gecko; compatible; ClaudeBot/1.0; +claudebot@anthropic.com)"
216.73.216.131 - - [30/Mar/2026:21:42:14 +0300] "GET / HTTP/1.0" 200 11284 "-" "Mozilla/5.0 AppleWebKit/537.36 (KHTML, like Gecko; compatible; ClaudeBot/1.0; +claudebot@anthropic.com)"
15.235.96.200 - - [30/Mar/2026:21:55:23 +0300] "GET /robots.txt HTTP/1.0" 200 697 "-" "Mozilla/5.0 (compatible; AhrefsBot/7.0; +http://ahrefs.com/robot/)"
198.244.168.157 - - [30/Mar/2026:21:55:33 +0300] "GET /index.php/nashi-raboty/2018-2019?format=feed&type=rss HTTP/1.0" 200 1326 "-" "Mozilla/5.0 (compatible; AhrefsBot/7.0; +http://ahrefs.com/robot/)"
66.249.70.7 - - [30/Mar/2026:22:02:34 +0300] "GET /robots.txt HTTP/1.0" 200 697 "-" "Mozilla/5.0 (compatible; Googlebot/2.1; +http://www.google.com/bot.html)"
216.244.66.239 - - [30/Mar/2026:22:04:19 +0300] "GET /robots.txt HTTP/1.0" 200 1114 "-" "Mozilla/5.0 (compatible; DotBot/1.2; +https://opensiteexplorer.org/dotbot; help@moz.com)"
216.73.216.131 - - [30/Mar/2026:22:15:15 +0300] "GET /sitemap.xml HTTP/1.0" 404 470 "-" "Mozilla/5.0 AppleWebKit/537.36 (KHTML, like Gecko; compatible; ClaudeBot/1.0; +claudebot@anthropic.com)"
66.249.70.4 - - [30/Mar/2026:22:31:20 +0300] "GET /index.php/nashi-raboty/image?view=image&format=raw&type=img&id=220 HTTP/1.0" 200 41432 "-" "Mozilla/5.0 (Linux; Android 6.0.1; Nexus 5X Build/MMB29P) AppleWebKit/537.36 (KHTML, like Gecko) Chrome/146.0.7680.153 Mobile Safari/537.36 (compatible; Googlebot/2.1; +http://www.google.com/bot.html)"
216.244.66.239 - - [30/Mar/2026:22:32:31 +0300] "GET /index.php/nashi-raboty/1500-2-2018?format=feed&type=rss HTTP/1.0" 200 6663 "-" "Mozilla/5.0 (compatible; DotBot/1.2; +https://opensiteexplorer.org/dotbot; help@moz.com)"
216.244.66.239 - - [30/Mar/2026:22:53:25 +0300] "GET /robots.txt HTTP/1.0" 200 1114 "-" "Mozilla/5.0 (compatible; DotBot/1.2; +https://opensiteexplorer.org/dotbot; help@moz.com)"
94.154.35.236 - - [30/Mar/2026:22:59:42 +0300] "HEAD /mail.php.tar.bz2 HTTP/1.0" 404 159 "-" "Mozilla/5.0 (Windows NT 10.0; Win64; x64) AppleWebKit/537.36 (KHTML, like Gecko) Chrome/101.0.4951.67 Safari/537.36"
66.132.172.142 - - [30/Mar/2026:23:12:42 +0300] "GET / HTTP/1.0" 200 11274 "-" "Mozilla/5.0 (compatible; CensysInspect/1.1; +https://about.censys.io/)"
66.132.172.142 - - [30/Mar/2026:23:12:43 +0300] "GET /templates/shaper_helix3/images/favicon.ico HTTP/1.0" 200 1414 "-" "Mozilla/5.0 (compatible; CensysInspect/1.1; +https://about.censys.io/)"
66.132.172.142 - - [30/Mar/2026:23:12:44 +0300] "GET /favicon.ico HTTP/1.0" 404 470 "-" "Mozilla/5.0 (compatible; CensysInspect/1.1; +https://about.censys.io/)"
66.132.172.142 - - [30/Mar/2026:23:12:48 +0300] "GET / HTTP/1.0" 200 11274 "-" "Mozilla/5.0 (compatible; CensysInspect/1.1; +https://about.censys.io/)"
216.244.66.239 - - [30/Mar/2026:23:14:03 +0300] "GET /index.php/component/mailto/?tmpl=component&template=gk_university&link=a82ede53878d5f021232b23c6b7196c9be4874db HTTP/1.0" 200 3834 "-" "Mozilla/5.0 (compatible; DotBot/1.2; +https://opensiteexplorer.org/dotbot; help@moz.com)"
114.119.140.52 - - [30/Mar/2026:23:29:01 +0300] "GET /index.php/nashi-raboty/image?view=image&format=raw&type=img&id=1 HTTP/1.0" 200 527262 "http://ruskamservis.ru/index.php/nashi-raboty/2016-09-26-14-21-48" "Mozilla/5.0 (Linux; Android 7.0;) AppleWebKit/537.36 (KHTML, like Gecko) Mobile Safari/537.36 (compatible; PetalBot;+https://webmaster.petalsearch.com/site/petalbot)"
86.104.192.228 - - [30/Mar/2026:23:36:24 +0300] "GET /images/2016/09/23/1(149)_thumbnail.jpg HTTP/1.1" 200 34978 "-" "Mozilla/5.0 (Macintosh; Intel Mac OS X 10_15_7) AppleWebKit/537.36 (KHTML, like Gecko) Chrome/130.0.0.0 Safari/537.36"
182.188.55.174 - - [30/Mar/2026:23:42:10 +0300] "GET /index.php HTTP/1.0" 200 11275 "-" "Mozilla/5.0 (compatible; MSIE 5.0; Windows NT 5.2; Trident/3.0)"
192.253.248.124 - - [30/Mar/2026:23:53:16 +0300] "GET /.env HTTP/1.0" 404 463 "-" "Go-http-client/1.1"
192.253.248.124 - - [30/Mar/2026:23:53:16 +0300] "GET /env/.env HTTP/1.0" 404 467 "-" "Go-http-client/1.1"
192.253.248.124 - - [30/Mar/2026:23:53:17 +0300] "GET /env/.env HTTP/1.0" 404 467 "-" "Go-http-client/1.1"
192.253.248.124 - - [30/Mar/2026:23:53:17 +0300] "GET /.env HTTP/1.0" 404 463 "-" "Go-http-client/1.1"
216.73.216.131 - - [30/Mar/2026:23:57:45 +0300] "GET /robots.txt HTTP/1.0" 200 697 "-" "Mozilla/5.0 AppleWebKit/537.36 (KHTML, like Gecko; compatible; ClaudeBot/1.0; +claudebot@anthropic.com)"
216.73.216.131 - - [30/Mar/2026:23:57:45 +0300] "GET /sitemap.xml HTTP/1.0" 404 470 "-" "Mozilla/5.0 AppleWebKit/537.36 (KHTML, like Gecko; compatible; ClaudeBot/1.0; +claudebot@anthropic.com)"
17.241.227.195 - - [31/Mar/2026:00:02:40 +0300] "GET /index.php/nashi-raboty/image?view=image&format=raw&type=img&id=160 HTTP/1.0" 200 355873 "-" "Mozilla/5.0 (Macintosh; Intel Mac OS X 10_15_7) AppleWebKit/605.1.15 (KHTML, like Gecko) Version/17.4 Safari/605.1.15 (Applebot/0.1; +http://www.apple.com/go/applebot)"
85.208.96.197 - - [31/Mar/2026:00:08:29 +0300] "GET /robots.txt HTTP/1.0" 200 697 "-" "Mozilla/5.0 (compatible; SemrushBot/7~bl; +http://www.semrush.com/bot.html)"
185.191.171.14 - - [31/Mar/2026:00:08:30 +0300] "GET /index.php/nashi-raboty/2018-2019 HTTP/1.0" 200 6648 "-" "Mozilla/5.0 (compatible; SemrushBot/7~bl; +http://www.semrush.com/bot.html)"
216.73.216.131 - - [31/Mar/2026:00:25:46 +0300] "GET /robots.txt HTTP/1.0" 200 697 "-" "Mozilla/5.0 AppleWebKit/537.36 (KHTML, like Gecko; compatible; ClaudeBot/1.0; +claudebot@anthropic.com)"
216.73.216.131 - - [31/Mar/2026:00:25:46 +0300] "GET /sitemap.xml HTTP/1.0" 404 470 "-" "Mozilla/5.0 AppleWebKit/537.36 (KHTML, like Gecko; compatible; ClaudeBot/1.0; +claudebot@anthropic.com)"
49.51.166.228 - - [31/Mar/2026:00:47:40 +0300] "GET / HTTP/1.0" 200 11297 "-" "Mozilla/5.0 (iPhone; CPU iPhone OS 13_2_3 like Mac OS X) AppleWebKit/605.1.15 (KHTML, like Gecko) Version/13.0.3 Mobile/15E148 Safari/604.1"
51.68.111.243 - - [31/Mar/2026:00:53:53 +0300] "GET /robots.txt HTTP/1.0" 200 697 "-" "Mozilla/5.0 (compatible; MJ12bot/v2.0.5; http://mj12bot.com/)"
51.68.111.243 - - [31/Mar/2026:00:53:53 +0300] "GET / HTTP/1.0" 200 11297 "-" "Mozilla/5.0 (compatible; MJ12bot/v2.0.5; http://mj12bot.com/)"
85.142.100.136 - - [31/Mar/2026:00:56:50 +0300] "GET / HTTP/1.0" 200 11295 "-" "Mozilla/5.0 (compatible; CyberOKInspect/1.0; +https://www.cyberok.ru/policy.html)"
85.142.100.136 - - [31/Mar/2026:00:56:55 +0300] "GET /templates/shaper_helix3/images/favicon.ico HTTP/1.0" 200 1414 "-" "Mozilla/5.0 (compatible; CyberOKInspect/1.0; +https://www.cyberok.ru/policy.html)"
85.142.100.136 - - [31/Mar/2026:00:56:58 +0300] "GET /favicon.ico HTTP/1.0" 404 470 "-" "Mozilla/5.0 (compatible; CyberOKInspect/1.0; +https://www.cyberok.ru/policy.html)"
129.226.93.214 - - [31/Mar/2026:01:10:41 +0300] "GET / HTTP/1.0" 200 11294 "-" "Mozilla/5.0 (iPhone; CPU iPhone OS 13_2_3 like Mac OS X) AppleWebKit/605.1.15 (KHTML, like Gecko) Version/13.0.3 Mobile/15E148 Safari/604.1"
51.68.107.161 - - [31/Mar/2026:01:12:11 +0300] "GET /robots.txt HTTP/1.0" 200 697 "-" "Mozilla/5.0 (compatible; MJ12bot/v2.0.5; http://mj12bot.com/)"
51.68.107.161 - - [31/Mar/2026:01:12:12 +0300] "GET / HTTP/1.0" 200 11295 "-" "Mozilla/5.0 (compatible; MJ12bot/v2.0.5; http://mj12bot.com/)"
94.154.35.236 - - [31/Mar/2026:01:20:53 +0300] "HEAD /mail.php.gz HTTP/1.0" 404 159 "-" "Mozilla/5.0 (Windows NT 10.0; Win64; x64) AppleWebKit/537.36 (KHTML, like Gecko) Chrome/101.0.4951.67 Safari/537.36"
122.114.75.167 - - [31/Mar/2026:01:25:50 +0300] "GET /databases/.env HTTP/1.0" 404 473 "-" "Go-http-client/1.1"
122.114.75.167 - - [31/Mar/2026:01:25:52 +0300] "GET /config/.env HTTP/1.0" 404 470 "-" "Go-http-client/1.1"
125.212.240.205 - - [31/Mar/2026:01:32:33 +0300] "GET /env/.env HTTP/1.0" 404 467 "-" "Go-http-client/1.1"
125.212.240.205 - - [31/Mar/2026:01:32:33 +0300] "GET /.env HTTP/1.0" 404 463 "-" "Go-http-client/1.1"
125.212.240.205 - - [31/Mar/2026:01:32:35 +0300] "GET /.env HTTP/1.0" 404 463 "-" "Go-http-client/1.1"
125.212.240.205 - - [31/Mar/2026:01:32:35 +0300] "GET /env/.env HTTP/1.0" 404 467 "-" "Go-http-client/1.1"
98.142.241.145 - - [31/Mar/2026:01:36:35 +0300] "GET /images/joomgallery/thumbnails/_______10/___20191001_1262758454.jpg HTTP/1.1" 200 46787 "-" "Mozilla/5.0 (X11; Linux x86_64) AppleWebKit/537.36 (KHTML, like Gecko) Chrome/124.0.0.0 Safari/537.36"
216.244.66.239 - - [31/Mar/2026:01:43:27 +0300] "GET /robots.txt HTTP/1.0" 200 1114 "-" "Mozilla/5.0 (compatible; DotBot/1.2; +https://opensiteexplorer.org/dotbot; help@moz.com)"
85.142.100.136 - - [31/Mar/2026:01:58:29 +0300] "GET / HTTP/1.0" 200 11302 "-" "Mozilla/5.0 (compatible; CyberOKInspect/1.0; +https://www.cyberok.ru/policy.html)"
216.244.66.239 - - [31/Mar/2026:02:11:00 +0300] "GET /index.php/nashi-raboty/2016-09-26-14-28-07 HTTP/1.0" 200 29480 "-" "Mozilla/5.0 (compatible; DotBot/1.2; +https://opensiteexplorer.org/dotbot; help@moz.com)"
216.73.216.131 - - [31/Mar/2026:02:17:23 +0300] "GET /robots.txt HTTP/1.0" 200 697 "-" "Mozilla/5.0 AppleWebKit/537.36 (KHTML, like Gecko; compatible; ClaudeBot/1.0; +claudebot@anthropic.com)"
216.73.216.131 - - [31/Mar/2026:02:17:23 +0300] "GET /sitemap.xml HTTP/1.0" 404 470 "-" "Mozilla/5.0 AppleWebKit/537.36 (KHTML, like Gecko; compatible; ClaudeBot/1.0; +claudebot@anthropic.com)"
66.132.195.70 - - [31/Mar/2026:02:19:45 +0300] "GET / HTTP/1.1" 400 283 "-" "Mozilla/5.0 (compatible; CensysInspect/1.1; +https://about.censys.io/)"
34.231.194.178 - - [31/Mar/2026:02:25:07 +0300] "GET /robots.txt HTTP/1.0" 200 697 "-" "Mozilla/5.0 (Macintosh; Intel Mac OS X 10_10_1) AppleWebKit/600.2.5 (KHTML, like Gecko) Version/8.0.2 Safari/600.2.5 (Gort)"
66.249.64.233 - - [31/Mar/2026:02:25:19 +0300] "GET /robots.txt HTTP/1.0" 200 697 "-" "Mozilla/5.0 (compatible; Googlebot/2.1; +http://www.google.com/bot.html)"
66.249.64.233 - - [31/Mar/2026:02:25:19 +0300] "GET /ads.txt HTTP/1.0" 404 466 "-" "Mozilla/5.0 (compatible; Googlebot/2.1; +http://www.google.com/bot.html)"
221.224.194.3 - - [31/Mar/2026:02:33:37 +0300] "GET /api/.env HTTP/1.0" 404 467 "-" "Go-http-client/1.1"
221.224.194.3 - - [31/Mar/2026:02:33:37 +0300] "GET /app/.env HTTP/1.0" 404 467 "-" "Go-http-client/1.1"
121.237.36.31 - - [31/Mar/2026:02:37:39 +0300] "GET / HTTP/1.0" 200 11294 "-" "Mozilla/5.0 (Linux; Android 6.0; BLN-AL10 Build/HONORBLN-AL10; wv) AppleWebKit/537.36 (KHTML, like Gecko) Version/4.0 Chrome/57.0.2987.132 MQQBrowser/6.2 TBS/044203 Mobile Safari/537.36 MicroMessenger/6.6.7.1321(0x26060739) NetType/WIFI Language/zh_CN"
121.237.36.29 - - [31/Mar/2026:02:38:29 +0300] "GET / HTTP/1.0" 200 11293 "-" "Dalvik/2.1.0 (Linux; U; Android 9.0; ZTE BA520 Build/MRA58K)"
121.237.36.28 - - [31/Mar/2026:02:38:30 +0300] "GET / HTTP/1.0" 200 11294 "-" "Mozilla/5.0 (Macintosh; Intel Mac OS X 10_11) AppleWebKit/601.1.27 (KHTML, like Gecko) Chrome/47.0.2526.106 Safari/601.1.27"
121.237.36.28 - - [31/Mar/2026:02:38:54 +0300] "GET /favicon.ico HTTP/1.0" 404 470 "-" "Dalvik/2.1.0 (Linux; U; Android 9.0; ZTE BA520 Build/MRA58K)"
121.237.36.31 - - [31/Mar/2026:02:39:00 +0300] "GET / HTTP/1.0" 200 11295 "-" "Dalvik/2.1.0 (Linux; U; Android 9.0; ZTE BA520 Build/MRA58K)"
183.134.59.133 - - [31/Mar/2026:02:43:10 +0300] "GET / HTTP/1.0" 200 11296 "-" "Mozilla/5.0 (Linux; U; Android 8.0.0; zh-CN; VTR-AL00 Build/HUAWEIVTR-AL00) AppleWebKit/537.36 (KHTML, like Gecko) Version/4.0 Chrome/57.0.2987.108 UCBrowser/12.1.0.990 Mobile Safari/537.36"
113.31.186.146 - - [31/Mar/2026:02:44:00 +0300] "GET / HTTP/1.0" 200 11295 "-" "Opera/6.05 (Windows 2000; U) [en]"
183.134.59.133 - - [31/Mar/2026:02:45:18 +0300] "GET / HTTP/1.0" 200 11293 "-" "Mozilla/5.0 (Macintosh; Intel Mac OS X 10_11) AppleWebKit/601.1.27 (KHTML, like Gecko) Chrome/47.0.2526.106 Safari/601.1.27"
113.31.186.146 - - [31/Mar/2026:02:48:50 +0300] "GET / HTTP/1.0" 200 11297 "-" "Dalvik/2.1.0 (Linux; U; Android 9.0; ZTE BA520 Build/MRA58K)"
74.7.242.4 - - [31/Mar/2026:02:56:12 +0300] "GET / HTTP/1.0" 200 11302 "-" "Mozilla/5.0 AppleWebKit/537.36 (KHTML, like Gecko; compatible; GPTBot/1.3; +https://openai.com/gptbot)"
74.7.175.169 - - [31/Mar/2026:02:56:13 +0300] "GET /robots.txt HTTP/1.0" 200 697 "-" "Mozilla/5.0 (Macintosh; Intel Mac OS X 10_15_7) AppleWebKit/537.36 (KHTML, like Gecko) Chrome/131.0.0.0 Safari/537.36; compatible; OAI-SearchBot/1.3; robots.txt; +https://openai.com/searchbot"
17.22.245.181 - - [31/Mar/2026:03:03:46 +0300] "GET /robots.txt HTTP/1.0" 200 697 "-" "Mozilla/5.0 (Macintosh; Intel Mac OS X 10_15_7) AppleWebKit/605.1.15 (KHTML, like Gecko) Version/17.4 Safari/605.1.15 (Applebot/0.1; +http://www.apple.com/go/applebot)"
17.22.245.181 - - [31/Mar/2026:03:03:47 +0300] "GET /index.php/nashi-raboty/image?view=image&format=raw&type=img&id=7 HTTP/1.0" 200 355747 "-" "Mozilla/5.0 (Macintosh; Intel Mac OS X 10_15_7) AppleWebKit/605.1.15 (KHTML, like Gecko) Version/17.4 Safari/605.1.15 (Applebot/0.1; +http://www.apple.com/go/applebot)"
113.57.7.217 - - [31/Mar/2026:03:33:27 +0300] "GET /images/joomgallery/thumbnails/_______5/_______20160926_1664797989.jpg HTTP/1.1" 200 56870 "-" "Mozilla/5.0 (X11; Ubuntu; Linux x86_64; rv:72.0) Gecko/20100101 Firefox/72.0"
216.244.66.239 - - [31/Mar/2026:03:36:55 +0300] "GET /robots.txt HTTP/1.0" 200 1114 "-" "Mozilla/5.0 (compatible; DotBot/1.2; +https://opensiteexplorer.org/dotbot; help@moz.com)"
94.154.35.236 - - [31/Mar/2026:03:40:01 +0300] "HEAD /mail.php.7z HTTP/1.0" 404 159 "-" "Mozilla/5.0 (Windows NT 10.0; Win64; x64) AppleWebKit/537.36 (KHTML, like Gecko) Chrome/101.0.4951.67 Safari/537.36"
182.44.67.97 - - [31/Mar/2026:03:55:49 +0300] "GET / HTTP/1.0" 200 11296 "-" "Mozilla/5.0 (iPhone; CPU iPhone OS 13_2_3 like Mac OS X) AppleWebKit/605.1.15 (KHTML, like Gecko) Version/13.0.3 Mobile/15E148 Safari/604.1"
216.244.66.239 - - [31/Mar/2026:03:55:57 +0300] "GET /index.php/nashi-raboty/2018 HTTP/1.0" 200 39898 "-" "Mozilla/5.0 (compatible; DotBot/1.2; +https://opensiteexplorer.org/dotbot; help@moz.com)"
154.9.252.22 - - [31/Mar/2026:03:58:33 +0300] "GET /images/joomgallery/thumbnails/_________9/_________20160927_1932355918.jpg HTTP/1.1" 200 61953 "-" "Mozilla/5.0 (X11; Linux x86_64) AppleWebKit/537.36 (KHTML, like Gecko) Chrome/124.0.0.0 Safari/537.36"
104.210.140.128 - - [31/Mar/2026:03:59:30 +0300] "GET /robots.txt HTTP/1.0" 200 697 "-" "Mozilla/5.0 (Macintosh; Intel Mac OS X 10_15_7) AppleWebKit/537.36 (KHTML, like Gecko) Chrome/131.0.0.0 Safari/537.36; compatible; OAI-SearchBot/1.0; +https://openai.com/searchbot"
66.249.64.231 - - [31/Mar/2026:04:03:20 +0300] "GET / HTTP/1.0" 200 11300 "-" "Mozilla/5.0 (Linux; Android 6.0.1; Nexus 5X Build/MMB29P) AppleWebKit/537.36 (KHTML, like Gecko) Chrome/146.0.7680.153 Mobile Safari/537.36 (compatible; Googlebot/2.1; +http://www.google.com/bot.html)"
66.249.64.232 - - [31/Mar/2026:04:05:36 +0300] "GET /media/jui/js/jquery-migrate.min.js HTTP/1.1" 200 10056 "https://ruskamservis.ru/" "Mozilla/5.0 (Linux; Android 6.0.1; Nexus 5X Build/MMB29P) AppleWebKit/537.36 (KHTML, like Gecko) Chrome/146.0.7680.153 Mobile Safari/537.36 (compatible; Googlebot/2.1; +http://www.google.com/bot.html)"
66.249.76.168 - - [31/Mar/2026:04:05:37 +0300] "GET /templates/shaper_helix3/css/template.css HTTP/1.1" 200 41464 "https://ruskamservis.ru/" "Mozilla/5.0 (Linux; Android 6.0.1; Nexus 5X Build/MMB29P) AppleWebKit/537.36 (KHTML, like Gecko) Chrome/146.0.7680.153 Mobile Safari/537.36 (compatible; Googlebot/2.1; +http://www.google.com/bot.html)"
66.249.76.166 - - [31/Mar/2026:04:05:37 +0300] "GET /media/joomgallery/css/joomgallery.css HTTP/1.1" 200 12310 "https://ruskamservis.ru/" "Mozilla/5.0 (Linux; Android 6.0.1; Nexus 5X Build/MMB29P) AppleWebKit/537.36 (KHTML, like Gecko) Chrome/146.0.7680.153 Mobile Safari/537.36 (compatible; Googlebot/2.1; +http://www.google.com/bot.html)"
66.249.64.230 - - [31/Mar/2026:04:05:38 +0300] "GET /templates/shaper_helix3/css/presets/preset1.css HTTP/1.1" 200 2159 "https://ruskamservis.ru/" "Mozilla/5.0 (Linux; Android 6.0.1; Nexus 5X Build/MMB29P) AppleWebKit/537.36 (KHTML, like Gecko) Chrome/146.0.7680.153 Mobile Safari/537.36 (compatible; Googlebot/2.1; +http://www.google.com/bot.html)"
66.249.64.231 - - [31/Mar/2026:04:05:38 +0300] "GET /templates/shaper_helix3/js/main.js HTTP/1.1" 200 3410 "https://ruskamservis.ru/" "Mozilla/5.0 (Linux; Android 6.0.1; Nexus 5X Build/MMB29P) AppleWebKit/537.36 (KHTML, like Gecko) Chrome/146.0.7680.153 Mobile Safari/537.36 (compatible; Googlebot/2.1; +http://www.google.com/bot.html)"
66.249.76.166 - - [31/Mar/2026:04:05:39 +0300] "GET /media/jui/js/jquery-noconflict.js HTTP/1.1" 200 21 "https://ruskamservis.ru/" "Mozilla/5.0 (Linux; Android 6.0.1; Nexus 5X Build/MMB29P) AppleWebKit/537.36 (KHTML, like Gecko) Chrome/146.0.7680.153 Mobile Safari/537.36 (compatible; Googlebot/2.1; +http://www.google.com/bot.html)"
66.249.76.167 - - [31/Mar/2026:04:05:39 +0300] "GET /media/mod_joomimg/css/mod_joomimg.css HTTP/1.1" 200 198 "https://ruskamservis.ru/" "Mozilla/5.0 (Linux; Android 6.0.1; Nexus 5X Build/MMB29P) AppleWebKit/537.36 (KHTML, like Gecko) Chrome/146.0.7680.153 Mobile Safari/537.36 (compatible; Googlebot/2.1; +http://www.google.com/bot.html)"
66.249.64.231 - - [31/Mar/2026:04:05:39 +0300] "GET /templates/shaper_helix3/js/bootstrap.min.js HTTP/1.1" 200 35646 "https://ruskamservis.ru/" "Mozilla/5.0 (Linux; Android 6.0.1; Nexus 5X Build/MMB29P) AppleWebKit/537.36 (KHTML, like Gecko) Chrome/146.0.7680.153 Mobile Safari/537.36 (compatible; Googlebot/2.1; +http://www.google.com/bot.html)"
66.249.64.231 - - [31/Mar/2026:04:05:40 +0300] "GET /media/joomgallery/css/joom_settings.css HTTP/1.1" 200 1511 "https://ruskamservis.ru/" "Mozilla/5.0 (Linux; Android 6.0.1; Nexus 5X Build/MMB29P) AppleWebKit/537.36 (KHTML, like Gecko) Chrome/146.0.7680.153 Mobile Safari/537.36 (compatible; Googlebot/2.1; +http://www.google.com/bot.html)"
66.249.76.166 - - [31/Mar/2026:04:05:40 +0300] "GET /media/joomgallery/js/thickbox3/css/thickbox.css HTTP/1.1" 200 4052 "https://ruskamservis.ru/" "Mozilla/5.0 (Linux; Android 6.0.1; Nexus 5X Build/MMB29P) AppleWebKit/537.36 (KHTML, like Gecko) Chrome/146.0.7680.153 Mobile Safari/537.36 (compatible; Googlebot/2.1; +http://www.google.com/bot.html)"
66.249.64.230 - - [31/Mar/2026:04:05:41 +0300] "GET /templates/shaper_helix3/css/font-awesome.min.css HTTP/1.1" 200 26711 "https://ruskamservis.ru/" "Mozilla/5.0 (Linux; Android 6.0.1; Nexus 5X Build/MMB29P) AppleWebKit/537.36 (KHTML, like Gecko) Chrome/146.0.7680.153 Mobile Safari/537.36 (compatible; Googlebot/2.1; +http://www.google.com/bot.html)"
66.249.64.230 - - [31/Mar/2026:04:05:42 +0300] "GET /templates/shaper_helix3/css/bootstrap.min.css HTTP/1.1" 200 106077 "https://ruskamservis.ru/" "Mozilla/5.0 (Linux; Android 6.0.1; Nexus 5X Build/MMB29P) AppleWebKit/537.36 (KHTML, like Gecko) Chrome/146.0.7680.153 Mobile Safari/537.36 (compatible; Googlebot/2.1; +http://www.google.com/bot.html)"
216.73.216.131 - - [31/Mar/2026:04:06:19 +0300] "GET /robots.txt HTTP/1.0" 200 697 "-" "Mozilla/5.0 AppleWebKit/537.36 (KHTML, like Gecko; compatible; ClaudeBot/1.0; +claudebot@anthropic.com)"
216.73.216.131 - - [31/Mar/2026:04:06:20 +0300] "GET /sitemap.xml HTTP/1.0" 404 470 "-" "Mozilla/5.0 AppleWebKit/537.36 (KHTML, like Gecko; compatible; ClaudeBot/1.0; +claudebot@anthropic.com)"
172.86.90.111 - - [31/Mar/2026:04:43:15 +0300] "GET /bin.tar HTTP/1.0" 404 466 "-" "Mozilla/5.0 (Knoppix; Linux x86_64) AppleWebKit/537.36 (KHTML, like Gecko) Chrome/128.0.0.0 Safari/537.36"
172.86.90.111 - - [31/Mar/2026:04:43:15 +0300] "GET /bin.tar.gz HTTP/1.0" 404 469 "-" "Mozilla/5.0 (Fedora; Linux x86_64) AppleWebKit/537.36 (KHTML, like Gecko) Chrome/135.0.0.0 Safari/537.36"
172.86.90.111 - - [31/Mar/2026:04:43:15 +0300] "GET /bin.zip HTTP/1.0" 404 466 "-" "Mozilla/5.0 (CentOS; Linux x86_64) AppleWebKit/537.36 (KHTML, like Gecko) Chrome/128.0.0.0 Safari/537.36"
172.86.90.111 - - [31/Mar/2026:04:43:15 +0300] "GET /bin.rar HTTP/1.0" 404 466 "-" "Mozilla/5.0 (Macintosh; Intel Mac OS X 10_15_7) AppleWebKit/537.36 (KHTML, like Gecko) Chrome/128.0.0.0 Safari/537.36"
172.86.90.111 - - [31/Mar/2026:04:43:15 +0300] "GET /bin.tar.bz2 HTTP/1.0" 404 470 "-" "Mozilla/5.0 (Fedora; Linux x86_64) AppleWebKit/537.36 (KHTML, like Gecko) Chrome/134.0.0.0 Safari/537.36"
93.158.91.11 - - [31/Mar/2026:04:45:58 +0300] "GET / HTTP/1.0" 200 11301 "-" "Mozilla/5.0 (Windows NT 10.0; Win64; x64) AppleWebKit/537.36 (KHTML, like Gecko) Chrome/105.0.0.0 Safari/537.36"
93.158.91.11 - - [31/Mar/2026:04:46:00 +0300] "GET /templates/shaper_helix3/images/favicon.ico HTTP/1.0" 200 1414 "-" "Mozilla/5.0 (Windows NT 10.0; Win64; x64) AppleWebKit/537.36 (KHTML, like Gecko) Chrome/105.0.0.0 Safari/537.36"
98.142.241.62 - - [31/Mar/2026:04:53:14 +0300] "GET /images/joomgallery/thumbnails/_____2018__13/_____20191002_1578527088.jpg HTTP/1.1" 200 69318 "-" "Mozilla/5.0 (X11; Linux x86_64) AppleWebKit/537.36 (KHTML, like Gecko) Chrome/124.0.0.0 Safari/537.36"
195.128.248.10 - - [31/Mar/2026:05:08:33 +0300] "GET /.env.local HTTP/1.0" 404 473 "-" "Mozilla/5.0 (Windows NT 10.0; Win64; x64) AppleWebKit/537.36"
195.128.248.10 - - [31/Mar/2026:05:08:33 +0300] "GET /.env.production HTTP/1.0" 404 478 "-" "Mozilla/5.0 (Windows NT 10.0; Win64; x64) AppleWebKit/537.36"
195.128.248.10 - - [31/Mar/2026:05:08:33 +0300] "GET /.env.development HTTP/1.0" 404 479 "-" "Mozilla/5.0 (Windows NT 10.0; Win64; x64) AppleWebKit/537.36"
195.128.248.10 - - [31/Mar/2026:05:08:33 +0300] "GET /.env.staging HTTP/1.0" 404 475 "-" "Mozilla/5.0 (Windows NT 10.0; Win64; x64) AppleWebKit/537.36"
195.128.248.10 - - [31/Mar/2026:05:08:33 +0300] "GET /.env.backup HTTP/1.0" 404 474 "-" "Mozilla/5.0 (Windows NT 10.0; Win64; x64) AppleWebKit/537.36"
195.128.248.10 - - [31/Mar/2026:05:08:33 +0300] "GET /.env.bak HTTP/1.0" 404 471 "-" "Mozilla/5.0 (Windows NT 10.0; Win64; x64) AppleWebKit/537.36"
195.128.248.10 - - [31/Mar/2026:05:08:33 +0300] "GET /.env.old HTTP/1.0" 404 471 "-" "Mozilla/5.0 (Windows NT 10.0; Win64; x64) AppleWebKit/537.36"
195.128.248.10 - - [31/Mar/2026:05:08:34 +0300] "GET /.env.example HTTP/1.0" 404 475 "-" "Mozilla/5.0 (Windows NT 10.0; Win64; x64) AppleWebKit/537.36"
195.128.248.10 - - [31/Mar/2026:05:08:34 +0300] "GET /.env.save HTTP/1.0" 404 472 "-" "Mozilla/5.0 (Windows NT 10.0; Win64; x64) AppleWebKit/537.36"
195.128.248.10 - - [31/Mar/2026:05:08:34 +0300] "GET /core/.env HTTP/1.0" 404 472 "-" "Mozilla/5.0 (Windows NT 10.0; Win64; x64) AppleWebKit/537.36"
195.128.248.10 - - [31/Mar/2026:05:08:34 +0300] "GET /api/.env HTTP/1.0" 404 471 "-" "Mozilla/5.0 (Windows NT 10.0; Win64; x64) AppleWebKit/537.36"
195.128.248.10 - - [31/Mar/2026:05:08:35 +0300] "GET /backend/.env HTTP/1.0" 404 475 "-" "Mozilla/5.0 (Windows NT 10.0; Win64; x64) AppleWebKit/537.36"
195.128.248.10 - - [31/Mar/2026:05:08:35 +0300] "GET /laravel/.env HTTP/1.0" 404 475 "-" "Mozilla/5.0 (Windows NT 10.0; Win64; x64) AppleWebKit/537.36"
195.128.248.10 - - [31/Mar/2026:05:08:35 +0300] "GET /app/.env HTTP/1.0" 404 471 "-" "Mozilla/5.0 (Windows NT 10.0; Win64; x64) AppleWebKit/537.36"
195.128.248.10 - - [31/Mar/2026:05:08:36 +0300] "GET /web/.env HTTP/1.0" 404 471 "-" "Mozilla/5.0 (Windows NT 10.0; Win64; x64) AppleWebKit/537.36"
195.128.248.10 - - [31/Mar/2026:05:08:36 +0300] "GET /src/.env HTTP/1.0" 404 471 "-" "Mozilla/5.0 (Windows NT 10.0; Win64; x64) AppleWebKit/537.36"
195.128.248.10 - - [31/Mar/2026:05:08:36 +0300] "GET /server/.env HTTP/1.0" 404 474 "-" "Mozilla/5.0 (Windows NT 10.0; Win64; x64) AppleWebKit/537.36"
195.128.248.10 - - [31/Mar/2026:05:08:36 +0300] "GET /config/.env HTTP/1.0" 404 474 "-" "Mozilla/5.0 (Windows NT 10.0; Win64; x64) AppleWebKit/537.36"
195.128.248.10 - - [31/Mar/2026:05:08:36 +0300] "GET /shared/.env HTTP/1.0" 404 474 "-" "Mozilla/5.0 (Windows NT 10.0; Win64; x64) AppleWebKit/537.36"
195.128.248.10 - - [31/Mar/2026:05:08:36 +0300] "GET /public/.env HTTP/1.0" 404 474 "-" "Mozilla/5.0 (Windows NT 10.0; Win64; x64) AppleWebKit/537.36"
