54.187.170.115 - - [15/Aug/2022:10:03:34 +0300] "GET / HTTP/1.0" 200 25568 "-" "Mozilla/5.0 (X11; Linux x86_64) AppleWebKit/537.36 (KHTML, like Gecko) Chrome/83.0.4103.97 Safari/537.36"
35.87.148.157 - - [15/Aug/2022:10:05:27 +0300] "GET / HTTP/1.0" 200 25581 "-" "Mozilla/5.0 (X11; Linux x86_64) AppleWebKit/537.36 (KHTML, like Gecko) Chrome/83.0.4103.97 Safari/537.36"
54.202.89.6 - - [15/Aug/2022:10:05:31 +0300] "GET /favicon.ico HTTP/1.0" 404 466 "-" "Mozilla/5.0 (X11; Linux x86_64) AppleWebKit/537.36 (KHTML, like Gecko) Chrome/83.0.4103.97 Safari/537.36"
54.202.89.6 - - [15/Aug/2022:10:05:32 +0300] "GET / HTTP/1.0" 200 25569 "-" "Mozilla/5.0 (X11; Linux x86_64) AppleWebKit/537.36 (KHTML, like Gecko) Chrome/83.0.4103.97 Safari/537.36"
35.163.80.11 - - [15/Aug/2022:10:15:27 +0300] "GET /favicon.ico HTTP/1.0" 404 466 "-" "Mozilla/5.0 (X11; Linux x86_64) AppleWebKit/537.36 (KHTML, like Gecko) Chrome/83.0.4103.97 Safari/537.36"
35.163.80.11 - - [15/Aug/2022:10:15:31 +0300] "GET / HTTP/1.0" 200 25582 "-" "Mozilla/5.0 (X11; Linux x86_64) AppleWebKit/537.36 (KHTML, like Gecko) Chrome/83.0.4103.97 Safari/537.36"
89.22.234.115 - - [15/Aug/2022:10:19:13 +0300] "GET / HTTP/1.0" 200 165481 "http://vagonkam.ru/" "Mozilla/5.0 (Windows NT 10.0; Win64; x64) AppleWebKit/537.36 (KHTML, like Gecko) Chrome/90.0.4430.86 Safari/537.36"
89.22.234.115 - - [15/Aug/2022:10:19:14 +0300] "POST / HTTP/1.0" 303 665 "http://vagonkam.ru/" "Mozilla/5.0 (Windows NT 10.0; Win64; x64) AppleWebKit/537.36 (KHTML, like Gecko) Chrome/90.0.4430.86 Safari/537.36"
89.22.234.115 - - [15/Aug/2022:10:19:14 +0300] "GET / HTTP/1.0" 200 165384 "http://vagonkam.ru/" "Mozilla/5.0 (Windows NT 10.0; Win64; x64) AppleWebKit/537.36 (KHTML, like Gecko) Chrome/90.0.4430.86 Safari/537.36"
54.36.149.12 - - [15/Aug/2022:10:29:58 +0300] "GET /robots.txt HTTP/1.0" 404 465 "-" "Mozilla/5.0 (compatible; AhrefsBot/7.0; +http://ahrefs.com/robot/)"
54.36.148.100 - - [15/Aug/2022:10:29:59 +0300] "GET / HTTP/1.0" 200 25578 "-" "Mozilla/5.0 (compatible; AhrefsBot/7.0; +http://ahrefs.com/robot/)"
54.36.149.82 - - [15/Aug/2022:10:30:08 +0300] "GET /images/2019/05/15/des-4_37.png HTTP/1.0" 200 25662 "-" "Mozilla/5.0 (compatible; AhrefsBot/7.0; +http://ahrefs.com/robot/)"
54.36.149.43 - - [15/Aug/2022:10:30:08 +0300] "GET /images/2019/05/15/des-4_57.jpg HTTP/1.0" 200 85036 "-" "Mozilla/5.0 (compatible; AhrefsBot/7.0; +http://ahrefs.com/robot/)"
54.36.148.246 - - [15/Aug/2022:10:30:09 +0300] "GET /images/2019/05/15/des-4_53.png HTTP/1.0" 200 456950 "-" "Mozilla/5.0 (compatible; AhrefsBot/7.0; +http://ahrefs.com/robot/)"
54.36.148.75 - - [15/Aug/2022:10:30:10 +0300] "GET /images/2019/05/15/1.png HTTP/1.0" 200 2647 "-" "Mozilla/5.0 (compatible; AhrefsBot/7.0; +http://ahrefs.com/robot/)"
54.36.149.39 - - [15/Aug/2022:10:30:10 +0300] "GET /images/2019/05/15/des-4_07.png HTTP/1.0" 200 34265 "-" "Mozilla/5.0 (compatible; AhrefsBot/7.0; +http://ahrefs.com/robot/)"
54.36.149.7 - - [15/Aug/2022:10:30:10 +0300] "GET /images/2019/05/15/des-4_18.png HTTP/1.0" 200 13507 "-" "Mozilla/5.0 (compatible; AhrefsBot/7.0; +http://ahrefs.com/robot/)"
54.36.149.35 - - [15/Aug/2022:10:30:11 +0300] "GET /images/2019/05/15/des-4_11.png HTTP/1.0" 200 20032 "-" "Mozilla/5.0 (compatible; AhrefsBot/7.0; +http://ahrefs.com/robot/)"
54.36.148.129 - - [15/Aug/2022:10:30:12 +0300] "GET /images/2019/05/17/slide3.jpg HTTP/1.0" 200 49945 "-" "Mozilla/5.0 (compatible; AhrefsBot/7.0; +http://ahrefs.com/robot/)"
54.36.149.10 - - [15/Aug/2022:10:30:13 +0300] "GET /images/2019/05/15/des-4_31.png HTTP/1.0" 200 23603 "-" "Mozilla/5.0 (compatible; AhrefsBot/7.0; +http://ahrefs.com/robot/)"
54.36.148.90 - - [15/Aug/2022:10:30:14 +0300] "GET /images/2019/05/17/slide1.jpg HTTP/1.0" 200 94014 "-" "Mozilla/5.0 (compatible; AhrefsBot/7.0; +http://ahrefs.com/robot/)"
54.36.148.19 - - [15/Aug/2022:10:30:14 +0300] "GET /images/2022/02/16/ban22-2.jpg HTTP/1.0" 200 94133 "-" "Mozilla/5.0 (compatible; AhrefsBot/7.0; +http://ahrefs.com/robot/)"
54.36.148.241 - - [15/Aug/2022:10:30:15 +0300] "GET /images/2022/02/16/ban22-1.jpg HTTP/1.0" 200 109129 "-" "Mozilla/5.0 (compatible; AhrefsBot/7.0; +http://ahrefs.com/robot/)"
54.36.149.95 - - [15/Aug/2022:10:30:15 +0300] "GET /images/2019/05/15/des-4_09.png HTTP/1.0" 200 22782 "-" "Mozilla/5.0 (compatible; AhrefsBot/7.0; +http://ahrefs.com/robot/)"
54.36.148.204 - - [15/Aug/2022:10:30:16 +0300] "GET /images/2019/05/15/des-4_17.png HTTP/1.0" 200 18646 "-" "Mozilla/5.0 (compatible; AhrefsBot/7.0; +http://ahrefs.com/robot/)"
54.36.148.25 - - [15/Aug/2022:10:30:16 +0300] "GET /images/2019/05/15/des-4_05.png HTTP/1.0" 200 23911 "-" "Mozilla/5.0 (compatible; AhrefsBot/7.0; +http://ahrefs.com/robot/)"
54.36.149.73 - - [15/Aug/2022:10:30:17 +0300] "GET /images/2019/05/17/slide2.jpg HTTP/1.0" 200 47785 "-" "Mozilla/5.0 (compatible; AhrefsBot/7.0; +http://ahrefs.com/robot/)"
54.36.148.204 - - [15/Aug/2022:10:30:17 +0300] "GET /images/2019/05/15/des-4_28.png HTTP/1.0" 200 22656 "-" "Mozilla/5.0 (compatible; AhrefsBot/7.0; +http://ahrefs.com/robot/)"
54.36.148.38 - - [15/Aug/2022:10:30:18 +0300] "GET /images/2019/05/15/des-4_19.png HTTP/1.0" 200 21550 "-" "Mozilla/5.0 (compatible; AhrefsBot/7.0; +http://ahrefs.com/robot/)"
54.36.149.4 - - [15/Aug/2022:10:30:18 +0300] "GET /images/2019/05/15/des-4_36.png HTTP/1.0" 200 15237 "-" "Mozilla/5.0 (compatible; AhrefsBot/7.0; +http://ahrefs.com/robot/)"
54.36.149.26 - - [15/Aug/2022:10:30:19 +0300] "GET /images/2019/05/15/des-4_61.jpg HTTP/1.0" 200 124663 "-" "Mozilla/5.0 (compatible; AhrefsBot/7.0; +http://ahrefs.com/robot/)"
54.36.149.54 - - [15/Aug/2022:10:30:19 +0300] "GET /modules/mod_joomly_callback/js/callback_default.js HTTP/1.0" 200 2324 "-" "Mozilla/5.0 (compatible; AhrefsBot/7.0; +http://ahrefs.com/robot/)"
54.36.148.82 - - [15/Aug/2022:10:30:20 +0300] "GET /images/2019/05/21/kat-c_26.png HTTP/1.0" 200 26255 "-" "Mozilla/5.0 (compatible; AhrefsBot/7.0; +http://ahrefs.com/robot/)"
54.36.148.204 - - [15/Aug/2022:10:30:21 +0300] "GET /images/2019/05/15/3.png HTTP/1.0" 200 1735 "-" "Mozilla/5.0 (compatible; AhrefsBot/7.0; +http://ahrefs.com/robot/)"
54.36.148.205 - - [15/Aug/2022:10:30:21 +0300] "GET /images/2019/05/15/4.png HTTP/1.0" 200 2776 "-" "Mozilla/5.0 (compatible; AhrefsBot/7.0; +http://ahrefs.com/robot/)"
54.36.148.254 - - [15/Aug/2022:10:30:23 +0300] "GET /images/2019/05/15/5.png HTTP/1.0" 200 1888 "-" "Mozilla/5.0 (compatible; AhrefsBot/7.0; +http://ahrefs.com/robot/)"
54.36.148.62 - - [15/Aug/2022:10:30:24 +0300] "GET /images/2019/05/18/des-4_41.jpg HTTP/1.0" 200 52378 "-" "Mozilla/5.0 (compatible; AhrefsBot/7.0; +http://ahrefs.com/robot/)"
54.36.149.101 - - [15/Aug/2022:10:30:25 +0300] "GET /images/2019/05/15/des-4_03.jpg HTTP/1.0" 200 50585 "-" "Mozilla/5.0 (compatible; AhrefsBot/7.0; +http://ahrefs.com/robot/)"
54.36.149.31 - - [15/Aug/2022:10:30:26 +0300] "GET /images/2019/05/14/logo.png HTTP/1.0" 200 13092 "-" "Mozilla/5.0 (compatible; AhrefsBot/7.0; +http://ahrefs.com/robot/)"
54.36.148.164 - - [15/Aug/2022:10:30:26 +0300] "GET /images/2019/05/15/2.png HTTP/1.0" 200 1512 "-" "Mozilla/5.0 (compatible; AhrefsBot/7.0; +http://ahrefs.com/robot/)"
54.36.148.36 - - [15/Aug/2022:10:30:27 +0300] "GET /images/2019/05/18/des-4_43.jpg HTTP/1.0" 200 39038 "-" "Mozilla/5.0 (compatible; AhrefsBot/7.0; +http://ahrefs.com/robot/)"
54.36.149.4 - - [15/Aug/2022:10:30:27 +0300] "GET /modules/mod_joomly_callback/css/callback_default.css HTTP/1.0" 200 1657 "-" "Mozilla/5.0 (compatible; AhrefsBot/7.0; +http://ahrefs.com/robot/)"
54.36.148.50 - - [15/Aug/2022:10:30:28 +0300] "GET /images/2019/05/15/des-4_29.jpg HTTP/1.0" 200 36811 "-" "Mozilla/5.0 (compatible; AhrefsBot/7.0; +http://ahrefs.com/robot/)"
156.146.55.228 - - [15/Aug/2022:10:35:08 +0300] "GET /administrator/index.php HTTP/1.0" 200 3262 "-" "Mozilla/5.0 (Windows NT 10.0; WOW64) AppleWebKit/537.36 (KHTML, like Gecko) Chrome/75.0.3770.100 Safari/537.36"
156.146.55.228 - - [15/Aug/2022:10:35:12 +0300] "POST /administrator/index.php HTTP/1.0" 200 3321 "-" "Mozilla/5.0 (Windows NT 10.0; WOW64) AppleWebKit/537.36 (KHTML, like Gecko) Chrome/75.0.3770.100 Safari/537.36"
156.146.55.228 - - [15/Aug/2022:10:35:14 +0300] "GET /administrator/index.php HTTP/1.0" 200 3165 "-" "Mozilla/5.0 (Windows NT 10.0; WOW64) AppleWebKit/537.36 (KHTML, like Gecko) Chrome/75.0.3770.100 Safari/537.36"
46.148.206.226 - - [15/Aug/2022:10:42:06 +0300] "GET / HTTP/1.0" 200 165435 "http://vagonkam.ru/" "Mozilla/5.0 (Windows NT 10.0; WOW64) AppleWebKit/537.36 (KHTML, like Gecko) Chrome/90.0.4430.85 Safari/537.36"
46.148.206.226 - - [15/Aug/2022:10:42:24 +0300] "GET / HTTP/1.0" 200 165338 "http://vagonkam.ru/" "Mozilla/5.0 (Windows NT 10.0; WOW64) AppleWebKit/537.36 (KHTML, like Gecko) Chrome/90.0.4430.85 Safari/537.36"
89.22.234.115 - - [15/Aug/2022:10:59:04 +0300] "GET / HTTP/1.0" 200 165428 "http://vagonkam.ru/" "Mozilla/5.0 (Windows NT 10.0; Win64; x64) AppleWebKit/537.36 (KHTML, like Gecko) Chrome/90.0.4430.93 Safari/537.36"
89.22.234.115 - - [15/Aug/2022:10:59:04 +0300] "POST / HTTP/1.0" 303 665 "http://vagonkam.ru/" "Mozilla/5.0 (Windows NT 10.0; Win64; x64) AppleWebKit/537.36 (KHTML, like Gecko) Chrome/90.0.4430.93 Safari/537.36"
89.22.234.115 - - [15/Aug/2022:10:59:07 +0300] "GET / HTTP/1.0" 200 165331 "http://vagonkam.ru/" "Mozilla/5.0 (Windows NT 10.0; Win64; x64) AppleWebKit/537.36 (KHTML, like Gecko) Chrome/90.0.4430.93 Safari/537.36"
51.13.170.30 - - [15/Aug/2022:11:06:53 +0300] "GET /wp-content/plugins/dzs-zoomsounds/savepng.php?location=1877.php HTTP/1.0" 404 500 "-" "Mozilla/5.0 (Windows NT 10.0; Win64; x64) AppleWebKit/537.36 (KHTML, like Gecko) Chrome/85.0.4183.102 Safari/537.36"
51.13.170.30 - - [15/Aug/2022:11:06:53 +0300] "POST /wp-plain.php HTTP/1.0" 404 467 "www.google.com" "Mozilla/5.0 (Linux; Android 7.0; SM-G892A Bulid/NRD90M; wv) AppleWebKit/537.36 (KHTML, like Gecko) Version/4.0 Chrome/60.0.3112.107 Moblie Safari/537.36"
51.13.170.30 - - [15/Aug/2022:11:06:53 +0300] "POST /ALFA_DATA/alfacgiapi/perl.alfa HTTP/1.0" 404 485 "www.google.com" "Mozlila/5.0 (Linux; Android 7.0; SM-G892A Bulid/NRD90M; wv) AppleWebKit/537.36 (KHTML, like Gecko) Version/4.0 Chrome/60.0.3112.107 Moblie Safari/537.36"
51.13.170.30 - - [15/Aug/2022:11:06:53 +0300] "GET /drhklofq.php?Fox=d3wL7 HTTP/1.0" 404 467 "www.google.com" "Mozilla/5.0 (Linux; Android 7.0; SM-G892A Bulid/NRD90M; wv) AppleWebKit/537.36 (KHTML, like Gecko) Version/4.0 Chrome/60.0.3112.107 Moblie Safari/537.36"
51.13.170.30 - - [15/Aug/2022:11:06:53 +0300] "POST /alfacgiapi/perl.alfa HTTP/1.0" 404 475 "www.google.com" "Mozlila/5.0 (Linux; Android 7.0; SM-G892A Bulid/NRD90M; wv) AppleWebKit/537.36 (KHTML, like Gecko) Version/4.0 Chrome/60.0.3112.107 Moblie Safari/537.36"
51.13.170.30 - - [15/Aug/2022:11:06:53 +0300] "POST /wp-plain.php HTTP/1.0" 404 467 "www.google.com" "Mozilla/5.0 (Linux; Android 7.0; SM-G892A Bulid/NRD90M; wv) AppleWebKit/537.36 (KHTML, like Gecko) Version/4.0 Chrome/60.0.3112.107 Moblie Safari/537.36"
51.13.170.30 - - [15/Aug/2022:11:06:53 +0300] "GET /hjsnwuls.php?Fox=d3wL7 HTTP/1.0" 404 467 "www.google.com" "Mozilla/5.0 (Linux; Android 7.0; SM-G892A Bulid/NRD90M; wv) AppleWebKit/537.36 (KHTML, like Gecko) Version/4.0 Chrome/60.0.3112.107 Moblie Safari/537.36"
51.13.170.30 - - [15/Aug/2022:11:06:53 +0300] "GET / HTTP/1.0" 200 165368 "-" "Mozlila/5.0 (Linux; Android 7.0; SM-G892A Bulid/NRD90M; wv) AppleWebKit/537.36 (KHTML, like Gecko) Version/4.0 Chrome/60.0.3112.107 Moblie Safari/537.36"
51.13.170.30 - - [15/Aug/2022:11:06:54 +0300] "GET /wp-content/plugins/apikey/apikey.php?test=hello HTTP/1.0" 404 491 "-" "Mozlila/5.0 (Linux; Android 7.0; SM-G892A Bulid/NRD90M; wv) AppleWebKit/537.36 (KHTML, like Gecko) Version/4.0 Chrome/60.0.3112.107 Moblie Safari/537.36"
51.13.170.30 - - [15/Aug/2022:11:06:54 +0300] "GET /plugins/content/apismtp/apismtp.php?test=hello HTTP/1.0" 404 490 "-" "Mozlila/5.0 (Linux; Android 7.0; SM-G892A Bulid/NRD90M; wv) AppleWebKit/537.36 (KHTML, like Gecko) Version/4.0 Chrome/60.0.3112.107 Moblie Safari/537.36"
51.13.170.30 - - [15/Aug/2022:11:06:54 +0300] "GET /wp-content/plugins/apikey/apikey.php.suspected?test=hello HTTP/1.0" 404 501 "-" "Mozlila/5.0 (Linux; Android 7.0; SM-G892A Bulid/NRD90M; wv) AppleWebKit/537.36 (KHTML, like Gecko) Version/4.0 Chrome/60.0.3112.107 Moblie Safari/537.36"
51.13.170.30 - - [15/Aug/2022:11:06:54 +0300] "GET /plugins/content/apismtp/apismtp.php.suspected?test=hello HTTP/1.0" 404 500 "-" "Mozlila/5.0 (Linux; Android 7.0; SM-G892A Bulid/NRD90M; wv) AppleWebKit/537.36 (KHTML, like Gecko) Version/4.0 Chrome/60.0.3112.107 Moblie Safari/537.36"
213.219.247.125 - - [15/Aug/2022:11:13:30 +0300] "GET / HTTP/1.0" 200 165389 "http://vagonkam.ru/" "Mozilla/5.0 (Windows NT 10.0; WOW64) AppleWebKit/537.36 (KHTML, like Gecko) Chrome/90.0.4430.85 Safari/537.36"
213.219.247.125 - - [15/Aug/2022:11:13:32 +0300] "POST / HTTP/1.0" 303 665 "http://vagonkam.ru/" "Mozilla/5.0 (Windows NT 10.0; WOW64) AppleWebKit/537.36 (KHTML, like Gecko) Chrome/90.0.4430.85 Safari/537.36"
213.219.247.125 - - [15/Aug/2022:11:13:34 +0300] "GET / HTTP/1.0" 200 165292 "http://vagonkam.ru/" "Mozilla/5.0 (Windows NT 10.0; WOW64) AppleWebKit/537.36 (KHTML, like Gecko) Chrome/90.0.4430.85 Safari/537.36"
162.241.24.23 - - [15/Aug/2022:11:18:35 +0300] "GET /0z.php HTTP/1.0" 404 461 "http://simplesite.com" "Mozilla/5.0 (Windows; U; Windows NT 5.1; en-US) AppleWebKit/533.4 (KHTML, like Gecko) Chrome/5.0.375.99 Safari/533.4"
213.219.247.125 - - [15/Aug/2022:11:19:03 +0300] "GET / HTTP/1.0" 200 165389 "http://vagonkam.ru/" "Mozilla/5.0 (Windows NT 10.0; WOW64) AppleWebKit/537.36 (KHTML, like Gecko) Chrome/90.0.4430.93 Safari/537.36"
213.219.247.125 - - [15/Aug/2022:11:19:05 +0300] "POST / HTTP/1.0" 303 665 "http://vagonkam.ru/" "Mozilla/5.0 (Windows NT 10.0; WOW64) AppleWebKit/537.36 (KHTML, like Gecko) Chrome/90.0.4430.93 Safari/537.36"
213.219.247.125 - - [15/Aug/2022:11:19:07 +0300] "GET / HTTP/1.0" 200 165292 "http://vagonkam.ru/" "Mozilla/5.0 (Windows NT 10.0; WOW64) AppleWebKit/537.36 (KHTML, like Gecko) Chrome/90.0.4430.93 Safari/537.36"
45.145.131.37 - - [15/Aug/2022:11:24:41 +0300] "GET / HTTP/1.0" 200 165375 "http://vagonkam.ru/" "Mozilla/5.0 (Windows NT 6.1; WOW64) AppleWebKit/537.36 (KHTML, like Gecko) Chrome/90.0.4430.93 Safari/537.36"
45.145.131.37 - - [15/Aug/2022:11:25:23 +0300] "POST / HTTP/1.0" 303 665 "http://vagonkam.ru/" "Mozilla/5.0 (Windows NT 6.1; WOW64) AppleWebKit/537.36 (KHTML, like Gecko) Chrome/90.0.4430.93 Safari/537.36"
45.145.131.37 - - [15/Aug/2022:11:25:28 +0300] "GET / HTTP/1.0" 200 165278 "http://vagonkam.ru/" "Mozilla/5.0 (Windows NT 6.1; WOW64) AppleWebKit/537.36 (KHTML, like Gecko) Chrome/90.0.4430.93 Safari/537.36"
139.162.149.6 - - [15/Aug/2022:11:29:05 +0300] "GET / HTTP/1.0" 200 165375 "http://vagonkam.ru/" "Mozilla/5.0 (Windows NT 6.1; Win64; x64) AppleWebKit/537.36 (KHTML, like Gecko) Chrome/90.0.4427.0 Safari/537.36"
139.162.149.6 - - [15/Aug/2022:11:29:06 +0300] "POST / HTTP/1.0" 303 665 "http://vagonkam.ru/" "Mozilla/5.0 (Windows NT 6.1; Win64; x64) AppleWebKit/537.36 (KHTML, like Gecko) Chrome/90.0.4427.0 Safari/537.36"
139.162.149.6 - - [15/Aug/2022:11:29:09 +0300] "GET / HTTP/1.0" 200 165278 "http://vagonkam.ru/" "Mozilla/5.0 (Windows NT 6.1; Win64; x64) AppleWebKit/537.36 (KHTML, like Gecko) Chrome/90.0.4427.0 Safari/537.36"
196.244.192.226 - - [15/Aug/2022:11:30:00 +0300] "GET /administrator/index.php HTTP/1.0" 200 8075 "-" "Mozilla/5.0 (Windows NT 6.1) AppleWebKit/537.36 (KHTML, like Gecko) Chrome/45.0.2454.85 Safari/537.36 OPR/32.0.1948.45"
196.244.192.226 - - [15/Aug/2022:11:30:01 +0300] "POST /administrator/index.php HTTP/1.0" 200 8374 "-" "Mozilla/5.0 (Windows NT 6.1) AppleWebKit/537.36 (KHTML, like Gecko) Chrome/45.0.2454.85 Safari/537.36 OPR/32.0.1948.45"
213.219.247.125 - - [15/Aug/2022:11:30:01 +0300] "GET / HTTP/1.0" 200 165389 "http://vagonkam.ru/" "Mozilla/5.0 (Windows NT 10.0; WOW64) AppleWebKit/537.36 (KHTML, like Gecko) Chrome/90.0.4430.85 Safari/537.36"
194.126.177.69 - - [15/Aug/2022:11:30:06 +0300] "GET /administrator/index.php HTTP/1.0" 200 8075 "-" "Mozilla/5.0 (Windows NT 6.1) AppleWebKit/537.36 (KHTML, like Gecko) Chrome/45.0.2454.85 Safari/537.36 OPR/32.0.1948.45"
194.126.177.69 - - [15/Aug/2022:11:30:07 +0300] "POST /administrator/index.php HTTP/1.0" 200 8374 "-" "Mozilla/5.0 (Windows NT 6.1) AppleWebKit/537.36 (KHTML, like Gecko) Chrome/45.0.2454.85 Safari/537.36 OPR/32.0.1948.45"
213.219.247.125 - - [15/Aug/2022:11:30:06 +0300] "POST / HTTP/1.0" 303 665 "http://vagonkam.ru/" "Mozilla/5.0 (Windows NT 10.0; WOW64) AppleWebKit/537.36 (KHTML, like Gecko) Chrome/90.0.4430.85 Safari/537.36"
213.219.247.125 - - [15/Aug/2022:11:30:09 +0300] "GET / HTTP/1.0" 200 165292 "http://vagonkam.ru/" "Mozilla/5.0 (Windows NT 10.0; WOW64) AppleWebKit/537.36 (KHTML, like Gecko) Chrome/90.0.4430.85 Safari/537.36"
193.188.21.49 - - [15/Aug/2022:11:51:03 +0300] "GET / HTTP/1.0" 200 165322 "http://vagonkam.ru/" "Mozilla/5.0 (Windows NT 6.3; Win64; x64) AppleWebKit/537.36 (KHTML, like Gecko) Chrome/90.0.4430.72 Safari/537.36 Edg/90.0.818.42"
193.188.21.49 - - [15/Aug/2022:11:51:16 +0300] "POST / HTTP/1.0" 303 665 "http://vagonkam.ru/" "Mozilla/5.0 (Windows NT 6.3; Win64; x64) AppleWebKit/537.36 (KHTML, like Gecko) Chrome/90.0.4430.72 Safari/537.36 Edg/90.0.818.42"
193.188.21.49 - - [15/Aug/2022:11:51:18 +0300] "GET / HTTP/1.0" 200 165225 "http://vagonkam.ru/" "Mozilla/5.0 (Windows NT 6.3; Win64; x64) AppleWebKit/537.36 (KHTML, like Gecko) Chrome/90.0.4430.72 Safari/537.36 Edg/90.0.818.42"
66.249.66.67 - - [15/Aug/2022:11:52:12 +0300] "GET /robots.txt HTTP/1.0" 404 465 "-" "Mozilla/5.0 (compatible; Googlebot/2.1; +http://www.google.com/bot.html)"
193.188.21.49 - - [15/Aug/2022:11:52:22 +0300] "GET / HTTP/1.0" 200 165322 "http://vagonkam.ru/" "Mozilla/5.0 (Windows NT 10.0; Win64; x64) AppleWebKit/537.36 (KHTML, like Gecko) Chrome/90.0.4430.93 Safari/537.36"
193.188.21.49 - - [15/Aug/2022:11:52:30 +0300] "POST / HTTP/1.0" 303 665 "http://vagonkam.ru/" "Mozilla/5.0 (Windows NT 10.0; Win64; x64) AppleWebKit/537.36 (KHTML, like Gecko) Chrome/90.0.4430.93 Safari/537.36"
193.188.21.49 - - [15/Aug/2022:11:52:32 +0300] "GET / HTTP/1.0" 200 165225 "http://vagonkam.ru/" "Mozilla/5.0 (Windows NT 10.0; Win64; x64) AppleWebKit/537.36 (KHTML, like Gecko) Chrome/90.0.4430.93 Safari/537.36"
213.219.247.106 - - [15/Aug/2022:11:56:41 +0300] "GET / HTTP/1.0" 200 165336 "http://vagonkam.ru/" "Mozilla/5.0 (Windows NT 6.3; Win64; x64) AppleWebKit/537.36 (KHTML, like Gecko) Chrome/90.0.4430.72 Safari/537.36"
213.219.247.106 - - [15/Aug/2022:11:56:45 +0300] "POST / HTTP/1.0" 303 665 "http://vagonkam.ru/" "Mozilla/5.0 (Windows NT 6.3; Win64; x64) AppleWebKit/537.36 (KHTML, like Gecko) Chrome/90.0.4430.72 Safari/537.36"
213.219.247.106 - - [15/Aug/2022:11:56:48 +0300] "GET / HTTP/1.0" 200 165239 "http://vagonkam.ru/" "Mozilla/5.0 (Windows NT 6.3; Win64; x64) AppleWebKit/537.36 (KHTML, like Gecko) Chrome/90.0.4430.72 Safari/537.36"
45.76.246.82 - - [15/Aug/2022:12:29:06 +0300] "GET / HTTP/1.0" 200 165262 "http://vagonkam.ru/" "Mozilla/5.0 (Windows NT 10.0; WOW64) AppleWebKit/537.36 (KHTML, like Gecko) Chrome/90.0.4430.85 Safari/537.36"
45.76.246.82 - - [15/Aug/2022:12:29:12 +0300] "POST / HTTP/1.0" 303 665 "http://vagonkam.ru/" "Mozilla/5.0 (Windows NT 10.0; WOW64) AppleWebKit/537.36 (KHTML, like Gecko) Chrome/90.0.4430.85 Safari/537.36"
45.76.246.82 - - [15/Aug/2022:12:29:23 +0300] "GET / HTTP/1.0" 200 165165 "http://vagonkam.ru/" "Mozilla/5.0 (Windows NT 10.0; WOW64) AppleWebKit/537.36 (KHTML, like Gecko) Chrome/90.0.4430.85 Safari/537.36"
185.197.74.6 - - [15/Aug/2022:12:36:27 +0300] "GET / HTTP/1.0" 200 165209 "http://vagonkam.ru/" "Mozilla/5.0 (Windows NT 6.3; Win64; x64) AppleWebKit/537.36 (KHTML, like Gecko) Chrome/90.0.4430.85 Safari/537.36"
185.197.74.6 - - [15/Aug/2022:12:36:31 +0300] "POST / HTTP/1.0" 303 665 "http://vagonkam.ru/" "Mozilla/5.0 (Windows NT 6.3; Win64; x64) AppleWebKit/537.36 (KHTML, like Gecko) Chrome/90.0.4430.85 Safari/537.36"
185.197.74.6 - - [15/Aug/2022:12:36:34 +0300] "GET / HTTP/1.0" 200 165112 "http://vagonkam.ru/" "Mozilla/5.0 (Windows NT 6.3; Win64; x64) AppleWebKit/537.36 (KHTML, like Gecko) Chrome/90.0.4430.85 Safari/537.36"
196.244.192.226 - - [15/Aug/2022:12:48:45 +0300] "GET /administrator/index.php HTTP/1.0" 200 8075 "-" "Mozilla/5.0 (Windows NT 6.1) AppleWebKit/537.36 (KHTML, like Gecko) Chrome/45.0.2454.85 Safari/537.36 OPR/32.0.1948.45"
196.244.192.226 - - [15/Aug/2022:12:48:46 +0300] "POST /administrator/index.php HTTP/1.0" 200 8374 "-" "Mozilla/5.0 (Windows NT 6.1) AppleWebKit/537.36 (KHTML, like Gecko) Chrome/45.0.2454.85 Safari/537.36 OPR/32.0.1948.45"
185.197.74.6 - - [15/Aug/2022:12:50:05 +0300] "GET / HTTP/1.0" 200 165209 "http://vagonkam.ru/" "Mozilla/5.0 (Windows NT 6.3; Win64; x64) AppleWebKit/537.36 (KHTML, like Gecko) Chrome/90.0.4430.93 Safari/537.36"
185.197.74.6 - - [15/Aug/2022:12:50:08 +0300] "POST / HTTP/1.0" 303 665 "http://vagonkam.ru/" "Mozilla/5.0 (Windows NT 6.3; Win64; x64) AppleWebKit/537.36 (KHTML, like Gecko) Chrome/90.0.4430.93 Safari/537.36"
185.197.74.6 - - [15/Aug/2022:12:50:08 +0300] "GET / HTTP/1.0" 200 165112 "http://vagonkam.ru/" "Mozilla/5.0 (Windows NT 6.3; Win64; x64) AppleWebKit/537.36 (KHTML, like Gecko) Chrome/90.0.4430.93 Safari/537.36"
213.219.247.106 - - [15/Aug/2022:12:50:21 +0300] "GET / HTTP/1.0" 200 165230 "http://vagonkam.ru/" "Mozilla/5.0 (Windows NT 10.0; Win64; x64) AppleWebKit/537.36 (KHTML, like Gecko) Chrome/90.0.4430.85 Safari/537.36 Edg/90.0.818.49"
213.219.247.106 - - [15/Aug/2022:12:50:29 +0300] "POST / HTTP/1.0" 303 665 "http://vagonkam.ru/" "Mozilla/5.0 (Windows NT 10.0; Win64; x64) AppleWebKit/537.36 (KHTML, like Gecko) Chrome/90.0.4430.85 Safari/537.36 Edg/90.0.818.49"
213.219.247.106 - - [15/Aug/2022:12:50:32 +0300] "GET / HTTP/1.0" 200 165133 "http://vagonkam.ru/" "Mozilla/5.0 (Windows NT 10.0; Win64; x64) AppleWebKit/537.36 (KHTML, like Gecko) Chrome/90.0.4430.85 Safari/537.36 Edg/90.0.818.49"
194.126.177.69 - - [15/Aug/2022:12:54:19 +0300] "GET /administrator/index.php HTTP/1.0" 200 8075 "-" "Mozilla/5.0 (Windows NT 6.1) AppleWebKit/537.36 (KHTML, like Gecko) Chrome/45.0.2454.85 Safari/537.36 OPR/32.0.1948.45"
194.126.177.69 - - [15/Aug/2022:12:54:19 +0300] "POST /administrator/index.php HTTP/1.0" 200 8374 "-" "Mozilla/5.0 (Windows NT 6.1) AppleWebKit/537.36 (KHTML, like Gecko) Chrome/45.0.2454.85 Safari/537.36 OPR/32.0.1948.45"
156.146.55.228 - - [15/Aug/2022:12:57:14 +0300] "GET /administrator/index.php HTTP/1.0" 200 3263 "-" "Mozilla/5.0 (Windows NT 10.0; WOW64) AppleWebKit/537.36 (KHTML, like Gecko) Chrome/75.0.3770.100 Safari/537.36"
156.146.55.228 - - [15/Aug/2022:12:57:18 +0300] "POST /administrator/index.php HTTP/1.0" 200 3325 "-" "Mozilla/5.0 (Windows NT 10.0; WOW64) AppleWebKit/537.36 (KHTML, like Gecko) Chrome/75.0.3770.100 Safari/537.36"
156.146.55.228 - - [15/Aug/2022:12:57:20 +0300] "GET /administrator/index.php HTTP/1.0" 200 3166 "-" "Mozilla/5.0 (Windows NT 10.0; WOW64) AppleWebKit/537.36 (KHTML, like Gecko) Chrome/75.0.3770.100 Safari/537.36"
213.219.247.106 - - [15/Aug/2022:13:05:32 +0300] "GET / HTTP/1.0" 200 165177 "http://vagonkam.ru/" "Mozilla/5.0 (Windows NT 10.0; Win64; x64) AppleWebKit/537.36 (KHTML, like Gecko) Chrome/90.0.4430.85 Safari/537.36"
213.219.247.106 - - [15/Aug/2022:13:05:35 +0300] "POST / HTTP/1.0" 303 665 "http://vagonkam.ru/" "Mozilla/5.0 (Windows NT 10.0; Win64; x64) AppleWebKit/537.36 (KHTML, like Gecko) Chrome/90.0.4430.85 Safari/537.36"
213.219.247.106 - - [15/Aug/2022:13:05:38 +0300] "GET / HTTP/1.0" 200 165080 "http://vagonkam.ru/" "Mozilla/5.0 (Windows NT 10.0; Win64; x64) AppleWebKit/537.36 (KHTML, like Gecko) Chrome/90.0.4430.85 Safari/537.36"
89.22.234.115 - - [15/Aug/2022:13:18:37 +0300] "GET / HTTP/1.0" 200 165163 "http://vagonkam.ru/" "Mozilla/5.0 (Windows NT 6.1; Win64; x64) AppleWebKit/537.36 (KHTML, like Gecko) Chrome/90.0.4427.0 Safari/537.36"
89.22.234.115 - - [15/Aug/2022:13:18:38 +0300] "POST / HTTP/1.0" 303 665 "http://vagonkam.ru/" "Mozilla/5.0 (Windows NT 6.1; Win64; x64) AppleWebKit/537.36 (KHTML, like Gecko) Chrome/90.0.4427.0 Safari/537.36"
89.22.234.115 - - [15/Aug/2022:13:18:40 +0300] "GET / HTTP/1.0" 200 165066 "http://vagonkam.ru/" "Mozilla/5.0 (Windows NT 6.1; Win64; x64) AppleWebKit/537.36 (KHTML, like Gecko) Chrome/90.0.4427.0 Safari/537.36"
213.219.247.106 - - [15/Aug/2022:13:48:42 +0300] "GET / HTTP/1.0" 200 165124 "http://vagonkam.ru/" "Mozilla/5.0 (Windows NT 6.1; WOW64) AppleWebKit/537.36 (KHTML, like Gecko) Chrome/90.0.4430.85 Safari/537.36"
194.34.132.57 - - [15/Aug/2022:13:48:58 +0300] "GET /administrator/index.php HTTP/1.0" 200 3263 "-" "Mozilla/5.0 (Windows NT 10.0; WOW64) AppleWebKit/537.36 (KHTML, like Gecko) Chrome/75.0.3770.100 Safari/537.36"
194.34.132.57 - - [15/Aug/2022:13:49:02 +0300] "POST /administrator/index.php HTTP/1.0" 200 3325 "-" "Mozilla/5.0 (Windows NT 10.0; WOW64) AppleWebKit/537.36 (KHTML, like Gecko) Chrome/75.0.3770.100 Safari/537.36"
194.34.132.57 - - [15/Aug/2022:13:49:04 +0300] "GET /administrator/index.php HTTP/1.0" 200 3166 "-" "Mozilla/5.0 (Windows NT 10.0; WOW64) AppleWebKit/537.36 (KHTML, like Gecko) Chrome/75.0.3770.100 Safari/537.36"
213.219.247.106 - - [15/Aug/2022:13:52:43 +0300] "POST / HTTP/1.0" 303 665 "http://vagonkam.ru/" "Mozilla/5.0 (Windows NT 6.1; WOW64) AppleWebKit/537.36 (KHTML, like Gecko) Chrome/90.0.4430.85 Safari/537.36"
213.219.247.106 - - [15/Aug/2022:13:52:46 +0300] "GET / HTTP/1.0" 200 165027 "http://vagonkam.ru/" "Mozilla/5.0 (Windows NT 6.1; WOW64) AppleWebKit/537.36 (KHTML, like Gecko) Chrome/90.0.4430.85 Safari/537.36"
85.192.63.235 - - [15/Aug/2022:13:58:19 +0300] "GET / HTTP/1.0" 200 21888 "https://porndl.cc/" "Mozilla/4.0 (compatible; MSIE 5.5; Windows NT 4.0; .NET CLR 1.0.2914)"
85.192.63.235 - - [15/Aug/2022:13:58:20 +0300] "GET / HTTP/1.0" 200 165110 "https://porndl.cc/" "Mozilla/4.0 (compatible; MSIE 5.5; Windows NT 4.0; .NET CLR 1.0.2914)"
85.192.63.235 - - [15/Aug/2022:13:58:22 +0300] "GET / HTTP/1.0" 200 21888 "https://porndl.cc/" "Mozilla/4.0 (compatible; MSIE 5.5; Windows NT 4.0; .NET CLR 1.0.2914)"
89.22.234.115 - - [15/Aug/2022:13:59:28 +0300] "GET / HTTP/1.0" 200 165110 "http://vagonkam.ru/" "Mozilla/5.0 (Windows NT 6.1; Win64; x64) AppleWebKit/537.36 (KHTML, like Gecko) Chrome/90.0.4430.72 Safari/537.36"
89.22.234.115 - - [15/Aug/2022:13:59:29 +0300] "POST / HTTP/1.0" 303 665 "http://vagonkam.ru/" "Mozilla/5.0 (Windows NT 6.1; Win64; x64) AppleWebKit/537.36 (KHTML, like Gecko) Chrome/90.0.4430.72 Safari/537.36"
89.22.234.115 - - [15/Aug/2022:13:59:31 +0300] "GET / HTTP/1.0" 200 165013 "http://vagonkam.ru/" "Mozilla/5.0 (Windows NT 6.1; Win64; x64) AppleWebKit/537.36 (KHTML, like Gecko) Chrome/90.0.4430.72 Safari/537.36"
196.244.192.226 - - [15/Aug/2022:14:02:26 +0300] "GET /administrator/index.php HTTP/1.0" 200 8075 "-" "Mozilla/5.0 (Windows NT 6.1) AppleWebKit/537.36 (KHTML, like Gecko) Chrome/45.0.2454.85 Safari/537.36 OPR/32.0.1948.45"
196.244.192.226 - - [15/Aug/2022:14:02:26 +0300] "POST /administrator/index.php HTTP/1.0" 200 8374 "-" "Mozilla/5.0 (Windows NT 6.1) AppleWebKit/537.36 (KHTML, like Gecko) Chrome/45.0.2454.85 Safari/537.36 OPR/32.0.1948.45"
194.126.177.69 - - [15/Aug/2022:14:04:18 +0300] "GET /administrator/index.php HTTP/1.0" 200 8075 "-" "Mozilla/5.0 (Windows NT 6.1) AppleWebKit/537.36 (KHTML, like Gecko) Chrome/45.0.2454.85 Safari/537.36 OPR/32.0.1948.45"
194.126.177.69 - - [15/Aug/2022:14:04:18 +0300] "POST /administrator/index.php HTTP/1.0" 200 8374 "-" "Mozilla/5.0 (Windows NT 6.1) AppleWebKit/537.36 (KHTML, like Gecko) Chrome/45.0.2454.85 Safari/537.36 OPR/32.0.1948.45"
89.22.234.115 - - [15/Aug/2022:14:13:53 +0300] "GET / HTTP/1.0" 200 165057 "http://vagonkam.ru/" "Mozilla/5.0 (Windows NT 10.0; Win64; x64) AppleWebKit/537.36 (KHTML, like Gecko) Chrome/90.0.4430.85 Safari/537.36 Edg/90.0.818.49"
89.22.234.115 - - [15/Aug/2022:14:13:54 +0300] "POST / HTTP/1.0" 303 665 "http://vagonkam.ru/" "Mozilla/5.0 (Windows NT 10.0; Win64; x64) AppleWebKit/537.36 (KHTML, like Gecko) Chrome/90.0.4430.85 Safari/537.36 Edg/90.0.818.49"
89.22.234.115 - - [15/Aug/2022:14:13:57 +0300] "GET / HTTP/1.0" 200 164960 "http://vagonkam.ru/" "Mozilla/5.0 (Windows NT 10.0; Win64; x64) AppleWebKit/537.36 (KHTML, like Gecko) Chrome/90.0.4430.85 Safari/537.36 Edg/90.0.818.49"
185.197.74.6 - - [15/Aug/2022:14:14:23 +0300] "GET / HTTP/1.0" 200 165050 "http://vagonkam.ru/" "Mozilla/5.0 (Windows NT 6.1; ) AppleWebKit/537.36 (KHTML, like Gecko) Chrome/90.0.4430.85 Safari/537.36"
185.197.74.6 - - [15/Aug/2022:14:14:25 +0300] "POST / HTTP/1.0" 303 665 "http://vagonkam.ru/" "Mozilla/5.0 (Windows NT 6.1; ) AppleWebKit/537.36 (KHTML, like Gecko) Chrome/90.0.4430.85 Safari/537.36"
185.197.74.6 - - [15/Aug/2022:14:14:27 +0300] "GET / HTTP/1.0" 200 164953 "http://vagonkam.ru/" "Mozilla/5.0 (Windows NT 6.1; ) AppleWebKit/537.36 (KHTML, like Gecko) Chrome/90.0.4430.85 Safari/537.36"
213.219.247.106 - - [15/Aug/2022:14:28:49 +0300] "GET / HTTP/1.0" 200 165071 "http://vagonkam.ru/" "Mozilla/5.0 (Windows NT 6.3; Win64; x64) AppleWebKit/537.36 (KHTML, like Gecko) Chrome/90.0.4430.72 Safari/537.36"
213.219.247.106 - - [15/Aug/2022:14:28:50 +0300] "POST / HTTP/1.0" 303 665 "http://vagonkam.ru/" "Mozilla/5.0 (Windows NT 6.3; Win64; x64) AppleWebKit/537.36 (KHTML, like Gecko) Chrome/90.0.4430.72 Safari/537.36"
213.219.247.106 - - [15/Aug/2022:14:28:53 +0300] "GET / HTTP/1.0" 200 164974 "http://vagonkam.ru/" "Mozilla/5.0 (Windows NT 6.3; Win64; x64) AppleWebKit/537.36 (KHTML, like Gecko) Chrome/90.0.4430.72 Safari/537.36"
193.188.21.49 - - [15/Aug/2022:14:47:29 +0300] "GET / HTTP/1.0" 200 165004 "http://vagonkam.ru/" "Mozilla/5.0 (Windows NT 6.1; WOW64) AppleWebKit/537.36 (KHTML, like Gecko) Chrome/90.0.4430.93 Safari/537.36"
193.188.21.49 - - [15/Aug/2022:14:47:31 +0300] "POST / HTTP/1.0" 303 665 "http://vagonkam.ru/" "Mozilla/5.0 (Windows NT 6.1; WOW64) AppleWebKit/537.36 (KHTML, like Gecko) Chrome/90.0.4430.93 Safari/537.36"
193.188.21.49 - - [15/Aug/2022:14:47:33 +0300] "GET / HTTP/1.0" 200 164907 "http://vagonkam.ru/" "Mozilla/5.0 (Windows NT 6.1; WOW64) AppleWebKit/537.36 (KHTML, like Gecko) Chrome/90.0.4430.93 Safari/537.36"
194.126.177.69 - - [15/Aug/2022:15:11:12 +0300] "GET /administrator/index.php HTTP/1.0" 200 8075 "-" "Mozilla/5.0 (Windows NT 6.1) AppleWebKit/537.36 (KHTML, like Gecko) Chrome/45.0.2454.85 Safari/537.36 OPR/32.0.1948.45"
194.126.177.69 - - [15/Aug/2022:15:11:13 +0300] "POST /administrator/index.php HTTP/1.0" 200 8374 "-" "Mozilla/5.0 (Windows NT 6.1) AppleWebKit/537.36 (KHTML, like Gecko) Chrome/45.0.2454.85 Safari/537.36 OPR/32.0.1948.45"
196.244.192.226 - - [15/Aug/2022:15:11:13 +0300] "GET /administrator/index.php HTTP/1.0" 200 8075 "-" "Mozilla/5.0 (Windows NT 6.1) AppleWebKit/537.36 (KHTML, like Gecko) Chrome/45.0.2454.85 Safari/537.36 OPR/32.0.1948.45"
196.244.192.226 - - [15/Aug/2022:15:11:14 +0300] "POST /administrator/index.php HTTP/1.0" 200 8374 "-" "Mozilla/5.0 (Windows NT 6.1) AppleWebKit/537.36 (KHTML, like Gecko) Chrome/45.0.2454.85 Safari/537.36 OPR/32.0.1948.45"
156.146.55.228 - - [15/Aug/2022:15:19:15 +0300] "GET /administrator/index.php HTTP/1.0" 200 3263 "-" "Mozilla/5.0 (Windows NT 10.0; WOW64) AppleWebKit/537.36 (KHTML, like Gecko) Chrome/75.0.3770.100 Safari/537.36"
156.146.55.228 - - [15/Aug/2022:15:19:19 +0300] "POST /administrator/index.php HTTP/1.0" 200 3326 "-" "Mozilla/5.0 (Windows NT 10.0; WOW64) AppleWebKit/537.36 (KHTML, like Gecko) Chrome/75.0.3770.100 Safari/537.36"
156.146.55.228 - - [15/Aug/2022:15:19:21 +0300] "GET /administrator/index.php HTTP/1.0" 200 3166 "-" "Mozilla/5.0 (Windows NT 10.0; WOW64) AppleWebKit/537.36 (KHTML, like Gecko) Chrome/75.0.3770.100 Safari/537.36"
213.219.247.125 - - [15/Aug/2022:15:33:20 +0300] "GET / HTTP/1.0" 200 164912 "http://vagonkam.ru/" "Mozilla/5.0 (Windows NT 6.3) AppleWebKit/537.36 (KHTML, like Gecko) Chrome/90.0.4430.72 Safari/537.36"
213.219.247.125 - - [15/Aug/2022:15:33:21 +0300] "POST / HTTP/1.0" 303 665 "http://vagonkam.ru/" "Mozilla/5.0 (Windows NT 6.3) AppleWebKit/537.36 (KHTML, like Gecko) Chrome/90.0.4430.72 Safari/537.36"
213.219.247.125 - - [15/Aug/2022:15:33:24 +0300] "GET / HTTP/1.0" 200 164815 "http://vagonkam.ru/" "Mozilla/5.0 (Windows NT 6.3) AppleWebKit/537.36 (KHTML, like Gecko) Chrome/90.0.4430.72 Safari/537.36"
124.220.171.131 - - [15/Aug/2022:15:40:15 +0300] "GET / HTTP/1.0" 200 25562 "-" "Mozilla/5.0 (Linux; Android 6.0; Nexus 5 Build/MRA58N) AppleWebKit/537.36 (KHTML, like Gecko) Chrome/81.0.4044.138 Mobile Safari/537.36"
89.22.234.115 - - [15/Aug/2022:15:41:14 +0300] "GET / HTTP/1.0" 200 164898 "http://vagonkam.ru/" "Mozilla/5.0 (Windows NT 10.0) AppleWebKit/537.36 (KHTML, like Gecko) Chrome/90.0.4430.85 Safari/537.36 Edg/90.0.818.46"
89.22.234.115 - - [15/Aug/2022:15:41:15 +0300] "POST / HTTP/1.0" 303 665 "http://vagonkam.ru/" "Mozilla/5.0 (Windows NT 10.0) AppleWebKit/537.36 (KHTML, like Gecko) Chrome/90.0.4430.85 Safari/537.36 Edg/90.0.818.46"
89.22.234.115 - - [15/Aug/2022:15:41:16 +0300] "GET / HTTP/1.0" 200 164801 "http://vagonkam.ru/" "Mozilla/5.0 (Windows NT 10.0) AppleWebKit/537.36 (KHTML, like Gecko) Chrome/90.0.4430.85 Safari/537.36 Edg/90.0.818.46"
114.119.157.218 - - [15/Aug/2022:15:48:35 +0300] "GET /robots.txt HTTP/1.0" 404 469 "-" "Mozilla/5.0 (compatible;PetalBot;+https://webmaster.petalsearch.com/site/petalbot)"
94.140.134.34 - - [15/Aug/2022:16:08:26 +0300] "GET / HTTP/1.0" 200 164845 "http://vagonkam.ru/" "Mozilla/5.0 (Windows NT 6.1) AppleWebKit/537.36 (KHTML, like Gecko) Chrome/90.0.4430.93 Safari/537.36"
94.140.134.34 - - [15/Aug/2022:16:09:23 +0300] "POST / HTTP/1.0" 303 568 "http://vagonkam.ru/" "Mozilla/5.0 (Windows NT 6.1) AppleWebKit/537.36 (KHTML, like Gecko) Chrome/90.0.4430.93 Safari/537.36"
94.140.134.34 - - [15/Aug/2022:16:09:24 +0300] "GET / HTTP/1.0" 200 164748 "http://vagonkam.ru/" "Mozilla/5.0 (Windows NT 6.1) AppleWebKit/537.36 (KHTML, like Gecko) Chrome/90.0.4430.93 Safari/537.36"
94.140.134.34 - - [15/Aug/2022:16:09:26 +0300] "GET / HTTP/1.0" 200 164748 "http://vagonkam.ru/" "Mozilla/5.0 (Windows NT 6.1) AppleWebKit/537.36 (KHTML, like Gecko) Chrome/90.0.4430.93 Safari/537.36"
82.118.29.134 - - [15/Aug/2022:16:09:46 +0300] "GET / HTTP/1.0" 200 164845 "http://vagonkam.ru/" "Mozilla/5.0 (Windows NT 10.0; Win64; x64) AppleWebKit/537.36 (KHTML, like Gecko) Chrome/90.0.4430.72 Safari/537.36 Edg/90.0.818.42"
82.118.29.134 - - [15/Aug/2022:16:10:44 +0300] "POST / HTTP/1.0" 303 665 "http://vagonkam.ru/" "Mozilla/5.0 (Windows NT 10.0; Win64; x64) AppleWebKit/537.36 (KHTML, like Gecko) Chrome/90.0.4430.72 Safari/537.36 Edg/90.0.818.42"
82.118.29.134 - - [15/Aug/2022:16:10:47 +0300] "GET / HTTP/1.0" 200 164748 "http://vagonkam.ru/" "Mozilla/5.0 (Windows NT 10.0; Win64; x64) AppleWebKit/537.36 (KHTML, like Gecko) Chrome/90.0.4430.72 Safari/537.36 Edg/90.0.818.42"
185.197.74.6 - - [15/Aug/2022:16:22:06 +0300] "GET / HTTP/1.0" 200 164838 "http://vagonkam.ru/" "Mozilla/5.0 (Windows NT 10.0; WOW64) AppleWebKit/537.36 (KHTML, like Gecko) Chrome/90.0.4430.85 Safari/537.36"
185.197.74.6 - - [15/Aug/2022:16:22:10 +0300] "POST / HTTP/1.0" 303 665 "http://vagonkam.ru/" "Mozilla/5.0 (Windows NT 10.0; WOW64) AppleWebKit/537.36 (KHTML, like Gecko) Chrome/90.0.4430.85 Safari/537.36"
185.197.74.6 - - [15/Aug/2022:16:22:12 +0300] "GET / HTTP/1.0" 200 164741 "http://vagonkam.ru/" "Mozilla/5.0 (Windows NT 10.0; WOW64) AppleWebKit/537.36 (KHTML, like Gecko) Chrome/90.0.4430.85 Safari/537.36"
194.126.177.69 - - [15/Aug/2022:16:22:38 +0300] "GET /administrator/index.php HTTP/1.0" 200 8075 "-" "Mozilla/5.0 (Windows NT 6.1) AppleWebKit/537.36 (KHTML, like Gecko) Chrome/45.0.2454.85 Safari/537.36 OPR/32.0.1948.45"
196.244.192.226 - - [15/Aug/2022:16:22:39 +0300] "GET /administrator/index.php HTTP/1.0" 200 8075 "-" "Mozilla/5.0 (Windows NT 6.1) AppleWebKit/537.36 (KHTML, like Gecko) Chrome/45.0.2454.85 Safari/537.36 OPR/32.0.1948.45"
194.126.177.69 - - [15/Aug/2022:16:22:39 +0300] "POST /administrator/index.php HTTP/1.0" 200 8374 "-" "Mozilla/5.0 (Windows NT 6.1) AppleWebKit/537.36 (KHTML, like Gecko) Chrome/45.0.2454.85 Safari/537.36 OPR/32.0.1948.45"
196.244.192.226 - - [15/Aug/2022:16:22:39 +0300] "POST /administrator/index.php HTTP/1.0" 200 8374 "-" "Mozilla/5.0 (Windows NT 6.1) AppleWebKit/537.36 (KHTML, like Gecko) Chrome/45.0.2454.85 Safari/537.36 OPR/32.0.1948.45"
82.202.229.210 - - [15/Aug/2022:16:41:52 +0300] "GET / HTTP/1.0" 200 164808 "-" "-"
193.188.21.49 - - [15/Aug/2022:16:43:17 +0300] "GET / HTTP/1.0" 200 164792 "http://vagonkam.ru/" "Mozilla/5.0 (Windows NT 10.0; Win64; x64) AppleWebKit/537.36 (KHTML, like Gecko) Chrome/90.0.4430.86 Safari/537.36"
193.188.21.49 - - [15/Aug/2022:16:43:18 +0300] "POST / HTTP/1.0" 303 665 "http://vagonkam.ru/" "Mozilla/5.0 (Windows NT 10.0; Win64; x64) AppleWebKit/537.36 (KHTML, like Gecko) Chrome/90.0.4430.86 Safari/537.36"
193.188.21.49 - - [15/Aug/2022:16:43:21 +0300] "GET / HTTP/1.0" 200 164695 "http://vagonkam.ru/" "Mozilla/5.0 (Windows NT 10.0; Win64; x64) AppleWebKit/537.36 (KHTML, like Gecko) Chrome/90.0.4430.86 Safari/537.36"
77.88.5.84 - - [15/Aug/2022:16:50:25 +0300] "GET /robots.txt HTTP/1.0" 404 465 "-" "Mozilla/5.0 (compatible; YandexBot/3.0; +http://yandex.com/bots)"
46.148.206.226 - - [15/Aug/2022:16:50:26 +0300] "GET / HTTP/1.0" 200 164799 "http://vagonkam.ru/" "Mozilla/5.0 (Windows NT 6.3) AppleWebKit/537.36 (KHTML, like Gecko) Chrome/90.0.4430.72 Safari/537.36"
77.88.5.84 - - [15/Aug/2022:16:50:29 +0300] "GET / HTTP/1.0" 200 25557 "-" "Mozilla/5.0 (compatible; YandexBot/3.0; +http://yandex.com/bots)"
93.158.161.71 - - [15/Aug/2022:16:50:33 +0300] "GET /modules/mod_joomly_callback/js/callback_default.js HTTP/1.1" 200 7358 "-" "Mozilla/5.0 (compatible; YandexBot/3.0; +http://yandex.com/bots)"
93.158.161.49 - - [15/Aug/2022:16:50:35 +0300] "GET /modules/mod_contactus/js/contactus_lightbox.js HTTP/1.1" 200 4279 "-" "Mozilla/5.0 (compatible; YandexBot/3.0; +http://yandex.com/bots)"
77.88.5.84 - - [15/Aug/2022:16:50:38 +0300] "GET /media/system/js/core.js?55cadc08b33a6eb0c592822ae84a15ff HTTP/1.1" 200 8808 "-" "Mozilla/5.0 (compatible; YandexBot/3.0; +http://yandex.com/bots)"
46.148.206.226 - - [15/Aug/2022:16:50:37 +0300] "GET / HTTP/1.0" 200 164702 "http://vagonkam.ru/" "Mozilla/5.0 (Windows NT 6.3) AppleWebKit/537.36 (KHTML, like Gecko) Chrome/90.0.4430.72 Safari/537.36"
77.88.5.84 - - [15/Aug/2022:16:50:40 +0300] "GET /media/jui/js/jquery-noconflict.js?55cadc08b33a6eb0c592822ae84a15ff HTTP/1.1" 200 21 "-" "Mozilla/5.0 (compatible; YandexBot/3.0; +http://yandex.com/bots)"
77.88.5.84 - - [15/Aug/2022:16:50:43 +0300] "GET /templates/shaper_helix3/js/bootstrap.min.js HTTP/1.1" 200 37045 "-" "Mozilla/5.0 (compatible; YandexBot/3.0; +http://yandex.com/bots)"
77.88.5.84 - - [15/Aug/2022:16:50:45 +0300] "GET /modules/mod_contactus/js/contactus_common.js HTTP/1.1" 200 5018 "-" "Mozilla/5.0 (compatible; YandexBot/3.0; +http://yandex.com/bots)"
77.88.5.84 - - [15/Aug/2022:16:50:48 +0300] "GET /modules/mod_contactus/js/contactus_form.js HTTP/1.1" 200 2290 "-" "Mozilla/5.0 (compatible; YandexBot/3.0; +http://yandex.com/bots)"
77.88.5.84 - - [15/Aug/2022:16:50:50 +0300] "GET /components/com_sppagebuilder/assets/js/jquery.parallax.js HTTP/1.1" 200 892 "-" "Mozilla/5.0 (compatible; YandexBot/3.0; +http://yandex.com/bots)"
77.88.5.84 - - [15/Aug/2022:16:50:52 +0300] "GET /templates/shaper_helix3/js/main.js HTTP/1.1" 200 8773 "-" "Mozilla/5.0 (compatible; YandexBot/3.0; +http://yandex.com/bots)"
77.88.5.84 - - [15/Aug/2022:16:50:55 +0300] "GET /media/jui/js/jquery.min.js?55cadc08b33a6eb0c592822ae84a15ff HTTP/1.1" 200 96606 "-" "Mozilla/5.0 (compatible; YandexBot/3.0; +http://yandex.com/bots)"
77.88.5.84 - - [15/Aug/2022:16:50:59 +0300] "GET /templates/shaper_helix3/js/jquery.sticky.js HTTP/1.1" 200 5739 "-" "Mozilla/5.0 (compatible; YandexBot/3.0; +http://yandex.com/bots)"
93.158.161.71 - - [15/Aug/2022:16:51:00 +0300] "GET /components/com_sppagebuilder/assets/js/jquery.magnific-popup.min.js HTTP/1.1" 200 20004 "-" "Mozilla/5.0 (compatible; YandexBot/3.0; +http://yandex.com/bots)"
93.158.161.71 - - [15/Aug/2022:16:51:02 +0300] "GET /components/com_sppagebuilder/assets/js/sppagebuilder.js HTTP/1.1" 200 39713 "-" "Mozilla/5.0 (compatible; YandexBot/3.0; +http://yandex.com/bots)"
93.158.161.71 - - [15/Aug/2022:16:51:04 +0300] "GET /media/jui/js/jquery-migrate.min.js?55cadc08b33a6eb0c592822ae84a15ff HTTP/1.1" 200 10056 "-" "Mozilla/5.0 (compatible; YandexBot/3.0; +http://yandex.com/bots)"
93.158.161.71 - - [15/Aug/2022:16:51:07 +0300] "GET /templates/shaper_helix3/js/frontend-edit.js HTTP/1.1" 200 1948 "-" "Mozilla/5.0 (compatible; YandexBot/3.0; +http://yandex.com/bots)"
194.34.132.57 - - [15/Aug/2022:16:51:35 +0300] "GET /administrator/index.php HTTP/1.0" 200 3262 "-" "Mozilla/5.0 (Windows NT 10.0; WOW64) AppleWebKit/537.36 (KHTML, like Gecko) Chrome/75.0.3770.100 Safari/537.36"
194.34.132.57 - - [15/Aug/2022:16:51:39 +0300] "POST /administrator/index.php HTTP/1.0" 200 3325 "-" "Mozilla/5.0 (Windows NT 10.0; WOW64) AppleWebKit/537.36 (KHTML, like Gecko) Chrome/75.0.3770.100 Safari/537.36"
194.34.132.57 - - [15/Aug/2022:16:51:41 +0300] "GET /administrator/index.php HTTP/1.0" 200 3165 "-" "Mozilla/5.0 (Windows NT 10.0; WOW64) AppleWebKit/537.36 (KHTML, like Gecko) Chrome/75.0.3770.100 Safari/537.36"
46.182.4.115 - - [15/Aug/2022:17:07:41 +0300] "GET /wp-admin/0z.php HTTP/1.0" 404 470 "http://simplesite.com" "Mozilla/5.0 (Windows; U; Windows NT 5.1; en-US) AppleWebKit/533.4 (KHTML, like Gecko) Chrome/5.0.375.99 Safari/533.4"
185.12.124.78 - - [15/Aug/2022:17:24:52 +0300] "GET / HTTP/1.0" 200 25535 "VAGONKAM.RU" "Mozilla/5.0 (compatible; BackupLand/1.0; https://go.backupland.com/; Domain check for viruses;)"
66.249.66.72 - - [15/Aug/2022:17:32:19 +0300] "GET /robots.txt HTTP/1.0" 404 465 "-" "Mozilla/5.0 (compatible; Googlebot/2.1; +http://www.google.com/bot.html)"
66.249.66.200 - - [15/Aug/2022:17:32:21 +0300] "GET /ads.txt HTTP/1.0" 404 462 "-" "Mozilla/5.0 (compatible; Googlebot/2.1; +http://www.google.com/bot.html)"
124.221.94.251 - - [15/Aug/2022:17:32:33 +0300] "GET / HTTP/1.0" 200 164604 "http://vagonkam.ru/" "Mozilla/5.0 (Windows NT 6.3; Win64; x64) AppleWebKit/537.36 (KHTML, like Gecko) Chrome/90.0.4430.72 Safari/537.36 Edg/90.0.818.42"
124.221.94.251 - - [15/Aug/2022:17:33:01 +0300] "POST / HTTP/1.0" 303 665 "http://vagonkam.ru/" "Mozilla/5.0 (Windows NT 6.3; Win64; x64) AppleWebKit/537.36 (KHTML, like Gecko) Chrome/90.0.4430.72 Safari/537.36 Edg/90.0.818.42"
124.221.94.251 - - [15/Aug/2022:17:33:09 +0300] "GET / HTTP/1.0" 200 164507 "http://vagonkam.ru/" "Mozilla/5.0 (Windows NT 6.3; Win64; x64) AppleWebKit/537.36 (KHTML, like Gecko) Chrome/90.0.4430.72 Safari/537.36 Edg/90.0.818.42"
213.219.247.125 - - [15/Aug/2022:17:33:18 +0300] "GET / HTTP/1.0" 200 164611 "http://vagonkam.ru/" "Mozilla/5.0 (Windows NT 6.1; WOW64) AppleWebKit/537.36 (KHTML, like Gecko) Chrome/90.0.4430.85 Safari/537.36"
213.219.247.125 - - [15/Aug/2022:17:33:21 +0300] "POST / HTTP/1.0" 303 665 "http://vagonkam.ru/" "Mozilla/5.0 (Windows NT 6.1; WOW64) AppleWebKit/537.36 (KHTML, like Gecko) Chrome/90.0.4430.85 Safari/537.36"
213.219.247.125 - - [15/Aug/2022:17:33:24 +0300] "GET / HTTP/1.0" 200 164514 "http://vagonkam.ru/" "Mozilla/5.0 (Windows NT 6.1; WOW64) AppleWebKit/537.36 (KHTML, like Gecko) Chrome/90.0.4430.85 Safari/537.36"
194.126.177.69 - - [15/Aug/2022:17:36:25 +0300] "GET /administrator/index.php HTTP/1.0" 200 8075 "-" "Mozilla/5.0 (Windows NT 6.1) AppleWebKit/537.36 (KHTML, like Gecko) Chrome/45.0.2454.85 Safari/537.36 OPR/32.0.1948.45"
194.126.177.69 - - [15/Aug/2022:17:36:26 +0300] "POST /administrator/index.php HTTP/1.0" 200 8374 "-" "Mozilla/5.0 (Windows NT 6.1) AppleWebKit/537.36 (KHTML, like Gecko) Chrome/45.0.2454.85 Safari/537.36 OPR/32.0.1948.45"
196.244.192.226 - - [15/Aug/2022:17:36:28 +0300] "GET /administrator/index.php HTTP/1.0" 200 8075 "-" "Mozilla/5.0 (Windows NT 6.1) AppleWebKit/537.36 (KHTML, like Gecko) Chrome/45.0.2454.85 Safari/537.36 OPR/32.0.1948.45"
196.244.192.226 - - [15/Aug/2022:17:36:28 +0300] "POST /administrator/index.php HTTP/1.0" 200 8374 "-" "Mozilla/5.0 (Windows NT 6.1) AppleWebKit/537.36 (KHTML, like Gecko) Chrome/45.0.2454.85 Safari/537.36 OPR/32.0.1948.45"
156.146.55.228 - - [15/Aug/2022:17:41:17 +0300] "GET /administrator/index.php HTTP/1.0" 200 3261 "-" "Mozilla/5.0 (Windows NT 10.0; WOW64) AppleWebKit/537.36 (KHTML, like Gecko) Chrome/75.0.3770.100 Safari/537.36"
156.146.55.228 - - [15/Aug/2022:17:41:21 +0300] "POST /administrator/index.php HTTP/1.0" 200 3323 "-" "Mozilla/5.0 (Windows NT 10.0; WOW64) AppleWebKit/537.36 (KHTML, like Gecko) Chrome/75.0.3770.100 Safari/537.36"
156.146.55.228 - - [15/Aug/2022:17:41:23 +0300] "GET /administrator/index.php HTTP/1.0" 200 3164 "-" "Mozilla/5.0 (Windows NT 10.0; WOW64) AppleWebKit/537.36 (KHTML, like Gecko) Chrome/75.0.3770.100 Safari/537.36"
54.144.246.149 - - [15/Aug/2022:17:55:35 +0300] "GET / HTTP/1.0" 200 25532 "-" "Ruby, Mozilla/5.0 (Macintosh; Intel Mac OS X 10_15_7) AppleWebKit/537.36 (KHTML, like Gecko) Chrome/98.0.4758.80 Safari/537.36"
66.249.66.13 - - [15/Aug/2022:18:02:59 +0300] "GET /ads.txt HTTP/1.0" 404 462 "-" "Mozilla/5.0 (compatible; Googlebot/2.1; +http://www.google.com/bot.html)"
185.174.159.43 - - [15/Aug/2022:18:31:34 +0300] "GET / HTTP/1.0" 200 164604 "http://vagonkam.ru/" "Mozilla/5.0 (Windows NT 10.0; Win64; x64) AppleWebKit/537.36 (KHTML, like Gecko) Chrome/83.0.4087.0 Safari/537.36"
183.89.48.25 - - [15/Aug/2022:18:32:38 +0300] "GET / HTTP/1.0" 200 164590 "http://vagonkam.ru/" "Mozilla/5.0 (Windows NT 10.0; Win64; x64) AppleWebKit/537.36 (KHTML, like Gecko) Chrome/90.0.4430.85 Safari/537.36"
185.174.159.43 - - [15/Aug/2022:18:32:46 +0300] "POST / HTTP/1.0" 303 568 "http://vagonkam.ru/" "Mozilla/5.0 (Windows NT 10.0; Win64; x64) AppleWebKit/537.36 (KHTML, like Gecko) Chrome/83.0.4087.0 Safari/537.36"
183.89.48.25 - - [15/Aug/2022:18:32:45 +0300] "POST / HTTP/1.0" 303 665 "http://vagonkam.ru/" "Mozilla/5.0 (Windows NT 10.0; Win64; x64) AppleWebKit/537.36 (KHTML, like Gecko) Chrome/90.0.4430.85 Safari/537.36"
185.174.159.43 - - [15/Aug/2022:18:32:47 +0300] "GET / HTTP/1.0" 200 164507 "http://vagonkam.ru/" "Mozilla/5.0 (Windows NT 10.0; Win64; x64) AppleWebKit/537.36 (KHTML, like Gecko) Chrome/83.0.4087.0 Safari/537.36"
194.126.177.69 - - [15/Aug/2022:18:53:09 +0300] "GET /administrator/index.php HTTP/1.0" 200 8075 "-" "Mozilla/5.0 (Windows NT 6.1) AppleWebKit/537.36 (KHTML, like Gecko) Chrome/45.0.2454.85 Safari/537.36 OPR/32.0.1948.45"
194.126.177.69 - - [15/Aug/2022:18:53:14 +0300] "POST /administrator/index.php HTTP/1.0" 200 8374 "-" "Mozilla/5.0 (Windows NT 6.1) AppleWebKit/537.36 (KHTML, like Gecko) Chrome/45.0.2454.85 Safari/537.36 OPR/32.0.1948.45"
46.101.22.20 - - [15/Aug/2022:18:53:45 +0300] "GET /cgi-bin/991176.php HTTP/1.0" 404 473 "http://simplesite.com" "Mozilla/5.0 (Windows; U; Windows NT 5.1; en-US) AppleWebKit/533.4 (KHTML, like Gecko) Chrome/5.0.375.99 Safari/533.4"
196.244.192.226 - - [15/Aug/2022:18:57:21 +0300] "GET /administrator/index.php HTTP/1.0" 200 8075 "-" "Mozilla/5.0 (Windows NT 6.1) AppleWebKit/537.36 (KHTML, like Gecko) Chrome/45.0.2454.85 Safari/537.36 OPR/32.0.1948.45"
196.244.192.226 - - [15/Aug/2022:18:57:21 +0300] "GET /administrator/index.php HTTP/1.0" 200 8075 "-" "Mozilla/5.0 (Windows NT 6.1) AppleWebKit/537.36 (KHTML, like Gecko) Chrome/45.0.2454.85 Safari/537.36 OPR/32.0.1948.45"
196.244.192.226 - - [15/Aug/2022:18:57:21 +0300] "GET /administrator/index.php HTTP/1.0" 200 8075 "-" "Mozilla/5.0 (Windows NT 6.1) AppleWebKit/537.36 (KHTML, like Gecko) Chrome/45.0.2454.85 Safari/537.36 OPR/32.0.1948.45"
196.244.192.226 - - [15/Aug/2022:18:57:21 +0300] "GET /administrator/index.php HTTP/1.0" 200 8075 "-" "Mozilla/5.0 (Windows NT 6.1) AppleWebKit/537.36 (KHTML, like Gecko) Chrome/45.0.2454.85 Safari/537.36 OPR/32.0.1948.45"
196.244.192.226 - - [15/Aug/2022:18:57:21 +0300] "GET /administrator/index.php HTTP/1.0" 200 8075 "-" "Mozilla/5.0 (Windows NT 6.1) AppleWebKit/537.36 (KHTML, like Gecko) Chrome/45.0.2454.85 Safari/537.36 OPR/32.0.1948.45"
196.244.192.226 - - [15/Aug/2022:18:57:22 +0300] "POST /administrator/index.php HTTP/1.0" 200 8374 "-" "Mozilla/5.0 (Windows NT 6.1) AppleWebKit/537.36 (KHTML, like Gecko) Chrome/45.0.2454.85 Safari/537.36 OPR/32.0.1948.45"
196.244.192.226 - - [15/Aug/2022:18:57:22 +0300] "POST /administrator/index.php HTTP/1.0" 200 8374 "-" "Mozilla/5.0 (Windows NT 6.1) AppleWebKit/537.36 (KHTML, like Gecko) Chrome/45.0.2454.85 Safari/537.36 OPR/32.0.1948.45"
196.244.192.226 - - [15/Aug/2022:18:57:22 +0300] "POST /administrator/index.php HTTP/1.0" 200 8374 "-" "Mozilla/5.0 (Windows NT 6.1) AppleWebKit/537.36 (KHTML, like Gecko) Chrome/45.0.2454.85 Safari/537.36 OPR/32.0.1948.45"
196.244.192.226 - - [15/Aug/2022:18:57:22 +0300] "POST /administrator/index.php HTTP/1.0" 200 8374 "-" "Mozilla/5.0 (Windows NT 6.1) AppleWebKit/537.36 (KHTML, like Gecko) Chrome/45.0.2454.85 Safari/537.36 OPR/32.0.1948.45"
196.244.192.226 - - [15/Aug/2022:18:57:22 +0300] "POST /administrator/index.php HTTP/1.0" 200 8374 "-" "Mozilla/5.0 (Windows NT 6.1) AppleWebKit/537.36 (KHTML, like Gecko) Chrome/45.0.2454.85 Safari/537.36 OPR/32.0.1948.45"
196.244.192.226 - - [15/Aug/2022:18:57:24 +0300] "GET /administrator/index.php HTTP/1.0" 200 8075 "-" "Mozilla/5.0 (Windows NT 6.1) AppleWebKit/537.36 (KHTML, like Gecko) Chrome/45.0.2454.85 Safari/537.36 OPR/32.0.1948.45"
196.244.192.226 - - [15/Aug/2022:18:57:24 +0300] "GET /administrator/index.php HTTP/1.0" 200 8075 "-" "Mozilla/5.0 (Windows NT 6.1) AppleWebKit/537.36 (KHTML, like Gecko) Chrome/45.0.2454.85 Safari/537.36 OPR/32.0.1948.45"
196.244.192.226 - - [15/Aug/2022:18:57:24 +0300] "GET /administrator/index.php HTTP/1.0" 200 8075 "-" "Mozilla/5.0 (Windows NT 6.1) AppleWebKit/537.36 (KHTML, like Gecko) Chrome/45.0.2454.85 Safari/537.36 OPR/32.0.1948.45"
